May 09 08:16:19.149256 np0000173020 devstack@neutron-api.service[103404]: DEBUG ovsdbapp.backend.ovs_idl [None req-c224d61d-7ab7-4326-b552-ee8b401e4ade None None] Created schema index Chassis_Private.name {{(pid=103404) autocreate_indices /opt/stack/data/venv/lib/python3.12/site-packages/ovsdbapp/backend/ovs_idl/__init__.py:106}}
May 09 08:16:19.149351 np0000173020 devstack@neutron-api.service[103404]: DEBUG ovsdbapp.backend.ovs_idl [None req-c224d61d-7ab7-4326-b552-ee8b401e4ade None None] Created schema index Datapath_Binding.tunnel_key {{(pid=103404) autocreate_indices /opt/stack/data/venv/lib/python3.12/site-packages/ovsdbapp/backend/ovs_idl/__init__.py:106}}
May 09 08:16:19.151236 np0000173020 devstack@neutron-api.service[103404]: INFO ovsdbapp.backend.ovs_idl.vlog [None req-c224d61d-7ab7-4326-b552-ee8b401e4ade None None] ssl:199.19.213.52:6642: connecting...
May 09 08:16:19.155757 np0000173020 devstack@neutron-api.service[103404]: INFO ovsdbapp.backend.ovs_idl.vlog [None req-c224d61d-7ab7-4326-b552-ee8b401e4ade None None] ssl:199.19.213.52:6642: connected
May 09 08:16:19.158914 np0000173020 devstack@neutron-api.service[103403]: DEBUG ovsdbapp.backend.ovs_idl [None req-ab6f52ef-70d1-4c40-8398-e42a1fd23fdb None None] Created lookup_table index Logical_Switch.name {{(pid=103403) autocreate_indices /opt/stack/data/venv/lib/python3.12/site-packages/ovsdbapp/backend/ovs_idl/__init__.py:87}}
May 09 08:16:19.159036 np0000173020 devstack@neutron-api.service[103403]: DEBUG ovsdbapp.backend.ovs_idl [None req-ab6f52ef-70d1-4c40-8398-e42a1fd23fdb None None] Created lookup_table index Logical_Router.name {{(pid=103403) autocreate_indices /opt/stack/data/venv/lib/python3.12/site-packages/ovsdbapp/backend/ovs_idl/__init__.py:87}}
May 09 08:16:19.159125 np0000173020 devstack@neutron-api.service[103403]: DEBUG ovsdbapp.backend.ovs_idl [None req-ab6f52ef-70d1-4c40-8398-e42a1fd23fdb None None] Created lookup_table index Load_Balancer.name {{(pid=103403) autocreate_indices /opt/stack/data/venv/lib/python3.12/site-packages/ovsdbapp/backend/ovs_idl/__init__.py:87}}
May 09 08:16:19.159236 np0000173020 devstack@neutron-api.service[103403]: DEBUG ovsdbapp.backend.ovs_idl [None req-ab6f52ef-70d1-4c40-8398-e42a1fd23fdb None None] Created schema index Copp.name {{(pid=103403) autocreate_indices /opt/stack/data/venv/lib/python3.12/site-packages/ovsdbapp/backend/ovs_idl/__init__.py:106}}
May 09 08:16:19.159326 np0000173020 devstack@neutron-api.service[103403]: DEBUG ovsdbapp.backend.ovs_idl [None req-ab6f52ef-70d1-4c40-8398-e42a1fd23fdb None None] Created schema index Meter.name {{(pid=103403) autocreate_indices /opt/stack/data/venv/lib/python3.12/site-packages/ovsdbapp/backend/ovs_idl/__init__.py:106}}
May 09 08:16:19.159436 np0000173020 devstack@neutron-api.service[103403]: DEBUG ovsdbapp.backend.ovs_idl [None req-ab6f52ef-70d1-4c40-8398-e42a1fd23fdb None None] Created schema index Load_Balancer_Group.name {{(pid=103403) autocreate_indices /opt/stack/data/venv/lib/python3.12/site-packages/ovsdbapp/backend/ovs_idl/__init__.py:106}}
May 09 08:16:19.159534 np0000173020 devstack@neutron-api.service[103403]: DEBUG ovsdbapp.backend.ovs_idl [None req-ab6f52ef-70d1-4c40-8398-e42a1fd23fdb None None] Created schema index HA_Chassis_Group.name {{(pid=103403) autocreate_indices /opt/stack/data/venv/lib/python3.12/site-packages/ovsdbapp/backend/ovs_idl/__init__.py:106}}
May 09 08:16:19.159622 np0000173020 devstack@neutron-api.service[103403]: DEBUG ovsdbapp.backend.ovs_idl [None req-ab6f52ef-70d1-4c40-8398-e42a1fd23fdb None None] Created schema index Address_Set.name {{(pid=103403) autocreate_indices /opt/stack/data/venv/lib/python3.12/site-packages/ovsdbapp/backend/ovs_idl/__init__.py:106}}
May 09 08:16:19.159717 np0000173020 devstack@neutron-api.service[103403]: DEBUG ovsdbapp.backend.ovs_idl [None req-ab6f52ef-70d1-4c40-8398-e42a1fd23fdb None None] Created schema index Connection.target {{(pid=103403) autocreate_indices /opt/stack/data/venv/lib/python3.12/site-packages/ovsdbapp/backend/ovs_idl/__init__.py:106}}
May 09 08:16:19.159868 np0000173020 devstack@neutron-api.service[103403]: DEBUG ovsdbapp.backend.ovs_idl [None req-ab6f52ef-70d1-4c40-8398-e42a1fd23fdb None None] Created schema index Gateway_Chassis.name {{(pid=103403) autocreate_indices /opt/stack/data/venv/lib/python3.12/site-packages/ovsdbapp/backend/ovs_idl/__init__.py:106}}
May 09 08:16:19.160021 np0000173020 devstack@neutron-api.service[103403]: DEBUG ovsdbapp.backend.ovs_idl [None req-ab6f52ef-70d1-4c40-8398-e42a1fd23fdb None None] Created schema index Mirror.name {{(pid=103403) autocreate_indices /opt/stack/data/venv/lib/python3.12/site-packages/ovsdbapp/backend/ovs_idl/__init__.py:106}}
May 09 08:16:19.160328 np0000173020 devstack@neutron-api.service[103403]: DEBUG ovsdbapp.backend.ovs_idl [None req-ab6f52ef-70d1-4c40-8398-e42a1fd23fdb None None] Created schema index Chassis_Template_Var.chassis {{(pid=103403) autocreate_indices /opt/stack/data/venv/lib/python3.12/site-packages/ovsdbapp/backend/ovs_idl/__init__.py:106}}
May 09 08:16:19.160328 np0000173020 devstack@neutron-api.service[103403]: DEBUG ovsdbapp.backend.ovs_idl [None req-ab6f52ef-70d1-4c40-8398-e42a1fd23fdb None None] Created schema index Logical_Router_Port.name {{(pid=103403) autocreate_indices /opt/stack/data/venv/lib/python3.12/site-packages/ovsdbapp/backend/ovs_idl/__init__.py:106}}
May 09 08:16:19.160328 np0000173020 devstack@neutron-api.service[103403]: DEBUG ovsdbapp.backend.ovs_idl [None req-ab6f52ef-70d1-4c40-8398-e42a1fd23fdb None None] Created schema index Port_Group.name {{(pid=103403) autocreate_indices /opt/stack/data/venv/lib/python3.12/site-packages/ovsdbapp/backend/ovs_idl/__init__.py:106}}
May 09 08:16:19.160551 np0000173020 devstack@neutron-api.service[103403]: DEBUG ovsdbapp.backend.ovs_idl [None req-ab6f52ef-70d1-4c40-8398-e42a1fd23fdb None None] Created schema index Logical_Switch_Port.name {{(pid=103403) autocreate_indices /opt/stack/data/venv/lib/python3.12/site-packages/ovsdbapp/backend/ovs_idl/__init__.py:106}}
May 09 08:16:19.163838 np0000173020 devstack@neutron-api.service[103403]: INFO ovsdbapp.backend.ovs_idl.vlog [None req-ab6f52ef-70d1-4c40-8398-e42a1fd23fdb None None] ssl:199.19.213.52:6641: connecting...
May 09 08:16:19.170142 np0000173020 devstack@neutron-api.service[103403]: INFO ovsdbapp.backend.ovs_idl.vlog [None req-ab6f52ef-70d1-4c40-8398-e42a1fd23fdb None None] ssl:199.19.213.52:6641: connected
May 09 08:16:19.175627 np0000173020 devstack@neutron-api.service[103402]: DEBUG neutron.common.ovn.hash_ring_manager [None req-75053cbc-ddcc-4c95-a6d1-25408c6425fa None None] Allow caching, nodes 4>=4 {{(pid=103402) _wait_startup_before_caching /opt/stack/neutron/neutron/common/ovn/hash_ring_manager.py:65}}
May 09 08:16:19.181596 np0000173020 devstack@neutron-api.service[103402]: DEBUG neutron.common.ovn.hash_ring_manager [None req-75053cbc-ddcc-4c95-a6d1-25408c6425fa None None] Hash Ring loaded. 4 active nodes. 0 offline nodes {{(pid=103402) _load_hash_ring /opt/stack/neutron/neutron/common/ovn/hash_ring_manager.py:102}}
May 09 08:16:19.181812 np0000173020 devstack@neutron-api.service[103402]: DEBUG neutron.plugins.ml2.drivers.ovn.mech_driver.ovsdb.ovsdb_monitor [None req-75053cbc-ddcc-4c95-a6d1-25408c6425fa None None] Hash Ring: Node f156e531557b522cae8328009e50d266 (host: np0000173020) handling event "create" for row bf2a3ddc-4bb3-457d-b20a-5e74368eda03 (table: Chassis) {{(pid=103402) notify /opt/stack/neutron/neutron/plugins/ml2/drivers/ovn/mech_driver/ovsdb/ovsdb_monitor.py:942}}
May 09 08:16:19.182929 np0000173020 devstack@neutron-api.service[103402]: DEBUG ovsdbapp.backend.ovs_idl.event [None req-75053cbc-ddcc-4c95-a6d1-25408c6425fa None None] Matched CREATE: ChassisBandwidthConfigEvent(events=('create', 'update'), table='Chassis', conditions=None, old_conditions=None), priority=20 to row=Chassis(uuid=bf2a3ddc-4bb3-457d-b20a-5e74368eda03, encaps=[f10bd5a3-78d4-4f26-9ff5-23d7b0f0af0a], external_ids={}, hostname='np0000173020', name='88bb3c08-1f48-4b77-9650-a8ac492bf10f', nb_cfg=0, other_config={'ct-commit-nat-v2': 'true', 'ct-commit-to-zone': 'true', 'ct-next-zone': 'true', 'ct-no-masked-label': 'true', 'ct-state-save': 'true', 'datapath-type': 'system', 'fdb-timestamp': 'true', 'iface-types': 'afxdp,afxdp-nonpmd,bareudp,erspan,geneve,gre,gtpu,internal,ip6erspan,ip6gre,lisp,patch,srv6,stt,system,tap,vxlan', 'is-interconn': 'false', 'ls-dpg-column': 'true', 'mac-binding-timestamp': 'true', 'ovn-bridge-mappings': 'public:br-ex', 'ovn-chassis-mac-mappings': '', 'ovn-cms-options': 'enable-chassis-as-gw', 'ovn-ct-lb-related': 'true', 'ovn-enable-lflow-cache': 'true', 'ovn-limit-lflow-cache': '', 'ovn-memlimit-lflow-cache-kb': '', 'ovn-monitor-all': 'false', 'ovn-trim-limit-lflow-cache': '', 'ovn-trim-timeout-ms': '', 'ovn-trim-wmark-perc-lflow-cache': '', 'port-up-notif': 'true'}, transport_zones=[], vtep_logical_switches=[]) old= {{(pid=103402) matches /opt/stack/data/venv/lib/python3.12/site-packages/ovsdbapp/backend/ovs_idl/event.py:55}}
May 09 08:16:19.183628 np0000173020 devstack@neutron-api.service[103402]: DEBUG neutron.plugins.ml2.drivers.ovn.mech_driver.ovsdb.ovsdb_monitor [None req-75053cbc-ddcc-4c95-a6d1-25408c6425fa None None] ChassisAgentWriteEvent : Matched Chassis_Private, create, None None {{(pid=103402) matches /opt/stack/neutron/neutron/plugins/ml2/drivers/ovn/mech_driver/ovsdb/ovsdb_monitor.py:64}}
May 09 08:16:19.183828 np0000173020 devstack@neutron-api.service[103402]: DEBUG neutron.plugins.ml2.drivers.ovn.mech_driver.ovsdb.ovsdb_monitor [None req-75053cbc-ddcc-4c95-a6d1-25408c6425fa None None] ChassisOVNAgentWriteEvent : Matched Chassis_Private, create, None None {{(pid=103402) matches /opt/stack/neutron/neutron/plugins/ml2/drivers/ovn/mech_driver/ovsdb/ovsdb_monitor.py:64}}
May 09 08:16:19.185554 np0000173020 devstack@neutron-api.service[103402]: INFO neutron.plugins.ml2.drivers.ovn.mech_driver.mech_driver [None req-75053cbc-ddcc-4c95-a6d1-25408c6425fa None None] WorkerService process has finished the post initialization
May 09 08:16:19.186408 np0000173020 devstack@neutron-api.service[103402]: INFO neutron.plugins.ml2.drivers.ovn.mech_driver.ovsdb.extensions.qos [-] Starting OVNClientQosExtension
May 09 08:16:19.186648 np0000173020 devstack@neutron-api.service[103402]: INFO neutron.plugins.ml2.drivers.ovn.mech_driver.ovsdb.extensions.placement [-] Starting OVNClientPlacementExtension
May 09 08:16:19.187100 np0000173020 devstack@neutron-api.service[103404]: DEBUG neutron.common.ovn.hash_ring_manager [None req-c224d61d-7ab7-4326-b552-ee8b401e4ade None None] Allow caching, nodes 4>=4 {{(pid=103404) _wait_startup_before_caching /opt/stack/neutron/neutron/common/ovn/hash_ring_manager.py:65}}
May 09 08:16:19.189570 np0000173020 devstack@neutron-api.service[103402]: WSGI app 0 (mountpoint='') ready in 7 seconds on interpreter 0x77162d2a3668 pid: 103402 (default app)
May 09 08:16:19.191906 np0000173020 devstack@neutron-api.service[103404]: DEBUG neutron.common.ovn.hash_ring_manager [None req-c224d61d-7ab7-4326-b552-ee8b401e4ade None None] Hash Ring loaded. 4 active nodes. 0 offline nodes {{(pid=103404) _load_hash_ring /opt/stack/neutron/neutron/common/ovn/hash_ring_manager.py:102}}
May 09 08:16:19.192196 np0000173020 devstack@neutron-api.service[103404]: DEBUG neutron.plugins.ml2.drivers.ovn.mech_driver.ovsdb.ovsdb_monitor [None req-c224d61d-7ab7-4326-b552-ee8b401e4ade None None] ChassisOVNAgentWriteEvent : Matched Chassis_Private, create, None None {{(pid=103404) matches /opt/stack/neutron/neutron/plugins/ml2/drivers/ovn/mech_driver/ovsdb/ovsdb_monitor.py:64}}
May 09 08:16:19.192315 np0000173020 devstack@neutron-api.service[103404]: DEBUG neutron.plugins.ml2.drivers.ovn.mech_driver.ovsdb.ovsdb_monitor [None req-c224d61d-7ab7-4326-b552-ee8b401e4ade None None] ChassisAgentWriteEvent : Matched Chassis_Private, create, None None {{(pid=103404) matches /opt/stack/neutron/neutron/plugins/ml2/drivers/ovn/mech_driver/ovsdb/ovsdb_monitor.py:64}}
May 09 08:16:19.195243 np0000173020 devstack@neutron-api.service[103404]: INFO neutron.plugins.ml2.drivers.ovn.mech_driver.mech_driver [None req-c224d61d-7ab7-4326-b552-ee8b401e4ade None None] WorkerService process has finished the post initialization
May 09 08:16:19.196872 np0000173020 devstack@neutron-api.service[103404]: WSGI app 0 (mountpoint='') ready in 7 seconds on interpreter 0x77162d2a3668 pid: 103404 (default app)
May 09 08:16:19.210303 np0000173020 devstack@neutron-api.service[103403]: DEBUG neutron.common.ovn.hash_ring_manager [None req-ab6f52ef-70d1-4c40-8398-e42a1fd23fdb None None] Allow caching, nodes 4>=4 {{(pid=103403) _wait_startup_before_caching /opt/stack/neutron/neutron/common/ovn/hash_ring_manager.py:65}}
May 09 08:16:19.218339 np0000173020 devstack@neutron-api.service[103403]: DEBUG neutron.common.ovn.hash_ring_manager [None req-ab6f52ef-70d1-4c40-8398-e42a1fd23fdb None None] Hash Ring loaded. 4 active nodes. 0 offline nodes {{(pid=103403) _load_hash_ring /opt/stack/neutron/neutron/common/ovn/hash_ring_manager.py:102}}
May 09 08:16:19.219962 np0000173020 devstack@neutron-api.service[103403]: INFO neutron.plugins.ml2.drivers.ovn.mech_driver.ovsdb.impl_idl_ovn [None req-ab6f52ef-70d1-4c40-8398-e42a1fd23fdb None None] Getting OvsdbSbOvnIdl for WorkerService with retry
May 09 08:16:19.262057 np0000173020 devstack@neutron-api.service[103403]: DEBUG ovsdbapp.backend.ovs_idl [None req-ab6f52ef-70d1-4c40-8398-e42a1fd23fdb None None] Created lookup_table index Chassis.name {{(pid=103403) autocreate_indices /opt/stack/data/venv/lib/python3.12/site-packages/ovsdbapp/backend/ovs_idl/__init__.py:87}}
May 09 08:16:19.262057 np0000173020 devstack@neutron-api.service[103403]: DEBUG ovsdbapp.backend.ovs_idl [None req-ab6f52ef-70d1-4c40-8398-e42a1fd23fdb None None] Created lookup_table index Port_Binding.logical_port {{(pid=103403) autocreate_indices /opt/stack/data/venv/lib/python3.12/site-packages/ovsdbapp/backend/ovs_idl/__init__.py:87}}
May 09 08:16:19.262331 np0000173020 devstack@neutron-api.service[103403]: DEBUG ovsdbapp.backend.ovs_idl [None req-ab6f52ef-70d1-4c40-8398-e42a1fd23fdb None None] Created schema index Chassis_Private.name {{(pid=103403) autocreate_indices /opt/stack/data/venv/lib/python3.12/site-packages/ovsdbapp/backend/ovs_idl/__init__.py:106}}
May 09 08:16:19.262331 np0000173020 devstack@neutron-api.service[103403]: DEBUG ovsdbapp.backend.ovs_idl [None req-ab6f52ef-70d1-4c40-8398-e42a1fd23fdb None None] Created schema index Datapath_Binding.tunnel_key {{(pid=103403) autocreate_indices /opt/stack/data/venv/lib/python3.12/site-packages/ovsdbapp/backend/ovs_idl/__init__.py:106}}
May 09 08:16:19.264823 np0000173020 devstack@neutron-api.service[103403]: INFO ovsdbapp.backend.ovs_idl.vlog [None req-ab6f52ef-70d1-4c40-8398-e42a1fd23fdb None None] ssl:199.19.213.52:6642: connecting...
May 09 08:16:19.271253 np0000173020 devstack@neutron-api.service[103403]: INFO ovsdbapp.backend.ovs_idl.vlog [None req-ab6f52ef-70d1-4c40-8398-e42a1fd23fdb None None] ssl:199.19.213.52:6642: connected
May 09 08:16:19.304241 np0000173020 devstack@neutron-api.service[103403]: DEBUG neutron.common.ovn.hash_ring_manager [None req-ab6f52ef-70d1-4c40-8398-e42a1fd23fdb None None] Allow caching, nodes 4>=4 {{(pid=103403) _wait_startup_before_caching /opt/stack/neutron/neutron/common/ovn/hash_ring_manager.py:65}}
May 09 08:16:19.309882 np0000173020 devstack@neutron-api.service[103403]: DEBUG neutron.common.ovn.hash_ring_manager [None req-ab6f52ef-70d1-4c40-8398-e42a1fd23fdb None None] Hash Ring loaded. 4 active nodes. 0 offline nodes {{(pid=103403) _load_hash_ring /opt/stack/neutron/neutron/common/ovn/hash_ring_manager.py:102}}
May 09 08:16:19.310142 np0000173020 devstack@neutron-api.service[103403]: DEBUG neutron.plugins.ml2.drivers.ovn.mech_driver.ovsdb.ovsdb_monitor [None req-ab6f52ef-70d1-4c40-8398-e42a1fd23fdb None None] ChassisAgentWriteEvent : Matched Chassis_Private, create, None None {{(pid=103403) matches /opt/stack/neutron/neutron/plugins/ml2/drivers/ovn/mech_driver/ovsdb/ovsdb_monitor.py:64}}
May 09 08:16:19.310347 np0000173020 devstack@neutron-api.service[103403]: DEBUG neutron.plugins.ml2.drivers.ovn.mech_driver.ovsdb.ovsdb_monitor [None req-ab6f52ef-70d1-4c40-8398-e42a1fd23fdb None None] ChassisOVNAgentWriteEvent : Matched Chassis_Private, create, None None {{(pid=103403) matches /opt/stack/neutron/neutron/plugins/ml2/drivers/ovn/mech_driver/ovsdb/ovsdb_monitor.py:64}}
May 09 08:16:19.310858 np0000173020 devstack@neutron-api.service[103403]: DEBUG neutron.plugins.ml2.drivers.ovn.mech_driver.ovsdb.ovsdb_monitor [None req-ab6f52ef-70d1-4c40-8398-e42a1fd23fdb None None] Hash Ring: Node 4c3af681eaca54e2902920d69b212be7 (host: np0000173020) handling event "create" for row 9005885f-fdc0-46fb-a143-ac3135824861 (table: Chassis_Private) {{(pid=103403) notify /opt/stack/neutron/neutron/plugins/ml2/drivers/ovn/mech_driver/ovsdb/ovsdb_monitor.py:942}}
May 09 08:16:19.311115 np0000173020 devstack@neutron-api.service[103403]: DEBUG neutron.plugins.ml2.drivers.ovn.mech_driver.ovsdb.ovsdb_monitor [None req-ab6f52ef-70d1-4c40-8398-e42a1fd23fdb None None] Hash Ring: Node 4c3af681eaca54e2902920d69b212be7 (host: np0000173020) handling event "create" for row f10bd5a3-78d4-4f26-9ff5-23d7b0f0af0a (table: Encap) {{(pid=103403) notify /opt/stack/neutron/neutron/plugins/ml2/drivers/ovn/mech_driver/ovsdb/ovsdb_monitor.py:942}}
May 09 08:16:19.314159 np0000173020 devstack@neutron-api.service[103403]: INFO neutron.plugins.ml2.drivers.ovn.mech_driver.mech_driver [None req-ab6f52ef-70d1-4c40-8398-e42a1fd23fdb None None] WorkerService process has finished the post initialization
May 09 08:16:19.315968 np0000173020 devstack@neutron-api.service[103403]: WSGI app 0 (mountpoint='') ready in 7 seconds on interpreter 0x77162d2a3668 pid: 103403 (default app)
May 09 08:16:20.921460 np0000173020 devstack@neutron-api.service[103401]: DEBUG neutron.common.ovn.hash_ring_manager [-] Allow caching, nodes 4>=4 {{(pid=103401) _wait_startup_before_caching /opt/stack/neutron/neutron/common/ovn/hash_ring_manager.py:65}}
May 09 08:16:20.921811 np0000173020 devstack@neutron-api.service[103401]: DEBUG neutron.plugins.ml2.drivers.ovn.mech_driver.ovsdb.ovsdb_monitor [-] Hash Ring: Node 9c14ec804895525f9f342851c2fb928e (host: np0000173020) handling event "update" for row bd5c08cb-8232-40de-8ab1-660f55fcdec0 (table: Connection) {{(pid=103401) notify /opt/stack/neutron/neutron/plugins/ml2/drivers/ovn/mech_driver/ovsdb/ovsdb_monitor.py:942}}
May 09 08:16:23.441227 np0000173020 devstack@neutron-api.service[103401]: DEBUG neutron.plugins.ml2.drivers.ovn.mech_driver.ovsdb.ovsdb_monitor [-] Hash Ring: Node 9c14ec804895525f9f342851c2fb928e (host: np0000173020) handling event "update" for row bd5c08cb-8232-40de-8ab1-660f55fcdec0 (table: Connection) {{(pid=103401) notify /opt/stack/neutron/neutron/plugins/ml2/drivers/ovn/mech_driver/ovsdb/ovsdb_monitor.py:942}}
May 09 08:16:25.731261 np0000173020 devstack@neutron-api.service[103401]: DEBUG neutron.api.wsgi [None req-edaf0436-ded2-440d-8553-173fa125c17d admin admin] Missing Content-Type {{(pid=103401) get_content_type /opt/stack/neutron/neutron/api/wsgi.py:80}}
May 09 08:16:25.732116 np0000173020 devstack@neutron-api.service[103401]: DEBUG neutron.api.wsgi [None req-edaf0436-ded2-440d-8553-173fa125c17d admin admin] https://199.19.213.52/networking/v2.0/extensions returned with HTTP 200 {{(pid=103401) __call__ /opt/stack/neutron/neutron/api/wsgi.py:540}}
May 09 08:16:25.732224 np0000173020 devstack@neutron-api.service[103401]: [pid: 103401|app: 0|req: 2/2] 199.19.213.52 () {64 vars in 1316 bytes} [Sat May 9 08:16:25 2026] GET /networking/v2.0/extensions => generated 15209 bytes in 268 msecs (HTTP/1.1 200) 4 headers in 159 bytes (1 switches on core 0)
May 09 08:16:26.140181 np0000173020 devstack@neutron-api.service[103402]: DEBUG neutron.api.v2.base [None req-edf30e5d-c6ac-42e1-92ae-56f787603285 admin admin] Request body: {'subnetpool': {'name': 'shared-default-subnetpool-v4', 'default_prefixlen': 26, 'is_default': True, 'shared': True, 'prefixes': ['10.1.0.0/20']}} {{(pid=103402) prepare_request_body /opt/stack/neutron/neutron/api/v2/base.py:727}}
May 09 08:16:26.362976 np0000173020 devstack@neutron-api.service[103402]: DEBUG neutron.policy [None req-edf30e5d-c6ac-42e1-92ae-56f787603285 admin admin] Loaded default policies from ['neutron'] under neutron.policies entry points {{(pid=103402) register_rules /opt/stack/neutron/neutron/policy.py:65}}
May 09 08:16:26.523120 np0000173020 devstack@neutron-api.service[103402]: DEBUG neutron_lib.callbacks.manager [None req-edf30e5d-c6ac-42e1-92ae-56f787603285 admin admin] Publish callbacks ['neutron.objects.securitygroup.RbacNeutronDbObjectMixin.validate_rbac_policy_change-2389706481913', 'neutron.objects.address_group.RbacNeutronDbObjectMixin.validate_rbac_policy_change-2389706492796', 'neutron.objects.network.RbacNeutronDbObjectMixin.validate_rbac_policy_change-2389705078720', 'neutron.objects.qos.policy.RbacNeutronDbObjectMixin.validate_rbac_policy_change-2389705075402', 'neutron.objects.subnetpool.RbacNeutronDbObjectMixin.validate_rbac_policy_change-2389705096300', 'neutron.objects.address_scope.RbacNeutronDbObjectMixin.validate_rbac_policy_change-2389705096889', 'neutron.plugins.ml2.plugin.External_net_db_mixin._process_ext_policy_create-1270057', 'neutron.plugins.ml2.plugin.NeutronDbPluginV2.validate_network_rbac_policy_change-1216069'] for rbac-policy (None), before_create {{(pid=103402) _notify_loop /opt/stack/data/venv/lib/python3.12/site-packages/neutron_lib/callbacks/manager.py:184}}
May 09 08:16:26.574021 np0000173020 devstack@neutron-api.service[103402]: DEBUG neutron_lib.callbacks.manager [None req-edf30e5d-c6ac-42e1-92ae-56f787603285 admin admin] Publish callbacks [] for subnetpool (None), before_response {{(pid=103402) _notify_loop /opt/stack/data/venv/lib/python3.12/site-packages/neutron_lib/callbacks/manager.py:184}}
May 09 08:16:26.574824 np0000173020 devstack@neutron-api.service[103402]: [pid: 103402|app: 0|req: 1/3] 199.19.213.52 () {68 vars in 1360 bytes} [Sat May 9 08:16:26 2026] POST /networking/v2.0/subnetpools => generated 533 bytes in 545 msecs (HTTP/1.1 201) 4 headers in 162 bytes (1 switches on core 0)
May 09 08:16:26.902599 np0000173020 devstack@neutron-api.service[103404]: DEBUG neutron.api.v2.base [None req-698f8ad6-a924-4c82-8f0e-550d3031fd4e admin admin] Request body: {'subnetpool': {'name': 'shared-default-subnetpool-v6', 'default_prefixlen': 64, 'is_default': True, 'shared': True, 'prefixes': ['fde3:ff13:101c::/56']}} {{(pid=103404) prepare_request_body /opt/stack/neutron/neutron/api/v2/base.py:727}}
May 09 08:16:27.078730 np0000173020 devstack@neutron-api.service[103404]: DEBUG neutron.policy [None req-698f8ad6-a924-4c82-8f0e-550d3031fd4e admin admin] Loaded default policies from ['neutron'] under neutron.policies entry points {{(pid=103404) register_rules /opt/stack/neutron/neutron/policy.py:65}}
May 09 08:16:27.239502 np0000173020 devstack@neutron-api.service[103404]: DEBUG neutron_lib.callbacks.manager [None req-698f8ad6-a924-4c82-8f0e-550d3031fd4e admin admin] Publish callbacks ['neutron.objects.securitygroup.RbacNeutronDbObjectMixin.validate_rbac_policy_change-2389705042654', 'neutron.objects.address_group.RbacNeutronDbObjectMixin.validate_rbac_policy_change-2389706489890', 'neutron.objects.network.RbacNeutronDbObjectMixin.validate_rbac_policy_change-2389705077645', 'neutron.objects.qos.policy.RbacNeutronDbObjectMixin.validate_rbac_policy_change-2389705096638', 'neutron.objects.subnetpool.RbacNeutronDbObjectMixin.validate_rbac_policy_change-2389705082707', 'neutron.objects.address_scope.RbacNeutronDbObjectMixin.validate_rbac_policy_change-2389704980892', 'neutron.plugins.ml2.plugin.External_net_db_mixin._process_ext_policy_create-1759527', 'neutron.plugins.ml2.plugin.NeutronDbPluginV2.validate_network_rbac_policy_change-1714567'] for rbac-policy (None), before_create {{(pid=103404) _notify_loop /opt/stack/data/venv/lib/python3.12/site-packages/neutron_lib/callbacks/manager.py:184}}
May 09 08:16:27.283488 np0000173020 devstack@neutron-api.service[103404]: DEBUG neutron_lib.callbacks.manager [None req-698f8ad6-a924-4c82-8f0e-550d3031fd4e admin admin] Publish callbacks [] for subnetpool (None), before_response {{(pid=103404) _notify_loop /opt/stack/data/venv/lib/python3.12/site-packages/neutron_lib/callbacks/manager.py:184}}
May 09 08:16:27.284223 np0000173020 devstack@neutron-api.service[103404]: [pid: 103404|app: 0|req: 1/4] 199.19.213.52 () {68 vars in 1360 bytes} [Sat May 9 08:16:26 2026] POST /networking/v2.0/subnetpools => generated 543 bytes in 493 msecs (HTTP/1.1 201) 4 headers in 162 bytes (1 switches on core 0)
May 09 08:16:27.717451 np0000173020 devstack@neutron-api.service[103403]: DEBUG neutron.api.v2.base [None req-1016fb4b-dee1-4c7e-8c40-ddd69bd3ff96 admin admin] Request body: {'network': {'name': 'private', 'admin_state_up': True}} {{(pid=103403) prepare_request_body /opt/stack/neutron/neutron/api/v2/base.py:727}}
May 09 08:16:27.746445 np0000173020 devstack@neutron-api.service[103403]: DEBUG neutron.pecan_wsgi.hooks.quota_enforcement [None req-1016fb4b-dee1-4c7e-8c40-ddd69bd3ff96 admin admin] Made reservation on behalf of 456d6e90f9904488b908ef6967f57f05 for: {'network': 1} {{(pid=103403) before /opt/stack/neutron/neutron/pecan_wsgi/hooks/quota_enforcement.py:66}}
May 09 08:16:27.928135 np0000173020 devstack@neutron-api.service[103403]: DEBUG neutron.policy [None req-1016fb4b-dee1-4c7e-8c40-ddd69bd3ff96 admin admin] Loaded default policies from ['neutron'] under neutron.policies entry points {{(pid=103403) register_rules /opt/stack/neutron/neutron/policy.py:65}}
May 09 08:16:28.048769 np0000173020 devstack@neutron-api.service[103403]: DEBUG neutron_lib.callbacks.manager [None req-1016fb4b-dee1-4c7e-8c40-ddd69bd3ff96 admin admin] Publish callbacks ['neutron.plugins.ml2.plugin.SecurityGroupDbMixin._ensure_default_security_group_handler-2057557'] for network (None), before_create {{(pid=103403) _notify_loop /opt/stack/data/venv/lib/python3.12/site-packages/neutron_lib/callbacks/manager.py:184}}
May 09 08:16:28.069534 np0000173020 devstack@neutron-api.service[103403]: DEBUG neutron_lib.callbacks.manager [None req-1016fb4b-dee1-4c7e-8c40-ddd69bd3ff96 admin admin] Publish callbacks [] for security_group (None), before_create {{(pid=103403) _notify_loop /opt/stack/data/venv/lib/python3.12/site-packages/neutron_lib/callbacks/manager.py:184}}
May 09 08:16:28.165373 np0000173020 devstack@neutron-api.service[103403]: DEBUG neutron_lib.callbacks.manager [None req-1016fb4b-dee1-4c7e-8c40-ddd69bd3ff96 admin admin] Publish callbacks ['neutron.plugins.ml2.drivers.ovn.mech_driver.mech_driver.OVNMechanismDriver._create_security_group_precommit-210649'] for security_group (713c7105-4fa5-4b8d-b04c-4a6c23659118), precommit_create {{(pid=103403) _notify_loop /opt/stack/data/venv/lib/python3.12/site-packages/neutron_lib/callbacks/manager.py:184}}
May 09 08:16:28.165635 np0000173020 devstack@neutron-api.service[103403]: DEBUG neutron.db.ovn_revision_numbers_db [None req-1016fb4b-dee1-4c7e-8c40-ddd69bd3ff96 admin admin] create_initial_revision uuid=713c7105-4fa5-4b8d-b04c-4a6c23659118, type=security_groups, rev=-1 {{(pid=103403) create_initial_revision /opt/stack/neutron/neutron/db/ovn_revision_numbers_db.py:98}}
May 09 08:16:28.167957 np0000173020 devstack@neutron-api.service[103403]: DEBUG neutron.db.ovn_revision_numbers_db [None req-1016fb4b-dee1-4c7e-8c40-ddd69bd3ff96 admin admin] create_initial_revision uuid=1075bbb2-5e9f-4c7b-9c7d-63b55e5a3419, type=security_group_rules, rev=-1 {{(pid=103403) create_initial_revision /opt/stack/neutron/neutron/db/ovn_revision_numbers_db.py:98}}
May 09 08:16:28.169076 np0000173020 devstack@neutron-api.service[103403]: DEBUG neutron.db.ovn_revision_numbers_db [None req-1016fb4b-dee1-4c7e-8c40-ddd69bd3ff96 admin admin] create_initial_revision uuid=1780e127-ae06-4814-9192-e92f38da870f, type=security_group_rules, rev=-1 {{(pid=103403) create_initial_revision /opt/stack/neutron/neutron/db/ovn_revision_numbers_db.py:98}}
May 09 08:16:28.170252 np0000173020 devstack@neutron-api.service[103403]: DEBUG neutron.db.ovn_revision_numbers_db [None req-1016fb4b-dee1-4c7e-8c40-ddd69bd3ff96 admin admin] create_initial_revision uuid=5cab876a-6d60-44a2-87b7-bd30029a003c, type=security_group_rules, rev=-1 {{(pid=103403) create_initial_revision /opt/stack/neutron/neutron/db/ovn_revision_numbers_db.py:98}}
May 09 08:16:28.171580 np0000173020 devstack@neutron-api.service[103403]: DEBUG neutron.db.ovn_revision_numbers_db [None req-1016fb4b-dee1-4c7e-8c40-ddd69bd3ff96 admin admin] create_initial_revision uuid=675ebeff-6734-408d-a22e-62d814405549, type=security_group_rules, rev=-1 {{(pid=103403) create_initial_revision /opt/stack/neutron/neutron/db/ovn_revision_numbers_db.py:98}}
May 09 08:16:28.179344 np0000173020 devstack@neutron-api.service[103403]: DEBUG neutron_lib.callbacks.manager [None req-1016fb4b-dee1-4c7e-8c40-ddd69bd3ff96 admin admin] Publish callbacks ['neutron.plugins.ml2.drivers.ovn.mech_driver.mech_driver.OVNMechanismDriver._create_security_group-210659', 'neutron.plugins.ml2.ovo_rpc._ObjectChangeHandler.handle_event-2972481'] for security_group (713c7105-4fa5-4b8d-b04c-4a6c23659118), after_create {{(pid=103403) _notify_loop /opt/stack/data/venv/lib/python3.12/site-packages/neutron_lib/callbacks/manager.py:184}}
May 09 08:16:28.179708 np0000173020 devstack@neutron-api.service[103403]: INFO neutron.plugins.ml2.drivers.ovn.mech_driver.ovsdb.extensions.qos [None req-1016fb4b-dee1-4c7e-8c40-ddd69bd3ff96 admin admin] Starting OVNClientQosExtension
May 09 08:16:28.179953 np0000173020 devstack@neutron-api.service[103403]: INFO neutron.plugins.ml2.drivers.ovn.mech_driver.ovsdb.extensions.placement [None req-1016fb4b-dee1-4c7e-8c40-ddd69bd3ff96 admin admin] Starting OVNClientPlacementExtension
May 09 08:16:28.181622 np0000173020 devstack@neutron-api.service[103403]: DEBUG ovsdbapp.backend.ovs_idl.transaction [-] Running txn n=1 command(idx=0): PgAddCommand(_result=None, name=pg_713c7105_4fa5_4b8d_b04c_4a6c23659118, may_exist=False, columns={'acls': [], 'external_ids': {'neutron:security_group_id': '713c7105-4fa5-4b8d-b04c-4a6c23659118'}}) {{(pid=103403) do_commit /opt/stack/data/venv/lib/python3.12/site-packages/ovsdbapp/backend/ovs_idl/transaction.py:89}}
May 09 08:16:28.183866 np0000173020 devstack@neutron-api.service[103403]: DEBUG ovsdbapp.backend.ovs_idl.transaction [-] Running txn n=1 command(idx=1): PgAclAddCommand(_result=None, entity=pg_713c7105_4fa5_4b8d_b04c_4a6c23659118, direction=to-lport, priority=1002, match=outport == @pg_713c7105_4fa5_4b8d_b04c_4a6c23659118 && ip6 && ip6.src == $pg_713c7105_4fa5_4b8d_b04c_4a6c23659118_ip6, action=allow-related, log=False, may_exist=True, severity=[], name=[], meter=[], external_ids={'neutron:security_group_rule_id': '1075bbb2-5e9f-4c7b-9c7d-63b55e5a3419'}) {{(pid=103403) do_commit /opt/stack/data/venv/lib/python3.12/site-packages/ovsdbapp/backend/ovs_idl/transaction.py:89}}
May 09 08:16:28.184500 np0000173020 devstack@neutron-api.service[103403]: DEBUG ovsdbapp.backend.ovs_idl.transaction [-] Running txn n=1 command(idx=2): PgAclAddCommand(_result=None, entity=pg_713c7105_4fa5_4b8d_b04c_4a6c23659118, direction=from-lport, priority=1002, match=inport == @pg_713c7105_4fa5_4b8d_b04c_4a6c23659118 && ip6, action=allow-related, log=False, may_exist=True, severity=[], name=[], meter=[], external_ids={'neutron:security_group_rule_id': '1780e127-ae06-4814-9192-e92f38da870f'}) {{(pid=103403) do_commit /opt/stack/data/venv/lib/python3.12/site-packages/ovsdbapp/backend/ovs_idl/transaction.py:89}}
May 09 08:16:28.184972 np0000173020 devstack@neutron-api.service[103403]: DEBUG ovsdbapp.backend.ovs_idl.transaction [-] Running txn n=1 command(idx=3): PgAclAddCommand(_result=None, entity=pg_713c7105_4fa5_4b8d_b04c_4a6c23659118, direction=to-lport, priority=1002, match=outport == @pg_713c7105_4fa5_4b8d_b04c_4a6c23659118 && ip4 && ip4.src == $pg_713c7105_4fa5_4b8d_b04c_4a6c23659118_ip4, action=allow-related, log=False, may_exist=True, severity=[], name=[], meter=[], external_ids={'neutron:security_group_rule_id': '5cab876a-6d60-44a2-87b7-bd30029a003c'}) {{(pid=103403) do_commit /opt/stack/data/venv/lib/python3.12/site-packages/ovsdbapp/backend/ovs_idl/transaction.py:89}}
May 09 08:16:28.185394 np0000173020 devstack@neutron-api.service[103403]: DEBUG ovsdbapp.backend.ovs_idl.transaction [-] Running txn n=1 command(idx=4): PgAclAddCommand(_result=None, entity=pg_713c7105_4fa5_4b8d_b04c_4a6c23659118, direction=from-lport, priority=1002, match=inport == @pg_713c7105_4fa5_4b8d_b04c_4a6c23659118 && ip4, action=allow-related, log=False, may_exist=True, severity=[], name=[], meter=[], external_ids={'neutron:security_group_rule_id': '675ebeff-6734-408d-a22e-62d814405549'}) {{(pid=103403) do_commit /opt/stack/data/venv/lib/python3.12/site-packages/ovsdbapp/backend/ovs_idl/transaction.py:89}}
May 09 08:16:28.192360 np0000173020 devstack@neutron-api.service[103403]: DEBUG neutron.plugins.ml2.drivers.ovn.mech_driver.ovsdb.ovsdb_monitor [-] Hash Ring: Node 4c3af681eaca54e2902920d69b212be7 (host: np0000173020) handling event "create" for row a28ee141-d517-4f18-88d8-2e8d812206b4 (table: ACL) {{(pid=103403) notify /opt/stack/neutron/neutron/plugins/ml2/drivers/ovn/mech_driver/ovsdb/ovsdb_monitor.py:942}}
May 09 08:16:28.194898 np0000173020 devstack@neutron-api.service[103401]: DEBUG neutron.plugins.ml2.drivers.ovn.mech_driver.ovsdb.ovsdb_monitor [-] Hash Ring: Node 9c14ec804895525f9f342851c2fb928e (host: np0000173020) handling event "create" for row 2d615ee0-7167-487d-b74f-a670a891e289 (table: ACL) {{(pid=103401) notify /opt/stack/neutron/neutron/plugins/ml2/drivers/ovn/mech_driver/ovsdb/ovsdb_monitor.py:942}}
May 09 08:16:28.195206 np0000173020 devstack@neutron-api.service[103401]: DEBUG neutron.plugins.ml2.drivers.ovn.mech_driver.ovsdb.ovsdb_monitor [-] Hash Ring: Node 9c14ec804895525f9f342851c2fb928e (host: np0000173020) handling event "create" for row 4f65f912-2448-45cf-af7f-65a2d53ef970 (table: ACL) {{(pid=103401) notify /opt/stack/neutron/neutron/plugins/ml2/drivers/ovn/mech_driver/ovsdb/ovsdb_monitor.py:942}}
May 09 08:16:28.195307 np0000173020 devstack@neutron-api.service[103401]: DEBUG neutron.plugins.ml2.drivers.ovn.mech_driver.ovsdb.ovsdb_monitor [-] Hash Ring: Node 9c14ec804895525f9f342851c2fb928e (host: np0000173020) handling event "create" for row 7f2d6207-ca34-4f25-8e1a-e81c57d3d1fd (table: ACL) {{(pid=103401) notify /opt/stack/neutron/neutron/plugins/ml2/drivers/ovn/mech_driver/ovsdb/ovsdb_monitor.py:942}}
May 09 08:16:28.195563 np0000173020 devstack@neutron-api.service[103401]: DEBUG neutron.plugins.ml2.drivers.ovn.mech_driver.ovsdb.ovsdb_monitor [-] Hash Ring: Node 9c14ec804895525f9f342851c2fb928e (host: np0000173020) handling event "create" for row a28ee141-d517-4f18-88d8-2e8d812206b4 (table: ACL) {{(pid=103401) notify /opt/stack/neutron/neutron/plugins/ml2/drivers/ovn/mech_driver/ovsdb/ovsdb_monitor.py:942}}
May 09 08:16:28.195758 np0000173020 devstack@neutron-api.service[103401]: DEBUG neutron.plugins.ml2.drivers.ovn.mech_driver.ovsdb.ovsdb_monitor [-] Hash Ring: Node 9c14ec804895525f9f342851c2fb928e (host: np0000173020) handling event "create" for row ce5cc756-c50f-485e-8dd3-da16fe1f8f87 (table: Port_Group) {{(pid=103401) notify /opt/stack/neutron/neutron/plugins/ml2/drivers/ovn/mech_driver/ovsdb/ovsdb_monitor.py:942}}
May 09 08:16:28.199107 np0000173020 devstack@neutron-api.service[103404]: DEBUG neutron.plugins.ml2.drivers.ovn.mech_driver.ovsdb.ovsdb_monitor [-] Hash Ring: Node febcf7cfda8e5139b169a0205ff361a3 (host: np0000173020) handling event "create" for row 2d615ee0-7167-487d-b74f-a670a891e289 (table: ACL) {{(pid=103404) notify /opt/stack/neutron/neutron/plugins/ml2/drivers/ovn/mech_driver/ovsdb/ovsdb_monitor.py:942}}
May 09 08:16:28.199385 np0000173020 devstack@neutron-api.service[103404]: DEBUG neutron.plugins.ml2.drivers.ovn.mech_driver.ovsdb.ovsdb_monitor [-] Hash Ring: Node febcf7cfda8e5139b169a0205ff361a3 (host: np0000173020) handling event "create" for row 4f65f912-2448-45cf-af7f-65a2d53ef970 (table: ACL) {{(pid=103404) notify /opt/stack/neutron/neutron/plugins/ml2/drivers/ovn/mech_driver/ovsdb/ovsdb_monitor.py:942}}
May 09 08:16:28.199459 np0000173020 devstack@neutron-api.service[103404]: DEBUG neutron.plugins.ml2.drivers.ovn.mech_driver.ovsdb.ovsdb_monitor [-] Hash Ring: Node febcf7cfda8e5139b169a0205ff361a3 (host: np0000173020) handling event "create" for row ce5cc756-c50f-485e-8dd3-da16fe1f8f87 (table: Port_Group) {{(pid=103404) notify /opt/stack/neutron/neutron/plugins/ml2/drivers/ovn/mech_driver/ovsdb/ovsdb_monitor.py:942}}
May 09 08:16:28.219195 np0000173020 devstack@neutron-api.service[103403]: INFO neutron.db.ovn_revision_numbers_db [None req-1016fb4b-dee1-4c7e-8c40-ddd69bd3ff96 admin admin] Successfully bumped revision number for resource 713c7105-4fa5-4b8d-b04c-4a6c23659118 (type: security_groups) to 1
May 09 08:16:28.234693 np0000173020 devstack@neutron-api.service[103403]: INFO neutron.db.ovn_revision_numbers_db [None req-1016fb4b-dee1-4c7e-8c40-ddd69bd3ff96 admin admin] Successfully bumped revision number for resource 1075bbb2-5e9f-4c7b-9c7d-63b55e5a3419 (type: security_group_rules) to 0
May 09 08:16:28.246666 np0000173020 devstack@neutron-api.service[103403]: INFO neutron.db.ovn_revision_numbers_db [None req-1016fb4b-dee1-4c7e-8c40-ddd69bd3ff96 admin admin] Successfully bumped revision number for resource 1780e127-ae06-4814-9192-e92f38da870f (type: security_group_rules) to 0
May 09 08:16:28.260375 np0000173020 devstack@neutron-api.service[103403]: INFO neutron.db.ovn_revision_numbers_db [None req-1016fb4b-dee1-4c7e-8c40-ddd69bd3ff96 admin admin] Successfully bumped revision number for resource 5cab876a-6d60-44a2-87b7-bd30029a003c (type: security_group_rules) to 0
May 09 08:16:28.272692 np0000173020 devstack@neutron-api.service[103403]: INFO neutron.db.ovn_revision_numbers_db [None req-1016fb4b-dee1-4c7e-8c40-ddd69bd3ff96 admin admin] Successfully bumped revision number for resource 675ebeff-6734-408d-a22e-62d814405549 (type: security_group_rules) to 0
May 09 08:16:28.300348 np0000173020 devstack@neutron-api.service[103403]: DEBUG neutron.api.rpc.handlers.resources_rpc [None req-1016fb4b-dee1-4c7e-8c40-ddd69bd3ff96 admin admin] Pushing event updated for resources: {'SecurityGroup': ['ID=713c7105-4fa5-4b8d-b04c-4a6c23659118,revision_number=1']} {{(pid=103403) push /opt/stack/neutron/neutron/api/rpc/handlers/resources_rpc.py:237}}
May 09 08:16:28.307361 np0000173020 devstack@neutron-api.service[103403]: DEBUG ovsdbapp.backend.ovs_idl.transaction [-] Running txn n=1 command(idx=0): CheckLivenessCommand(_result=None) {{(pid=103403) do_commit /opt/stack/data/venv/lib/python3.12/site-packages/ovsdbapp/backend/ovs_idl/transaction.py:89}}
May 09 08:16:28.310894 np0000173020 devstack@neutron-api.service[103401]: DEBUG neutron.plugins.ml2.drivers.ovn.mech_driver.ovsdb.ovsdb_monitor [-] Hash Ring: Node 9c14ec804895525f9f342851c2fb928e (host: np0000173020) handling event "update" for row 3029c286-6a21-48d4-a5d2-e04a6d1cf8ba (table: NB_Global) {{(pid=103401) notify /opt/stack/neutron/neutron/plugins/ml2/drivers/ovn/mech_driver/ovsdb/ovsdb_monitor.py:942}}
May 09 08:16:28.311572 np0000173020 devstack@neutron-api.service[103401]: DEBUG neutron.plugins.ml2.drivers.ovn.mech_driver.ovsdb.ovsdb_monitor [-] Hash Ring: Node 9c14ec804895525f9f342851c2fb928e (host: np0000173020) handling event "update" for row 3029c286-6a21-48d4-a5d2-e04a6d1cf8ba (table: NB_Global) {{(pid=103401) notify /opt/stack/neutron/neutron/plugins/ml2/drivers/ovn/mech_driver/ovsdb/ovsdb_monitor.py:942}}
May 09 08:16:28.313328 np0000173020 devstack@neutron-api.service[103401]: DEBUG neutron.plugins.ml2.drivers.ovn.mech_driver.ovsdb.ovsdb_monitor [-] Hash Ring: Node 9c14ec804895525f9f342851c2fb928e (host: np0000173020) handling event "update" for row 3029c286-6a21-48d4-a5d2-e04a6d1cf8ba (table: NB_Global) {{(pid=103401) notify /opt/stack/neutron/neutron/plugins/ml2/drivers/ovn/mech_driver/ovsdb/ovsdb_monitor.py:942}}
May 09 08:16:28.314005 np0000173020 devstack@neutron-api.service[103404]: DEBUG neutron.plugins.ml2.drivers.ovn.mech_driver.ovsdb.ovsdb_monitor [-] Hash Ring: Node febcf7cfda8e5139b169a0205ff361a3 (host: np0000173020) handling event "update" for row 3029c286-6a21-48d4-a5d2-e04a6d1cf8ba (table: NB_Global) {{(pid=103404) notify /opt/stack/neutron/neutron/plugins/ml2/drivers/ovn/mech_driver/ovsdb/ovsdb_monitor.py:942}}
May 09 08:16:28.315813 np0000173020 devstack@neutron-api.service[103403]: DEBUG neutron.api.rpc.callbacks.version_manager [None req-1016fb4b-dee1-4c7e-8c40-ddd69bd3ff96 admin admin] Tracked resource versions report:
May 09 08:16:28.315813 np0000173020 devstack@neutron-api.service[103403]: pushed versions:
May 09 08:16:28.315813 np0000173020 devstack@neutron-api.service[103403]: { 'AddressGroup': {'1.2'},
May 09 08:16:28.315813 np0000173020 devstack@neutron-api.service[103403]: 'Agent': {'1.1'},
May 09 08:16:28.315813 np0000173020 devstack@neutron-api.service[103403]: 'ConntrackHelper': {'1.0'},
May 09 08:16:28.315813 np0000173020 devstack@neutron-api.service[103403]: 'LocalIPAssociation': {'1.0'},
May 09 08:16:28.315813 np0000173020 devstack@neutron-api.service[103403]: 'Log': {'1.0'},
May 09 08:16:28.315813 np0000173020 devstack@neutron-api.service[103403]: 'NDPProxy': {'1.0'},
May 09 08:16:28.315813 np0000173020 devstack@neutron-api.service[103403]: 'Network': {'1.2'},
May 09 08:16:28.315813 np0000173020 devstack@neutron-api.service[103403]: 'Port': {'1.10'},
May 09 08:16:28.315813 np0000173020 devstack@neutron-api.service[103403]: 'PortForwarding': {'1.3'},
May 09 08:16:28.315813 np0000173020 devstack@neutron-api.service[103403]: 'QosPolicy': {'1.10'},
May 09 08:16:28.315813 np0000173020 devstack@neutron-api.service[103403]: 'SecurityGroup': {'1.6'},
May 09 08:16:28.315813 np0000173020 devstack@neutron-api.service[103403]: 'SecurityGroupRule': {'1.3'},
May 09 08:16:28.315813 np0000173020 devstack@neutron-api.service[103403]: 'SubPort': {'1.0'},
May 09 08:16:28.315813 np0000173020 devstack@neutron-api.service[103403]: 'Subnet': {'1.2'},
May 09 08:16:28.315813 np0000173020 devstack@neutron-api.service[103403]: 'Trunk': {'1.1'}}
May 09 08:16:28.315813 np0000173020 devstack@neutron-api.service[103403]: consumer versions:
May 09 08:16:28.315813 np0000173020 devstack@neutron-api.service[103403]: {}
May 09 08:16:28.315813 np0000173020 devstack@neutron-api.service[103403]: {{(pid=103403) report /opt/stack/neutron/neutron/api/rpc/callbacks/version_manager.py:183}}
May 09 08:16:28.316769 np0000173020 devstack@neutron-api.service[103404]: DEBUG neutron.plugins.ml2.drivers.ovn.mech_driver.ovsdb.ovsdb_monitor [-] Hash Ring: Node febcf7cfda8e5139b169a0205ff361a3 (host: np0000173020) handling event "update" for row 3029c286-6a21-48d4-a5d2-e04a6d1cf8ba (table: NB_Global) {{(pid=103404) notify /opt/stack/neutron/neutron/plugins/ml2/drivers/ovn/mech_driver/ovsdb/ovsdb_monitor.py:942}}
May 09 08:16:28.316990 np0000173020 devstack@neutron-api.service[103401]: DEBUG neutron.plugins.ml2.drivers.ovn.mech_driver.ovsdb.ovsdb_monitor [-] ChassisAgentWriteEvent : Matched Chassis_Private, update, None None {{(pid=103401) matches /opt/stack/neutron/neutron/plugins/ml2/drivers/ovn/mech_driver/ovsdb/ovsdb_monitor.py:64}}
May 09 08:16:28.318124 np0000173020 devstack@neutron-api.service[103402]: DEBUG neutron.plugins.ml2.drivers.ovn.mech_driver.ovsdb.ovsdb_monitor [-] ChassisAgentWriteEvent : Matched Chassis_Private, update, None None {{(pid=103402) matches /opt/stack/neutron/neutron/plugins/ml2/drivers/ovn/mech_driver/ovsdb/ovsdb_monitor.py:64}}
May 09 08:16:28.319531 np0000173020 devstack@neutron-api.service[103401]: DEBUG neutron.plugins.ml2.drivers.ovn.mech_driver.ovsdb.ovsdb_monitor [-] Hash Ring: Node 9c14ec804895525f9f342851c2fb928e (host: np0000173020) handling event "update" for row 3029c286-6a21-48d4-a5d2-e04a6d1cf8ba (table: NB_Global) {{(pid=103401) notify /opt/stack/neutron/neutron/plugins/ml2/drivers/ovn/mech_driver/ovsdb/ovsdb_monitor.py:942}}
May 09 08:16:28.319756 np0000173020 devstack@neutron-api.service[103404]: DEBUG neutron.plugins.ml2.drivers.ovn.mech_driver.ovsdb.ovsdb_monitor [-] ChassisAgentWriteEvent : Matched Chassis_Private, update, None None {{(pid=103404) matches /opt/stack/neutron/neutron/plugins/ml2/drivers/ovn/mech_driver/ovsdb/ovsdb_monitor.py:64}}
May 09 08:16:28.321911 np0000173020 devstack@neutron-api.service[103403]: DEBUG neutron.plugins.ml2.drivers.ovn.mech_driver.ovsdb.ovsdb_monitor [-] ChassisAgentWriteEvent : Matched Chassis_Private, update, None None {{(pid=103403) matches /opt/stack/neutron/neutron/plugins/ml2/drivers/ovn/mech_driver/ovsdb/ovsdb_monitor.py:64}}
May 09 08:16:28.322277 np0000173020 devstack@neutron-api.service[103404]: DEBUG neutron.plugins.ml2.drivers.ovn.mech_driver.ovsdb.ovsdb_monitor [-] Hash Ring: Node febcf7cfda8e5139b169a0205ff361a3 (host: np0000173020) handling event "update" for row 3029c286-6a21-48d4-a5d2-e04a6d1cf8ba (table: NB_Global) {{(pid=103404) notify /opt/stack/neutron/neutron/plugins/ml2/drivers/ovn/mech_driver/ovsdb/ovsdb_monitor.py:942}}
May 09 08:16:28.322711 np0000173020 devstack@neutron-api.service[103403]: DEBUG neutron.plugins.ml2.drivers.ovn.mech_driver.ovsdb.ovsdb_monitor [-] Hash Ring: Node 4c3af681eaca54e2902920d69b212be7 (host: np0000173020) handling event "update" for row 9005885f-fdc0-46fb-a143-ac3135824861 (table: Chassis_Private) {{(pid=103403) notify /opt/stack/neutron/neutron/plugins/ml2/drivers/ovn/mech_driver/ovsdb/ovsdb_monitor.py:942}}
May 09 08:16:28.323278 np0000173020 devstack@neutron-api.service[103401]: DEBUG neutron.common.ovn.hash_ring_manager [-] Allow caching, nodes 4>=4 {{(pid=103401) _wait_startup_before_caching /opt/stack/neutron/neutron/common/ovn/hash_ring_manager.py:65}}
May 09 08:16:28.323413 np0000173020 devstack@neutron-api.service[103401]: DEBUG neutron.plugins.ml2.drivers.ovn.mech_driver.ovsdb.ovsdb_monitor [-] Hash Ring: Node 9c14ec804895525f9f342851c2fb928e (host: np0000173020) handling event "update" for row 9005885f-fdc0-46fb-a143-ac3135824861 (table: Chassis_Private) {{(pid=103401) notify /opt/stack/neutron/neutron/plugins/ml2/drivers/ovn/mech_driver/ovsdb/ovsdb_monitor.py:942}}
May 09 08:16:28.323572 np0000173020 devstack@neutron-api.service[103404]: DEBUG neutron.plugins.ml2.drivers.ovn.mech_driver.ovsdb.ovsdb_monitor [-] Hash Ring: Node febcf7cfda8e5139b169a0205ff361a3 (host: np0000173020) handling event "update" for row 3029c286-6a21-48d4-a5d2-e04a6d1cf8ba (table: NB_Global) {{(pid=103404) notify /opt/stack/neutron/neutron/plugins/ml2/drivers/ovn/mech_driver/ovsdb/ovsdb_monitor.py:942}}
May 09 08:16:28.324236 np0000173020 devstack@neutron-api.service[103401]: DEBUG neutron.plugins.ml2.drivers.ovn.mech_driver.ovsdb.ovsdb_monitor [-] ChassisOVNAgentWriteEvent : Matched Chassis_Private, update, None None {{(pid=103401) matches /opt/stack/neutron/neutron/plugins/ml2/drivers/ovn/mech_driver/ovsdb/ovsdb_monitor.py:64}}
May 09 08:16:28.324503 np0000173020 devstack@neutron-api.service[103401]: DEBUG neutron.plugins.ml2.drivers.ovn.mech_driver.ovsdb.ovsdb_monitor [-] Hash Ring: Node 9c14ec804895525f9f342851c2fb928e (host: np0000173020) handling event "update" for row 9005885f-fdc0-46fb-a143-ac3135824861 (table: Chassis_Private) {{(pid=103401) notify /opt/stack/neutron/neutron/plugins/ml2/drivers/ovn/mech_driver/ovsdb/ovsdb_monitor.py:942}}
May 09 08:16:28.324639 np0000173020 devstack@neutron-api.service[103402]: DEBUG neutron.plugins.ml2.drivers.ovn.mech_driver.ovsdb.ovsdb_monitor [-] ChassisOVNAgentWriteEvent : Matched Chassis_Private, update, None None {{(pid=103402) matches /opt/stack/neutron/neutron/plugins/ml2/drivers/ovn/mech_driver/ovsdb/ovsdb_monitor.py:64}}
May 09 08:16:28.325083 np0000173020 devstack@neutron-api.service[103404]: DEBUG neutron.plugins.ml2.drivers.ovn.mech_driver.ovsdb.ovsdb_monitor [-] ChassisOVNAgentWriteEvent : Matched Chassis_Private, update, None None {{(pid=103404) matches /opt/stack/neutron/neutron/plugins/ml2/drivers/ovn/mech_driver/ovsdb/ovsdb_monitor.py:64}}
May 09 08:16:28.327869 np0000173020 devstack@neutron-api.service[103403]: DEBUG neutron.plugins.ml2.drivers.ovn.mech_driver.ovsdb.ovsdb_monitor [-] ChassisOVNAgentWriteEvent : Matched Chassis_Private, update, None None {{(pid=103403) matches /opt/stack/neutron/neutron/plugins/ml2/drivers/ovn/mech_driver/ovsdb/ovsdb_monitor.py:64}}
May 09 08:16:28.328811 np0000173020 devstack@neutron-api.service[103403]: DEBUG neutron.plugins.ml2.drivers.ovn.mech_driver.ovsdb.ovsdb_monitor [-] Hash Ring: Node 4c3af681eaca54e2902920d69b212be7 (host: np0000173020) handling event "update" for row 9005885f-fdc0-46fb-a143-ac3135824861 (table: Chassis_Private) {{(pid=103403) notify /opt/stack/neutron/neutron/plugins/ml2/drivers/ovn/mech_driver/ovsdb/ovsdb_monitor.py:942}}
May 09 08:16:28.390118 np0000173020 devstack@neutron-api.service[103403]: DEBUG neutron.plugins.ml2.drivers.helpers [None req-1016fb4b-dee1-4c7e-8c40-ddd69bd3ff96 admin admin] geneve segment allocate from pool success with {'geneve_vni': 37423} {{(pid=103403) allocate_partially_specified_segment /opt/stack/neutron/neutron/plugins/ml2/drivers/helpers.py:142}}
May 09 08:16:28.403519 np0000173020 devstack@neutron-api.service[103403]: DEBUG neutron_lib.callbacks.manager [None req-1016fb4b-dee1-4c7e-8c40-ddd69bd3ff96 admin admin] Publish callbacks ['neutron.services.segments.db._add_segment_host_mapping_for_segment-8183563585066', 'neutron.plugins.ml2.plugin.Ml2Plugin._handle_segment_change-1770333'] for segment (03e3fafb-f572-47cd-b4a9-1ee1812ca686), precommit_create {{(pid=103403) _notify_loop /opt/stack/data/venv/lib/python3.12/site-packages/neutron_lib/callbacks/manager.py:184}}
