May 09 07:20:16.290346 np0000172983 systemd[1]: Starting devstack@n-api-meta.service - Devstack devstack@n-api-meta.service...
May 09 07:20:16.297311 np0000172983 devstack@n-api-meta.service[108584]: [uWSGI] getting INI configuration from /etc/nova/nova-metadata-uwsgi.ini
May 09 07:20:16.300420 np0000172983 devstack@n-api-meta.service[108584]: *** Starting uWSGI 2.0.24-debian (64bit) on [Sat May 9 07:20:16 2026] ***
May 09 07:20:16.300420 np0000172983 devstack@n-api-meta.service[108584]: compiled with version: 13.2.0 on 17 April 2024 16:23:48
May 09 07:20:16.300420 np0000172983 devstack@n-api-meta.service[108584]: os: Linux-6.8.0-111-generic #111-Ubuntu SMP PREEMPT_DYNAMIC Sat Apr 11 23:16:02 UTC 2026
May 09 07:20:16.300420 np0000172983 devstack@n-api-meta.service[108584]: nodename: np0000172983
May 09 07:20:16.300420 np0000172983 devstack@n-api-meta.service[108584]: machine: x86_64
May 09 07:20:16.300420 np0000172983 devstack@n-api-meta.service[108584]: clock source: unix
May 09 07:20:16.300420 np0000172983 devstack@n-api-meta.service[108584]: pcre jit disabled
May 09 07:20:16.300420 np0000172983 devstack@n-api-meta.service[108584]: detected number of CPU cores: 16
May 09 07:20:16.300420 np0000172983 devstack@n-api-meta.service[108584]: current working directory: /
May 09 07:20:16.300420 np0000172983 devstack@n-api-meta.service[108584]: detected binary path: /usr/bin/uwsgi-core
May 09 07:20:16.300420 np0000172983 devstack@n-api-meta.service[108584]: your processes number limit is 256917
May 09 07:20:16.300420 np0000172983 devstack@n-api-meta.service[108584]: your memory page size is 4096 bytes
May 09 07:20:16.300420 np0000172983 devstack@n-api-meta.service[108584]: detected max file descriptor number: 2048
May 09 07:20:16.300420 np0000172983 devstack@n-api-meta.service[108584]: lock engine: pthread robust mutexes
May 09 07:20:16.301244 np0000172983 devstack@n-api-meta.service[108584]: thunder lock: enabled
May 09 07:20:16.301244 np0000172983 devstack@n-api-meta.service[108584]: uWSGI http bound on 0.0.0.0:8775 fd 5
May 09 07:20:16.301244 np0000172983 devstack@n-api-meta.service[108584]: uwsgi socket 0 bound to TCP address 127.0.0.1:35507 (port auto-assigned) fd 4
May 09 07:20:16.301244 np0000172983 devstack@n-api-meta.service[108584]: Python version: 3.12.3 (main, Mar 23 2026, 19:04:32) [GCC 13.3.0]
May 09 07:20:16.301244 np0000172983 devstack@n-api-meta.service[108584]: PEP 405 virtualenv detected: /opt/stack/data/venv
May 09 07:20:16.301244 np0000172983 devstack@n-api-meta.service[108584]: Set PythonHome to /opt/stack/data/venv
May 09 07:20:16.337034 np0000172983 devstack@n-api-meta.service[108584]: Python main interpreter initialized at 0x7d4ede6a3668
May 09 07:20:16.337034 np0000172983 devstack@n-api-meta.service[108584]: python threads support enabled
May 09 07:20:16.337034 np0000172983 devstack@n-api-meta.service[108584]: your server socket listen backlog is limited to 100 connections
May 09 07:20:16.337034 np0000172983 devstack@n-api-meta.service[108584]: your mercy for graceful operations on workers is 80 seconds
May 09 07:20:16.337526 np0000172983 devstack@n-api-meta.service[108584]: mapped 671795 bytes (656 KB) for 4 cores
May 09 07:20:16.337661 np0000172983 devstack@n-api-meta.service[108584]: *** Operational MODE: preforking ***
May 09 07:20:16.337867 np0000172983 devstack@n-api-meta.service[108584]: *** uWSGI is running in multiple interpreter mode ***
May 09 07:20:16.337867 np0000172983 devstack@n-api-meta.service[108584]: spawned uWSGI master process (pid: 108584)
May 09 07:20:16.338058 np0000172983 systemd[1]: Started devstack@n-api-meta.service - Devstack devstack@n-api-meta.service.
May 09 07:20:16.338656 np0000172983 devstack@n-api-meta.service[108584]: spawned uWSGI worker 1 (pid: 108585, cores: 1)
May 09 07:20:16.339316 np0000172983 devstack@n-api-meta.service[108584]: spawned uWSGI worker 2 (pid: 108586, cores: 1)
May 09 07:20:16.339789 np0000172983 devstack@n-api-meta.service[108584]: spawned uWSGI worker 3 (pid: 108587, cores: 1)
May 09 07:20:16.340441 np0000172983 devstack@n-api-meta.service[108584]: spawned uWSGI worker 4 (pid: 108588, cores: 1)
May 09 07:20:16.340839 np0000172983 devstack@n-api-meta.service[108584]: spawned uWSGI http 1 (pid: 108589)
May 09 07:20:16.340839 np0000172983 devstack@n-api-meta.service[108584]: running "unix_signal:15 gracefully_kill_them_all" (master-start)...
May 09 07:20:16.668094 np0000172983 devstack@n-api-meta.service[108585]: /opt/stack/data/venv/lib/python3.12/site-packages/oslo_concurrency/lockutils.py:41: EventletDeprecationWarning:
May 09 07:20:16.668094 np0000172983 devstack@n-api-meta.service[108585]: Eventlet is deprecated. It is currently being maintained in bugfix mode, and
May 09 07:20:16.668094 np0000172983 devstack@n-api-meta.service[108585]: we strongly recommend against using it for new projects.
May 09 07:20:16.668094 np0000172983 devstack@n-api-meta.service[108585]: If you are already using Eventlet, we recommend migrating to a different
May 09 07:20:16.668094 np0000172983 devstack@n-api-meta.service[108585]: framework. For more detail see
May 09 07:20:16.668094 np0000172983 devstack@n-api-meta.service[108585]: https://eventlet.readthedocs.io/en/latest/asyncio/migration.html
May 09 07:20:16.668094 np0000172983 devstack@n-api-meta.service[108585]: import eventlet
May 09 07:20:16.680694 np0000172983 devstack@n-api-meta.service[108586]: /opt/stack/data/venv/lib/python3.12/site-packages/oslo_concurrency/lockutils.py:41: EventletDeprecationWarning:
May 09 07:20:16.680694 np0000172983 devstack@n-api-meta.service[108586]: Eventlet is deprecated. It is currently being maintained in bugfix mode, and
May 09 07:20:16.680694 np0000172983 devstack@n-api-meta.service[108586]: we strongly recommend against using it for new projects.
May 09 07:20:16.680694 np0000172983 devstack@n-api-meta.service[108586]: If you are already using Eventlet, we recommend migrating to a different
May 09 07:20:16.680694 np0000172983 devstack@n-api-meta.service[108586]: framework. For more detail see
May 09 07:20:16.680694 np0000172983 devstack@n-api-meta.service[108586]: https://eventlet.readthedocs.io/en/latest/asyncio/migration.html
May 09 07:20:16.680694 np0000172983 devstack@n-api-meta.service[108586]: import eventlet
May 09 07:20:16.683753 np0000172983 devstack@n-api-meta.service[108588]: /opt/stack/data/venv/lib/python3.12/site-packages/oslo_concurrency/lockutils.py:41: EventletDeprecationWarning:
May 09 07:20:16.683753 np0000172983 devstack@n-api-meta.service[108588]: Eventlet is deprecated. It is currently being maintained in bugfix mode, and
May 09 07:20:16.683753 np0000172983 devstack@n-api-meta.service[108588]: we strongly recommend against using it for new projects.
May 09 07:20:16.683753 np0000172983 devstack@n-api-meta.service[108588]: If you are already using Eventlet, we recommend migrating to a different
May 09 07:20:16.683753 np0000172983 devstack@n-api-meta.service[108588]: framework. For more detail see
May 09 07:20:16.683753 np0000172983 devstack@n-api-meta.service[108588]: https://eventlet.readthedocs.io/en/latest/asyncio/migration.html
May 09 07:20:16.683753 np0000172983 devstack@n-api-meta.service[108588]: import eventlet
May 09 07:20:16.685055 np0000172983 devstack@n-api-meta.service[108587]: /opt/stack/data/venv/lib/python3.12/site-packages/oslo_concurrency/lockutils.py:41: EventletDeprecationWarning:
May 09 07:20:16.685055 np0000172983 devstack@n-api-meta.service[108587]: Eventlet is deprecated. It is currently being maintained in bugfix mode, and
May 09 07:20:16.685055 np0000172983 devstack@n-api-meta.service[108587]: we strongly recommend against using it for new projects.
May 09 07:20:16.685055 np0000172983 devstack@n-api-meta.service[108587]: If you are already using Eventlet, we recommend migrating to a different
May 09 07:20:16.685055 np0000172983 devstack@n-api-meta.service[108587]: framework. For more detail see
May 09 07:20:16.685055 np0000172983 devstack@n-api-meta.service[108587]: https://eventlet.readthedocs.io/en/latest/asyncio/migration.html
May 09 07:20:16.685055 np0000172983 devstack@n-api-meta.service[108587]: import eventlet
May 09 07:20:16.715817 np0000172983 devstack@n-api-meta.service[108585]: Service is starting with native threading. This is currently experimental. Do not use it in production without first testing it in pre-production.
May 09 07:20:16.731813 np0000172983 devstack@n-api-meta.service[108586]: Service is starting with native threading. This is currently experimental. Do not use it in production without first testing it in pre-production.
May 09 07:20:16.732917 np0000172983 devstack@n-api-meta.service[108587]: Service is starting with native threading. This is currently experimental. Do not use it in production without first testing it in pre-production.
May 09 07:20:16.734678 np0000172983 devstack@n-api-meta.service[108588]: Service is starting with native threading. This is currently experimental. Do not use it in production without first testing it in pre-production.
May 09 07:20:18.142013 np0000172983 devstack@n-api-meta.service[108588]: INFO dbcounter [None req-8eb4a1c3-1d44-4350-a2e4-d44391d9e62c None None] Registered counter for database nova_api
May 09 07:20:18.160711 np0000172983 devstack@n-api-meta.service[108588]: DEBUG oslo_db.sqlalchemy.engines [None req-8eb4a1c3-1d44-4350-a2e4-d44391d9e62c None None] MySQL server mode set to STRICT_TRANS_TABLES,STRICT_ALL_TABLES,NO_ZERO_IN_DATE,NO_ZERO_DATE,ERROR_FOR_DIVISION_BY_ZERO,TRADITIONAL,NO_ENGINE_SUBSTITUTION {{(pid=108588) _check_effective_sql_mode /opt/stack/data/venv/lib/python3.12/site-packages/oslo_db/sqlalchemy/engines.py:325}}
May 09 07:20:18.184337 np0000172983 devstack@n-api-meta.service[108587]: INFO dbcounter [None req-b3c0e1a9-f491-48ed-9a78-34e5c92b5cc1 None None] Registered counter for database nova_api
May 09 07:20:18.193670 np0000172983 devstack@n-api-meta.service[108588]: DEBUG dbcounter [-] [108588] Writer thread running {{(pid=108588) stat_writer /opt/stack/data/venv/lib/python3.12/site-packages/dbcounter.py:102}}
May 09 07:20:18.195369 np0000172983 devstack@n-api-meta.service[108585]: INFO dbcounter [None req-2a9f7e50-92e6-4259-b24a-91cd91e0c65f None None] Registered counter for database nova_api
May 09 07:20:18.198024 np0000172983 devstack@n-api-meta.service[108588]: DEBUG nova.context [None req-8eb4a1c3-1d44-4350-a2e4-d44391d9e62c None None] Found 2 cells: 00000000-0000-0000-0000-000000000000(cell0),fb9b423a-00a7-4621-b55c-a114c7350115(cell1) {{(pid=108588) load_cells /opt/stack/nova/nova/context.py:509}}
May 09 07:20:18.199393 np0000172983 devstack@n-api-meta.service[108588]: INFO nova.utils [None req-8eb4a1c3-1d44-4350-a2e4-d44391d9e62c None None] The cell worker thread pool MainProcess.cell_worker is initialized
May 09 07:20:18.199477 np0000172983 devstack@n-api-meta.service[108587]: DEBUG oslo_db.sqlalchemy.engines [None req-b3c0e1a9-f491-48ed-9a78-34e5c92b5cc1 None None] MySQL server mode set to STRICT_TRANS_TABLES,STRICT_ALL_TABLES,NO_ZERO_IN_DATE,NO_ZERO_DATE,ERROR_FOR_DIVISION_BY_ZERO,TRADITIONAL,NO_ENGINE_SUBSTITUTION {{(pid=108587) _check_effective_sql_mode /opt/stack/data/venv/lib/python3.12/site-packages/oslo_db/sqlalchemy/engines.py:325}}
May 09 07:20:18.200677 np0000172983 devstack@n-api-meta.service[108588]: DEBUG oslo_concurrency.lockutils [None req-8eb4a1c3-1d44-4350-a2e4-d44391d9e62c None None] Acquiring lock "00000000-0000-0000-0000-000000000000" by "nova.context.set_target_cell..get_or_set_cached_cell_and_set_connections" {{(pid=108588) inner /opt/stack/data/venv/lib/python3.12/site-packages/oslo_concurrency/lockutils.py:506}}
May 09 07:20:18.200923 np0000172983 devstack@n-api-meta.service[108588]: DEBUG oslo_concurrency.lockutils [None req-8eb4a1c3-1d44-4350-a2e4-d44391d9e62c None None] Lock "00000000-0000-0000-0000-000000000000" acquired by "nova.context.set_target_cell..get_or_set_cached_cell_and_set_connections" :: waited 0.000s {{(pid=108588) inner /opt/stack/data/venv/lib/python3.12/site-packages/oslo_concurrency/lockutils.py:519}}
May 09 07:20:18.201410 np0000172983 devstack@n-api-meta.service[108588]: DEBUG oslo_concurrency.lockutils [None req-8eb4a1c3-1d44-4350-a2e4-d44391d9e62c None None] Lock "00000000-0000-0000-0000-000000000000" "released" by "nova.context.set_target_cell..get_or_set_cached_cell_and_set_connections" :: held 0.001s {{(pid=108588) inner /opt/stack/data/venv/lib/python3.12/site-packages/oslo_concurrency/lockutils.py:538}}
May 09 07:20:18.202423 np0000172983 devstack@n-api-meta.service[108588]: DEBUG oslo_concurrency.lockutils [None req-8eb4a1c3-1d44-4350-a2e4-d44391d9e62c None None] Acquiring lock "fb9b423a-00a7-4621-b55c-a114c7350115" by "nova.context.set_target_cell..get_or_set_cached_cell_and_set_connections" {{(pid=108588) inner /opt/stack/data/venv/lib/python3.12/site-packages/oslo_concurrency/lockutils.py:506}}
May 09 07:20:18.202626 np0000172983 devstack@n-api-meta.service[108588]: DEBUG oslo_concurrency.lockutils [None req-8eb4a1c3-1d44-4350-a2e4-d44391d9e62c None None] Lock "fb9b423a-00a7-4621-b55c-a114c7350115" acquired by "nova.context.set_target_cell..get_or_set_cached_cell_and_set_connections" :: waited 0.000s {{(pid=108588) inner /opt/stack/data/venv/lib/python3.12/site-packages/oslo_concurrency/lockutils.py:519}}
May 09 07:20:18.203724 np0000172983 devstack@n-api-meta.service[108588]: DEBUG oslo_concurrency.lockutils [None req-8eb4a1c3-1d44-4350-a2e4-d44391d9e62c None None] Lock "fb9b423a-00a7-4621-b55c-a114c7350115" "released" by "nova.context.set_target_cell..get_or_set_cached_cell_and_set_connections" :: held 0.001s {{(pid=108588) inner /opt/stack/data/venv/lib/python3.12/site-packages/oslo_concurrency/lockutils.py:538}}
May 09 07:20:18.206446 np0000172983 devstack@n-api-meta.service[108588]: INFO dbcounter [None req-8eb4a1c3-1d44-4350-a2e4-d44391d9e62c None None] Registered counter for database nova_cell0
May 09 07:20:18.213774 np0000172983 devstack@n-api-meta.service[108585]: DEBUG oslo_db.sqlalchemy.engines [None req-2a9f7e50-92e6-4259-b24a-91cd91e0c65f None None] MySQL server mode set to STRICT_TRANS_TABLES,STRICT_ALL_TABLES,NO_ZERO_IN_DATE,NO_ZERO_DATE,ERROR_FOR_DIVISION_BY_ZERO,TRADITIONAL,NO_ENGINE_SUBSTITUTION {{(pid=108585) _check_effective_sql_mode /opt/stack/data/venv/lib/python3.12/site-packages/oslo_db/sqlalchemy/engines.py:325}}
May 09 07:20:18.218958 np0000172983 devstack@n-api-meta.service[108588]: INFO dbcounter [None req-8eb4a1c3-1d44-4350-a2e4-d44391d9e62c None None] Registered counter for database nova_cell1
May 09 07:20:18.228644 np0000172983 devstack@n-api-meta.service[108587]: DEBUG dbcounter [-] [108587] Writer thread running {{(pid=108587) stat_writer /opt/stack/data/venv/lib/python3.12/site-packages/dbcounter.py:102}}
May 09 07:20:18.229887 np0000172983 devstack@n-api-meta.service[108588]: DEBUG oslo_db.sqlalchemy.engines [None req-8eb4a1c3-1d44-4350-a2e4-d44391d9e62c None None] MySQL server mode set to STRICT_TRANS_TABLES,STRICT_ALL_TABLES,NO_ZERO_IN_DATE,NO_ZERO_DATE,ERROR_FOR_DIVISION_BY_ZERO,TRADITIONAL,NO_ENGINE_SUBSTITUTION {{(pid=108588) _check_effective_sql_mode /opt/stack/data/venv/lib/python3.12/site-packages/oslo_db/sqlalchemy/engines.py:325}}
May 09 07:20:18.231146 np0000172983 devstack@n-api-meta.service[108587]: DEBUG nova.context [None req-b3c0e1a9-f491-48ed-9a78-34e5c92b5cc1 None None] Found 2 cells: 00000000-0000-0000-0000-000000000000(cell0),fb9b423a-00a7-4621-b55c-a114c7350115(cell1) {{(pid=108587) load_cells /opt/stack/nova/nova/context.py:509}}
May 09 07:20:18.231371 np0000172983 devstack@n-api-meta.service[108587]: INFO nova.utils [None req-b3c0e1a9-f491-48ed-9a78-34e5c92b5cc1 None None] The cell worker thread pool MainProcess.cell_worker is initialized
May 09 07:20:18.233174 np0000172983 devstack@n-api-meta.service[108587]: DEBUG oslo_concurrency.lockutils [None req-b3c0e1a9-f491-48ed-9a78-34e5c92b5cc1 None None] Acquiring lock "00000000-0000-0000-0000-000000000000" by "nova.context.set_target_cell..get_or_set_cached_cell_and_set_connections" {{(pid=108587) inner /opt/stack/data/venv/lib/python3.12/site-packages/oslo_concurrency/lockutils.py:506}}
May 09 07:20:18.233332 np0000172983 devstack@n-api-meta.service[108587]: DEBUG oslo_concurrency.lockutils [None req-b3c0e1a9-f491-48ed-9a78-34e5c92b5cc1 None None] Lock "00000000-0000-0000-0000-000000000000" acquired by "nova.context.set_target_cell..get_or_set_cached_cell_and_set_connections" :: waited 0.000s {{(pid=108587) inner /opt/stack/data/venv/lib/python3.12/site-packages/oslo_concurrency/lockutils.py:519}}
May 09 07:20:18.233676 np0000172983 devstack@n-api-meta.service[108587]: DEBUG oslo_concurrency.lockutils [None req-b3c0e1a9-f491-48ed-9a78-34e5c92b5cc1 None None] Lock "00000000-0000-0000-0000-000000000000" "released" by "nova.context.set_target_cell..get_or_set_cached_cell_and_set_connections" :: held 0.000s {{(pid=108587) inner /opt/stack/data/venv/lib/python3.12/site-packages/oslo_concurrency/lockutils.py:538}}
May 09 07:20:18.234419 np0000172983 devstack@n-api-meta.service[108587]: DEBUG oslo_concurrency.lockutils [None req-b3c0e1a9-f491-48ed-9a78-34e5c92b5cc1 None None] Acquiring lock "fb9b423a-00a7-4621-b55c-a114c7350115" by "nova.context.set_target_cell..get_or_set_cached_cell_and_set_connections" {{(pid=108587) inner /opt/stack/data/venv/lib/python3.12/site-packages/oslo_concurrency/lockutils.py:506}}
May 09 07:20:18.234558 np0000172983 devstack@n-api-meta.service[108587]: DEBUG oslo_concurrency.lockutils [None req-b3c0e1a9-f491-48ed-9a78-34e5c92b5cc1 None None] Lock "fb9b423a-00a7-4621-b55c-a114c7350115" acquired by "nova.context.set_target_cell..get_or_set_cached_cell_and_set_connections" :: waited 0.000s {{(pid=108587) inner /opt/stack/data/venv/lib/python3.12/site-packages/oslo_concurrency/lockutils.py:519}}
May 09 07:20:18.235399 np0000172983 devstack@n-api-meta.service[108587]: DEBUG oslo_concurrency.lockutils [None req-b3c0e1a9-f491-48ed-9a78-34e5c92b5cc1 None None] Lock "fb9b423a-00a7-4621-b55c-a114c7350115" "released" by "nova.context.set_target_cell..get_or_set_cached_cell_and_set_connections" :: held 0.001s {{(pid=108587) inner /opt/stack/data/venv/lib/python3.12/site-packages/oslo_concurrency/lockutils.py:538}}
May 09 07:20:18.235459 np0000172983 devstack@n-api-meta.service[108588]: DEBUG oslo_db.sqlalchemy.engines [None req-8eb4a1c3-1d44-4350-a2e4-d44391d9e62c None None] MySQL server mode set to STRICT_TRANS_TABLES,STRICT_ALL_TABLES,NO_ZERO_IN_DATE,NO_ZERO_DATE,ERROR_FOR_DIVISION_BY_ZERO,TRADITIONAL,NO_ENGINE_SUBSTITUTION {{(pid=108588) _check_effective_sql_mode /opt/stack/data/venv/lib/python3.12/site-packages/oslo_db/sqlalchemy/engines.py:325}}
May 09 07:20:18.238828 np0000172983 devstack@n-api-meta.service[108587]: INFO dbcounter [None req-b3c0e1a9-f491-48ed-9a78-34e5c92b5cc1 None None] Registered counter for database nova_cell0
May 09 07:20:18.245330 np0000172983 devstack@n-api-meta.service[108587]: INFO dbcounter [None req-b3c0e1a9-f491-48ed-9a78-34e5c92b5cc1 None None] Registered counter for database nova_cell1
May 09 07:20:18.251987 np0000172983 devstack@n-api-meta.service[108585]: DEBUG dbcounter [-] [108585] Writer thread running {{(pid=108585) stat_writer /opt/stack/data/venv/lib/python3.12/site-packages/dbcounter.py:102}}
May 09 07:20:18.256097 np0000172983 devstack@n-api-meta.service[108585]: DEBUG nova.context [None req-2a9f7e50-92e6-4259-b24a-91cd91e0c65f None None] Found 2 cells: 00000000-0000-0000-0000-000000000000(cell0),fb9b423a-00a7-4621-b55c-a114c7350115(cell1) {{(pid=108585) load_cells /opt/stack/nova/nova/context.py:509}}
May 09 07:20:18.256097 np0000172983 devstack@n-api-meta.service[108585]: INFO nova.utils [None req-2a9f7e50-92e6-4259-b24a-91cd91e0c65f None None] The cell worker thread pool MainProcess.cell_worker is initialized
May 09 07:20:18.256679 np0000172983 devstack@n-api-meta.service[108585]: DEBUG oslo_concurrency.lockutils [None req-2a9f7e50-92e6-4259-b24a-91cd91e0c65f None None] Acquiring lock "00000000-0000-0000-0000-000000000000" by "nova.context.set_target_cell..get_or_set_cached_cell_and_set_connections" {{(pid=108585) inner /opt/stack/data/venv/lib/python3.12/site-packages/oslo_concurrency/lockutils.py:506}}
May 09 07:20:18.256844 np0000172983 devstack@n-api-meta.service[108585]: DEBUG oslo_concurrency.lockutils [None req-2a9f7e50-92e6-4259-b24a-91cd91e0c65f None None] Lock "00000000-0000-0000-0000-000000000000" acquired by "nova.context.set_target_cell..get_or_set_cached_cell_and_set_connections" :: waited 0.000s {{(pid=108585) inner /opt/stack/data/venv/lib/python3.12/site-packages/oslo_concurrency/lockutils.py:519}}
May 09 07:20:18.257264 np0000172983 devstack@n-api-meta.service[108585]: DEBUG oslo_concurrency.lockutils [None req-2a9f7e50-92e6-4259-b24a-91cd91e0c65f None None] Lock "00000000-0000-0000-0000-000000000000" "released" by "nova.context.set_target_cell..get_or_set_cached_cell_and_set_connections" :: held 0.000s {{(pid=108585) inner /opt/stack/data/venv/lib/python3.12/site-packages/oslo_concurrency/lockutils.py:538}}
May 09 07:20:18.258218 np0000172983 devstack@n-api-meta.service[108585]: DEBUG oslo_concurrency.lockutils [None req-2a9f7e50-92e6-4259-b24a-91cd91e0c65f None None] Acquiring lock "fb9b423a-00a7-4621-b55c-a114c7350115" by "nova.context.set_target_cell..get_or_set_cached_cell_and_set_connections" {{(pid=108585) inner /opt/stack/data/venv/lib/python3.12/site-packages/oslo_concurrency/lockutils.py:506}}
May 09 07:20:18.258429 np0000172983 devstack@n-api-meta.service[108585]: DEBUG oslo_concurrency.lockutils [None req-2a9f7e50-92e6-4259-b24a-91cd91e0c65f None None] Lock "fb9b423a-00a7-4621-b55c-a114c7350115" acquired by "nova.context.set_target_cell..get_or_set_cached_cell_and_set_connections" :: waited 0.000s {{(pid=108585) inner /opt/stack/data/venv/lib/python3.12/site-packages/oslo_concurrency/lockutils.py:519}}
May 09 07:20:18.259547 np0000172983 devstack@n-api-meta.service[108585]: DEBUG oslo_concurrency.lockutils [None req-2a9f7e50-92e6-4259-b24a-91cd91e0c65f None None] Lock "fb9b423a-00a7-4621-b55c-a114c7350115" "released" by "nova.context.set_target_cell..get_or_set_cached_cell_and_set_connections" :: held 0.001s {{(pid=108585) inner /opt/stack/data/venv/lib/python3.12/site-packages/oslo_concurrency/lockutils.py:538}}
May 09 07:20:18.259747 np0000172983 devstack@n-api-meta.service[108587]: DEBUG oslo_db.sqlalchemy.engines [None req-b3c0e1a9-f491-48ed-9a78-34e5c92b5cc1 None None] MySQL server mode set to STRICT_TRANS_TABLES,STRICT_ALL_TABLES,NO_ZERO_IN_DATE,NO_ZERO_DATE,ERROR_FOR_DIVISION_BY_ZERO,TRADITIONAL,NO_ENGINE_SUBSTITUTION {{(pid=108587) _check_effective_sql_mode /opt/stack/data/venv/lib/python3.12/site-packages/oslo_db/sqlalchemy/engines.py:325}}
May 09 07:20:18.262776 np0000172983 devstack@n-api-meta.service[108585]: INFO dbcounter [None req-2a9f7e50-92e6-4259-b24a-91cd91e0c65f None None] Registered counter for database nova_cell0
May 09 07:20:18.266265 np0000172983 devstack@n-api-meta.service[108586]: INFO dbcounter [None req-8f026beb-9e19-496b-9ed9-db97181962e7 None None] Registered counter for database nova_api
May 09 07:20:18.268273 np0000172983 devstack@n-api-meta.service[108585]: INFO dbcounter [None req-2a9f7e50-92e6-4259-b24a-91cd91e0c65f None None] Registered counter for database nova_cell1
May 09 07:20:18.277429 np0000172983 devstack@n-api-meta.service[108587]: DEBUG oslo_db.sqlalchemy.engines [None req-b3c0e1a9-f491-48ed-9a78-34e5c92b5cc1 None None] MySQL server mode set to STRICT_TRANS_TABLES,STRICT_ALL_TABLES,NO_ZERO_IN_DATE,NO_ZERO_DATE,ERROR_FOR_DIVISION_BY_ZERO,TRADITIONAL,NO_ENGINE_SUBSTITUTION {{(pid=108587) _check_effective_sql_mode /opt/stack/data/venv/lib/python3.12/site-packages/oslo_db/sqlalchemy/engines.py:325}}
May 09 07:20:18.280279 np0000172983 devstack@n-api-meta.service[108585]: DEBUG oslo_db.sqlalchemy.engines [None req-2a9f7e50-92e6-4259-b24a-91cd91e0c65f None None] MySQL server mode set to STRICT_TRANS_TABLES,STRICT_ALL_TABLES,NO_ZERO_IN_DATE,NO_ZERO_DATE,ERROR_FOR_DIVISION_BY_ZERO,TRADITIONAL,NO_ENGINE_SUBSTITUTION {{(pid=108585) _check_effective_sql_mode /opt/stack/data/venv/lib/python3.12/site-packages/oslo_db/sqlalchemy/engines.py:325}}
May 09 07:20:18.283742 np0000172983 devstack@n-api-meta.service[108586]: DEBUG oslo_db.sqlalchemy.engines [None req-8f026beb-9e19-496b-9ed9-db97181962e7 None None] MySQL server mode set to STRICT_TRANS_TABLES,STRICT_ALL_TABLES,NO_ZERO_IN_DATE,NO_ZERO_DATE,ERROR_FOR_DIVISION_BY_ZERO,TRADITIONAL,NO_ENGINE_SUBSTITUTION {{(pid=108586) _check_effective_sql_mode /opt/stack/data/venv/lib/python3.12/site-packages/oslo_db/sqlalchemy/engines.py:325}}
May 09 07:20:18.294545 np0000172983 devstack@n-api-meta.service[108585]: DEBUG oslo_db.sqlalchemy.engines [None req-2a9f7e50-92e6-4259-b24a-91cd91e0c65f None None] MySQL server mode set to STRICT_TRANS_TABLES,STRICT_ALL_TABLES,NO_ZERO_IN_DATE,NO_ZERO_DATE,ERROR_FOR_DIVISION_BY_ZERO,TRADITIONAL,NO_ENGINE_SUBSTITUTION {{(pid=108585) _check_effective_sql_mode /opt/stack/data/venv/lib/python3.12/site-packages/oslo_db/sqlalchemy/engines.py:325}}
May 09 07:20:18.318815 np0000172983 devstack@n-api-meta.service[108586]: DEBUG dbcounter [-] [108586] Writer thread running {{(pid=108586) stat_writer /opt/stack/data/venv/lib/python3.12/site-packages/dbcounter.py:102}}
May 09 07:20:18.321105 np0000172983 devstack@n-api-meta.service[108586]: DEBUG nova.context [None req-8f026beb-9e19-496b-9ed9-db97181962e7 None None] Found 2 cells: 00000000-0000-0000-0000-000000000000(cell0),fb9b423a-00a7-4621-b55c-a114c7350115(cell1) {{(pid=108586) load_cells /opt/stack/nova/nova/context.py:509}}
May 09 07:20:18.321324 np0000172983 devstack@n-api-meta.service[108586]: INFO nova.utils [None req-8f026beb-9e19-496b-9ed9-db97181962e7 None None] The cell worker thread pool MainProcess.cell_worker is initialized
May 09 07:20:18.323118 np0000172983 devstack@n-api-meta.service[108586]: DEBUG oslo_concurrency.lockutils [None req-8f026beb-9e19-496b-9ed9-db97181962e7 None None] Acquiring lock "00000000-0000-0000-0000-000000000000" by "nova.context.set_target_cell..get_or_set_cached_cell_and_set_connections" {{(pid=108586) inner /opt/stack/data/venv/lib/python3.12/site-packages/oslo_concurrency/lockutils.py:506}}
May 09 07:20:18.323266 np0000172983 devstack@n-api-meta.service[108586]: DEBUG oslo_concurrency.lockutils [None req-8f026beb-9e19-496b-9ed9-db97181962e7 None None] Lock "00000000-0000-0000-0000-000000000000" acquired by "nova.context.set_target_cell..get_or_set_cached_cell_and_set_connections" :: waited 0.000s {{(pid=108586) inner /opt/stack/data/venv/lib/python3.12/site-packages/oslo_concurrency/lockutils.py:519}}
May 09 07:20:18.323602 np0000172983 devstack@n-api-meta.service[108586]: DEBUG oslo_concurrency.lockutils [None req-8f026beb-9e19-496b-9ed9-db97181962e7 None None] Lock "00000000-0000-0000-0000-000000000000" "released" by "nova.context.set_target_cell..get_or_set_cached_cell_and_set_connections" :: held 0.000s {{(pid=108586) inner /opt/stack/data/venv/lib/python3.12/site-packages/oslo_concurrency/lockutils.py:538}}
May 09 07:20:18.324282 np0000172983 devstack@n-api-meta.service[108586]: DEBUG oslo_concurrency.lockutils [None req-8f026beb-9e19-496b-9ed9-db97181962e7 None None] Acquiring lock "fb9b423a-00a7-4621-b55c-a114c7350115" by "nova.context.set_target_cell..get_or_set_cached_cell_and_set_connections" {{(pid=108586) inner /opt/stack/data/venv/lib/python3.12/site-packages/oslo_concurrency/lockutils.py:506}}
May 09 07:20:18.324421 np0000172983 devstack@n-api-meta.service[108586]: DEBUG oslo_concurrency.lockutils [None req-8f026beb-9e19-496b-9ed9-db97181962e7 None None] Lock "fb9b423a-00a7-4621-b55c-a114c7350115" acquired by "nova.context.set_target_cell..get_or_set_cached_cell_and_set_connections" :: waited 0.000s {{(pid=108586) inner /opt/stack/data/venv/lib/python3.12/site-packages/oslo_concurrency/lockutils.py:519}}
May 09 07:20:18.325321 np0000172983 devstack@n-api-meta.service[108586]: DEBUG oslo_concurrency.lockutils [None req-8f026beb-9e19-496b-9ed9-db97181962e7 None None] Lock "fb9b423a-00a7-4621-b55c-a114c7350115" "released" by "nova.context.set_target_cell..get_or_set_cached_cell_and_set_connections" :: held 0.001s {{(pid=108586) inner /opt/stack/data/venv/lib/python3.12/site-packages/oslo_concurrency/lockutils.py:538}}
May 09 07:20:18.327489 np0000172983 devstack@n-api-meta.service[108586]: INFO dbcounter [None req-8f026beb-9e19-496b-9ed9-db97181962e7 None None] Registered counter for database nova_cell0
May 09 07:20:18.332188 np0000172983 devstack@n-api-meta.service[108586]: INFO dbcounter [None req-8f026beb-9e19-496b-9ed9-db97181962e7 None None] Registered counter for database nova_cell1
May 09 07:20:18.342741 np0000172983 devstack@n-api-meta.service[108586]: DEBUG oslo_db.sqlalchemy.engines [None req-8f026beb-9e19-496b-9ed9-db97181962e7 None None] MySQL server mode set to STRICT_TRANS_TABLES,STRICT_ALL_TABLES,NO_ZERO_IN_DATE,NO_ZERO_DATE,ERROR_FOR_DIVISION_BY_ZERO,TRADITIONAL,NO_ENGINE_SUBSTITUTION {{(pid=108586) _check_effective_sql_mode /opt/stack/data/venv/lib/python3.12/site-packages/oslo_db/sqlalchemy/engines.py:325}}
May 09 07:20:18.348709 np0000172983 devstack@n-api-meta.service[108586]: DEBUG oslo_db.sqlalchemy.engines [None req-8f026beb-9e19-496b-9ed9-db97181962e7 None None] MySQL server mode set to STRICT_TRANS_TABLES,STRICT_ALL_TABLES,NO_ZERO_IN_DATE,NO_ZERO_DATE,ERROR_FOR_DIVISION_BY_ZERO,TRADITIONAL,NO_ENGINE_SUBSTITUTION {{(pid=108586) _check_effective_sql_mode /opt/stack/data/venv/lib/python3.12/site-packages/oslo_db/sqlalchemy/engines.py:325}}
May 09 07:20:18.362041 np0000172983 devstack@n-api-meta.service[108588]: DEBUG dbcounter [-] [108588] Writer thread running {{(pid=108588) stat_writer /opt/stack/data/venv/lib/python3.12/site-packages/dbcounter.py:102}}
May 09 07:20:18.362662 np0000172983 devstack@n-api-meta.service[108588]: DEBUG dbcounter [-] [108588] Writer thread running {{(pid=108588) stat_writer /opt/stack/data/venv/lib/python3.12/site-packages/dbcounter.py:102}}
May 09 07:20:18.367211 np0000172983 devstack@n-api-meta.service[108588]: INFO dbcounter [None req-8eb4a1c3-1d44-4350-a2e4-d44391d9e62c None None] Registered counter for database nova_cell0
May 09 07:20:18.378677 np0000172983 devstack@n-api-meta.service[108588]: DEBUG oslo_db.sqlalchemy.engines [None req-8eb4a1c3-1d44-4350-a2e4-d44391d9e62c None None] MySQL server mode set to STRICT_TRANS_TABLES,STRICT_ALL_TABLES,NO_ZERO_IN_DATE,NO_ZERO_DATE,ERROR_FOR_DIVISION_BY_ZERO,TRADITIONAL,NO_ENGINE_SUBSTITUTION {{(pid=108588) _check_effective_sql_mode /opt/stack/data/venv/lib/python3.12/site-packages/oslo_db/sqlalchemy/engines.py:325}}
May 09 07:20:18.386677 np0000172983 devstack@n-api-meta.service[108588]: DEBUG dbcounter [-] [108588] Writer thread running {{(pid=108588) stat_writer /opt/stack/data/venv/lib/python3.12/site-packages/dbcounter.py:102}}
May 09 07:20:18.399787 np0000172983 devstack@n-api-meta.service[108585]: DEBUG dbcounter [-] [108585] Writer thread running {{(pid=108585) stat_writer /opt/stack/data/venv/lib/python3.12/site-packages/dbcounter.py:102}}
May 09 07:20:18.400557 np0000172983 devstack@n-api-meta.service[108585]: DEBUG dbcounter [-] [108585] Writer thread running {{(pid=108585) stat_writer /opt/stack/data/venv/lib/python3.12/site-packages/dbcounter.py:102}}
May 09 07:20:18.407084 np0000172983 devstack@n-api-meta.service[108587]: DEBUG dbcounter [-] [108587] Writer thread running {{(pid=108587) stat_writer /opt/stack/data/venv/lib/python3.12/site-packages/dbcounter.py:102}}
May 09 07:20:18.408088 np0000172983 devstack@n-api-meta.service[108585]: INFO dbcounter [None req-2a9f7e50-92e6-4259-b24a-91cd91e0c65f None None] Registered counter for database nova_cell0
May 09 07:20:18.409676 np0000172983 devstack@n-api-meta.service[108587]: DEBUG dbcounter [-] [108587] Writer thread running {{(pid=108587) stat_writer /opt/stack/data/venv/lib/python3.12/site-packages/dbcounter.py:102}}
May 09 07:20:18.415777 np0000172983 devstack@n-api-meta.service[108587]: INFO dbcounter [None req-b3c0e1a9-f491-48ed-9a78-34e5c92b5cc1 None None] Registered counter for database nova_cell0
May 09 07:20:18.420594 np0000172983 devstack@n-api-meta.service[108585]: DEBUG oslo_db.sqlalchemy.engines [None req-2a9f7e50-92e6-4259-b24a-91cd91e0c65f None None] MySQL server mode set to STRICT_TRANS_TABLES,STRICT_ALL_TABLES,NO_ZERO_IN_DATE,NO_ZERO_DATE,ERROR_FOR_DIVISION_BY_ZERO,TRADITIONAL,NO_ENGINE_SUBSTITUTION {{(pid=108585) _check_effective_sql_mode /opt/stack/data/venv/lib/python3.12/site-packages/oslo_db/sqlalchemy/engines.py:325}}
May 09 07:20:18.425646 np0000172983 devstack@n-api-meta.service[108587]: DEBUG oslo_db.sqlalchemy.engines [None req-b3c0e1a9-f491-48ed-9a78-34e5c92b5cc1 None None] MySQL server mode set to STRICT_TRANS_TABLES,STRICT_ALL_TABLES,NO_ZERO_IN_DATE,NO_ZERO_DATE,ERROR_FOR_DIVISION_BY_ZERO,TRADITIONAL,NO_ENGINE_SUBSTITUTION {{(pid=108587) _check_effective_sql_mode /opt/stack/data/venv/lib/python3.12/site-packages/oslo_db/sqlalchemy/engines.py:325}}
May 09 07:20:18.429019 np0000172983 devstack@n-api-meta.service[108585]: DEBUG dbcounter [-] [108585] Writer thread running {{(pid=108585) stat_writer /opt/stack/data/venv/lib/python3.12/site-packages/dbcounter.py:102}}
May 09 07:20:18.434347 np0000172983 devstack@n-api-meta.service[108587]: DEBUG dbcounter [-] [108587] Writer thread running {{(pid=108587) stat_writer /opt/stack/data/venv/lib/python3.12/site-packages/dbcounter.py:102}}
May 09 07:20:18.436284 np0000172983 devstack@n-api-meta.service[108588]: WARNING nova.api.metadata.handler [None req-8eb4a1c3-1d44-4350-a2e4-d44391d9e62c None None] metadata_proxy_shared_secret is not configured, the metadata information returned by the proxy cannot be trusted
May 09 07:20:18.438614 np0000172983 devstack@n-api-meta.service[108588]: DEBUG nova.api.openstack.wsgi_app [None req-8eb4a1c3-1d44-4350-a2e4-d44391d9e62c None None] ******************************************************************************** {{(pid=108588) log_opt_values /opt/stack/data/venv/lib/python3.12/site-packages/oslo_config/cfg.py:2979}}
May 09 07:20:18.438707 np0000172983 devstack@n-api-meta.service[108588]: DEBUG nova.api.openstack.wsgi_app [None req-8eb4a1c3-1d44-4350-a2e4-d44391d9e62c None None] Configuration options gathered from: {{(pid=108588) log_opt_values /opt/stack/data/venv/lib/python3.12/site-packages/oslo_config/cfg.py:2980}}
May 09 07:20:18.438800 np0000172983 devstack@n-api-meta.service[108588]: DEBUG nova.api.openstack.wsgi_app [None req-8eb4a1c3-1d44-4350-a2e4-d44391d9e62c None None] command line args: [] {{(pid=108588) log_opt_values /opt/stack/data/venv/lib/python3.12/site-packages/oslo_config/cfg.py:2981}}
May 09 07:20:18.438977 np0000172983 devstack@n-api-meta.service[108588]: DEBUG nova.api.openstack.wsgi_app [None req-8eb4a1c3-1d44-4350-a2e4-d44391d9e62c None None] config files: ['/etc/nova/api-paste.ini', '/etc/nova/nova.conf'] {{(pid=108588) log_opt_values /opt/stack/data/venv/lib/python3.12/site-packages/oslo_config/cfg.py:2982}}
May 09 07:20:18.439089 np0000172983 devstack@n-api-meta.service[108588]: DEBUG nova.api.openstack.wsgi_app [None req-8eb4a1c3-1d44-4350-a2e4-d44391d9e62c None None] ================================================================================ {{(pid=108588) log_opt_values /opt/stack/data/venv/lib/python3.12/site-packages/oslo_config/cfg.py:2987}}
May 09 07:20:18.439275 np0000172983 devstack@n-api-meta.service[108588]: DEBUG nova.api.openstack.wsgi_app [None req-8eb4a1c3-1d44-4350-a2e4-d44391d9e62c None None] allow_resize_to_same_host = True {{(pid=108588) log_opt_values /opt/stack/data/venv/lib/python3.12/site-packages/oslo_config/cfg.py:2995}}
May 09 07:20:18.439405 np0000172983 devstack@n-api-meta.service[108588]: DEBUG nova.api.openstack.wsgi_app [None req-8eb4a1c3-1d44-4350-a2e4-d44391d9e62c None None] arq_binding_timeout = 300 {{(pid=108588) log_opt_values /opt/stack/data/venv/lib/python3.12/site-packages/oslo_config/cfg.py:2995}}
May 09 07:20:18.439555 np0000172983 devstack@n-api-meta.service[108588]: DEBUG nova.api.openstack.wsgi_app [None req-8eb4a1c3-1d44-4350-a2e4-d44391d9e62c None None] block_device_allocate_retries = 60 {{(pid=108588) log_opt_values /opt/stack/data/venv/lib/python3.12/site-packages/oslo_config/cfg.py:2995}}
May 09 07:20:18.439646 np0000172983 devstack@n-api-meta.service[108588]: DEBUG nova.api.openstack.wsgi_app [None req-8eb4a1c3-1d44-4350-a2e4-d44391d9e62c None None] block_device_allocate_retries_interval = 3 {{(pid=108588) log_opt_values /opt/stack/data/venv/lib/python3.12/site-packages/oslo_config/cfg.py:2995}}
May 09 07:20:18.439814 np0000172983 devstack@n-api-meta.service[108588]: DEBUG nova.api.openstack.wsgi_app [None req-8eb4a1c3-1d44-4350-a2e4-d44391d9e62c None None] cell_worker_thread_pool_size = 5 {{(pid=108588) log_opt_values /opt/stack/data/venv/lib/python3.12/site-packages/oslo_config/cfg.py:2995}}
May 09 07:20:18.439939 np0000172983 devstack@n-api-meta.service[108588]: DEBUG nova.api.openstack.wsgi_app [None req-8eb4a1c3-1d44-4350-a2e4-d44391d9e62c None None] cert = self.pem {{(pid=108588) log_opt_values /opt/stack/data/venv/lib/python3.12/site-packages/oslo_config/cfg.py:2995}}
May 09 07:20:18.440078 np0000172983 devstack@n-api-meta.service[108588]: DEBUG nova.api.openstack.wsgi_app [None req-8eb4a1c3-1d44-4350-a2e4-d44391d9e62c None None] compute_driver = libvirt.LibvirtDriver {{(pid=108588) log_opt_values /opt/stack/data/venv/lib/python3.12/site-packages/oslo_config/cfg.py:2995}}
May 09 07:20:18.440225 np0000172983 devstack@n-api-meta.service[108588]: DEBUG nova.api.openstack.wsgi_app [None req-8eb4a1c3-1d44-4350-a2e4-d44391d9e62c None None] compute_monitors = [] {{(pid=108588) log_opt_values /opt/stack/data/venv/lib/python3.12/site-packages/oslo_config/cfg.py:2995}}
May 09 07:20:18.440373 np0000172983 devstack@n-api-meta.service[108588]: DEBUG nova.api.openstack.wsgi_app [None req-8eb4a1c3-1d44-4350-a2e4-d44391d9e62c None None] config_dir = [] {{(pid=108588) log_opt_values /opt/stack/data/venv/lib/python3.12/site-packages/oslo_config/cfg.py:2995}}
May 09 07:20:18.440487 np0000172983 devstack@n-api-meta.service[108588]: DEBUG nova.api.openstack.wsgi_app [None req-8eb4a1c3-1d44-4350-a2e4-d44391d9e62c None None] config_drive_format = iso9660 {{(pid=108588) log_opt_values /opt/stack/data/venv/lib/python3.12/site-packages/oslo_config/cfg.py:2995}}
May 09 07:20:18.440603 np0000172983 devstack@n-api-meta.service[108588]: DEBUG nova.api.openstack.wsgi_app [None req-8eb4a1c3-1d44-4350-a2e4-d44391d9e62c None None] config_file = ['/etc/nova/api-paste.ini', '/etc/nova/nova.conf'] {{(pid=108588) log_opt_values /opt/stack/data/venv/lib/python3.12/site-packages/oslo_config/cfg.py:2995}}
May 09 07:20:18.440735 np0000172983 devstack@n-api-meta.service[108588]: DEBUG nova.api.openstack.wsgi_app [None req-8eb4a1c3-1d44-4350-a2e4-d44391d9e62c None None] config_source = [] {{(pid=108588) log_opt_values /opt/stack/data/venv/lib/python3.12/site-packages/oslo_config/cfg.py:2995}}
May 09 07:20:18.440875 np0000172983 devstack@n-api-meta.service[108588]: DEBUG nova.api.openstack.wsgi_app [None req-8eb4a1c3-1d44-4350-a2e4-d44391d9e62c None None] console_host = np0000172983 {{(pid=108588) log_opt_values /opt/stack/data/venv/lib/python3.12/site-packages/oslo_config/cfg.py:2995}}
May 09 07:20:18.441046 np0000172983 devstack@n-api-meta.service[108588]: DEBUG nova.api.openstack.wsgi_app [None req-8eb4a1c3-1d44-4350-a2e4-d44391d9e62c None None] control_exchange = nova {{(pid=108588) log_opt_values /opt/stack/data/venv/lib/python3.12/site-packages/oslo_config/cfg.py:2995}}
May 09 07:20:18.441176 np0000172983 devstack@n-api-meta.service[108588]: DEBUG nova.api.openstack.wsgi_app [None req-8eb4a1c3-1d44-4350-a2e4-d44391d9e62c None None] cpu_allocation_ratio = None {{(pid=108588) log_opt_values /opt/stack/data/venv/lib/python3.12/site-packages/oslo_config/cfg.py:2995}}
May 09 07:20:18.441278 np0000172983 devstack@n-api-meta.service[108588]: DEBUG nova.api.openstack.wsgi_app [None req-8eb4a1c3-1d44-4350-a2e4-d44391d9e62c None None] daemon = False {{(pid=108588) log_opt_values /opt/stack/data/venv/lib/python3.12/site-packages/oslo_config/cfg.py:2995}}
May 09 07:20:18.441434 np0000172983 devstack@n-api-meta.service[108588]: DEBUG nova.api.openstack.wsgi_app [None req-8eb4a1c3-1d44-4350-a2e4-d44391d9e62c None None] debug = True {{(pid=108588) log_opt_values /opt/stack/data/venv/lib/python3.12/site-packages/oslo_config/cfg.py:2995}}
May 09 07:20:18.441562 np0000172983 devstack@n-api-meta.service[108588]: DEBUG nova.api.openstack.wsgi_app [None req-8eb4a1c3-1d44-4350-a2e4-d44391d9e62c None None] default_access_ip_network_name = None {{(pid=108588) log_opt_values /opt/stack/data/venv/lib/python3.12/site-packages/oslo_config/cfg.py:2995}}
May 09 07:20:18.441697 np0000172983 devstack@n-api-meta.service[108588]: DEBUG nova.api.openstack.wsgi_app [None req-8eb4a1c3-1d44-4350-a2e4-d44391d9e62c None None] default_availability_zone = nova {{(pid=108588) log_opt_values /opt/stack/data/venv/lib/python3.12/site-packages/oslo_config/cfg.py:2995}}
May 09 07:20:18.441910 np0000172983 devstack@n-api-meta.service[108588]: DEBUG nova.api.openstack.wsgi_app [None req-8eb4a1c3-1d44-4350-a2e4-d44391d9e62c None None] default_ephemeral_format = ext4 {{(pid=108588) log_opt_values /opt/stack/data/venv/lib/python3.12/site-packages/oslo_config/cfg.py:2995}}
May 09 07:20:18.442019 np0000172983 devstack@n-api-meta.service[108588]: DEBUG nova.api.openstack.wsgi_app [None req-8eb4a1c3-1d44-4350-a2e4-d44391d9e62c None None] default_green_pool_size = 1000 {{(pid=108588) log_opt_values /opt/stack/data/venv/lib/python3.12/site-packages/oslo_config/cfg.py:2995}}
May 09 07:20:18.442221 np0000172983 devstack@n-api-meta.service[108588]: DEBUG nova.api.openstack.wsgi_app [None req-8eb4a1c3-1d44-4350-a2e4-d44391d9e62c None None] default_log_levels = ['amqp=WARN', 'boto=WARN', 'sqlalchemy=WARN', 'suds=INFO', 'oslo.messaging=INFO', 'oslo_messaging=INFO', 'iso8601=WARN', 'requests.packages.urllib3.connectionpool=WARN', 'urllib3.connectionpool=WARN', 'websocket=WARN', 'requests.packages.urllib3.util.retry=WARN', 'urllib3.util.retry=WARN', 'keystonemiddleware=WARN', 'routes.middleware=WARN', 'stevedore=WARN', 'taskflow=WARN', 'keystoneauth=WARN', 'oslo.cache=INFO', 'oslo_policy=INFO', 'dogpile.core.dogpile=INFO', 'glanceclient=WARN', 'oslo.privsep.daemon=INFO'] {{(pid=108588) log_opt_values /opt/stack/data/venv/lib/python3.12/site-packages/oslo_config/cfg.py:2995}}
May 09 07:20:18.442371 np0000172983 devstack@n-api-meta.service[108588]: DEBUG nova.api.openstack.wsgi_app [None req-8eb4a1c3-1d44-4350-a2e4-d44391d9e62c None None] default_schedule_zone = None {{(pid=108588) log_opt_values /opt/stack/data/venv/lib/python3.12/site-packages/oslo_config/cfg.py:2995}}
May 09 07:20:18.442448 np0000172983 devstack@n-api-meta.service[108588]: DEBUG nova.api.openstack.wsgi_app [None req-8eb4a1c3-1d44-4350-a2e4-d44391d9e62c None None] default_thread_pool_size = 10 {{(pid=108588) log_opt_values /opt/stack/data/venv/lib/python3.12/site-packages/oslo_config/cfg.py:2995}}
May 09 07:20:18.442585 np0000172983 devstack@n-api-meta.service[108588]: DEBUG nova.api.openstack.wsgi_app [None req-8eb4a1c3-1d44-4350-a2e4-d44391d9e62c None None] disk_allocation_ratio = None {{(pid=108588) log_opt_values /opt/stack/data/venv/lib/python3.12/site-packages/oslo_config/cfg.py:2995}}
May 09 07:20:18.442711 np0000172983 devstack@n-api-meta.service[108588]: DEBUG nova.api.openstack.wsgi_app [None req-8eb4a1c3-1d44-4350-a2e4-d44391d9e62c None None] enable_new_services = True {{(pid=108588) log_opt_values /opt/stack/data/venv/lib/python3.12/site-packages/oslo_config/cfg.py:2995}}
May 09 07:20:18.442842 np0000172983 devstack@n-api-meta.service[108588]: DEBUG nova.api.openstack.wsgi_app [None req-8eb4a1c3-1d44-4350-a2e4-d44391d9e62c None None] flat_injected = False {{(pid=108588) log_opt_values /opt/stack/data/venv/lib/python3.12/site-packages/oslo_config/cfg.py:2995}}
May 09 07:20:18.442987 np0000172983 devstack@n-api-meta.service[108588]: DEBUG nova.api.openstack.wsgi_app [None req-8eb4a1c3-1d44-4350-a2e4-d44391d9e62c None None] force_config_drive = False {{(pid=108588) log_opt_values /opt/stack/data/venv/lib/python3.12/site-packages/oslo_config/cfg.py:2995}}
May 09 07:20:18.443118 np0000172983 devstack@n-api-meta.service[108588]: DEBUG nova.api.openstack.wsgi_app [None req-8eb4a1c3-1d44-4350-a2e4-d44391d9e62c None None] force_raw_images = True {{(pid=108588) log_opt_values /opt/stack/data/venv/lib/python3.12/site-packages/oslo_config/cfg.py:2995}}
May 09 07:20:18.443254 np0000172983 devstack@n-api-meta.service[108588]: DEBUG nova.api.openstack.wsgi_app [None req-8eb4a1c3-1d44-4350-a2e4-d44391d9e62c None None] graceful_shutdown_timeout = 5 {{(pid=108588) log_opt_values /opt/stack/data/venv/lib/python3.12/site-packages/oslo_config/cfg.py:2995}}
May 09 07:20:18.443385 np0000172983 devstack@n-api-meta.service[108588]: DEBUG nova.api.openstack.wsgi_app [None req-8eb4a1c3-1d44-4350-a2e4-d44391d9e62c None None] heal_instance_info_cache_interval = -1 {{(pid=108588) log_opt_values /opt/stack/data/venv/lib/python3.12/site-packages/oslo_config/cfg.py:2995}}
May 09 07:20:18.443576 np0000172983 devstack@n-api-meta.service[108588]: DEBUG nova.api.openstack.wsgi_app [None req-8eb4a1c3-1d44-4350-a2e4-d44391d9e62c None None] host = np0000172983 {{(pid=108588) log_opt_values /opt/stack/data/venv/lib/python3.12/site-packages/oslo_config/cfg.py:2995}}
May 09 07:20:18.443714 np0000172983 devstack@n-api-meta.service[108588]: DEBUG nova.api.openstack.wsgi_app [None req-8eb4a1c3-1d44-4350-a2e4-d44391d9e62c None None] initial_cpu_allocation_ratio = 4.0 {{(pid=108588) log_opt_values /opt/stack/data/venv/lib/python3.12/site-packages/oslo_config/cfg.py:2995}}
May 09 07:20:18.443846 np0000172983 devstack@n-api-meta.service[108588]: DEBUG nova.api.openstack.wsgi_app [None req-8eb4a1c3-1d44-4350-a2e4-d44391d9e62c None None] initial_disk_allocation_ratio = 1.0 {{(pid=108588) log_opt_values /opt/stack/data/venv/lib/python3.12/site-packages/oslo_config/cfg.py:2995}}
May 09 07:20:18.443994 np0000172983 devstack@n-api-meta.service[108588]: DEBUG nova.api.openstack.wsgi_app [None req-8eb4a1c3-1d44-4350-a2e4-d44391d9e62c None None] initial_ram_allocation_ratio = 1.0 {{(pid=108588) log_opt_values /opt/stack/data/venv/lib/python3.12/site-packages/oslo_config/cfg.py:2995}}
May 09 07:20:18.444179 np0000172983 devstack@n-api-meta.service[108588]: DEBUG nova.api.openstack.wsgi_app [None req-8eb4a1c3-1d44-4350-a2e4-d44391d9e62c None None] injected_network_template = /opt/stack/nova/nova/virt/interfaces.template {{(pid=108588) log_opt_values /opt/stack/data/venv/lib/python3.12/site-packages/oslo_config/cfg.py:2995}}
May 09 07:20:18.444308 np0000172983 devstack@n-api-meta.service[108588]: DEBUG nova.api.openstack.wsgi_app [None req-8eb4a1c3-1d44-4350-a2e4-d44391d9e62c None None] instance_build_timeout = 0 {{(pid=108588) log_opt_values /opt/stack/data/venv/lib/python3.12/site-packages/oslo_config/cfg.py:2995}}
May 09 07:20:18.444438 np0000172983 devstack@n-api-meta.service[108588]: DEBUG nova.api.openstack.wsgi_app [None req-8eb4a1c3-1d44-4350-a2e4-d44391d9e62c None None] instance_delete_interval = 300 {{(pid=108588) log_opt_values /opt/stack/data/venv/lib/python3.12/site-packages/oslo_config/cfg.py:2995}}
May 09 07:20:18.444573 np0000172983 devstack@n-api-meta.service[108588]: DEBUG nova.api.openstack.wsgi_app [None req-8eb4a1c3-1d44-4350-a2e4-d44391d9e62c None None] instance_format = [instance: %(uuid)s] {{(pid=108588) log_opt_values /opt/stack/data/venv/lib/python3.12/site-packages/oslo_config/cfg.py:2995}}
May 09 07:20:18.444707 np0000172983 devstack@n-api-meta.service[108588]: DEBUG nova.api.openstack.wsgi_app [None req-8eb4a1c3-1d44-4350-a2e4-d44391d9e62c None None] instance_name_template = instance-%08x {{(pid=108588) log_opt_values /opt/stack/data/venv/lib/python3.12/site-packages/oslo_config/cfg.py:2995}}
May 09 07:20:18.444837 np0000172983 devstack@n-api-meta.service[108588]: DEBUG nova.api.openstack.wsgi_app [None req-8eb4a1c3-1d44-4350-a2e4-d44391d9e62c None None] instance_usage_audit = False {{(pid=108588) log_opt_values /opt/stack/data/venv/lib/python3.12/site-packages/oslo_config/cfg.py:2995}}
May 09 07:20:18.445011 np0000172983 devstack@n-api-meta.service[108588]: DEBUG nova.api.openstack.wsgi_app [None req-8eb4a1c3-1d44-4350-a2e4-d44391d9e62c None None] instance_usage_audit_period = month {{(pid=108588) log_opt_values /opt/stack/data/venv/lib/python3.12/site-packages/oslo_config/cfg.py:2995}}
May 09 07:20:18.445145 np0000172983 devstack@n-api-meta.service[108588]: DEBUG nova.api.openstack.wsgi_app [None req-8eb4a1c3-1d44-4350-a2e4-d44391d9e62c None None] instance_uuid_format = [instance: %(uuid)s] {{(pid=108588) log_opt_values /opt/stack/data/venv/lib/python3.12/site-packages/oslo_config/cfg.py:2995}}
May 09 07:20:18.445276 np0000172983 devstack@n-api-meta.service[108588]: DEBUG nova.api.openstack.wsgi_app [None req-8eb4a1c3-1d44-4350-a2e4-d44391d9e62c None None] instances_path = /opt/stack/data/nova/instances {{(pid=108588) log_opt_values /opt/stack/data/venv/lib/python3.12/site-packages/oslo_config/cfg.py:2995}}
May 09 07:20:18.445412 np0000172983 devstack@n-api-meta.service[108588]: DEBUG nova.api.openstack.wsgi_app [None req-8eb4a1c3-1d44-4350-a2e4-d44391d9e62c None None] internal_service_availability_zone = internal {{(pid=108588) log_opt_values /opt/stack/data/venv/lib/python3.12/site-packages/oslo_config/cfg.py:2995}}
May 09 07:20:18.445537 np0000172983 devstack@n-api-meta.service[108588]: DEBUG nova.api.openstack.wsgi_app [None req-8eb4a1c3-1d44-4350-a2e4-d44391d9e62c None None] key = None {{(pid=108588) log_opt_values /opt/stack/data/venv/lib/python3.12/site-packages/oslo_config/cfg.py:2995}}
