May 09 07:20:16.902326 np0000172983 nova-scheduler[108752]: DEBUG cotyledon.oslo_config_glue [-] vnc.server_listen = 127.0.0.1 {{(pid=108752) log_opt_values /opt/stack/data/venv/lib/python3.12/site-packages/oslo_config/cfg.py:3006}}
May 09 07:20:16.902635 np0000172983 nova-scheduler[108752]: DEBUG cotyledon.oslo_config_glue [-] vnc.server_proxyclient_address = 127.0.0.1 {{(pid=108752) log_opt_values /opt/stack/data/venv/lib/python3.12/site-packages/oslo_config/cfg.py:3006}}
May 09 07:20:16.902635 np0000172983 nova-scheduler[108752]: DEBUG cotyledon.oslo_config_glue [-] vnc.vencrypt_ca_certs = None {{(pid=108752) log_opt_values /opt/stack/data/venv/lib/python3.12/site-packages/oslo_config/cfg.py:3006}}
May 09 07:20:16.902635 np0000172983 nova-scheduler[108752]: DEBUG cotyledon.oslo_config_glue [-] vnc.vencrypt_client_cert = None {{(pid=108752) log_opt_values /opt/stack/data/venv/lib/python3.12/site-packages/oslo_config/cfg.py:3006}}
May 09 07:20:16.902635 np0000172983 nova-scheduler[108752]: DEBUG cotyledon.oslo_config_glue [-] vnc.vencrypt_client_key = None {{(pid=108752) log_opt_values /opt/stack/data/venv/lib/python3.12/site-packages/oslo_config/cfg.py:3006}}
May 09 07:20:16.902635 np0000172983 nova-scheduler[108752]: DEBUG cotyledon.oslo_config_glue [-] workarounds.disable_compute_service_check_for_ffu = False {{(pid=108752) log_opt_values /opt/stack/data/venv/lib/python3.12/site-packages/oslo_config/cfg.py:3006}}
May 09 07:20:16.902635 np0000172983 nova-scheduler[108752]: DEBUG cotyledon.oslo_config_glue [-] workarounds.disable_deep_image_inspection = False {{(pid=108752) log_opt_values /opt/stack/data/venv/lib/python3.12/site-packages/oslo_config/cfg.py:3006}}
May 09 07:20:16.902635 np0000172983 nova-scheduler[108752]: DEBUG cotyledon.oslo_config_glue [-] workarounds.disable_fallback_pcpu_query = False {{(pid=108752) log_opt_values /opt/stack/data/venv/lib/python3.12/site-packages/oslo_config/cfg.py:3006}}
May 09 07:20:16.902635 np0000172983 nova-scheduler[108752]: DEBUG cotyledon.oslo_config_glue [-] workarounds.disable_group_policy_check_upcall = False {{(pid=108752) log_opt_values /opt/stack/data/venv/lib/python3.12/site-packages/oslo_config/cfg.py:3006}}
May 09 07:20:16.902635 np0000172983 nova-scheduler[108752]: DEBUG cotyledon.oslo_config_glue [-] workarounds.disable_libvirt_livesnapshot = False {{(pid=108752) log_opt_values /opt/stack/data/venv/lib/python3.12/site-packages/oslo_config/cfg.py:3006}}
May 09 07:20:16.902868 np0000172983 nova-scheduler[108752]: DEBUG cotyledon.oslo_config_glue [-] workarounds.disable_rootwrap = False {{(pid=108752) log_opt_values /opt/stack/data/venv/lib/python3.12/site-packages/oslo_config/cfg.py:3006}}
May 09 07:20:16.902868 np0000172983 nova-scheduler[108752]: DEBUG cotyledon.oslo_config_glue [-] workarounds.enable_numa_live_migration = False {{(pid=108752) log_opt_values /opt/stack/data/venv/lib/python3.12/site-packages/oslo_config/cfg.py:3006}}
May 09 07:20:16.902868 np0000172983 nova-scheduler[108752]: DEBUG cotyledon.oslo_config_glue [-] workarounds.enable_qemu_monitor_announce_self = False {{(pid=108752) log_opt_values /opt/stack/data/venv/lib/python3.12/site-packages/oslo_config/cfg.py:3006}}
May 09 07:20:16.902868 np0000172983 nova-scheduler[108752]: DEBUG cotyledon.oslo_config_glue [-] workarounds.ensure_libvirt_rbd_instance_dir_cleanup = False {{(pid=108752) log_opt_values /opt/stack/data/venv/lib/python3.12/site-packages/oslo_config/cfg.py:3006}}
May 09 07:20:16.902868 np0000172983 nova-scheduler[108752]: DEBUG cotyledon.oslo_config_glue [-] workarounds.handle_virt_lifecycle_events = True {{(pid=108752) log_opt_values /opt/stack/data/venv/lib/python3.12/site-packages/oslo_config/cfg.py:3006}}
May 09 07:20:16.902868 np0000172983 nova-scheduler[108752]: DEBUG cotyledon.oslo_config_glue [-] workarounds.libvirt_disable_apic = False {{(pid=108752) log_opt_values /opt/stack/data/venv/lib/python3.12/site-packages/oslo_config/cfg.py:3006}}
May 09 07:20:16.902868 np0000172983 nova-scheduler[108752]: DEBUG cotyledon.oslo_config_glue [-] workarounds.never_download_image_if_on_rbd = False {{(pid=108752) log_opt_values /opt/stack/data/venv/lib/python3.12/site-packages/oslo_config/cfg.py:3006}}
May 09 07:20:16.902868 np0000172983 nova-scheduler[108752]: DEBUG cotyledon.oslo_config_glue [-] workarounds.qemu_monitor_announce_self_count = 3 {{(pid=108752) log_opt_values /opt/stack/data/venv/lib/python3.12/site-packages/oslo_config/cfg.py:3006}}
May 09 07:20:16.902868 np0000172983 nova-scheduler[108752]: DEBUG cotyledon.oslo_config_glue [-] workarounds.qemu_monitor_announce_self_interval = 1 {{(pid=108752) log_opt_values /opt/stack/data/venv/lib/python3.12/site-packages/oslo_config/cfg.py:3006}}
May 09 07:20:16.903122 np0000172983 nova-scheduler[108752]: DEBUG cotyledon.oslo_config_glue [-] workarounds.reserve_disk_resource_for_image_cache = False {{(pid=108752) log_opt_values /opt/stack/data/venv/lib/python3.12/site-packages/oslo_config/cfg.py:3006}}
May 09 07:20:16.903122 np0000172983 nova-scheduler[108752]: DEBUG cotyledon.oslo_config_glue [-] workarounds.skip_cpu_compare_at_startup = False {{(pid=108752) log_opt_values /opt/stack/data/venv/lib/python3.12/site-packages/oslo_config/cfg.py:3006}}
May 09 07:20:16.903122 np0000172983 nova-scheduler[108752]: DEBUG cotyledon.oslo_config_glue [-] workarounds.skip_cpu_compare_on_dest = False {{(pid=108752) log_opt_values /opt/stack/data/venv/lib/python3.12/site-packages/oslo_config/cfg.py:3006}}
May 09 07:20:16.903122 np0000172983 nova-scheduler[108752]: DEBUG cotyledon.oslo_config_glue [-] workarounds.skip_hypervisor_version_check_on_lm = False {{(pid=108752) log_opt_values /opt/stack/data/venv/lib/python3.12/site-packages/oslo_config/cfg.py:3006}}
May 09 07:20:16.903122 np0000172983 nova-scheduler[108752]: DEBUG cotyledon.oslo_config_glue [-] workarounds.skip_reserve_in_use_ironic_nodes = False {{(pid=108752) log_opt_values /opt/stack/data/venv/lib/python3.12/site-packages/oslo_config/cfg.py:3006}}
May 09 07:20:16.903122 np0000172983 nova-scheduler[108752]: DEBUG cotyledon.oslo_config_glue [-] workarounds.unified_limits_count_pcpu_as_vcpu = False {{(pid=108752) log_opt_values /opt/stack/data/venv/lib/python3.12/site-packages/oslo_config/cfg.py:3006}}
May 09 07:20:16.903122 np0000172983 nova-scheduler[108752]: DEBUG cotyledon.oslo_config_glue [-] workarounds.wait_for_vif_plugged_event_during_hard_reboot = [] {{(pid=108752) log_opt_values /opt/stack/data/venv/lib/python3.12/site-packages/oslo_config/cfg.py:3006}}
May 09 07:20:16.903122 np0000172983 nova-scheduler[108752]: DEBUG cotyledon.oslo_config_glue [-] wsgi.api_paste_config = /etc/nova/api-paste.ini {{(pid=108752) log_opt_values /opt/stack/data/venv/lib/python3.12/site-packages/oslo_config/cfg.py:3006}}
May 09 07:20:16.903357 np0000172983 nova-scheduler[108752]: DEBUG cotyledon.oslo_config_glue [-] wsgi.secure_proxy_ssl_header = None {{(pid=108752) log_opt_values /opt/stack/data/venv/lib/python3.12/site-packages/oslo_config/cfg.py:3006}}
May 09 07:20:16.903357 np0000172983 nova-scheduler[108752]: DEBUG cotyledon.oslo_config_glue [-] zvm.ca_file = None {{(pid=108752) log_opt_values /opt/stack/data/venv/lib/python3.12/site-packages/oslo_config/cfg.py:3006}}
May 09 07:20:16.903357 np0000172983 nova-scheduler[108752]: DEBUG cotyledon.oslo_config_glue [-] zvm.cloud_connector_url = None {{(pid=108752) log_opt_values /opt/stack/data/venv/lib/python3.12/site-packages/oslo_config/cfg.py:3006}}
May 09 07:20:16.903357 np0000172983 nova-scheduler[108752]: DEBUG cotyledon.oslo_config_glue [-] zvm.image_tmp_path = /opt/stack/data/nova/images {{(pid=108752) log_opt_values /opt/stack/data/venv/lib/python3.12/site-packages/oslo_config/cfg.py:3006}}
May 09 07:20:16.903357 np0000172983 nova-scheduler[108752]: DEBUG cotyledon.oslo_config_glue [-] zvm.reachable_timeout = 300 {{(pid=108752) log_opt_values /opt/stack/data/venv/lib/python3.12/site-packages/oslo_config/cfg.py:3006}}
May 09 07:20:16.903357 np0000172983 nova-scheduler[108752]: DEBUG cotyledon.oslo_config_glue [-] oslo_versionedobjects.fatal_exception_format_errors = False {{(pid=108752) log_opt_values /opt/stack/data/venv/lib/python3.12/site-packages/oslo_config/cfg.py:3006}}
May 09 07:20:16.903357 np0000172983 nova-scheduler[108752]: DEBUG cotyledon.oslo_config_glue [-] oslo_middleware.http_basic_auth_user_file = /etc/htpasswd {{(pid=108752) log_opt_values /opt/stack/data/venv/lib/python3.12/site-packages/oslo_config/cfg.py:3006}}
May 09 07:20:16.903357 np0000172983 nova-scheduler[108752]: DEBUG cotyledon.oslo_config_glue [-] oslo_messaging_metrics.metrics_buffer_size = 1000 {{(pid=108752) log_opt_values /opt/stack/data/venv/lib/python3.12/site-packages/oslo_config/cfg.py:3006}}
May 09 07:20:16.903357 np0000172983 nova-scheduler[108752]: DEBUG cotyledon.oslo_config_glue [-] oslo_messaging_metrics.metrics_enabled = False {{(pid=108752) log_opt_values /opt/stack/data/venv/lib/python3.12/site-packages/oslo_config/cfg.py:3006}}
May 09 07:20:16.903574 np0000172983 nova-scheduler[108752]: DEBUG cotyledon.oslo_config_glue [-] oslo_messaging_metrics.metrics_process_name = {{(pid=108752) log_opt_values /opt/stack/data/venv/lib/python3.12/site-packages/oslo_config/cfg.py:3006}}
May 09 07:20:16.903574 np0000172983 nova-scheduler[108752]: DEBUG cotyledon.oslo_config_glue [-] oslo_messaging_metrics.metrics_socket_file = /var/tmp/metrics_collector.sock {{(pid=108752) log_opt_values /opt/stack/data/venv/lib/python3.12/site-packages/oslo_config/cfg.py:3006}}
May 09 07:20:16.903574 np0000172983 nova-scheduler[108752]: DEBUG cotyledon.oslo_config_glue [-] oslo_messaging_metrics.metrics_thread_stop_timeout = 10 {{(pid=108752) log_opt_values /opt/stack/data/venv/lib/python3.12/site-packages/oslo_config/cfg.py:3006}}
May 09 07:20:16.903574 np0000172983 nova-scheduler[108752]: DEBUG cotyledon.oslo_config_glue [-] profiler.connection_string = messaging:// {{(pid=108752) log_opt_values /opt/stack/data/venv/lib/python3.12/site-packages/oslo_config/cfg.py:3006}}
May 09 07:20:16.903574 np0000172983 nova-scheduler[108752]: DEBUG cotyledon.oslo_config_glue [-] profiler.enabled = False {{(pid=108752) log_opt_values /opt/stack/data/venv/lib/python3.12/site-packages/oslo_config/cfg.py:3006}}
May 09 07:20:16.903574 np0000172983 nova-scheduler[108752]: DEBUG cotyledon.oslo_config_glue [-] profiler.es_doc_type = notification {{(pid=108752) log_opt_values /opt/stack/data/venv/lib/python3.12/site-packages/oslo_config/cfg.py:3006}}
May 09 07:20:16.903574 np0000172983 nova-scheduler[108752]: DEBUG cotyledon.oslo_config_glue [-] profiler.es_scroll_size = 10000 {{(pid=108752) log_opt_values /opt/stack/data/venv/lib/python3.12/site-packages/oslo_config/cfg.py:3006}}
May 09 07:20:16.903574 np0000172983 nova-scheduler[108752]: DEBUG cotyledon.oslo_config_glue [-] profiler.es_scroll_time = 2m {{(pid=108752) log_opt_values /opt/stack/data/venv/lib/python3.12/site-packages/oslo_config/cfg.py:3006}}
May 09 07:20:16.903574 np0000172983 nova-scheduler[108752]: DEBUG cotyledon.oslo_config_glue [-] profiler.filter_error_trace = False {{(pid=108752) log_opt_values /opt/stack/data/venv/lib/python3.12/site-packages/oslo_config/cfg.py:3006}}
May 09 07:20:16.903794 np0000172983 nova-scheduler[108752]: DEBUG cotyledon.oslo_config_glue [-] profiler.hmac_keys = **** {{(pid=108752) log_opt_values /opt/stack/data/venv/lib/python3.12/site-packages/oslo_config/cfg.py:3006}}
May 09 07:20:16.903794 np0000172983 nova-scheduler[108752]: DEBUG cotyledon.oslo_config_glue [-] profiler.sentinel_service_name = mymaster {{(pid=108752) log_opt_values /opt/stack/data/venv/lib/python3.12/site-packages/oslo_config/cfg.py:3006}}
May 09 07:20:16.903794 np0000172983 nova-scheduler[108752]: DEBUG cotyledon.oslo_config_glue [-] profiler.socket_timeout = 0.1 {{(pid=108752) log_opt_values /opt/stack/data/venv/lib/python3.12/site-packages/oslo_config/cfg.py:3006}}
May 09 07:20:16.903794 np0000172983 nova-scheduler[108752]: DEBUG cotyledon.oslo_config_glue [-] profiler.trace_requests = False {{(pid=108752) log_opt_values /opt/stack/data/venv/lib/python3.12/site-packages/oslo_config/cfg.py:3006}}
May 09 07:20:16.903794 np0000172983 nova-scheduler[108752]: DEBUG cotyledon.oslo_config_glue [-] profiler.trace_sqlalchemy = False {{(pid=108752) log_opt_values /opt/stack/data/venv/lib/python3.12/site-packages/oslo_config/cfg.py:3006}}
May 09 07:20:16.903794 np0000172983 nova-scheduler[108752]: DEBUG cotyledon.oslo_config_glue [-] profiler_jaeger.process_tags = {} {{(pid=108752) log_opt_values /opt/stack/data/venv/lib/python3.12/site-packages/oslo_config/cfg.py:3006}}
May 09 07:20:16.903794 np0000172983 nova-scheduler[108752]: DEBUG cotyledon.oslo_config_glue [-] profiler_jaeger.service_name_prefix = None {{(pid=108752) log_opt_values /opt/stack/data/venv/lib/python3.12/site-packages/oslo_config/cfg.py:3006}}
May 09 07:20:16.903794 np0000172983 nova-scheduler[108752]: DEBUG cotyledon.oslo_config_glue [-] profiler_otlp.service_name_prefix = None {{(pid=108752) log_opt_values /opt/stack/data/venv/lib/python3.12/site-packages/oslo_config/cfg.py:3006}}
May 09 07:20:16.903794 np0000172983 nova-scheduler[108752]: DEBUG cotyledon.oslo_config_glue [-] oslo_messaging_rabbit.amqp_auto_delete = False {{(pid=108752) log_opt_values /opt/stack/data/venv/lib/python3.12/site-packages/oslo_config/cfg.py:3006}}
May 09 07:20:16.904039 np0000172983 nova-scheduler[108752]: DEBUG cotyledon.oslo_config_glue [-] oslo_messaging_rabbit.amqp_durable_queues = False {{(pid=108752) log_opt_values /opt/stack/data/venv/lib/python3.12/site-packages/oslo_config/cfg.py:3006}}
May 09 07:20:16.904039 np0000172983 nova-scheduler[108752]: DEBUG cotyledon.oslo_config_glue [-] oslo_messaging_rabbit.conn_pool_min_size = 2 {{(pid=108752) log_opt_values /opt/stack/data/venv/lib/python3.12/site-packages/oslo_config/cfg.py:3006}}
May 09 07:20:16.904039 np0000172983 nova-scheduler[108752]: DEBUG cotyledon.oslo_config_glue [-] oslo_messaging_rabbit.conn_pool_ttl = 1200 {{(pid=108752) log_opt_values /opt/stack/data/venv/lib/python3.12/site-packages/oslo_config/cfg.py:3006}}
May 09 07:20:16.904039 np0000172983 nova-scheduler[108752]: DEBUG cotyledon.oslo_config_glue [-] oslo_messaging_rabbit.direct_mandatory_flag = True {{(pid=108752) log_opt_values /opt/stack/data/venv/lib/python3.12/site-packages/oslo_config/cfg.py:3006}}
May 09 07:20:16.904039 np0000172983 nova-scheduler[108752]: DEBUG cotyledon.oslo_config_glue [-] oslo_messaging_rabbit.enable_cancel_on_failover = False {{(pid=108752) log_opt_values /opt/stack/data/venv/lib/python3.12/site-packages/oslo_config/cfg.py:3006}}
May 09 07:20:16.904039 np0000172983 nova-scheduler[108752]: DEBUG cotyledon.oslo_config_glue [-] oslo_messaging_rabbit.heartbeat_in_pthread = False {{(pid=108752) log_opt_values /opt/stack/data/venv/lib/python3.12/site-packages/oslo_config/cfg.py:3006}}
May 09 07:20:16.904039 np0000172983 nova-scheduler[108752]: DEBUG cotyledon.oslo_config_glue [-] oslo_messaging_rabbit.heartbeat_rate = 3 {{(pid=108752) log_opt_values /opt/stack/data/venv/lib/python3.12/site-packages/oslo_config/cfg.py:3006}}
May 09 07:20:16.904039 np0000172983 nova-scheduler[108752]: DEBUG cotyledon.oslo_config_glue [-] oslo_messaging_rabbit.heartbeat_timeout_threshold = 60 {{(pid=108752) log_opt_values /opt/stack/data/venv/lib/python3.12/site-packages/oslo_config/cfg.py:3006}}
May 09 07:20:16.904039 np0000172983 nova-scheduler[108752]: DEBUG cotyledon.oslo_config_glue [-] oslo_messaging_rabbit.hostname = np0000172983 {{(pid=108752) log_opt_values /opt/stack/data/venv/lib/python3.12/site-packages/oslo_config/cfg.py:3006}}
May 09 07:20:16.904323 np0000172983 nova-scheduler[108752]: DEBUG cotyledon.oslo_config_glue [-] oslo_messaging_rabbit.kombu_compression = None {{(pid=108752) log_opt_values /opt/stack/data/venv/lib/python3.12/site-packages/oslo_config/cfg.py:3006}}
May 09 07:20:16.904323 np0000172983 nova-scheduler[108752]: DEBUG cotyledon.oslo_config_glue [-] oslo_messaging_rabbit.kombu_failover_strategy = round-robin {{(pid=108752) log_opt_values /opt/stack/data/venv/lib/python3.12/site-packages/oslo_config/cfg.py:3006}}
May 09 07:20:16.904323 np0000172983 nova-scheduler[108752]: DEBUG cotyledon.oslo_config_glue [-] oslo_messaging_rabbit.kombu_missing_consumer_retry_timeout = 60 {{(pid=108752) log_opt_values /opt/stack/data/venv/lib/python3.12/site-packages/oslo_config/cfg.py:3006}}
May 09 07:20:16.904323 np0000172983 nova-scheduler[108752]: DEBUG cotyledon.oslo_config_glue [-] oslo_messaging_rabbit.kombu_reconnect_delay = 1.0 {{(pid=108752) log_opt_values /opt/stack/data/venv/lib/python3.12/site-packages/oslo_config/cfg.py:3006}}
May 09 07:20:16.904323 np0000172983 nova-scheduler[108752]: DEBUG cotyledon.oslo_config_glue [-] oslo_messaging_rabbit.kombu_reconnect_splay = 0.0 {{(pid=108752) log_opt_values /opt/stack/data/venv/lib/python3.12/site-packages/oslo_config/cfg.py:3006}}
May 09 07:20:16.904323 np0000172983 nova-scheduler[108752]: DEBUG cotyledon.oslo_config_glue [-] oslo_messaging_rabbit.processname = nova-scheduler {{(pid=108752) log_opt_values /opt/stack/data/venv/lib/python3.12/site-packages/oslo_config/cfg.py:3006}}
May 09 07:20:16.904323 np0000172983 nova-scheduler[108752]: DEBUG cotyledon.oslo_config_glue [-] oslo_messaging_rabbit.rabbit_ha_queues = False {{(pid=108752) log_opt_values /opt/stack/data/venv/lib/python3.12/site-packages/oslo_config/cfg.py:3006}}
May 09 07:20:16.904323 np0000172983 nova-scheduler[108752]: DEBUG cotyledon.oslo_config_glue [-] oslo_messaging_rabbit.rabbit_interval_max = 30 {{(pid=108752) log_opt_values /opt/stack/data/venv/lib/python3.12/site-packages/oslo_config/cfg.py:3006}}
May 09 07:20:16.904535 np0000172983 nova-scheduler[108752]: DEBUG cotyledon.oslo_config_glue [-] oslo_messaging_rabbit.rabbit_login_method = AMQPLAIN {{(pid=108752) log_opt_values /opt/stack/data/venv/lib/python3.12/site-packages/oslo_config/cfg.py:3006}}
May 09 07:20:16.904535 np0000172983 nova-scheduler[108752]: DEBUG cotyledon.oslo_config_glue [-] oslo_messaging_rabbit.rabbit_qos_prefetch_count = 0 {{(pid=108752) log_opt_values /opt/stack/data/venv/lib/python3.12/site-packages/oslo_config/cfg.py:3006}}
May 09 07:20:16.904535 np0000172983 nova-scheduler[108752]: DEBUG cotyledon.oslo_config_glue [-] oslo_messaging_rabbit.rabbit_quorum_delivery_limit = 0 {{(pid=108752) log_opt_values /opt/stack/data/venv/lib/python3.12/site-packages/oslo_config/cfg.py:3006}}
May 09 07:20:16.904535 np0000172983 nova-scheduler[108752]: DEBUG cotyledon.oslo_config_glue [-] oslo_messaging_rabbit.rabbit_quorum_max_memory_bytes = 0 {{(pid=108752) log_opt_values /opt/stack/data/venv/lib/python3.12/site-packages/oslo_config/cfg.py:3006}}
May 09 07:20:16.904535 np0000172983 nova-scheduler[108752]: DEBUG cotyledon.oslo_config_glue [-] oslo_messaging_rabbit.rabbit_quorum_max_memory_length = 0 {{(pid=108752) log_opt_values /opt/stack/data/venv/lib/python3.12/site-packages/oslo_config/cfg.py:3006}}
May 09 07:20:16.904535 np0000172983 nova-scheduler[108752]: DEBUG cotyledon.oslo_config_glue [-] oslo_messaging_rabbit.rabbit_quorum_queue = False {{(pid=108752) log_opt_values /opt/stack/data/venv/lib/python3.12/site-packages/oslo_config/cfg.py:3006}}
May 09 07:20:16.904535 np0000172983 nova-scheduler[108752]: DEBUG cotyledon.oslo_config_glue [-] oslo_messaging_rabbit.rabbit_retry_backoff = 2 {{(pid=108752) log_opt_values /opt/stack/data/venv/lib/python3.12/site-packages/oslo_config/cfg.py:3006}}
May 09 07:20:16.904535 np0000172983 nova-scheduler[108752]: DEBUG cotyledon.oslo_config_glue [-] oslo_messaging_rabbit.rabbit_retry_interval = 1 {{(pid=108752) log_opt_values /opt/stack/data/venv/lib/python3.12/site-packages/oslo_config/cfg.py:3006}}
May 09 07:20:16.904739 np0000172983 nova-scheduler[108752]: DEBUG cotyledon.oslo_config_glue [-] oslo_messaging_rabbit.rabbit_stream_fanout = False {{(pid=108752) log_opt_values /opt/stack/data/venv/lib/python3.12/site-packages/oslo_config/cfg.py:3006}}
May 09 07:20:16.904739 np0000172983 nova-scheduler[108752]: DEBUG cotyledon.oslo_config_glue [-] oslo_messaging_rabbit.rabbit_transient_queues_ttl = 1800 {{(pid=108752) log_opt_values /opt/stack/data/venv/lib/python3.12/site-packages/oslo_config/cfg.py:3006}}
May 09 07:20:16.904739 np0000172983 nova-scheduler[108752]: DEBUG cotyledon.oslo_config_glue [-] oslo_messaging_rabbit.rabbit_transient_quorum_queue = False {{(pid=108752) log_opt_values /opt/stack/data/venv/lib/python3.12/site-packages/oslo_config/cfg.py:3006}}
May 09 07:20:16.904739 np0000172983 nova-scheduler[108752]: DEBUG cotyledon.oslo_config_glue [-] oslo_messaging_rabbit.rpc_conn_pool_size = 30 {{(pid=108752) log_opt_values /opt/stack/data/venv/lib/python3.12/site-packages/oslo_config/cfg.py:3006}}
May 09 07:20:16.904849 np0000172983 nova-scheduler[108752]: DEBUG cotyledon.oslo_config_glue [-] oslo_messaging_rabbit.ssl = False {{(pid=108752) log_opt_values /opt/stack/data/venv/lib/python3.12/site-packages/oslo_config/cfg.py:3006}}
May 09 07:20:16.904885 np0000172983 nova-scheduler[108752]: DEBUG cotyledon.oslo_config_glue [-] oslo_messaging_rabbit.ssl_ca_file = {{(pid=108752) log_opt_values /opt/stack/data/venv/lib/python3.12/site-packages/oslo_config/cfg.py:3006}}
May 09 07:20:16.904919 np0000172983 nova-scheduler[108752]: DEBUG cotyledon.oslo_config_glue [-] oslo_messaging_rabbit.ssl_cert_file = {{(pid=108752) log_opt_values /opt/stack/data/venv/lib/python3.12/site-packages/oslo_config/cfg.py:3006}}
May 09 07:20:16.905110 np0000172983 nova-scheduler[108752]: DEBUG cotyledon.oslo_config_glue [-] oslo_messaging_rabbit.ssl_enforce_fips_mode = False {{(pid=108752) log_opt_values /opt/stack/data/venv/lib/python3.12/site-packages/oslo_config/cfg.py:3006}}
May 09 07:20:16.905178 np0000172983 nova-scheduler[108752]: DEBUG cotyledon.oslo_config_glue [-] oslo_messaging_rabbit.ssl_key_file = {{(pid=108752) log_opt_values /opt/stack/data/venv/lib/python3.12/site-packages/oslo_config/cfg.py:3006}}
May 09 07:20:16.905256 np0000172983 nova-scheduler[108752]: DEBUG cotyledon.oslo_config_glue [-] oslo_messaging_rabbit.ssl_version = {{(pid=108752) log_opt_values /opt/stack/data/venv/lib/python3.12/site-packages/oslo_config/cfg.py:3006}}
May 09 07:20:16.905310 np0000172983 nova-scheduler[108752]: DEBUG cotyledon.oslo_config_glue [-] oslo_messaging_rabbit.use_queue_manager = False {{(pid=108752) log_opt_values /opt/stack/data/venv/lib/python3.12/site-packages/oslo_config/cfg.py:3006}}
May 09 07:20:16.905398 np0000172983 nova-scheduler[108752]: DEBUG cotyledon.oslo_config_glue [-] oslo_messaging_notifications.driver = ['messagingv2'] {{(pid=108752) log_opt_values /opt/stack/data/venv/lib/python3.12/site-packages/oslo_config/cfg.py:3006}}
May 09 07:20:16.905472 np0000172983 nova-scheduler[108752]: DEBUG cotyledon.oslo_config_glue [-] oslo_messaging_notifications.retry = -1 {{(pid=108752) log_opt_values /opt/stack/data/venv/lib/python3.12/site-packages/oslo_config/cfg.py:3006}}
May 09 07:20:16.905534 np0000172983 nova-scheduler[108752]: DEBUG cotyledon.oslo_config_glue [-] oslo_messaging_notifications.topics = ['notifications'] {{(pid=108752) log_opt_values /opt/stack/data/venv/lib/python3.12/site-packages/oslo_config/cfg.py:3006}}
May 09 07:20:16.905609 np0000172983 nova-scheduler[108752]: DEBUG cotyledon.oslo_config_glue [-] oslo_messaging_notifications.transport_url = **** {{(pid=108752) log_opt_values /opt/stack/data/venv/lib/python3.12/site-packages/oslo_config/cfg.py:3006}}
May 09 07:20:16.905700 np0000172983 nova-scheduler[108752]: DEBUG cotyledon.oslo_config_glue [-] oslo_limit.auth_section = None {{(pid=108752) log_opt_values /opt/stack/data/venv/lib/python3.12/site-packages/oslo_config/cfg.py:3006}}
May 09 07:20:16.905757 np0000172983 nova-scheduler[108752]: DEBUG cotyledon.oslo_config_glue [-] oslo_limit.auth_type = None {{(pid=108752) log_opt_values /opt/stack/data/venv/lib/python3.12/site-packages/oslo_config/cfg.py:3006}}
May 09 07:20:16.905832 np0000172983 nova-scheduler[108752]: DEBUG cotyledon.oslo_config_glue [-] oslo_limit.cafile = None {{(pid=108752) log_opt_values /opt/stack/data/venv/lib/python3.12/site-packages/oslo_config/cfg.py:3006}}
May 09 07:20:16.905879 np0000172983 nova-scheduler[108752]: DEBUG cotyledon.oslo_config_glue [-] oslo_limit.certfile = None {{(pid=108752) log_opt_values /opt/stack/data/venv/lib/python3.12/site-packages/oslo_config/cfg.py:3006}}
May 09 07:20:16.905972 np0000172983 nova-scheduler[108752]: DEBUG cotyledon.oslo_config_glue [-] oslo_limit.collect_timing = False {{(pid=108752) log_opt_values /opt/stack/data/venv/lib/python3.12/site-packages/oslo_config/cfg.py:3006}}
May 09 07:20:16.906028 np0000172983 nova-scheduler[108752]: DEBUG cotyledon.oslo_config_glue [-] oslo_limit.connect_retries = None {{(pid=108752) log_opt_values /opt/stack/data/venv/lib/python3.12/site-packages/oslo_config/cfg.py:3006}}
May 09 07:20:16.906094 np0000172983 nova-scheduler[108752]: DEBUG cotyledon.oslo_config_glue [-] oslo_limit.connect_retry_delay = None {{(pid=108752) log_opt_values /opt/stack/data/venv/lib/python3.12/site-packages/oslo_config/cfg.py:3006}}
May 09 07:20:16.906162 np0000172983 nova-scheduler[108752]: DEBUG cotyledon.oslo_config_glue [-] oslo_limit.endpoint_id = None {{(pid=108752) log_opt_values /opt/stack/data/venv/lib/python3.12/site-packages/oslo_config/cfg.py:3006}}
May 09 07:20:16.906212 np0000172983 nova-scheduler[108752]: DEBUG cotyledon.oslo_config_glue [-] oslo_limit.endpoint_interface = public {{(pid=108752) log_opt_values /opt/stack/data/venv/lib/python3.12/site-packages/oslo_config/cfg.py:3006}}
May 09 07:20:16.906278 np0000172983 nova-scheduler[108752]: DEBUG cotyledon.oslo_config_glue [-] oslo_limit.endpoint_override = None {{(pid=108752) log_opt_values /opt/stack/data/venv/lib/python3.12/site-packages/oslo_config/cfg.py:3006}}
May 09 07:20:16.906329 np0000172983 nova-scheduler[108745]: INFO dbcounter [None req-02f9a089-bfbd-4236-9553-e26bceda8a11 None None] Registered counter for database nova_cell0
May 09 07:20:16.906374 np0000172983 nova-scheduler[108752]: DEBUG cotyledon.oslo_config_glue [-] oslo_limit.endpoint_region_name = None {{(pid=108752) log_opt_values /opt/stack/data/venv/lib/python3.12/site-packages/oslo_config/cfg.py:3006}}
May 09 07:20:16.906413 np0000172983 nova-scheduler[108752]: DEBUG cotyledon.oslo_config_glue [-] oslo_limit.endpoint_service_name = None {{(pid=108752) log_opt_values /opt/stack/data/venv/lib/python3.12/site-packages/oslo_config/cfg.py:3006}}
May 09 07:20:16.906460 np0000172983 nova-scheduler[108752]: DEBUG cotyledon.oslo_config_glue [-] oslo_limit.endpoint_service_type = None {{(pid=108752) log_opt_values /opt/stack/data/venv/lib/python3.12/site-packages/oslo_config/cfg.py:3006}}
May 09 07:20:16.906507 np0000172983 nova-scheduler[108752]: DEBUG cotyledon.oslo_config_glue [-] oslo_limit.insecure = False {{(pid=108752) log_opt_values /opt/stack/data/venv/lib/python3.12/site-packages/oslo_config/cfg.py:3006}}
May 09 07:20:16.906564 np0000172983 nova-scheduler[108752]: DEBUG cotyledon.oslo_config_glue [-] oslo_limit.keyfile = None {{(pid=108752) log_opt_values /opt/stack/data/venv/lib/python3.12/site-packages/oslo_config/cfg.py:3006}}
May 09 07:20:16.906623 np0000172983 nova-scheduler[108752]: DEBUG cotyledon.oslo_config_glue [-] oslo_limit.max_version = None {{(pid=108752) log_opt_values /opt/stack/data/venv/lib/python3.12/site-packages/oslo_config/cfg.py:3006}}
May 09 07:20:16.906668 np0000172983 nova-scheduler[108752]: DEBUG cotyledon.oslo_config_glue [-] oslo_limit.min_version = None {{(pid=108752) log_opt_values /opt/stack/data/venv/lib/python3.12/site-packages/oslo_config/cfg.py:3006}}
May 09 07:20:16.906792 np0000172983 nova-scheduler[108752]: DEBUG cotyledon.oslo_config_glue [-] oslo_limit.region_name = None {{(pid=108752) log_opt_values /opt/stack/data/venv/lib/python3.12/site-packages/oslo_config/cfg.py:3006}}
May 09 07:20:16.906859 np0000172983 nova-scheduler[108752]: DEBUG cotyledon.oslo_config_glue [-] oslo_limit.retriable_status_codes = None {{(pid=108752) log_opt_values /opt/stack/data/venv/lib/python3.12/site-packages/oslo_config/cfg.py:3006}}
May 09 07:20:16.906936 np0000172983 nova-scheduler[108752]: DEBUG cotyledon.oslo_config_glue [-] oslo_limit.service_name = None {{(pid=108752) log_opt_values /opt/stack/data/venv/lib/python3.12/site-packages/oslo_config/cfg.py:3006}}
May 09 07:20:16.907017 np0000172983 nova-scheduler[108752]: DEBUG cotyledon.oslo_config_glue [-] oslo_limit.service_type = None {{(pid=108752) log_opt_values /opt/stack/data/venv/lib/python3.12/site-packages/oslo_config/cfg.py:3006}}
May 09 07:20:16.907064 np0000172983 nova-scheduler[108752]: DEBUG cotyledon.oslo_config_glue [-] oslo_limit.split_loggers = False {{(pid=108752) log_opt_values /opt/stack/data/venv/lib/python3.12/site-packages/oslo_config/cfg.py:3006}}
May 09 07:20:16.907139 np0000172983 nova-scheduler[108752]: DEBUG cotyledon.oslo_config_glue [-] oslo_limit.status_code_retries = None {{(pid=108752) log_opt_values /opt/stack/data/venv/lib/python3.12/site-packages/oslo_config/cfg.py:3006}}
May 09 07:20:16.907191 np0000172983 nova-scheduler[108752]: DEBUG cotyledon.oslo_config_glue [-] oslo_limit.status_code_retry_delay = None {{(pid=108752) log_opt_values /opt/stack/data/venv/lib/python3.12/site-packages/oslo_config/cfg.py:3006}}
May 09 07:20:16.907265 np0000172983 nova-scheduler[108752]: DEBUG cotyledon.oslo_config_glue [-] oslo_limit.timeout = None {{(pid=108752) log_opt_values /opt/stack/data/venv/lib/python3.12/site-packages/oslo_config/cfg.py:3006}}
May 09 07:20:16.907304 np0000172983 nova-scheduler[108752]: DEBUG cotyledon.oslo_config_glue [-] oslo_limit.valid_interfaces = None {{(pid=108752) log_opt_values /opt/stack/data/venv/lib/python3.12/site-packages/oslo_config/cfg.py:3006}}
May 09 07:20:16.907372 np0000172983 nova-scheduler[108752]: DEBUG cotyledon.oslo_config_glue [-] oslo_limit.version = None {{(pid=108752) log_opt_values /opt/stack/data/venv/lib/python3.12/site-packages/oslo_config/cfg.py:3006}}
May 09 07:20:16.907496 np0000172983 nova-scheduler[108752]: DEBUG cotyledon.oslo_config_glue [-] oslo_reports.file_event_handler = None {{(pid=108752) log_opt_values /opt/stack/data/venv/lib/python3.12/site-packages/oslo_config/cfg.py:3006}}
May 09 07:20:16.907541 np0000172983 nova-scheduler[108752]: DEBUG cotyledon.oslo_config_glue [-] oslo_reports.file_event_handler_interval = 1 {{(pid=108752) log_opt_values /opt/stack/data/venv/lib/python3.12/site-packages/oslo_config/cfg.py:3006}}
May 09 07:20:16.907573 np0000172983 nova-scheduler[108752]: DEBUG cotyledon.oslo_config_glue [-] oslo_reports.log_dir = None {{(pid=108752) log_opt_values /opt/stack/data/venv/lib/python3.12/site-packages/oslo_config/cfg.py:3006}}
May 09 07:20:16.907640 np0000172983 nova-scheduler[108752]: DEBUG cotyledon.oslo_config_glue [-] ******************************************************************************** {{(pid=108752) log_opt_values /opt/stack/data/venv/lib/python3.12/site-packages/oslo_config/cfg.py:3013}}
May 09 07:20:16.907869 np0000172983 nova-scheduler[108752]: DEBUG cotyledon._service_worker [-] Run service ServiceWrapper(3) [108752] {{(pid=108752) wait_forever /opt/stack/data/venv/lib/python3.12/site-packages/cotyledon/_service_worker.py:218}}
May 09 07:20:16.909786 np0000172983 nova-scheduler[108752]: INFO nova.service [-] Starting scheduler node (version 33.1.0)
May 09 07:20:16.916957 np0000172983 nova-scheduler[108725]: DEBUG nova.service [None req-45680a16-8e49-4e2d-a58c-14d40fd25e41 None None] Join ServiceGroup membership for this service scheduler {{(pid=108725) start /opt/stack/nova/nova/service.py:221}}
May 09 07:20:16.917257 np0000172983 nova-scheduler[108745]: DEBUG oslo_db.sqlalchemy.engines [None req-02f9a089-bfbd-4236-9553-e26bceda8a11 None None] MySQL server mode set to STRICT_TRANS_TABLES,STRICT_ALL_TABLES,NO_ZERO_IN_DATE,NO_ZERO_DATE,ERROR_FOR_DIVISION_BY_ZERO,TRADITIONAL,NO_ENGINE_SUBSTITUTION {{(pid=108745) _check_effective_sql_mode /opt/stack/data/venv/lib/python3.12/site-packages/oslo_db/sqlalchemy/engines.py:325}}
May 09 07:20:16.917350 np0000172983 nova-scheduler[108725]: DEBUG nova.servicegroup.drivers.db [None req-45680a16-8e49-4e2d-a58c-14d40fd25e41 None None] DB_Driver: join new ServiceGroup member np0000172983 to the scheduler group, service = {{(pid=108725) join /opt/stack/nova/nova/servicegroup/drivers/db.py:44}}
May 09 07:20:16.918445 np0000172983 nova-scheduler[108752]: INFO dbcounter [None req-0f8f7dd6-4dab-4b7f-af89-8813e8219743 None None] Registered counter for database nova_cell0
May 09 07:20:16.923987 np0000172983 nova-scheduler[108736]: DEBUG nova.service [None req-ceaf8aaf-dea3-4ae1-bc88-ceb4468ccc6a None None] Join ServiceGroup membership for this service scheduler {{(pid=108736) start /opt/stack/nova/nova/service.py:221}}
May 09 07:20:16.924432 np0000172983 nova-scheduler[108736]: DEBUG nova.servicegroup.drivers.db [None req-ceaf8aaf-dea3-4ae1-bc88-ceb4468ccc6a None None] DB_Driver: join new ServiceGroup member np0000172983 to the scheduler group, service = {{(pid=108736) join /opt/stack/nova/nova/servicegroup/drivers/db.py:44}}
May 09 07:20:16.927822 np0000172983 nova-scheduler[108752]: DEBUG oslo_db.sqlalchemy.engines [None req-0f8f7dd6-4dab-4b7f-af89-8813e8219743 None None] MySQL server mode set to STRICT_TRANS_TABLES,STRICT_ALL_TABLES,NO_ZERO_IN_DATE,NO_ZERO_DATE,ERROR_FOR_DIVISION_BY_ZERO,TRADITIONAL,NO_ENGINE_SUBSTITUTION {{(pid=108752) _check_effective_sql_mode /opt/stack/data/venv/lib/python3.12/site-packages/oslo_db/sqlalchemy/engines.py:325}}
May 09 07:20:16.930270 np0000172983 nova-scheduler[108745]: DEBUG dbcounter [-] [108745] Writer thread running {{(pid=108745) stat_writer /opt/stack/data/venv/lib/python3.12/site-packages/dbcounter.py:102}}
May 09 07:20:16.933802 np0000172983 nova-scheduler[108745]: DEBUG nova.service [None req-02f9a089-bfbd-4236-9553-e26bceda8a11 None None] Creating RPC server for service: nova-scheduler on topic: scheduler {{(pid=108745) start /opt/stack/nova/nova/service.py:195}}
May 09 07:20:16.938884 np0000172983 nova-scheduler[108752]: DEBUG dbcounter [-] [108752] Writer thread running {{(pid=108752) stat_writer /opt/stack/data/venv/lib/python3.12/site-packages/dbcounter.py:102}}
May 09 07:20:16.942925 np0000172983 nova-scheduler[108752]: DEBUG nova.service [None req-0f8f7dd6-4dab-4b7f-af89-8813e8219743 None None] Creating RPC server for service: nova-scheduler on topic: scheduler {{(pid=108752) start /opt/stack/nova/nova/service.py:195}}
May 09 07:20:16.959783 np0000172983 nova-scheduler[108745]: DEBUG nova.service [None req-02f9a089-bfbd-4236-9553-e26bceda8a11 None None] Join ServiceGroup membership for this service scheduler {{(pid=108745) start /opt/stack/nova/nova/service.py:221}}
May 09 07:20:16.959938 np0000172983 nova-scheduler[108745]: DEBUG nova.servicegroup.drivers.db [None req-02f9a089-bfbd-4236-9553-e26bceda8a11 None None] DB_Driver: join new ServiceGroup member np0000172983 to the scheduler group, service = {{(pid=108745) join /opt/stack/nova/nova/servicegroup/drivers/db.py:44}}
May 09 07:20:16.962393 np0000172983 nova-scheduler[108752]: DEBUG nova.service [None req-0f8f7dd6-4dab-4b7f-af89-8813e8219743 None None] Join ServiceGroup membership for this service scheduler {{(pid=108752) start /opt/stack/nova/nova/service.py:221}}
May 09 07:20:16.962581 np0000172983 nova-scheduler[108752]: DEBUG nova.servicegroup.drivers.db [None req-0f8f7dd6-4dab-4b7f-af89-8813e8219743 None None] DB_Driver: join new ServiceGroup member np0000172983 to the scheduler group, service = {{(pid=108752) join /opt/stack/nova/nova/servicegroup/drivers/db.py:44}}
May 09 07:20:21.940154 np0000172983 nova-scheduler[108725]: DEBUG oslo.service.backend._threading.loopingcall [-] Fixed interval looping call 'nova.servicegroup.drivers.db.DbDriver._report_state' sleeping for 119.98 seconds {{(pid=108725) _run_loop /opt/stack/data/venv/lib/python3.12/site-packages/oslo_service/backend/_threading/loopingcall.py:125}}
May 09 07:20:21.942139 np0000172983 nova-scheduler[108736]: DEBUG oslo.service.backend._threading.loopingcall [-] Fixed interval looping call 'nova.servicegroup.drivers.db.DbDriver._report_state' sleeping for 119.98 seconds {{(pid=108736) _run_loop /opt/stack/data/venv/lib/python3.12/site-packages/oslo_service/backend/_threading/loopingcall.py:125}}
May 09 07:20:21.975868 np0000172983 nova-scheduler[108745]: DEBUG oslo.service.backend._threading.loopingcall [-] Fixed interval looping call 'nova.servicegroup.drivers.db.DbDriver._report_state' sleeping for 119.99 seconds {{(pid=108745) _run_loop /opt/stack/data/venv/lib/python3.12/site-packages/oslo_service/backend/_threading/loopingcall.py:125}}
May 09 07:20:21.981937 np0000172983 nova-scheduler[108752]: DEBUG oslo.service.backend._threading.loopingcall [-] Fixed interval looping call 'nova.servicegroup.drivers.db.DbDriver._report_state' sleeping for 119.98 seconds {{(pid=108752) _run_loop /opt/stack/data/venv/lib/python3.12/site-packages/oslo_service/backend/_threading/loopingcall.py:125}}
May 09 07:20:22.962771 np0000172983 nova-scheduler[108745]: DEBUG oslo.service.backend._threading.loopingcall [None req-ffc03db2-fbe1-43c8-a1ff-cb224d2bf68b None None] Dynamic interval looping call 'nova.service.Service.periodic_tasks' sleeping for 60.00 seconds {{(pid=108745) _run_loop /opt/stack/data/venv/lib/python3.12/site-packages/oslo_service/backend/_threading/loopingcall.py:125}}
May 09 07:20:25.531240 np0000172983 nova-scheduler[107974]: DEBUG dbcounter [-] [107974] Writing DB stats nova_api:SELECT=3 {{(pid=107974) stat_writer /opt/stack/data/venv/lib/python3.12/site-packages/dbcounter.py:115}}
May 09 07:20:25.650579 np0000172983 nova-scheduler[107974]: DEBUG dbcounter [-] [107974] Writing DB stats nova_cell0:SELECT=1 {{(pid=107974) stat_writer /opt/stack/data/venv/lib/python3.12/site-packages/dbcounter.py:115}}
May 09 07:20:25.652069 np0000172983 nova-scheduler[107974]: DEBUG dbcounter [-] [107974] Writing DB stats nova_cell1:SELECT=1 {{(pid=107974) stat_writer /opt/stack/data/venv/lib/python3.12/site-packages/dbcounter.py:115}}
May 09 07:20:31.934233 np0000172983 nova-scheduler[108725]: DEBUG dbcounter [-] [108725] Writing DB stats nova_cell0:SELECT=4,nova_cell0:INSERT=1,nova_cell0:UPDATE=1 {{(pid=108725) stat_writer /opt/stack/data/venv/lib/python3.12/site-packages/dbcounter.py:115}}
May 09 07:20:31.940563 np0000172983 nova-scheduler[108736]: DEBUG dbcounter [-] [108736] Writing DB stats nova_cell0:SELECT=3,nova_cell0:UPDATE=1 {{(pid=108736) stat_writer /opt/stack/data/venv/lib/python3.12/site-packages/dbcounter.py:115}}
May 09 07:20:31.973376 np0000172983 nova-scheduler[108745]: DEBUG dbcounter [-] [108745] Writing DB stats nova_cell0:SELECT=3 {{(pid=108745) stat_writer /opt/stack/data/venv/lib/python3.12/site-packages/dbcounter.py:115}}
May 09 07:20:31.977498 np0000172983 nova-scheduler[108752]: DEBUG dbcounter [-] [108752] Writing DB stats nova_cell0:SELECT=3 {{(pid=108752) stat_writer /opt/stack/data/venv/lib/python3.12/site-packages/dbcounter.py:115}}
May 09 07:20:36.965603 np0000172983 nova-scheduler[108752]: DEBUG oslo.service.backend._threading.loopingcall [None req-ce3183ae-31d4-4055-ac58-0302d4516316 None None] Dynamic interval looping call 'nova.service.Service.periodic_tasks' sleeping for 60.00 seconds {{(pid=108752) _run_loop /opt/stack/data/venv/lib/python3.12/site-packages/oslo_service/backend/_threading/loopingcall.py:125}}
May 09 07:20:50.920077 np0000172983 nova-scheduler[108725]: DEBUG oslo.service.backend._threading.loopingcall [None req-6e8bbc7a-7dd5-426c-bb0c-9bc4f4a27263 None None] Dynamic interval looping call 'nova.service.Service.periodic_tasks' sleeping for 60.00 seconds {{(pid=108725) _run_loop /opt/stack/data/venv/lib/python3.12/site-packages/oslo_service/backend/_threading/loopingcall.py:125}}
May 09 07:21:13.926994 np0000172983 nova-scheduler[108736]: DEBUG oslo.service.backend._threading.loopingcall [None req-8d81b537-3a95-4ccc-9b91-5958cc388f06 None None] Dynamic interval looping call 'nova.service.Service.periodic_tasks' sleeping for 60.00 seconds {{(pid=108736) _run_loop /opt/stack/data/venv/lib/python3.12/site-packages/oslo_service/backend/_threading/loopingcall.py:125}}
May 09 07:21:22.963818 np0000172983 nova-scheduler[108745]: DEBUG oslo.service.backend._threading.loopingcall [None req-ffc03db2-fbe1-43c8-a1ff-cb224d2bf68b None None] Dynamic interval looping call 'nova.service.Service.periodic_tasks' sleeping for 60.00 seconds {{(pid=108745) _run_loop /opt/stack/data/venv/lib/python3.12/site-packages/oslo_service/backend/_threading/loopingcall.py:125}}
May 09 07:21:36.966642 np0000172983 nova-scheduler[108752]: DEBUG oslo.service.backend._threading.loopingcall [None req-ce3183ae-31d4-4055-ac58-0302d4516316 None None] Dynamic interval looping call 'nova.service.Service.periodic_tasks' sleeping for 60.00 seconds {{(pid=108752) _run_loop /opt/stack/data/venv/lib/python3.12/site-packages/oslo_service/backend/_threading/loopingcall.py:125}}
May 09 07:21:50.920683 np0000172983 nova-scheduler[108725]: DEBUG oslo.service.backend._threading.loopingcall [None req-6e8bbc7a-7dd5-426c-bb0c-9bc4f4a27263 None None] Dynamic interval looping call 'nova.service.Service.periodic_tasks' sleeping for 60.00 seconds {{(pid=108725) _run_loop /opt/stack/data/venv/lib/python3.12/site-packages/oslo_service/backend/_threading/loopingcall.py:125}}
May 09 07:22:13.928244 np0000172983 nova-scheduler[108736]: DEBUG oslo.service.backend._threading.loopingcall [None req-8d81b537-3a95-4ccc-9b91-5958cc388f06 None None] Dynamic interval looping call 'nova.service.Service.periodic_tasks' sleeping for 60.00 seconds {{(pid=108736) _run_loop /opt/stack/data/venv/lib/python3.12/site-packages/oslo_service/backend/_threading/loopingcall.py:125}}
May 09 07:22:21.933247 np0000172983 nova-scheduler[108725]: DEBUG oslo.service.backend._threading.loopingcall [-] Fixed interval looping call 'nova.servicegroup.drivers.db.DbDriver._report_state' sleeping for 119.99 seconds {{(pid=108725) _run_loop /opt/stack/data/venv/lib/python3.12/site-packages/oslo_service/backend/_threading/loopingcall.py:125}}
May 09 07:22:21.934780 np0000172983 nova-scheduler[108736]: DEBUG oslo.service.backend._threading.loopingcall [-] Fixed interval looping call 'nova.servicegroup.drivers.db.DbDriver._report_state' sleeping for 119.99 seconds {{(pid=108736) _run_loop /opt/stack/data/venv/lib/python3.12/site-packages/oslo_service/backend/_threading/loopingcall.py:125}}
May 09 07:22:21.969106 np0000172983 nova-scheduler[108752]: DEBUG oslo.service.backend._threading.loopingcall [-] Fixed interval looping call 'nova.servicegroup.drivers.db.DbDriver._report_state' sleeping for 119.99 seconds {{(pid=108752) _run_loop /opt/stack/data/venv/lib/python3.12/site-packages/oslo_service/backend/_threading/loopingcall.py:125}}
May 09 07:22:21.974348 np0000172983 nova-scheduler[108745]: DEBUG oslo.service.backend._threading.loopingcall [-] Fixed interval looping call 'nova.servicegroup.drivers.db.DbDriver._report_state' sleeping for 119.99 seconds {{(pid=108745) _run_loop /opt/stack/data/venv/lib/python3.12/site-packages/oslo_service/backend/_threading/loopingcall.py:125}}
May 09 07:22:22.964512 np0000172983 nova-scheduler[108745]: DEBUG oslo.service.backend._threading.loopingcall [None req-ffc03db2-fbe1-43c8-a1ff-cb224d2bf68b None None] Dynamic interval looping call 'nova.service.Service.periodic_tasks' sleeping for 60.00 seconds {{(pid=108745) _run_loop /opt/stack/data/venv/lib/python3.12/site-packages/oslo_service/backend/_threading/loopingcall.py:125}}
May 09 07:22:31.927293 np0000172983 nova-scheduler[108725]: DEBUG dbcounter [-] [108725] Writing DB stats nova_cell0:SELECT=1,nova_cell0:UPDATE=1 {{(pid=108725) stat_writer /opt/stack/data/venv/lib/python3.12/site-packages/dbcounter.py:115}}
May 09 07:22:31.929531 np0000172983 nova-scheduler[108736]: DEBUG dbcounter [-] [108736] Writing DB stats nova_cell0:SELECT=1,nova_cell0:UPDATE=1 {{(pid=108736) stat_writer /opt/stack/data/venv/lib/python3.12/site-packages/dbcounter.py:115}}
May 09 07:22:31.966590 np0000172983 nova-scheduler[108752]: DEBUG dbcounter [-] [108752] Writing DB stats nova_cell0:SELECT=1 {{(pid=108752) stat_writer /opt/stack/data/venv/lib/python3.12/site-packages/dbcounter.py:115}}
May 09 07:22:31.971096 np0000172983 nova-scheduler[108745]: DEBUG dbcounter [-] [108745] Writing DB stats nova_cell0:SELECT=1 {{(pid=108745) stat_writer /opt/stack/data/venv/lib/python3.12/site-packages/dbcounter.py:115}}
May 09 07:22:36.967448 np0000172983 nova-scheduler[108752]: DEBUG oslo.service.backend._threading.loopingcall [None req-ce3183ae-31d4-4055-ac58-0302d4516316 None None] Dynamic interval looping call 'nova.service.Service.periodic_tasks' sleeping for 60.00 seconds {{(pid=108752) _run_loop /opt/stack/data/venv/lib/python3.12/site-packages/oslo_service/backend/_threading/loopingcall.py:125}}
May 09 07:22:50.921328 np0000172983 nova-scheduler[108725]: DEBUG oslo.service.backend._threading.loopingcall [None req-6e8bbc7a-7dd5-426c-bb0c-9bc4f4a27263 None None] Dynamic interval looping call 'nova.service.Service.periodic_tasks' sleeping for 60.00 seconds {{(pid=108725) _run_loop /opt/stack/data/venv/lib/python3.12/site-packages/oslo_service/backend/_threading/loopingcall.py:125}}
May 09 07:23:13.929431 np0000172983 nova-scheduler[108736]: DEBUG oslo.service.backend._threading.loopingcall [None req-8d81b537-3a95-4ccc-9b91-5958cc388f06 None None] Dynamic interval looping call 'nova.service.Service.periodic_tasks' sleeping for 60.00 seconds {{(pid=108736) _run_loop /opt/stack/data/venv/lib/python3.12/site-packages/oslo_service/backend/_threading/loopingcall.py:125}}
May 09 07:23:22.967500 np0000172983 nova-scheduler[108745]: DEBUG oslo.service.backend._threading.loopingcall [None req-ffc03db2-fbe1-43c8-a1ff-cb224d2bf68b None None] Dynamic interval looping call 'nova.service.Service.periodic_tasks' sleeping for 60.00 seconds {{(pid=108745) _run_loop /opt/stack/data/venv/lib/python3.12/site-packages/oslo_service/backend/_threading/loopingcall.py:125}}
May 09 07:23:36.968197 np0000172983 nova-scheduler[108752]: DEBUG oslo.service.backend._threading.loopingcall [None req-ce3183ae-31d4-4055-ac58-0302d4516316 None None] Dynamic interval looping call 'nova.service.Service.periodic_tasks' sleeping for 60.00 seconds {{(pid=108752) _run_loop /opt/stack/data/venv/lib/python3.12/site-packages/oslo_service/backend/_threading/loopingcall.py:125}}
May 09 07:23:50.922196 np0000172983 nova-scheduler[108725]: DEBUG oslo.service.backend._threading.loopingcall [None req-6e8bbc7a-7dd5-426c-bb0c-9bc4f4a27263 None None] Dynamic interval looping call 'nova.service.Service.periodic_tasks' sleeping for 60.00 seconds {{(pid=108725) _run_loop /opt/stack/data/venv/lib/python3.12/site-packages/oslo_service/backend/_threading/loopingcall.py:125}}
May 09 07:24:13.929971 np0000172983 nova-scheduler[108736]: DEBUG oslo.service.backend._threading.loopingcall [None req-8d81b537-3a95-4ccc-9b91-5958cc388f06 None None] Dynamic interval looping call 'nova.service.Service.periodic_tasks' sleeping for 60.00 seconds {{(pid=108736) _run_loop /opt/stack/data/venv/lib/python3.12/site-packages/oslo_service/backend/_threading/loopingcall.py:125}}
May 09 07:24:15.298980 np0000172983 nova-scheduler[108725]: DEBUG nova.scheduler.manager [None req-512ffb90-3bac-45a4-ad72-0b9b2fa9cb84 demo demo] Starting to schedule for instances: ['682997e8-f4b4-453f-8b4a-4c56c2f33e7e'] {{(pid=108725) select_destinations /opt/stack/nova/nova/scheduler/manager.py:210}}
May 09 07:24:15.301606 np0000172983 nova-scheduler[108725]: DEBUG oslo_db.sqlalchemy.engines [None req-512ffb90-3bac-45a4-ad72-0b9b2fa9cb84 demo demo] Parent process 107974 forked (108725) with an open database connection, which is being discarded and recreated. {{(pid=108725) checkout /opt/stack/data/venv/lib/python3.12/site-packages/oslo_db/sqlalchemy/engines.py:402}}
May 09 07:24:15.308966 np0000172983 nova-scheduler[108725]: DEBUG dbcounter [-] [108725] Writer thread running {{(pid=108725) stat_writer /opt/stack/data/venv/lib/python3.12/site-packages/dbcounter.py:102}}
May 09 07:24:15.312202 np0000172983 nova-scheduler[108725]: DEBUG nova.scheduler.request_filter [None req-512ffb90-3bac-45a4-ad72-0b9b2fa9cb84 demo demo] Request filter 'map_az_to_placement_aggregate' took 0.0 seconds {{(pid=108725) wrapper /opt/stack/nova/nova/scheduler/request_filter.py:46}}
May 09 07:24:15.312505 np0000172983 nova-scheduler[108725]: DEBUG nova.scheduler.request_filter [None req-512ffb90-3bac-45a4-ad72-0b9b2fa9cb84 demo demo] compute_status_filter request filter added forbidden trait COMPUTE_STATUS_DISABLED {{(pid=108725) compute_status_filter /opt/stack/nova/nova/scheduler/request_filter.py:253}}
May 09 07:24:15.312575 np0000172983 nova-scheduler[108725]: DEBUG nova.scheduler.request_filter [None req-512ffb90-3bac-45a4-ad72-0b9b2fa9cb84 demo demo] Request filter 'compute_status_filter' took 0.0 seconds {{(pid=108725) wrapper /opt/stack/nova/nova/scheduler/request_filter.py:46}}
May 09 07:24:15.312774 np0000172983 nova-scheduler[108725]: DEBUG nova.scheduler.request_filter [None req-512ffb90-3bac-45a4-ad72-0b9b2fa9cb84 demo demo] Request filter 'accelerators_filter' took 0.0 seconds {{(pid=108725) wrapper /opt/stack/nova/nova/scheduler/request_filter.py:46}}
May 09 07:24:15.312933 np0000172983 nova-scheduler[108725]: DEBUG nova.scheduler.request_filter [None req-512ffb90-3bac-45a4-ad72-0b9b2fa9cb84 demo demo] Request filter 'packed_virtqueue_filter' took 0.0 seconds {{(pid=108725) wrapper /opt/stack/nova/nova/scheduler/request_filter.py:46}}
May 09 07:24:15.315359 np0000172983 nova-scheduler[108725]: WARNING neutronclient.v2_0.client [None req-512ffb90-3bac-45a4-ad72-0b9b2fa9cb84 demo demo] The python binding code in neutronclient is deprecated in favor of OpenstackSDK, please use that as this will be removed in a future release.
