May 09 07:19:44.320462 np0000172983 devstack@neutron-api.service[103499]: DEBUG neutron.api.extensions [None req-c42f67a5-71af-4bf1-8fb2-09ba41de1971 None None] Ext name="Floating IP Port Forwarding support port ranges" alias="floating-ip-port-forwarding-port-ranges" description="Add support to port ranges" updated="2020-07-01T10:00:00-00:00" {{(pid=103499) _check_extension /opt/stack/neutron/neutron/api/extensions.py:415}}
May 09 07:19:44.320510 np0000172983 devstack@neutron-api.service[103500]: DEBUG neutron.quota.resource_registry [None req-75021a76-0092-46f4-9521-18a53493b89f None None] Tracking information for resource: router configured {{(pid=103500) set_tracked_resource /opt/stack/neutron/neutron/quota/resource_registry.py:203}}
May 09 07:19:44.320630 np0000172983 devstack@neutron-api.service[103499]: INFO neutron.api.extensions [None req-c42f67a5-71af-4bf1-8fb2-09ba41de1971 None None] Extension floating-ip-port-forwarding-port-ranges not supported by any of loaded plugins
May 09 07:19:44.320659 np0000172983 devstack@neutron-api.service[103500]: DEBUG neutron.quota.resource_registry [None req-75021a76-0092-46f4-9521-18a53493b89f None None] Tracking information for resource: floatingip configured {{(pid=103500) set_tracked_resource /opt/stack/neutron/neutron/quota/resource_registry.py:203}}
May 09 07:19:44.320719 np0000172983 devstack@neutron-api.service[103499]: DEBUG neutron.api.extensions [None req-c42f67a5-71af-4bf1-8fb2-09ba41de1971 None None] Loading extension file: fip_port_details.py {{(pid=103499) _load_all_extensions_from_path /opt/stack/neutron/neutron/api/extensions.py:449}}
May 09 07:19:44.320745 np0000172983 devstack@neutron-api.service[103500]: INFO neutron.services.ovn_l3.plugin [None req-75021a76-0092-46f4-9521-18a53493b89f None None] Starting OVNL3RouterPlugin
May 09 07:19:44.321007 np0000172983 devstack@neutron-api.service[103500]: DEBUG neutron_lib.callbacks.manager [None req-75021a76-0092-46f4-9521-18a53493b89f None None] Subscribe: > port_forwarding_plugin after_init 55550000, False {{(pid=103500) subscribe /opt/stack/data/venv/lib/python3.12/site-packages/neutron_lib/callbacks/manager.py:52}}
May 09 07:19:44.321158 np0000172983 devstack@neutron-api.service[103499]: DEBUG neutron.api.extensions [None req-c42f67a5-71af-4bf1-8fb2-09ba41de1971 None None] Ext name="Floating IP Port Details Extension" alias="fip-port-details" description="Add port_details attribute to Floating IP resource" updated="2018-04-09T10:00:00-00:00" {{(pid=103499) _check_extension /opt/stack/neutron/neutron/api/extensions.py:415}}
May 09 07:19:44.321192 np0000172983 devstack@neutron-api.service[103500]: DEBUG neutron_lib.callbacks.manager [None req-75021a76-0092-46f4-9521-18a53493b89f None None] Subscribe: > router before_create 55550100, False {{(pid=103500) subscribe /opt/stack/data/venv/lib/python3.12/site-packages/neutron_lib/callbacks/manager.py:52}}
May 09 07:19:44.321281 np0000172983 devstack@neutron-api.service[103500]: DEBUG neutron_lib.callbacks.manager [None req-75021a76-0092-46f4-9521-18a53493b89f None None] Subscribe: > router precommit_delete 55550100, False {{(pid=103500) subscribe /opt/stack/data/venv/lib/python3.12/site-packages/neutron_lib/callbacks/manager.py:52}}
May 09 07:19:44.321336 np0000172983 devstack@neutron-api.service[103499]: INFO neutron.api.extensions [None req-c42f67a5-71af-4bf1-8fb2-09ba41de1971 None None] Loaded extension: fip-port-details
May 09 07:19:44.321387 np0000172983 devstack@neutron-api.service[103500]: DEBUG neutron_lib.callbacks.manager [None req-75021a76-0092-46f4-9521-18a53493b89f None None] Subscribe: > router precommit_create 55550100, False {{(pid=103500) subscribe /opt/stack/data/venv/lib/python3.12/site-packages/neutron_lib/callbacks/manager.py:52}}
May 09 07:19:44.321421 np0000172983 devstack@neutron-api.service[103499]: DEBUG neutron.api.extensions [None req-c42f67a5-71af-4bf1-8fb2-09ba41de1971 None None] Loading extension file: flavors.py {{(pid=103499) _load_all_extensions_from_path /opt/stack/neutron/neutron/api/extensions.py:449}}
May 09 07:19:44.321532 np0000172983 devstack@neutron-api.service[103500]: DEBUG neutron_lib.callbacks.manager [None req-75021a76-0092-46f4-9521-18a53493b89f None None] Subscribe: > router precommit_update 55550100, False {{(pid=103500) subscribe /opt/stack/data/venv/lib/python3.12/site-packages/neutron_lib/callbacks/manager.py:52}}
May 09 07:19:44.321704 np0000172983 devstack@neutron-api.service[103499]: DEBUG neutron.api.extensions [None req-c42f67a5-71af-4bf1-8fb2-09ba41de1971 None None] Ext name="Neutron Service Flavors" alias="flavors" description="Flavor specification for Neutron advanced services." updated="2015-09-17T10:00:00-00:00" {{(pid=103499) _check_extension /opt/stack/neutron/neutron/api/extensions.py:415}}
May 09 07:19:44.321875 np0000172983 devstack@neutron-api.service[103499]: INFO neutron.api.extensions [None req-c42f67a5-71af-4bf1-8fb2-09ba41de1971 None None] Loaded extension: flavors
May 09 07:19:44.321968 np0000172983 devstack@neutron-api.service[103499]: DEBUG neutron.api.extensions [None req-c42f67a5-71af-4bf1-8fb2-09ba41de1971 None None] Loading extension file: floating_ip_port_forwarding.py {{(pid=103499) _load_all_extensions_from_path /opt/stack/neutron/neutron/api/extensions.py:449}}
May 09 07:19:44.322330 np0000172983 devstack@neutron-api.service[103499]: DEBUG neutron.api.extensions [None req-c42f67a5-71af-4bf1-8fb2-09ba41de1971 None None] Ext name="Floating IP Port Forwarding" alias="floating-ip-port-forwarding" description="Allow port forwarding from floating IP port to an internal port" updated="2018-01-19T10:00:00-00:00" {{(pid=103499) _check_extension /opt/stack/neutron/neutron/api/extensions.py:415}}
May 09 07:19:44.322501 np0000172983 devstack@neutron-api.service[103499]: INFO neutron.api.extensions [None req-c42f67a5-71af-4bf1-8fb2-09ba41de1971 None None] Extension floating-ip-port-forwarding not supported by any of loaded plugins
May 09 07:19:44.322591 np0000172983 devstack@neutron-api.service[103499]: DEBUG neutron.api.extensions [None req-c42f67a5-71af-4bf1-8fb2-09ba41de1971 None None] Loading extension file: floatingip_pools.py {{(pid=103499) _load_all_extensions_from_path /opt/stack/neutron/neutron/api/extensions.py:449}}
May 09 07:19:44.322877 np0000172983 devstack@neutron-api.service[103499]: DEBUG neutron.api.extensions [None req-c42f67a5-71af-4bf1-8fb2-09ba41de1971 None None] Ext name="Floating IP Pools Extension" alias="floatingip-pools" description="Provides a floating IP pools API." updated="2018-03-21T10:00:00-00:00" {{(pid=103499) _check_extension /opt/stack/neutron/neutron/api/extensions.py:415}}
May 09 07:19:44.323060 np0000172983 devstack@neutron-api.service[103499]: INFO neutron.api.extensions [None req-c42f67a5-71af-4bf1-8fb2-09ba41de1971 None None] Loaded extension: floatingip-pools
May 09 07:19:44.323130 np0000172983 devstack@neutron-api.service[103499]: DEBUG neutron.api.extensions [None req-c42f67a5-71af-4bf1-8fb2-09ba41de1971 None None] Loading extension file: ip_allocation.py {{(pid=103499) _load_all_extensions_from_path /opt/stack/neutron/neutron/api/extensions.py:449}}
May 09 07:19:44.323346 np0000172983 devstack@neutron-api.service[103499]: DEBUG neutron.api.extensions [None req-c42f67a5-71af-4bf1-8fb2-09ba41de1971 None None] Ext name="IP Allocation" alias="ip_allocation" description="IP allocation extension." updated="2016-06-10T23:00:00-00:00" {{(pid=103499) _check_extension /opt/stack/neutron/neutron/api/extensions.py:415}}
May 09 07:19:44.323512 np0000172983 devstack@neutron-api.service[103499]: INFO neutron.api.extensions [None req-c42f67a5-71af-4bf1-8fb2-09ba41de1971 None None] Extension ip_allocation not supported by any of loaded plugins
May 09 07:19:44.323600 np0000172983 devstack@neutron-api.service[103499]: DEBUG neutron.api.extensions [None req-c42f67a5-71af-4bf1-8fb2-09ba41de1971 None None] Loading extension file: ip_substring_port_filtering.py {{(pid=103499) _load_all_extensions_from_path /opt/stack/neutron/neutron/api/extensions.py:449}}
May 09 07:19:44.323830 np0000172983 devstack@neutron-api.service[103499]: DEBUG neutron.api.extensions [None req-c42f67a5-71af-4bf1-8fb2-09ba41de1971 None None] Ext name="IP address substring filtering" alias="ip-substring-filtering" description="Provides IP address substring filtering when listing ports" updated="2017-11-28T09:00:00-00:00" {{(pid=103499) _check_extension /opt/stack/neutron/neutron/api/extensions.py:415}}
May 09 07:19:44.324009 np0000172983 devstack@neutron-api.service[103499]: INFO neutron.api.extensions [None req-c42f67a5-71af-4bf1-8fb2-09ba41de1971 None None] Extension ip-substring-filtering not supported by any of loaded plugins
May 09 07:19:44.324079 np0000172983 devstack@neutron-api.service[103499]: DEBUG neutron.api.extensions [None req-c42f67a5-71af-4bf1-8fb2-09ba41de1971 None None] Loading extension file: l2_adjacency.py {{(pid=103499) _load_all_extensions_from_path /opt/stack/neutron/neutron/api/extensions.py:449}}
May 09 07:19:44.324328 np0000172983 devstack@neutron-api.service[103499]: DEBUG neutron.api.extensions [None req-c42f67a5-71af-4bf1-8fb2-09ba41de1971 None None] Ext name="L2 Adjacency" alias="l2_adjacency" description="Display L2 Adjacency for Neutron Networks." updated="2016-04-12T16:00:00-00:00" {{(pid=103499) _check_extension /opt/stack/neutron/neutron/api/extensions.py:415}}
May 09 07:19:44.324506 np0000172983 devstack@neutron-api.service[103499]: INFO neutron.api.extensions [None req-c42f67a5-71af-4bf1-8fb2-09ba41de1971 None None] Extension l2_adjacency not supported by any of loaded plugins
May 09 07:19:44.324543 np0000172983 devstack@neutron-api.service[103499]: DEBUG neutron.api.extensions [None req-c42f67a5-71af-4bf1-8fb2-09ba41de1971 None None] Loading extension file: l3.py {{(pid=103499) _load_all_extensions_from_path /opt/stack/neutron/neutron/api/extensions.py:449}}
May 09 07:19:44.324808 np0000172983 devstack@neutron-api.service[103500]: DEBUG neutron.services.provider_configuration [None req-75021a76-0092-46f4-9521-18a53493b89f None None] Service providers = [] {{(pid=103500) parse_service_provider_opt /opt/stack/neutron/neutron/services/provider_configuration.py:170}}
May 09 07:19:44.324917 np0000172983 devstack@neutron-api.service[103500]: DEBUG neutron.db.servicetype_db [None req-75021a76-0092-46f4-9521-18a53493b89f None None] Adding provider configuration for service L3_ROUTER_NAT {{(pid=103500) add_provider_configuration /opt/stack/neutron/neutron/db/servicetype_db.py:45}}
May 09 07:19:44.325034 np0000172983 devstack@neutron-api.service[103499]: DEBUG neutron.api.extensions [None req-c42f67a5-71af-4bf1-8fb2-09ba41de1971 None None] Ext name="Neutron L3 Router" alias="router" description="Router abstraction for basic L3 forwarding between L2 Neutron networks and access to external networks via a NAT gateway." updated="2012-07-20T10:00:00-00:00" {{(pid=103499) _check_extension /opt/stack/neutron/neutron/api/extensions.py:415}}
May 09 07:19:44.325179 np0000172983 devstack@neutron-api.service[103499]: INFO neutron.api.extensions [None req-c42f67a5-71af-4bf1-8fb2-09ba41de1971 None None] Loaded extension: router
May 09 07:19:44.325255 np0000172983 devstack@neutron-api.service[103499]: DEBUG neutron.api.extensions [None req-c42f67a5-71af-4bf1-8fb2-09ba41de1971 None None] Loading extension file: l3_conntrack_helper.py {{(pid=103499) _load_all_extensions_from_path /opt/stack/neutron/neutron/api/extensions.py:449}}
May 09 07:19:44.325887 np0000172983 devstack@neutron-api.service[103499]: DEBUG neutron.api.extensions [None req-c42f67a5-71af-4bf1-8fb2-09ba41de1971 None None] Ext name="L3 Conntrack helper" alias="l3-conntrack-helper" description="Allow adding CT target rules for conntrack helper" updated="2019-04-04T10:00:00-00:00" {{(pid=103499) _check_extension /opt/stack/neutron/neutron/api/extensions.py:415}}
May 09 07:19:44.326094 np0000172983 devstack@neutron-api.service[103499]: INFO neutron.api.extensions [None req-c42f67a5-71af-4bf1-8fb2-09ba41de1971 None None] Extension l3-conntrack-helper not supported by any of loaded plugins
May 09 07:19:44.326166 np0000172983 devstack@neutron-api.service[103499]: DEBUG neutron.api.extensions [None req-c42f67a5-71af-4bf1-8fb2-09ba41de1971 None None] Loading extension file: l3_enable_default_route_bfd.py {{(pid=103499) _load_all_extensions_from_path /opt/stack/neutron/neutron/api/extensions.py:449}}
May 09 07:19:44.326260 np0000172983 devstack@neutron-api.service[103500]: DEBUG neutron_lib.callbacks.manager [None req-75021a76-0092-46f4-9521-18a53493b89f None None] Subscribe: > router precommit_create 55549900, False {{(pid=103500) subscribe /opt/stack/data/venv/lib/python3.12/site-packages/neutron_lib/callbacks/manager.py:52}}
May 09 07:19:44.326397 np0000172983 devstack@neutron-api.service[103500]: DEBUG neutron_lib.callbacks.manager [None req-75021a76-0092-46f4-9521-18a53493b89f None None] Subscribe: > router_interface after_create 55550000, False {{(pid=103500) subscribe /opt/stack/data/venv/lib/python3.12/site-packages/neutron_lib/callbacks/manager.py:52}}
May 09 07:19:44.326443 np0000172983 devstack@neutron-api.service[103499]: DEBUG neutron.api.extensions [None req-c42f67a5-71af-4bf1-8fb2-09ba41de1971 None None] Ext name="Enable Default Route BFD" alias="enable-default-route-bfd" description="Enables configurable BFD behavior for default routes" updated="2023-02-27T00:00:00-00:00" {{(pid=103499) _check_extension /opt/stack/neutron/neutron/api/extensions.py:415}}
May 09 07:19:44.326514 np0000172983 devstack@neutron-api.service[103500]: DEBUG neutron_lib.callbacks.manager [None req-75021a76-0092-46f4-9521-18a53493b89f None None] Subscribe: > floatingip after_create 55550000, False {{(pid=103500) subscribe /opt/stack/data/venv/lib/python3.12/site-packages/neutron_lib/callbacks/manager.py:52}}
May 09 07:19:44.326585 np0000172983 devstack@neutron-api.service[103499]: INFO neutron.api.extensions [None req-c42f67a5-71af-4bf1-8fb2-09ba41de1971 None None] Loaded extension: enable-default-route-bfd
May 09 07:19:44.326620 np0000172983 devstack@neutron-api.service[103500]: DEBUG neutron_lib.callbacks.manager [None req-75021a76-0092-46f4-9521-18a53493b89f None None] Subscribe: > floatingip precommit_create 55550000, False {{(pid=103500) subscribe /opt/stack/data/venv/lib/python3.12/site-packages/neutron_lib/callbacks/manager.py:52}}
May 09 07:19:44.326706 np0000172983 devstack@neutron-api.service[103499]: DEBUG neutron.api.extensions [None req-c42f67a5-71af-4bf1-8fb2-09ba41de1971 None None] Loading extension file: l3_enable_default_route_ecmp.py {{(pid=103499) _load_all_extensions_from_path /opt/stack/neutron/neutron/api/extensions.py:449}}
May 09 07:19:44.326783 np0000172983 devstack@neutron-api.service[103500]: DEBUG neutron_lib.callbacks.manager [None req-75021a76-0092-46f4-9521-18a53493b89f None None] Subscribe: > floatingip precommit_update 55550000, False {{(pid=103500) subscribe /opt/stack/data/venv/lib/python3.12/site-packages/neutron_lib/callbacks/manager.py:52}}
May 09 07:19:44.326783 np0000172983 devstack@neutron-api.service[103500]: DEBUG neutron_lib.callbacks.manager [None req-75021a76-0092-46f4-9521-18a53493b89f None None] Subscribe: > floatingip after_delete 55550000, False {{(pid=103500) subscribe /opt/stack/data/venv/lib/python3.12/site-packages/neutron_lib/callbacks/manager.py:52}}
May 09 07:19:44.326914 np0000172983 devstack@neutron-api.service[103500]: DEBUG neutron_lib.callbacks.manager [None req-75021a76-0092-46f4-9521-18a53493b89f None None] Subscribe: > floatingip after_status_update 55550000, False {{(pid=103500) subscribe /opt/stack/data/venv/lib/python3.12/site-packages/neutron_lib/callbacks/manager.py:52}}
May 09 07:19:44.326977 np0000172983 devstack@neutron-api.service[103499]: DEBUG neutron.api.extensions [None req-c42f67a5-71af-4bf1-8fb2-09ba41de1971 None None] Ext name="Enable Default Route ECMP" alias="enable-default-route-ecmp" description="Enables configurable ECMP behavior for default routes" updated="2023-02-27T00:00:00-00:00" {{(pid=103499) _check_extension /opt/stack/neutron/neutron/api/extensions.py:415}}
May 09 07:19:44.327054 np0000172983 devstack@neutron-api.service[103500]: DEBUG neutron_lib.callbacks.manager [None req-75021a76-0092-46f4-9521-18a53493b89f None None] Subscribe: > floatingip after_update 55550000, False {{(pid=103500) subscribe /opt/stack/data/venv/lib/python3.12/site-packages/neutron_lib/callbacks/manager.py:52}}
May 09 07:19:44.327126 np0000172983 devstack@neutron-api.service[103499]: INFO neutron.api.extensions [None req-c42f67a5-71af-4bf1-8fb2-09ba41de1971 None None] Loaded extension: enable-default-route-ecmp
May 09 07:19:44.327161 np0000172983 devstack@neutron-api.service[103500]: DEBUG neutron_lib.callbacks.manager [None req-75021a76-0092-46f4-9521-18a53493b89f None None] Subscribe: > port_forwarding after_create 55550000, False {{(pid=103500) subscribe /opt/stack/data/venv/lib/python3.12/site-packages/neutron_lib/callbacks/manager.py:52}}
May 09 07:19:44.327249 np0000172983 devstack@neutron-api.service[103499]: DEBUG neutron.api.extensions [None req-c42f67a5-71af-4bf1-8fb2-09ba41de1971 None None] Loading extension file: l3_ext_gw_mode.py {{(pid=103499) _load_all_extensions_from_path /opt/stack/neutron/neutron/api/extensions.py:449}}
May 09 07:19:44.327326 np0000172983 devstack@neutron-api.service[103500]: DEBUG neutron_lib.callbacks.manager [None req-75021a76-0092-46f4-9521-18a53493b89f None None] Subscribe: > router_interface after_delete 55550000, False {{(pid=103500) subscribe /opt/stack/data/venv/lib/python3.12/site-packages/neutron_lib/callbacks/manager.py:52}}
May 09 07:19:44.327326 np0000172983 devstack@neutron-api.service[103500]: DEBUG neutron_lib.callbacks.manager [None req-75021a76-0092-46f4-9521-18a53493b89f None None] Subscribe: > router after_create 55550000, False {{(pid=103500) subscribe /opt/stack/data/venv/lib/python3.12/site-packages/neutron_lib/callbacks/manager.py:52}}
May 09 07:19:44.327473 np0000172983 devstack@neutron-api.service[103499]: DEBUG neutron.api.extensions [None req-c42f67a5-71af-4bf1-8fb2-09ba41de1971 None None] Ext name="Neutron L3 Configurable external gateway mode" alias="ext-gw-mode" description="Extension of the router abstraction for specifying whether SNAT should occur on the external gateway" updated="2013-03-28T10:00:00-00:00" {{(pid=103499) _check_extension /opt/stack/neutron/neutron/api/extensions.py:415}}
May 09 07:19:44.327555 np0000172983 devstack@neutron-api.service[103500]: DEBUG neutron_lib.callbacks.manager [None req-75021a76-0092-46f4-9521-18a53493b89f None None] Subscribe: > router precommit_create 55550000, False {{(pid=103500) subscribe /opt/stack/data/venv/lib/python3.12/site-packages/neutron_lib/callbacks/manager.py:52}}
May 09 07:19:44.327555 np0000172983 devstack@neutron-api.service[103500]: DEBUG neutron_lib.callbacks.manager [None req-75021a76-0092-46f4-9521-18a53493b89f None None] Subscribe: > router after_delete 55550000, False {{(pid=103500) subscribe /opt/stack/data/venv/lib/python3.12/site-packages/neutron_lib/callbacks/manager.py:52}}
May 09 07:19:44.327694 np0000172983 devstack@neutron-api.service[103499]: INFO neutron.api.extensions [None req-c42f67a5-71af-4bf1-8fb2-09ba41de1971 None None] Loaded extension: ext-gw-mode
May 09 07:19:44.327774 np0000172983 devstack@neutron-api.service[103500]: DEBUG neutron_lib.callbacks.manager [None req-75021a76-0092-46f4-9521-18a53493b89f None None] Subscribe: > router after_update 55550000, False {{(pid=103500) subscribe /opt/stack/data/venv/lib/python3.12/site-packages/neutron_lib/callbacks/manager.py:52}}
May 09 07:19:44.327854 np0000172983 devstack@neutron-api.service[103499]: DEBUG neutron.api.extensions [None req-c42f67a5-71af-4bf1-8fb2-09ba41de1971 None None] Loading extension file: l3_ext_ha_mode.py {{(pid=103499) _load_all_extensions_from_path /opt/stack/neutron/neutron/api/extensions.py:449}}
May 09 07:19:44.327923 np0000172983 devstack@neutron-api.service[103500]: DEBUG neutron.services.service_base [None req-75021a76-0092-46f4-9521-18a53493b89f None None] Loaded 'neutron.services.ovn_l3.service_providers.ovn.OvnDriver' provider for service L3_ROUTER_NAT {{(pid=103500) load_drivers /opt/stack/neutron/neutron/services/service_base.py:49}}
May 09 07:19:44.327923 np0000172983 devstack@neutron-api.service[103500]: DEBUG neutron_lib.callbacks.manager [None req-75021a76-0092-46f4-9521-18a53493b89f None None] Subscribe: > process after_init 55550001, True {{(pid=103500) subscribe /opt/stack/data/venv/lib/python3.12/site-packages/neutron_lib/callbacks/manager.py:52}}
May 09 07:19:44.328022 np0000172983 devstack@neutron-api.service[103499]: DEBUG neutron.api.extensions [None req-c42f67a5-71af-4bf1-8fb2-09ba41de1971 None None] Ext name="HA Router extension" alias="l3-ha" description="Adds HA capability to routers." updated="2014-04-26T00:00:00-00:00" {{(pid=103499) _check_extension /opt/stack/neutron/neutron/api/extensions.py:415}}
May 09 07:19:44.328136 np0000172983 devstack@neutron-api.service[103500]: DEBUG neutron.manager [None req-75021a76-0092-46f4-9521-18a53493b89f None None] Successfully loaded L3_ROUTER_NAT plugin. Description: L3 Router Service Plugin for basic L3 forwarding using OVN {{(pid=103500) _create_and_add_service_plugin /opt/stack/neutron/neutron/manager.py:239}}
May 09 07:19:44.328250 np0000172983 devstack@neutron-api.service[103499]: INFO neutron.api.extensions [None req-c42f67a5-71af-4bf1-8fb2-09ba41de1971 None None] Loaded extension: l3-ha
May 09 07:19:44.328287 np0000172983 devstack@neutron-api.service[103500]: INFO neutron.manager [None req-75021a76-0092-46f4-9521-18a53493b89f None None] Loading Plugin: auto_allocate
May 09 07:19:44.328362 np0000172983 devstack@neutron-api.service[103499]: DEBUG neutron.api.extensions [None req-c42f67a5-71af-4bf1-8fb2-09ba41de1971 None None] Loading extension file: l3_ext_ndp_proxy.py {{(pid=103499) _load_all_extensions_from_path /opt/stack/neutron/neutron/api/extensions.py:449}}
May 09 07:19:44.328362 np0000172983 devstack@neutron-api.service[103499]: DEBUG neutron.api.extensions [None req-c42f67a5-71af-4bf1-8fb2-09ba41de1971 None None] Ext name="Router support to enable NDP proxy" alias="l3-ext-ndp-proxy" description="Router extension to enable ndp proxy" updated="2020-08-25T00:00:00-00:00" {{(pid=103499) _check_extension /opt/stack/neutron/neutron/api/extensions.py:415}}
May 09 07:19:44.328542 np0000172983 devstack@neutron-api.service[103499]: INFO neutron.api.extensions [None req-c42f67a5-71af-4bf1-8fb2-09ba41de1971 None None] Extension l3-ext-ndp-proxy not supported by any of loaded plugins
May 09 07:19:44.328542 np0000172983 devstack@neutron-api.service[103499]: DEBUG neutron.api.extensions [None req-c42f67a5-71af-4bf1-8fb2-09ba41de1971 None None] Loading extension file: l3_extra_gws.py {{(pid=103499) _load_all_extensions_from_path /opt/stack/neutron/neutron/api/extensions.py:449}}
May 09 07:19:44.328771 np0000172983 devstack@neutron-api.service[103499]: DEBUG neutron.api.extensions [None req-c42f67a5-71af-4bf1-8fb2-09ba41de1971 None None] Ext name="Neutron L3 External Gateway Multihoming" alias="external-gateway-multihoming" description="Allow multiple external gateway ports per router" updated="2023-01-18T00:00:00-00:00" {{(pid=103499) _check_extension /opt/stack/neutron/neutron/api/extensions.py:415}}
May 09 07:19:44.328876 np0000172983 devstack@neutron-api.service[103500]: DEBUG neutron_lib.callbacks.manager [None req-75021a76-0092-46f4-9521-18a53493b89f None None] Subscribe: network precommit_update 55550000, False {{(pid=103500) subscribe /opt/stack/data/venv/lib/python3.12/site-packages/neutron_lib/callbacks/manager.py:52}}
May 09 07:19:44.328970 np0000172983 devstack@neutron-api.service[103499]: INFO neutron.api.extensions [None req-c42f67a5-71af-4bf1-8fb2-09ba41de1971 None None] Loaded extension: external-gateway-multihoming
May 09 07:19:44.329058 np0000172983 devstack@neutron-api.service[103500]: DEBUG neutron_lib.callbacks.manager [None req-75021a76-0092-46f4-9521-18a53493b89f None None] Subscribe: network precommit_create 55550000, False {{(pid=103500) subscribe /opt/stack/data/venv/lib/python3.12/site-packages/neutron_lib/callbacks/manager.py:52}}
May 09 07:19:44.329142 np0000172983 devstack@neutron-api.service[103499]: DEBUG neutron.api.extensions [None req-c42f67a5-71af-4bf1-8fb2-09ba41de1971 None None] Loading extension file: l3_flavors.py {{(pid=103499) _load_all_extensions_from_path /opt/stack/neutron/neutron/api/extensions.py:449}}
May 09 07:19:44.329246 np0000172983 devstack@neutron-api.service[103500]: DEBUG neutron.manager [None req-75021a76-0092-46f4-9521-18a53493b89f None None] Successfully loaded auto-allocated-topology plugin. Description: Auto Allocated Topology - aka get me a network. {{(pid=103500) _create_and_add_service_plugin /opt/stack/neutron/neutron/manager.py:239}}
May 09 07:19:44.329283 np0000172983 devstack@neutron-api.service[103499]: DEBUG neutron.api.extensions [None req-c42f67a5-71af-4bf1-8fb2-09ba41de1971 None None] Ext name="Router Flavor Extension" alias="l3-flavors" description="Flavor support for routers." updated="2016-05-17T00:00:00-00:00" {{(pid=103499) _check_extension /opt/stack/neutron/neutron/api/extensions.py:415}}
May 09 07:19:44.329393 np0000172983 devstack@neutron-api.service[103500]: INFO neutron.manager [None req-75021a76-0092-46f4-9521-18a53493b89f None None] Loading Plugin: tag
May 09 07:19:44.329435 np0000172983 devstack@neutron-api.service[103499]: INFO neutron.api.extensions [None req-c42f67a5-71af-4bf1-8fb2-09ba41de1971 None None] Loaded extension: l3-flavors
May 09 07:19:44.329569 np0000172983 devstack@neutron-api.service[103499]: DEBUG neutron.api.extensions [None req-c42f67a5-71af-4bf1-8fb2-09ba41de1971 None None] Loading extension file: l3_ndp_proxy.py {{(pid=103499) _load_all_extensions_from_path /opt/stack/neutron/neutron/api/extensions.py:449}}
May 09 07:19:44.329797 np0000172983 devstack@neutron-api.service[103499]: DEBUG neutron.api.extensions [None req-c42f67a5-71af-4bf1-8fb2-09ba41de1971 None None] Ext name="name" alias="l3-ndp-proxy" description="description" updated="2021-06-29T10:00:00-00:00" {{(pid=103499) _check_extension /opt/stack/neutron/neutron/api/extensions.py:415}}
May 09 07:19:44.330013 np0000172983 devstack@neutron-api.service[103499]: INFO neutron.api.extensions [None req-c42f67a5-71af-4bf1-8fb2-09ba41de1971 None None] Extension l3-ndp-proxy not supported by any of loaded plugins
May 09 07:19:44.330084 np0000172983 devstack@neutron-api.service[103499]: DEBUG neutron.api.extensions [None req-c42f67a5-71af-4bf1-8fb2-09ba41de1971 None None] Loading extension file: l3_port_ip_change_not_allowed.py {{(pid=103499) _load_all_extensions_from_path /opt/stack/neutron/neutron/api/extensions.py:449}}
May 09 07:19:44.330301 np0000172983 devstack@neutron-api.service[103502]: INFO neutron.plugins.ml2.drivers.type_vlan [None req-34974d69-0edc-441d-9ba2-65951db2576a None None] VlanTypeDriver initialization complete
May 09 07:19:44.330682 np0000172983 devstack@neutron-api.service[103499]: DEBUG neutron.api.extensions [None req-c42f67a5-71af-4bf1-8fb2-09ba41de1971 None None] Ext name="Prevent L3 router ports IP address change extension" alias="l3-port-ip-change-not-allowed" description="Prevent change of IP address for some L3 router ports" updated="2018-10-09T10:00:00-00:00" {{(pid=103499) _check_extension /opt/stack/neutron/neutron/api/extensions.py:415}}
May 09 07:19:44.330792 np0000172983 devstack@neutron-api.service[103502]: INFO neutron.plugins.ml2.managers [None req-34974d69-0edc-441d-9ba2-65951db2576a None None] Initializing extension driver 'port_security'
May 09 07:19:44.330867 np0000172983 devstack@neutron-api.service[103499]: INFO neutron.api.extensions [None req-c42f67a5-71af-4bf1-8fb2-09ba41de1971 None None] Extension l3-port-ip-change-not-allowed not supported by any of loaded plugins
May 09 07:19:44.330938 np0000172983 devstack@neutron-api.service[103502]: INFO neutron.plugins.ml2.extensions.port_security [None req-34974d69-0edc-441d-9ba2-65951db2576a None None] PortSecurityExtensionDriver initialization complete
May 09 07:19:44.331049 np0000172983 devstack@neutron-api.service[103499]: DEBUG neutron.api.extensions [None req-c42f67a5-71af-4bf1-8fb2-09ba41de1971 None None] Loading extension file: l3agentscheduler.py {{(pid=103499) _load_all_extensions_from_path /opt/stack/neutron/neutron/api/extensions.py:449}}
May 09 07:19:44.331124 np0000172983 devstack@neutron-api.service[103502]: INFO neutron.plugins.ml2.managers [None req-34974d69-0edc-441d-9ba2-65951db2576a None None] Initializing extension driver 'qos'
May 09 07:19:44.331124 np0000172983 devstack@neutron-api.service[103502]: DEBUG neutron.plugins.ml2.extensions.qos [None req-34974d69-0edc-441d-9ba2-65951db2576a None None] QosExtensionDriver initialization complete {{(pid=103502) initialize /opt/stack/neutron/neutron/plugins/ml2/extensions/qos.py:31}}
May 09 07:19:44.331124 np0000172983 devstack@neutron-api.service[103502]: INFO neutron.plugins.ml2.managers [None req-34974d69-0edc-441d-9ba2-65951db2576a None None] Initializing mechanism driver 'ovn'
May 09 07:19:44.331124 np0000172983 devstack@neutron-api.service[103502]: INFO neutron.plugins.ml2.drivers.ovn.mech_driver.mech_driver [None req-34974d69-0edc-441d-9ba2-65951db2576a None None] Starting OVNMechanismDriver
May 09 07:19:44.331326 np0000172983 devstack@neutron-api.service[103499]: DEBUG neutron.api.extensions [None req-c42f67a5-71af-4bf1-8fb2-09ba41de1971 None None] Ext name="L3 Agent Scheduler" alias="l3_agent_scheduler" description="Schedule routers among l3 agents" updated="2013-02-07T10:00:00-00:00" {{(pid=103499) _check_extension /opt/stack/neutron/neutron/api/extensions.py:415}}
May 09 07:19:44.331326 np0000172983 devstack@neutron-api.service[103499]: INFO neutron.api.extensions [None req-c42f67a5-71af-4bf1-8fb2-09ba41de1971 None None] Extension l3_agent_scheduler not supported by any of loaded plugins
May 09 07:19:44.331473 np0000172983 devstack@neutron-api.service[103499]: DEBUG neutron.api.extensions [None req-c42f67a5-71af-4bf1-8fb2-09ba41de1971 None None] Loading extension file: local_ip.py {{(pid=103499) _load_all_extensions_from_path /opt/stack/neutron/neutron/api/extensions.py:449}}
May 09 07:19:44.331702 np0000172983 devstack@neutron-api.service[103499]: DEBUG neutron.api.extensions [None req-c42f67a5-71af-4bf1-8fb2-09ba41de1971 None None] Ext name="Local IP" alias="local_ip" description="Support Node Local Virtual IP" updated="2021-07-26T10:00:00-00:00" {{(pid=103499) _check_extension /opt/stack/neutron/neutron/api/extensions.py:415}}
May 09 07:19:44.331868 np0000172983 devstack@neutron-api.service[103499]: INFO neutron.api.extensions [None req-c42f67a5-71af-4bf1-8fb2-09ba41de1971 None None] Extension local_ip not supported by any of loaded plugins
May 09 07:19:44.331965 np0000172983 devstack@neutron-api.service[103499]: DEBUG neutron.api.extensions [None req-c42f67a5-71af-4bf1-8fb2-09ba41de1971 None None] Loading extension file: logging.py {{(pid=103499) _load_all_extensions_from_path /opt/stack/neutron/neutron/api/extensions.py:449}}
May 09 07:19:44.332299 np0000172983 devstack@neutron-api.service[103499]: DEBUG neutron.api.extensions [None req-c42f67a5-71af-4bf1-8fb2-09ba41de1971 None None] Ext name="Logging API Extension" alias="logging" description="Provides a logging API for resources such as security group and firewall." updated="2017-01-01T10:00:00-00:00" {{(pid=103499) _check_extension /opt/stack/neutron/neutron/api/extensions.py:415}}
May 09 07:19:44.332374 np0000172983 devstack@neutron-api.service[103500]: DEBUG neutron.manager [None req-75021a76-0092-46f4-9521-18a53493b89f None None] Successfully loaded TAG plugin. Description: Tag support {{(pid=103500) _create_and_add_service_plugin /opt/stack/neutron/neutron/manager.py:239}}
May 09 07:19:44.332413 np0000172983 devstack@neutron-api.service[103499]: INFO neutron.api.extensions [None req-c42f67a5-71af-4bf1-8fb2-09ba41de1971 None None] Extension logging not supported by any of loaded plugins
May 09 07:19:44.332519 np0000172983 devstack@neutron-api.service[103500]: INFO neutron.manager [None req-75021a76-0092-46f4-9521-18a53493b89f None None] Loading Plugin: timestamp
May 09 07:19:44.332557 np0000172983 devstack@neutron-api.service[103499]: DEBUG neutron.api.extensions [None req-c42f67a5-71af-4bf1-8fb2-09ba41de1971 None None] Loading extension file: metering.py {{(pid=103499) _load_all_extensions_from_path /opt/stack/neutron/neutron/api/extensions.py:449}}
May 09 07:19:44.332941 np0000172983 devstack@neutron-api.service[103499]: DEBUG neutron.api.extensions [None req-c42f67a5-71af-4bf1-8fb2-09ba41de1971 None None] Ext name="Neutron Metering" alias="metering" description="Neutron Metering extension." updated="2013-06-12T10:00:00-00:00" {{(pid=103499) _check_extension /opt/stack/neutron/neutron/api/extensions.py:415}}
May 09 07:19:44.333132 np0000172983 devstack@neutron-api.service[103499]: INFO neutron.api.extensions [None req-c42f67a5-71af-4bf1-8fb2-09ba41de1971 None None] Extension metering not supported by any of loaded plugins
May 09 07:19:44.333169 np0000172983 devstack@neutron-api.service[103502]: DEBUG neutron_lib.callbacks.manager [None req-34974d69-0edc-441d-9ba2-65951db2576a None None] Subscribe: > process before_spawn 55550000, False {{(pid=103502) subscribe /opt/stack/data/venv/lib/python3.12/site-packages/neutron_lib/callbacks/manager.py:52}}
May 09 07:19:44.333251 np0000172983 devstack@neutron-api.service[103499]: DEBUG neutron.api.extensions [None req-c42f67a5-71af-4bf1-8fb2-09ba41de1971 None None] Loading extension file: metering_source_and_destination_fields.py {{(pid=103499) _load_all_extensions_from_path /opt/stack/neutron/neutron/api/extensions.py:449}}
May 09 07:19:44.333365 np0000172983 devstack@neutron-api.service[103502]: DEBUG neutron_lib.callbacks.manager [None req-34974d69-0edc-441d-9ba2-65951db2576a None None] Subscribe: > process after_init 55550000, True {{(pid=103502) subscribe /opt/stack/data/venv/lib/python3.12/site-packages/neutron_lib/callbacks/manager.py:52}}
May 09 07:19:44.333575 np0000172983 devstack@neutron-api.service[103499]: DEBUG neutron.api.extensions [None req-c42f67a5-71af-4bf1-8fb2-09ba41de1971 None None] Ext name="Neutron Metering with source and destination filtering" alias="metering_source_and_destination_fields" description="Neutron Metering extension that enables the use of source and destination IP prefixes to create metering label rules." updated="2020-08-21T08:12:00-00:00" {{(pid=103499) _check_extension /opt/stack/neutron/neutron/api/extensions.py:415}}
May 09 07:19:44.333652 np0000172983 devstack@neutron-api.service[103502]: DEBUG neutron_lib.callbacks.manager [None req-34974d69-0edc-441d-9ba2-65951db2576a None None] Subscribe: > segment after_create 55550000, False {{(pid=103502) subscribe /opt/stack/data/venv/lib/python3.12/site-packages/neutron_lib/callbacks/manager.py:52}}
May 09 07:19:44.333771 np0000172983 devstack@neutron-api.service[103499]: INFO neutron.api.extensions [None req-c42f67a5-71af-4bf1-8fb2-09ba41de1971 None None] Extension metering_source_and_destination_fields not supported by any of loaded plugins
May 09 07:19:44.334022 np0000172983 devstack@neutron-api.service[103502]: DEBUG neutron_lib.callbacks.manager [None req-34974d69-0edc-441d-9ba2-65951db2576a None None] Subscribe: > segment after_create 55550000, False {{(pid=103502) subscribe /opt/stack/data/venv/lib/python3.12/site-packages/neutron_lib/callbacks/manager.py:52}}
May 09 07:19:44.334247 np0000172983 devstack@neutron-api.service[103500]: DEBUG neutron.manager [None req-75021a76-0092-46f4-9521-18a53493b89f None None] Successfully loaded timestamp plugin. Description: Adds timestamps to Neutron resources with standard attributes {{(pid=103500) _create_and_add_service_plugin /opt/stack/neutron/neutron/manager.py:239}}
May 09 07:19:44.334374 np0000172983 devstack@neutron-api.service[103499]: DEBUG neutron.api.extensions [None req-c42f67a5-71af-4bf1-8fb2-09ba41de1971 None None] Loading extension file: multiprovidernet.py {{(pid=103499) _load_all_extensions_from_path /opt/stack/neutron/neutron/api/extensions.py:449}}
May 09 07:19:44.334492 np0000172983 devstack@neutron-api.service[103500]: INFO neutron.manager [None req-75021a76-0092-46f4-9521-18a53493b89f None None] Loading Plugin: network_ip_availability
May 09 07:19:44.334567 np0000172983 devstack@neutron-api.service[103502]: DEBUG neutron_lib.callbacks.manager [None req-34974d69-0edc-441d-9ba2-65951db2576a None None] Subscribe: > segment after_delete 55550000, False {{(pid=103502) subscribe /opt/stack/data/venv/lib/python3.12/site-packages/neutron_lib/callbacks/manager.py:52}}
May 09 07:19:44.334607 np0000172983 devstack@neutron-api.service[103499]: DEBUG neutron.api.extensions [None req-c42f67a5-71af-4bf1-8fb2-09ba41de1971 None None] Ext name="Multi Provider Network" alias="multi-provider" description="Expose mapping of virtual networks to multiple physical networks" updated="2013-06-27T10:00:00-00:00" {{(pid=103499) _check_extension /opt/stack/neutron/neutron/api/extensions.py:415}}
May 09 07:19:44.334727 np0000172983 devstack@neutron-api.service[103502]: DEBUG neutron_lib.callbacks.manager [None req-34974d69-0edc-441d-9ba2-65951db2576a None None] Subscribe: > allowed_address_pair before_create 55550000, False {{(pid=103502) subscribe /opt/stack/data/venv/lib/python3.12/site-packages/neutron_lib/callbacks/manager.py:52}}
May 09 07:19:44.334775 np0000172983 devstack@neutron-api.service[103499]: INFO neutron.api.extensions [None req-c42f67a5-71af-4bf1-8fb2-09ba41de1971 None None] Loaded extension: multi-provider
May 09 07:19:44.334885 np0000172983 devstack@neutron-api.service[103502]: DEBUG neutron_lib.callbacks.manager [None req-34974d69-0edc-441d-9ba2-65951db2576a None None] Subscribe: > security_group precommit_create 55550000, False {{(pid=103502) subscribe /opt/stack/data/venv/lib/python3.12/site-packages/neutron_lib/callbacks/manager.py:52}}
May 09 07:19:44.334925 np0000172983 devstack@neutron-api.service[103499]: DEBUG neutron.api.extensions [None req-c42f67a5-71af-4bf1-8fb2-09ba41de1971 None None] Loading extension file: netmtu.py {{(pid=103499) _load_all_extensions_from_path /opt/stack/neutron/neutron/api/extensions.py:449}}
May 09 07:19:44.335074 np0000172983 devstack@neutron-api.service[103502]: DEBUG neutron_lib.callbacks.manager [None req-34974d69-0edc-441d-9ba2-65951db2576a None None] Subscribe: > security_group after_update 55550000, False {{(pid=103502) subscribe /opt/stack/data/venv/lib/python3.12/site-packages/neutron_lib/callbacks/manager.py:52}}
May 09 07:19:44.335156 np0000172983 devstack@neutron-api.service[103499]: DEBUG neutron.api.extensions [None req-c42f67a5-71af-4bf1-8fb2-09ba41de1971 None None] Ext name="Network MTU" alias="net-mtu" description="Provides MTU attribute for a network resource." updated="2015-03-25T10:00:00-00:00" {{(pid=103499) _check_extension /opt/stack/neutron/neutron/api/extensions.py:415}}
May 09 07:19:44.335244 np0000172983 devstack@neutron-api.service[103502]: DEBUG neutron_lib.callbacks.manager [None req-34974d69-0edc-441d-9ba2-65951db2576a None None] Subscribe: > security_group after_create 55550000, False {{(pid=103502) subscribe /opt/stack/data/venv/lib/python3.12/site-packages/neutron_lib/callbacks/manager.py:52}}
May 09 07:19:44.335358 np0000172983 devstack@neutron-api.service[103499]: INFO neutron.api.extensions [None req-c42f67a5-71af-4bf1-8fb2-09ba41de1971 None None] Loaded extension: net-mtu
May 09 07:19:44.335405 np0000172983 devstack@neutron-api.service[103502]: DEBUG neutron_lib.callbacks.manager [None req-34974d69-0edc-441d-9ba2-65951db2576a None None] Subscribe: > security_group precommit_delete 55550000, False {{(pid=103502) subscribe /opt/stack/data/venv/lib/python3.12/site-packages/neutron_lib/callbacks/manager.py:52}}
May 09 07:19:44.335511 np0000172983 devstack@neutron-api.service[103499]: DEBUG neutron.api.extensions [None req-c42f67a5-71af-4bf1-8fb2-09ba41de1971 None None] Loading extension file: netmtu_writable.py {{(pid=103499) _load_all_extensions_from_path /opt/stack/neutron/neutron/api/extensions.py:449}}
May 09 07:19:44.335559 np0000172983 devstack@neutron-api.service[103502]: DEBUG neutron_lib.callbacks.manager [None req-34974d69-0edc-441d-9ba2-65951db2576a None None] Subscribe: > security_group after_delete 55550000, False {{(pid=103502) subscribe /opt/stack/data/venv/lib/python3.12/site-packages/neutron_lib/callbacks/manager.py:52}}
May 09 07:19:44.335559 np0000172983 devstack@neutron-api.service[103502]: DEBUG neutron_lib.callbacks.manager [None req-34974d69-0edc-441d-9ba2-65951db2576a None None] Subscribe: > security_group_rule precommit_create 55550000, False {{(pid=103502) subscribe /opt/stack/data/venv/lib/python3.12/site-packages/neutron_lib/callbacks/manager.py:52}}
May 09 07:19:44.335706 np0000172983 devstack@neutron-api.service[103499]: DEBUG neutron.api.extensions [None req-c42f67a5-71af-4bf1-8fb2-09ba41de1971 None None] Ext name="Network MTU (writable)" alias="net-mtu-writable" description="Provides a writable MTU attribute for a network resource." updated="2017-07-12T00:00:00-00:00" {{(pid=103499) _check_extension /opt/stack/neutron/neutron/api/extensions.py:415}}
May 09 07:19:44.335783 np0000172983 devstack@neutron-api.service[103502]: DEBUG neutron_lib.callbacks.manager [None req-34974d69-0edc-441d-9ba2-65951db2576a None None] Subscribe: > security_group_rule after_create 55550000, False {{(pid=103502) subscribe /opt/stack/data/venv/lib/python3.12/site-packages/neutron_lib/callbacks/manager.py:52}}
May 09 07:19:44.335866 np0000172983 devstack@neutron-api.service[103499]: INFO neutron.api.extensions [None req-c42f67a5-71af-4bf1-8fb2-09ba41de1971 None None] Loaded extension: net-mtu-writable
May 09 07:19:44.335866 np0000172983 devstack@neutron-api.service[103499]: DEBUG neutron.api.extensions [None req-c42f67a5-71af-4bf1-8fb2-09ba41de1971 None None] Loading extension file: network_availability_zone.py {{(pid=103499) _load_all_extensions_from_path /opt/stack/neutron/neutron/api/extensions.py:449}}
May 09 07:19:44.336027 np0000172983 devstack@neutron-api.service[103502]: DEBUG neutron_lib.callbacks.manager [None req-34974d69-0edc-441d-9ba2-65951db2576a None None] Subscribe: > security_group_rule before_delete 55550000, False {{(pid=103502) subscribe /opt/stack/data/venv/lib/python3.12/site-packages/neutron_lib/callbacks/manager.py:52}}
May 09 07:19:44.336114 np0000172983 devstack@neutron-api.service[103500]: DEBUG neutron.manager [None req-75021a76-0092-46f4-9521-18a53493b89f None None] Successfully loaded network-ip-availability plugin. Description: Provides IP availability data for each network and subnet. {{(pid=103500) _create_and_add_service_plugin /opt/stack/neutron/neutron/manager.py:239}}
May 09 07:19:44.336114 np0000172983 devstack@neutron-api.service[103500]: INFO neutron.manager [None req-75021a76-0092-46f4-9521-18a53493b89f None None] Loading Plugin: flavors
May 09 07:19:44.336258 np0000172983 devstack@neutron-api.service[103502]: DEBUG neutron_lib.callbacks.manager [None req-34974d69-0edc-441d-9ba2-65951db2576a None None] Subscribe: > address_group after_create 55550000, False {{(pid=103502) subscribe /opt/stack/data/venv/lib/python3.12/site-packages/neutron_lib/callbacks/manager.py:52}}
May 09 07:19:44.336340 np0000172983 devstack@neutron-api.service[103499]: DEBUG neutron.api.extensions [None req-c42f67a5-71af-4bf1-8fb2-09ba41de1971 None None] Ext name="Network Availability Zone" alias="network_availability_zone" description="Availability zone support for network." updated="2015-01-01T10:00:00-00:00" {{(pid=103499) _check_extension /opt/stack/neutron/neutron/api/extensions.py:415}}
May 09 07:19:44.336497 np0000172983 devstack@neutron-api.service[103502]: DEBUG neutron_lib.callbacks.manager [None req-34974d69-0edc-441d-9ba2-65951db2576a None None] Subscribe: > address_group after_update 55550000, False {{(pid=103502) subscribe /opt/stack/data/venv/lib/python3.12/site-packages/neutron_lib/callbacks/manager.py:52}}
May 09 07:19:44.336497 np0000172983 devstack@neutron-api.service[103502]: DEBUG neutron_lib.callbacks.manager [None req-34974d69-0edc-441d-9ba2-65951db2576a None None] Subscribe: > address_group after_delete 55550000, False {{(pid=103502) subscribe /opt/stack/data/venv/lib/python3.12/site-packages/neutron_lib/callbacks/manager.py:52}}
May 09 07:19:44.336688 np0000172983 devstack@neutron-api.service[103499]: INFO neutron.api.extensions [None req-c42f67a5-71af-4bf1-8fb2-09ba41de1971 None None] Loaded extension: network_availability_zone
May 09 07:19:44.336688 np0000172983 devstack@neutron-api.service[103499]: DEBUG neutron.api.extensions [None req-c42f67a5-71af-4bf1-8fb2-09ba41de1971 None None] Loading extension file: network_ha.py {{(pid=103499) _load_all_extensions_from_path /opt/stack/neutron/neutron/api/extensions.py:449}}
May 09 07:19:44.336828 np0000172983 devstack@neutron-api.service[103502]: DEBUG neutron_lib.callbacks.manager [None req-34974d69-0edc-441d-9ba2-65951db2576a None None] Subscribe: > qos_plugin after_init 55550000, False {{(pid=103502) subscribe /opt/stack/data/venv/lib/python3.12/site-packages/neutron_lib/callbacks/manager.py:52}}
May 09 07:19:44.336955 np0000172983 devstack@neutron-api.service[103499]: DEBUG neutron.api.extensions [None req-c42f67a5-71af-4bf1-8fb2-09ba41de1971 None None] Ext name="Network HA creation flag" alias="network_ha" description="Network high availability creation flag." updated="2023-04-27T10:00:00-00:00" {{(pid=103499) _check_extension /opt/stack/neutron/neutron/api/extensions.py:415}}
May 09 07:19:44.336955 np0000172983 devstack@neutron-api.service[103499]: INFO neutron.api.extensions [None req-c42f67a5-71af-4bf1-8fb2-09ba41de1971 None None] Extension network_ha not supported by any of loaded plugins
May 09 07:19:44.337120 np0000172983 devstack@neutron-api.service[103502]: DEBUG neutron_lib.callbacks.manager [None req-34974d69-0edc-441d-9ba2-65951db2576a None None] Subscribe: > trunk_plugin after_init 55550000, False {{(pid=103502) subscribe /opt/stack/data/venv/lib/python3.12/site-packages/neutron_lib/callbacks/manager.py:52}}
May 09 07:19:44.337195 np0000172983 devstack@neutron-api.service[103499]: DEBUG neutron.api.extensions [None req-c42f67a5-71af-4bf1-8fb2-09ba41de1971 None None] Loading extension file: network_ip_availability.py {{(pid=103499) _load_all_extensions_from_path /opt/stack/neutron/neutron/api/extensions.py:449}}
May 09 07:19:44.337269 np0000172983 devstack@neutron-api.service[103500]: DEBUG neutron.manager [None req-75021a76-0092-46f4-9521-18a53493b89f None None] Successfully loaded FLAVORS plugin. Description: Neutron Flavors and Service Profiles manager plugin {{(pid=103500) _create_and_add_service_plugin /opt/stack/neutron/neutron/manager.py:239}}
May 09 07:19:44.337269 np0000172983 devstack@neutron-api.service[103500]: INFO neutron.manager [None req-75021a76-0092-46f4-9521-18a53493b89f None None] Loading Plugin: revisions
May 09 07:19:44.337371 np0000172983 devstack@neutron-api.service[103502]: DEBUG neutron_lib.callbacks.manager [None req-34974d69-0edc-441d-9ba2-65951db2576a None None] Subscribe: > logging-plugin after_init 55550000, False {{(pid=103502) subscribe /opt/stack/data/venv/lib/python3.12/site-packages/neutron_lib/callbacks/manager.py:52}}
May 09 07:19:44.337526 np0000172983 devstack@neutron-api.service[103499]: DEBUG neutron.api.extensions [None req-c42f67a5-71af-4bf1-8fb2-09ba41de1971 None None] Ext name="Network IP Availability" alias="network-ip-availability" description="Provides IP availability data for each network and subnet." updated="2015-09-24T00:00:00-00:00" {{(pid=103499) _check_extension /opt/stack/neutron/neutron/api/extensions.py:415}}
May 09 07:19:44.337526 np0000172983 devstack@neutron-api.service[103499]: INFO neutron.api.extensions [None req-c42f67a5-71af-4bf1-8fb2-09ba41de1971 None None] Loaded extension: network-ip-availability
May 09 07:19:44.337526 np0000172983 devstack@neutron-api.service[103499]: DEBUG neutron.api.extensions [None req-c42f67a5-71af-4bf1-8fb2-09ba41de1971 None None] Loading extension file: network_ip_availability_details.py {{(pid=103499) _load_all_extensions_from_path /opt/stack/neutron/neutron/api/extensions.py:449}}
May 09 07:19:44.337526 np0000172983 devstack@neutron-api.service[103499]: DEBUG neutron.api.extensions [None req-c42f67a5-71af-4bf1-8fb2-09ba41de1971 None None] Ext name="Network IP Availability Details Extension" alias="network-ip-availability-details" description="Add ip_availability_details attribute to network-ip-availabilities resource." updated="2025-10-31T00:00:00-00:00" {{(pid=103499) _check_extension /opt/stack/neutron/neutron/api/extensions.py:415}}
May 09 07:19:44.337775 np0000172983 devstack@neutron-api.service[103502]: INFO neutron.services.logapi.drivers.ovn.driver [None req-34974d69-0edc-441d-9ba2-65951db2576a None None] OVN logging driver registered
May 09 07:19:44.337864 np0000172983 devstack@neutron-api.service[103499]: INFO neutron.api.extensions [None req-c42f67a5-71af-4bf1-8fb2-09ba41de1971 None None] Loaded extension: network-ip-availability-details
May 09 07:19:44.337864 np0000172983 devstack@neutron-api.service[103499]: DEBUG neutron.api.extensions [None req-c42f67a5-71af-4bf1-8fb2-09ba41de1971 None None] Loading extension file: network_segment_range.py {{(pid=103499) _load_all_extensions_from_path /opt/stack/neutron/neutron/api/extensions.py:449}}
May 09 07:19:44.338029 np0000172983 devstack@neutron-api.service[103500]: DEBUG neutron.manager [None req-75021a76-0092-46f4-9521-18a53493b89f None None] Successfully loaded revision_plugin plugin. Description: Adds revision numbers to resources. {{(pid=103500) _create_and_add_service_plugin /opt/stack/neutron/neutron/manager.py:239}}
