Aug 31 07:27:51.930292 np0000191539 nova-scheduler[106832]: DEBUG nova.servicegroup.drivers.db [None req-2349ed92-6290-4297-9641-ecacb5918666 None None] DB_Driver: join new ServiceGroup member np0000191539 to the scheduler group, service = {{(pid=106832) join /opt/stack/nova/nova/servicegroup/drivers/db.py:44}}
Aug 31 07:27:51.935294 np0000191539 nova-scheduler[106842]: DEBUG nova.service [None req-15754f19-8612-465c-afc1-d45124441f0d None None] Join ServiceGroup membership for this service scheduler {{(pid=106842) start /opt/stack/nova/nova/service.py:288}}
Aug 31 07:27:51.935447 np0000191539 nova-scheduler[106842]: DEBUG nova.servicegroup.drivers.db [None req-15754f19-8612-465c-afc1-d45124441f0d None None] DB_Driver: join new ServiceGroup member np0000191539 to the scheduler group, service = {{(pid=106842) join /opt/stack/nova/nova/servicegroup/drivers/db.py:44}}
Aug 31 07:27:56.950740 np0000191539 nova-scheduler[106832]: DEBUG oslo.service.backend._threading.loopingcall [-] Fixed interval looping call 'nova.servicegroup.drivers.db.DbDriver._report_state' sleeping for 119.98 seconds {{(pid=106832) _run_loop /opt/stack/data/venv/lib/python3.12/site-packages/oslo_service/backend/_threading/loopingcall.py:125}}
Aug 31 07:27:56.953208 np0000191539 nova-scheduler[106813]: DEBUG oslo.service.backend._threading.loopingcall [-] Fixed interval looping call 'nova.servicegroup.drivers.db.DbDriver._report_state' sleeping for 119.97 seconds {{(pid=106813) _run_loop /opt/stack/data/venv/lib/python3.12/site-packages/oslo_service/backend/_threading/loopingcall.py:125}}
Aug 31 07:27:56.955060 np0000191539 nova-scheduler[106842]: DEBUG oslo.service.backend._threading.loopingcall [-] Fixed interval looping call 'nova.servicegroup.drivers.db.DbDriver._report_state' sleeping for 119.98 seconds {{(pid=106842) _run_loop /opt/stack/data/venv/lib/python3.12/site-packages/oslo_service/backend/_threading/loopingcall.py:125}}
Aug 31 07:27:56.955577 np0000191539 nova-scheduler[106822]: DEBUG oslo.service.backend._threading.loopingcall [-] Fixed interval looping call 'nova.servicegroup.drivers.db.DbDriver._report_state' sleeping for 119.97 seconds {{(pid=106822) _run_loop /opt/stack/data/venv/lib/python3.12/site-packages/oslo_service/backend/_threading/loopingcall.py:125}}
Aug 31 07:28:00.448002 np0000191539 nova-scheduler[106202]: DEBUG dbcounter [-] [106202] Writing DB stats nova_api:SELECT=3 {{(pid=106202) stat_writer /opt/stack/data/venv/lib/python3.12/site-packages/dbcounter.py:115}}
Aug 31 07:28:00.590685 np0000191539 nova-scheduler[106202]: DEBUG dbcounter [-] [106202] Writing DB stats nova_cell0:SELECT=1 {{(pid=106202) stat_writer /opt/stack/data/venv/lib/python3.12/site-packages/dbcounter.py:115}}
Aug 31 07:28:00.596333 np0000191539 nova-scheduler[106202]: DEBUG dbcounter [-] [106202] Writing DB stats nova_cell1:SELECT=1 {{(pid=106202) stat_writer /opt/stack/data/venv/lib/python3.12/site-packages/dbcounter.py:115}}
Aug 31 07:28:00.932966 np0000191539 nova-scheduler[106832]: DEBUG oslo.service.backend._threading.loopingcall [None req-51a71cf5-9119-436e-b009-5ee1f34f1fae None None] Dynamic interval looping call 'nova.service.Service.periodic_tasks' sleeping for 60.00 seconds {{(pid=106832) _run_loop /opt/stack/data/venv/lib/python3.12/site-packages/oslo_service/backend/_threading/loopingcall.py:125}}
Aug 31 07:28:06.938621 np0000191539 nova-scheduler[106832]: DEBUG dbcounter [-] [106832] Writing DB stats nova_cell0:SELECT=4,nova_cell0:INSERT=1,nova_cell0:UPDATE=1 {{(pid=106832) stat_writer /opt/stack/data/venv/lib/python3.12/site-packages/dbcounter.py:115}}
Aug 31 07:28:06.943002 np0000191539 nova-scheduler[106813]: DEBUG dbcounter [-] [106813] Writing DB stats nova_cell0:SELECT=4,nova_cell0:INSERT=1,nova_cell0:UPDATE=1 {{(pid=106813) stat_writer /opt/stack/data/venv/lib/python3.12/site-packages/dbcounter.py:115}}
Aug 31 07:28:06.947267 np0000191539 nova-scheduler[106822]: DEBUG dbcounter [-] [106822] Writing DB stats nova_cell0:SELECT=3,nova_cell0:UPDATE=1 {{(pid=106822) stat_writer /opt/stack/data/venv/lib/python3.12/site-packages/dbcounter.py:115}}
Aug 31 07:28:06.950059 np0000191539 nova-scheduler[106842]: DEBUG dbcounter [-] [106842] Writing DB stats nova_cell0:SELECT=3 {{(pid=106842) stat_writer /opt/stack/data/venv/lib/python3.12/site-packages/dbcounter.py:115}}
Aug 31 07:28:23.937578 np0000191539 nova-scheduler[106842]: DEBUG oslo.service.backend._threading.loopingcall [None req-3ebe00d7-d9e6-48ec-8edb-182ad04fee6a None None] Dynamic interval looping call 'nova.service.Service.periodic_tasks' sleeping for 60.00 seconds {{(pid=106842) _run_loop /opt/stack/data/venv/lib/python3.12/site-packages/oslo_service/backend/_threading/loopingcall.py:125}}
Aug 31 07:28:33.928262 np0000191539 nova-scheduler[106813]: DEBUG oslo.service.backend._threading.loopingcall [None req-e3b2b35c-23d1-4ee1-881d-9ae5ff3c6211 None None] Dynamic interval looping call 'nova.service.Service.periodic_tasks' sleeping for 60.00 seconds {{(pid=106813) _run_loop /opt/stack/data/venv/lib/python3.12/site-packages/oslo_service/backend/_threading/loopingcall.py:125}}
Aug 31 07:28:51.929339 np0000191539 nova-scheduler[106822]: DEBUG oslo.service.backend._threading.loopingcall [None req-f3d7039d-3cf1-4984-9cd4-1c90b92153d4 None None] Dynamic interval looping call 'nova.service.Service.periodic_tasks' sleeping for 60.00 seconds {{(pid=106822) _run_loop /opt/stack/data/venv/lib/python3.12/site-packages/oslo_service/backend/_threading/loopingcall.py:125}}
Aug 31 07:29:00.933827 np0000191539 nova-scheduler[106832]: DEBUG oslo.service.backend._threading.loopingcall [None req-51a71cf5-9119-436e-b009-5ee1f34f1fae None None] Dynamic interval looping call 'nova.service.Service.periodic_tasks' sleeping for 60.00 seconds {{(pid=106832) _run_loop /opt/stack/data/venv/lib/python3.12/site-packages/oslo_service/backend/_threading/loopingcall.py:125}}
Aug 31 07:29:23.938374 np0000191539 nova-scheduler[106842]: DEBUG oslo.service.backend._threading.loopingcall [None req-3ebe00d7-d9e6-48ec-8edb-182ad04fee6a None None] Dynamic interval looping call 'nova.service.Service.periodic_tasks' sleeping for 60.00 seconds {{(pid=106842) _run_loop /opt/stack/data/venv/lib/python3.12/site-packages/oslo_service/backend/_threading/loopingcall.py:125}}
Aug 31 07:29:33.929130 np0000191539 nova-scheduler[106813]: DEBUG oslo.service.backend._threading.loopingcall [None req-e3b2b35c-23d1-4ee1-881d-9ae5ff3c6211 None None] Dynamic interval looping call 'nova.service.Service.periodic_tasks' sleeping for 60.00 seconds {{(pid=106813) _run_loop /opt/stack/data/venv/lib/python3.12/site-packages/oslo_service/backend/_threading/loopingcall.py:125}}
Aug 31 07:29:51.930158 np0000191539 nova-scheduler[106822]: DEBUG oslo.service.backend._threading.loopingcall [None req-f3d7039d-3cf1-4984-9cd4-1c90b92153d4 None None] Dynamic interval looping call 'nova.service.Service.periodic_tasks' sleeping for 60.00 seconds {{(pid=106822) _run_loop /opt/stack/data/venv/lib/python3.12/site-packages/oslo_service/backend/_threading/loopingcall.py:125}}
Aug 31 07:29:56.939687 np0000191539 nova-scheduler[106813]: DEBUG oslo.service.backend._threading.loopingcall [-] Fixed interval looping call 'nova.servicegroup.drivers.db.DbDriver._report_state' sleeping for 119.98 seconds {{(pid=106813) _run_loop /opt/stack/data/venv/lib/python3.12/site-packages/oslo_service/backend/_threading/loopingcall.py:125}}
Aug 31 07:29:56.940336 np0000191539 nova-scheduler[106822]: DEBUG oslo.service.backend._threading.loopingcall [-] Fixed interval looping call 'nova.servicegroup.drivers.db.DbDriver._report_state' sleeping for 119.99 seconds {{(pid=106822) _run_loop /opt/stack/data/venv/lib/python3.12/site-packages/oslo_service/backend/_threading/loopingcall.py:125}}
Aug 31 07:29:56.943792 np0000191539 nova-scheduler[106832]: DEBUG oslo.service.backend._threading.loopingcall [-] Fixed interval looping call 'nova.servicegroup.drivers.db.DbDriver._report_state' sleeping for 119.99 seconds {{(pid=106832) _run_loop /opt/stack/data/venv/lib/python3.12/site-packages/oslo_service/backend/_threading/loopingcall.py:125}}
Aug 31 07:29:56.945688 np0000191539 nova-scheduler[106842]: DEBUG oslo.service.backend._threading.loopingcall [-] Fixed interval looping call 'nova.servicegroup.drivers.db.DbDriver._report_state' sleeping for 119.99 seconds {{(pid=106842) _run_loop /opt/stack/data/venv/lib/python3.12/site-packages/oslo_service/backend/_threading/loopingcall.py:125}}
Aug 31 07:30:00.934659 np0000191539 nova-scheduler[106832]: DEBUG oslo.service.backend._threading.loopingcall [None req-51a71cf5-9119-436e-b009-5ee1f34f1fae None None] Dynamic interval looping call 'nova.service.Service.periodic_tasks' sleeping for 60.00 seconds {{(pid=106832) _run_loop /opt/stack/data/venv/lib/python3.12/site-packages/oslo_service/backend/_threading/loopingcall.py:125}}
Aug 31 07:30:06.932653 np0000191539 nova-scheduler[106813]: DEBUG dbcounter [-] [106813] Writing DB stats nova_cell0:SELECT=1,nova_cell0:UPDATE=1 {{(pid=106813) stat_writer /opt/stack/data/venv/lib/python3.12/site-packages/dbcounter.py:115}}
Aug 31 07:30:06.933830 np0000191539 nova-scheduler[106822]: DEBUG dbcounter [-] [106822] Writing DB stats nova_cell0:SELECT=1,nova_cell0:UPDATE=1 {{(pid=106822) stat_writer /opt/stack/data/venv/lib/python3.12/site-packages/dbcounter.py:115}}
Aug 31 07:30:06.935741 np0000191539 nova-scheduler[106832]: DEBUG dbcounter [-] [106832] Writing DB stats nova_cell0:SELECT=1,nova_cell0:UPDATE=1 {{(pid=106832) stat_writer /opt/stack/data/venv/lib/python3.12/site-packages/dbcounter.py:115}}
Aug 31 07:30:06.942696 np0000191539 nova-scheduler[106842]: DEBUG dbcounter [-] [106842] Writing DB stats nova_cell0:SELECT=1 {{(pid=106842) stat_writer /opt/stack/data/venv/lib/python3.12/site-packages/dbcounter.py:115}}
Aug 31 07:30:23.939336 np0000191539 nova-scheduler[106842]: DEBUG oslo.service.backend._threading.loopingcall [None req-3ebe00d7-d9e6-48ec-8edb-182ad04fee6a None None] Dynamic interval looping call 'nova.service.Service.periodic_tasks' sleeping for 60.00 seconds {{(pid=106842) _run_loop /opt/stack/data/venv/lib/python3.12/site-packages/oslo_service/backend/_threading/loopingcall.py:125}}
Aug 31 07:30:33.930109 np0000191539 nova-scheduler[106813]: DEBUG oslo.service.backend._threading.loopingcall [None req-e3b2b35c-23d1-4ee1-881d-9ae5ff3c6211 None None] Dynamic interval looping call 'nova.service.Service.periodic_tasks' sleeping for 60.00 seconds {{(pid=106813) _run_loop /opt/stack/data/venv/lib/python3.12/site-packages/oslo_service/backend/_threading/loopingcall.py:125}}
Aug 31 07:30:51.930946 np0000191539 nova-scheduler[106822]: DEBUG oslo.service.backend._threading.loopingcall [None req-f3d7039d-3cf1-4984-9cd4-1c90b92153d4 None None] Dynamic interval looping call 'nova.service.Service.periodic_tasks' sleeping for 60.00 seconds {{(pid=106822) _run_loop /opt/stack/data/venv/lib/python3.12/site-packages/oslo_service/backend/_threading/loopingcall.py:125}}
Aug 31 07:31:00.935481 np0000191539 nova-scheduler[106832]: DEBUG oslo.service.backend._threading.loopingcall [None req-51a71cf5-9119-436e-b009-5ee1f34f1fae None None] Dynamic interval looping call 'nova.service.Service.periodic_tasks' sleeping for 60.00 seconds {{(pid=106832) _run_loop /opt/stack/data/venv/lib/python3.12/site-packages/oslo_service/backend/_threading/loopingcall.py:125}}
Aug 31 07:31:23.940727 np0000191539 nova-scheduler[106842]: DEBUG oslo.service.backend._threading.loopingcall [None req-3ebe00d7-d9e6-48ec-8edb-182ad04fee6a None None] Dynamic interval looping call 'nova.service.Service.periodic_tasks' sleeping for 60.00 seconds {{(pid=106842) _run_loop /opt/stack/data/venv/lib/python3.12/site-packages/oslo_service/backend/_threading/loopingcall.py:125}}
Aug 31 07:31:33.930835 np0000191539 nova-scheduler[106813]: DEBUG oslo.service.backend._threading.loopingcall [None req-e3b2b35c-23d1-4ee1-881d-9ae5ff3c6211 None None] Dynamic interval looping call 'nova.service.Service.periodic_tasks' sleeping for 60.00 seconds {{(pid=106813) _run_loop /opt/stack/data/venv/lib/python3.12/site-packages/oslo_service/backend/_threading/loopingcall.py:125}}
Aug 31 07:31:51.931766 np0000191539 nova-scheduler[106822]: DEBUG oslo.service.backend._threading.loopingcall [None req-f3d7039d-3cf1-4984-9cd4-1c90b92153d4 None None] Dynamic interval looping call 'nova.service.Service.periodic_tasks' sleeping for 60.00 seconds {{(pid=106822) _run_loop /opt/stack/data/venv/lib/python3.12/site-packages/oslo_service/backend/_threading/loopingcall.py:125}}
Aug 31 07:31:56.933164 np0000191539 nova-scheduler[106813]: DEBUG oslo.service.backend._threading.loopingcall [-] Fixed interval looping call 'nova.servicegroup.drivers.db.DbDriver._report_state' sleeping for 119.99 seconds {{(pid=106813) _run_loop /opt/stack/data/venv/lib/python3.12/site-packages/oslo_service/backend/_threading/loopingcall.py:125}}
Aug 31 07:31:56.936159 np0000191539 nova-scheduler[106822]: DEBUG oslo.service.backend._threading.loopingcall [-] Fixed interval looping call 'nova.servicegroup.drivers.db.DbDriver._report_state' sleeping for 119.99 seconds {{(pid=106822) _run_loop /opt/stack/data/venv/lib/python3.12/site-packages/oslo_service/backend/_threading/loopingcall.py:125}}
Aug 31 07:31:56.940016 np0000191539 nova-scheduler[106832]: DEBUG oslo.service.backend._threading.loopingcall [-] Fixed interval looping call 'nova.servicegroup.drivers.db.DbDriver._report_state' sleeping for 119.99 seconds {{(pid=106832) _run_loop /opt/stack/data/venv/lib/python3.12/site-packages/oslo_service/backend/_threading/loopingcall.py:125}}
Aug 31 07:31:56.943297 np0000191539 nova-scheduler[106842]: DEBUG oslo.service.backend._threading.loopingcall [-] Fixed interval looping call 'nova.servicegroup.drivers.db.DbDriver._report_state' sleeping for 119.99 seconds {{(pid=106842) _run_loop /opt/stack/data/venv/lib/python3.12/site-packages/oslo_service/backend/_threading/loopingcall.py:125}}
Aug 31 07:32:00.936224 np0000191539 nova-scheduler[106832]: DEBUG oslo.service.backend._threading.loopingcall [None req-51a71cf5-9119-436e-b009-5ee1f34f1fae None None] Dynamic interval looping call 'nova.service.Service.periodic_tasks' sleeping for 60.00 seconds {{(pid=106832) _run_loop /opt/stack/data/venv/lib/python3.12/site-packages/oslo_service/backend/_threading/loopingcall.py:125}}
Aug 31 07:32:06.925498 np0000191539 nova-scheduler[106813]: DEBUG dbcounter [-] [106813] Writing DB stats nova_cell0:SELECT=1,nova_cell0:UPDATE=1 {{(pid=106813) stat_writer /opt/stack/data/venv/lib/python3.12/site-packages/dbcounter.py:115}}
Aug 31 07:32:06.934022 np0000191539 nova-scheduler[106822]: DEBUG dbcounter [-] [106822] Writing DB stats nova_cell0:SELECT=1 {{(pid=106822) stat_writer /opt/stack/data/venv/lib/python3.12/site-packages/dbcounter.py:115}}
Aug 31 07:32:06.936975 np0000191539 nova-scheduler[106832]: DEBUG dbcounter [-] [106832] Writing DB stats nova_cell0:SELECT=1 {{(pid=106832) stat_writer /opt/stack/data/venv/lib/python3.12/site-packages/dbcounter.py:115}}
Aug 31 07:32:06.940885 np0000191539 nova-scheduler[106842]: DEBUG dbcounter [-] [106842] Writing DB stats nova_cell0:SELECT=1 {{(pid=106842) stat_writer /opt/stack/data/venv/lib/python3.12/site-packages/dbcounter.py:115}}
Aug 31 07:32:23.940908 np0000191539 nova-scheduler[106842]: DEBUG oslo.service.backend._threading.loopingcall [None req-3ebe00d7-d9e6-48ec-8edb-182ad04fee6a None None] Dynamic interval looping call 'nova.service.Service.periodic_tasks' sleeping for 60.00 seconds {{(pid=106842) _run_loop /opt/stack/data/venv/lib/python3.12/site-packages/oslo_service/backend/_threading/loopingcall.py:125}}
Aug 31 07:32:33.931724 np0000191539 nova-scheduler[106813]: DEBUG oslo.service.backend._threading.loopingcall [None req-e3b2b35c-23d1-4ee1-881d-9ae5ff3c6211 None None] Dynamic interval looping call 'nova.service.Service.periodic_tasks' sleeping for 60.00 seconds {{(pid=106813) _run_loop /opt/stack/data/venv/lib/python3.12/site-packages/oslo_service/backend/_threading/loopingcall.py:125}}
Aug 31 07:32:51.932605 np0000191539 nova-scheduler[106822]: DEBUG oslo.service.backend._threading.loopingcall [None req-f3d7039d-3cf1-4984-9cd4-1c90b92153d4 None None] Dynamic interval looping call 'nova.service.Service.periodic_tasks' sleeping for 60.00 seconds {{(pid=106822) _run_loop /opt/stack/data/venv/lib/python3.12/site-packages/oslo_service/backend/_threading/loopingcall.py:125}}
Aug 31 07:33:00.936967 np0000191539 nova-scheduler[106832]: DEBUG oslo.service.backend._threading.loopingcall [None req-51a71cf5-9119-436e-b009-5ee1f34f1fae None None] Dynamic interval looping call 'nova.service.Service.periodic_tasks' sleeping for 60.00 seconds {{(pid=106832) _run_loop /opt/stack/data/venv/lib/python3.12/site-packages/oslo_service/backend/_threading/loopingcall.py:125}}
Aug 31 07:33:23.941387 np0000191539 nova-scheduler[106842]: DEBUG oslo.service.backend._threading.loopingcall [None req-3ebe00d7-d9e6-48ec-8edb-182ad04fee6a None None] Dynamic interval looping call 'nova.service.Service.periodic_tasks' sleeping for 60.00 seconds {{(pid=106842) _run_loop /opt/stack/data/venv/lib/python3.12/site-packages/oslo_service/backend/_threading/loopingcall.py:125}}
Aug 31 07:33:33.932524 np0000191539 nova-scheduler[106813]: DEBUG oslo.service.backend._threading.loopingcall [None req-e3b2b35c-23d1-4ee1-881d-9ae5ff3c6211 None None] Dynamic interval looping call 'nova.service.Service.periodic_tasks' sleeping for 60.00 seconds {{(pid=106813) _run_loop /opt/stack/data/venv/lib/python3.12/site-packages/oslo_service/backend/_threading/loopingcall.py:125}}
Aug 31 07:33:45.562725 np0000191539 nova-scheduler[106822]: DEBUG nova.scheduler.manager [None req-34d3ef55-83d6-465d-93a7-dc5e3464624a demo demo] Starting to schedule for instances: ['5ccc945f-e89e-4415-ae92-86134f149164'] {{(pid=106822) select_destinations /opt/stack/nova/nova/scheduler/manager.py:215}}
Aug 31 07:33:45.567828 np0000191539 nova-scheduler[106822]: DEBUG oslo_db.sqlalchemy.engines [None req-34d3ef55-83d6-465d-93a7-dc5e3464624a demo demo] Parent process 106202 forked (106822) with an open database connection, which is being discarded and recreated. {{(pid=106822) checkout /opt/stack/data/venv/lib/python3.12/site-packages/oslo_db/sqlalchemy/engines.py:402}}
Aug 31 07:33:45.613883 np0000191539 nova-scheduler[106822]: DEBUG dbcounter [-] [106822] Writer thread running {{(pid=106822) stat_writer /opt/stack/data/venv/lib/python3.12/site-packages/dbcounter.py:102}}
Aug 31 07:33:45.616763 np0000191539 nova-scheduler[106822]: DEBUG nova.scheduler.request_filter [None req-34d3ef55-83d6-465d-93a7-dc5e3464624a demo demo] Request filter 'map_az_to_placement_aggregate' took 0.1 seconds {{(pid=106822) wrapper /opt/stack/nova/nova/scheduler/request_filter.py:51}}
Aug 31 07:33:45.616763 np0000191539 nova-scheduler[106822]: DEBUG nova.scheduler.request_filter [None req-34d3ef55-83d6-465d-93a7-dc5e3464624a demo demo] compute_status_filter request filter added forbidden trait COMPUTE_STATUS_DISABLED {{(pid=106822) compute_status_filter /opt/stack/nova/nova/scheduler/request_filter.py:258}}
Aug 31 07:33:45.616763 np0000191539 nova-scheduler[106822]: DEBUG nova.scheduler.request_filter [None req-34d3ef55-83d6-465d-93a7-dc5e3464624a demo demo] Request filter 'compute_status_filter' took 0.0 seconds {{(pid=106822) wrapper /opt/stack/nova/nova/scheduler/request_filter.py:51}}
Aug 31 07:33:45.616980 np0000191539 nova-scheduler[106822]: DEBUG nova.scheduler.request_filter [None req-34d3ef55-83d6-465d-93a7-dc5e3464624a demo demo] Request filter 'accelerators_filter' took 0.0 seconds {{(pid=106822) wrapper /opt/stack/nova/nova/scheduler/request_filter.py:51}}
Aug 31 07:33:45.616980 np0000191539 nova-scheduler[106822]: DEBUG nova.scheduler.request_filter [None req-34d3ef55-83d6-465d-93a7-dc5e3464624a demo demo] Request filter 'packed_virtqueue_filter' took 0.0 seconds {{(pid=106822) wrapper /opt/stack/nova/nova/scheduler/request_filter.py:51}}
Aug 31 07:33:45.620522 np0000191539 nova-scheduler[106822]: WARNING neutronclient.v2_0.client [None req-34d3ef55-83d6-465d-93a7-dc5e3464624a demo demo] The python binding code in neutronclient is deprecated in favor of OpenstackSDK, please use that as this will be removed in a future release.
Aug 31 07:33:45.889310 np0000191539 nova-scheduler[106822]: DEBUG nova.scheduler.request_filter [None req-34d3ef55-83d6-465d-93a7-dc5e3464624a demo demo] Request filter 'remote_managed_ports_filter' took 0.3 seconds {{(pid=106822) wrapper /opt/stack/nova/nova/scheduler/request_filter.py:51}}
Aug 31 07:33:45.889581 np0000191539 nova-scheduler[106822]: DEBUG nova.scheduler.request_filter [None req-34d3ef55-83d6-465d-93a7-dc5e3464624a demo demo] ephemeral_encryption_filter skipped {{(pid=106822) ephemeral_encryption_filter /opt/stack/nova/nova/scheduler/request_filter.py:431}}
Aug 31 07:33:45.889838 np0000191539 nova-scheduler[106822]: DEBUG nova.scheduler.request_filter [None req-34d3ef55-83d6-465d-93a7-dc5e3464624a demo demo] virtio_sound_filter skipped {{(pid=106822) virtio_sound_filter /opt/stack/nova/nova/scheduler/request_filter.py:465}}
Aug 31 07:33:45.890041 np0000191539 nova-scheduler[106822]: DEBUG nova.scheduler.request_filter [None req-34d3ef55-83d6-465d-93a7-dc5e3464624a demo demo] tpm_secret_security_filter skipped {{(pid=106822) tpm_secret_security_filter /opt/stack/nova/nova/scheduler/request_filter.py:482}}
Aug 31 07:33:45.890636 np0000191539 nova-scheduler[106822]: DEBUG oslo_concurrency.lockutils [None req-34d3ef55-83d6-465d-93a7-dc5e3464624a demo demo] Acquiring lock "00000000-0000-0000-0000-000000000000" by "nova.context.set_target_cell..get_or_set_cached_cell_and_set_connections" {{(pid=106822) inner /opt/stack/data/venv/lib/python3.12/site-packages/oslo_concurrency/lockutils.py:512}}
Aug 31 07:33:45.890890 np0000191539 nova-scheduler[106822]: DEBUG oslo_concurrency.lockutils [None req-34d3ef55-83d6-465d-93a7-dc5e3464624a demo demo] Lock "00000000-0000-0000-0000-000000000000" acquired by "nova.context.set_target_cell..get_or_set_cached_cell_and_set_connections" :: waited 0.000s {{(pid=106822) inner /opt/stack/data/venv/lib/python3.12/site-packages/oslo_concurrency/lockutils.py:525}}
Aug 31 07:33:45.891711 np0000191539 nova-scheduler[106822]: DEBUG oslo_concurrency.lockutils [None req-34d3ef55-83d6-465d-93a7-dc5e3464624a demo demo] Lock "00000000-0000-0000-0000-000000000000" "released" by "nova.context.set_target_cell..get_or_set_cached_cell_and_set_connections" :: held 0.001s {{(pid=106822) inner /opt/stack/data/venv/lib/python3.12/site-packages/oslo_concurrency/lockutils.py:544}}
Aug 31 07:33:45.892065 np0000191539 nova-scheduler[106822]: INFO nova.thread_pool_factory [None req-34d3ef55-83d6-465d-93a7-dc5e3464624a demo demo] The cell_worker thread pool ForkProcess-2.cell_worker is initialized
Aug 31 07:33:45.892932 np0000191539 nova-scheduler[106822]: DEBUG oslo_concurrency.lockutils [None req-34d3ef55-83d6-465d-93a7-dc5e3464624a demo demo] Acquiring lock "b65f0131-0665-43f5-968a-f6aa156333a5" by "nova.context.set_target_cell..get_or_set_cached_cell_and_set_connections" {{(pid=106822) inner /opt/stack/data/venv/lib/python3.12/site-packages/oslo_concurrency/lockutils.py:512}}
Aug 31 07:33:45.893133 np0000191539 nova-scheduler[106822]: DEBUG oslo_concurrency.lockutils [None req-34d3ef55-83d6-465d-93a7-dc5e3464624a demo demo] Lock "b65f0131-0665-43f5-968a-f6aa156333a5" acquired by "nova.context.set_target_cell..get_or_set_cached_cell_and_set_connections" :: waited 0.000s {{(pid=106822) inner /opt/stack/data/venv/lib/python3.12/site-packages/oslo_concurrency/lockutils.py:525}}
Aug 31 07:33:45.894196 np0000191539 nova-scheduler[106822]: DEBUG oslo_concurrency.lockutils [None req-34d3ef55-83d6-465d-93a7-dc5e3464624a demo demo] Lock "b65f0131-0665-43f5-968a-f6aa156333a5" "released" by "nova.context.set_target_cell..get_or_set_cached_cell_and_set_connections" :: held 0.001s {{(pid=106822) inner /opt/stack/data/venv/lib/python3.12/site-packages/oslo_concurrency/lockutils.py:544}}
Aug 31 07:33:45.896526 np0000191539 nova-scheduler[106822]: INFO dbcounter [None req-34d3ef55-83d6-465d-93a7-dc5e3464624a demo demo] Registered counter for database nova_cell0
Aug 31 07:33:45.901036 np0000191539 nova-scheduler[106822]: INFO dbcounter [None req-34d3ef55-83d6-465d-93a7-dc5e3464624a demo demo] Registered counter for database nova_cell1
Aug 31 07:33:45.985345 np0000191539 nova-scheduler[106822]: DEBUG oslo_db.sqlalchemy.engines [None req-34d3ef55-83d6-465d-93a7-dc5e3464624a demo demo] MySQL server mode set to STRICT_TRANS_TABLES,STRICT_ALL_TABLES,NO_ZERO_IN_DATE,NO_ZERO_DATE,ERROR_FOR_DIVISION_BY_ZERO,TRADITIONAL,NO_ENGINE_SUBSTITUTION {{(pid=106822) _check_effective_sql_mode /opt/stack/data/venv/lib/python3.12/site-packages/oslo_db/sqlalchemy/engines.py:325}}
Aug 31 07:33:45.990727 np0000191539 nova-scheduler[106822]: DEBUG oslo_db.sqlalchemy.engines [None req-34d3ef55-83d6-465d-93a7-dc5e3464624a demo demo] MySQL server mode set to STRICT_TRANS_TABLES,STRICT_ALL_TABLES,NO_ZERO_IN_DATE,NO_ZERO_DATE,ERROR_FOR_DIVISION_BY_ZERO,TRADITIONAL,NO_ENGINE_SUBSTITUTION {{(pid=106822) _check_effective_sql_mode /opt/stack/data/venv/lib/python3.12/site-packages/oslo_db/sqlalchemy/engines.py:325}}
Aug 31 07:33:45.992876 np0000191539 nova-scheduler[106822]: DEBUG dbcounter [-] [106822] Writer thread running {{(pid=106822) stat_writer /opt/stack/data/venv/lib/python3.12/site-packages/dbcounter.py:102}}
Aug 31 07:33:46.000503 np0000191539 nova-scheduler[106822]: DEBUG dbcounter [-] [106822] Writer thread running {{(pid=106822) stat_writer /opt/stack/data/venv/lib/python3.12/site-packages/dbcounter.py:102}}
Aug 31 07:33:46.002956 np0000191539 nova-scheduler[106822]: DEBUG nova.scheduler.request_filter [None req-34d3ef55-83d6-465d-93a7-dc5e3464624a demo demo] Added required trait OWNER_NOVA to root provider in request spec {{(pid=106822) owner_nova_filter /opt/stack/nova/nova/scheduler/request_filter.py:580}}
Aug 31 07:33:46.003269 np0000191539 nova-scheduler[106822]: DEBUG nova.scheduler.request_filter [None req-34d3ef55-83d6-465d-93a7-dc5e3464624a demo demo] Request filter 'owner_nova_filter' took 0.1 seconds {{(pid=106822) wrapper /opt/stack/nova/nova/scheduler/request_filter.py:51}}
Aug 31 07:33:46.324298 np0000191539 nova-scheduler[106822]: DEBUG oslo_concurrency.lockutils [None req-34d3ef55-83d6-465d-93a7-dc5e3464624a demo demo] Acquiring lock "b65f0131-0665-43f5-968a-f6aa156333a5" by "nova.context.set_target_cell..get_or_set_cached_cell_and_set_connections" {{(pid=106822) inner /opt/stack/data/venv/lib/python3.12/site-packages/oslo_concurrency/lockutils.py:512}}
Aug 31 07:33:46.324717 np0000191539 nova-scheduler[106822]: DEBUG oslo_concurrency.lockutils [None req-34d3ef55-83d6-465d-93a7-dc5e3464624a demo demo] Lock "b65f0131-0665-43f5-968a-f6aa156333a5" acquired by "nova.context.set_target_cell..get_or_set_cached_cell_and_set_connections" :: waited 0.000s {{(pid=106822) inner /opt/stack/data/venv/lib/python3.12/site-packages/oslo_concurrency/lockutils.py:525}}
Aug 31 07:33:46.324961 np0000191539 nova-scheduler[106822]: DEBUG oslo_concurrency.lockutils [None req-34d3ef55-83d6-465d-93a7-dc5e3464624a demo demo] Lock "b65f0131-0665-43f5-968a-f6aa156333a5" "released" by "nova.context.set_target_cell..get_or_set_cached_cell_and_set_connections" :: held 0.000s {{(pid=106822) inner /opt/stack/data/venv/lib/python3.12/site-packages/oslo_concurrency/lockutils.py:544}}
Aug 31 07:33:46.358863 np0000191539 nova-scheduler[106822]: DEBUG oslo_concurrency.lockutils [None req-34d3ef55-83d6-465d-93a7-dc5e3464624a demo demo] Acquiring lock "b65f0131-0665-43f5-968a-f6aa156333a5" by "nova.context.set_target_cell..get_or_set_cached_cell_and_set_connections" {{(pid=106822) inner /opt/stack/data/venv/lib/python3.12/site-packages/oslo_concurrency/lockutils.py:512}}
Aug 31 07:33:46.359093 np0000191539 nova-scheduler[106822]: DEBUG oslo_concurrency.lockutils [None req-34d3ef55-83d6-465d-93a7-dc5e3464624a demo demo] Lock "b65f0131-0665-43f5-968a-f6aa156333a5" acquired by "nova.context.set_target_cell..get_or_set_cached_cell_and_set_connections" :: waited 0.000s {{(pid=106822) inner /opt/stack/data/venv/lib/python3.12/site-packages/oslo_concurrency/lockutils.py:525}}
Aug 31 07:33:46.359292 np0000191539 nova-scheduler[106822]: DEBUG oslo_concurrency.lockutils [None req-34d3ef55-83d6-465d-93a7-dc5e3464624a demo demo] Lock "b65f0131-0665-43f5-968a-f6aa156333a5" "released" by "nova.context.set_target_cell..get_or_set_cached_cell_and_set_connections" :: held 0.000s {{(pid=106822) inner /opt/stack/data/venv/lib/python3.12/site-packages/oslo_concurrency/lockutils.py:544}}
Aug 31 07:33:46.364425 np0000191539 nova-scheduler[106822]: DEBUG oslo_concurrency.lockutils [None req-34d3ef55-83d6-465d-93a7-dc5e3464624a demo demo] Acquiring lock "np0000191539-np0000191539.novalocal" by "nova.scheduler.host_manager.HostState.update.._locked_update" {{(pid=106822) inner /opt/stack/data/venv/lib/python3.12/site-packages/oslo_concurrency/lockutils.py:512}}
Aug 31 07:33:46.364772 np0000191539 nova-scheduler[106822]: DEBUG oslo_concurrency.lockutils [None req-34d3ef55-83d6-465d-93a7-dc5e3464624a demo demo] Lock "np0000191539-np0000191539.novalocal" acquired by "nova.scheduler.host_manager.HostState.update.._locked_update" :: waited 0.000s {{(pid=106822) inner /opt/stack/data/venv/lib/python3.12/site-packages/oslo_concurrency/lockutils.py:525}}
Aug 31 07:33:46.366820 np0000191539 nova-scheduler[106822]: DEBUG nova.scheduler.host_manager [None req-34d3ef55-83d6-465d-93a7-dc5e3464624a demo demo] Update host state from compute node: ComputeNode(cpu_allocation_ratio=4.0,cpu_info='{"arch": "x86_64", "model": "EPYC-Rome", "vendor": "AMD", "topology": {"cells": 1, "sockets": 16, "cores": 1, "threads": 1}, "maxphysaddr": {"mode": "emulate", "bits": 40}, "features": ["pge", "svme-addr-chk", "cmp_legacy", "misalignsse", "de", "sse4.2", "sse4.1", "tsc-deadline", "x2apic", "pschange-mc-no", "v-vmsave-vmload", "wbnoinvd", "svm", "bmi2", "lahf_lm", "abm", "clzero", "smep", "rdrand", "null-sel-clr-base", "fma", "ssse3", "perfctr_core", "avx", "mtrr", "lbrv", "skip-l1dfl-vmentry", "osvw", "pse", "lfence-always-serializing", "pse36", "sse2", "vgif", "mds-no", "sha-ni", "f16c", "tsc_adjust", "tsc", "ssbd", "fxsr", "ibpb", "rdseed", "clflush", "mmxext", "amd-stibp", "vmcb-clean", "mmx", "sse4a", "flushbyasid", "arat", "pae", "vme", "popcnt", "pfthreshold", "cx8", "sep", "xsaves", "umip", "lm", "adx", "bmi1", "smap", "fpu", "xsave", "movbe", "rdctl-no", "pclmuldq", "syscall", "mca", "3dnowprefetch", "sse", "rdpid", "aes", "stibp", "fsgsbase", "pat", "topoext", "cr8legacy", "ibrs", "cx16", "tsc-scale", "arch-capabilities", "pause-filter", "xgetbv1", "npt", "xsaveopt", "xsavec", "nrip-save", "pdpe1gb", "nx", "xsaveerptr", "hypervisor", "clwb", "amd-ssbd", "rdtscp", "avx2", "cmov", "pni", "msr", "mce", "apic", "fxsr_opt", "virt-ssbd", "clflushopt", "gds-no"]}',created_at=2026-08-31T07:28:20Z,current_workload=0,deleted=False,deleted_at=None,disk_allocation_ratio=1.0,disk_available_least=256,free_disk_gb=299,free_ram_mb=63789,host='np0000191539',host_ip=162.253.55.4,hypervisor_hostname='np0000191539.novalocal',hypervisor_type='QEMU',hypervisor_version=8002002,id=1,local_gb=299,local_gb_used=0,mapped=1,memory_mb=64301,memory_mb_used=512,metrics='[]',numa_topology='{"nova_object.name": "NUMATopology", "nova_object.namespace": "nova", "nova_object.version": "1.2", "nova_object.data": {"cells": [{"nova_object.name": "NUMACell", "nova_object.namespace": "nova", "nova_object.version": "1.5", "nova_object.data": {"id": 0, "cpuset": [0, 1, 2, 3, 4, 5, 6, 7, 8, 9, 10, 11, 12, 13, 14, 15], "pcpuset": [0, 1, 2, 3, 4, 5, 6, 7, 8, 9, 10, 11, 12, 13, 14, 15], "memory": 64301, "cpu_usage": 0, "memory_usage": 0, "pinned_cpus": [], "siblings": [[6], [12], [2], [15], [5], [11], [8], [14], [4], [1], [7], [10], [0], [13], [3], [9]], "mempages": [{"nova_object.name": "NUMAPagesTopology", "nova_object.namespace": "nova", "nova_object.version": "1.1", "nova_object.data": {"size_kb": 4, "total": 16461063, "used": 0, "reserved": 0}, "nova_object.changes": ["total", "reserved", "used", "size_kb"]}, {"nova_object.name": "NUMAPagesTopology", "nova_object.namespace": "nova", "nova_object.version": "1.1", "nova_object.data": {"size_kb": 2048, "total": 0, "used": 0, "reserved": 0}, "nova_object.changes": ["total", "reserved", "used", "size_kb"]}, {"nova_object.name": "NUMAPagesTopology", "nova_object.namespace": "nova", "nova_object.version": "1.1", "nova_object.data": {"size_kb": 1048576, "total": 0, "used": 0, "reserved": 0}, "nova_object.changes": ["total", "reserved", "used", "size_kb"]}], "network_metadata": {"nova_object.name": "NetworkMetadata", "nova_object.namespace": "nova", "nova_object.version": "1.0", "nova_object.data": {"physnets": [], "tunneled": false}, "nova_object.changes": ["physnets", "tunneled"]}, "socket": null}, "nova_object.changes": ["id", "siblings", "cpuset", "cpu_usage", "pcpuset", "memory", "socket", "pinned_cpus", "network_metadata", "memory_usage", "mempages"]}]}, "nova_object.changes": ["cells"]}',pci_device_pools=PciDevicePoolList,ram_allocation_ratio=1.0,running_vms=0,service_id=3,stats={failed_builds='0',uptime=' 07:33:13 up 31 min, 1 user, load average: 2.07, 2.19, 1.93
Aug 31 07:33:46.366820 np0000191539 nova-scheduler[106822]: '},supported_hv_specs=[HVSpec,HVSpec,HVSpec,HVSpec,HVSpec,HVSpec,HVSpec,HVSpec,HVSpec,HVSpec,HVSpec,HVSpec,HVSpec,HVSpec,HVSpec,HVSpec,HVSpec,HVSpec,HVSpec,HVSpec,HVSpec,HVSpec,HVSpec,HVSpec,HVSpec],updated_at=2026-08-31T07:33:14Z,uuid=f9728b82-5aa9-48f3-a8d5-88f67f9cd02b,vcpus=16,vcpus_used=0) {{(pid=106822) _locked_update /opt/stack/nova/nova/scheduler/host_manager.py:169}}
Aug 31 07:33:46.368562 np0000191539 nova-scheduler[106822]: DEBUG nova.scheduler.host_manager [None req-34d3ef55-83d6-465d-93a7-dc5e3464624a demo demo] Update host state with aggregates: [] {{(pid=106822) _locked_update /opt/stack/nova/nova/scheduler/host_manager.py:172}}
Aug 31 07:33:46.368847 np0000191539 nova-scheduler[106822]: DEBUG nova.scheduler.host_manager [None req-34d3ef55-83d6-465d-93a7-dc5e3464624a demo demo] Update host state with service dict: {'id': 3, 'uuid': '145cf6ee-69fd-4ed4-a950-b476d02bb261', 'host': 'np0000191539', 'binary': 'nova-compute', 'topic': 'compute', 'report_count': 3, 'disabled': False, 'disabled_reason': None, 'last_seen_up': datetime.datetime(2026, 8, 31, 7, 32, 27, tzinfo=datetime.timezone.utc), 'forced_down': False, 'version': 73, 'created_at': datetime.datetime(2026, 8, 31, 7, 28, 20, tzinfo=datetime.timezone.utc), 'updated_at': datetime.datetime(2026, 8, 31, 7, 32, 27, tzinfo=datetime.timezone.utc), 'deleted_at': None, 'deleted': False} {{(pid=106822) _locked_update /opt/stack/nova/nova/scheduler/host_manager.py:175}}
Aug 31 07:33:46.369057 np0000191539 nova-scheduler[106822]: DEBUG nova.scheduler.host_manager [None req-34d3ef55-83d6-465d-93a7-dc5e3464624a demo demo] Update host state with instances: [] {{(pid=106822) _locked_update /opt/stack/nova/nova/scheduler/host_manager.py:178}}
Aug 31 07:33:46.369270 np0000191539 nova-scheduler[106822]: DEBUG oslo_concurrency.lockutils [None req-34d3ef55-83d6-465d-93a7-dc5e3464624a demo demo] Lock "np0000191539-np0000191539.novalocal" "released" by "nova.scheduler.host_manager.HostState.update.._locked_update" :: held 0.005s {{(pid=106822) inner /opt/stack/data/venv/lib/python3.12/site-packages/oslo_concurrency/lockutils.py:544}}
Aug 31 07:33:46.370020 np0000191539 nova-scheduler[106822]: DEBUG nova.filters [None req-34d3ef55-83d6-465d-93a7-dc5e3464624a demo demo] Starting with 1 host(s) {{(pid=106822) get_filtered_objects /opt/stack/nova/nova/filters.py:70}}
Aug 31 07:33:46.370405 np0000191539 nova-scheduler[106822]: DEBUG nova.filters [None req-34d3ef55-83d6-465d-93a7-dc5e3464624a demo demo] Filter ComputeFilter returned 1 host(s) {{(pid=106822) get_filtered_objects /opt/stack/nova/nova/filters.py:102}}
Aug 31 07:33:46.370800 np0000191539 nova-scheduler[106822]: DEBUG nova.filters [None req-34d3ef55-83d6-465d-93a7-dc5e3464624a demo demo] Filter ComputeCapabilitiesFilter returned 1 host(s) {{(pid=106822) get_filtered_objects /opt/stack/nova/nova/filters.py:102}}
Aug 31 07:33:46.371123 np0000191539 nova-scheduler[106822]: DEBUG nova.filters [None req-34d3ef55-83d6-465d-93a7-dc5e3464624a demo demo] Filter ImagePropertiesFilter returned 1 host(s) {{(pid=106822) get_filtered_objects /opt/stack/nova/nova/filters.py:102}}
Aug 31 07:33:46.371340 np0000191539 nova-scheduler[106822]: DEBUG nova.filters [None req-34d3ef55-83d6-465d-93a7-dc5e3464624a demo demo] Filter ServerGroupAntiAffinityFilter returned 1 host(s) {{(pid=106822) get_filtered_objects /opt/stack/nova/nova/filters.py:102}}
Aug 31 07:33:46.371631 np0000191539 nova-scheduler[106822]: DEBUG nova.filters [None req-34d3ef55-83d6-465d-93a7-dc5e3464624a demo demo] Filter ServerGroupAffinityFilter returned 1 host(s) {{(pid=106822) get_filtered_objects /opt/stack/nova/nova/filters.py:102}}
Aug 31 07:33:46.371871 np0000191539 nova-scheduler[106822]: DEBUG nova.filters [None req-34d3ef55-83d6-465d-93a7-dc5e3464624a demo demo] Filter SameHostFilter returned 1 host(s) {{(pid=106822) get_filtered_objects /opt/stack/nova/nova/filters.py:102}}
Aug 31 07:33:46.372074 np0000191539 nova-scheduler[106822]: DEBUG nova.filters [None req-34d3ef55-83d6-465d-93a7-dc5e3464624a demo demo] Filter DifferentHostFilter returned 1 host(s) {{(pid=106822) get_filtered_objects /opt/stack/nova/nova/filters.py:102}}
Aug 31 07:33:46.372302 np0000191539 nova-scheduler[106822]: DEBUG nova.scheduler.manager [None req-34d3ef55-83d6-465d-93a7-dc5e3464624a demo demo] Filtered [(np0000191539, np0000191539.novalocal) ram: 63789MB disk: 262144MB io_ops: 0 instances: 0, allocation_candidates: 1] {{(pid=106822) _get_sorted_hosts /opt/stack/nova/nova/scheduler/manager.py:748}}
Aug 31 07:33:46.372721 np0000191539 nova-scheduler[106822]: DEBUG nova.scheduler.manager [None req-34d3ef55-83d6-465d-93a7-dc5e3464624a demo demo] Weighed [WeighedHost [host: (np0000191539, np0000191539.novalocal) ram: 63789MB disk: 262144MB io_ops: 0 instances: 0, allocation_candidates: 1, weight: 0.0]] {{(pid=106822) _get_sorted_hosts /opt/stack/nova/nova/scheduler/manager.py:770}}
Aug 31 07:33:46.373017 np0000191539 nova-scheduler[106822]: DEBUG nova.scheduler.utils [None req-34d3ef55-83d6-465d-93a7-dc5e3464624a demo demo] Attempting to claim resources in the placement API for instance 5ccc945f-e89e-4415-ae92-86134f149164 {{(pid=106822) claim_resources /opt/stack/nova/nova/scheduler/utils.py:1345}}
Aug 31 07:33:46.558485 np0000191539 nova-scheduler[106822]: DEBUG nova.scheduler.manager [None req-34d3ef55-83d6-465d-93a7-dc5e3464624a demo demo] [instance: 5ccc945f-e89e-4415-ae92-86134f149164] Selected host: (np0000191539, np0000191539.novalocal) ram: 63789MB disk: 262144MB io_ops: 0 instances: 0, allocation_candidates: 1 {{(pid=106822) _consume_selected_host /opt/stack/nova/nova/scheduler/manager.py:630}}
Aug 31 07:33:46.558898 np0000191539 nova-scheduler[106822]: DEBUG oslo_concurrency.lockutils [None req-34d3ef55-83d6-465d-93a7-dc5e3464624a demo demo] Acquiring lock "np0000191539-np0000191539.novalocal" by "nova.scheduler.host_manager.HostState.consume_from_request.._locked" {{(pid=106822) inner /opt/stack/data/venv/lib/python3.12/site-packages/oslo_concurrency/lockutils.py:512}}
Aug 31 07:33:46.559138 np0000191539 nova-scheduler[106822]: DEBUG oslo_concurrency.lockutils [None req-34d3ef55-83d6-465d-93a7-dc5e3464624a demo demo] Lock "np0000191539-np0000191539.novalocal" acquired by "nova.scheduler.host_manager.HostState.consume_from_request.._locked" :: waited 0.000s {{(pid=106822) inner /opt/stack/data/venv/lib/python3.12/site-packages/oslo_concurrency/lockutils.py:525}}
Aug 31 07:33:46.559432 np0000191539 nova-scheduler[106822]: DEBUG oslo_concurrency.lockutils [None req-34d3ef55-83d6-465d-93a7-dc5e3464624a demo demo] Lock "np0000191539-np0000191539.novalocal" "released" by "nova.scheduler.host_manager.HostState.consume_from_request.._locked" :: held 0.000s {{(pid=106822) inner /opt/stack/data/venv/lib/python3.12/site-packages/oslo_concurrency/lockutils.py:544}}
Aug 31 07:33:51.933287 np0000191539 nova-scheduler[106822]: DEBUG oslo.service.backend._threading.loopingcall [None req-f3d7039d-3cf1-4984-9cd4-1c90b92153d4 None None] Dynamic interval looping call 'nova.service.Service.periodic_tasks' sleeping for 60.00 seconds {{(pid=106822) _run_loop /opt/stack/data/venv/lib/python3.12/site-packages/oslo_service/backend/_threading/loopingcall.py:125}}
Aug 31 07:33:56.001124 np0000191539 nova-scheduler[106822]: DEBUG dbcounter [-] [106822] Writing DB stats nova_cell0:SELECT=1 {{(pid=106822) stat_writer /opt/stack/data/venv/lib/python3.12/site-packages/dbcounter.py:115}}
Aug 31 07:33:56.355611 np0000191539 nova-scheduler[106822]: DEBUG dbcounter [-] [106822] Writing DB stats nova_api:SELECT=2 {{(pid=106822) stat_writer /opt/stack/data/venv/lib/python3.12/site-packages/dbcounter.py:115}}
Aug 31 07:33:56.362650 np0000191539 nova-scheduler[106822]: DEBUG dbcounter [-] [106822] Writing DB stats nova_cell1:SELECT=4 {{(pid=106822) stat_writer /opt/stack/data/venv/lib/python3.12/site-packages/dbcounter.py:115}}
Aug 31 07:33:56.936341 np0000191539 nova-scheduler[106813]: DEBUG oslo.service.backend._threading.loopingcall [-] Fixed interval looping call 'nova.servicegroup.drivers.db.DbDriver._report_state' sleeping for 119.99 seconds {{(pid=106813) _run_loop /opt/stack/data/venv/lib/python3.12/site-packages/oslo_service/backend/_threading/loopingcall.py:125}}
Aug 31 07:33:56.938089 np0000191539 nova-scheduler[106822]: DEBUG oslo.service.backend._threading.loopingcall [-] Fixed interval looping call 'nova.servicegroup.drivers.db.DbDriver._report_state' sleeping for 119.99 seconds {{(pid=106822) _run_loop /opt/stack/data/venv/lib/python3.12/site-packages/oslo_service/backend/_threading/loopingcall.py:125}}
Aug 31 07:33:56.941246 np0000191539 nova-scheduler[106832]: DEBUG oslo.service.backend._threading.loopingcall [-] Fixed interval looping call 'nova.servicegroup.drivers.db.DbDriver._report_state' sleeping for 119.99 seconds {{(pid=106832) _run_loop /opt/stack/data/venv/lib/python3.12/site-packages/oslo_service/backend/_threading/loopingcall.py:125}}
Aug 31 07:33:56.941889 np0000191539 nova-scheduler[106842]: DEBUG oslo.service.backend._threading.loopingcall [-] Fixed interval looping call 'nova.servicegroup.drivers.db.DbDriver._report_state' sleeping for 119.99 seconds {{(pid=106842) _run_loop /opt/stack/data/venv/lib/python3.12/site-packages/oslo_service/backend/_threading/loopingcall.py:125}}
Aug 31 07:34:00.937743 np0000191539 nova-scheduler[106832]: DEBUG oslo.service.backend._threading.loopingcall [None req-51a71cf5-9119-436e-b009-5ee1f34f1fae None None] Dynamic interval looping call 'nova.service.Service.periodic_tasks' sleeping for 60.00 seconds {{(pid=106832) _run_loop /opt/stack/data/venv/lib/python3.12/site-packages/oslo_service/backend/_threading/loopingcall.py:125}}
Aug 31 07:34:06.929304 np0000191539 nova-scheduler[106813]: DEBUG dbcounter [-] [106813] Writing DB stats nova_cell0:SELECT=1,nova_cell0:UPDATE=1 {{(pid=106813) stat_writer /opt/stack/data/venv/lib/python3.12/site-packages/dbcounter.py:115}}
Aug 31 07:34:06.932006 np0000191539 nova-scheduler[106822]: DEBUG dbcounter [-] [106822] Writing DB stats nova_cell0:SELECT=1,nova_cell0:UPDATE=1 {{(pid=106822) stat_writer /opt/stack/data/venv/lib/python3.12/site-packages/dbcounter.py:115}}
Aug 31 07:34:06.936100 np0000191539 nova-scheduler[106842]: DEBUG dbcounter [-] [106842] Writing DB stats nova_cell0:SELECT=1 {{(pid=106842) stat_writer /opt/stack/data/venv/lib/python3.12/site-packages/dbcounter.py:115}}
Aug 31 07:34:06.937314 np0000191539 nova-scheduler[106832]: DEBUG dbcounter [-] [106832] Writing DB stats nova_cell0:SELECT=1,nova_cell0:UPDATE=1 {{(pid=106832) stat_writer /opt/stack/data/venv/lib/python3.12/site-packages/dbcounter.py:115}}
Aug 31 07:34:23.942218 np0000191539 nova-scheduler[106842]: DEBUG oslo.service.backend._threading.loopingcall [None req-3ebe00d7-d9e6-48ec-8edb-182ad04fee6a None None] Dynamic interval looping call 'nova.service.Service.periodic_tasks' sleeping for 60.00 seconds {{(pid=106842) _run_loop /opt/stack/data/venv/lib/python3.12/site-packages/oslo_service/backend/_threading/loopingcall.py:125}}
Aug 31 07:34:33.933244 np0000191539 nova-scheduler[106813]: DEBUG oslo.service.backend._threading.loopingcall [None req-e3b2b35c-23d1-4ee1-881d-9ae5ff3c6211 None None] Dynamic interval looping call 'nova.service.Service.periodic_tasks' sleeping for 60.00 seconds {{(pid=106813) _run_loop /opt/stack/data/venv/lib/python3.12/site-packages/oslo_service/backend/_threading/loopingcall.py:125}}
Aug 31 07:34:51.934042 np0000191539 nova-scheduler[106822]: DEBUG oslo.service.backend._threading.loopingcall [None req-f3d7039d-3cf1-4984-9cd4-1c90b92153d4 None None] Dynamic interval looping call 'nova.service.Service.periodic_tasks' sleeping for 60.00 seconds {{(pid=106822) _run_loop /opt/stack/data/venv/lib/python3.12/site-packages/oslo_service/backend/_threading/loopingcall.py:125}}
Aug 31 07:35:00.938734 np0000191539 nova-scheduler[106832]: DEBUG oslo.service.backend._threading.loopingcall [None req-51a71cf5-9119-436e-b009-5ee1f34f1fae None None] Dynamic interval looping call 'nova.service.Service.periodic_tasks' sleeping for 60.00 seconds {{(pid=106832) _run_loop /opt/stack/data/venv/lib/python3.12/site-packages/oslo_service/backend/_threading/loopingcall.py:125}}
Aug 31 07:35:23.942820 np0000191539 nova-scheduler[106842]: DEBUG oslo.service.backend._threading.loopingcall [None req-3ebe00d7-d9e6-48ec-8edb-182ad04fee6a None None] Dynamic interval looping call 'nova.service.Service.periodic_tasks' sleeping for 60.00 seconds {{(pid=106842) _run_loop /opt/stack/data/venv/lib/python3.12/site-packages/oslo_service/backend/_threading/loopingcall.py:125}}
Aug 31 07:35:33.933825 np0000191539 nova-scheduler[106813]: DEBUG oslo.service.backend._threading.loopingcall [None req-e3b2b35c-23d1-4ee1-881d-9ae5ff3c6211 None None] Dynamic interval looping call 'nova.service.Service.periodic_tasks' sleeping for 60.00 seconds {{(pid=106813) _run_loop /opt/stack/data/venv/lib/python3.12/site-packages/oslo_service/backend/_threading/loopingcall.py:125}}
Aug 31 07:35:51.935929 np0000191539 nova-scheduler[106822]: DEBUG oslo.service.backend._threading.loopingcall [None req-f3d7039d-3cf1-4984-9cd4-1c90b92153d4 None None] Dynamic interval looping call 'nova.service.Service.periodic_tasks' sleeping for 60.00 seconds {{(pid=106822) _run_loop /opt/stack/data/venv/lib/python3.12/site-packages/oslo_service/backend/_threading/loopingcall.py:125}}
Aug 31 07:35:56.938487 np0000191539 nova-scheduler[106813]: DEBUG oslo.service.backend._threading.loopingcall [-] Fixed interval looping call 'nova.servicegroup.drivers.db.DbDriver._report_state' sleeping for 119.99 seconds {{(pid=106813) _run_loop /opt/stack/data/venv/lib/python3.12/site-packages/oslo_service/backend/_threading/loopingcall.py:125}}
Aug 31 07:35:56.940099 np0000191539 nova-scheduler[106822]: DEBUG oslo.service.backend._threading.loopingcall [-] Fixed interval looping call 'nova.servicegroup.drivers.db.DbDriver._report_state' sleeping for 119.99 seconds {{(pid=106822) _run_loop /opt/stack/data/venv/lib/python3.12/site-packages/oslo_service/backend/_threading/loopingcall.py:125}}
Aug 31 07:35:56.940563 np0000191539 nova-scheduler[106832]: DEBUG oslo.service.backend._threading.loopingcall [-] Fixed interval looping call 'nova.servicegroup.drivers.db.DbDriver._report_state' sleeping for 119.99 seconds {{(pid=106832) _run_loop /opt/stack/data/venv/lib/python3.12/site-packages/oslo_service/backend/_threading/loopingcall.py:125}}
Aug 31 07:35:56.941048 np0000191539 nova-scheduler[106842]: DEBUG oslo.service.backend._threading.loopingcall [-] Fixed interval looping call 'nova.servicegroup.drivers.db.DbDriver._report_state' sleeping for 119.99 seconds {{(pid=106842) _run_loop /opt/stack/data/venv/lib/python3.12/site-packages/oslo_service/backend/_threading/loopingcall.py:125}}
Aug 31 07:36:00.939469 np0000191539 nova-scheduler[106832]: DEBUG oslo.service.backend._threading.loopingcall [None req-51a71cf5-9119-436e-b009-5ee1f34f1fae None None] Dynamic interval looping call 'nova.service.Service.periodic_tasks' sleeping for 60.00 seconds {{(pid=106832) _run_loop /opt/stack/data/venv/lib/python3.12/site-packages/oslo_service/backend/_threading/loopingcall.py:125}}
Aug 31 07:36:06.932268 np0000191539 nova-scheduler[106813]: DEBUG dbcounter [-] [106813] Writing DB stats nova_cell0:SELECT=1,nova_cell0:UPDATE=1 {{(pid=106813) stat_writer /opt/stack/data/venv/lib/python3.12/site-packages/dbcounter.py:115}}
Aug 31 07:36:06.933068 np0000191539 nova-scheduler[106822]: DEBUG dbcounter [-] [106822] Writing DB stats nova_cell0:SELECT=1,nova_cell0:UPDATE=1 {{(pid=106822) stat_writer /opt/stack/data/venv/lib/python3.12/site-packages/dbcounter.py:115}}
Aug 31 07:36:06.936298 np0000191539 nova-scheduler[106832]: DEBUG dbcounter [-] [106832] Writing DB stats nova_cell0:SELECT=1,nova_cell0:UPDATE=1 {{(pid=106832) stat_writer /opt/stack/data/venv/lib/python3.12/site-packages/dbcounter.py:115}}
Aug 31 07:36:06.939638 np0000191539 nova-scheduler[106842]: DEBUG dbcounter [-] [106842] Writing DB stats nova_cell0:SELECT=1,nova_cell0:UPDATE=1 {{(pid=106842) stat_writer /opt/stack/data/venv/lib/python3.12/site-packages/dbcounter.py:115}}
Aug 31 07:36:23.944283 np0000191539 nova-scheduler[106842]: DEBUG oslo.service.backend._threading.loopingcall [None req-3ebe00d7-d9e6-48ec-8edb-182ad04fee6a None None] Dynamic interval looping call 'nova.service.Service.periodic_tasks' sleeping for 60.00 seconds {{(pid=106842) _run_loop /opt/stack/data/venv/lib/python3.12/site-packages/oslo_service/backend/_threading/loopingcall.py:125}}
