May 20 05:24:27.482670 np0000175275 devstack@neutron-api.service[103223]: DEBUG neutron_lib.callbacks.manager [None req-72ab77d5-11f2-479d-8b3d-597e835ba1db None None] Subscribe: > port after_delete 55550000, False {{(pid=103223) subscribe /opt/stack/data/venv/lib/python3.12/site-packages/neutron_lib/callbacks/manager.py:52}}
May 20 05:24:27.482769 np0000175275 devstack@neutron-api.service[103223]: DEBUG neutron_lib.callbacks.manager [None req-72ab77d5-11f2-479d-8b3d-597e835ba1db None None] Subscribe: > subnet after_create 55550000, False {{(pid=103223) subscribe /opt/stack/data/venv/lib/python3.12/site-packages/neutron_lib/callbacks/manager.py:52}}
May 20 05:24:27.482872 np0000175275 devstack@neutron-api.service[103223]: DEBUG neutron_lib.callbacks.manager [None req-72ab77d5-11f2-479d-8b3d-597e835ba1db None None] Subscribe: > subnet after_update 55550000, False {{(pid=103223) subscribe /opt/stack/data/venv/lib/python3.12/site-packages/neutron_lib/callbacks/manager.py:52}}
May 20 05:24:27.482913 np0000175275 devstack@neutron-api.service[103224]: DEBUG neutron.manager [None req-9b73bd16-ae72-46a7-a32b-f93bbc97089f None None] Successfully loaded TAG plugin. Description: Tag support {{(pid=103224) _create_and_add_service_plugin /opt/stack/neutron/neutron/manager.py:239}}
May 20 05:24:27.482975 np0000175275 devstack@neutron-api.service[103224]: INFO neutron.manager [None req-9b73bd16-ae72-46a7-a32b-f93bbc97089f None None] Loading Plugin: timestamp
May 20 05:24:27.483029 np0000175275 devstack@neutron-api.service[103223]: DEBUG neutron_lib.callbacks.manager [None req-72ab77d5-11f2-479d-8b3d-597e835ba1db None None] Subscribe: > subnet after_delete 55550000, False {{(pid=103223) subscribe /opt/stack/data/venv/lib/python3.12/site-packages/neutron_lib/callbacks/manager.py:52}}
May 20 05:24:27.483105 np0000175275 devstack@neutron-api.service[103223]: DEBUG neutron_lib.callbacks.manager [None req-72ab77d5-11f2-479d-8b3d-597e835ba1db None None] Subscribe: > network after_create 55550000, False {{(pid=103223) subscribe /opt/stack/data/venv/lib/python3.12/site-packages/neutron_lib/callbacks/manager.py:52}}
May 20 05:24:27.483269 np0000175275 devstack@neutron-api.service[103223]: DEBUG neutron_lib.callbacks.manager [None req-72ab77d5-11f2-479d-8b3d-597e835ba1db None None] Subscribe: > network after_update 55550000, False {{(pid=103223) subscribe /opt/stack/data/venv/lib/python3.12/site-packages/neutron_lib/callbacks/manager.py:52}}
May 20 05:24:27.483379 np0000175275 devstack@neutron-api.service[103223]: DEBUG neutron_lib.callbacks.manager [None req-72ab77d5-11f2-479d-8b3d-597e835ba1db None None] Subscribe: > network after_delete 55550000, False {{(pid=103223) subscribe /opt/stack/data/venv/lib/python3.12/site-packages/neutron_lib/callbacks/manager.py:52}}
May 20 05:24:27.483502 np0000175275 devstack@neutron-api.service[103223]: DEBUG neutron_lib.callbacks.manager [None req-72ab77d5-11f2-479d-8b3d-597e835ba1db None None] Subscribe: > security_group after_create 55550000, False {{(pid=103223) subscribe /opt/stack/data/venv/lib/python3.12/site-packages/neutron_lib/callbacks/manager.py:52}}
May 20 05:24:27.483609 np0000175275 devstack@neutron-api.service[103223]: DEBUG neutron_lib.callbacks.manager [None req-72ab77d5-11f2-479d-8b3d-597e835ba1db None None] Subscribe: > security_group after_update 55550000, False {{(pid=103223) subscribe /opt/stack/data/venv/lib/python3.12/site-packages/neutron_lib/callbacks/manager.py:52}}
May 20 05:24:27.483706 np0000175275 devstack@neutron-api.service[103223]: DEBUG neutron_lib.callbacks.manager [None req-72ab77d5-11f2-479d-8b3d-597e835ba1db None None] Subscribe: > security_group after_delete 55550000, False {{(pid=103223) subscribe /opt/stack/data/venv/lib/python3.12/site-packages/neutron_lib/callbacks/manager.py:52}}
May 20 05:24:27.483810 np0000175275 devstack@neutron-api.service[103223]: DEBUG neutron_lib.callbacks.manager [None req-72ab77d5-11f2-479d-8b3d-597e835ba1db None None] Subscribe: > security_group_rule after_create 55550000, False {{(pid=103223) subscribe /opt/stack/data/venv/lib/python3.12/site-packages/neutron_lib/callbacks/manager.py:52}}
May 20 05:24:27.483911 np0000175275 devstack@neutron-api.service[103223]: DEBUG neutron_lib.callbacks.manager [None req-72ab77d5-11f2-479d-8b3d-597e835ba1db None None] Subscribe: > security_group_rule after_update 55550000, False {{(pid=103223) subscribe /opt/stack/data/venv/lib/python3.12/site-packages/neutron_lib/callbacks/manager.py:52}}
May 20 05:24:27.484010 np0000175275 devstack@neutron-api.service[103223]: DEBUG neutron_lib.callbacks.manager [None req-72ab77d5-11f2-479d-8b3d-597e835ba1db None None] Subscribe: > security_group_rule after_delete 55550000, False {{(pid=103223) subscribe /opt/stack/data/venv/lib/python3.12/site-packages/neutron_lib/callbacks/manager.py:52}}
May 20 05:24:27.484112 np0000175275 devstack@neutron-api.service[103223]: DEBUG neutron_lib.callbacks.manager [None req-72ab77d5-11f2-479d-8b3d-597e835ba1db None None] Subscribe: > address_group after_create 55550000, False {{(pid=103223) subscribe /opt/stack/data/venv/lib/python3.12/site-packages/neutron_lib/callbacks/manager.py:52}}
May 20 05:24:27.484226 np0000175275 devstack@neutron-api.service[103223]: DEBUG neutron_lib.callbacks.manager [None req-72ab77d5-11f2-479d-8b3d-597e835ba1db None None] Subscribe: > address_group after_update 55550000, False {{(pid=103223) subscribe /opt/stack/data/venv/lib/python3.12/site-packages/neutron_lib/callbacks/manager.py:52}}
May 20 05:24:27.484323 np0000175275 devstack@neutron-api.service[103224]: DEBUG neutron.manager [None req-9b73bd16-ae72-46a7-a32b-f93bbc97089f None None] Successfully loaded timestamp plugin. Description: Adds timestamps to Neutron resources with standard attributes {{(pid=103224) _create_and_add_service_plugin /opt/stack/neutron/neutron/manager.py:239}}
May 20 05:24:27.484356 np0000175275 devstack@neutron-api.service[103223]: DEBUG neutron_lib.callbacks.manager [None req-72ab77d5-11f2-479d-8b3d-597e835ba1db None None] Subscribe: > address_group after_delete 55550000, False {{(pid=103223) subscribe /opt/stack/data/venv/lib/python3.12/site-packages/neutron_lib/callbacks/manager.py:52}}
May 20 05:24:27.484434 np0000175275 devstack@neutron-api.service[103224]: INFO neutron.manager [None req-9b73bd16-ae72-46a7-a32b-f93bbc97089f None None] Loading Plugin: network_ip_availability
May 20 05:24:27.484488 np0000175275 devstack@neutron-api.service[103223]: DEBUG neutron.plugins.ml2.ovo_rpc [None req-72ab77d5-11f2-479d-8b3d-597e835ba1db None None] ML2 OVO RPC backend initialized. {{(pid=103223) __init__ /opt/stack/neutron/neutron/plugins/ml2/ovo_rpc.py:117}}
May 20 05:24:27.485210 np0000175275 devstack@neutron-api.service[103223]: INFO neutron.quota [None req-72ab77d5-11f2-479d-8b3d-597e835ba1db None None] Loaded quota_driver: .
May 20 05:24:27.485319 np0000175275 devstack@neutron-api.service[103223]: INFO neutron.plugins.ml2.plugin [None req-72ab77d5-11f2-479d-8b3d-597e835ba1db None None] Modular L2 Plugin initialization complete
May 20 05:24:27.485462 np0000175275 devstack@neutron-api.service[103223]: DEBUG neutron.manager [None req-72ab77d5-11f2-479d-8b3d-597e835ba1db None None] Loading services supported by the core plugin {{(pid=103223) _load_services_from_core_plugin /opt/stack/neutron/neutron/manager.py:170}}
May 20 05:24:27.485565 np0000175275 devstack@neutron-api.service[103223]: INFO neutron.plugins.ml2.managers [None req-72ab77d5-11f2-479d-8b3d-597e835ba1db None None] Got port-security extension from driver 'port_security'
May 20 05:24:27.485837 np0000175275 devstack@neutron-api.service[103223]: DEBUG neutron.manager [None req-72ab77d5-11f2-479d-8b3d-597e835ba1db None None] Loading service plugins: ['ovn-router', 'auto_allocate', 'tag', 'timestamp', 'network_ip_availability', 'flavors', 'revisions'] {{(pid=103223) _load_service_plugins /opt/stack/neutron/neutron/manager.py:195}}
May 20 05:24:27.485941 np0000175275 devstack@neutron-api.service[103224]: DEBUG neutron.manager [None req-9b73bd16-ae72-46a7-a32b-f93bbc97089f None None] Successfully loaded network-ip-availability plugin. Description: Provides IP availability data for each network and subnet. {{(pid=103224) _create_and_add_service_plugin /opt/stack/neutron/neutron/manager.py:239}}
May 20 05:24:27.486012 np0000175275 devstack@neutron-api.service[103223]: INFO neutron.manager [None req-72ab77d5-11f2-479d-8b3d-597e835ba1db None None] Loading Plugin: ovn-router
May 20 05:24:27.486104 np0000175275 devstack@neutron-api.service[103224]: INFO neutron.manager [None req-9b73bd16-ae72-46a7-a32b-f93bbc97089f None None] Loading Plugin: flavors
May 20 05:24:27.486934 np0000175275 devstack@neutron-api.service[103224]: DEBUG neutron.manager [None req-9b73bd16-ae72-46a7-a32b-f93bbc97089f None None] Successfully loaded FLAVORS plugin. Description: Neutron Flavors and Service Profiles manager plugin {{(pid=103224) _create_and_add_service_plugin /opt/stack/neutron/neutron/manager.py:239}}
May 20 05:24:27.487005 np0000175275 devstack@neutron-api.service[103224]: INFO neutron.manager [None req-9b73bd16-ae72-46a7-a32b-f93bbc97089f None None] Loading Plugin: revisions
May 20 05:24:27.488017 np0000175275 devstack@neutron-api.service[103224]: DEBUG neutron.manager [None req-9b73bd16-ae72-46a7-a32b-f93bbc97089f None None] Successfully loaded revision_plugin plugin. Description: Adds revision numbers to resources. {{(pid=103224) _create_and_add_service_plugin /opt/stack/neutron/neutron/manager.py:239}}
May 20 05:24:27.488146 np0000175275 devstack@neutron-api.service[103224]: DEBUG oslo_concurrency.lockutils [None req-9b73bd16-ae72-46a7-a32b-f93bbc97089f None None] Lock "manager" "released" by "neutron.manager.NeutronManager._create_instance" :: held 4.436s {{(pid=103224) inner /opt/stack/data/venv/lib/python3.12/site-packages/oslo_concurrency/lockutils.py:543}}
May 20 05:24:27.488434 np0000175275 devstack@neutron-api.service[103224]: DEBUG neutron.api.extensions [None req-9b73bd16-ae72-46a7-a32b-f93bbc97089f None None] get_extension_paths = OrderedDict({'/opt/stack/neutron/neutron/extensions': 1}) {{(pid=103224) get_extensions_path /opt/stack/neutron/neutron/api/extensions.py:640}}
May 20 05:24:27.488541 np0000175275 devstack@neutron-api.service[103224]: INFO neutron.api.extensions [None req-9b73bd16-ae72-46a7-a32b-f93bbc97089f None None] Initializing extension manager.
May 20 05:24:27.488802 np0000175275 devstack@neutron-api.service[103224]: DEBUG neutron.api.extensions [None req-9b73bd16-ae72-46a7-a32b-f93bbc97089f None None] Loading extension file: __init__.py {{(pid=103224) _load_all_extensions_from_path /opt/stack/neutron/neutron/api/extensions.py:449}}
May 20 05:24:27.488922 np0000175275 devstack@neutron-api.service[103224]: DEBUG neutron.api.extensions [None req-9b73bd16-ae72-46a7-a32b-f93bbc97089f None None] Loading extension file: __pycache__ {{(pid=103224) _load_all_extensions_from_path /opt/stack/neutron/neutron/api/extensions.py:449}}
May 20 05:24:27.489040 np0000175275 devstack@neutron-api.service[103224]: DEBUG neutron.api.extensions [None req-9b73bd16-ae72-46a7-a32b-f93bbc97089f None None] Loading extension file: address_group.py {{(pid=103224) _load_all_extensions_from_path /opt/stack/neutron/neutron/api/extensions.py:449}}
May 20 05:24:27.489437 np0000175275 devstack@neutron-api.service[103224]: DEBUG neutron.api.extensions [None req-9b73bd16-ae72-46a7-a32b-f93bbc97089f None None] Ext name="Address group" alias="address-group" description="Support address group" updated="2020-07-15T10:00:00-00:00" {{(pid=103224) _check_extension /opt/stack/neutron/neutron/api/extensions.py:415}}
May 20 05:24:27.489707 np0000175275 devstack@neutron-api.service[103224]: INFO neutron.api.extensions [None req-9b73bd16-ae72-46a7-a32b-f93bbc97089f None None] Loaded extension: address-group
May 20 05:24:27.489802 np0000175275 devstack@neutron-api.service[103224]: DEBUG neutron.api.extensions [None req-9b73bd16-ae72-46a7-a32b-f93bbc97089f None None] Loading extension file: address_scope.py {{(pid=103224) _load_all_extensions_from_path /opt/stack/neutron/neutron/api/extensions.py:449}}
May 20 05:24:27.490118 np0000175275 devstack@neutron-api.service[103224]: DEBUG neutron.api.extensions [None req-9b73bd16-ae72-46a7-a32b-f93bbc97089f None None] Ext name="Address scope" alias="address-scope" description="Address scopes extension." updated="2015-07-26T10:00:00-00:00" {{(pid=103224) _check_extension /opt/stack/neutron/neutron/api/extensions.py:415}}
May 20 05:24:27.490338 np0000175275 devstack@neutron-api.service[103224]: INFO neutron.api.extensions [None req-9b73bd16-ae72-46a7-a32b-f93bbc97089f None None] Loaded extension: address-scope
May 20 05:24:27.490454 np0000175275 devstack@neutron-api.service[103224]: DEBUG neutron.api.extensions [None req-9b73bd16-ae72-46a7-a32b-f93bbc97089f None None] Loading extension file: admin_state_down_before_update.py {{(pid=103224) _load_all_extensions_from_path /opt/stack/neutron/neutron/api/extensions.py:449}}
May 20 05:24:27.490728 np0000175275 devstack@neutron-api.service[103224]: DEBUG neutron.api.extensions [None req-9b73bd16-ae72-46a7-a32b-f93bbc97089f None None] Ext name="Enforce Router's Admin State Down Before Update Extension" alias="router-admin-state-down-before-update" description="Ensure that the admin state of a router is DOWN (admin_state_up=False) before updating the distributed attribute" updated="2019-07-02T15:56:00" {{(pid=103224) _check_extension /opt/stack/neutron/neutron/api/extensions.py:415}}
May 20 05:24:27.490910 np0000175275 devstack@neutron-api.service[103224]: INFO neutron.api.extensions [None req-9b73bd16-ae72-46a7-a32b-f93bbc97089f None None] Extension router-admin-state-down-before-update not supported by any of loaded plugins
May 20 05:24:27.491006 np0000175275 devstack@neutron-api.service[103224]: DEBUG neutron.api.extensions [None req-9b73bd16-ae72-46a7-a32b-f93bbc97089f None None] Loading extension file: agent.py {{(pid=103224) _load_all_extensions_from_path /opt/stack/neutron/neutron/api/extensions.py:449}}
May 20 05:24:27.491308 np0000175275 devstack@neutron-api.service[103224]: DEBUG neutron.api.extensions [None req-9b73bd16-ae72-46a7-a32b-f93bbc97089f None None] Ext name="agent" alias="agent" description="The agent management extension." updated="2013-02-03T10:00:00-00:00" {{(pid=103224) _check_extension /opt/stack/neutron/neutron/api/extensions.py:415}}
May 20 05:24:27.491494 np0000175275 devstack@neutron-api.service[103224]: INFO neutron.api.extensions [None req-9b73bd16-ae72-46a7-a32b-f93bbc97089f None None] Loaded extension: agent
May 20 05:24:27.491596 np0000175275 devstack@neutron-api.service[103224]: DEBUG neutron.api.extensions [None req-9b73bd16-ae72-46a7-a32b-f93bbc97089f None None] Loading extension file: agent_resources_synced.py {{(pid=103224) _load_all_extensions_from_path /opt/stack/neutron/neutron/api/extensions.py:449}}
May 20 05:24:27.491827 np0000175275 devstack@neutron-api.service[103224]: DEBUG neutron.api.extensions [None req-9b73bd16-ae72-46a7-a32b-f93bbc97089f None None] Ext name="Agent's Resource View Synced to Placement" alias="agent-resources-synced" description="Stores success/failure of last sync to Placement" updated="2018-12-19T00:00:00-00:00" {{(pid=103224) _check_extension /opt/stack/neutron/neutron/api/extensions.py:415}}
May 20 05:24:27.492001 np0000175275 devstack@neutron-api.service[103224]: INFO neutron.api.extensions [None req-9b73bd16-ae72-46a7-a32b-f93bbc97089f None None] Extension agent-resources-synced not supported by any of loaded plugins
May 20 05:24:27.492091 np0000175275 devstack@neutron-api.service[103224]: DEBUG neutron.api.extensions [None req-9b73bd16-ae72-46a7-a32b-f93bbc97089f None None] Loading extension file: agent_sort_key.py {{(pid=103224) _load_all_extensions_from_path /opt/stack/neutron/neutron/api/extensions.py:449}}
May 20 05:24:27.492336 np0000175275 devstack@neutron-api.service[103224]: DEBUG neutron.api.extensions [None req-9b73bd16-ae72-46a7-a32b-f93bbc97089f None None] Ext name="Agents Sort Key" alias="agent_sort_key" description="Enabling the keyword sort_key for sorting in agents." updated="2013-02-03T10:00:00-00:00" {{(pid=103224) _check_extension /opt/stack/neutron/neutron/api/extensions.py:415}}
May 20 05:24:27.492516 np0000175275 devstack@neutron-api.service[103224]: INFO neutron.api.extensions [None req-9b73bd16-ae72-46a7-a32b-f93bbc97089f None None] Extension agent_sort_key not supported by any of loaded plugins
May 20 05:24:27.492607 np0000175275 devstack@neutron-api.service[103224]: DEBUG neutron.api.extensions [None req-9b73bd16-ae72-46a7-a32b-f93bbc97089f None None] Loading extension file: allowedaddresspairs.py {{(pid=103224) _load_all_extensions_from_path /opt/stack/neutron/neutron/api/extensions.py:449}}
May 20 05:24:27.493307 np0000175275 devstack@neutron-api.service[103224]: DEBUG neutron.api.extensions [None req-9b73bd16-ae72-46a7-a32b-f93bbc97089f None None] Ext name="Allowed Address Pairs" alias="allowed-address-pairs" description="Provides allowed address pairs" updated="2013-07-23T10:00:00-00:00" {{(pid=103224) _check_extension /opt/stack/neutron/neutron/api/extensions.py:415}}
May 20 05:24:27.493516 np0000175275 devstack@neutron-api.service[103224]: INFO neutron.api.extensions [None req-9b73bd16-ae72-46a7-a32b-f93bbc97089f None None] Loaded extension: allowed-address-pairs
May 20 05:24:27.493611 np0000175275 devstack@neutron-api.service[103224]: DEBUG neutron.api.extensions [None req-9b73bd16-ae72-46a7-a32b-f93bbc97089f None None] Loading extension file: auto_allocated_topology.py {{(pid=103224) _load_all_extensions_from_path /opt/stack/neutron/neutron/api/extensions.py:449}}
May 20 05:24:27.493858 np0000175275 devstack@neutron-api.service[103224]: DEBUG neutron.api.extensions [None req-9b73bd16-ae72-46a7-a32b-f93bbc97089f None None] Ext name="Auto Allocated Topology Services" alias="auto-allocated-topology" description="Auto Allocated Topology Services." updated="2016-01-01T00:00:00-00:00" {{(pid=103224) _check_extension /opt/stack/neutron/neutron/api/extensions.py:415}}
May 20 05:24:27.494035 np0000175275 devstack@neutron-api.service[103224]: INFO neutron.api.extensions [None req-9b73bd16-ae72-46a7-a32b-f93bbc97089f None None] Loaded extension: auto-allocated-topology
May 20 05:24:27.494120 np0000175275 devstack@neutron-api.service[103224]: DEBUG neutron.api.extensions [None req-9b73bd16-ae72-46a7-a32b-f93bbc97089f None None] Loading extension file: availability_zone.py {{(pid=103224) _load_all_extensions_from_path /opt/stack/neutron/neutron/api/extensions.py:449}}
May 20 05:24:27.494431 np0000175275 devstack@neutron-api.service[103224]: DEBUG neutron.api.extensions [None req-9b73bd16-ae72-46a7-a32b-f93bbc97089f None None] Ext name="Availability Zone" alias="availability_zone" description="The availability zone extension." updated="2015-01-01T10:00:00-00:00" {{(pid=103224) _check_extension /opt/stack/neutron/neutron/api/extensions.py:415}}
May 20 05:24:27.494628 np0000175275 devstack@neutron-api.service[103224]: INFO neutron.api.extensions [None req-9b73bd16-ae72-46a7-a32b-f93bbc97089f None None] Loaded extension: availability_zone
May 20 05:24:27.494728 np0000175275 devstack@neutron-api.service[103224]: DEBUG neutron.api.extensions [None req-9b73bd16-ae72-46a7-a32b-f93bbc97089f None None] Loading extension file: availability_zone_filter.py {{(pid=103224) _load_all_extensions_from_path /opt/stack/neutron/neutron/api/extensions.py:449}}
May 20 05:24:27.494853 np0000175275 devstack@neutron-api.service[103223]: DEBUG neutron_lib.callbacks.manager [None req-72ab77d5-11f2-479d-8b3d-597e835ba1db None None] Subscribe: > router before_delete 55550000, False {{(pid=103223) subscribe /opt/stack/data/venv/lib/python3.12/site-packages/neutron_lib/callbacks/manager.py:52}}
May 20 05:24:27.494949 np0000175275 devstack@neutron-api.service[103224]: DEBUG neutron.api.extensions [None req-9b73bd16-ae72-46a7-a32b-f93bbc97089f None None] Ext name="Availability Zone Filter Extension" alias="availability_zone_filter" description="Add filter parameters to AvailabilityZone resource" updated="2018-06-22T10:00:00-00:00" {{(pid=103224) _check_extension /opt/stack/neutron/neutron/api/extensions.py:415}}
May 20 05:24:27.494999 np0000175275 devstack@neutron-api.service[103223]: DEBUG neutron_lib.callbacks.manager [None req-72ab77d5-11f2-479d-8b3d-597e835ba1db None None] Subscribe: port before_update 55550000, False {{(pid=103223) subscribe /opt/stack/data/venv/lib/python3.12/site-packages/neutron_lib/callbacks/manager.py:52}}
May 20 05:24:27.495092 np0000175275 devstack@neutron-api.service[103223]: DEBUG neutron_lib.callbacks.manager [None req-72ab77d5-11f2-479d-8b3d-597e835ba1db None None] Subscribe: port after_update 55550000, False {{(pid=103223) subscribe /opt/stack/data/venv/lib/python3.12/site-packages/neutron_lib/callbacks/manager.py:52}}
May 20 05:24:27.495136 np0000175275 devstack@neutron-api.service[103224]: INFO neutron.api.extensions [None req-9b73bd16-ae72-46a7-a32b-f93bbc97089f None None] Extension availability_zone_filter not supported by any of loaded plugins
May 20 05:24:27.495199 np0000175275 devstack@neutron-api.service[103223]: DEBUG neutron_lib.callbacks.manager [None req-72ab77d5-11f2-479d-8b3d-597e835ba1db None None] Subscribe: > port precommit_delete 55550000, False {{(pid=103223) subscribe /opt/stack/data/venv/lib/python3.12/site-packages/neutron_lib/callbacks/manager.py:52}}
May 20 05:24:27.495235 np0000175275 devstack@neutron-api.service[103224]: DEBUG neutron.api.extensions [None req-9b73bd16-ae72-46a7-a32b-f93bbc97089f None None] Loading extension file: data_plane_status.py {{(pid=103224) _load_all_extensions_from_path /opt/stack/neutron/neutron/api/extensions.py:449}}
May 20 05:24:27.495349 np0000175275 devstack@neutron-api.service[103223]: DEBUG neutron_lib.callbacks.manager [None req-72ab77d5-11f2-479d-8b3d-597e835ba1db None None] Subscribe: port before_update 55550000, False {{(pid=103223) subscribe /opt/stack/data/venv/lib/python3.12/site-packages/neutron_lib/callbacks/manager.py:52}}
May 20 05:24:27.495440 np0000175275 devstack@neutron-api.service[103223]: DEBUG neutron_lib.callbacks.manager [None req-72ab77d5-11f2-479d-8b3d-597e835ba1db None None] Subscribe: port before_delete 55550000, False {{(pid=103223) subscribe /opt/stack/data/venv/lib/python3.12/site-packages/neutron_lib/callbacks/manager.py:52}}
May 20 05:24:27.495513 np0000175275 devstack@neutron-api.service[103224]: DEBUG neutron.api.extensions [None req-9b73bd16-ae72-46a7-a32b-f93bbc97089f None None] Ext name="Port data plane status extension" alias="data-plane-status" description="Expose status of underlying data plane" updated="2017-01-24T10:00:00-00:00" {{(pid=103224) _check_extension /opt/stack/neutron/neutron/api/extensions.py:415}}
May 20 05:24:27.495583 np0000175275 devstack@neutron-api.service[103223]: DEBUG neutron_lib.callbacks.manager [None req-72ab77d5-11f2-479d-8b3d-597e835ba1db None None] Subscribe: > router precommit_create 55550000, False {{(pid=103223) subscribe /opt/stack/data/venv/lib/python3.12/site-packages/neutron_lib/callbacks/manager.py:52}}
May 20 05:24:27.495583 np0000175275 devstack@neutron-api.service[103223]: DEBUG neutron_lib.callbacks.manager [None req-72ab77d5-11f2-479d-8b3d-597e835ba1db None None] Subscribe: > router precommit_create 55550000, False {{(pid=103223) subscribe /opt/stack/data/venv/lib/python3.12/site-packages/neutron_lib/callbacks/manager.py:52}}
May 20 05:24:27.495716 np0000175275 devstack@neutron-api.service[103224]: INFO neutron.api.extensions [None req-9b73bd16-ae72-46a7-a32b-f93bbc97089f None None] Extension data-plane-status not supported by any of loaded plugins
May 20 05:24:27.495795 np0000175275 devstack@neutron-api.service[103223]: DEBUG neutron_lib.callbacks.manager [None req-72ab77d5-11f2-479d-8b3d-597e835ba1db None None] Subscribe: > router precommit_update 55550000, False {{(pid=103223) subscribe /opt/stack/data/venv/lib/python3.12/site-packages/neutron_lib/callbacks/manager.py:52}}
May 20 05:24:27.495840 np0000175275 devstack@neutron-api.service[103224]: DEBUG neutron.api.extensions [None req-9b73bd16-ae72-46a7-a32b-f93bbc97089f None None] Loading extension file: default_subnetpools.py {{(pid=103224) _load_all_extensions_from_path /opt/stack/neutron/neutron/api/extensions.py:449}}
May 20 05:24:27.495873 np0000175275 devstack@neutron-api.service[103223]: DEBUG neutron_lib.callbacks.manager [None req-72ab77d5-11f2-479d-8b3d-597e835ba1db None None] Subscribe: subnet after_update 55550000, False {{(pid=103223) subscribe /opt/stack/data/venv/lib/python3.12/site-packages/neutron_lib/callbacks/manager.py:52}}
May 20 05:24:27.495967 np0000175275 devstack@neutron-api.service[103224]: DEBUG neutron.api.extensions [None req-9b73bd16-ae72-46a7-a32b-f93bbc97089f None None] Ext name="Default Subnetpools" alias="default-subnetpools" description="Provides ability to mark and use a subnetpool as the default." updated="2016-02-18T18:00:00-00:00" {{(pid=103224) _check_extension /opt/stack/neutron/neutron/api/extensions.py:415}}
May 20 05:24:27.496051 np0000175275 devstack@neutron-api.service[103223]: DEBUG neutron.quota.resource_registry [None req-72ab77d5-11f2-479d-8b3d-597e835ba1db None None] Tracking information for resource: router configured {{(pid=103223) set_tracked_resource /opt/stack/neutron/neutron/quota/resource_registry.py:203}}
May 20 05:24:27.496051 np0000175275 devstack@neutron-api.service[103223]: DEBUG neutron.quota.resource_registry [None req-72ab77d5-11f2-479d-8b3d-597e835ba1db None None] Tracking information for resource: floatingip configured {{(pid=103223) set_tracked_resource /opt/stack/neutron/neutron/quota/resource_registry.py:203}}
May 20 05:24:27.496194 np0000175275 devstack@neutron-api.service[103224]: INFO neutron.api.extensions [None req-9b73bd16-ae72-46a7-a32b-f93bbc97089f None None] Loaded extension: default-subnetpools
May 20 05:24:27.496230 np0000175275 devstack@neutron-api.service[103223]: INFO neutron.services.ovn_l3.plugin [None req-72ab77d5-11f2-479d-8b3d-597e835ba1db None None] Starting OVNL3RouterPlugin
May 20 05:24:27.496261 np0000175275 devstack@neutron-api.service[103224]: DEBUG neutron.api.extensions [None req-9b73bd16-ae72-46a7-a32b-f93bbc97089f None None] Loading extension file: dhcpagentscheduler.py {{(pid=103224) _load_all_extensions_from_path /opt/stack/neutron/neutron/api/extensions.py:449}}
May 20 05:24:27.496364 np0000175275 devstack@neutron-api.service[103223]: DEBUG neutron_lib.callbacks.manager [None req-72ab77d5-11f2-479d-8b3d-597e835ba1db None None] Subscribe: > port_forwarding_plugin after_init 55550000, False {{(pid=103223) subscribe /opt/stack/data/venv/lib/python3.12/site-packages/neutron_lib/callbacks/manager.py:52}}
May 20 05:24:27.496561 np0000175275 devstack@neutron-api.service[103223]: DEBUG neutron_lib.callbacks.manager [None req-72ab77d5-11f2-479d-8b3d-597e835ba1db None None] Subscribe: > router before_create 55550100, False {{(pid=103223) subscribe /opt/stack/data/venv/lib/python3.12/site-packages/neutron_lib/callbacks/manager.py:52}}
May 20 05:24:27.496646 np0000175275 devstack@neutron-api.service[103224]: DEBUG neutron.api.extensions [None req-9b73bd16-ae72-46a7-a32b-f93bbc97089f None None] Ext name="DHCP Agent Scheduler" alias="dhcp_agent_scheduler" description="Schedule networks among dhcp agents" updated="2013-02-07T10:00:00-00:00" {{(pid=103224) _check_extension /opt/stack/neutron/neutron/api/extensions.py:415}}
May 20 05:24:27.496726 np0000175275 devstack@neutron-api.service[103223]: DEBUG neutron_lib.callbacks.manager [None req-72ab77d5-11f2-479d-8b3d-597e835ba1db None None] Subscribe: > router precommit_delete 55550100, False {{(pid=103223) subscribe /opt/stack/data/venv/lib/python3.12/site-packages/neutron_lib/callbacks/manager.py:52}}
May 20 05:24:27.496810 np0000175275 devstack@neutron-api.service[103224]: INFO neutron.api.extensions [None req-9b73bd16-ae72-46a7-a32b-f93bbc97089f None None] Loaded extension: dhcp_agent_scheduler
May 20 05:24:27.496897 np0000175275 devstack@neutron-api.service[103223]: DEBUG neutron_lib.callbacks.manager [None req-72ab77d5-11f2-479d-8b3d-597e835ba1db None None] Subscribe: > router precommit_create 55550100, False {{(pid=103223) subscribe /opt/stack/data/venv/lib/python3.12/site-packages/neutron_lib/callbacks/manager.py:52}}
May 20 05:24:27.496943 np0000175275 devstack@neutron-api.service[103224]: DEBUG neutron.api.extensions [None req-9b73bd16-ae72-46a7-a32b-f93bbc97089f None None] Loading extension file: dns.py {{(pid=103224) _load_all_extensions_from_path /opt/stack/neutron/neutron/api/extensions.py:449}}
May 20 05:24:27.496975 np0000175275 devstack@neutron-api.service[103223]: DEBUG neutron_lib.callbacks.manager [None req-72ab77d5-11f2-479d-8b3d-597e835ba1db None None] Subscribe: > router precommit_update 55550100, False {{(pid=103223) subscribe /opt/stack/data/venv/lib/python3.12/site-packages/neutron_lib/callbacks/manager.py:52}}
May 20 05:24:27.497090 np0000175275 devstack@neutron-api.service[103224]: DEBUG neutron.api.extensions [None req-9b73bd16-ae72-46a7-a32b-f93bbc97089f None None] Ext name="DNS Integration" alias="dns-integration" description="Provides integration with DNS." updated="2015-08-15T18:00:00-00:00" {{(pid=103224) _check_extension /opt/stack/neutron/neutron/api/extensions.py:415}}
May 20 05:24:27.497276 np0000175275 devstack@neutron-api.service[103224]: INFO neutron.api.extensions [None req-9b73bd16-ae72-46a7-a32b-f93bbc97089f None None] Loaded extension: dns-integration
May 20 05:24:27.497383 np0000175275 devstack@neutron-api.service[103224]: DEBUG neutron.api.extensions [None req-9b73bd16-ae72-46a7-a32b-f93bbc97089f None None] Loading extension file: dns_domain_ports.py {{(pid=103224) _load_all_extensions_from_path /opt/stack/neutron/neutron/api/extensions.py:449}}
May 20 05:24:27.497620 np0000175275 devstack@neutron-api.service[103224]: DEBUG neutron.api.extensions [None req-9b73bd16-ae72-46a7-a32b-f93bbc97089f None None] Ext name="dns_domain for ports" alias="dns-domain-ports" description="Allows the DNS domain to be specified for a network port." updated="2017-04-24T10:00:00-00:00" {{(pid=103224) _check_extension /opt/stack/neutron/neutron/api/extensions.py:415}}
May 20 05:24:27.497792 np0000175275 devstack@neutron-api.service[103224]: INFO neutron.api.extensions [None req-9b73bd16-ae72-46a7-a32b-f93bbc97089f None None] Loaded extension: dns-domain-ports
May 20 05:24:27.497882 np0000175275 devstack@neutron-api.service[103224]: DEBUG neutron.api.extensions [None req-9b73bd16-ae72-46a7-a32b-f93bbc97089f None None] Loading extension file: dns_integration_domain_keywords.py {{(pid=103224) _load_all_extensions_from_path /opt/stack/neutron/neutron/api/extensions.py:449}}
May 20 05:24:27.498107 np0000175275 devstack@neutron-api.service[103224]: DEBUG neutron.api.extensions [None req-9b73bd16-ae72-46a7-a32b-f93bbc97089f None None] Ext name="DNS domain names with keywords allowed" alias="dns-integration-domain-keywords" description="Allows to use keywords like , , and as DNS domain name" updated="2020-06-15T18:00:00-00:00" {{(pid=103224) _check_extension /opt/stack/neutron/neutron/api/extensions.py:415}}
May 20 05:24:27.498295 np0000175275 devstack@neutron-api.service[103224]: INFO neutron.api.extensions [None req-9b73bd16-ae72-46a7-a32b-f93bbc97089f None None] Loaded extension: dns-integration-domain-keywords
May 20 05:24:27.498385 np0000175275 devstack@neutron-api.service[103224]: DEBUG neutron.api.extensions [None req-9b73bd16-ae72-46a7-a32b-f93bbc97089f None None] Loading extension file: dvr.py {{(pid=103224) _load_all_extensions_from_path /opt/stack/neutron/neutron/api/extensions.py:449}}
May 20 05:24:27.498703 np0000175275 devstack@neutron-api.service[103224]: DEBUG neutron.api.extensions [None req-9b73bd16-ae72-46a7-a32b-f93bbc97089f None None] Ext name="Distributed Virtual Router" alias="dvr" description="Enables configuration of Distributed Virtual Routers." updated="2014-06-1T10:00:00-00:00" {{(pid=103224) _check_extension /opt/stack/neutron/neutron/api/extensions.py:415}}
May 20 05:24:27.498893 np0000175275 devstack@neutron-api.service[103224]: INFO neutron.api.extensions [None req-9b73bd16-ae72-46a7-a32b-f93bbc97089f None None] Extension dvr not supported by any of loaded plugins
May 20 05:24:27.498982 np0000175275 devstack@neutron-api.service[103224]: DEBUG neutron.api.extensions [None req-9b73bd16-ae72-46a7-a32b-f93bbc97089f None None] Loading extension file: ecmp_routes.py {{(pid=103224) _load_all_extensions_from_path /opt/stack/neutron/neutron/api/extensions.py:449}}
May 20 05:24:27.499232 np0000175275 devstack@neutron-api.service[103224]: DEBUG neutron.api.extensions [None req-9b73bd16-ae72-46a7-a32b-f93bbc97089f None None] Ext name="Equal Cost Multipath Routing" alias="ecmp_routes" description="Allows traffic to reach thesame destination via multiple different links " updated="2020-11-26T18:00:00-00:00" {{(pid=103224) _check_extension /opt/stack/neutron/neutron/api/extensions.py:415}}
May 20 05:24:27.499401 np0000175275 devstack@neutron-api.service[103224]: INFO neutron.api.extensions [None req-9b73bd16-ae72-46a7-a32b-f93bbc97089f None None] Extension ecmp_routes not supported by any of loaded plugins
May 20 05:24:27.499493 np0000175275 devstack@neutron-api.service[103224]: DEBUG neutron.api.extensions [None req-9b73bd16-ae72-46a7-a32b-f93bbc97089f None None] Loading extension file: empty_string_filtering.py {{(pid=103224) _load_all_extensions_from_path /opt/stack/neutron/neutron/api/extensions.py:449}}
May 20 05:24:27.499788 np0000175275 devstack@neutron-api.service[103224]: DEBUG neutron.api.extensions [None req-9b73bd16-ae72-46a7-a32b-f93bbc97089f None None] Ext name="Empty String Filtering Extension" alias="empty-string-filtering" description="Allow filtering by attributes with empty string value" updated="2018-05-01T10:00:00-00:00" {{(pid=103224) _check_extension /opt/stack/neutron/neutron/api/extensions.py:415}}
May 20 05:24:27.499996 np0000175275 devstack@neutron-api.service[103224]: INFO neutron.api.extensions [None req-9b73bd16-ae72-46a7-a32b-f93bbc97089f None None] Loaded extension: empty-string-filtering
May 20 05:24:27.500087 np0000175275 devstack@neutron-api.service[103223]: DEBUG neutron.services.provider_configuration [None req-72ab77d5-11f2-479d-8b3d-597e835ba1db None None] Service providers = [] {{(pid=103223) parse_service_provider_opt /opt/stack/neutron/neutron/services/provider_configuration.py:170}}
May 20 05:24:27.500132 np0000175275 devstack@neutron-api.service[103224]: DEBUG neutron.api.extensions [None req-9b73bd16-ae72-46a7-a32b-f93bbc97089f None None] Loading extension file: expose_l3_conntrack_helper.py {{(pid=103224) _load_all_extensions_from_path /opt/stack/neutron/neutron/api/extensions.py:449}}
May 20 05:24:27.500257 np0000175275 devstack@neutron-api.service[103223]: DEBUG neutron.db.servicetype_db [None req-72ab77d5-11f2-479d-8b3d-597e835ba1db None None] Adding provider configuration for service L3_ROUTER_NAT {{(pid=103223) add_provider_configuration /opt/stack/neutron/neutron/db/servicetype_db.py:45}}
May 20 05:24:27.500402 np0000175275 devstack@neutron-api.service[103224]: DEBUG neutron.api.extensions [None req-9b73bd16-ae72-46a7-a32b-f93bbc97089f None None] Ext name="Expose CT target rules for conntrack helper" alias="expose-l3-conntrack-helper" description="Expose allow adding CT target rules for conntrack helper" updated="2019-04-04T10:00:00-00:00" {{(pid=103224) _check_extension /opt/stack/neutron/neutron/api/extensions.py:415}}
May 20 05:24:27.500612 np0000175275 devstack@neutron-api.service[103224]: INFO neutron.api.extensions [None req-9b73bd16-ae72-46a7-a32b-f93bbc97089f None None] Extension expose-l3-conntrack-helper not supported by any of loaded plugins
May 20 05:24:27.500699 np0000175275 devstack@neutron-api.service[103224]: DEBUG neutron.api.extensions [None req-9b73bd16-ae72-46a7-a32b-f93bbc97089f None None] Loading extension file: expose_port_forwarding_in_fip.py {{(pid=103224) _load_all_extensions_from_path /opt/stack/neutron/neutron/api/extensions.py:449}}
May 20 05:24:27.500930 np0000175275 devstack@neutron-api.service[103224]: DEBUG neutron.api.extensions [None req-9b73bd16-ae72-46a7-a32b-f93bbc97089f None None] Ext name="Expose Floating IP port forwardings" alias="expose-port-forwarding-in-fip" description="Expose port forwarding fields in floating IP response" updated="2018-06-28T16:00:00-00:00" {{(pid=103224) _check_extension /opt/stack/neutron/neutron/api/extensions.py:415}}
May 20 05:24:27.501093 np0000175275 devstack@neutron-api.service[103224]: INFO neutron.api.extensions [None req-9b73bd16-ae72-46a7-a32b-f93bbc97089f None None] Extension expose-port-forwarding-in-fip not supported by any of loaded plugins
May 20 05:24:27.501204 np0000175275 devstack@neutron-api.service[103224]: DEBUG neutron.api.extensions [None req-9b73bd16-ae72-46a7-a32b-f93bbc97089f None None] Loading extension file: external_net.py {{(pid=103224) _load_all_extensions_from_path /opt/stack/neutron/neutron/api/extensions.py:449}}
May 20 05:24:27.501441 np0000175275 devstack@neutron-api.service[103224]: DEBUG neutron.api.extensions [None req-9b73bd16-ae72-46a7-a32b-f93bbc97089f None None] Ext name="Neutron external network" alias="external-net" description="Adds external network attribute to network resource." updated="2013-01-14T10:00:00-00:00" {{(pid=103224) _check_extension /opt/stack/neutron/neutron/api/extensions.py:415}}
May 20 05:24:27.501612 np0000175275 devstack@neutron-api.service[103224]: INFO neutron.api.extensions [None req-9b73bd16-ae72-46a7-a32b-f93bbc97089f None None] Loaded extension: external-net
May 20 05:24:27.501662 np0000175275 devstack@neutron-api.service[103223]: DEBUG neutron_lib.callbacks.manager [None req-72ab77d5-11f2-479d-8b3d-597e835ba1db None None] Subscribe: > router precommit_create 55549900, False {{(pid=103223) subscribe /opt/stack/data/venv/lib/python3.12/site-packages/neutron_lib/callbacks/manager.py:52}}
May 20 05:24:27.501698 np0000175275 devstack@neutron-api.service[103224]: DEBUG neutron.api.extensions [None req-9b73bd16-ae72-46a7-a32b-f93bbc97089f None None] Loading extension file: extra_dhcp_opt.py {{(pid=103224) _load_all_extensions_from_path /opt/stack/neutron/neutron/api/extensions.py:449}}
May 20 05:24:27.501806 np0000175275 devstack@neutron-api.service[103223]: DEBUG neutron_lib.callbacks.manager [None req-72ab77d5-11f2-479d-8b3d-597e835ba1db None None] Subscribe: > router_interface after_create 55550000, False {{(pid=103223) subscribe /opt/stack/data/venv/lib/python3.12/site-packages/neutron_lib/callbacks/manager.py:52}}
May 20 05:24:27.501885 np0000175275 devstack@neutron-api.service[103223]: DEBUG neutron_lib.callbacks.manager [None req-72ab77d5-11f2-479d-8b3d-597e835ba1db None None] Subscribe: > floatingip after_create 55550000, False {{(pid=103223) subscribe /opt/stack/data/venv/lib/python3.12/site-packages/neutron_lib/callbacks/manager.py:52}}
May 20 05:24:27.502314 np0000175275 devstack@neutron-api.service[103224]: DEBUG neutron.api.extensions [None req-9b73bd16-ae72-46a7-a32b-f93bbc97089f None None] Ext name="Neutron Extra DHCP options" alias="extra_dhcp_opt" description="Extra options configuration for DHCP. For example PXE boot options to DHCP clients can be specified (e.g. tftp-server, server-ip-address, bootfile-name)" updated="2013-03-17T12:00:00-00:00" {{(pid=103224) _check_extension /opt/stack/neutron/neutron/api/extensions.py:415}}
May 20 05:24:27.502682 np0000175275 devstack@neutron-api.service[103223]: DEBUG neutron_lib.callbacks.manager [None req-72ab77d5-11f2-479d-8b3d-597e835ba1db None None] Subscribe: > floatingip precommit_create 55550000, False {{(pid=103223) subscribe /opt/stack/data/venv/lib/python3.12/site-packages/neutron_lib/callbacks/manager.py:52}}
May 20 05:24:27.502682 np0000175275 devstack@neutron-api.service[103223]: DEBUG neutron_lib.callbacks.manager [None req-72ab77d5-11f2-479d-8b3d-597e835ba1db None None] Subscribe: > floatingip precommit_update 55550000, False {{(pid=103223) subscribe /opt/stack/data/venv/lib/python3.12/site-packages/neutron_lib/callbacks/manager.py:52}}
May 20 05:24:27.502787 np0000175275 devstack@neutron-api.service[103224]: INFO neutron.api.extensions [None req-9b73bd16-ae72-46a7-a32b-f93bbc97089f None None] Loaded extension: extra_dhcp_opt
May 20 05:24:27.502820 np0000175275 devstack@neutron-api.service[103223]: DEBUG neutron_lib.callbacks.manager [None req-72ab77d5-11f2-479d-8b3d-597e835ba1db None None] Subscribe: > floatingip after_delete 55550000, False {{(pid=103223) subscribe /opt/stack/data/venv/lib/python3.12/site-packages/neutron_lib/callbacks/manager.py:52}}
May 20 05:24:27.502894 np0000175275 devstack@neutron-api.service[103224]: DEBUG neutron.api.extensions [None req-9b73bd16-ae72-46a7-a32b-f93bbc97089f None None] Loading extension file: extraroute.py {{(pid=103224) _load_all_extensions_from_path /opt/stack/neutron/neutron/api/extensions.py:449}}
May 20 05:24:27.502928 np0000175275 devstack@neutron-api.service[103223]: DEBUG neutron_lib.callbacks.manager [None req-72ab77d5-11f2-479d-8b3d-597e835ba1db None None] Subscribe: > floatingip after_status_update 55550000, False {{(pid=103223) subscribe /opt/stack/data/venv/lib/python3.12/site-packages/neutron_lib/callbacks/manager.py:52}}
May 20 05:24:27.502928 np0000175275 devstack@neutron-api.service[103223]: DEBUG neutron_lib.callbacks.manager [None req-72ab77d5-11f2-479d-8b3d-597e835ba1db None None] Subscribe: > floatingip after_update 55550000, False {{(pid=103223) subscribe /opt/stack/data/venv/lib/python3.12/site-packages/neutron_lib/callbacks/manager.py:52}}
May 20 05:24:27.503027 np0000175275 devstack@neutron-api.service[103224]: DEBUG neutron.api.extensions [None req-9b73bd16-ae72-46a7-a32b-f93bbc97089f None None] Ext name="Neutron Extra Route" alias="extraroute" description="Extra routes configuration for L3 router" updated="2013-02-01T10:00:00-00:00" {{(pid=103224) _check_extension /opt/stack/neutron/neutron/api/extensions.py:415}}
May 20 05:24:27.503060 np0000175275 devstack@neutron-api.service[103223]: DEBUG neutron_lib.callbacks.manager [None req-72ab77d5-11f2-479d-8b3d-597e835ba1db None None] Subscribe: > port_forwarding after_create 55550000, False {{(pid=103223) subscribe /opt/stack/data/venv/lib/python3.12/site-packages/neutron_lib/callbacks/manager.py:52}}
May 20 05:24:27.503060 np0000175275 devstack@neutron-api.service[103223]: DEBUG neutron_lib.callbacks.manager [None req-72ab77d5-11f2-479d-8b3d-597e835ba1db None None] Subscribe: > router_interface after_delete 55550000, False {{(pid=103223) subscribe /opt/stack/data/venv/lib/python3.12/site-packages/neutron_lib/callbacks/manager.py:52}}
May 20 05:24:27.503122 np0000175275 devstack@neutron-api.service[103224]: INFO neutron.api.extensions [None req-9b73bd16-ae72-46a7-a32b-f93bbc97089f None None] Loaded extension: extraroute
May 20 05:24:27.503195 np0000175275 devstack@neutron-api.service[103223]: DEBUG neutron_lib.callbacks.manager [None req-72ab77d5-11f2-479d-8b3d-597e835ba1db None None] Subscribe: > router after_create 55550000, False {{(pid=103223) subscribe /opt/stack/data/venv/lib/python3.12/site-packages/neutron_lib/callbacks/manager.py:52}}
May 20 05:24:27.503233 np0000175275 devstack@neutron-api.service[103224]: DEBUG neutron.api.extensions [None req-9b73bd16-ae72-46a7-a32b-f93bbc97089f None None] Loading extension file: extraroute_atomic.py {{(pid=103224) _load_all_extensions_from_path /opt/stack/neutron/neutron/api/extensions.py:449}}
May 20 05:24:27.503312 np0000175275 devstack@neutron-api.service[103223]: DEBUG neutron_lib.callbacks.manager [None req-72ab77d5-11f2-479d-8b3d-597e835ba1db None None] Subscribe: > router precommit_create 55550000, False {{(pid=103223) subscribe /opt/stack/data/venv/lib/python3.12/site-packages/neutron_lib/callbacks/manager.py:52}}
May 20 05:24:27.503312 np0000175275 devstack@neutron-api.service[103223]: DEBUG neutron_lib.callbacks.manager [None req-72ab77d5-11f2-479d-8b3d-597e835ba1db None None] Subscribe: > router after_delete 55550000, False {{(pid=103223) subscribe /opt/stack/data/venv/lib/python3.12/site-packages/neutron_lib/callbacks/manager.py:52}}
May 20 05:24:27.503381 np0000175275 devstack@neutron-api.service[103224]: DEBUG neutron.api.extensions [None req-9b73bd16-ae72-46a7-a32b-f93bbc97089f None None] Ext name="Atomically add/remove extra routes" alias="extraroute-atomic" description="Edit extra routes of a router on server side by atomically adding/removing extra routes" updated="2019-07-10T00:00:00+00:00" {{(pid=103224) _check_extension /opt/stack/neutron/neutron/api/extensions.py:415}}
May 20 05:24:27.503429 np0000175275 devstack@neutron-api.service[103223]: DEBUG neutron_lib.callbacks.manager [None req-72ab77d5-11f2-479d-8b3d-597e835ba1db None None] Subscribe: > router after_update 55550000, False {{(pid=103223) subscribe /opt/stack/data/venv/lib/python3.12/site-packages/neutron_lib/callbacks/manager.py:52}}
May 20 05:24:27.503429 np0000175275 devstack@neutron-api.service[103223]: DEBUG neutron.services.service_base [None req-72ab77d5-11f2-479d-8b3d-597e835ba1db None None] Loaded 'neutron.services.ovn_l3.service_providers.ovn.OvnDriver' provider for service L3_ROUTER_NAT {{(pid=103223) load_drivers /opt/stack/neutron/neutron/services/service_base.py:49}}
May 20 05:24:27.503477 np0000175275 devstack@neutron-api.service[103224]: INFO neutron.api.extensions [None req-9b73bd16-ae72-46a7-a32b-f93bbc97089f None None] Loaded extension: extraroute-atomic
May 20 05:24:27.503524 np0000175275 devstack@neutron-api.service[103223]: DEBUG neutron_lib.callbacks.manager [None req-72ab77d5-11f2-479d-8b3d-597e835ba1db None None] Subscribe: > process after_init 55550001, True {{(pid=103223) subscribe /opt/stack/data/venv/lib/python3.12/site-packages/neutron_lib/callbacks/manager.py:52}}
May 20 05:24:27.503549 np0000175275 devstack@neutron-api.service[103224]: DEBUG neutron.api.extensions [None req-9b73bd16-ae72-46a7-a32b-f93bbc97089f None None] Loading extension file: filter_validation.py {{(pid=103224) _load_all_extensions_from_path /opt/stack/neutron/neutron/api/extensions.py:449}}
May 20 05:24:27.503597 np0000175275 devstack@neutron-api.service[103223]: DEBUG neutron.manager [None req-72ab77d5-11f2-479d-8b3d-597e835ba1db None None] Successfully loaded L3_ROUTER_NAT plugin. Description: L3 Router Service Plugin for basic L3 forwarding using OVN {{(pid=103223) _create_and_add_service_plugin /opt/stack/neutron/neutron/manager.py:239}}
May 20 05:24:27.503597 np0000175275 devstack@neutron-api.service[103223]: INFO neutron.manager [None req-72ab77d5-11f2-479d-8b3d-597e835ba1db None None] Loading Plugin: auto_allocate
May 20 05:24:27.503640 np0000175275 devstack@neutron-api.service[103224]: DEBUG neutron.api.extensions [None req-9b73bd16-ae72-46a7-a32b-f93bbc97089f None None] Ext name="Filter parameters validation" alias="filter-validation" description="Provides validation on filter parameters." updated="2018-07-04T10:00:00-00:00" {{(pid=103224) _check_extension /opt/stack/neutron/neutron/api/extensions.py:415}}
May 20 05:24:27.503640 np0000175275 devstack@neutron-api.service[103224]: INFO neutron.api.extensions [None req-9b73bd16-ae72-46a7-a32b-f93bbc97089f None None] Loaded extension: filter-validation
May 20 05:24:27.503713 np0000175275 devstack@neutron-api.service[103224]: DEBUG neutron.api.extensions [None req-9b73bd16-ae72-46a7-a32b-f93bbc97089f None None] Loading extension file: fip_pf_description.py {{(pid=103224) _load_all_extensions_from_path /opt/stack/neutron/neutron/api/extensions.py:449}}
May 20 05:24:27.504171 np0000175275 devstack@neutron-api.service[103224]: DEBUG neutron.api.extensions [None req-9b73bd16-ae72-46a7-a32b-f93bbc97089f None None] Ext name="Floating IP Port Forwarding new attribute description" alias="floating-ip-port-forwarding-description" description="Add a description field to Port Forwarding rules" updated="2019-11-01T10:00:00-00:00" {{(pid=103224) _check_extension /opt/stack/neutron/neutron/api/extensions.py:415}}
May 20 05:24:27.504171 np0000175275 devstack@neutron-api.service[103224]: INFO neutron.api.extensions [None req-9b73bd16-ae72-46a7-a32b-f93bbc97089f None None] Extension floating-ip-port-forwarding-description not supported by any of loaded plugins
May 20 05:24:27.504171 np0000175275 devstack@neutron-api.service[103224]: DEBUG neutron.api.extensions [None req-9b73bd16-ae72-46a7-a32b-f93bbc97089f None None] Loading extension file: fip_pf_detail.py {{(pid=103224) _load_all_extensions_from_path /opt/stack/neutron/neutron/api/extensions.py:449}}
May 20 05:24:27.504528 np0000175275 devstack@neutron-api.service[103223]: DEBUG neutron_lib.callbacks.manager [None req-72ab77d5-11f2-479d-8b3d-597e835ba1db None None] Subscribe: network precommit_update 55550000, False {{(pid=103223) subscribe /opt/stack/data/venv/lib/python3.12/site-packages/neutron_lib/callbacks/manager.py:52}}
May 20 05:24:27.504528 np0000175275 devstack@neutron-api.service[103223]: DEBUG neutron_lib.callbacks.manager [None req-72ab77d5-11f2-479d-8b3d-597e835ba1db None None] Subscribe: network precommit_create 55550000, False {{(pid=103223) subscribe /opt/stack/data/venv/lib/python3.12/site-packages/neutron_lib/callbacks/manager.py:52}}
May 20 05:24:27.504770 np0000175275 devstack@neutron-api.service[103224]: DEBUG neutron.api.extensions [None req-9b73bd16-ae72-46a7-a32b-f93bbc97089f None None] Ext name="Floating IP port forwarding detail" alias="floating-ip-port-forwarding-detail" description="Allow list floating ip return more port forwarding data, include'id' and 'internal_port_id'" updated="2022-05-06T10:00:00-00:00" {{(pid=103224) _check_extension /opt/stack/neutron/neutron/api/extensions.py:415}}
