May 20 05:24:27.504829 np0000175275 devstack@neutron-api.service[103223]: DEBUG neutron.manager [None req-72ab77d5-11f2-479d-8b3d-597e835ba1db None None] Successfully loaded auto-allocated-topology plugin. Description: Auto Allocated Topology - aka get me a network. {{(pid=103223) _create_and_add_service_plugin /opt/stack/neutron/neutron/manager.py:239}}
May 20 05:24:27.504829 np0000175275 devstack@neutron-api.service[103223]: INFO neutron.manager [None req-72ab77d5-11f2-479d-8b3d-597e835ba1db None None] Loading Plugin: tag
May 20 05:24:27.504949 np0000175275 devstack@neutron-api.service[103224]: INFO neutron.api.extensions [None req-9b73bd16-ae72-46a7-a32b-f93bbc97089f None None] Loaded extension: floating-ip-port-forwarding-detail
May 20 05:24:27.504949 np0000175275 devstack@neutron-api.service[103224]: DEBUG neutron.api.extensions [None req-9b73bd16-ae72-46a7-a32b-f93bbc97089f None None] Loading extension file: fip_pf_port_range.py {{(pid=103224) _load_all_extensions_from_path /opt/stack/neutron/neutron/api/extensions.py:449}}
May 20 05:24:27.505199 np0000175275 devstack@neutron-api.service[103224]: DEBUG neutron.api.extensions [None req-9b73bd16-ae72-46a7-a32b-f93bbc97089f None None] Ext name="Floating IP Port Forwarding support port ranges" alias="floating-ip-port-forwarding-port-ranges" description="Add support to port ranges" updated="2020-07-01T10:00:00-00:00" {{(pid=103224) _check_extension /opt/stack/neutron/neutron/api/extensions.py:415}}
May 20 05:24:27.505199 np0000175275 devstack@neutron-api.service[103224]: INFO neutron.api.extensions [None req-9b73bd16-ae72-46a7-a32b-f93bbc97089f None None] Extension floating-ip-port-forwarding-port-ranges not supported by any of loaded plugins
May 20 05:24:27.505492 np0000175275 devstack@neutron-api.service[103224]: DEBUG neutron.api.extensions [None req-9b73bd16-ae72-46a7-a32b-f93bbc97089f None None] Loading extension file: fip_port_details.py {{(pid=103224) _load_all_extensions_from_path /opt/stack/neutron/neutron/api/extensions.py:449}}
May 20 05:24:27.505492 np0000175275 devstack@neutron-api.service[103224]: DEBUG neutron.api.extensions [None req-9b73bd16-ae72-46a7-a32b-f93bbc97089f None None] Ext name="Floating IP Port Details Extension" alias="fip-port-details" description="Add port_details attribute to Floating IP resource" updated="2018-04-09T10:00:00-00:00" {{(pid=103224) _check_extension /opt/stack/neutron/neutron/api/extensions.py:415}}
May 20 05:24:27.505798 np0000175275 devstack@neutron-api.service[103224]: INFO neutron.api.extensions [None req-9b73bd16-ae72-46a7-a32b-f93bbc97089f None None] Loaded extension: fip-port-details
May 20 05:24:27.505798 np0000175275 devstack@neutron-api.service[103224]: DEBUG neutron.api.extensions [None req-9b73bd16-ae72-46a7-a32b-f93bbc97089f None None] Loading extension file: flavors.py {{(pid=103224) _load_all_extensions_from_path /opt/stack/neutron/neutron/api/extensions.py:449}}
May 20 05:24:27.506434 np0000175275 devstack@neutron-api.service[103224]: DEBUG neutron.api.extensions [None req-9b73bd16-ae72-46a7-a32b-f93bbc97089f None None] Ext name="Neutron Service Flavors" alias="flavors" description="Flavor specification for Neutron advanced services." updated="2015-09-17T10:00:00-00:00" {{(pid=103224) _check_extension /opt/stack/neutron/neutron/api/extensions.py:415}}
May 20 05:24:27.506434 np0000175275 devstack@neutron-api.service[103224]: INFO neutron.api.extensions [None req-9b73bd16-ae72-46a7-a32b-f93bbc97089f None None] Loaded extension: flavors
May 20 05:24:27.506434 np0000175275 devstack@neutron-api.service[103224]: DEBUG neutron.api.extensions [None req-9b73bd16-ae72-46a7-a32b-f93bbc97089f None None] Loading extension file: floating_ip_port_forwarding.py {{(pid=103224) _load_all_extensions_from_path /opt/stack/neutron/neutron/api/extensions.py:449}}
May 20 05:24:27.506748 np0000175275 devstack@neutron-api.service[103224]: DEBUG neutron.api.extensions [None req-9b73bd16-ae72-46a7-a32b-f93bbc97089f None None] Ext name="Floating IP Port Forwarding" alias="floating-ip-port-forwarding" description="Allow port forwarding from floating IP port to an internal port" updated="2018-01-19T10:00:00-00:00" {{(pid=103224) _check_extension /opt/stack/neutron/neutron/api/extensions.py:415}}
May 20 05:24:27.506748 np0000175275 devstack@neutron-api.service[103224]: INFO neutron.api.extensions [None req-9b73bd16-ae72-46a7-a32b-f93bbc97089f None None] Extension floating-ip-port-forwarding not supported by any of loaded plugins
May 20 05:24:27.506884 np0000175275 devstack@neutron-api.service[103224]: DEBUG neutron.api.extensions [None req-9b73bd16-ae72-46a7-a32b-f93bbc97089f None None] Loading extension file: floatingip_pools.py {{(pid=103224) _load_all_extensions_from_path /opt/stack/neutron/neutron/api/extensions.py:449}}
May 20 05:24:27.507122 np0000175275 devstack@neutron-api.service[103224]: DEBUG neutron.api.extensions [None req-9b73bd16-ae72-46a7-a32b-f93bbc97089f None None] Ext name="Floating IP Pools Extension" alias="floatingip-pools" description="Provides a floating IP pools API." updated="2018-03-21T10:00:00-00:00" {{(pid=103224) _check_extension /opt/stack/neutron/neutron/api/extensions.py:415}}
May 20 05:24:27.507167 np0000175275 devstack@neutron-api.service[103223]: DEBUG neutron.manager [None req-72ab77d5-11f2-479d-8b3d-597e835ba1db None None] Successfully loaded TAG plugin. Description: Tag support {{(pid=103223) _create_and_add_service_plugin /opt/stack/neutron/neutron/manager.py:239}}
May 20 05:24:27.507282 np0000175275 devstack@neutron-api.service[103223]: INFO neutron.manager [None req-72ab77d5-11f2-479d-8b3d-597e835ba1db None None] Loading Plugin: timestamp
May 20 05:24:27.507398 np0000175275 devstack@neutron-api.service[103224]: INFO neutron.api.extensions [None req-9b73bd16-ae72-46a7-a32b-f93bbc97089f None None] Loaded extension: floatingip-pools
May 20 05:24:27.507398 np0000175275 devstack@neutron-api.service[103224]: DEBUG neutron.api.extensions [None req-9b73bd16-ae72-46a7-a32b-f93bbc97089f None None] Loading extension file: ip_allocation.py {{(pid=103224) _load_all_extensions_from_path /opt/stack/neutron/neutron/api/extensions.py:449}}
May 20 05:24:27.507644 np0000175275 devstack@neutron-api.service[103224]: DEBUG neutron.api.extensions [None req-9b73bd16-ae72-46a7-a32b-f93bbc97089f None None] Ext name="IP Allocation" alias="ip_allocation" description="IP allocation extension." updated="2016-06-10T23:00:00-00:00" {{(pid=103224) _check_extension /opt/stack/neutron/neutron/api/extensions.py:415}}
May 20 05:24:27.507802 np0000175275 devstack@neutron-api.service[103224]: INFO neutron.api.extensions [None req-9b73bd16-ae72-46a7-a32b-f93bbc97089f None None] Extension ip_allocation not supported by any of loaded plugins
May 20 05:24:27.507901 np0000175275 devstack@neutron-api.service[103224]: DEBUG neutron.api.extensions [None req-9b73bd16-ae72-46a7-a32b-f93bbc97089f None None] Loading extension file: ip_substring_port_filtering.py {{(pid=103224) _load_all_extensions_from_path /opt/stack/neutron/neutron/api/extensions.py:449}}
May 20 05:24:27.508126 np0000175275 devstack@neutron-api.service[103224]: DEBUG neutron.api.extensions [None req-9b73bd16-ae72-46a7-a32b-f93bbc97089f None None] Ext name="IP address substring filtering" alias="ip-substring-filtering" description="Provides IP address substring filtering when listing ports" updated="2017-11-28T09:00:00-00:00" {{(pid=103224) _check_extension /opt/stack/neutron/neutron/api/extensions.py:415}}
May 20 05:24:27.508349 np0000175275 devstack@neutron-api.service[103224]: INFO neutron.api.extensions [None req-9b73bd16-ae72-46a7-a32b-f93bbc97089f None None] Extension ip-substring-filtering not supported by any of loaded plugins
May 20 05:24:27.508399 np0000175275 devstack@neutron-api.service[103224]: DEBUG neutron.api.extensions [None req-9b73bd16-ae72-46a7-a32b-f93bbc97089f None None] Loading extension file: l2_adjacency.py {{(pid=103224) _load_all_extensions_from_path /opt/stack/neutron/neutron/api/extensions.py:449}}
May 20 05:24:27.508424 np0000175275 devstack@neutron-api.service[103223]: DEBUG neutron.manager [None req-72ab77d5-11f2-479d-8b3d-597e835ba1db None None] Successfully loaded timestamp plugin. Description: Adds timestamps to Neutron resources with standard attributes {{(pid=103223) _create_and_add_service_plugin /opt/stack/neutron/neutron/manager.py:239}}
May 20 05:24:27.508595 np0000175275 devstack@neutron-api.service[103223]: INFO neutron.manager [None req-72ab77d5-11f2-479d-8b3d-597e835ba1db None None] Loading Plugin: network_ip_availability
May 20 05:24:27.508752 np0000175275 devstack@neutron-api.service[103224]: DEBUG neutron.api.extensions [None req-9b73bd16-ae72-46a7-a32b-f93bbc97089f None None] Ext name="L2 Adjacency" alias="l2_adjacency" description="Display L2 Adjacency for Neutron Networks." updated="2016-04-12T16:00:00-00:00" {{(pid=103224) _check_extension /opt/stack/neutron/neutron/api/extensions.py:415}}
May 20 05:24:27.509162 np0000175275 devstack@neutron-api.service[103224]: INFO neutron.api.extensions [None req-9b73bd16-ae72-46a7-a32b-f93bbc97089f None None] Extension l2_adjacency not supported by any of loaded plugins
May 20 05:24:27.509162 np0000175275 devstack@neutron-api.service[103224]: DEBUG neutron.api.extensions [None req-9b73bd16-ae72-46a7-a32b-f93bbc97089f None None] Loading extension file: l3.py {{(pid=103224) _load_all_extensions_from_path /opt/stack/neutron/neutron/api/extensions.py:449}}
May 20 05:24:27.509716 np0000175275 devstack@neutron-api.service[103224]: DEBUG neutron.api.extensions [None req-9b73bd16-ae72-46a7-a32b-f93bbc97089f None None] Ext name="Neutron L3 Router" alias="router" description="Router abstraction for basic L3 forwarding between L2 Neutron networks and access to external networks via a NAT gateway." updated="2012-07-20T10:00:00-00:00" {{(pid=103224) _check_extension /opt/stack/neutron/neutron/api/extensions.py:415}}
May 20 05:24:27.509716 np0000175275 devstack@neutron-api.service[103224]: INFO neutron.api.extensions [None req-9b73bd16-ae72-46a7-a32b-f93bbc97089f None None] Loaded extension: router
May 20 05:24:27.509716 np0000175275 devstack@neutron-api.service[103224]: DEBUG neutron.api.extensions [None req-9b73bd16-ae72-46a7-a32b-f93bbc97089f None None] Loading extension file: l3_conntrack_helper.py {{(pid=103224) _load_all_extensions_from_path /opt/stack/neutron/neutron/api/extensions.py:449}}
May 20 05:24:27.509994 np0000175275 devstack@neutron-api.service[103223]: DEBUG neutron.manager [None req-72ab77d5-11f2-479d-8b3d-597e835ba1db None None] Successfully loaded network-ip-availability plugin. Description: Provides IP availability data for each network and subnet. {{(pid=103223) _create_and_add_service_plugin /opt/stack/neutron/neutron/manager.py:239}}
May 20 05:24:27.510322 np0000175275 devstack@neutron-api.service[103223]: INFO neutron.manager [None req-72ab77d5-11f2-479d-8b3d-597e835ba1db None None] Loading Plugin: flavors
May 20 05:24:27.510590 np0000175275 devstack@neutron-api.service[103224]: DEBUG neutron.api.extensions [None req-9b73bd16-ae72-46a7-a32b-f93bbc97089f None None] Ext name="L3 Conntrack helper" alias="l3-conntrack-helper" description="Allow adding CT target rules for conntrack helper" updated="2019-04-04T10:00:00-00:00" {{(pid=103224) _check_extension /opt/stack/neutron/neutron/api/extensions.py:415}}
May 20 05:24:27.510590 np0000175275 devstack@neutron-api.service[103224]: INFO neutron.api.extensions [None req-9b73bd16-ae72-46a7-a32b-f93bbc97089f None None] Extension l3-conntrack-helper not supported by any of loaded plugins
May 20 05:24:27.510590 np0000175275 devstack@neutron-api.service[103224]: DEBUG neutron.api.extensions [None req-9b73bd16-ae72-46a7-a32b-f93bbc97089f None None] Loading extension file: l3_enable_default_route_bfd.py {{(pid=103224) _load_all_extensions_from_path /opt/stack/neutron/neutron/api/extensions.py:449}}
May 20 05:24:27.510830 np0000175275 devstack@neutron-api.service[103224]: DEBUG neutron.api.extensions [None req-9b73bd16-ae72-46a7-a32b-f93bbc97089f None None] Ext name="Enable Default Route BFD" alias="enable-default-route-bfd" description="Enables configurable BFD behavior for default routes" updated="2023-02-27T00:00:00-00:00" {{(pid=103224) _check_extension /opt/stack/neutron/neutron/api/extensions.py:415}}
May 20 05:24:27.510830 np0000175275 devstack@neutron-api.service[103224]: INFO neutron.api.extensions [None req-9b73bd16-ae72-46a7-a32b-f93bbc97089f None None] Loaded extension: enable-default-route-bfd
May 20 05:24:27.510950 np0000175275 devstack@neutron-api.service[103223]: DEBUG neutron.manager [None req-72ab77d5-11f2-479d-8b3d-597e835ba1db None None] Successfully loaded FLAVORS plugin. Description: Neutron Flavors and Service Profiles manager plugin {{(pid=103223) _create_and_add_service_plugin /opt/stack/neutron/neutron/manager.py:239}}
May 20 05:24:27.511091 np0000175275 devstack@neutron-api.service[103224]: DEBUG neutron.api.extensions [None req-9b73bd16-ae72-46a7-a32b-f93bbc97089f None None] Loading extension file: l3_enable_default_route_ecmp.py {{(pid=103224) _load_all_extensions_from_path /opt/stack/neutron/neutron/api/extensions.py:449}}
May 20 05:24:27.511123 np0000175275 devstack@neutron-api.service[103223]: INFO neutron.manager [None req-72ab77d5-11f2-479d-8b3d-597e835ba1db None None] Loading Plugin: revisions
May 20 05:24:27.511195 np0000175275 devstack@neutron-api.service[103224]: DEBUG neutron.api.extensions [None req-9b73bd16-ae72-46a7-a32b-f93bbc97089f None None] Ext name="Enable Default Route ECMP" alias="enable-default-route-ecmp" description="Enables configurable ECMP behavior for default routes" updated="2023-02-27T00:00:00-00:00" {{(pid=103224) _check_extension /opt/stack/neutron/neutron/api/extensions.py:415}}
May 20 05:24:27.511528 np0000175275 devstack@neutron-api.service[103224]: INFO neutron.api.extensions [None req-9b73bd16-ae72-46a7-a32b-f93bbc97089f None None] Loaded extension: enable-default-route-ecmp
May 20 05:24:27.511528 np0000175275 devstack@neutron-api.service[103224]: DEBUG neutron.api.extensions [None req-9b73bd16-ae72-46a7-a32b-f93bbc97089f None None] Loading extension file: l3_ext_gw_mode.py {{(pid=103224) _load_all_extensions_from_path /opt/stack/neutron/neutron/api/extensions.py:449}}
May 20 05:24:27.511966 np0000175275 devstack@neutron-api.service[103224]: DEBUG neutron.api.extensions [None req-9b73bd16-ae72-46a7-a32b-f93bbc97089f None None] Ext name="Neutron L3 Configurable external gateway mode" alias="ext-gw-mode" description="Extension of the router abstraction for specifying whether SNAT should occur on the external gateway" updated="2013-03-28T10:00:00-00:00" {{(pid=103224) _check_extension /opt/stack/neutron/neutron/api/extensions.py:415}}
May 20 05:24:27.511966 np0000175275 devstack@neutron-api.service[103224]: INFO neutron.api.extensions [None req-9b73bd16-ae72-46a7-a32b-f93bbc97089f None None] Loaded extension: ext-gw-mode
May 20 05:24:27.511966 np0000175275 devstack@neutron-api.service[103224]: DEBUG neutron.api.extensions [None req-9b73bd16-ae72-46a7-a32b-f93bbc97089f None None] Loading extension file: l3_ext_ha_mode.py {{(pid=103224) _load_all_extensions_from_path /opt/stack/neutron/neutron/api/extensions.py:449}}
May 20 05:24:27.512336 np0000175275 devstack@neutron-api.service[103223]: DEBUG neutron.manager [None req-72ab77d5-11f2-479d-8b3d-597e835ba1db None None] Successfully loaded revision_plugin plugin. Description: Adds revision numbers to resources. {{(pid=103223) _create_and_add_service_plugin /opt/stack/neutron/neutron/manager.py:239}}
May 20 05:24:27.512336 np0000175275 devstack@neutron-api.service[103223]: DEBUG oslo_concurrency.lockutils [None req-72ab77d5-11f2-479d-8b3d-597e835ba1db None None] Lock "manager" "released" by "neutron.manager.NeutronManager._create_instance" :: held 4.493s {{(pid=103223) inner /opt/stack/data/venv/lib/python3.12/site-packages/oslo_concurrency/lockutils.py:543}}
May 20 05:24:27.512453 np0000175275 devstack@neutron-api.service[103224]: DEBUG neutron.api.extensions [None req-9b73bd16-ae72-46a7-a32b-f93bbc97089f None None] Ext name="HA Router extension" alias="l3-ha" description="Adds HA capability to routers." updated="2014-04-26T00:00:00-00:00" {{(pid=103224) _check_extension /opt/stack/neutron/neutron/api/extensions.py:415}}
May 20 05:24:27.512453 np0000175275 devstack@neutron-api.service[103224]: INFO neutron.api.extensions [None req-9b73bd16-ae72-46a7-a32b-f93bbc97089f None None] Loaded extension: l3-ha
May 20 05:24:27.512546 np0000175275 devstack@neutron-api.service[103223]: DEBUG neutron.api.extensions [None req-72ab77d5-11f2-479d-8b3d-597e835ba1db None None] get_extension_paths = OrderedDict({'/opt/stack/neutron/neutron/extensions': 1}) {{(pid=103223) get_extensions_path /opt/stack/neutron/neutron/api/extensions.py:640}}
May 20 05:24:27.512594 np0000175275 devstack@neutron-api.service[103224]: DEBUG neutron.api.extensions [None req-9b73bd16-ae72-46a7-a32b-f93bbc97089f None None] Loading extension file: l3_ext_ndp_proxy.py {{(pid=103224) _load_all_extensions_from_path /opt/stack/neutron/neutron/api/extensions.py:449}}
May 20 05:24:27.512623 np0000175275 devstack@neutron-api.service[103223]: INFO neutron.api.extensions [None req-72ab77d5-11f2-479d-8b3d-597e835ba1db None None] Initializing extension manager.
May 20 05:24:27.512673 np0000175275 devstack@neutron-api.service[103224]: DEBUG neutron.api.extensions [None req-9b73bd16-ae72-46a7-a32b-f93bbc97089f None None] Ext name="Router support to enable NDP proxy" alias="l3-ext-ndp-proxy" description="Router extension to enable ndp proxy" updated="2020-08-25T00:00:00-00:00" {{(pid=103224) _check_extension /opt/stack/neutron/neutron/api/extensions.py:415}}
May 20 05:24:27.512698 np0000175275 devstack@neutron-api.service[103223]: DEBUG neutron.api.extensions [None req-72ab77d5-11f2-479d-8b3d-597e835ba1db None None] Loading extension file: __init__.py {{(pid=103223) _load_all_extensions_from_path /opt/stack/neutron/neutron/api/extensions.py:449}}
May 20 05:24:27.512752 np0000175275 devstack@neutron-api.service[103223]: DEBUG neutron.api.extensions [None req-72ab77d5-11f2-479d-8b3d-597e835ba1db None None] Loading extension file: __pycache__ {{(pid=103223) _load_all_extensions_from_path /opt/stack/neutron/neutron/api/extensions.py:449}}
May 20 05:24:27.512803 np0000175275 devstack@neutron-api.service[103224]: INFO neutron.api.extensions [None req-9b73bd16-ae72-46a7-a32b-f93bbc97089f None None] Extension l3-ext-ndp-proxy not supported by any of loaded plugins
May 20 05:24:27.512827 np0000175275 devstack@neutron-api.service[103223]: DEBUG neutron.api.extensions [None req-72ab77d5-11f2-479d-8b3d-597e835ba1db None None] Loading extension file: address_group.py {{(pid=103223) _load_all_extensions_from_path /opt/stack/neutron/neutron/api/extensions.py:449}}
May 20 05:24:27.513116 np0000175275 devstack@neutron-api.service[103224]: DEBUG neutron.api.extensions [None req-9b73bd16-ae72-46a7-a32b-f93bbc97089f None None] Loading extension file: l3_extra_gws.py {{(pid=103224) _load_all_extensions_from_path /opt/stack/neutron/neutron/api/extensions.py:449}}
May 20 05:24:27.513116 np0000175275 devstack@neutron-api.service[103224]: DEBUG neutron.api.extensions [None req-9b73bd16-ae72-46a7-a32b-f93bbc97089f None None] Ext name="Neutron L3 External Gateway Multihoming" alias="external-gateway-multihoming" description="Allow multiple external gateway ports per router" updated="2023-01-18T00:00:00-00:00" {{(pid=103224) _check_extension /opt/stack/neutron/neutron/api/extensions.py:415}}
May 20 05:24:27.513395 np0000175275 devstack@neutron-api.service[103223]: DEBUG neutron.api.extensions [None req-72ab77d5-11f2-479d-8b3d-597e835ba1db None None] Ext name="Address group" alias="address-group" description="Support address group" updated="2020-07-15T10:00:00-00:00" {{(pid=103223) _check_extension /opt/stack/neutron/neutron/api/extensions.py:415}}
May 20 05:24:27.513662 np0000175275 devstack@neutron-api.service[103224]: INFO neutron.api.extensions [None req-9b73bd16-ae72-46a7-a32b-f93bbc97089f None None] Loaded extension: external-gateway-multihoming
May 20 05:24:27.513922 np0000175275 devstack@neutron-api.service[103223]: INFO neutron.api.extensions [None req-72ab77d5-11f2-479d-8b3d-597e835ba1db None None] Loaded extension: address-group
May 20 05:24:27.514183 np0000175275 devstack@neutron-api.service[103224]: DEBUG neutron.api.extensions [None req-9b73bd16-ae72-46a7-a32b-f93bbc97089f None None] Loading extension file: l3_flavors.py {{(pid=103224) _load_all_extensions_from_path /opt/stack/neutron/neutron/api/extensions.py:449}}
May 20 05:24:27.514298 np0000175275 devstack@neutron-api.service[103223]: DEBUG neutron.api.extensions [None req-72ab77d5-11f2-479d-8b3d-597e835ba1db None None] Loading extension file: address_scope.py {{(pid=103223) _load_all_extensions_from_path /opt/stack/neutron/neutron/api/extensions.py:449}}
May 20 05:24:27.514372 np0000175275 devstack@neutron-api.service[103224]: DEBUG neutron.api.extensions [None req-9b73bd16-ae72-46a7-a32b-f93bbc97089f None None] Ext name="Router Flavor Extension" alias="l3-flavors" description="Flavor support for routers." updated="2016-05-17T00:00:00-00:00" {{(pid=103224) _check_extension /opt/stack/neutron/neutron/api/extensions.py:415}}
May 20 05:24:27.514445 np0000175275 devstack@neutron-api.service[103223]: DEBUG neutron.api.extensions [None req-72ab77d5-11f2-479d-8b3d-597e835ba1db None None] Ext name="Address scope" alias="address-scope" description="Address scopes extension." updated="2015-07-26T10:00:00-00:00" {{(pid=103223) _check_extension /opt/stack/neutron/neutron/api/extensions.py:415}}
May 20 05:24:27.514474 np0000175275 devstack@neutron-api.service[103224]: INFO neutron.api.extensions [None req-9b73bd16-ae72-46a7-a32b-f93bbc97089f None None] Loaded extension: l3-flavors
May 20 05:24:27.514474 np0000175275 devstack@neutron-api.service[103224]: DEBUG neutron.api.extensions [None req-9b73bd16-ae72-46a7-a32b-f93bbc97089f None None] Loading extension file: l3_ndp_proxy.py {{(pid=103224) _load_all_extensions_from_path /opt/stack/neutron/neutron/api/extensions.py:449}}
May 20 05:24:27.514587 np0000175275 devstack@neutron-api.service[103223]: INFO neutron.api.extensions [None req-72ab77d5-11f2-479d-8b3d-597e835ba1db None None] Loaded extension: address-scope
May 20 05:24:27.514587 np0000175275 devstack@neutron-api.service[103223]: DEBUG neutron.api.extensions [None req-72ab77d5-11f2-479d-8b3d-597e835ba1db None None] Loading extension file: admin_state_down_before_update.py {{(pid=103223) _load_all_extensions_from_path /opt/stack/neutron/neutron/api/extensions.py:449}}
May 20 05:24:27.514678 np0000175275 devstack@neutron-api.service[103224]: DEBUG neutron.api.extensions [None req-9b73bd16-ae72-46a7-a32b-f93bbc97089f None None] Ext name="name" alias="l3-ndp-proxy" description="description" updated="2021-06-29T10:00:00-00:00" {{(pid=103224) _check_extension /opt/stack/neutron/neutron/api/extensions.py:415}}
May 20 05:24:27.514745 np0000175275 devstack@neutron-api.service[103223]: DEBUG neutron.api.extensions [None req-72ab77d5-11f2-479d-8b3d-597e835ba1db None None] Ext name="Enforce Router's Admin State Down Before Update Extension" alias="router-admin-state-down-before-update" description="Ensure that the admin state of a router is DOWN (admin_state_up=False) before updating the distributed attribute" updated="2019-07-02T15:56:00" {{(pid=103223) _check_extension /opt/stack/neutron/neutron/api/extensions.py:415}}
May 20 05:24:27.514821 np0000175275 devstack@neutron-api.service[103224]: INFO neutron.api.extensions [None req-9b73bd16-ae72-46a7-a32b-f93bbc97089f None None] Extension l3-ndp-proxy not supported by any of loaded plugins
May 20 05:24:27.514845 np0000175275 devstack@neutron-api.service[103223]: INFO neutron.api.extensions [None req-72ab77d5-11f2-479d-8b3d-597e835ba1db None None] Extension router-admin-state-down-before-update not supported by any of loaded plugins
May 20 05:24:27.514893 np0000175275 devstack@neutron-api.service[103224]: DEBUG neutron.api.extensions [None req-9b73bd16-ae72-46a7-a32b-f93bbc97089f None None] Loading extension file: l3_port_ip_change_not_allowed.py {{(pid=103224) _load_all_extensions_from_path /opt/stack/neutron/neutron/api/extensions.py:449}}
May 20 05:24:27.514959 np0000175275 devstack@neutron-api.service[103223]: DEBUG neutron.api.extensions [None req-72ab77d5-11f2-479d-8b3d-597e835ba1db None None] Loading extension file: agent.py {{(pid=103223) _load_all_extensions_from_path /opt/stack/neutron/neutron/api/extensions.py:449}}
May 20 05:24:27.514988 np0000175275 devstack@neutron-api.service[103224]: DEBUG neutron.api.extensions [None req-9b73bd16-ae72-46a7-a32b-f93bbc97089f None None] Ext name="Prevent L3 router ports IP address change extension" alias="l3-port-ip-change-not-allowed" description="Prevent change of IP address for some L3 router ports" updated="2018-10-09T10:00:00-00:00" {{(pid=103224) _check_extension /opt/stack/neutron/neutron/api/extensions.py:415}}
May 20 05:24:27.515063 np0000175275 devstack@neutron-api.service[103223]: DEBUG neutron.api.extensions [None req-72ab77d5-11f2-479d-8b3d-597e835ba1db None None] Ext name="agent" alias="agent" description="The agent management extension." updated="2013-02-03T10:00:00-00:00" {{(pid=103223) _check_extension /opt/stack/neutron/neutron/api/extensions.py:415}}
May 20 05:24:27.515134 np0000175275 devstack@neutron-api.service[103226]: INFO neutron.plugins.ml2.drivers.type_vlan [None req-aed71f5d-7776-4d68-933f-8bb82c0f790f None None] VlanTypeDriver initialization complete
May 20 05:24:27.515491 np0000175275 devstack@neutron-api.service[103224]: INFO neutron.api.extensions [None req-9b73bd16-ae72-46a7-a32b-f93bbc97089f None None] Extension l3-port-ip-change-not-allowed not supported by any of loaded plugins
May 20 05:24:27.515491 np0000175275 devstack@neutron-api.service[103224]: DEBUG neutron.api.extensions [None req-9b73bd16-ae72-46a7-a32b-f93bbc97089f None None] Loading extension file: l3agentscheduler.py {{(pid=103224) _load_all_extensions_from_path /opt/stack/neutron/neutron/api/extensions.py:449}}
May 20 05:24:27.515633 np0000175275 devstack@neutron-api.service[103223]: INFO neutron.api.extensions [None req-72ab77d5-11f2-479d-8b3d-597e835ba1db None None] Loaded extension: agent
May 20 05:24:27.515725 np0000175275 devstack@neutron-api.service[103226]: INFO neutron.plugins.ml2.managers [None req-aed71f5d-7776-4d68-933f-8bb82c0f790f None None] Initializing extension driver 'port_security'
May 20 05:24:27.515800 np0000175275 devstack@neutron-api.service[103223]: DEBUG neutron.api.extensions [None req-72ab77d5-11f2-479d-8b3d-597e835ba1db None None] Loading extension file: agent_resources_synced.py {{(pid=103223) _load_all_extensions_from_path /opt/stack/neutron/neutron/api/extensions.py:449}}
May 20 05:24:27.515868 np0000175275 devstack@neutron-api.service[103226]: INFO neutron.plugins.ml2.extensions.port_security [None req-aed71f5d-7776-4d68-933f-8bb82c0f790f None None] PortSecurityExtensionDriver initialization complete
May 20 05:24:27.515868 np0000175275 devstack@neutron-api.service[103226]: INFO neutron.plugins.ml2.managers [None req-aed71f5d-7776-4d68-933f-8bb82c0f790f None None] Initializing extension driver 'qos'
May 20 05:24:27.515954 np0000175275 devstack@neutron-api.service[103223]: DEBUG neutron.api.extensions [None req-72ab77d5-11f2-479d-8b3d-597e835ba1db None None] Ext name="Agent's Resource View Synced to Placement" alias="agent-resources-synced" description="Stores success/failure of last sync to Placement" updated="2018-12-19T00:00:00-00:00" {{(pid=103223) _check_extension /opt/stack/neutron/neutron/api/extensions.py:415}}
May 20 05:24:27.516035 np0000175275 devstack@neutron-api.service[103226]: DEBUG neutron.plugins.ml2.extensions.qos [None req-aed71f5d-7776-4d68-933f-8bb82c0f790f None None] QosExtensionDriver initialization complete {{(pid=103226) initialize /opt/stack/neutron/neutron/plugins/ml2/extensions/qos.py:31}}
May 20 05:24:27.516035 np0000175275 devstack@neutron-api.service[103226]: INFO neutron.plugins.ml2.managers [None req-aed71f5d-7776-4d68-933f-8bb82c0f790f None None] Initializing mechanism driver 'ovn'
May 20 05:24:27.516131 np0000175275 devstack@neutron-api.service[103223]: INFO neutron.api.extensions [None req-72ab77d5-11f2-479d-8b3d-597e835ba1db None None] Extension agent-resources-synced not supported by any of loaded plugins
May 20 05:24:27.516220 np0000175275 devstack@neutron-api.service[103224]: DEBUG neutron.api.extensions [None req-9b73bd16-ae72-46a7-a32b-f93bbc97089f None None] Ext name="L3 Agent Scheduler" alias="l3_agent_scheduler" description="Schedule routers among l3 agents" updated="2013-02-07T10:00:00-00:00" {{(pid=103224) _check_extension /opt/stack/neutron/neutron/api/extensions.py:415}}
May 20 05:24:27.516297 np0000175275 devstack@neutron-api.service[103226]: INFO neutron.plugins.ml2.drivers.ovn.mech_driver.mech_driver [None req-aed71f5d-7776-4d68-933f-8bb82c0f790f None None] Starting OVNMechanismDriver
May 20 05:24:27.516368 np0000175275 devstack@neutron-api.service[103223]: DEBUG neutron.api.extensions [None req-72ab77d5-11f2-479d-8b3d-597e835ba1db None None] Loading extension file: agent_sort_key.py {{(pid=103223) _load_all_extensions_from_path /opt/stack/neutron/neutron/api/extensions.py:449}}
May 20 05:24:27.516445 np0000175275 devstack@neutron-api.service[103224]: INFO neutron.api.extensions [None req-9b73bd16-ae72-46a7-a32b-f93bbc97089f None None] Extension l3_agent_scheduler not supported by any of loaded plugins
May 20 05:24:27.516445 np0000175275 devstack@neutron-api.service[103224]: DEBUG neutron.api.extensions [None req-9b73bd16-ae72-46a7-a32b-f93bbc97089f None None] Loading extension file: local_ip.py {{(pid=103224) _load_all_extensions_from_path /opt/stack/neutron/neutron/api/extensions.py:449}}
May 20 05:24:27.516555 np0000175275 devstack@neutron-api.service[103223]: DEBUG neutron.api.extensions [None req-72ab77d5-11f2-479d-8b3d-597e835ba1db None None] Ext name="Agents Sort Key" alias="agent_sort_key" description="Enabling the keyword sort_key for sorting in agents." updated="2013-02-03T10:00:00-00:00" {{(pid=103223) _check_extension /opt/stack/neutron/neutron/api/extensions.py:415}}
May 20 05:24:27.516555 np0000175275 devstack@neutron-api.service[103223]: INFO neutron.api.extensions [None req-72ab77d5-11f2-479d-8b3d-597e835ba1db None None] Extension agent_sort_key not supported by any of loaded plugins
May 20 05:24:27.516555 np0000175275 devstack@neutron-api.service[103223]: DEBUG neutron.api.extensions [None req-72ab77d5-11f2-479d-8b3d-597e835ba1db None None] Loading extension file: allowedaddresspairs.py {{(pid=103223) _load_all_extensions_from_path /opt/stack/neutron/neutron/api/extensions.py:449}}
May 20 05:24:27.516718 np0000175275 devstack@neutron-api.service[103224]: DEBUG neutron.api.extensions [None req-9b73bd16-ae72-46a7-a32b-f93bbc97089f None None] Ext name="Local IP" alias="local_ip" description="Support Node Local Virtual IP" updated="2021-07-26T10:00:00-00:00" {{(pid=103224) _check_extension /opt/stack/neutron/neutron/api/extensions.py:415}}
May 20 05:24:27.516718 np0000175275 devstack@neutron-api.service[103224]: INFO neutron.api.extensions [None req-9b73bd16-ae72-46a7-a32b-f93bbc97089f None None] Extension local_ip not supported by any of loaded plugins
May 20 05:24:27.516718 np0000175275 devstack@neutron-api.service[103224]: DEBUG neutron.api.extensions [None req-9b73bd16-ae72-46a7-a32b-f93bbc97089f None None] Loading extension file: logging.py {{(pid=103224) _load_all_extensions_from_path /opt/stack/neutron/neutron/api/extensions.py:449}}
May 20 05:24:27.516718 np0000175275 devstack@neutron-api.service[103224]: DEBUG neutron.api.extensions [None req-9b73bd16-ae72-46a7-a32b-f93bbc97089f None None] Ext name="Logging API Extension" alias="logging" description="Provides a logging API for resources such as security group and firewall." updated="2017-01-01T10:00:00-00:00" {{(pid=103224) _check_extension /opt/stack/neutron/neutron/api/extensions.py:415}}
May 20 05:24:27.516896 np0000175275 devstack@neutron-api.service[103223]: DEBUG neutron.api.extensions [None req-72ab77d5-11f2-479d-8b3d-597e835ba1db None None] Ext name="Allowed Address Pairs" alias="allowed-address-pairs" description="Provides allowed address pairs" updated="2013-07-23T10:00:00-00:00" {{(pid=103223) _check_extension /opt/stack/neutron/neutron/api/extensions.py:415}}
May 20 05:24:27.516989 np0000175275 devstack@neutron-api.service[103224]: INFO neutron.api.extensions [None req-9b73bd16-ae72-46a7-a32b-f93bbc97089f None None] Extension logging not supported by any of loaded plugins
May 20 05:24:27.517064 np0000175275 devstack@neutron-api.service[103223]: INFO neutron.api.extensions [None req-72ab77d5-11f2-479d-8b3d-597e835ba1db None None] Loaded extension: allowed-address-pairs
May 20 05:24:27.517134 np0000175275 devstack@neutron-api.service[103224]: DEBUG neutron.api.extensions [None req-9b73bd16-ae72-46a7-a32b-f93bbc97089f None None] Loading extension file: metering.py {{(pid=103224) _load_all_extensions_from_path /opt/stack/neutron/neutron/api/extensions.py:449}}
May 20 05:24:27.518316 np0000175275 devstack@neutron-api.service[103223]: DEBUG neutron.api.extensions [None req-72ab77d5-11f2-479d-8b3d-597e835ba1db None None] Loading extension file: auto_allocated_topology.py {{(pid=103223) _load_all_extensions_from_path /opt/stack/neutron/neutron/api/extensions.py:449}}
May 20 05:24:27.518316 np0000175275 devstack@neutron-api.service[103223]: DEBUG neutron.api.extensions [None req-72ab77d5-11f2-479d-8b3d-597e835ba1db None None] Ext name="Auto Allocated Topology Services" alias="auto-allocated-topology" description="Auto Allocated Topology Services." updated="2016-01-01T00:00:00-00:00" {{(pid=103223) _check_extension /opt/stack/neutron/neutron/api/extensions.py:415}}
May 20 05:24:27.518316 np0000175275 devstack@neutron-api.service[103223]: INFO neutron.api.extensions [None req-72ab77d5-11f2-479d-8b3d-597e835ba1db None None] Loaded extension: auto-allocated-topology
May 20 05:24:27.518894 np0000175275 devstack@neutron-api.service[103224]: DEBUG neutron.api.extensions [None req-9b73bd16-ae72-46a7-a32b-f93bbc97089f None None] Ext name="Neutron Metering" alias="metering" description="Neutron Metering extension." updated="2013-06-12T10:00:00-00:00" {{(pid=103224) _check_extension /opt/stack/neutron/neutron/api/extensions.py:415}}
May 20 05:24:27.519260 np0000175275 devstack@neutron-api.service[103226]: DEBUG neutron_lib.callbacks.manager [None req-aed71f5d-7776-4d68-933f-8bb82c0f790f None None] Subscribe: > process before_spawn 55550000, False {{(pid=103226) subscribe /opt/stack/data/venv/lib/python3.12/site-packages/neutron_lib/callbacks/manager.py:52}}
May 20 05:24:27.519565 np0000175275 devstack@neutron-api.service[103223]: DEBUG neutron.api.extensions [None req-72ab77d5-11f2-479d-8b3d-597e835ba1db None None] Loading extension file: availability_zone.py {{(pid=103223) _load_all_extensions_from_path /opt/stack/neutron/neutron/api/extensions.py:449}}
May 20 05:24:27.519980 np0000175275 devstack@neutron-api.service[103224]: INFO neutron.api.extensions [None req-9b73bd16-ae72-46a7-a32b-f93bbc97089f None None] Extension metering not supported by any of loaded plugins
May 20 05:24:27.520087 np0000175275 devstack@neutron-api.service[103226]: DEBUG neutron_lib.callbacks.manager [None req-aed71f5d-7776-4d68-933f-8bb82c0f790f None None] Subscribe: > process after_init 55550000, True {{(pid=103226) subscribe /opt/stack/data/venv/lib/python3.12/site-packages/neutron_lib/callbacks/manager.py:52}}
May 20 05:24:27.520257 np0000175275 devstack@neutron-api.service[103224]: DEBUG neutron.api.extensions [None req-9b73bd16-ae72-46a7-a32b-f93bbc97089f None None] Loading extension file: metering_source_and_destination_fields.py {{(pid=103224) _load_all_extensions_from_path /opt/stack/neutron/neutron/api/extensions.py:449}}
May 20 05:24:27.520378 np0000175275 devstack@neutron-api.service[103226]: DEBUG neutron_lib.callbacks.manager [None req-aed71f5d-7776-4d68-933f-8bb82c0f790f None None] Subscribe: > segment after_create 55550000, False {{(pid=103226) subscribe /opt/stack/data/venv/lib/python3.12/site-packages/neutron_lib/callbacks/manager.py:52}}
May 20 05:24:27.520594 np0000175275 devstack@neutron-api.service[103223]: DEBUG neutron.api.extensions [None req-72ab77d5-11f2-479d-8b3d-597e835ba1db None None] Ext name="Availability Zone" alias="availability_zone" description="The availability zone extension." updated="2015-01-01T10:00:00-00:00" {{(pid=103223) _check_extension /opt/stack/neutron/neutron/api/extensions.py:415}}
May 20 05:24:27.520705 np0000175275 devstack@neutron-api.service[103226]: DEBUG neutron_lib.callbacks.manager [None req-aed71f5d-7776-4d68-933f-8bb82c0f790f None None] Subscribe: > segment after_create 55550000, False {{(pid=103226) subscribe /opt/stack/data/venv/lib/python3.12/site-packages/neutron_lib/callbacks/manager.py:52}}
May 20 05:24:27.520949 np0000175275 devstack@neutron-api.service[103224]: DEBUG neutron.api.extensions [None req-9b73bd16-ae72-46a7-a32b-f93bbc97089f None None] Ext name="Neutron Metering with source and destination filtering" alias="metering_source_and_destination_fields" description="Neutron Metering extension that enables the use of source and destination IP prefixes to create metering label rules." updated="2020-08-21T08:12:00-00:00" {{(pid=103224) _check_extension /opt/stack/neutron/neutron/api/extensions.py:415}}
May 20 05:24:27.521071 np0000175275 devstack@neutron-api.service[103223]: INFO neutron.api.extensions [None req-72ab77d5-11f2-479d-8b3d-597e835ba1db None None] Loaded extension: availability_zone
May 20 05:24:27.521304 np0000175275 devstack@neutron-api.service[103226]: DEBUG neutron_lib.callbacks.manager [None req-aed71f5d-7776-4d68-933f-8bb82c0f790f None None] Subscribe: > segment after_delete 55550000, False {{(pid=103226) subscribe /opt/stack/data/venv/lib/python3.12/site-packages/neutron_lib/callbacks/manager.py:52}}
May 20 05:24:27.521424 np0000175275 devstack@neutron-api.service[103223]: DEBUG neutron.api.extensions [None req-72ab77d5-11f2-479d-8b3d-597e835ba1db None None] Loading extension file: availability_zone_filter.py {{(pid=103223) _load_all_extensions_from_path /opt/stack/neutron/neutron/api/extensions.py:449}}
May 20 05:24:27.521923 np0000175275 devstack@neutron-api.service[103226]: DEBUG neutron_lib.callbacks.manager [None req-aed71f5d-7776-4d68-933f-8bb82c0f790f None None] Subscribe: > allowed_address_pair before_create 55550000, False {{(pid=103226) subscribe /opt/stack/data/venv/lib/python3.12/site-packages/neutron_lib/callbacks/manager.py:52}}
May 20 05:24:27.522133 np0000175275 devstack@neutron-api.service[103224]: INFO neutron.api.extensions [None req-9b73bd16-ae72-46a7-a32b-f93bbc97089f None None] Extension metering_source_and_destination_fields not supported by any of loaded plugins
May 20 05:24:27.522262 np0000175275 devstack@neutron-api.service[103226]: DEBUG neutron_lib.callbacks.manager [None req-aed71f5d-7776-4d68-933f-8bb82c0f790f None None] Subscribe: > security_group precommit_create 55550000, False {{(pid=103226) subscribe /opt/stack/data/venv/lib/python3.12/site-packages/neutron_lib/callbacks/manager.py:52}}
May 20 05:24:27.522468 np0000175275 devstack@neutron-api.service[103224]: DEBUG neutron.api.extensions [None req-9b73bd16-ae72-46a7-a32b-f93bbc97089f None None] Loading extension file: multiprovidernet.py {{(pid=103224) _load_all_extensions_from_path /opt/stack/neutron/neutron/api/extensions.py:449}}
May 20 05:24:27.522608 np0000175275 devstack@neutron-api.service[103223]: DEBUG neutron.api.extensions [None req-72ab77d5-11f2-479d-8b3d-597e835ba1db None None] Ext name="Availability Zone Filter Extension" alias="availability_zone_filter" description="Add filter parameters to AvailabilityZone resource" updated="2018-06-22T10:00:00-00:00" {{(pid=103223) _check_extension /opt/stack/neutron/neutron/api/extensions.py:415}}
May 20 05:24:27.522862 np0000175275 devstack@neutron-api.service[103226]: DEBUG neutron_lib.callbacks.manager [None req-aed71f5d-7776-4d68-933f-8bb82c0f790f None None] Subscribe: > security_group after_update 55550000, False {{(pid=103226) subscribe /opt/stack/data/venv/lib/python3.12/site-packages/neutron_lib/callbacks/manager.py:52}}
May 20 05:24:27.522862 np0000175275 devstack@neutron-api.service[103226]: DEBUG neutron_lib.callbacks.manager [None req-aed71f5d-7776-4d68-933f-8bb82c0f790f None None] Subscribe: > security_group after_create 55550000, False {{(pid=103226) subscribe /opt/stack/data/venv/lib/python3.12/site-packages/neutron_lib/callbacks/manager.py:52}}
May 20 05:24:27.523037 np0000175275 devstack@neutron-api.service[103223]: INFO neutron.api.extensions [None req-72ab77d5-11f2-479d-8b3d-597e835ba1db None None] Extension availability_zone_filter not supported by any of loaded plugins
May 20 05:24:27.523627 np0000175275 devstack@neutron-api.service[103224]: DEBUG neutron.api.extensions [None req-9b73bd16-ae72-46a7-a32b-f93bbc97089f None None] Ext name="Multi Provider Network" alias="multi-provider" description="Expose mapping of virtual networks to multiple physical networks" updated="2013-06-27T10:00:00-00:00" {{(pid=103224) _check_extension /opt/stack/neutron/neutron/api/extensions.py:415}}
May 20 05:24:27.523713 np0000175275 devstack@neutron-api.service[103226]: DEBUG neutron_lib.callbacks.manager [None req-aed71f5d-7776-4d68-933f-8bb82c0f790f None None] Subscribe: > security_group precommit_delete 55550000, False {{(pid=103226) subscribe /opt/stack/data/venv/lib/python3.12/site-packages/neutron_lib/callbacks/manager.py:52}}
May 20 05:24:27.523860 np0000175275 devstack@neutron-api.service[103223]: DEBUG neutron.api.extensions [None req-72ab77d5-11f2-479d-8b3d-597e835ba1db None None] Loading extension file: data_plane_status.py {{(pid=103223) _load_all_extensions_from_path /opt/stack/neutron/neutron/api/extensions.py:449}}
May 20 05:24:27.523910 np0000175275 devstack@neutron-api.service[103226]: DEBUG neutron_lib.callbacks.manager [None req-aed71f5d-7776-4d68-933f-8bb82c0f790f None None] Subscribe: > security_group after_delete 55550000, False {{(pid=103226) subscribe /opt/stack/data/venv/lib/python3.12/site-packages/neutron_lib/callbacks/manager.py:52}}
May 20 05:24:27.523976 np0000175275 devstack@neutron-api.service[103224]: INFO neutron.api.extensions [None req-9b73bd16-ae72-46a7-a32b-f93bbc97089f None None] Loaded extension: multi-provider
May 20 05:24:27.524023 np0000175275 devstack@neutron-api.service[103226]: DEBUG neutron_lib.callbacks.manager [None req-aed71f5d-7776-4d68-933f-8bb82c0f790f None None] Subscribe: > security_group_rule precommit_create 55550000, False {{(pid=103226) subscribe /opt/stack/data/venv/lib/python3.12/site-packages/neutron_lib/callbacks/manager.py:52}}
May 20 05:24:27.524181 np0000175275 devstack@neutron-api.service[103224]: DEBUG neutron.api.extensions [None req-9b73bd16-ae72-46a7-a32b-f93bbc97089f None None] Loading extension file: netmtu.py {{(pid=103224) _load_all_extensions_from_path /opt/stack/neutron/neutron/api/extensions.py:449}}
May 20 05:24:27.524231 np0000175275 devstack@neutron-api.service[103223]: DEBUG neutron.api.extensions [None req-72ab77d5-11f2-479d-8b3d-597e835ba1db None None] Ext name="Port data plane status extension" alias="data-plane-status" description="Expose status of underlying data plane" updated="2017-01-24T10:00:00-00:00" {{(pid=103223) _check_extension /opt/stack/neutron/neutron/api/extensions.py:415}}
May 20 05:24:27.524402 np0000175275 devstack@neutron-api.service[103226]: DEBUG neutron_lib.callbacks.manager [None req-aed71f5d-7776-4d68-933f-8bb82c0f790f None None] Subscribe: > security_group_rule after_create 55550000, False {{(pid=103226) subscribe /opt/stack/data/venv/lib/python3.12/site-packages/neutron_lib/callbacks/manager.py:52}}
May 20 05:24:27.524736 np0000175275 devstack@neutron-api.service[103223]: INFO neutron.api.extensions [None req-72ab77d5-11f2-479d-8b3d-597e835ba1db None None] Extension data-plane-status not supported by any of loaded plugins
May 20 05:24:27.524927 np0000175275 devstack@neutron-api.service[103226]: DEBUG neutron_lib.callbacks.manager [None req-aed71f5d-7776-4d68-933f-8bb82c0f790f None None] Subscribe: > security_group_rule before_delete 55550000, False {{(pid=103226) subscribe /opt/stack/data/venv/lib/python3.12/site-packages/neutron_lib/callbacks/manager.py:52}}
May 20 05:24:27.525021 np0000175275 devstack@neutron-api.service[103224]: DEBUG neutron.api.extensions [None req-9b73bd16-ae72-46a7-a32b-f93bbc97089f None None] Ext name="Network MTU" alias="net-mtu" description="Provides MTU attribute for a network resource." updated="2015-03-25T10:00:00-00:00" {{(pid=103224) _check_extension /opt/stack/neutron/neutron/api/extensions.py:415}}
May 20 05:24:27.525604 np0000175275 devstack@neutron-api.service[103223]: DEBUG neutron.api.extensions [None req-72ab77d5-11f2-479d-8b3d-597e835ba1db None None] Loading extension file: default_subnetpools.py {{(pid=103223) _load_all_extensions_from_path /opt/stack/neutron/neutron/api/extensions.py:449}}
May 20 05:24:27.525710 np0000175275 devstack@neutron-api.service[103226]: DEBUG neutron_lib.callbacks.manager [None req-aed71f5d-7776-4d68-933f-8bb82c0f790f None None] Subscribe: > address_group after_create 55550000, False {{(pid=103226) subscribe /opt/stack/data/venv/lib/python3.12/site-packages/neutron_lib/callbacks/manager.py:52}}
May 20 05:24:27.526000 np0000175275 devstack@neutron-api.service[103224]: INFO neutron.api.extensions [None req-9b73bd16-ae72-46a7-a32b-f93bbc97089f None None] Loaded extension: net-mtu
May 20 05:24:27.526055 np0000175275 devstack@neutron-api.service[103226]: DEBUG neutron_lib.callbacks.manager [None req-aed71f5d-7776-4d68-933f-8bb82c0f790f None None] Subscribe: > address_group after_update 55550000, False {{(pid=103226) subscribe /opt/stack/data/venv/lib/python3.12/site-packages/neutron_lib/callbacks/manager.py:52}}
May 20 05:24:27.526140 np0000175275 devstack@neutron-api.service[103224]: DEBUG neutron.api.extensions [None req-9b73bd16-ae72-46a7-a32b-f93bbc97089f None None] Loading extension file: netmtu_writable.py {{(pid=103224) _load_all_extensions_from_path /opt/stack/neutron/neutron/api/extensions.py:449}}
May 20 05:24:27.526210 np0000175275 devstack@neutron-api.service[103223]: DEBUG neutron.api.extensions [None req-72ab77d5-11f2-479d-8b3d-597e835ba1db None None] Ext name="Default Subnetpools" alias="default-subnetpools" description="Provides ability to mark and use a subnetpool as the default." updated="2016-02-18T18:00:00-00:00" {{(pid=103223) _check_extension /opt/stack/neutron/neutron/api/extensions.py:415}}
May 20 05:24:27.526311 np0000175275 devstack@neutron-api.service[103226]: DEBUG neutron_lib.callbacks.manager [None req-aed71f5d-7776-4d68-933f-8bb82c0f790f None None] Subscribe: > address_group after_delete 55550000, False {{(pid=103226) subscribe /opt/stack/data/venv/lib/python3.12/site-packages/neutron_lib/callbacks/manager.py:52}}
May 20 05:24:27.526368 np0000175275 devstack@neutron-api.service[103223]: INFO neutron.api.extensions [None req-72ab77d5-11f2-479d-8b3d-597e835ba1db None None] Loaded extension: default-subnetpools
May 20 05:24:27.526452 np0000175275 devstack@neutron-api.service[103224]: DEBUG neutron.api.extensions [None req-9b73bd16-ae72-46a7-a32b-f93bbc97089f None None] Ext name="Network MTU (writable)" alias="net-mtu-writable" description="Provides a writable MTU attribute for a network resource." updated="2017-07-12T00:00:00-00:00" {{(pid=103224) _check_extension /opt/stack/neutron/neutron/api/extensions.py:415}}
May 20 05:24:27.526504 np0000175275 devstack@neutron-api.service[103223]: DEBUG neutron.api.extensions [None req-72ab77d5-11f2-479d-8b3d-597e835ba1db None None] Loading extension file: dhcpagentscheduler.py {{(pid=103223) _load_all_extensions_from_path /opt/stack/neutron/neutron/api/extensions.py:449}}
May 20 05:24:27.526629 np0000175275 devstack@neutron-api.service[103226]: DEBUG neutron_lib.callbacks.manager [None req-aed71f5d-7776-4d68-933f-8bb82c0f790f None None] Subscribe: > qos_plugin after_init 55550000, False {{(pid=103226) subscribe /opt/stack/data/venv/lib/python3.12/site-packages/neutron_lib/callbacks/manager.py:52}}
May 20 05:24:27.526698 np0000175275 devstack@neutron-api.service[103224]: INFO neutron.api.extensions [None req-9b73bd16-ae72-46a7-a32b-f93bbc97089f None None] Loaded extension: net-mtu-writable
May 20 05:24:27.526791 np0000175275 devstack@neutron-api.service[103226]: DEBUG neutron_lib.callbacks.manager [None req-aed71f5d-7776-4d68-933f-8bb82c0f790f None None] Subscribe: > trunk_plugin after_init 55550000, False {{(pid=103226) subscribe /opt/stack/data/venv/lib/python3.12/site-packages/neutron_lib/callbacks/manager.py:52}}
May 20 05:24:27.526850 np0000175275 devstack@neutron-api.service[103224]: DEBUG neutron.api.extensions [None req-9b73bd16-ae72-46a7-a32b-f93bbc97089f None None] Loading extension file: network_availability_zone.py {{(pid=103224) _load_all_extensions_from_path /opt/stack/neutron/neutron/api/extensions.py:449}}
May 20 05:24:27.526926 np0000175275 devstack@neutron-api.service[103223]: DEBUG neutron.api.extensions [None req-72ab77d5-11f2-479d-8b3d-597e835ba1db None None] Ext name="DHCP Agent Scheduler" alias="dhcp_agent_scheduler" description="Schedule networks among dhcp agents" updated="2013-02-07T10:00:00-00:00" {{(pid=103223) _check_extension /opt/stack/neutron/neutron/api/extensions.py:415}}
May 20 05:24:27.526986 np0000175275 devstack@neutron-api.service[103226]: DEBUG neutron_lib.callbacks.manager [None req-aed71f5d-7776-4d68-933f-8bb82c0f790f None None] Subscribe: > logging-plugin after_init 55550000, False {{(pid=103226) subscribe /opt/stack/data/venv/lib/python3.12/site-packages/neutron_lib/callbacks/manager.py:52}}
