+ COMMAND=start + start + for KEYSTONE_WSGI_SCRIPT in keystone-wsgi-public ++ type -p keystone-wsgi-public + cp -a /var/lib/openstack/bin/keystone-wsgi-public /var/www/cgi-bin/keystone/ + '[' -f /etc/apache2/envvars ']' + source /etc/apache2/envvars ++ unset HOME ++ '[' '' '!=' '' ']' ++ SUFFIX= ++ export APACHE_RUN_USER=www-data ++ APACHE_RUN_USER=www-data ++ export APACHE_RUN_GROUP=www-data ++ APACHE_RUN_GROUP=www-data ++ export APACHE_PID_FILE=/var/run/apache2/apache2.pid ++ APACHE_PID_FILE=/var/run/apache2/apache2.pid ++ export APACHE_RUN_DIR=/var/run/apache2 ++ APACHE_RUN_DIR=/var/run/apache2 ++ export APACHE_LOCK_DIR=/var/lock/apache2 ++ APACHE_LOCK_DIR=/var/lock/apache2 ++ export APACHE_LOG_DIR=/var/log/apache2 ++ APACHE_LOG_DIR=/var/log/apache2 ++ export LANG=C ++ LANG=C ++ export LANG + '[' -f /var/run/apache2/apache2.pid ']' + exec apache2 -DFOREGROUND AH00558: apache2: Could not reliably determine the server's fully qualified domain name, using 10.0.0.9. Set the 'ServerName' directive globally to suppress this message AH00558: apache2: Could not reliably determine the server's fully qualified domain name, using 10.0.0.9. Set the 'ServerName' directive globally to suppress this message
[Wed May 13 08:58:27.462313 2026] [mpm_event:notice] [pid 1:tid 140069807921024] AH00489: Apache/2.4.58 (Ubuntu) mod_wsgi/5.0.0 Python/3.12 configured -- resuming normal operations
[Wed May 13 08:58:27.462453 2026] [core:notice] [pid 1:tid 140069807921024] AH00094: Command line: 'apache2 -D FOREGROUND'
[Wed May 13 08:59:24.456331 2026] [wsgi:error] [pid 11:tid 140069171148480] /var/lib/openstack/lib/python3.12/site-packages/oslo_utils/importutils.py:77: EventletDeprecationWarning:
[Wed May 13 08:59:24.456377 2026] [wsgi:error] [pid 11:tid 140069171148480] Eventlet is deprecated. It is currently being maintained in bugfix mode, and
[Wed May 13 08:59:24.456379 2026] [wsgi:error] [pid 11:tid 140069171148480] we strongly recommend against using it for new projects.
[Wed May 13 08:59:24.456381 2026] [wsgi:error] [pid 11:tid 140069171148480]
[Wed May 13 08:59:24.456382 2026] [wsgi:error] [pid 11:tid 140069171148480] If you are already using Eventlet, we recommend migrating to a different
[Wed May 13 08:59:24.456384 2026] [wsgi:error] [pid 11:tid 140069171148480] framework. For more detail see
[Wed May 13 08:59:24.456385 2026] [wsgi:error] [pid 11:tid 140069171148480] https://eventlet.readthedocs.io/en/latest/asyncio/migration.html
[Wed May 13 08:59:24.456386 2026] [wsgi:error] [pid 11:tid 140069171148480]
[Wed May 13 08:59:24.456387 2026] [wsgi:error] [pid 11:tid 140069171148480] __import__(import_str)
[Wed May 13 08:59:24.456853 2026] [wsgi:error] [pid 10:tid 140069171148480] /var/lib/openstack/lib/python3.12/site-packages/oslo_utils/importutils.py:77: EventletDeprecationWarning:
[Wed May 13 08:59:24.456915 2026] [wsgi:error] [pid 10:tid 140069171148480] Eventlet is deprecated. It is currently being maintained in bugfix mode, and
[Wed May 13 08:59:24.456927 2026] [wsgi:error] [pid 10:tid 140069171148480] we strongly recommend against using it for new projects.
[Wed May 13 08:59:24.456937 2026] [wsgi:error] [pid 10:tid 140069171148480]
[Wed May 13 08:59:24.456948 2026] [wsgi:error] [pid 10:tid 140069171148480] If you are already using Eventlet, we recommend migrating to a different
[Wed May 13 08:59:24.456961 2026] [wsgi:error] [pid 10:tid 140069171148480] framework. For more detail see
[Wed May 13 08:59:24.456970 2026] [wsgi:error] [pid 10:tid 140069171148480] https://eventlet.readthedocs.io/en/latest/asyncio/migration.html
[Wed May 13 08:59:24.456982 2026] [wsgi:error] [pid 10:tid 140069171148480]
[Wed May 13 08:59:24.456993 2026] [wsgi:error] [pid 10:tid 140069171148480] __import__(import_str) 10.0.0.246 - - [13/May/2026:08:59:23 +0000] "GET /v3/ HTTP/1.1" 200 248 10.0.0.246 - - [13/May/2026:08:59:23 +0000] "GET /v3/ HTTP/1.1" 200 248
[Wed May 13 08:59:37.333445 2026] [wsgi:error] [pid 9:tid 140069171148480] /var/lib/openstack/lib/python3.12/site-packages/oslo_utils/importutils.py:77: EventletDeprecationWarning:
[Wed May 13 08:59:37.333489 2026] [wsgi:error] [pid 9:tid 140069171148480] Eventlet is deprecated. It is currently being maintained in bugfix mode, and
[Wed May 13 08:59:37.333491 2026] [wsgi:error] [pid 9:tid 140069171148480] we strongly recommend against using it for new projects.
[Wed May 13 08:59:37.333492 2026] [wsgi:error] [pid 9:tid 140069171148480]
[Wed May 13 08:59:37.333493 2026] [wsgi:error] [pid 9:tid 140069171148480] If you are already using Eventlet, we recommend migrating to a different
[Wed May 13 08:59:37.333495 2026] [wsgi:error] [pid 9:tid 140069171148480] framework. For more detail see
[Wed May 13 08:59:37.333496 2026] [wsgi:error] [pid 9:tid 140069171148480] https://eventlet.readthedocs.io/en/latest/asyncio/migration.html
[Wed May 13 08:59:37.333497 2026] [wsgi:error] [pid 9:tid 140069171148480]
[Wed May 13 08:59:37.333498 2026] [wsgi:error] [pid 9:tid 140069171148480] __import__(import_str) 10.0.0.159 - - [13/May/2026:08:59:36 +0000] "GET / HTTP/1.1" 300 295
[Wed May 13 08:59:42.731098 2026] [wsgi:error] [pid 12:tid 140069171148480] /var/lib/openstack/lib/python3.12/site-packages/oslo_utils/importutils.py:77: EventletDeprecationWarning:
[Wed May 13 08:59:42.731135 2026] [wsgi:error] [pid 12:tid 140069171148480] Eventlet is deprecated. It is currently being maintained in bugfix mode, and
[Wed May 13 08:59:42.731137 2026] [wsgi:error] [pid 12:tid 140069171148480] we strongly recommend against using it for new projects.
[Wed May 13 08:59:42.731138 2026] [wsgi:error] [pid 12:tid 140069171148480]
[Wed May 13 08:59:42.731139 2026] [wsgi:error] [pid 12:tid 140069171148480] If you are already using Eventlet, we recommend migrating to a different
[Wed May 13 08:59:42.731141 2026] [wsgi:error] [pid 12:tid 140069171148480] framework. For more detail see
[Wed May 13 08:59:42.731142 2026] [wsgi:error] [pid 12:tid 140069171148480] https://eventlet.readthedocs.io/en/latest/asyncio/migration.html
[Wed May 13 08:59:42.731143 2026] [wsgi:error] [pid 12:tid 140069171148480]
[Wed May 13 08:59:42.731144 2026] [wsgi:error] [pid 12:tid 140069171148480] __import__(import_str)
[Wed May 13 08:59:47.371908 2026] [wsgi:error] [pid 12:tid 140069171148480] [remote 10.0.0.159:38410] 2026-05-13 08:59:47.368 12 WARNING keystone.identity.core [None req-662745e7-9355-4607-bd86-e0d4d58e39f6 - - - - - -] Invalid domain name (atmosphere) found in config file name: keystone.exception.DomainNotFound: Could not find domain: atmosphere.
[Wed May 13 08:59:47.429724 2026] [wsgi:error] [pid 12:tid 140069171148480] [remote 10.0.0.159:38410] 2026-05-13 08:59:47.429 12 WARNING keystone.common.password_hashing [None req-662745e7-9355-4607-bd86-e0d4d58e39f6 - - - - - -] Truncating password to algorithm specific maximum length 72 characters.
[Wed May 13 08:59:47.722386 2026] [wsgi:error] [pid 12:tid 140069171148480] [remote 10.0.0.159:38410] 2026-05-13 08:59:47.722 12 WARNING keystone.common.fernet_utils [None req-662745e7-9355-4607-bd86-e0d4d58e39f6 - - - - - -] key_repository is world readable: /etc/keystone/fernet-keys/ 10.0.0.159 - - [13/May/2026:08:59:41 +0000] "POST /v3/auth/tokens HTTP/1.1" 201 1360
[Wed May 13 08:59:48.091747 2026] [wsgi:error] [pid 11:tid 140069171148480] [remote 10.0.0.159:38410] 2026-05-13 08:59:48.088 11 WARNING keystone.identity.core [None req-b6576562-b7e2-4518-975f-82e9da72a354 - - - - - -] Invalid domain name (atmosphere) found in config file name: keystone.exception.DomainNotFound: Could not find domain: atmosphere. 10.0.0.159 - - [13/May/2026:08:59:47 +0000] "POST /v3/domains HTTP/1.1" 201 261 10.0.0.34 - - [13/May/2026:09:00:00 +0000] "GET / HTTP/1.1" 300 295
[Wed May 13 09:00:01.021334 2026] [wsgi:error] [pid 9:tid 140069171148480] [remote 10.0.0.34:38104] 2026-05-13 09:00:01.020 9 WARNING keystone.common.password_hashing [None req-53209095-bf42-4a06-83d7-4015547ee401 - - - - - -] Truncating password to algorithm specific maximum length 72 characters.
[Wed May 13 09:00:01.313527 2026] [wsgi:error] [pid 9:tid 140069171148480] [remote 10.0.0.34:38104] 2026-05-13 09:00:01.312 9 WARNING keystone.common.fernet_utils [None req-53209095-bf42-4a06-83d7-4015547ee401 - - - - - -] key_repository is world readable: /etc/keystone/fernet-keys/ 10.0.0.34 - - [13/May/2026:09:00:00 +0000] "POST /v3/auth/tokens HTTP/1.1" 201 1360 10.0.0.34 - - [13/May/2026:09:00:01 +0000] "GET /v3/roles/admin HTTP/1.1" 404 83
[Wed May 13 09:00:01.546702 2026] [wsgi:error] [pid 11:tid 140069171148480] [remote 10.0.0.34:38104] 2026-05-13 09:00:01.546 11 WARNING keystone.common.rbac_enforcer.enforcer [None req-4f086834-02fd-4893-a7fa-39dae08e9305 3d66ff5cdd264cdca983b4612b0cb442 0f46f642a97b428da761df944456ab7a - - default default] Deprecated policy rules found. Use oslopolicy-policy-generator and oslopolicy-policy-upgrade to detect and resolve deprecated policies in your configuration. 10.0.0.34 - - [13/May/2026:09:00:01 +0000] "GET /v3/roles?name=admin HTTP/1.1" 200 389
[Wed May 13 09:00:01.955326 2026] [wsgi:error] [pid 10:tid 140069171148480] [remote 10.0.0.34:38104] 2026-05-13 09:00:01.955 10 WARNING keystone.common.rbac_enforcer.enforcer [None req-7f5c25c1-b6cc-499b-998e-915d9f75795d 3d66ff5cdd264cdca983b4612b0cb442 0f46f642a97b428da761df944456ab7a - - default default] Deprecated policy rules found. Use oslopolicy-policy-generator and oslopolicy-policy-upgrade to detect and resolve deprecated policies in your configuration. 10.0.0.34 - - [13/May/2026:09:00:01 +0000] "GET /v3/users/admin-RegionOne HTTP/1.1" 404 93
[Wed May 13 09:00:02.138865 2026] [wsgi:error] [pid 9:tid 140069171148480] [remote 10.0.0.34:38104] 2026-05-13 09:00:02.138 9 WARNING keystone.common.rbac_enforcer.enforcer [None req-6c056c11-fb8e-45e9-9342-1676d706fb3b 3d66ff5cdd264cdca983b4612b0cb442 0f46f642a97b428da761df944456ab7a - - default default] Deprecated policy rules found. Use oslopolicy-policy-generator and oslopolicy-policy-upgrade to detect and resolve deprecated policies in your configuration. 10.0.0.34 - - [13/May/2026:09:00:01 +0000] "GET /v3/users?name=admin-RegionOne HTTP/1.1" 200 422
[Wed May 13 09:00:02.307881 2026] [wsgi:error] [pid 12:tid 140069171148480] [remote 10.0.0.34:38104] 2026-05-13 09:00:02.307 12 WARNING keystone.common.rbac_enforcer.enforcer [None req-4edd9dcb-a314-41b4-9186-4f700eb29629 3d66ff5cdd264cdca983b4612b0cb442 0f46f642a97b428da761df944456ab7a - - default default] Deprecated policy rules found. Use oslopolicy-policy-generator and oslopolicy-policy-upgrade to detect and resolve deprecated policies in your configuration. 10.0.0.34 - - [13/May/2026:09:00:02 +0000] "GET /v3/domains/default HTTP/1.1" 200 224 10.0.0.34 - - [13/May/2026:09:00:02 +0000] "PUT /v3/domains/default/users/3d66ff5cdd264cdca983b4612b0cb442/roles/46708c6fe19c48e7a88d7050bea8cb49 HTTP/1.1" 204 - 10.0.0.246 - - [13/May/2026:09:00:12 +0000] "GET / HTTP/1.1" 300 281 10.0.0.246 - - [13/May/2026:09:00:14 +0000] "GET /v3 HTTP/1.1" 200 266
[Wed May 13 09:00:14.275378 2026] [wsgi:error] [pid 12:tid 140069171148480] [remote 10.0.0.246:42642] 2026-05-13 09:00:14.275 12 WARNING keystone.common.password_hashing [None req-06b82868-a4bc-4974-b795-6a94929bc0fc - - - - - -] Truncating password to algorithm specific maximum length 72 characters.
[Wed May 13 09:00:14.554663 2026] [wsgi:error] [pid 12:tid 140069171148480] [remote 10.0.0.246:42642] 2026-05-13 09:00:14.554 12 WARNING keystone.common.fernet_utils [None req-06b82868-a4bc-4974-b795-6a94929bc0fc - - - - - -] key_repository is world readable: /etc/keystone/fernet-keys/ 10.0.0.246 - - [13/May/2026:09:00:14 +0000] "POST /v3/auth/tokens HTTP/1.1" 201 1360 10.0.0.246 - - [13/May/2026:09:00:14 +0000] "GET / HTTP/1.1" 300 281 10.0.0.246 - - [13/May/2026:09:00:14 +0000] "GET /v3/domains/atmosphere HTTP/1.1" 404 90 10.0.0.246 - - [13/May/2026:09:00:14 +0000] "GET /v3/domains?name=atmosphere HTTP/1.1" 200 370 10.0.0.246 - - [13/May/2026:09:00:14 +0000] "GET /v3/domains/642e084eba0b47b9b7ae73185e4ff223 HTTP/1.1" 200 247 10.0.0.246 - - [13/May/2026:09:00:15 +0000] "GET /v3 HTTP/1.1" 200 266
[Wed May 13 09:00:15.774779 2026] [wsgi:error] [pid 10:tid 140069171148480] [remote 10.0.0.246:42642] 2026-05-13 09:00:15.774 10 WARNING keystone.common.password_hashing [None req-8ba8cd7c-0b0f-4492-9a91-ca5c25970129 - - - - - -] Truncating password to algorithm specific maximum length 72 characters.
[Wed May 13 09:00:16.060057 2026] [wsgi:error] [pid 10:tid 140069171148480] [remote 10.0.0.246:42642] 2026-05-13 09:00:16.059 10 WARNING keystone.common.fernet_utils [None req-8ba8cd7c-0b0f-4492-9a91-ca5c25970129 - - - - - -] key_repository is world readable: /etc/keystone/fernet-keys/ 10.0.0.246 - - [13/May/2026:09:00:15 +0000] "POST /v3/auth/tokens HTTP/1.1" 201 1360 10.0.0.246 - - [13/May/2026:09:00:16 +0000] "GET / HTTP/1.1" 300 281 10.0.0.246 - - [13/May/2026:09:00:16 +0000] "GET /v3/OS-FEDERATION/identity_providers/atmosphere HTTP/1.1" 404 101 10.0.0.246 - - [13/May/2026:09:00:16 +0000] "GET /v3/OS-FEDERATION/identity_providers HTTP/1.1" 200 156 10.0.0.246 - - [13/May/2026:09:00:16 +0000] "PUT /v3/OS-FEDERATION/identity_providers/atmosphere HTTP/1.1" 201 342 10.0.0.246 - - [13/May/2026:09:00:16 +0000] "GET /v3 HTTP/1.1" 200 266
[Wed May 13 09:00:16.943515 2026] [wsgi:error] [pid 12:tid 140069171148480] [remote 10.0.0.246:42642] 2026-05-13 09:00:16.943 12 WARNING keystone.common.password_hashing [None req-3fdce273-89f2-4d78-b7b4-cba20c6bc1e0 - - - - - -] Truncating password to algorithm specific maximum length 72 characters.
[Wed May 13 09:00:17.227217 2026] [wsgi:error] [pid 12:tid 140069171148480] [remote 10.0.0.246:42642] 2026-05-13 09:00:17.227 12 WARNING keystone.common.fernet_utils [None req-3fdce273-89f2-4d78-b7b4-cba20c6bc1e0 - - - - - -] key_repository is world readable: /etc/keystone/fernet-keys/ 10.0.0.246 - - [13/May/2026:09:00:16 +0000] "POST /v3/auth/tokens HTTP/1.1" 201 1360 10.0.0.246 - - [13/May/2026:09:00:17 +0000] "GET / HTTP/1.1" 300 281 10.0.0.246 - - [13/May/2026:09:00:17 +0000] "GET /v3/OS-FEDERATION/mappings/atmosphere-openid HTTP/1.1" 404 98 10.0.0.246 - - [13/May/2026:09:00:17 +0000] "GET /v3/OS-FEDERATION/mappings HTTP/1.1" 200 136 10.0.0.246 - - [13/May/2026:09:00:17 +0000] "PUT /v3/OS-FEDERATION/mappings/atmosphere-openid HTTP/1.1" 201 357 10.0.0.246 - - [13/May/2026:09:00:18 +0000] "GET /v3 HTTP/1.1" 200 266
[Wed May 13 09:00:18.103717 2026] [wsgi:error] [pid 10:tid 140069171148480] [remote 10.0.0.246:42642] 2026-05-13 09:00:18.103 10 WARNING keystone.common.password_hashing [None req-d581b828-da9f-44fe-8610-11c193c6fafa - - - - - -] Truncating password to algorithm specific maximum length 72 characters.
[Wed May 13 09:00:18.381357 2026] [wsgi:error] [pid 10:tid 140069171148480] [remote 10.0.0.246:42642] 2026-05-13 09:00:18.381 10 WARNING keystone.common.fernet_utils [None req-d581b828-da9f-44fe-8610-11c193c6fafa - - - - - -] key_repository is world readable: /etc/keystone/fernet-keys/ 10.0.0.246 - - [13/May/2026:09:00:18 +0000] "POST /v3/auth/tokens HTTP/1.1" 201 1360 10.0.0.246 - - [13/May/2026:09:00:18 +0000] "GET / HTTP/1.1" 300 281 10.0.0.246 - - [13/May/2026:09:00:18 +0000] "GET /v3/OS-FEDERATION/identity_providers/atmosphere/protocols/openid?idp_id=atmosphere HTTP/1.1" 404 131 10.0.0.246 - - [13/May/2026:09:00:18 +0000] "GET /v3/OS-FEDERATION/identity_providers/atmosphere/protocols HTTP/1.1" 200 168 10.0.0.246 - - [13/May/2026:09:00:18 +0000] "PUT /v3/OS-FEDERATION/identity_providers/atmosphere/protocols/openid HTTP/1.1" 201 224 10.0.0.246 - - [13/May/2026:09:00:23 +0000] "GET /v3/ HTTP/1.1" 200 248 10.0.0.246 - - [13/May/2026:09:00:23 +0000] "GET /v3/ HTTP/1.1" 200 248 10.0.0.246 - - [13/May/2026:09:01:23 +0000] "GET /v3/ HTTP/1.1" 200 248 10.0.0.246 - - [13/May/2026:09:01:23 +0000] "GET /v3/ HTTP/1.1" 200 248 10.0.0.43 - - [13/May/2026:09:01:49 +0000] "GET / HTTP/1.1" 300 295
[Wed May 13 09:01:49.576838 2026] [wsgi:error] [pid 9:tid 140069171148480] [remote 10.0.0.43:42768] 2026-05-13 09:01:49.576 9 WARNING keystone.common.password_hashing [None req-935ce6e7-699c-4e0d-9f23-1b1975b6b9ff - - - - - -] Truncating password to algorithm specific maximum length 72 characters.
[Wed May 13 09:01:49.850023 2026] [wsgi:error] [pid 9:tid 140069171148480] [remote 10.0.0.43:42768] 2026-05-13 09:01:49.849 9 WARNING keystone.common.fernet_utils [None req-935ce6e7-699c-4e0d-9f23-1b1975b6b9ff - - - - - -] key_repository is world readable: /etc/keystone/fernet-keys/ 10.0.0.43 - - [13/May/2026:09:01:49 +0000] "POST /v3/auth/tokens HTTP/1.1" 201 1360 10.0.0.43 - - [13/May/2026:09:01:49 +0000] "GET /v3/services HTTP/1.1" 200 355 10.0.0.43 - - [13/May/2026:09:01:53 +0000] "GET / HTTP/1.1" 300 295
[Wed May 13 09:01:53.369990 2026] [wsgi:error] [pid 12:tid 140069171148480] [remote 10.0.0.43:42776] 2026-05-13 09:01:53.369 12 WARNING keystone.common.password_hashing [None req-b857d97f-0d1a-441d-af6e-8f682f660153 - - - - - -] Truncating password to algorithm specific maximum length 72 characters.
[Wed May 13 09:01:53.641347 2026] [wsgi:error] [pid 12:tid 140069171148480] [remote 10.0.0.43:42776] 2026-05-13 09:01:53.641 12 WARNING keystone.common.fernet_utils [None req-b857d97f-0d1a-441d-af6e-8f682f660153 - - - - - -] key_repository is world readable: /etc/keystone/fernet-keys/ 10.0.0.43 - - [13/May/2026:09:01:53 +0000] "POST /v3/auth/tokens HTTP/1.1" 201 1360 10.0.0.43 - - [13/May/2026:09:01:53 +0000] "GET /v3/services HTTP/1.1" 200 355 10.0.0.43 - - [13/May/2026:09:01:57 +0000] "GET / HTTP/1.1" 300 295
[Wed May 13 09:01:57.112833 2026] [wsgi:error] [pid 11:tid 140069171148480] [remote 10.0.0.43:42790] 2026-05-13 09:01:57.112 11 WARNING keystone.common.password_hashing [None req-b2bbf635-aeff-4c2b-9845-4e102804133e - - - - - -] Truncating password to algorithm specific maximum length 72 characters.
[Wed May 13 09:01:57.392322 2026] [wsgi:error] [pid 11:tid 140069171148480] [remote 10.0.0.43:42790] 2026-05-13 09:01:57.392 11 WARNING keystone.common.fernet_utils [None req-b2bbf635-aeff-4c2b-9845-4e102804133e - - - - - -] key_repository is world readable: /etc/keystone/fernet-keys/ 10.0.0.43 - - [13/May/2026:09:01:57 +0000] "POST /v3/auth/tokens HTTP/1.1" 201 1360 10.0.0.43 - - [13/May/2026:09:01:57 +0000] "GET /v3/services HTTP/1.1" 200 355 10.0.0.43 - - [13/May/2026:09:02:00 +0000] "GET / HTTP/1.1" 300 295
[Wed May 13 09:02:00.855559 2026] [wsgi:error] [pid 10:tid 140069171148480] [remote 10.0.0.43:35994] 2026-05-13 09:02:00.855 10 WARNING keystone.common.password_hashing [None req-dd238850-2040-478b-ba6d-9e7b3f124f05 - - - - - -] Truncating password to algorithm specific maximum length 72 characters.
[Wed May 13 09:02:01.137562 2026] [wsgi:error] [pid 10:tid 140069171148480] [remote 10.0.0.43:35994] 2026-05-13 09:02:01.137 10 WARNING keystone.common.fernet_utils [None req-dd238850-2040-478b-ba6d-9e7b3f124f05 - - - - - -] key_repository is world readable: /etc/keystone/fernet-keys/ 10.0.0.43 - - [13/May/2026:09:02:00 +0000] "POST /v3/auth/tokens HTTP/1.1" 201 1360 10.0.0.43 - - [13/May/2026:09:02:01 +0000] "POST /v3/services HTTP/1.1" 201 296 10.0.0.182 - - [13/May/2026:09:02:12 +0000] "GET / HTTP/1.1" 300 295
[Wed May 13 09:02:12.727477 2026] [wsgi:error] [pid 9:tid 140069171148480] [remote 10.0.0.182:39890] 2026-05-13 09:02:12.727 9 WARNING keystone.common.password_hashing [None req-3d58423a-8545-4aa6-bab1-c5c4b6a120ac - - - - - -] Truncating password to algorithm specific maximum length 72 characters. 10.0.0.182 - - [13/May/2026:09:02:12 +0000] "GET / HTTP/1.1" 300 295
[Wed May 13 09:02:12.807571 2026] [wsgi:error] [pid 11:tid 140069171148480] [remote 10.0.0.182:39892] 2026-05-13 09:02:12.807 11 WARNING keystone.common.password_hashing [None req-922a39e4-fb28-42f8-8881-4112c2798de6 - - - - - -] Truncating password to algorithm specific maximum length 72 characters. 10.0.0.182 - - [13/May/2026:09:02:12 +0000] "GET / HTTP/1.1" 300 295
[Wed May 13 09:02:12.920194 2026] [wsgi:error] [pid 10:tid 140069171148480] [remote 10.0.0.182:39908] 2026-05-13 09:02:12.919 10 WARNING keystone.common.password_hashing [None req-21ee413a-c2b6-40e5-81f3-352c06adbfc2 - - - - - -] Truncating password to algorithm specific maximum length 72 characters.
[Wed May 13 09:02:12.999080 2026] [wsgi:error] [pid 9:tid 140069171148480] [remote 10.0.0.182:39890] 2026-05-13 09:02:12.998 9 WARNING keystone.common.fernet_utils [None req-3d58423a-8545-4aa6-bab1-c5c4b6a120ac - - - - - -] key_repository is world readable: /etc/keystone/fernet-keys/ 10.0.0.182 - - [13/May/2026:09:02:12 +0000] "POST /v3/auth/tokens HTTP/1.1" 201 1464
[Wed May 13 09:02:13.102003 2026] [wsgi:error] [pid 11:tid 140069171148480] [remote 10.0.0.182:39892] 2026-05-13 09:02:13.101 11 WARNING keystone.common.fernet_utils [None req-922a39e4-fb28-42f8-8881-4112c2798de6 - - - - - -] key_repository is world readable: /etc/keystone/fernet-keys/ 10.0.0.182 - - [13/May/2026:09:02:12 +0000] "POST /v3/auth/tokens HTTP/1.1" 201 1464 10.0.0.182 - - [13/May/2026:09:02:13 +0000] "GET /v3/services HTTP/1.1" 200 639
[Wed May 13 09:02:13.233953 2026] [wsgi:error] [pid 10:tid 140069171148480] [remote 10.0.0.182:39908] 2026-05-13 09:02:13.233 10 WARNING keystone.common.fernet_utils [None req-21ee413a-c2b6-40e5-81f3-352c06adbfc2 - - - - - -] key_repository is world readable: /etc/keystone/fernet-keys/ 10.0.0.182 - - [13/May/2026:09:02:12 +0000] "POST /v3/auth/tokens HTTP/1.1" 201 1464 10.0.0.182 - - [13/May/2026:09:02:13 +0000] "GET /v3/services HTTP/1.1" 200 639 10.0.0.182 - - [13/May/2026:09:02:13 +0000] "GET /v3/services HTTP/1.1" 200 639 10.0.0.182 - - [13/May/2026:09:02:14 +0000] "GET / HTTP/1.1" 300 295
[Wed May 13 09:02:14.502486 2026] [wsgi:error] [pid 10:tid 140069171148480] [remote 10.0.0.182:39916] 2026-05-13 09:02:14.502 10 WARNING keystone.common.password_hashing [None req-e746abf6-95bb-4e4e-828c-9d2e50658f3b - - - - - -] Truncating password to algorithm specific maximum length 72 characters. 10.0.0.182 - - [13/May/2026:09:02:14 +0000] "GET / HTTP/1.1" 300 295
[Wed May 13 09:02:14.692016 2026] [wsgi:error] [pid 11:tid 140069171148480] [remote 10.0.0.182:39920] 2026-05-13 09:02:14.691 11 WARNING keystone.common.password_hashing [None req-574a698a-b3c1-49df-9d1f-96c5b1fa2d8f - - - - - -] Truncating password to algorithm specific maximum length 72 characters. 10.0.0.182 - - [13/May/2026:09:02:14 +0000] "GET / HTTP/1.1" 300 295
[Wed May 13 09:02:14.739219 2026] [wsgi:error] [pid 9:tid 140069171148480] [remote 10.0.0.182:39928] 2026-05-13 09:02:14.738 9 WARNING keystone.common.password_hashing [None req-e778d37d-739d-4c4e-8ba9-f505083bcf79 - - - - - -] Truncating password to algorithm specific maximum length 72 characters.
[Wed May 13 09:02:14.808309 2026] [wsgi:error] [pid 10:tid 140069171148480] [remote 10.0.0.182:39916] 2026-05-13 09:02:14.808 10 WARNING keystone.common.fernet_utils [None req-e746abf6-95bb-4e4e-828c-9d2e50658f3b - - - - - -] key_repository is world readable: /etc/keystone/fernet-keys/ 10.0.0.182 - - [13/May/2026:09:02:14 +0000] "POST /v3/auth/tokens HTTP/1.1" 201 1464 10.0.0.182 - - [13/May/2026:09:02:14 +0000] "GET /v3/endpoints HTTP/1.1" 200 1227 10.0.0.182 - - [13/May/2026:09:02:14 +0000] "GET /v3/services/e334730d44174c23bde761d57f122ff4 HTTP/1.1" 200 233 10.0.0.182 - - [13/May/2026:09:02:14 +0000] "GET /v3/services/e334730d44174c23bde761d57f122ff4 HTTP/1.1" 200 233
[Wed May 13 09:02:14.972365 2026] [wsgi:error] [pid 11:tid 140069171148480] [remote 10.0.0.182:39920] 2026-05-13 09:02:14.972 11 WARNING keystone.common.fernet_utils [None req-574a698a-b3c1-49df-9d1f-96c5b1fa2d8f - - - - - -] key_repository is world readable: /etc/keystone/fernet-keys/ 10.0.0.182 - - [13/May/2026:09:02:14 +0000] "POST /v3/auth/tokens HTTP/1.1" 201 1464 10.0.0.182 - - [13/May/2026:09:02:14 +0000] "GET /v3/services/e334730d44174c23bde761d57f122ff4 HTTP/1.1" 200 233
[Wed May 13 09:02:15.026069 2026] [wsgi:error] [pid 9:tid 140069171148480] [remote 10.0.0.182:39928] 2026-05-13 09:02:15.025 9 WARNING keystone.common.fernet_utils [None req-e778d37d-739d-4c4e-8ba9-f505083bcf79 - - - - - -] key_repository is world readable: /etc/keystone/fernet-keys/ 10.0.0.182 - - [13/May/2026:09:02:14 +0000] "POST /v3/auth/tokens HTTP/1.1" 201 1464 10.0.0.182 - - [13/May/2026:09:02:15 +0000] "GET /v3/endpoints HTTP/1.1" 200 1227 10.0.0.182 - - [13/May/2026:09:02:15 +0000] "GET /v3/services/e334730d44174c23bde761d57f122ff4 HTTP/1.1" 200 233 10.0.0.182 - - [13/May/2026:09:02:15 +0000] "GET /v3/services/e334730d44174c23bde761d57f122ff4 HTTP/1.1" 200 233 10.0.0.182 - - [13/May/2026:09:02:15 +0000] "GET /v3/endpoints HTTP/1.1" 200 1227 10.0.0.182 - - [13/May/2026:09:02:15 +0000] "GET /v3/services/e334730d44174c23bde761d57f122ff4 HTTP/1.1" 200 233 10.0.0.182 - - [13/May/2026:09:02:15 +0000] "GET /v3/services/e334730d44174c23bde761d57f122ff4 HTTP/1.1" 200 233 10.0.0.182 - - [13/May/2026:09:02:15 +0000] "GET /v3/services/e334730d44174c23bde761d57f122ff4 HTTP/1.1" 200 233 10.0.0.182 - - [13/May/2026:09:02:15 +0000] "GET /v3/services/e334730d44174c23bde761d57f122ff4 HTTP/1.1" 200 233 10.0.0.182 - - [13/May/2026:09:02:16 +0000] "GET / HTTP/1.1" 300 295
[Wed May 13 09:02:16.337300 2026] [wsgi:error] [pid 11:tid 140069171148480] [remote 10.0.0.182:39932] 2026-05-13 09:02:16.337 11 WARNING keystone.common.password_hashing [None req-16052efa-1299-477d-a262-9fafb5dacdf5 - - - - - -] Truncating password to algorithm specific maximum length 72 characters. 10.0.0.182 - - [13/May/2026:09:02:16 +0000] "GET / HTTP/1.1" 300 295 10.0.0.182 - - [13/May/2026:09:02:16 +0000] "GET / HTTP/1.1" 300 295
[Wed May 13 09:02:16.507019 2026] [wsgi:error] [pid 9:tid 140069171148480] [remote 10.0.0.182:39942] 2026-05-13 09:02:16.506 9 WARNING keystone.common.password_hashing [None req-f46f3c38-7c30-43ca-92ca-50042572e2b3 - - - - - -] Truncating password to algorithm specific maximum length 72 characters.
[Wed May 13 09:02:16.510274 2026] [wsgi:error] [pid 10:tid 140069171148480] [remote 10.0.0.182:39946] 2026-05-13 09:02:16.510 10 WARNING keystone.common.password_hashing [None req-5f6f8a1c-e483-4dfc-8fe9-b61cf42c3f27 - - - - - -] Truncating password to algorithm specific maximum length 72 characters.
[Wed May 13 09:02:16.618544 2026] [wsgi:error] [pid 11:tid 140069171148480] [remote 10.0.0.182:39932] 2026-05-13 09:02:16.618 11 WARNING keystone.common.fernet_utils [None req-16052efa-1299-477d-a262-9fafb5dacdf5 - - - - - -] key_repository is world readable: /etc/keystone/fernet-keys/ 10.0.0.182 - - [13/May/2026:09:02:16 +0000] "POST /v3/auth/tokens HTTP/1.1" 201 1464 10.0.0.182 - - [13/May/2026:09:02:16 +0000] "GET /v3/services/19541c6681944f9ba51bca028c42a193 HTTP/1.1" 200 296 10.0.0.182 - - [13/May/2026:09:02:16 +0000] "GET /v3/regions/RegionOne HTTP/1.1" 200 173
[Wed May 13 09:02:16.785811 2026] [wsgi:error] [pid 10:tid 140069171148480] [remote 10.0.0.182:39946] 2026-05-13 09:02:16.785 10 WARNING keystone.common.fernet_utils [None req-5f6f8a1c-e483-4dfc-8fe9-b61cf42c3f27 - - - - - -] key_repository is world readable: /etc/keystone/fernet-keys/
[Wed May 13 09:02:16.787337 2026] [wsgi:error] [pid 9:tid 140069171148480] [remote 10.0.0.182:39942] 2026-05-13 09:02:16.787 9 WARNING keystone.common.fernet_utils [None req-f46f3c38-7c30-43ca-92ca-50042572e2b3 - - - - - -] key_repository is world readable: /etc/keystone/fernet-keys/ 10.0.0.182 - - [13/May/2026:09:02:16 +0000] "POST /v3/auth/tokens HTTP/1.1" 201 1464 10.0.0.182 - - [13/May/2026:09:02:16 +0000] "POST /v3/auth/tokens HTTP/1.1" 201 1464 10.0.0.182 - - [13/May/2026:09:02:16 +0000] "GET /v3/services/19541c6681944f9ba51bca028c42a193 HTTP/1.1" 200 296 10.0.0.182 - - [13/May/2026:09:02:16 +0000] "GET /v3/services/19541c6681944f9ba51bca028c42a193 HTTP/1.1" 200 296 10.0.0.182 - - [13/May/2026:09:02:16 +0000] "POST /v3/endpoints HTTP/1.1" 201 380 10.0.0.182 - - [13/May/2026:09:02:16 +0000] "GET /v3/regions/RegionOne HTTP/1.1" 200 173 10.0.0.182 - - [13/May/2026:09:02:16 +0000] "GET /v3/regions/RegionOne HTTP/1.1" 200 173 10.0.0.182 - - [13/May/2026:09:02:16 +0000] "POST /v3/endpoints HTTP/1.1" 201 370 10.0.0.182 - - [13/May/2026:09:02:16 +0000] "POST /v3/endpoints HTTP/1.1" 201 383 10.0.0.182 - - [13/May/2026:09:02:18 +0000] "GET / HTTP/1.1" 300 295
[Wed May 13 09:02:18.343386 2026] [wsgi:error] [pid 11:tid 140069171148480] [remote 10.0.0.182:60772] 2026-05-13 09:02:18.343 11 WARNING keystone.common.password_hashing [None req-3a52f944-9845-4520-8de8-fd94e7abadc7 - - - - - -] Truncating password to algorithm specific maximum length 72 characters. 10.0.0.182 - - [13/May/2026:09:02:18 +0000] "GET / HTTP/1.1" 300 295
[Wed May 13 09:02:18.422197 2026] [wsgi:error] [pid 10:tid 140069171148480] [remote 10.0.0.182:60786] 2026-05-13 09:02:18.421 10 WARNING keystone.common.password_hashing [None req-1ed10e4f-f8a9-44b0-9bfb-25e9d4fc6c58 - - - - - -] Truncating password to algorithm specific maximum length 72 characters. 10.0.0.182 - - [13/May/2026:09:02:18 +0000] "GET / HTTP/1.1" 300 295
[Wed May 13 09:02:18.537773 2026] [wsgi:error] [pid 12:tid 140069171148480] [remote 10.0.0.182:60794] 2026-05-13 09:02:18.537 12 WARNING keystone.common.password_hashing [None req-e1a23b47-b5b0-40ae-bc67-29684c00eafa - - - - - -] Truncating password to algorithm specific maximum length 72 characters.
[Wed May 13 09:02:18.624174 2026] [wsgi:error] [pid 11:tid 140069171148480] [remote 10.0.0.182:60772] 2026-05-13 09:02:18.623 11 WARNING keystone.common.fernet_utils [None req-3a52f944-9845-4520-8de8-fd94e7abadc7 - - - - - -] key_repository is world readable: /etc/keystone/fernet-keys/ 10.0.0.182 - - [13/May/2026:09:02:18 +0000] "POST /v3/auth/tokens HTTP/1.1" 201 1992
[Wed May 13 09:02:18.701047 2026] [wsgi:error] [pid 10:tid 140069171148480] [remote 10.0.0.182:60786] 2026-05-13 09:02:18.700 10 WARNING keystone.common.fernet_utils [None req-1ed10e4f-f8a9-44b0-9bfb-25e9d4fc6c58 - - - - - -] key_repository is world readable: /etc/keystone/fernet-keys/ 10.0.0.182 - - [13/May/2026:09:02:18 +0000] "POST /v3/auth/tokens HTTP/1.1" 201 1992 10.0.0.182 - - [13/May/2026:09:02:18 +0000] "GET /v3/endpoints/e4e31ca8a6f84047909071624a1d5918 HTTP/1.1" 200 380 10.0.0.182 - - [13/May/2026:09:02:18 +0000] "GET /v3/services/19541c6681944f9ba51bca028c42a193 HTTP/1.1" 200 296
[Wed May 13 09:02:18.814300 2026] [wsgi:error] [pid 12:tid 140069171148480] [remote 10.0.0.182:60794] 2026-05-13 09:02:18.814 12 WARNING keystone.common.fernet_utils [None req-e1a23b47-b5b0-40ae-bc67-29684c00eafa - - - - - -] key_repository is world readable: /etc/keystone/fernet-keys/ 10.0.0.182 - - [13/May/2026:09:02:18 +0000] "POST /v3/auth/tokens HTTP/1.1" 201 1992 10.0.0.182 - - [13/May/2026:09:02:18 +0000] "GET /v3/endpoints/9ec80c3863b94a9493c6f6d0e88ed904 HTTP/1.1" 200 370 10.0.0.182 - - [13/May/2026:09:02:18 +0000] "GET /v3/services/19541c6681944f9ba51bca028c42a193 HTTP/1.1" 200 296 10.0.0.182 - - [13/May/2026:09:02:18 +0000] "GET /v3/endpoints/b09db823b20e4624959cf5995c5232ef HTTP/1.1" 200 383 10.0.0.182 - - [13/May/2026:09:02:18 +0000] "GET /v3/services/19541c6681944f9ba51bca028c42a193 HTTP/1.1" 200 296 10.0.0.246 - - [13/May/2026:09:02:23 +0000] "GET /v3/ HTTP/1.1" 200 248 10.0.0.246 - - [13/May/2026:09:02:23 +0000] "GET /v3/ HTTP/1.1" 200 248 10.0.0.159 - - [13/May/2026:09:02:30 +0000] "GET / HTTP/1.1" 300 295
[Wed May 13 09:02:30.849287 2026] [wsgi:error] [pid 12:tid 140069171148480] [remote 10.0.0.159:37678] 2026-05-13 09:02:30.848 12 WARNING keystone.common.password_hashing [None req-610be89f-4f23-4076-a0ec-b6dfe08f04b2 - - - - - -] Truncating password to algorithm specific maximum length 72 characters.
[Wed May 13 09:02:31.162198 2026] [wsgi:error] [pid 12:tid 140069171148480] [remote 10.0.0.159:37678] 2026-05-13 09:02:31.162 12 WARNING keystone.common.fernet_utils [None req-610be89f-4f23-4076-a0ec-b6dfe08f04b2 - - - - - -] key_repository is world readable: /etc/keystone/fernet-keys/ 10.0.0.159 - - [13/May/2026:09:02:30 +0000] "POST /v3/auth/tokens HTTP/1.1" 201 1992 10.0.0.159 - - [13/May/2026:09:02:31 +0000] "POST /v3/domains HTTP/1.1" 201 284 10.0.0.159 - - [13/May/2026:09:02:32 +0000] "GET / HTTP/1.1" 300 295
[Wed May 13 09:02:32.731642 2026] [wsgi:error] [pid 11:tid 140069171148480] [remote 10.0.0.159:37694] 2026-05-13 09:02:32.731 11 WARNING keystone.common.password_hashing [None req-a1ee1e5b-e3eb-47e5-8938-a6ef52e6807f - - - - - -] Truncating password to algorithm specific maximum length 72 characters.
[Wed May 13 09:02:33.008095 2026] [wsgi:error] [pid 11:tid 140069171148480] [remote 10.0.0.159:37694] 2026-05-13 09:02:33.007 11 WARNING keystone.common.fernet_utils [None req-a1ee1e5b-e3eb-47e5-8938-a6ef52e6807f - - - - - -] key_repository is world readable: /etc/keystone/fernet-keys/ 10.0.0.159 - - [13/May/2026:09:02:32 +0000] "POST /v3/auth/tokens HTTP/1.1" 201 1992
[Wed May 13 09:02:33.191028 2026] [wsgi:error] [pid 12:tid 140069171148480] [remote 10.0.0.159:37694] 2026-05-13 09:02:33.176 12 ERROR keystone.server.flask.application [None req-5df42812-7e02-4bda-b148-e8a808e21ccb 3d66ff5cdd264cdca983b4612b0cb442 0f46f642a97b428da761df944456ab7a - - default default] Conflict occurred attempting to store project - it is not permitted to have two projects acting as domains with the same name: service.: keystone.exception.Conflict: Conflict occurred attempting to store project - it is not permitted to have two projects acting as domains with the same name: service.
[Wed May 13 09:02:33.191057 2026] [wsgi:error] [pid 12:tid 140069171148480] [remote 10.0.0.159:37694] 2026-05-13 09:02:33.176 12 ERROR keystone.server.flask.application
Traceback (most recent call last):
[Wed May 13 09:02:33.191059 2026] [wsgi:error] [pid 12:tid 140069171148480] [remote 10.0.0.159:37694] 2026-05-13 09:02:33.176 12 ERROR keystone.server.flask.application
File "/var/lib/openstack/lib/python3.12/site-packages/sqlalchemy/engine/base.py", line 1967, in _exec_single_context
[Wed May 13 09:02:33.191062 2026] [wsgi:error] [pid 12:tid 140069171148480] [remote 10.0.0.159:37694] 2026-05-13 09:02:33.176 12 ERROR keystone.server.flask.application self.dialect.do_execute(
[Wed May 13 09:02:33.191064 2026] [wsgi:error] [pid 12:tid 140069171148480] [remote 10.0.0.159:37694] 2026-05-13 09:02:33.176 12 ERROR keystone.server.flask.application
File "/var/lib/openstack/lib/python3.12/site-packages/sqlalchemy/engine/default.py", line 952, in do_execute
[Wed May 13 09:02:33.191066 2026] [wsgi:error] [pid 12:tid 140069171148480] [remote 10.0.0.159:37694] 2026-05-13 09:02:33.176 12 ERROR keystone.server.flask.application cursor.execute(statement, parameters)
[Wed May 13 09:02:33.191068 2026] [wsgi:error] [pid 12:tid 140069171148480] [remote 10.0.0.159:37694] 2026-05-13 09:02:33.176 12 ERROR keystone.server.flask.application
File "/var/lib/openstack/lib/python3.12/site-packages/pymysql/cursors.py", line 157, in execute
[Wed May 13 09:02:33.191071 2026] [wsgi:error] [pid 12:tid 140069171148480] [remote 10.0.0.159:37694] 2026-05-13 09:02:33.176 12 ERROR keystone.server.flask.application result = self._query(query)
[Wed May 13 09:02:33.191072 2026] [wsgi:error] [pid 12:tid 140069171148480] [remote 10.0.0.159:37694] 2026-05-13 09:02:33.176 12 ERROR keystone.server.flask.application ^^^^^^^^^^^^^^^^^^
[Wed May 13 09:02:33.191074 2026] [wsgi:error] [pid 12:tid 140069171148480] [remote 10.0.0.159:37694] 2026-05-13 09:02:33.176 12 ERROR keystone.server.flask.application
File "/var/lib/openstack/lib/python3.12/site-packages/pymysql/cursors.py", line 328, in _query
[Wed May 13 09:02:33.191077 2026] [wsgi:error] [pid 12:tid 140069171148480] [remote 10.0.0.159:37694] 2026-05-13 09:02:33.176 12 ERROR keystone.server.flask.application conn.query(q)
[Wed May 13 09:02:33.191079 2026] [wsgi:error] [pid 12:tid 140069171148480] [remote 10.0.0.159:37694] 2026-05-13 09:02:33.176 12 ERROR keystone.server.flask.application
File "/var/lib/openstack/lib/python3.12/site-packages/pymysql/connections.py", line 575, in query
[Wed May 13 09:02:33.191081 2026] [wsgi:error] [pid 12:tid 140069171148480] [remote 10.0.0.159:37694] 2026-05-13 09:02:33.176 12 ERROR keystone.server.flask.application self._affected_rows = self._read_query_result(unbuffered=unbuffered)
[Wed May 13 09:02:33.191083 2026] [wsgi:error] [pid 12:tid 140069171148480] [remote 10.0.0.159:37694] 2026-05-13 09:02:33.176 12 ERROR keystone.server.flask.application ^^^^^^^^^^^^^^^^^^^^^^^^^^^^^^^^^^^^^^^^^^^^^^
[Wed May 13 09:02:33.191085 2026] [wsgi:error] [pid 12:tid 140069171148480] [remote 10.0.0.159:37694] 2026-05-13 09:02:33.176 12 ERROR keystone.server.flask.application
File "/var/lib/openstack/lib/python3.12/site-packages/pymysql/connections.py", line 826, in _read_query_result
[Wed May 13 09:02:33.191087 2026] [wsgi:error] [pid 12:tid 140069171148480] [remote 10.0.0.159:37694] 2026-05-13 09:02:33.176 12 ERROR keystone.server.flask.application result.read()
[Wed May 13 09:02:33.191091 2026] [wsgi:error] [pid 12:tid 140069171148480] [remote 10.0.0.159:37694] 2026-05-13 09:02:33.176 12 ERROR keystone.server.flask.application
File "/var/lib/openstack/lib/python3.12/site-packages/pymysql/connections.py", line 1203, in read
[Wed May 13 09:02:33.191093 2026] [wsgi:error] [pid 12:tid 140069171148480] [remote 10.0.0.159:37694] 2026-05-13 09:02:33.176 12 ERROR keystone.server.flask.application first_packet = self.connection._read_packet()
[Wed May 13 09:02:33.191094 2026] [wsgi:error] [pid 12:tid 140069171148480] [remote 10.0.0.159:37694] 2026-05-13 09:02:33.176 12 ERROR keystone.server.flask.application ^^^^^^^^^^^^^^^^^^^^^^^^^^^^^^
[Wed May 13 09:02:33.191096 2026] [wsgi:error] [pid 12:tid 140069171148480] [remote 10.0.0.159:37694] 2026-05-13 09:02:33.176 12 ERROR keystone.server.flask.application
File "/var/lib/openstack/lib/python3.12/site-packages/pymysql/connections.py", line 782, in _read_packet
[Wed May 13 09:02:33.191098 2026] [wsgi:error] [pid 12:tid 140069171148480] [remote 10.0.0.159:37694] 2026-05-13 09:02:33.176 12 ERROR keystone.server.flask.application packet.raise_for_error()
[Wed May 13 09:02:33.191100 2026] [wsgi:error] [pid 12:tid 140069171148480] [remote 10.0.0.159:37694] 2026-05-13 09:02:33.176 12 ERROR keystone.server.flask.application
File "/var/lib/openstack/lib/python3.12/site-packages/pymysql/protocol.py", line 219, in raise_for_error
[Wed May 13 09:02:33.191102 2026] [wsgi:error] [pid 12:tid 140069171148480] [remote 10.0.0.159:37694] 2026-05-13 09:02:33.176 12 ERROR keystone.server.flask.application err.raise_mysql_exception(self._data)
[Wed May 13 09:02:33.191103 2026] [wsgi:error] [pid 12:tid 140069171148480] [remote 10.0.0.159:37694] 2026-05-13 09:02:33.176 12 ERROR keystone.server.flask.application
File "/var/lib/openstack/lib/python3.12/site-packages/pymysql/err.py", line 150, in raise_mysql_exception
[Wed May 13 09:02:33.191104 2026] [wsgi:error] [pid 12:tid 140069171148480] [remote 10.0.0.159:37694] 2026-05-13 09:02:33.176 12 ERROR keystone.server.flask.application raise errorclass(errno, errval)
[Wed May 13 09:02:33.191106 2026] [wsgi:error] [pid 12:tid 140069171148480] [remote 10.0.0.159:37694] 2026-05-13 09:02:33.176 12 ERROR keystone.server.flask.application pymysql.err.IntegrityError: (1062, "Duplicate entry '<>-service' for key 'project.ixu_project_name_domain_id'")
[Wed May 13 09:02:33.191108 2026] [wsgi:error] [pid 12:tid 140069171148480] [remote 10.0.0.159:37694] 2026-05-13 09:02:33.176 12 ERROR keystone.server.flask.application
[Wed May 13 09:02:33.191109 2026] [wsgi:error] [pid 12:tid 140069171148480] [remote 10.0.0.159:37694] 2026-05-13 09:02:33.176 12 ERROR keystone.server.flask.application The above exception was the direct cause of the following exception:
[Wed May 13 09:02:33.191129 2026] [wsgi:error] [pid 12:tid 140069171148480] [remote 10.0.0.159:37694] 2026-05-13 09:02:33.176 12 ERROR keystone.server.flask.application
[Wed May 13 09:02:33.191130 2026] [wsgi:error] [pid 12:tid 140069171148480] [remote 10.0.0.159:37694] 2026-05-13 09:02:33.176 12 ERROR keystone.server.flask.application
Traceback (most recent call last):
[Wed May 13 09:02:33.191131 2026] [wsgi:error] [pid 12:tid 140069171148480] [remote 10.0.0.159:37694] 2026-05-13 09:02:33.176 12 ERROR keystone.server.flask.application
File "/var/lib/openstack/lib/python3.12/site-packages/keystone/common/sql/core.py", line 575, in wrapper
[Wed May 13 09:02:33.191133 2026] [wsgi:error] [pid 12:tid 140069171148480] [remote 10.0.0.159:37694] 2026-05-13 09:02:33.176 12 ERROR keystone.server.flask.application return method(*args, **kwargs)
[Wed May 13 09:02:33.191134 2026] [wsgi:error] [pid 12:tid 140069171148480] [remote 10.0.0.159:37694] 2026-05-13 09:02:33.176 12 ERROR keystone.server.flask.application ^^^^^^^^^^^^^^^^^^^^^^^
[Wed May 13 09:02:33.191136 2026] [wsgi:error] [pid 12:tid 140069171148480] [remote 10.0.0.159:37694] 2026-05-13 09:02:33.176 12 ERROR keystone.server.flask.application
File "/var/lib/openstack/lib/python3.12/site-packages/keystone/resource/backends/sql.py", line 278, in create_project
[Wed May 13 09:02:33.191138 2026] [wsgi:error] [pid 12:tid 140069171148480] [remote 10.0.0.159:37694] 2026-05-13 09:02:33.176 12 ERROR keystone.server.flask.application with sql.session_for_write() as session:
[Wed May 13 09:02:33.191139 2026] [wsgi:error] [pid 12:tid 140069171148480] [remote 10.0.0.159:37694] 2026-05-13 09:02:33.176 12 ERROR keystone.server.flask.application
File "/usr/lib/python3.12/contextlib.py", line 144, in __exit__
[Wed May 13 09:02:33.191141 2026] [wsgi:error] [pid 12:tid 140069171148480] [remote 10.0.0.159:37694] 2026-05-13 09:02:33.176 12 ERROR keystone.server.flask.application next(self.gen)
[Wed May 13 09:02:33.191142 2026] [wsgi:error] [pid 12:tid 140069171148480] [remote 10.0.0.159:37694] 2026-05-13 09:02:33.176 12 ERROR keystone.server.flask.application
File "/var/lib/openstack/lib/python3.12/site-packages/oslo_db/sqlalchemy/enginefacade.py", line 1175, in _transaction_scope
[Wed May 13 09:02:33.191144 2026] [wsgi:error] [pid 12:tid 140069171148480] [remote 10.0.0.159:37694] 2026-05-13 09:02:33.176 12 ERROR keystone.server.flask.application with current._produce_block(
[Wed May 13 09:02:33.191145 2026] [wsgi:error] [pid 12:tid 140069171148480] [remote 10.0.0.159:37694] 2026-05-13 09:02:33.176 12 ERROR keystone.server.flask.application
File "/usr/lib/python3.12/contextlib.py", line 144, in __exit__
[Wed May 13 09:02:33.191147 2026] [wsgi:error] [pid 12:tid 140069171148480] [remote 10.0.0.159:37694] 2026-05-13 09:02:33.176 12 ERROR keystone.server.flask.application next(self.gen)
[Wed May 13 09:02:33.191148 2026] [wsgi:error] [pid 12:tid 140069171148480] [remote 10.0.0.159:37694] 2026-05-13 09:02:33.176 12 ERROR keystone.server.flask.application
File "/var/lib/openstack/lib/python3.12/site-packages/oslo_db/sqlalchemy/enginefacade.py", line 837, in _session
[Wed May 13 09:02:33.191150 2026] [wsgi:error] [pid 12:tid 140069171148480] [remote 10.0.0.159:37694] 2026-05-13 09:02:33.176 12 ERROR keystone.server.flask.application with excutils.save_and_reraise_exception():
[Wed May 13 09:02:33.191151 2026] [wsgi:error] [pid 12:tid 140069171148480] [remote 10.0.0.159:37694] 2026-05-13 09:02:33.176 12 ERROR keystone.server.flask.application
File "/var/lib/openstack/lib/python3.12/site-packages/oslo_utils/excutils.py", line 271, in __exit__
[Wed May 13 09:02:33.191153 2026] [wsgi:error] [pid 12:tid 140069171148480] [remote 10.0.0.159:37694] 2026-05-13 09:02:33.176 12 ERROR keystone.server.flask.application self.force_reraise()
[Wed May 13 09:02:33.191156 2026] [wsgi:error] [pid 12:tid 140069171148480] [remote 10.0.0.159:37694] 2026-05-13 09:02:33.176 12 ERROR keystone.server.flask.application
File "/var/lib/openstack/lib/python3.12/site-packages/oslo_utils/excutils.py", line 233, in force_reraise
[Wed May 13 09:02:33.191160 2026] [wsgi:error] [pid 12:tid 140069171148480] [remote 10.0.0.159:37694] 2026-05-13 09:02:33.176 12 ERROR keystone.server.flask.application raise self.value
[Wed May 13 09:02:33.191162 2026] [wsgi:error] [pid 12:tid 140069171148480] [remote 10.0.0.159:37694] 2026-05-13 09:02:33.176 12 ERROR keystone.server.flask.application
File "/var/lib/openstack/lib/python3.12/site-packages/oslo_db/sqlalchemy/enginefacade.py", line 835, in _session
[Wed May 13 09:02:33.191164 2026] [wsgi:error] [pid 12:tid 140069171148480] [remote 10.0.0.159:37694] 2026-05-13 09:02:33.176 12 ERROR keystone.server.flask.application self._end_session_transaction(self.session)
[Wed May 13 09:02:33.191166 2026] [wsgi:error] [pid 12:tid 140069171148480] [remote 10.0.0.159:37694] 2026-05-13 09:02:33.176 12 ERROR keystone.server.flask.application
File "/var/lib/openstack/lib/python3.12/site-packages/oslo_db/sqlalchemy/enginefacade.py", line 748, in _end_session_transaction
[Wed May 13 09:02:33.191168 2026] [wsgi:error] [pid 12:tid 140069171148480] [remote 10.0.0.159:37694] 2026-05-13 09:02:33.176 12 ERROR keystone.server.flask.application session.commit()
[Wed May 13 09:02:33.191169 2026] [wsgi:error] [pid 12:tid 140069171148480] [remote 10.0.0.159:37694] 2026-05-13 09:02:33.176 12 ERROR keystone.server.flask.application
File "/var/lib/openstack/lib/python3.12/site-packages/sqlalchemy/orm/session.py", line 2030, in commit
[Wed May 13 09:02:33.191171 2026] [wsgi:error] [pid 12:tid 140069171148480] [remote 10.0.0.159:37694] 2026-05-13 09:02:33.176 12 ERROR keystone.server.flask.application trans.commit(_to_root=True)
[Wed May 13 09:02:33.191173 2026] [wsgi:error] [pid 12:tid 140069171148480] [remote 10.0.0.159:37694] 2026-05-13 09:02:33.176 12 ERROR keystone.server.flask.application File "", line 2, in commit
[Wed May 13 09:02:33.191175 2026] [wsgi:error] [pid 12:tid 140069171148480] [remote 10.0.0.159:37694] 2026-05-13 09:02:33.176 12 ERROR keystone.server.flask.application
File "/var/lib/openstack/lib/python3.12/site-packages/sqlalchemy/orm/state_changes.py", line 137, in _go
[Wed May 13 09:02:33.191177 2026] [wsgi:error] [pid 12:tid 140069171148480] [remote 10.0.0.159:37694] 2026-05-13 09:02:33.176 12 ERROR keystone.server.flask.application ret_value = fn(self, *arg, **kw)
[Wed May 13 09:02:33.191179 2026] [wsgi:error] [pid 12:tid 140069171148480] [remote 10.0.0.159:37694] 2026-05-13 09:02:33.176 12 ERROR keystone.server.flask.application ^^^^^^^^^^^^^^^^^^^^
[Wed May 13 09:02:33.191181 2026] [wsgi:error] [pid 12:tid 140069171148480] [remote 10.0.0.159:37694] 2026-05-13 09:02:33.176 12 ERROR keystone.server.flask.application
File "/var/lib/openstack/lib/python3.12/site-packages/sqlalchemy/orm/session.py", line 1311, in commit
[Wed May 13 09:02:33.191183 2026] [wsgi:error] [pid 12:tid 140069171148480] [remote 10.0.0.159:37694] 2026-05-13 09:02:33.176 12 ERROR keystone.server.flask.application self._prepare_impl()
[Wed May 13 09:02:33.191185 2026] [wsgi:error] [pid 12:tid 140069171148480] [remote 10.0.0.159:37694] 2026-05-13 09:02:33.176 12 ERROR keystone.server.flask.application File "", line 2, in _prepare_impl
[Wed May 13 09:02:33.191187 2026] [wsgi:error] [pid 12:tid 140069171148480] [remote 10.0.0.159:37694] 2026-05-13 09:02:33.176 12 ERROR keystone.server.flask.application
File "/var/lib/openstack/lib/python3.12/site-packages/sqlalchemy/orm/state_changes.py", line 137, in _go
[Wed May 13 09:02:33.191189 2026] [wsgi:error] [pid 12:tid 140069171148480] [remote 10.0.0.159:37694] 2026-05-13 09:02:33.176 12 ERROR keystone.server.flask.application ret_value = fn(self, *arg, **kw)
[Wed May 13 09:02:33.191191 2026] [wsgi:error] [pid 12:tid 140069171148480] [remote 10.0.0.159:37694] 2026-05-13 09:02:33.176 12 ERROR keystone.server.flask.application ^^^^^^^^^^^^^^^^^^^^
[Wed May 13 09:02:33.191192 2026] [wsgi:error] [pid 12:tid 140069171148480] [remote 10.0.0.159:37694] 2026-05-13 09:02:33.176 12 ERROR keystone.server.flask.application
File "/var/lib/openstack/lib/python3.12/site-packages/sqlalchemy/orm/session.py", line 1286, in _prepare_impl
[Wed May 13 09:02:33.191195 2026] [wsgi:error] [pid 12:tid 140069171148480] [remote 10.0.0.159:37694] 2026-05-13 09:02:33.176 12 ERROR keystone.server.flask.application self.session.flush()
[Wed May 13 09:02:33.191197 2026] [wsgi:error] [pid 12:tid 140069171148480] [remote 10.0.0.159:37694] 2026-05-13 09:02:33.176 12 ERROR keystone.server.flask.application
File "/var/lib/openstack/lib/python3.12/site-packages/sqlalchemy/orm/session.py", line 4331, in flush
[Wed May 13 09:02:33.191199 2026] [wsgi:error] [pid 12:tid 140069171148480] [remote 10.0.0.159:37694] 2026-05-13 09:02:33.176 12 ERROR keystone.server.flask.application self._flush(objects)
[Wed May 13 09:02:33.191200 2026] [wsgi:error] [pid 12:tid 140069171148480] [remote 10.0.0.159:37694] 2026-05-13 09:02:33.176 12 ERROR keystone.server.flask.application
File "/var/lib/openstack/lib/python3.12/site-packages/sqlalchemy/orm/session.py", line 4466, in _flush
[Wed May 13 09:02:33.191202 2026] [wsgi:error] [pid 12:tid 140069171148480] [remote 10.0.0.159:37694] 2026-05-13 09:02:33.176 12 ERROR keystone.server.flask.application with util.safe_reraise():
[Wed May 13 09:02:33.191204 2026] [wsgi:error] [pid 12:tid 140069171148480] [remote 10.0.0.159:37694] 2026-05-13 09:02:33.176 12 ERROR keystone.server.flask.application
File "/var/lib/openstack/lib/python3.12/site-packages/sqlalchemy/util/langhelpers.py", line 121, in __exit__
[Wed May 13 09:02:33.191206 2026] [wsgi:error] [pid 12:tid 140069171148480] [remote 10.0.0.159:37694] 2026-05-13 09:02:33.176 12 ERROR keystone.server.flask.application raise exc_value.with_traceback(exc_tb)
[Wed May 13 09:02:33.191208 2026] [wsgi:error] [pid 12:tid 140069171148480] [remote 10.0.0.159:37694] 2026-05-13 09:02:33.176 12 ERROR keystone.server.flask.application
File "/var/lib/openstack/lib/python3.12/site-packages/sqlalchemy/orm/session.py", line 4427, in _flush
[Wed May 13 09:02:33.191210 2026] [wsgi:error] [pid 12:tid 140069171148480] [remote 10.0.0.159:37694] 2026-05-13 09:02:33.176 12 ERROR keystone.server.flask.application flush_context.execute()
