2026-05-13 10:04:40.576 7 WARNING neutron.plugins.ml2.drivers.ovn.mech_driver.ovsdb.ovn_client [None req-336bc0ba-d0e6-437f-9de4-102b7c288e42 - - - - - -] No hosting information found for port 7b0c5923-3cf8-42ae-a02c-9640f3acd6f4: RuntimeError: No hosting information found for port 7b0c5923-3cf8-42ae-a02c-9640f3acd6f4 [pid: 7|app: 0|req: 662/1212] 10.0.0.105 () {32 vars in 725 bytes} [Wed May 13 10:04:40 2026] DELETE /v2.0/networks/1cb77889-08e4-4148-abf9-a31a09fe586b => generated 0 bytes in 509 msecs (HTTP/1.1 204) 3 headers in 131 bytes (1 switches on core 0) [pid: 7|app: 0|req: 663/1213] 199.19.213.136 () {34 vars in 1051 bytes} [Wed May 13 10:04:40 2026] GET /v2.0/ports?network_id=0caeabff-f31e-4146-9a5b-32d58ad4a72b&device_owner=network%3Adhcp => generated 12 bytes in 28 msecs (HTTP/1.1 200) 4 headers in 156 bytes (1 switches on core 0)
2026-05-13 10:04:40.647 7 INFO neutron.common.ovn.utils [None req-336bc0ba-d0e6-437f-9de4-102b7c288e42 - - - - - -] HA Chassis Group neutron-4243309c-b579-4f65-8f65-4c2c307cd45d synchronized; highest priority chassis f6d409d1-b02b-43ed-a40f-2de1595bcc1c
2026-05-13 10:04:40.657 7 WARNING neutron.db.securitygroups_db [None req-a0661b27-9734-4619-ba3e-191fe5db3502 3d66ff5cdd264cdca983b4612b0cb442 0f46f642a97b428da761df944456ab7a - - default default] project_id key not found in filters, using tenant_id instead. This support has been deprecated and will be removed in a future release.
2026-05-13 10:04:40.688 7 INFO neutron.plugins.ml2.drivers.ovn.mech_driver.mech_driver [None req-336bc0ba-d0e6-437f-9de4-102b7c288e42 - - - - - -] OVN reports status down for port: 20f4d1c1-f496-4569-ae71-05fea0307f50 [pid: 7|app: 0|req: 664/1214] 10.0.0.105 () {32 vars in 773 bytes} [Wed May 13 10:04:40 2026] GET /v2.0/security-groups?tenant_id=df83b8adfee24ab2a19d155608b40cfb&name=default => generated 2925 bytes in 62 msecs (HTTP/1.1 200) 4 headers in 158 bytes (1 switches on core 0)
2026-05-13 10:04:40.863 7 INFO neutron_taas.services.taas.taas_plugin [None req-06f978eb-bd07-47de-bc1f-42c89f54ea14 3ddd5fa5ba0246b1ba6bc7fa2a029dba 04dda0d3ccf94a1fa1de1deae74d9dc0 - - default default] TaaS: Handle Delete Port: 8aeb66b2-b3fd-467c-8333-8af4f3e524a5
2026-05-13 10:04:40.866 7 INFO neutron_taas.services.taas.tap_mirror_plugin [None req-06f978eb-bd07-47de-bc1f-42c89f54ea14 3ddd5fa5ba0246b1ba6bc7fa2a029dba 04dda0d3ccf94a1fa1de1deae74d9dc0 - - default default] Tap Mirror: Handle Delete Port: 8aeb66b2-b3fd-467c-8333-8af4f3e524a5 [pid: 7|app: 0|req: 665/1215] 10.0.0.105 () {32 vars in 725 bytes} [Wed May 13 10:04:40 2026] DELETE /v2.0/networks/3994b71c-467e-43da-b892-05e26c02a960 => generated 0 bytes in 389 msecs (HTTP/1.1 204) 3 headers in 131 bytes (1 switches on core 0) [pid: 7|app: 0|req: 666/1216] 199.19.213.136 () {34 vars in 1011 bytes} [Wed May 13 10:04:41 2026] GET /v2.0/networks/0caeabff-f31e-4146-9a5b-32d58ad4a72b?fields=segments => generated 14 bytes in 50 msecs (HTTP/1.1 200) 4 headers in 156 bytes (1 switches on core 0)
2026-05-13 10:04:41.346 8 INFO neutron.services.segments.plugin [-] Segment c8f45a51-15be-46b0-975c-268c8b402421 resource provider aggregate not found
2026-05-13 10:04:41.350 8 INFO neutron.services.segments.plugin [-] Segment c8f45a51-15be-46b0-975c-268c8b402421 resource provider aggregate not found [pid: 7|app: 0|req: 667/1217] 10.0.0.105 () {32 vars in 739 bytes} [Wed May 13 10:04:41 2026] DELETE /v2.0/security-groups/5b142143-32a5-411c-8a38-b32a0c3d1d90 => generated 0 bytes in 211 msecs (HTTP/1.1 204) 2 headers in 112 bytes (1 switches on core 0)
2026-05-13 10:04:41.377 8 INFO neutron.services.segments.plugin [-] Segment c8f45a51-15be-46b0-975c-268c8b402421 resource provider not found; error: Placement Client Error (4xx): {"errors": [{"status": 404, "title": "Not Found", "detail": "The resource could not be found.\n\n No resource provider with uuid c8f45a51-15be-46b0-975c-268c8b402421 found for delete ", "request_id": "req-50bcfd8c-9fa4-4bd5-b96d-8357252faa42"}]}
2026-05-13 10:04:41.384 8 INFO neutron.services.segments.plugin [-] Segment c8f45a51-15be-46b0-975c-268c8b402421 resource provider not found; error: Placement Client Error (4xx): {"errors": [{"status": 404, "title": "Not Found", "detail": "The resource could not be found.\n\n No resource provider with uuid c8f45a51-15be-46b0-975c-268c8b402421 found for delete ", "request_id": "req-0b3de4d9-733c-46a6-8d2a-fcdfe689a2d2"}]}
2026-05-13 10:04:41.405 8 INFO neutron.services.segments.plugin [-] Segment 8ca2e55a-e025-4a49-a4d4-4ab6d3d4769f resource provider aggregate not found [pid: 7|app: 0|req: 668/1218] 199.19.213.136 () {34 vars in 1111 bytes} [Wed May 13 10:04:41 2026] GET /v2.0/networks/0caeabff-f31e-4146-9a5b-32d58ad4a72b?fields=provider%3Aphysical_network&fields=provider%3Anetwork_type => generated 79 bytes in 51 msecs (HTTP/1.1 200) 4 headers in 156 bytes (1 switches on core 0)
2026-05-13 10:04:41.419 8 INFO neutron.services.segments.plugin [-] Segment 8ca2e55a-e025-4a49-a4d4-4ab6d3d4769f resource provider aggregate not found
2026-05-13 10:04:41.437 8 INFO neutron.services.segments.plugin [-] Segment 8ca2e55a-e025-4a49-a4d4-4ab6d3d4769f resource provider not found; error: Placement Client Error (4xx): {"errors": [{"status": 404, "title": "Not Found", "detail": "The resource could not be found.\n\n No resource provider with uuid 8ca2e55a-e025-4a49-a4d4-4ab6d3d4769f found for delete ", "request_id": "req-88523cf0-dfe2-4113-8836-26b63688fa92"}]}
2026-05-13 10:04:41.448 8 INFO neutron.services.segments.plugin [-] Segment 8ca2e55a-e025-4a49-a4d4-4ab6d3d4769f resource provider not found; error: Placement Client Error (4xx): {"errors": [{"status": 404, "title": "Not Found", "detail": "The resource could not be found.\n\n No resource provider with uuid 8ca2e55a-e025-4a49-a4d4-4ab6d3d4769f found for delete ", "request_id": "req-05f6896c-602f-4e37-89d7-f06054ea5655"}]}
2026-05-13 10:04:41.504 8 INFO neutron.db.ovn_revision_numbers_db [None req-3d2e4134-45ba-494a-a0e8-75bc0e452097 578e9ddfaa204312b11d108d61867130 257a98d2a2c84d21b9eb60c219aa040b - - default default] Successfully bumped revision number for resource 83941537-c79c-4411-8d70-7b791cf279c7 (type: floatingips) to 1
2026-05-13 10:04:41.504 8 INFO neutron.db.l3_db [None req-3d2e4134-45ba-494a-a0e8-75bc0e452097 578e9ddfaa204312b11d108d61867130 257a98d2a2c84d21b9eb60c219aa040b - - default default] Floating IP 83941537-c79c-4411-8d70-7b791cf279c7 associated. External IP: 10.96.250.217, port: aab6cb1e-459d-458b-9d7a-875d056c9743. [pid: 8|app: 0|req: 551/1219] 10.0.0.105 () {34 vars in 676 bytes} [Wed May 13 10:04:40 2026] POST /v2.0/floatingips => generated 841 bytes in 1279 msecs (HTTP/1.1 201) 4 headers in 162 bytes (1 switches on core 0)
2026-05-13 10:04:41.737 7 INFO neutron.db.ovn_revision_numbers_db [None req-c5cb2084-175b-4a88-a802-4255ef692e22 578e9ddfaa204312b11d108d61867130 257a98d2a2c84d21b9eb60c219aa040b - - default default] Successfully bumped revision number for resource 83941537-c79c-4411-8d70-7b791cf279c7 (type: floatingips) to 2
2026-05-13 10:04:41.809 7 INFO neutron.db.l3_db [None req-c5cb2084-175b-4a88-a802-4255ef692e22 578e9ddfaa204312b11d108d61867130 257a98d2a2c84d21b9eb60c219aa040b - - default default] Floating IP 83941537-c79c-4411-8d70-7b791cf279c7 disassociated. External IP: 10.96.250.217, port: aab6cb1e-459d-458b-9d7a-875d056c9743. [pid: 7|app: 0|req: 669/1220] 10.0.0.105 () {34 vars in 748 bytes} [Wed May 13 10:04:41 2026] PUT /v2.0/floatingips/83941537-c79c-4411-8d70-7b791cf279c7 => generated 554 bytes in 288 msecs (HTTP/1.1 200) 4 headers in 157 bytes (1 switches on core 0)
2026-05-13 10:04:41.852 8 WARNING neutron.db.securitygroups_db [None req-c54942fa-9923-4c4a-94a5-1a1275d5daef 3d66ff5cdd264cdca983b4612b0cb442 0f46f642a97b428da761df944456ab7a - - default default] project_id key not found in filters, using tenant_id instead. This support has been deprecated and will be removed in a future release. [pid: 8|app: 0|req: 552/1221] 10.0.0.105 () {32 vars in 773 bytes} [Wed May 13 10:04:41 2026] GET /v2.0/security-groups?tenant_id=04dda0d3ccf94a1fa1de1deae74d9dc0&name=default => generated 2925 bytes in 236 msecs (HTTP/1.1 200) 4 headers in 158 bytes (1 switches on core 0)
2026-05-13 10:04:41.982 7 INFO neutron_taas.services.taas.taas_plugin [None req-f8c019fe-bf86-4fa1-9ec3-35aaf1be4c6e 578e9ddfaa204312b11d108d61867130 257a98d2a2c84d21b9eb60c219aa040b - - default default] TaaS: Handle Delete Port: c179b109-ce19-4ce9-a299-0d3ef59d108a
2026-05-13 10:04:41.985 7 INFO neutron_taas.services.taas.tap_mirror_plugin [None req-f8c019fe-bf86-4fa1-9ec3-35aaf1be4c6e 578e9ddfaa204312b11d108d61867130 257a98d2a2c84d21b9eb60c219aa040b - - default default] Tap Mirror: Handle Delete Port: c179b109-ce19-4ce9-a299-0d3ef59d108a [pid: 8|app: 0|req: 553/1222] 10.0.0.105 () {32 vars in 739 bytes} [Wed May 13 10:04:41 2026] DELETE /v2.0/security-groups/d024c093-ba82-4356-ab04-32dd83e73a4b => generated 0 bytes in 283 msecs (HTTP/1.1 204) 2 headers in 112 bytes (1 switches on core 0) [pid: 7|app: 0|req: 670/1223] 10.0.0.105 () {32 vars in 731 bytes} [Wed May 13 10:04:41 2026] DELETE /v2.0/floatingips/83941537-c79c-4411-8d70-7b791cf279c7 => generated 0 bytes in 356 msecs (HTTP/1.1 204) 2 headers in 112 bytes (1 switches on core 0) [pid: 8|app: 0|req: 554/1224] 10.0.0.75 () {34 vars in 988 bytes} [Wed May 13 10:04:42 2026] GET /v2.0/ports?device_id=10e780c5-6303-4043-a9bb-4dde777ee2e8 => generated 975 bytes in 86 msecs (HTTP/1.1 200) 4 headers in 157 bytes (1 switches on core 0) [pid: 8|app: 0|req: 555/1225] 10.0.0.75 () {34 vars in 1038 bytes} [Wed May 13 10:04:42 2026] GET /v2.0/security-groups?id=6f2173c6-49b1-4482-9253-6cd56309f177&fields=id&fields=name => generated 114 bytes in 38 msecs (HTTP/1.1 200) 4 headers in 157 bytes (1 switches on core 0)
2026-05-13 10:04:42.451 7 WARNING neutron.scheduler.dhcp_agent_scheduler [None req-e12c0339-fbeb-4b41-94d4-ebfef86a08e9 578e9ddfaa204312b11d108d61867130 257a98d2a2c84d21b9eb60c219aa040b - - default default] No more DHCP agents
2026-05-13 10:04:42.453 7 WARNING neutron.api.rpc.agentnotifiers.dhcp_rpc_agent_api [None req-e12c0339-fbeb-4b41-94d4-ebfef86a08e9 578e9ddfaa204312b11d108d61867130 257a98d2a2c84d21b9eb60c219aa040b - - default default] Unable to schedule network 679965e4-687f-4270-bd27-e1aec0747e53: no agents available; will retry on subsequent port and subnet creation events. [pid: 8|app: 0|req: 556/1226] 199.19.213.136 () {34 vars in 1079 bytes} [Wed May 13 10:04:42 2026] GET /v2.0/ports?tenant_id=9e76a545238046cd9c585a380d581fbc&device_id=10e780c5-6303-4043-a9bb-4dde777ee2e8 => generated 1236 bytes in 53 msecs (HTTP/1.1 200) 4 headers in 158 bytes (1 switches on core 0)
2026-05-13 10:04:42.551 7 INFO neutron.services.segments.plugin [-] Segment b1a3da2b-5678-4c1c-9f2a-30f83dd7976b resource provider aggregate not found
2026-05-13 10:04:42.556 7 INFO neutron.services.segments.plugin [-] Segment b1a3da2b-5678-4c1c-9f2a-30f83dd7976b resource provider aggregate not found [pid: 8|app: 0|req: 557/1227] 199.19.213.136 () {34 vars in 985 bytes} [Wed May 13 10:04:42 2026] GET /v2.0/networks?id=0caeabff-f31e-4146-9a5b-32d58ad4a72b => generated 821 bytes in 49 msecs (HTTP/1.1 200) 4 headers in 157 bytes (1 switches on core 0)
2026-05-13 10:04:42.577 7 INFO neutron.services.segments.plugin [-] Segment b1a3da2b-5678-4c1c-9f2a-30f83dd7976b resource provider not found; error: Placement Client Error (4xx): {"errors": [{"status": 404, "title": "Not Found", "detail": "The resource could not be found.\n\n No resource provider with uuid b1a3da2b-5678-4c1c-9f2a-30f83dd7976b found for delete ", "request_id": "req-66f15e8f-b613-4b6f-96a8-8e85554e5d83"}]}
2026-05-13 10:04:42.577 7 INFO neutron.services.segments.plugin [-] Segment b1a3da2b-5678-4c1c-9f2a-30f83dd7976b resource provider not found; error: Placement Client Error (4xx): {"errors": [{"status": 404, "title": "Not Found", "detail": "The resource could not be found.\n\n No resource provider with uuid b1a3da2b-5678-4c1c-9f2a-30f83dd7976b found for delete ", "request_id": "req-2440a304-a638-4f83-9d46-f54321d3b889"}]} [pid: 8|app: 0|req: 558/1228] 199.19.213.136 () {34 vars in 1059 bytes} [Wed May 13 10:04:42 2026] GET /v2.0/floatingips?fixed_ip_address=10.100.0.10&port_id=e2eb6f98-ebca-4683-a86e-f587af939000 => generated 861 bytes in 45 msecs (HTTP/1.1 200) 4 headers in 157 bytes (1 switches on core 0) [pid: 8|app: 0|req: 559/1229] 199.19.213.136 () {34 vars in 983 bytes} [Wed May 13 10:04:42 2026] GET /v2.0/subnets?id=fd11ece6-6e01-4425-bd9c-02e4187553d2 => generated 702 bytes in 32 msecs (HTTP/1.1 200) 4 headers in 157 bytes (1 switches on core 0) [pid: 8|app: 0|req: 560/1230] 199.19.213.136 () {34 vars in 1051 bytes} [Wed May 13 10:04:42 2026] GET /v2.0/ports?network_id=0caeabff-f31e-4146-9a5b-32d58ad4a72b&device_owner=network%3Adhcp => generated 12 bytes in 25 msecs (HTTP/1.1 200) 4 headers in 156 bytes (1 switches on core 0) [pid: 8|app: 0|req: 561/1231] 199.19.213.136 () {34 vars in 1011 bytes} [Wed May 13 10:04:42 2026] GET /v2.0/networks/0caeabff-f31e-4146-9a5b-32d58ad4a72b?fields=segments => generated 14 bytes in 59 msecs (HTTP/1.1 200) 4 headers in 156 bytes (1 switches on core 0) [pid: 8|app: 0|req: 562/1232] 199.19.213.136 () {34 vars in 1111 bytes} [Wed May 13 10:04:42 2026] GET /v2.0/networks/0caeabff-f31e-4146-9a5b-32d58ad4a72b?fields=provider%3Aphysical_network&fields=provider%3Anetwork_type => generated 79 bytes in 62 msecs (HTTP/1.1 200) 4 headers in 156 bytes (1 switches on core 0)
2026-05-13 10:04:43.352 7 INFO neutron.db.ovn_revision_numbers_db [None req-e12c0339-fbeb-4b41-94d4-ebfef86a08e9 578e9ddfaa204312b11d108d61867130 257a98d2a2c84d21b9eb60c219aa040b - - default default] Successfully bumped revision number for resource 899be4cc-66c4-4942-abdc-994d1167cedf (type: floatingips) to 1
2026-05-13 10:04:43.353 7 INFO neutron.db.l3_db [None req-e12c0339-fbeb-4b41-94d4-ebfef86a08e9 578e9ddfaa204312b11d108d61867130 257a98d2a2c84d21b9eb60c219aa040b - - default default] Floating IP 899be4cc-66c4-4942-abdc-994d1167cedf associated. External IP: 10.96.250.207, port: 20f4d1c1-f496-4569-ae71-05fea0307f50. [pid: 7|app: 0|req: 671/1233] 10.0.0.105 () {34 vars in 676 bytes} [Wed May 13 10:04:42 2026] POST /v2.0/floatingips => generated 843 bytes in 1187 msecs (HTTP/1.1 201) 4 headers in 162 bytes (1 switches on core 0) [pid: 7|app: 0|req: 672/1234] 10.0.0.75 () {34 vars in 988 bytes} [Wed May 13 10:04:43 2026] GET /v2.0/ports?device_id=10e780c5-6303-4043-a9bb-4dde777ee2e8 => generated 975 bytes in 71 msecs (HTTP/1.1 200) 4 headers in 157 bytes (1 switches on core 0) [pid: 7|app: 0|req: 673/1235] 10.0.0.105 () {32 vars in 728 bytes} [Wed May 13 10:04:43 2026] GET /v2.0/floatingips/899be4cc-66c4-4942-abdc-994d1167cedf => generated 845 bytes in 48 msecs (HTTP/1.1 200) 4 headers in 157 bytes (1 switches on core 0)
2026-05-13 10:04:43.546 8 INFO neutron.db.ovn_revision_numbers_db [None req-9266641a-6f26-45aa-a4b4-aaa889ceee7a 3d66ff5cdd264cdca983b4612b0cb442 0f46f642a97b428da761df944456ab7a - - default default] Successfully bumped revision number for resource 15156698-952e-4faf-b673-83e456b2f3b6 (type: security_groups) to 1
2026-05-13 10:04:43.564 8 INFO neutron.db.ovn_revision_numbers_db [None req-9266641a-6f26-45aa-a4b4-aaa889ceee7a 3d66ff5cdd264cdca983b4612b0cb442 0f46f642a97b428da761df944456ab7a - - default default] Successfully bumped revision number for resource 2a00846b-5cff-4832-ad6d-13133f5d3c83 (type: security_group_rules) to 0 [pid: 7|app: 0|req: 674/1236] 10.0.0.75 () {34 vars in 1038 bytes} [Wed May 13 10:04:43 2026] GET /v2.0/security-groups?id=6f2173c6-49b1-4482-9253-6cd56309f177&fields=id&fields=name => generated 114 bytes in 51 msecs (HTTP/1.1 200) 4 headers in 157 bytes (1 switches on core 0)
2026-05-13 10:04:43.581 8 INFO neutron.db.ovn_revision_numbers_db [None req-9266641a-6f26-45aa-a4b4-aaa889ceee7a 3d66ff5cdd264cdca983b4612b0cb442 0f46f642a97b428da761df944456ab7a - - default default] Successfully bumped revision number for resource 5df06955-79bc-4d47-ba50-90f538e23568 (type: security_group_rules) to 0
2026-05-13 10:04:43.600 8 INFO neutron.db.ovn_revision_numbers_db [None req-9266641a-6f26-45aa-a4b4-aaa889ceee7a 3d66ff5cdd264cdca983b4612b0cb442 0f46f642a97b428da761df944456ab7a - - default default] Successfully bumped revision number for resource cfa1a06f-f099-4278-aa9f-7aef8a9dad5e (type: security_group_rules) to 0
2026-05-13 10:04:43.622 8 INFO neutron.db.ovn_revision_numbers_db [None req-9266641a-6f26-45aa-a4b4-aaa889ceee7a 3d66ff5cdd264cdca983b4612b0cb442 0f46f642a97b428da761df944456ab7a - - default default] Successfully bumped revision number for resource e87f2efd-1855-4994-a89b-2066b1762b3e (type: security_group_rules) to 0 [pid: 7|app: 0|req: 675/1237] 10.0.0.105 () {32 vars in 654 bytes} [Wed May 13 10:04:43 2026] GET /v2.0/floatingips => generated 848 bytes in 73 msecs (HTTP/1.1 200) 4 headers in 157 bytes (1 switches on core 0)
2026-05-13 10:04:43.707 8 INFO neutron.db.segments_db [None req-9266641a-6f26-45aa-a4b4-aaa889ceee7a 3d66ff5cdd264cdca983b4612b0cb442 0f46f642a97b428da761df944456ab7a - - default default] Added segment ae26349e-0dba-46f3-8d44-428b27d3063d of type geneve for network 39ddc73d-035f-42e8-9a15-a51486d983f4
2026-05-13 10:04:43.831 8 INFO neutron.db.ovn_revision_numbers_db [None req-9266641a-6f26-45aa-a4b4-aaa889ceee7a 3d66ff5cdd264cdca983b4612b0cb442 0f46f642a97b428da761df944456ab7a - - default default] Successfully bumped revision number for resource 39ddc73d-035f-42e8-9a15-a51486d983f4 (type: networks) to 1
2026-05-13 10:04:44.066 8 WARNING neutron.plugins.ml2.drivers.ovn.mech_driver.ovsdb.ovn_client [None req-84835714-789f-4588-8191-6cf955c4eecf - - - - - -] No hosting information found for port 4533e057-af88-4f77-bdf1-f5a9eae0534d: RuntimeError: No hosting information found for port 4533e057-af88-4f77-bdf1-f5a9eae0534d
2026-05-13 10:04:44.176 8 WARNING neutron.scheduler.dhcp_agent_scheduler [None req-9266641a-6f26-45aa-a4b4-aaa889ceee7a 3d66ff5cdd264cdca983b4612b0cb442 0f46f642a97b428da761df944456ab7a - - default default] No more DHCP agents
2026-05-13 10:04:44.177 8 WARNING neutron.api.rpc.agentnotifiers.dhcp_rpc_agent_api [None req-9266641a-6f26-45aa-a4b4-aaa889ceee7a 3d66ff5cdd264cdca983b4612b0cb442 0f46f642a97b428da761df944456ab7a - - default default] Unable to schedule network 39ddc73d-035f-42e8-9a15-a51486d983f4: no agents available; will retry on subsequent port and subnet creation events.
2026-05-13 10:04:44.289 8 INFO neutron.db.ovn_revision_numbers_db [None req-84835714-789f-4588-8191-6cf955c4eecf - - - - - -] Successfully bumped revision number for resource 4533e057-af88-4f77-bdf1-f5a9eae0534d (type: router_ports) to 2
2026-05-13 10:04:44.290 8 INFO neutron.plugins.ml2.drivers.ovn.mech_driver.mech_driver [None req-84835714-789f-4588-8191-6cf955c4eecf - - - - - -] OVN reports status down for port: aab6cb1e-459d-458b-9d7a-875d056c9743
2026-05-13 10:04:44.344 8 INFO neutron.db.ovn_revision_numbers_db [None req-9266641a-6f26-45aa-a4b4-aaa889ceee7a 3d66ff5cdd264cdca983b4612b0cb442 0f46f642a97b428da761df944456ab7a - - default default] Successfully bumped revision number for resource f40ff956-99b7-4e79-967a-b413702b314e (type: ports) to 1 [pid: 8|app: 0|req: 563/1238] 10.0.0.105 () {34 vars in 670 bytes} [Wed May 13 10:04:43 2026] POST /v2.0/networks => generated 787 bytes in 1266 msecs (HTTP/1.1 201) 4 headers in 162 bytes (1 switches on core 0) [pid: 8|app: 0|req: 564/1239] 199.19.213.136 () {34 vars in 993 bytes} [Wed May 13 10:04:44 2026] GET /v2.0/ports?device_id=10e780c5-6303-4043-a9bb-4dde777ee2e8 => generated 975 bytes in 90 msecs (HTTP/1.1 200) 4 headers in 157 bytes (1 switches on core 0)
2026-05-13 10:04:44.533 7 INFO neutron.db.ovn_revision_numbers_db [None req-a41ac15c-f233-428f-8c65-eb167a1fd842 578e9ddfaa204312b11d108d61867130 257a98d2a2c84d21b9eb60c219aa040b - - default default] Successfully bumped revision number for resource 899be4cc-66c4-4942-abdc-994d1167cedf (type: floatingips) to 2
2026-05-13 10:04:44.604 8 INFO neutron.plugins.ml2.drivers.ovn.mech_driver.mech_driver [None req-84835714-789f-4588-8191-6cf955c4eecf - - - - - -] OVN reports status down for port: e2eb6f98-ebca-4683-a86e-f587af939000
2026-05-13 10:04:44.644 7 INFO neutron.db.l3_db [None req-a41ac15c-f233-428f-8c65-eb167a1fd842 578e9ddfaa204312b11d108d61867130 257a98d2a2c84d21b9eb60c219aa040b - - default default] Floating IP 899be4cc-66c4-4942-abdc-994d1167cedf associated. External IP: 10.96.250.207, port: 20f4d1c1-f496-4569-ae71-05fea0307f50. /var/lib/openstack/lib/python3.12/site-packages/pycadf/identifier.py:70: UserWarning: Invalid uuid: neutron. To ensure interoperability, identifiers should be a valid uuid. warnings.warn(('Invalid uuid: %s. To ensure interoperability, ' [pid: 7|app: 0|req: 676/1240] 10.0.0.105 () {34 vars in 748 bytes} [Wed May 13 10:04:43 2026] PUT /v2.0/floatingips/899be4cc-66c4-4942-abdc-994d1167cedf => generated 843 bytes in 1048 msecs (HTTP/1.1 200) 4 headers in 157 bytes (1 switches on core 0)
2026-05-13 10:04:44.801 8 INFO neutron.notifiers.nova [-] Nova event matching ['req-0ef79b1a-64dd-482a-a8bf-8c98eff66e65'] response: {'server_uuid': '10e780c5-6303-4043-a9bb-4dde777ee2e8', 'name': 'network-vif-unplugged', 'status': 'completed', 'tag': 'e2eb6f98-ebca-4683-a86e-f587af939000', 'code': 200}
2026-05-13 10:04:44.844 7 WARNING neutron.scheduler.dhcp_agent_scheduler [None req-5af6f4d8-ee92-4dc1-82b4-b7402eedbe0f 3d66ff5cdd264cdca983b4612b0cb442 0f46f642a97b428da761df944456ab7a - - default default] No more DHCP agents
2026-05-13 10:04:44.846 7 WARNING neutron.api.rpc.agentnotifiers.dhcp_rpc_agent_api [None req-5af6f4d8-ee92-4dc1-82b4-b7402eedbe0f 3d66ff5cdd264cdca983b4612b0cb442 0f46f642a97b428da761df944456ab7a - - default default] Unable to schedule network 39ddc73d-035f-42e8-9a15-a51486d983f4: no agents available; will retry on subsequent port and subnet creation events.
2026-05-13 10:04:44.962 8 INFO neutron.db.ovn_revision_numbers_db [None req-5f6a437f-3ab9-447b-9522-b712c99e359c bdfbf1d79f734aa18c775764336b53f2 0841d6b9e98f4752865a40a6b7ddd5da - - default default] Successfully bumped revision number for resource 44c9ba52-6c27-4a2b-abb1-7bc7b9c03798 (type: security_groups) to 1
2026-05-13 10:04:45.000 8 INFO neutron.db.ovn_revision_numbers_db [None req-5f6a437f-3ab9-447b-9522-b712c99e359c bdfbf1d79f734aa18c775764336b53f2 0841d6b9e98f4752865a40a6b7ddd5da - - default default] Successfully bumped revision number for resource 17ff9cf1-09a3-44e4-a2a8-304ace4839d4 (type: security_group_rules) to 0
2026-05-13 10:04:45.040 8 INFO neutron.db.ovn_revision_numbers_db [None req-5f6a437f-3ab9-447b-9522-b712c99e359c bdfbf1d79f734aa18c775764336b53f2 0841d6b9e98f4752865a40a6b7ddd5da - - default default] Successfully bumped revision number for resource 436867d0-bb17-4cfc-bea4-8c4b6b077333 (type: security_group_rules) to 0
2026-05-13 10:04:45.067 8 INFO neutron.db.ovn_revision_numbers_db [None req-5f6a437f-3ab9-447b-9522-b712c99e359c bdfbf1d79f734aa18c775764336b53f2 0841d6b9e98f4752865a40a6b7ddd5da - - default default] Successfully bumped revision number for resource 918ec4f2-9daa-46a0-b994-654950c7b195 (type: security_group_rules) to 0
2026-05-13 10:04:45.070 8 INFO neutron.db.ovn_revision_numbers_db [None req-84835714-789f-4588-8191-6cf955c4eecf - - - - - -] Successfully bumped revision number for resource e2eb6f98-ebca-4683-a86e-f587af939000 (type: ports) to 8
2026-05-13 10:04:45.095 8 INFO neutron.db.ovn_revision_numbers_db [None req-5f6a437f-3ab9-447b-9522-b712c99e359c bdfbf1d79f734aa18c775764336b53f2 0841d6b9e98f4752865a40a6b7ddd5da - - default default] Successfully bumped revision number for resource ea0b52da-338b-49a4-8094-be9003529b61 (type: security_group_rules) to 0
2026-05-13 10:04:45.217 8 INFO neutron.plugins.ml2.drivers.ovn.mech_driver.mech_driver [None req-aecb0efc-0739-42e0-9d77-98bd3e0da5cb - - - - - -] OVN reports status down for port: f40ff956-99b7-4e79-967a-b413702b314e
2026-05-13 10:04:45.229 8 INFO neutron.db.segments_db [None req-5f6a437f-3ab9-447b-9522-b712c99e359c bdfbf1d79f734aa18c775764336b53f2 0841d6b9e98f4752865a40a6b7ddd5da - - default default] Added segment 04fe17b0-285c-4156-b8ba-c396f88aba0a of type geneve for network e0f74d77-83a5-466b-b9c8-67b78700cd7f
2026-05-13 10:04:45.334 7 INFO neutron.db.ovn_revision_numbers_db [None req-5af6f4d8-ee92-4dc1-82b4-b7402eedbe0f 3d66ff5cdd264cdca983b4612b0cb442 0f46f642a97b428da761df944456ab7a - - default default] Successfully bumped revision number for resource f40ff956-99b7-4e79-967a-b413702b314e (type: ports) to 2
2026-05-13 10:04:45.382 7 INFO neutron.db.ovn_revision_numbers_db [None req-5af6f4d8-ee92-4dc1-82b4-b7402eedbe0f 3d66ff5cdd264cdca983b4612b0cb442 0f46f642a97b428da761df944456ab7a - - default default] Successfully bumped revision number for resource a3b740b8-fc4a-40af-9065-39cbc5e4718f (type: subnets) to 0 [pid: 7|app: 0|req: 677/1241] 10.0.0.105 () {34 vars in 668 bytes} [Wed May 13 10:04:44 2026] POST /v2.0/subnets => generated 693 bytes in 707 msecs (HTTP/1.1 201) 4 headers in 162 bytes (1 switches on core 0)
2026-05-13 10:04:45.523 8 INFO neutron.db.ovn_revision_numbers_db [None req-5f6a437f-3ab9-447b-9522-b712c99e359c bdfbf1d79f734aa18c775764336b53f2 0841d6b9e98f4752865a40a6b7ddd5da - - default default] Successfully bumped revision number for resource e0f74d77-83a5-466b-b9c8-67b78700cd7f (type: networks) to 1
2026-05-13 10:04:45.552 7 INFO neutron_taas.services.taas.taas_plugin [req-92e9580a-31f7-4f81-86b7-003a38e20fad req-7e189e06-a659-4028-ae7b-e7d1207cd572 f7beb843f47a486fb15df4de73f79a00 9e76a545238046cd9c585a380d581fbc - - default default] TaaS: Handle Delete Port: e2eb6f98-ebca-4683-a86e-f587af939000
2026-05-13 10:04:45.556 7 INFO neutron_taas.services.taas.tap_mirror_plugin [req-92e9580a-31f7-4f81-86b7-003a38e20fad req-7e189e06-a659-4028-ae7b-e7d1207cd572 f7beb843f47a486fb15df4de73f79a00 9e76a545238046cd9c585a380d581fbc - - default default] Tap Mirror: Handle Delete Port: e2eb6f98-ebca-4683-a86e-f587af939000
2026-05-13 10:04:45.731 7 INFO neutron.db.l3_db [req-92e9580a-31f7-4f81-86b7-003a38e20fad req-7e189e06-a659-4028-ae7b-e7d1207cd572 f7beb843f47a486fb15df4de73f79a00 9e76a545238046cd9c585a380d581fbc - - default default] Floating IP 07418b2c-552b-48d4-9edf-890c99e977b8 disassociated. External IP: 10.96.250.204, port: e2eb6f98-ebca-4683-a86e-f587af939000.
2026-05-13 10:04:45.748 8 WARNING neutron.scheduler.dhcp_agent_scheduler [None req-5f6a437f-3ab9-447b-9522-b712c99e359c bdfbf1d79f734aa18c775764336b53f2 0841d6b9e98f4752865a40a6b7ddd5da - - default default] No more DHCP agents
2026-05-13 10:04:45.750 8 WARNING neutron.api.rpc.agentnotifiers.dhcp_rpc_agent_api [None req-5f6a437f-3ab9-447b-9522-b712c99e359c bdfbf1d79f734aa18c775764336b53f2 0841d6b9e98f4752865a40a6b7ddd5da - - default default] Unable to schedule network e0f74d77-83a5-466b-b9c8-67b78700cd7f: no agents available; will retry on subsequent port and subnet creation events.
2026-05-13 10:04:45.852 7 INFO neutron.plugins.ml2.drivers.ovn.mech_driver.mech_driver [None req-336bc0ba-d0e6-437f-9de4-102b7c288e42 - - - - - -] OVN reports status down for port: ef76dc38-40ea-4fd2-a7e5-f721b1022908
2026-05-13 10:04:45.859 8 INFO neutron.db.ovn_revision_numbers_db [None req-5f6a437f-3ab9-447b-9522-b712c99e359c bdfbf1d79f734aa18c775764336b53f2 0841d6b9e98f4752865a40a6b7ddd5da - - default default] Successfully bumped revision number for resource ef76dc38-40ea-4fd2-a7e5-f721b1022908 (type: ports) to 1 [pid: 8|app: 0|req: 565/1242] 10.0.0.105 () {34 vars in 669 bytes} [Wed May 13 10:04:44 2026] POST /v2.0/networks => generated 682 bytes in 1365 msecs (HTTP/1.1 201) 4 headers in 162 bytes (1 switches on core 0) /var/lib/openstack/lib/python3.12/site-packages/pycadf/identifier.py:70: UserWarning: Invalid uuid: neutron. To ensure interoperability, identifiers should be a valid uuid. warnings.warn(('Invalid uuid: %s. To ensure interoperability, ' [pid: 8|app: 0|req: 566/1243] 10.0.0.75 () {34 vars in 988 bytes} [Wed May 13 10:04:45 2026] GET /v2.0/ports?device_id=10e780c5-6303-4043-a9bb-4dde777ee2e8 => generated 12 bytes in 27 msecs (HTTP/1.1 200) 4 headers in 156 bytes (1 switches on core 0) [pid: 7|app: 0|req: 678/1244] 199.19.213.136 () {36 vars in 996 bytes} [Wed May 13 10:04:45 2026] DELETE /v2.0/ports/e2eb6f98-ebca-4683-a86e-f587af939000 => generated 0 bytes in 555 msecs (HTTP/1.1 204) 3 headers in 131 bytes (1 switches on core 0)
2026-05-13 10:04:46.017 7 INFO neutron.notifiers.nova [-] Nova event matching ['req-5734c241-bd83-4350-8555-d75b34140305'] response: {'server_uuid': '10e780c5-6303-4043-a9bb-4dde777ee2e8', 'name': 'network-vif-deleted', 'tag': 'e2eb6f98-ebca-4683-a86e-f587af939000', 'status': 'completed', 'code': 200}
2026-05-13 10:04:46.176 8 INFO neutron.db.ovn_revision_numbers_db [None req-ff3b59fc-e8ec-483c-9cb5-2f56ee6d2c4b 578e9ddfaa204312b11d108d61867130 257a98d2a2c84d21b9eb60c219aa040b - - default default] Successfully bumped revision number for resource 899be4cc-66c4-4942-abdc-994d1167cedf (type: floatingips) to 3
2026-05-13 10:04:46.235 8 INFO neutron.db.l3_db [None req-ff3b59fc-e8ec-483c-9cb5-2f56ee6d2c4b 578e9ddfaa204312b11d108d61867130 257a98d2a2c84d21b9eb60c219aa040b - - default default] Floating IP 899be4cc-66c4-4942-abdc-994d1167cedf disassociated. External IP: 10.96.250.207, port: aab6cb1e-459d-458b-9d7a-875d056c9743. [pid: 8|app: 0|req: 567/1245] 10.0.0.105 () {34 vars in 748 bytes} [Wed May 13 10:04:45 2026] PUT /v2.0/floatingips/899be4cc-66c4-4942-abdc-994d1167cedf => generated 554 bytes in 350 msecs (HTTP/1.1 200) 4 headers in 157 bytes (1 switches on core 0) /var/lib/openstack/lib/python3.12/site-packages/pycadf/identifier.py:70: UserWarning: Invalid uuid: neutron. To ensure interoperability, identifiers should be a valid uuid. warnings.warn(('Invalid uuid: %s. To ensure interoperability, '
2026-05-13 10:04:46.446 7 WARNING neutron.scheduler.dhcp_agent_scheduler [None req-e1a38e16-90b4-477b-9799-97548d52e016 3d66ff5cdd264cdca983b4612b0cb442 0f46f642a97b428da761df944456ab7a - - default default] No more DHCP agents
2026-05-13 10:04:46.448 7 WARNING neutron.api.rpc.agentnotifiers.dhcp_rpc_agent_api [None req-e1a38e16-90b4-477b-9799-97548d52e016 3d66ff5cdd264cdca983b4612b0cb442 0f46f642a97b428da761df944456ab7a - - default default] Unable to schedule network 679965e4-687f-4270-bd27-e1aec0747e53: no agents available; will retry on subsequent port and subnet creation events.
2026-05-13 10:04:46.492 8 WARNING neutron.scheduler.dhcp_agent_scheduler [None req-866aa3d7-bd99-4055-9c7e-6e6a10b409db bdfbf1d79f734aa18c775764336b53f2 0841d6b9e98f4752865a40a6b7ddd5da - - default default] No more DHCP agents
2026-05-13 10:04:46.494 8 WARNING neutron.api.rpc.agentnotifiers.dhcp_rpc_agent_api [None req-866aa3d7-bd99-4055-9c7e-6e6a10b409db bdfbf1d79f734aa18c775764336b53f2 0841d6b9e98f4752865a40a6b7ddd5da - - default default] Unable to schedule network e0f74d77-83a5-466b-b9c8-67b78700cd7f: no agents available; will retry on subsequent port and subnet creation events.
2026-05-13 10:04:46.601 8 INFO neutron.plugins.ml2.drivers.ovn.mech_driver.mech_driver [None req-aecb0efc-0739-42e0-9d77-98bd3e0da5cb - - - - - -] OVN reports status down for port: 120f3ff8-5556-4d5d-8960-78236a29f0b3
2026-05-13 10:04:46.625 7 INFO neutron.db.ovn_revision_numbers_db [None req-e1a38e16-90b4-477b-9799-97548d52e016 3d66ff5cdd264cdca983b4612b0cb442 0f46f642a97b428da761df944456ab7a - - default default] Successfully bumped revision number for resource 120f3ff8-5556-4d5d-8960-78236a29f0b3 (type: ports) to 1
2026-05-13 10:04:46.847 8 INFO neutron.notifiers.nova [-] Nova event matching ['req-ac009bfd-a70c-47b3-ab3f-f77679f58f9b'] response: {'server_uuid': '10e780c5-6303-4043-a9bb-4dde777ee2e8', 'name': 'network-vif-unplugged', 'status': 'completed', 'tag': 'e2eb6f98-ebca-4683-a86e-f587af939000', 'code': 200}
2026-05-13 10:04:47.090 8 INFO neutron.db.ovn_revision_numbers_db [None req-866aa3d7-bd99-4055-9c7e-6e6a10b409db bdfbf1d79f734aa18c775764336b53f2 0841d6b9e98f4752865a40a6b7ddd5da - - default default] Successfully bumped revision number for resource ef76dc38-40ea-4fd2-a7e5-f721b1022908 (type: ports) to 2
2026-05-13 10:04:47.150 8 INFO neutron.db.ovn_revision_numbers_db [None req-866aa3d7-bd99-4055-9c7e-6e6a10b409db bdfbf1d79f734aa18c775764336b53f2 0841d6b9e98f4752865a40a6b7ddd5da - - default default] Successfully bumped revision number for resource 459fff3a-a464-41df-ae0e-af591296ef03 (type: subnets) to 0 [pid: 8|app: 0|req: 568/1246] 10.0.0.105 () {34 vars in 668 bytes} [Wed May 13 10:04:46 2026] POST /v2.0/subnets => generated 641 bytes in 906 msecs (HTTP/1.1 201) 4 headers in 162 bytes (1 switches on core 0)
2026-05-13 10:04:47.313 8 INFO neutron_taas.services.taas.taas_plugin [None req-57cf75ee-0acb-4a83-a6b1-de8c525c02b8 578e9ddfaa204312b11d108d61867130 257a98d2a2c84d21b9eb60c219aa040b - - default default] TaaS: Handle Delete Port: ffdf1e0e-cc63-44ac-bb36-90d8f0667d1f
2026-05-13 10:04:47.330 8 INFO neutron_taas.services.taas.tap_mirror_plugin [None req-57cf75ee-0acb-4a83-a6b1-de8c525c02b8 578e9ddfaa204312b11d108d61867130 257a98d2a2c84d21b9eb60c219aa040b - - default default] Tap Mirror: Handle Delete Port: ffdf1e0e-cc63-44ac-bb36-90d8f0667d1f
2026-05-13 10:04:47.400 8 INFO neutron.plugins.ml2.drivers.ovn.mech_driver.ovsdb.ovsdb_monitor [None req-7ecfc8f1-a3f8-4746-a3a6-5fdd87ee9834 - - - - - -] Router 1935656c-bad2-4518-aa98-b671e8845911 is bound to host instance
2026-05-13 10:04:47.411 7 INFO neutron.db.ovn_revision_numbers_db [None req-e1a38e16-90b4-477b-9799-97548d52e016 3d66ff5cdd264cdca983b4612b0cb442 0f46f642a97b428da761df944456ab7a - - default default] Successfully bumped revision number for resource 120f3ff8-5556-4d5d-8960-78236a29f0b3 (type: router_ports) to 1
2026-05-13 10:04:47.484 8 INFO neutron.plugins.ml2.drivers.ovn.mech_driver.mech_driver [None req-aecb0efc-0739-42e0-9d77-98bd3e0da5cb - - - - - -] OVN reports status up for port: 120f3ff8-5556-4d5d-8960-78236a29f0b3
2026-05-13 10:04:47.494 7 INFO neutron.db.ovn_revision_numbers_db [None req-e1a38e16-90b4-477b-9799-97548d52e016 3d66ff5cdd264cdca983b4612b0cb442 0f46f642a97b428da761df944456ab7a - - default default] Successfully bumped revision number for resource 1935656c-bad2-4518-aa98-b671e8845911 (type: routers) to 2 [pid: 7|app: 0|req: 679/1247] 10.0.0.105 () {34 vars in 668 bytes} [Wed May 13 10:04:45 2026] POST /v2.0/routers => generated 992 bytes in 1558 msecs (HTTP/1.1 201) 4 headers in 162 bytes (1 switches on core 0)
2026-05-13 10:04:47.517 8 INFO neutron.plugins.ml2.plugin [None req-aecb0efc-0739-42e0-9d77-98bd3e0da5cb - - - - - -] Attempt 1 to provision port 120f3ff8-5556-4d5d-8960-78236a29f0b3 [pid: 7|app: 0|req: 680/1248] 10.0.0.75 () {34 vars in 988 bytes} [Wed May 13 10:04:47 2026] GET /v2.0/ports?device_id=10e780c5-6303-4043-a9bb-4dde777ee2e8 => generated 12 bytes in 25 msecs (HTTP/1.1 200) 4 headers in 156 bytes (1 switches on core 0)
2026-05-13 10:04:47.633 7 INFO neutron.db.segments_db [None req-51422b51-3177-4d54-8101-8d8f815b11b6 bdfbf1d79f734aa18c775764336b53f2 0841d6b9e98f4752865a40a6b7ddd5da - - default default] Added segment 50f0c75d-37b7-449c-aa1c-b625165ad75d of type geneve for network 120559e2-19b9-452c-9b0b-255ea76ce5d5
2026-05-13 10:04:47.774 7 INFO neutron.db.ovn_revision_numbers_db [None req-51422b51-3177-4d54-8101-8d8f815b11b6 bdfbf1d79f734aa18c775764336b53f2 0841d6b9e98f4752865a40a6b7ddd5da - - default default] Successfully bumped revision number for resource 120559e2-19b9-452c-9b0b-255ea76ce5d5 (type: networks) to 1 [pid: 8|app: 0|req: 569/1249] 10.0.0.105 () {32 vars in 731 bytes} [Wed May 13 10:04:47 2026] DELETE /v2.0/floatingips/899be4cc-66c4-4942-abdc-994d1167cedf => generated 0 bytes in 693 msecs (HTTP/1.1 204) 2 headers in 112 bytes (1 switches on core 0)
2026-05-13 10:04:48.005 7 WARNING neutron.scheduler.dhcp_agent_scheduler [None req-51422b51-3177-4d54-8101-8d8f815b11b6 bdfbf1d79f734aa18c775764336b53f2 0841d6b9e98f4752865a40a6b7ddd5da - - default default] No more DHCP agents
2026-05-13 10:04:48.008 7 WARNING neutron.api.rpc.agentnotifiers.dhcp_rpc_agent_api [None req-51422b51-3177-4d54-8101-8d8f815b11b6 bdfbf1d79f734aa18c775764336b53f2 0841d6b9e98f4752865a40a6b7ddd5da - - default default] Unable to schedule network 120559e2-19b9-452c-9b0b-255ea76ce5d5: no agents available; will retry on subsequent port and subnet creation events.
2026-05-13 10:04:48.065 7 INFO neutron.plugins.ml2.drivers.ovn.mech_driver.mech_driver [None req-336bc0ba-d0e6-437f-9de4-102b7c288e42 - - - - - -] OVN reports status down for port: 606c2ecc-9861-4537-bd55-3a4dbb055224
2026-05-13 10:04:48.130 7 INFO neutron.db.ovn_revision_numbers_db [None req-51422b51-3177-4d54-8101-8d8f815b11b6 bdfbf1d79f734aa18c775764336b53f2 0841d6b9e98f4752865a40a6b7ddd5da - - default default] Successfully bumped revision number for resource 606c2ecc-9861-4537-bd55-3a4dbb055224 (type: ports) to 1 [pid: 7|app: 0|req: 681/1250] 10.0.0.105 () {34 vars in 669 bytes} [Wed May 13 10:04:47 2026] POST /v2.0/networks => generated 682 bytes in 634 msecs (HTTP/1.1 201) 4 headers in 162 bytes (1 switches on core 0)
2026-05-13 10:04:48.204 7 INFO neutron.api.v2.resource [None req-9a33016b-81ee-49c6-b15c-c64008d84ccb 578e9ddfaa204312b11d108d61867130 257a98d2a2c84d21b9eb60c219aa040b - - default default] delete failed (client error): The resource could not be found. [pid: 7|app: 0|req: 682/1251] 10.0.0.105 () {32 vars in 731 bytes} [Wed May 13 10:04:48 2026] DELETE /v2.0/floatingips/899be4cc-66c4-4942-abdc-994d1167cedf => generated 144 bytes in 29 msecs (HTTP/1.1 404) 4 headers in 164 bytes (1 switches on core 0)
2026-05-13 10:04:48.349 7 INFO neutron.db.ovn_revision_numbers_db [None req-4ae04d5b-6a24-424f-851a-8a4805b171a8 bdfbf1d79f734aa18c775764336b53f2 0841d6b9e98f4752865a40a6b7ddd5da - - default default] Successfully bumped revision number for resource 120559e2-19b9-452c-9b0b-255ea76ce5d5 (type: networks) to 2 [pid: 7|app: 0|req: 683/1252] 10.0.0.105 () {34 vars in 742 bytes} [Wed May 13 10:04:48 2026] PUT /v2.0/networks/120559e2-19b9-452c-9b0b-255ea76ce5d5 => generated 636 bytes in 149 msecs (HTTP/1.1 200) 4 headers in 157 bytes (1 switches on core 0)
2026-05-13 10:04:48.513 7 INFO neutron_taas.services.taas.taas_plugin [None req-78b93904-4fe8-4351-88f0-ebfaf506e419 578e9ddfaa204312b11d108d61867130 257a98d2a2c84d21b9eb60c219aa040b - - default default] TaaS: Handle Delete Port: aab6cb1e-459d-458b-9d7a-875d056c9743
2026-05-13 10:04:48.516 7 INFO neutron_taas.services.taas.tap_mirror_plugin [None req-78b93904-4fe8-4351-88f0-ebfaf506e419 578e9ddfaa204312b11d108d61867130 257a98d2a2c84d21b9eb60c219aa040b - - default default] Tap Mirror: Handle Delete Port: aab6cb1e-459d-458b-9d7a-875d056c9743 [pid: 7|app: 0|req: 684/1253] 10.0.0.105 () {32 vars in 719 bytes} [Wed May 13 10:04:48 2026] DELETE /v2.0/ports/aab6cb1e-459d-458b-9d7a-875d056c9743 => generated 0 bytes in 334 msecs (HTTP/1.1 204) 3 headers in 131 bytes (1 switches on core 0)
2026-05-13 10:04:48.893 7 WARNING neutron.scheduler.dhcp_agent_scheduler [None req-00ebf10d-20e0-46bc-8945-d71ba7f7f89c bdfbf1d79f734aa18c775764336b53f2 0841d6b9e98f4752865a40a6b7ddd5da - - default default] No more DHCP agents
2026-05-13 10:04:48.894 7 WARNING neutron.api.rpc.agentnotifiers.dhcp_rpc_agent_api [None req-00ebf10d-20e0-46bc-8945-d71ba7f7f89c bdfbf1d79f734aa18c775764336b53f2 0841d6b9e98f4752865a40a6b7ddd5da - - default default] Unable to schedule network 120559e2-19b9-452c-9b0b-255ea76ce5d5: no agents available; will retry on subsequent port and subnet creation events.
2026-05-13 10:04:48.898 8 WARNING neutron.scheduler.dhcp_agent_scheduler [None req-b9e32591-04ee-44cd-9106-3fff46fb2929 3d66ff5cdd264cdca983b4612b0cb442 0f46f642a97b428da761df944456ab7a - - default default] No more DHCP agents
2026-05-13 10:04:48.902 8 WARNING neutron.api.rpc.agentnotifiers.dhcp_rpc_agent_api [None req-b9e32591-04ee-44cd-9106-3fff46fb2929 3d66ff5cdd264cdca983b4612b0cb442 0f46f642a97b428da761df944456ab7a - - default default] Unable to schedule network 39ddc73d-035f-42e8-9a15-a51486d983f4: no agents available; will retry on subsequent port and subnet creation events.
2026-05-13 10:04:49.208 8 INFO neutron.db.ovn_revision_numbers_db [None req-b9e32591-04ee-44cd-9106-3fff46fb2929 3d66ff5cdd264cdca983b4612b0cb442 0f46f642a97b428da761df944456ab7a - - default default] Successfully bumped revision number for resource 2276046f-8553-4fb4-b71d-d1befbc03596 (type: ports) to 1
2026-05-13 10:04:49.402 8 INFO neutron.db.ovn_revision_numbers_db [None req-f68158d4-8412-4a96-aa6e-d8e057f96631 - - - - - -] Successfully bumped revision number for resource 120f3ff8-5556-4d5d-8960-78236a29f0b3 (type: ports) to 4
2026-05-13 10:04:49.410 7 INFO neutron.db.ovn_revision_numbers_db [None req-00ebf10d-20e0-46bc-8945-d71ba7f7f89c bdfbf1d79f734aa18c775764336b53f2 0841d6b9e98f4752865a40a6b7ddd5da - - default default] Successfully bumped revision number for resource 606c2ecc-9861-4537-bd55-3a4dbb055224 (type: ports) to 2
2026-05-13 10:04:49.462 7 INFO neutron.db.ovn_revision_numbers_db [None req-00ebf10d-20e0-46bc-8945-d71ba7f7f89c bdfbf1d79f734aa18c775764336b53f2 0841d6b9e98f4752865a40a6b7ddd5da - - default default] Successfully bumped revision number for resource 909490b8-a361-4796-ad03-f7ef5d6c1411 (type: subnets) to 0 [pid: 7|app: 0|req: 685/1254] 10.0.0.105 () {34 vars in 668 bytes} [Wed May 13 10:04:48 2026] POST /v2.0/subnets => generated 626 bytes in 808 msecs (HTTP/1.1 201) 4 headers in 162 bytes (1 switches on core 0) [pid: 7|app: 0|req: 686/1255] 10.0.0.75 () {34 vars in 988 bytes} [Wed May 13 10:04:49 2026] GET /v2.0/ports?device_id=10e780c5-6303-4043-a9bb-4dde777ee2e8 => generated 12 bytes in 17 msecs (HTTP/1.1 200) 4 headers in 156 bytes (1 switches on core 0)
2026-05-13 10:04:49.653 7 INFO neutron_taas.services.taas.taas_plugin [None req-194c390f-af3a-4983-b281-03cb952ec7da 578e9ddfaa204312b11d108d61867130 257a98d2a2c84d21b9eb60c219aa040b - - default default] TaaS: Handle Delete Port: 20f4d1c1-f496-4569-ae71-05fea0307f50
2026-05-13 10:04:49.657 7 INFO neutron_taas.services.taas.tap_mirror_plugin [None req-194c390f-af3a-4983-b281-03cb952ec7da 578e9ddfaa204312b11d108d61867130 257a98d2a2c84d21b9eb60c219aa040b - - default default] Tap Mirror: Handle Delete Port: 20f4d1c1-f496-4569-ae71-05fea0307f50 [pid: 7|app: 0|req: 687/1256] 10.0.0.105 () {32 vars in 719 bytes} [Wed May 13 10:04:49 2026] DELETE /v2.0/ports/20f4d1c1-f496-4569-ae71-05fea0307f50 => generated 0 bytes in 326 msecs (HTTP/1.1 204) 3 headers in 131 bytes (1 switches on core 0)
2026-05-13 10:04:50.136 7 INFO neutron.db.ovn_revision_numbers_db [None req-be7d06e2-6ba6-4ed7-a470-7ed706cf5677 bdfbf1d79f734aa18c775764336b53f2 0841d6b9e98f4752865a40a6b7ddd5da - - default default] Successfully bumped revision number for resource 909490b8-a361-4796-ad03-f7ef5d6c1411 (type: subnets) to 1 [pid: 7|app: 0|req: 688/1257] 10.0.0.105 () {34 vars in 740 bytes} [Wed May 13 10:04:49 2026] PUT /v2.0/subnets/909490b8-a361-4796-ad03-f7ef5d6c1411 => generated 636 bytes in 299 msecs (HTTP/1.1 200) 4 headers in 157 bytes (1 switches on core 0) [pid: 7|app: 0|req: 691/1260] 10.0.0.105 () {32 vars in 735 bytes} [Wed May 13 10:04:50 2026] GET /v2.0/ports?device_id=41d5b812-c25e-476f-893b-264ec760d8a7 => generated 946 bytes in 35 msecs (HTTP/1.1 200) 4 headers in 157 bytes (1 switches on core 0)
2026-05-13 10:04:50.233 8 INFO neutron.db.ovn_revision_numbers_db [None req-f68158d4-8412-4a96-aa6e-d8e057f96631 - - - - - -] Successfully bumped revision number for resource 120f3ff8-5556-4d5d-8960-78236a29f0b3 (type: ports) to 5
2026-05-13 10:04:50.318 7 INFO neutron_taas.services.taas.taas_plugin [None req-ff1a0dbc-0642-4190-a2f1-9b107330e02a bdfbf1d79f734aa18c775764336b53f2 0841d6b9e98f4752865a40a6b7ddd5da - - default default] TaaS: Handle Delete Port: 606c2ecc-9861-4537-bd55-3a4dbb055224
2026-05-13 10:04:50.328 7 INFO neutron_taas.services.taas.tap_mirror_plugin [None req-ff1a0dbc-0642-4190-a2f1-9b107330e02a bdfbf1d79f734aa18c775764336b53f2 0841d6b9e98f4752865a40a6b7ddd5da - - default default] Tap Mirror: Handle Delete Port: 606c2ecc-9861-4537-bd55-3a4dbb055224
2026-05-13 10:04:50.489 8 WARNING neutron.scheduler.dhcp_agent_scheduler [None req-b9e32591-04ee-44cd-9106-3fff46fb2929 3d66ff5cdd264cdca983b4612b0cb442 0f46f642a97b428da761df944456ab7a - - default default] No more DHCP agents
2026-05-13 10:04:50.490 8 WARNING neutron.api.rpc.agentnotifiers.dhcp_rpc_agent_api [None req-b9e32591-04ee-44cd-9106-3fff46fb2929 3d66ff5cdd264cdca983b4612b0cb442 0f46f642a97b428da761df944456ab7a - - default default] Unable to schedule network 39ddc73d-035f-42e8-9a15-a51486d983f4: no agents available; will retry on subsequent port and subnet creation events.
2026-05-13 10:04:50.604 8 INFO neutron.plugins.ml2.drivers.ovn.mech_driver.mech_driver [None req-aecb0efc-0739-42e0-9d77-98bd3e0da5cb - - - - - -] OVN reports status down for port: 2276046f-8553-4fb4-b71d-d1befbc03596
2026-05-13 10:04:51.068 8 WARNING neutron.plugins.ml2.drivers.ovn.mech_driver.ovsdb.ovn_client [None req-aecb0efc-0739-42e0-9d77-98bd3e0da5cb - - - - - -] Logical_Switch_Port 2276046f-8553-4fb4-b71d-d1befbc03596 host information not removed, the port state is up
2026-05-13 10:04:51.068 8 INFO neutron.plugins.ml2.drivers.ovn.mech_driver.mech_driver [None req-aecb0efc-0739-42e0-9d77-98bd3e0da5cb - - - - - -] OVN reports status up for port: 2276046f-8553-4fb4-b71d-d1befbc03596
2026-05-13 10:04:51.298 8 INFO neutron.plugins.ml2.plugin [None req-aecb0efc-0739-42e0-9d77-98bd3e0da5cb - - - - - -] Attempt 1 to provision port 2276046f-8553-4fb4-b71d-d1befbc03596
2026-05-13 10:04:51.401 7 INFO neutron.common.ovn.utils [None req-336bc0ba-d0e6-437f-9de4-102b7c288e42 - - - - - -] HA Chassis Group neutron-39ddc73d-035f-42e8-9a15-a51486d983f4 synchronized; highest priority chassis f6d409d1-b02b-43ed-a40f-2de1595bcc1c
2026-05-13 10:04:51.855 8 INFO neutron.db.ovn_revision_numbers_db [None req-b9e32591-04ee-44cd-9106-3fff46fb2929 3d66ff5cdd264cdca983b4612b0cb442 0f46f642a97b428da761df944456ab7a - - default default] Successfully bumped revision number for resource 2276046f-8553-4fb4-b71d-d1befbc03596 (type: router_ports) to 1 [pid: 8|app: 0|req: 570/1261] 10.0.0.105 () {34 vars in 782 bytes} [Wed May 13 10:04:47 2026] PUT /v2.0/routers/1935656c-bad2-4518-aa98-b671e8845911/add_router_interface => generated 310 bytes in 4000 msecs (HTTP/1.1 200) 4 headers in 157 bytes (1 switches on core 0)
2026-05-13 10:04:52.192 7 INFO neutron.services.segments.plugin [-] Segment 50f0c75d-37b7-449c-aa1c-b625165ad75d resource provider aggregate not found
2026-05-13 10:04:52.206 7 INFO neutron.services.segments.plugin [-] Segment 50f0c75d-37b7-449c-aa1c-b625165ad75d resource provider aggregate not found
2026-05-13 10:04:52.217 7 INFO neutron.services.segments.plugin [-] Segment 50f0c75d-37b7-449c-aa1c-b625165ad75d resource provider not found; error: Placement Client Error (4xx): {"errors": [{"status": 404, "title": "Not Found", "detail": "The resource could not be found.\n\n No resource provider with uuid 50f0c75d-37b7-449c-aa1c-b625165ad75d found for delete ", "request_id": "req-b161d6f9-a964-4fe1-b8fa-0c439649b36f"}]}
2026-05-13 10:04:52.225 7 INFO neutron.services.segments.plugin [-] Segment 50f0c75d-37b7-449c-aa1c-b625165ad75d resource provider not found; error: Placement Client Error (4xx): {"errors": [{"status": 404, "title": "Not Found", "detail": "The resource could not be found.\n\n No resource provider with uuid 50f0c75d-37b7-449c-aa1c-b625165ad75d found for delete ", "request_id": "req-d83e2f16-3521-4ba9-96c9-e7c2e077d1b9"}]} [pid: 7|app: 0|req: 692/1262] 10.0.0.105 () {32 vars in 725 bytes} [Wed May 13 10:04:50 2026] DELETE /v2.0/networks/120559e2-19b9-452c-9b0b-255ea76ce5d5 => generated 0 bytes in 2632 msecs (HTTP/1.1 204) 3 headers in 131 bytes (1 switches on core 0)
2026-05-13 10:04:53.001 8 INFO neutron_taas.services.taas.taas_plugin [None req-83e7d8a2-9a5b-49b7-998b-88790aac2654 578e9ddfaa204312b11d108d61867130 257a98d2a2c84d21b9eb60c219aa040b - - default default] TaaS: Handle Delete Port: 4533e057-af88-4f77-bdf1-f5a9eae0534d
2026-05-13 10:04:53.008 8 INFO neutron_taas.services.taas.tap_mirror_plugin [None req-83e7d8a2-9a5b-49b7-998b-88790aac2654 578e9ddfaa204312b11d108d61867130 257a98d2a2c84d21b9eb60c219aa040b - - default default] Tap Mirror: Handle Delete Port: 4533e057-af88-4f77-bdf1-f5a9eae0534d
2026-05-13 10:04:53.367 8 INFO neutron.db.ovn_revision_numbers_db [None req-aecb0efc-0739-42e0-9d77-98bd3e0da5cb - - - - - -] Successfully bumped revision number for resource 2276046f-8553-4fb4-b71d-d1befbc03596 (type: ports) to 2 [pid: 7|app: 0|req: 693/1263] 10.0.0.105 () {32 vars in 739 bytes} [Wed May 13 10:04:52 2026] DELETE /v2.0/security-groups/6f2173c6-49b1-4482-9253-6cd56309f177 => generated 0 bytes in 1420 msecs (HTTP/1.1 204) 2 headers in 112 bytes (1 switches on core 0)
2026-05-13 10:04:54.245 7 INFO neutron.pecan_wsgi.hooks.translation [None req-6c92a28d-cb77-417e-a10c-2b2504d7bc5d bdfbf1d79f734aa18c775764336b53f2 0841d6b9e98f4752865a40a6b7ddd5da - - default default] DELETE failed (client error): The resource could not be found. [pid: 7|app: 0|req: 694/1264] 10.0.0.105 () {32 vars in 725 bytes} [Wed May 13 10:04:54 2026] DELETE /v2.0/networks/120559e2-19b9-452c-9b0b-255ea76ce5d5 => generated 138 bytes in 12 msecs (HTTP/1.1 404) 4 headers in 164 bytes (1 switches on core 0) [pid: 7|app: 0|req: 695/1265] 10.0.0.75 () {34 vars in 980 bytes} [Wed May 13 10:04:54 2026] GET /v2.0/networks?id=39ddc73d-035f-42e8-9a15-a51486d983f4 => generated 716 bytes in 40 msecs (HTTP/1.1 200) 4 headers in 157 bytes (1 switches on core 0)
