2026-05-13 10:09:41.680 7 WARNING tagging [None req-bcf8d012-5f21-4b60-bbdf-c3eaecf4cd43 b05a8374e7fb455dbbc79ca215110c9f bf08c2ccb7644655a85e7e7a90751cb0 - - default default] project_id key not found in request, using tenant_id instead. This support has been deprecated and will be removed in a future release. [pid: 7|app: 0|req: 1449/2635] 10.0.0.105 () {32 vars in 738 bytes} [Wed May 13 10:09:41 2026] GET /v2.0/floatingips/e89c40a7-e332-41bd-a558-2ae67fc3d381/tags => generated 34 bytes in 72 msecs (HTTP/1.1 200) 4 headers in 156 bytes (1 switches on core 0)
2026-05-13 10:09:41.720 8 INFO neutron.db.ovn_revision_numbers_db [None req-32090171-6d87-4ed7-9de7-bb924a266881 3d66ff5cdd264cdca983b4612b0cb442 0f46f642a97b428da761df944456ab7a - - default default] Successfully bumped revision number for resource 11716e5d-08c5-4ad0-aa90-dc279cc04638 (type: router_ports) to 1 [pid: 8|app: 0|req: 1187/2636] 10.0.0.105 () {34 vars in 782 bytes} [Wed May 13 10:09:38 2026] PUT /v2.0/routers/ee9621cc-e4d0-4e03-b4cc-15469ab57fc7/add_router_interface => generated 310 bytes in 2737 msecs (HTTP/1.1 200) 4 headers in 157 bytes (1 switches on core 0)
2026-05-13 10:09:41.751 8 WARNING tagging [None req-a89a2e20-f5f3-4b8f-803a-9a3680f09e8b b05a8374e7fb455dbbc79ca215110c9f bf08c2ccb7644655a85e7e7a90751cb0 - - default default] project_id key not found in request, using tenant_id instead. This support has been deprecated and will be removed in a future release. [pid: 8|app: 0|req: 1188/2637] 10.0.0.105 () {34 vars in 765 bytes} [Wed May 13 10:09:41 2026] PUT /v2.0/floatingips/e89c40a7-e332-41bd-a558-2ae67fc3d381/tags/red => generated 4 bytes in 64 msecs (HTTP/1.1 201) 4 headers in 160 bytes (1 switches on core 0)
2026-05-13 10:09:41.824 8 WARNING tagging [None req-43f8d44c-77ba-41ae-b697-b0d9f9f71d93 b05a8374e7fb455dbbc79ca215110c9f bf08c2ccb7644655a85e7e7a90751cb0 - - default default] project_id key not found in request, using tenant_id instead. This support has been deprecated and will be removed in a future release. [pid: 8|app: 0|req: 1189/2638] 10.0.0.105 () {32 vars in 738 bytes} [Wed May 13 10:09:41 2026] GET /v2.0/floatingips/e89c40a7-e332-41bd-a558-2ae67fc3d381/tags => generated 34 bytes in 51 msecs (HTTP/1.1 200) 4 headers in 156 bytes (1 switches on core 0)
2026-05-13 10:09:41.899 8 WARNING tagging [None req-d36f97d4-fd2e-4f99-85b4-8ae4842637e7 b05a8374e7fb455dbbc79ca215110c9f bf08c2ccb7644655a85e7e7a90751cb0 - - default default] project_id key not found in request, using tenant_id instead. This support has been deprecated and will be removed in a future release.
2026-05-13 10:09:42.023 8 WARNING neutron.plugins.ml2.drivers.ovn.mech_driver.ovsdb.ovn_client [None req-4fe7a566-96d4-488e-a6c5-706da7ef5355 - - - - - -] No hosting information found for port 0acd45f8-e1f6-40c6-8bfd-f6f0bc024b48: RuntimeError: No hosting information found for port 0acd45f8-e1f6-40c6-8bfd-f6f0bc024b48
2026-05-13 10:09:42.059 8 INFO neutron.common.ovn.utils [None req-4fe7a566-96d4-488e-a6c5-706da7ef5355 - - - - - -] HA Chassis Group neutron-0661d82e-9013-46d4-8745-ea86a59c58e5 synchronized; highest priority chassis f6d409d1-b02b-43ed-a40f-2de1595bcc1c [pid: 8|app: 0|req: 1190/2639] 10.0.0.105 () {34 vars in 787 bytes} [Wed May 13 10:09:41 2026] PUT /v2.0/floatingips/e89c40a7-e332-41bd-a558-2ae67fc3d381/tags/black.or.white => generated 4 bytes in 200 msecs (HTTP/1.1 201) 4 headers in 160 bytes (1 switches on core 0)
2026-05-13 10:09:42.136 8 WARNING tagging [None req-0ca3822b-8950-434d-a2a5-a3f533f5a0e2 b05a8374e7fb455dbbc79ca215110c9f bf08c2ccb7644655a85e7e7a90751cb0 - - default default] project_id key not found in request, using tenant_id instead. This support has been deprecated and will be removed in a future release. [pid: 8|app: 0|req: 1191/2640] 10.0.0.105 () {32 vars in 738 bytes} [Wed May 13 10:09:42 2026] GET /v2.0/floatingips/e89c40a7-e332-41bd-a558-2ae67fc3d381/tags => generated 52 bytes in 89 msecs (HTTP/1.1 200) 4 headers in 156 bytes (1 switches on core 0)
2026-05-13 10:09:42.213 8 WARNING tagging [None req-8eedac9f-e131-4feb-98db-cff40e9df358 b05a8374e7fb455dbbc79ca215110c9f bf08c2ccb7644655a85e7e7a90751cb0 - - default default] project_id key not found in request, using tenant_id instead. This support has been deprecated and will be removed in a future release.
2026-05-13 10:09:42.304 7 INFO neutron.db.ovn_revision_numbers_db [None req-550cd786-eecf-49d0-8847-2ccfc0e40142 9070fd1d634241ab91b673de14d06a8e f57a5b0669f04bbdbea8ce6ff56fd454 - - default default] Successfully bumped revision number for resource ba210adb-6ea6-4fb8-bb3b-272da6c365e4 (type: security_group_rules) to 0
2026-05-13 10:09:42.635 8 INFO neutron.db.ovn_revision_numbers_db [None req-4fe7a566-96d4-488e-a6c5-706da7ef5355 - - - - - -] Successfully bumped revision number for resource 0acd45f8-e1f6-40c6-8bfd-f6f0bc024b48 (type: router_ports) to 2 [pid: 8|app: 0|req: 1192/2641] 10.0.0.105 () {34 vars in 758 bytes} [Wed May 13 10:09:42 2026] PUT /v2.0/floatingips/e89c40a7-e332-41bd-a558-2ae67fc3d381/tags => generated 37 bytes in 466 msecs (HTTP/1.1 200) 4 headers in 156 bytes (1 switches on core 0)
2026-05-13 10:09:42.686 8 WARNING tagging [None req-fd7e45f0-742d-42d7-86f8-ef7fa53469e1 b05a8374e7fb455dbbc79ca215110c9f bf08c2ccb7644655a85e7e7a90751cb0 - - default default] project_id key not found in request, using tenant_id instead. This support has been deprecated and will be removed in a future release.
2026-05-13 10:09:42.709 8 INFO neutron.plugins.ml2.drivers.ovn.mech_driver.mech_driver [None req-4fe7a566-96d4-488e-a6c5-706da7ef5355 - - - - - -] OVN reports status down for port: 6cc109a5-6d3a-4b67-9bd7-25a97ed9fcab [pid: 8|app: 0|req: 1193/2642] 10.0.0.105 () {32 vars in 738 bytes} [Wed May 13 10:09:42 2026] GET /v2.0/floatingips/e89c40a7-e332-41bd-a558-2ae67fc3d381/tags => generated 37 bytes in 82 msecs (HTTP/1.1 200) 4 headers in 156 bytes (1 switches on core 0)
2026-05-13 10:09:42.780 8 WARNING tagging [None req-8f8ec942-d6e2-4ecd-b7e7-7b45ed014ab2 b05a8374e7fb455dbbc79ca215110c9f bf08c2ccb7644655a85e7e7a90751cb0 - - default default] project_id key not found in request, using tenant_id instead. This support has been deprecated and will be removed in a future release. [pid: 7|app: 0|req: 1450/2643] 10.0.0.105 () {34 vars in 694 bytes} [Wed May 13 10:09:41 2026] POST /v2.0/security-group-rules => generated 597 bytes in 1065 msecs (HTTP/1.1 201) 4 headers in 162 bytes (1 switches on core 0) [pid: 8|app: 0|req: 1194/2644] 10.0.0.105 () {32 vars in 746 bytes} [Wed May 13 10:09:42 2026] GET /v2.0/floatingips/e89c40a7-e332-41bd-a558-2ae67fc3d381/tags/red => generated 0 bytes in 72 msecs (HTTP/1.1 204) 2 headers in 112 bytes (1 switches on core 0)
2026-05-13 10:09:42.851 8 WARNING tagging [None req-1a4bddd7-2460-4521-9c06-54ddd2566d5c b05a8374e7fb455dbbc79ca215110c9f bf08c2ccb7644655a85e7e7a90751cb0 - - default default] project_id key not found in request, using tenant_id instead. This support has been deprecated and will be removed in a future release.
2026-05-13 10:09:42.874 8 INFO neutron.api.v2.resource [None req-1a4bddd7-2460-4521-9c06-54ddd2566d5c b05a8374e7fb455dbbc79ca215110c9f bf08c2ccb7644655a85e7e7a90751cb0 - - default default] show failed (client error): The resource could not be found. [pid: 8|app: 0|req: 1195/2645] 10.0.0.105 () {32 vars in 750 bytes} [Wed May 13 10:09:42 2026] GET /v2.0/floatingips/e89c40a7-e332-41bd-a558-2ae67fc3d381/tags/green => generated 99 bytes in 58 msecs (HTTP/1.1 404) 4 headers in 163 bytes (1 switches on core 0)
2026-05-13 10:09:42.905 8 WARNING tagging [None req-0cafdf51-c120-4d00-a106-9caad21c19b0 b05a8374e7fb455dbbc79ca215110c9f bf08c2ccb7644655a85e7e7a90751cb0 - - default default] project_id key not found in request, using tenant_id instead. This support has been deprecated and will be removed in a future release.
2026-05-13 10:09:43.067 8 WARNING neutron.plugins.ml2.drivers.ovn.mech_driver.ovsdb.ovn_client [None req-4fe7a566-96d4-488e-a6c5-706da7ef5355 - - - - - -] Logical_Switch_Port 6cc109a5-6d3a-4b67-9bd7-25a97ed9fcab host information not removed, the port state is up
2026-05-13 10:09:43.068 8 INFO neutron.plugins.ml2.drivers.ovn.mech_driver.mech_driver [None req-4fe7a566-96d4-488e-a6c5-706da7ef5355 - - - - - -] OVN reports status down for port: ba1a6b01-3b5c-41e0-b88b-2e954c2e7028 [pid: 8|app: 0|req: 1196/2646] 10.0.0.105 () {32 vars in 749 bytes} [Wed May 13 10:09:42 2026] DELETE /v2.0/floatingips/e89c40a7-e332-41bd-a558-2ae67fc3d381/tags/red => generated 0 bytes in 414 msecs (HTTP/1.1 204) 2 headers in 112 bytes (1 switches on core 0)
2026-05-13 10:09:43.331 8 WARNING tagging [None req-b4deae26-b8a4-4ed4-af5c-c3931b3801a7 b05a8374e7fb455dbbc79ca215110c9f bf08c2ccb7644655a85e7e7a90751cb0 - - default default] project_id key not found in request, using tenant_id instead. This support has been deprecated and will be removed in a future release. [pid: 8|app: 0|req: 1197/2647] 10.0.0.105 () {32 vars in 738 bytes} [Wed May 13 10:09:43 2026] GET /v2.0/floatingips/e89c40a7-e332-41bd-a558-2ae67fc3d381/tags => generated 30 bytes in 59 msecs (HTTP/1.1 200) 4 headers in 156 bytes (1 switches on core 0)
2026-05-13 10:09:43.386 8 WARNING tagging [None req-276fc2f9-3467-46ee-8c78-76304f3aa495 b05a8374e7fb455dbbc79ca215110c9f bf08c2ccb7644655a85e7e7a90751cb0 - - default default] project_id key not found in request, using tenant_id instead. This support has been deprecated and will be removed in a future release.
2026-05-13 10:09:43.408 8 INFO neutron.api.v2.resource [None req-276fc2f9-3467-46ee-8c78-76304f3aa495 b05a8374e7fb455dbbc79ca215110c9f bf08c2ccb7644655a85e7e7a90751cb0 - - default default] delete failed (client error): The resource could not be found. [pid: 8|app: 0|req: 1198/2648] 10.0.0.105 () {32 vars in 753 bytes} [Wed May 13 10:09:43 2026] DELETE /v2.0/floatingips/e89c40a7-e332-41bd-a558-2ae67fc3d381/tags/green => generated 99 bytes in 44 msecs (HTTP/1.1 404) 4 headers in 163 bytes (1 switches on core 0)
2026-05-13 10:09:43.450 8 WARNING tagging [None req-321a8fe5-843d-468c-b372-52876cba1129 b05a8374e7fb455dbbc79ca215110c9f bf08c2ccb7644655a85e7e7a90751cb0 - - default default] project_id key not found in request, using tenant_id instead. This support has been deprecated and will be removed in a future release. [pid: 8|app: 0|req: 1199/2649] 10.0.0.105 () {32 vars in 741 bytes} [Wed May 13 10:09:43 2026] DELETE /v2.0/floatingips/e89c40a7-e332-41bd-a558-2ae67fc3d381/tags => generated 0 bytes in 113 msecs (HTTP/1.1 204) 2 headers in 112 bytes (1 switches on core 0)
2026-05-13 10:09:43.586 8 WARNING tagging [None req-a936ac3e-f75a-4039-b10a-2e52a09137a8 b05a8374e7fb455dbbc79ca215110c9f bf08c2ccb7644655a85e7e7a90751cb0 - - default default] project_id key not found in request, using tenant_id instead. This support has been deprecated and will be removed in a future release. [pid: 8|app: 0|req: 1200/2650] 10.0.0.105 () {32 vars in 738 bytes} [Wed May 13 10:09:43 2026] GET /v2.0/floatingips/e89c40a7-e332-41bd-a558-2ae67fc3d381/tags => generated 12 bytes in 89 msecs (HTTP/1.1 200) 4 headers in 156 bytes (1 switches on core 0)
2026-05-13 10:09:43.765 7 INFO neutron.db.ovn_revision_numbers_db [None req-13f69683-1d88-41af-9622-086629fb5e49 9070fd1d634241ab91b673de14d06a8e f57a5b0669f04bbdbea8ce6ff56fd454 - - default default] Successfully bumped revision number for resource 4741ce0d-655b-4246-a09f-8568416e9950 (type: security_group_rules) to 0
2026-05-13 10:09:43.836 8 INFO neutron_taas.services.taas.taas_plugin [None req-cbeb29f8-60cc-4c2a-b129-487f26bb68ce b05a8374e7fb455dbbc79ca215110c9f bf08c2ccb7644655a85e7e7a90751cb0 - - default default] TaaS: Handle Delete Port: cec965e4-ee5a-469c-b211-8410ce18dd69
2026-05-13 10:09:43.841 8 INFO neutron_taas.services.taas.tap_mirror_plugin [None req-cbeb29f8-60cc-4c2a-b129-487f26bb68ce b05a8374e7fb455dbbc79ca215110c9f bf08c2ccb7644655a85e7e7a90751cb0 - - default default] Tap Mirror: Handle Delete Port: cec965e4-ee5a-469c-b211-8410ce18dd69 [pid: 7|app: 0|req: 1451/2651] 10.0.0.105 () {34 vars in 694 bytes} [Wed May 13 10:09:42 2026] POST /v2.0/security-group-rules => generated 597 bytes in 1120 msecs (HTTP/1.1 201) 4 headers in 162 bytes (1 switches on core 0)
2026-05-13 10:09:44.022 8 INFO neutron.db.ovn_revision_numbers_db [None req-4fe7a566-96d4-488e-a6c5-706da7ef5355 - - - - - -] Successfully bumped revision number for resource ba1a6b01-3b5c-41e0-b88b-2e954c2e7028 (type: ports) to 6 [pid: 8|app: 0|req: 1201/2652] 10.0.0.105 () {32 vars in 731 bytes} [Wed May 13 10:09:43 2026] DELETE /v2.0/floatingips/e89c40a7-e332-41bd-a558-2ae67fc3d381 => generated 0 bytes in 504 msecs (HTTP/1.1 204) 2 headers in 112 bytes (1 switches on core 0)
2026-05-13 10:09:44.188 8 WARNING neutron.plugins.ml2.drivers.ovn.mech_driver.ovsdb.ovn_client [None req-67613e54-d746-45a8-b239-2617d72c1ede - - - - - -] Logical_Switch_Port ba1a6b01-3b5c-41e0-b88b-2e954c2e7028 host information not removed, the port state is up
2026-05-13 10:09:44.189 8 INFO neutron.plugins.ml2.drivers.ovn.mech_driver.mech_driver [None req-67613e54-d746-45a8-b239-2617d72c1ede - - - - - -] OVN reports status up for port: 6cc109a5-6d3a-4b67-9bd7-25a97ed9fcab
2026-05-13 10:09:44.228 7 INFO neutron.db.ovn_revision_numbers_db [None req-9f30d925-7a65-4266-baea-faaf8bddbb6d 3d66ff5cdd264cdca983b4612b0cb442 0f46f642a97b428da761df944456ab7a - - default default] Successfully bumped revision number for resource 99e4e947-e74a-42d7-9bd4-088d4ba1e164 (type: security_groups) to 1
2026-05-13 10:09:44.237 8 INFO neutron.plugins.ml2.plugin [None req-67613e54-d746-45a8-b239-2617d72c1ede - - - - - -] Attempt 1 to provision port 6cc109a5-6d3a-4b67-9bd7-25a97ed9fcab
2026-05-13 10:09:44.247 7 INFO neutron.db.ovn_revision_numbers_db [None req-9f30d925-7a65-4266-baea-faaf8bddbb6d 3d66ff5cdd264cdca983b4612b0cb442 0f46f642a97b428da761df944456ab7a - - default default] Successfully bumped revision number for resource 05dd8477-c08e-4388-b9c4-ca6d7ad2d74b (type: security_group_rules) to 0
2026-05-13 10:09:44.265 7 INFO neutron.db.ovn_revision_numbers_db [None req-9f30d925-7a65-4266-baea-faaf8bddbb6d 3d66ff5cdd264cdca983b4612b0cb442 0f46f642a97b428da761df944456ab7a - - default default] Successfully bumped revision number for resource 21016c96-9401-4a81-bd7a-6d74abb21c15 (type: security_group_rules) to 0
2026-05-13 10:09:44.283 7 INFO neutron.db.ovn_revision_numbers_db [None req-9f30d925-7a65-4266-baea-faaf8bddbb6d 3d66ff5cdd264cdca983b4612b0cb442 0f46f642a97b428da761df944456ab7a - - default default] Successfully bumped revision number for resource 60736bb3-c92c-4c52-af45-cf979d4ce707 (type: security_group_rules) to 0
2026-05-13 10:09:44.312 7 INFO neutron.db.ovn_revision_numbers_db [None req-9f30d925-7a65-4266-baea-faaf8bddbb6d 3d66ff5cdd264cdca983b4612b0cb442 0f46f642a97b428da761df944456ab7a - - default default] Successfully bumped revision number for resource faf76f2f-ea63-420d-a398-5ebbb6a46fa9 (type: security_group_rules) to 0
2026-05-13 10:09:44.381 8 INFO neutron.db.ovn_revision_numbers_db [None req-3414726d-bfa6-4071-9065-36be661fbfc8 9070fd1d634241ab91b673de14d06a8e f57a5b0669f04bbdbea8ce6ff56fd454 - - default default] Successfully bumped revision number for resource 4b896dc1-9e16-4606-8ea0-dedf54f27925 (type: security_group_rules) to 0
2026-05-13 10:09:44.402 7 INFO neutron.db.segments_db [None req-9f30d925-7a65-4266-baea-faaf8bddbb6d 3d66ff5cdd264cdca983b4612b0cb442 0f46f642a97b428da761df944456ab7a - - default default] Added segment 3af60b1f-c406-4f14-aa01-ac9215c957d5 of type geneve for network 0cde6964-d8e6-4fe9-b782-632fcda38cdd [pid: 8|app: 0|req: 1202/2653] 10.0.0.105 () {34 vars in 694 bytes} [Wed May 13 10:09:44 2026] POST /v2.0/security-group-rules => generated 599 bytes in 312 msecs (HTTP/1.1 201) 4 headers in 162 bytes (1 switches on core 0)
2026-05-13 10:09:44.542 7 INFO neutron.db.ovn_revision_numbers_db [None req-9f30d925-7a65-4266-baea-faaf8bddbb6d 3d66ff5cdd264cdca983b4612b0cb442 0f46f642a97b428da761df944456ab7a - - default default] Successfully bumped revision number for resource 0cde6964-d8e6-4fe9-b782-632fcda38cdd (type: networks) to 1
2026-05-13 10:09:44.698 7 WARNING neutron.scheduler.dhcp_agent_scheduler [None req-9f30d925-7a65-4266-baea-faaf8bddbb6d 3d66ff5cdd264cdca983b4612b0cb442 0f46f642a97b428da761df944456ab7a - - default default] No more DHCP agents
2026-05-13 10:09:44.699 7 WARNING neutron.api.rpc.agentnotifiers.dhcp_rpc_agent_api [None req-9f30d925-7a65-4266-baea-faaf8bddbb6d 3d66ff5cdd264cdca983b4612b0cb442 0f46f642a97b428da761df944456ab7a - - default default] Unable to schedule network 0cde6964-d8e6-4fe9-b782-632fcda38cdd: no agents available; will retry on subsequent port and subnet creation events.
2026-05-13 10:09:44.710 8 INFO neutron.db.ovn_revision_numbers_db [None req-0feed6b0-1245-4fa0-8f11-07c61f6775d4 9070fd1d634241ab91b673de14d06a8e f57a5b0669f04bbdbea8ce6ff56fd454 - - default default] Successfully bumped revision number for resource 9ddc499a-c4b3-4fdc-9a56-8a105c967cc5 (type: security_group_rules) to 0
2026-05-13 10:09:44.798 7 INFO neutron.db.ovn_revision_numbers_db [None req-9f30d925-7a65-4266-baea-faaf8bddbb6d 3d66ff5cdd264cdca983b4612b0cb442 0f46f642a97b428da761df944456ab7a - - default default] Successfully bumped revision number for resource d1022d31-c2aa-4a37-94ae-33d7f8f83c74 (type: ports) to 1 [pid: 8|app: 0|req: 1203/2654] 10.0.0.105 () {34 vars in 694 bytes} [Wed May 13 10:09:44 2026] POST /v2.0/security-group-rules => generated 601 bytes in 370 msecs (HTTP/1.1 201) 4 headers in 162 bytes (1 switches on core 0) [pid: 7|app: 0|req: 1452/2655] 10.0.0.105 () {34 vars in 670 bytes} [Wed May 13 10:09:43 2026] POST /v2.0/networks => generated 782 bytes in 985 msecs (HTTP/1.1 201) 4 headers in 162 bytes (1 switches on core 0)
2026-05-13 10:09:45.015 8 INFO neutron.db.ovn_revision_numbers_db [None req-67613e54-d746-45a8-b239-2617d72c1ede - - - - - -] Successfully bumped revision number for resource 6cc109a5-6d3a-4b67-9bd7-25a97ed9fcab (type: ports) to 2
2026-05-13 10:09:45.075 7 WARNING neutron.db.securitygroups_db [None req-51295d85-a6fb-4db4-8e2d-f093db9b8c9c 3d66ff5cdd264cdca983b4612b0cb442 0f46f642a97b428da761df944456ab7a - - default default] project_id key not found in filters, using tenant_id instead. This support has been deprecated and will be removed in a future release.
2026-05-13 10:09:45.102 8 INFO neutron.db.ovn_revision_numbers_db [None req-25eba486-259b-45d3-9589-8a85db1d6c08 9070fd1d634241ab91b673de14d06a8e f57a5b0669f04bbdbea8ce6ff56fd454 - - default default] Successfully bumped revision number for resource 4c08e8d1-70b0-4276-9ee5-b9aadce44bbc (type: security_group_rules) to 0 [pid: 8|app: 0|req: 1204/2656] 10.0.0.105 () {34 vars in 694 bytes} [Wed May 13 10:09:44 2026] POST /v2.0/security-group-rules => generated 601 bytes in 348 msecs (HTTP/1.1 201) 4 headers in 162 bytes (1 switches on core 0)
2026-05-13 10:09:45.252 7 INFO neutron.db.ovn_revision_numbers_db [None req-51295d85-a6fb-4db4-8e2d-f093db9b8c9c 3d66ff5cdd264cdca983b4612b0cb442 0f46f642a97b428da761df944456ab7a - - default default] Successfully bumped revision number for resource 5ce0aea1-834d-4486-9227-fdd867a37b30 (type: security_groups) to 1
2026-05-13 10:09:45.266 7 INFO neutron.db.ovn_revision_numbers_db [None req-51295d85-a6fb-4db4-8e2d-f093db9b8c9c 3d66ff5cdd264cdca983b4612b0cb442 0f46f642a97b428da761df944456ab7a - - default default] Successfully bumped revision number for resource 08875d3d-cd39-48fe-b72f-38fdaa9c5e8d (type: security_group_rules) to 0
2026-05-13 10:09:45.322 7 INFO neutron.db.ovn_revision_numbers_db [None req-51295d85-a6fb-4db4-8e2d-f093db9b8c9c 3d66ff5cdd264cdca983b4612b0cb442 0f46f642a97b428da761df944456ab7a - - default default] Successfully bumped revision number for resource 2106296b-8cce-485e-b66f-d51f48a6a7a1 (type: security_group_rules) to 0
2026-05-13 10:09:45.337 7 INFO neutron.db.ovn_revision_numbers_db [None req-51295d85-a6fb-4db4-8e2d-f093db9b8c9c 3d66ff5cdd264cdca983b4612b0cb442 0f46f642a97b428da761df944456ab7a - - default default] Successfully bumped revision number for resource 611cfed8-920c-4155-8a4f-565e6137a68d (type: security_group_rules) to 0
2026-05-13 10:09:45.360 7 INFO neutron.db.ovn_revision_numbers_db [None req-51295d85-a6fb-4db4-8e2d-f093db9b8c9c 3d66ff5cdd264cdca983b4612b0cb442 0f46f642a97b428da761df944456ab7a - - default default] Successfully bumped revision number for resource ecb1188c-3577-4f1c-b5b7-7e9754164e74 (type: security_group_rules) to 0
2026-05-13 10:09:45.367 8 WARNING neutron.scheduler.dhcp_agent_scheduler [None req-fede4249-b6f9-42c7-8ab0-d23c0b131539 3d66ff5cdd264cdca983b4612b0cb442 0f46f642a97b428da761df944456ab7a - - default default] No more DHCP agents
2026-05-13 10:09:45.369 8 WARNING neutron.api.rpc.agentnotifiers.dhcp_rpc_agent_api [None req-fede4249-b6f9-42c7-8ab0-d23c0b131539 3d66ff5cdd264cdca983b4612b0cb442 0f46f642a97b428da761df944456ab7a - - default default] Unable to schedule network 0cde6964-d8e6-4fe9-b782-632fcda38cdd: no agents available; will retry on subsequent port and subnet creation events. [pid: 7|app: 0|req: 1453/2657] 10.0.0.105 () {32 vars in 773 bytes} [Wed May 13 10:09:44 2026] GET /v2.0/security-groups?tenant_id=bf08c2ccb7644655a85e7e7a90751cb0&name=default => generated 2929 bytes in 507 msecs (HTTP/1.1 200) 4 headers in 158 bytes (1 switches on core 0)
2026-05-13 10:09:45.541 7 INFO neutron.db.ovn_revision_numbers_db [None req-1d52d51f-b9e2-4218-baa1-2de22fbd5477 9070fd1d634241ab91b673de14d06a8e f57a5b0669f04bbdbea8ce6ff56fd454 - - default default] Successfully bumped revision number for resource ccadfb84-ca69-4b04-9e6e-4d588ff09643 (type: security_group_rules) to 0 [pid: 7|app: 0|req: 1454/2658] 10.0.0.105 () {34 vars in 694 bytes} [Wed May 13 10:09:45 2026] POST /v2.0/security-group-rules => generated 597 bytes in 177 msecs (HTTP/1.1 201) 4 headers in 162 bytes (1 switches on core 0) [pid: 7|app: 0|req: 1455/2659] 10.0.0.105 () {32 vars in 739 bytes} [Wed May 13 10:09:45 2026] DELETE /v2.0/security-groups/5ce0aea1-834d-4486-9227-fdd867a37b30 => generated 0 bytes in 254 msecs (HTTP/1.1 204) 2 headers in 112 bytes (1 switches on core 0)
2026-05-13 10:09:45.914 8 INFO neutron.db.ovn_revision_numbers_db [None req-fede4249-b6f9-42c7-8ab0-d23c0b131539 3d66ff5cdd264cdca983b4612b0cb442 0f46f642a97b428da761df944456ab7a - - default default] Successfully bumped revision number for resource d1022d31-c2aa-4a37-94ae-33d7f8f83c74 (type: ports) to 2
2026-05-13 10:09:45.965 8 INFO neutron.db.ovn_revision_numbers_db [None req-fede4249-b6f9-42c7-8ab0-d23c0b131539 3d66ff5cdd264cdca983b4612b0cb442 0f46f642a97b428da761df944456ab7a - - default default] Successfully bumped revision number for resource bbec98f7-0a92-499f-aec9-90ddb89eb7a7 (type: subnets) to 0 [pid: 8|app: 0|req: 1205/2660] 10.0.0.105 () {34 vars in 668 bytes} [Wed May 13 10:09:45 2026] POST /v2.0/subnets => generated 688 bytes in 834 msecs (HTTP/1.1 201) 4 headers in 162 bytes (1 switches on core 0)
2026-05-13 10:09:46.015 8 WARNING neutron.db.securitygroups_db [None req-5e162a34-962b-4500-a799-176f2c63e8f7 3d66ff5cdd264cdca983b4612b0cb442 0f46f642a97b428da761df944456ab7a - - default default] project_id key not found in filters, using tenant_id instead. This support has been deprecated and will be removed in a future release.
2026-05-13 10:09:46.029 7 INFO neutron.db.ovn_revision_numbers_db [None req-fd421a03-45ef-4c73-bc07-229e1d41fa19 9070fd1d634241ab91b673de14d06a8e f57a5b0669f04bbdbea8ce6ff56fd454 - - default default] Successfully bumped revision number for resource ac97b806-635a-4b4a-b125-063538608909 (type: security_group_rules) to 0 [pid: 7|app: 0|req: 1456/2661] 10.0.0.105 () {34 vars in 694 bytes} [Wed May 13 10:09:45 2026] POST /v2.0/security-group-rules => generated 597 bytes in 285 msecs (HTTP/1.1 201) 4 headers in 162 bytes (1 switches on core 0)
2026-05-13 10:09:46.272 8 INFO neutron.db.ovn_revision_numbers_db [None req-5e162a34-962b-4500-a799-176f2c63e8f7 3d66ff5cdd264cdca983b4612b0cb442 0f46f642a97b428da761df944456ab7a - - default default] Successfully bumped revision number for resource bdee1507-a604-4eee-a79e-98a25eb8d42c (type: security_groups) to 1
2026-05-13 10:09:46.458 8 INFO neutron.db.ovn_revision_numbers_db [None req-5e162a34-962b-4500-a799-176f2c63e8f7 3d66ff5cdd264cdca983b4612b0cb442 0f46f642a97b428da761df944456ab7a - - default default] Successfully bumped revision number for resource 3f9886a2-94be-449e-b9e4-6be8d398b1b5 (type: security_group_rules) to 0
2026-05-13 10:09:46.604 8 INFO neutron.db.ovn_revision_numbers_db [None req-5e162a34-962b-4500-a799-176f2c63e8f7 3d66ff5cdd264cdca983b4612b0cb442 0f46f642a97b428da761df944456ab7a - - default default] Successfully bumped revision number for resource 757ab57c-f09b-4be5-bfe2-27e7a4731d4f (type: security_group_rules) to 0
2026-05-13 10:09:46.730 8 INFO neutron.db.ovn_revision_numbers_db [None req-5e162a34-962b-4500-a799-176f2c63e8f7 3d66ff5cdd264cdca983b4612b0cb442 0f46f642a97b428da761df944456ab7a - - default default] Successfully bumped revision number for resource cc334d4e-d2a1-4b4a-b500-a9c9e854f540 (type: security_group_rules) to 0
2026-05-13 10:09:47.129 8 INFO neutron.db.ovn_revision_numbers_db [None req-5e162a34-962b-4500-a799-176f2c63e8f7 3d66ff5cdd264cdca983b4612b0cb442 0f46f642a97b428da761df944456ab7a - - default default] Successfully bumped revision number for resource f1e91cb5-1230-4a8e-9c98-636e1e7296c3 (type: security_group_rules) to 0 [pid: 8|app: 0|req: 1206/2662] 10.0.0.105 () {32 vars in 773 bytes} [Wed May 13 10:09:46 2026] GET /v2.0/security-groups?tenant_id=82e9f20efa884a289c3b12daf23217d8&name=default => generated 2929 bytes in 1163 msecs (HTTP/1.1 200) 4 headers in 158 bytes (1 switches on core 0)
2026-05-13 10:09:47.354 7 WARNING neutron.scheduler.dhcp_agent_scheduler [None req-eedea4cc-a964-4790-aa23-49e11023593f 3d66ff5cdd264cdca983b4612b0cb442 0f46f642a97b428da761df944456ab7a - - default default] No more DHCP agents
2026-05-13 10:09:47.355 7 WARNING neutron.api.rpc.agentnotifiers.dhcp_rpc_agent_api [None req-eedea4cc-a964-4790-aa23-49e11023593f 3d66ff5cdd264cdca983b4612b0cb442 0f46f642a97b428da761df944456ab7a - - default default] Unable to schedule network 679965e4-687f-4270-bd27-e1aec0747e53: no agents available; will retry on subsequent port and subnet creation events.
2026-05-13 10:09:47.534 7 WARNING neutron.plugins.ml2.drivers.ovn.mech_driver.ovsdb.ovn_client [None req-49766883-aa9e-4206-831d-9a62da04b714 - - - - - -] No hosting information found for port ed8fbe23-3ce7-4b4b-b28d-492fdd654d35: RuntimeError: No hosting information found for port ed8fbe23-3ce7-4b4b-b28d-492fdd654d35
2026-05-13 10:09:47.995 7 INFO neutron.db.ovn_revision_numbers_db [None req-49766883-aa9e-4206-831d-9a62da04b714 - - - - - -] Successfully bumped revision number for resource ed8fbe23-3ce7-4b4b-b28d-492fdd654d35 (type: router_ports) to 2
2026-05-13 10:09:47.995 7 INFO neutron.plugins.ml2.drivers.ovn.mech_driver.mech_driver [None req-49766883-aa9e-4206-831d-9a62da04b714 - - - - - -] OVN reports status up for port: 11716e5d-08c5-4ad0-aa90-dc279cc04638
2026-05-13 10:09:47.996 7 INFO neutron.db.ovn_revision_numbers_db [None req-eedea4cc-a964-4790-aa23-49e11023593f 3d66ff5cdd264cdca983b4612b0cb442 0f46f642a97b428da761df944456ab7a - - default default] Successfully bumped revision number for resource 85914b62-217b-4adf-a807-629a537b9e3b (type: ports) to 1
2026-05-13 10:09:48.366 8 INFO neutron.db.ovn_revision_numbers_db [None req-42d7e23f-a017-4647-8bc1-10390810c2e7 9070fd1d634241ab91b673de14d06a8e f57a5b0669f04bbdbea8ce6ff56fd454 - - default default] Successfully bumped revision number for resource bc1607d5-fa0f-4c5d-8d3b-c93b41707005 (type: security_group_rules) to 0
2026-05-13 10:09:48.664 7 INFO neutron.plugins.ml2.plugin [None req-49766883-aa9e-4206-831d-9a62da04b714 - - - - - -] Attempt 1 to provision port 11716e5d-08c5-4ad0-aa90-dc279cc04638 [pid: 8|app: 0|req: 1207/2663] 10.0.0.105 () {34 vars in 694 bytes} [Wed May 13 10:09:47 2026] POST /v2.0/security-group-rules => generated 597 bytes in 1519 msecs (HTTP/1.1 201) 4 headers in 162 bytes (1 switches on core 0) [pid: 8|app: 0|req: 1208/2664] 10.0.0.105 () {32 vars in 739 bytes} [Wed May 13 10:09:48 2026] DELETE /v2.0/security-groups/bdee1507-a604-4eee-a79e-98a25eb8d42c => generated 0 bytes in 617 msecs (HTTP/1.1 204) 2 headers in 112 bytes (1 switches on core 0)
2026-05-13 10:09:49.591 8 INFO neutron.db.ovn_revision_numbers_db [None req-ee34974e-c01b-4f40-a569-59aa1e298dab 9070fd1d634241ab91b673de14d06a8e f57a5b0669f04bbdbea8ce6ff56fd454 - - default default] Successfully bumped revision number for resource d74ab854-7b37-4ae2-9a93-0e22a9081551 (type: security_group_rules) to 0
2026-05-13 10:09:49.621 7 INFO neutron.db.ovn_revision_numbers_db [None req-49766883-aa9e-4206-831d-9a62da04b714 - - - - - -] Successfully bumped revision number for resource 11716e5d-08c5-4ad0-aa90-dc279cc04638 (type: ports) to 2 [pid: 8|app: 0|req: 1209/2665] 10.0.0.105 () {34 vars in 694 bytes} [Wed May 13 10:09:49 2026] POST /v2.0/security-group-rules => generated 599 bytes in 355 msecs (HTTP/1.1 201) 4 headers in 162 bytes (1 switches on core 0)
2026-05-13 10:09:49.911 8 WARNING neutron.plugins.ml2.drivers.ovn.mech_driver.ovsdb.ovn_client [None req-f9353169-ef4d-434d-89c8-fd8a780806ef - - - - - -] No hosting information found for port 6cc109a5-6d3a-4b67-9bd7-25a97ed9fcab: RuntimeError: No hosting information found for port 6cc109a5-6d3a-4b67-9bd7-25a97ed9fcab
2026-05-13 10:09:49.962 7 INFO neutron.plugins.ml2.drivers.ovn.mech_driver.ovsdb.ovsdb_monitor [None req-738ea560-b27d-4479-b271-e40b285d188d - - - - - -] Router 5a968afa-1048-4e37-8506-11b8d6f44fcb is bound to host instance
2026-05-13 10:09:49.991 8 INFO neutron.db.ovn_revision_numbers_db [None req-2e2cfa76-b48b-4603-86d8-6a8f19d8c648 9070fd1d634241ab91b673de14d06a8e f57a5b0669f04bbdbea8ce6ff56fd454 - - default default] Successfully bumped revision number for resource f3bb56d2-ab3f-4ece-972a-c7069b3de42d (type: security_group_rules) to 0
2026-05-13 10:09:50.000 8 INFO neutron.common.ovn.utils [None req-f9353169-ef4d-434d-89c8-fd8a780806ef - - - - - -] HA Chassis Group neutron-3a0f12d2-7b0c-4aca-a6d5-bc46c95de2e2 synchronized; highest priority chassis f6d409d1-b02b-43ed-a40f-2de1595bcc1c
2026-05-13 10:09:50.018 7 INFO neutron.db.ovn_revision_numbers_db [None req-eedea4cc-a964-4790-aa23-49e11023593f 3d66ff5cdd264cdca983b4612b0cb442 0f46f642a97b428da761df944456ab7a - - default default] Successfully bumped revision number for resource 85914b62-217b-4adf-a807-629a537b9e3b (type: router_ports) to 1
2026-05-13 10:09:50.034 8 INFO neutron.plugins.ml2.drivers.ovn.mech_driver.mech_driver [None req-f9353169-ef4d-434d-89c8-fd8a780806ef - - - - - -] OVN reports status up for port: ba1a6b01-3b5c-41e0-b88b-2e954c2e7028 [pid: 8|app: 0|req: 1210/2666] 10.0.0.105 () {34 vars in 694 bytes} [Wed May 13 10:09:49 2026] POST /v2.0/security-group-rules => generated 601 bytes in 391 msecs (HTTP/1.1 201) 4 headers in 162 bytes (1 switches on core 0)
2026-05-13 10:09:50.060 8 INFO neutron.plugins.ml2.plugin [None req-f9353169-ef4d-434d-89c8-fd8a780806ef - - - - - -] Attempt 1 to provision port ba1a6b01-3b5c-41e0-b88b-2e954c2e7028
2026-05-13 10:09:50.299 7 INFO neutron.db.ovn_revision_numbers_db [None req-eedea4cc-a964-4790-aa23-49e11023593f 3d66ff5cdd264cdca983b4612b0cb442 0f46f642a97b428da761df944456ab7a - - default default] Successfully bumped revision number for resource 5a968afa-1048-4e37-8506-11b8d6f44fcb (type: routers) to 2 [pid: 7|app: 0|req: 1457/2669] 10.0.0.105 () {34 vars in 668 bytes} [Wed May 13 10:09:46 2026] POST /v2.0/routers => generated 987 bytes in 4207 msecs (HTTP/1.1 201) 4 headers in 162 bytes (1 switches on core 0)
2026-05-13 10:09:50.467 8 INFO neutron.db.ovn_revision_numbers_db [None req-db6fbe83-5e9f-40cb-8582-3e498c46acb8 9070fd1d634241ab91b673de14d06a8e f57a5b0669f04bbdbea8ce6ff56fd454 - - default default] Successfully bumped revision number for resource 28e5627f-1bbf-48de-96de-6fc94a91ce76 (type: security_group_rules) to 0 [pid: 8|app: 0|req: 1213/2670] 10.0.0.105 () {34 vars in 694 bytes} [Wed May 13 10:09:50 2026] POST /v2.0/security-group-rules => generated 597 bytes in 710 msecs (HTTP/1.1 201) 4 headers in 162 bytes (1 switches on core 0)
2026-05-13 10:09:50.974 8 INFO neutron.db.ovn_revision_numbers_db [None req-f9353169-ef4d-434d-89c8-fd8a780806ef - - - - - -] Successfully bumped revision number for resource ba1a6b01-3b5c-41e0-b88b-2e954c2e7028 (type: ports) to 7
2026-05-13 10:09:50.984 8 WARNING neutron.db.securitygroups_db [req-3dafb12a-b7bd-4d6f-9d3c-983d2671c88b req-0ac81497-05d1-4e2a-b94d-67dc389084e8 9070fd1d634241ab91b673de14d06a8e f57a5b0669f04bbdbea8ce6ff56fd454 - - default default] project_id key not found in filters, using tenant_id instead. This support has been deprecated and will be removed in a future release. [pid: 8|app: 0|req: 1214/2671] 10.0.0.75 () {34 vars in 1094 bytes} [Wed May 13 10:09:50 2026] GET /v2.0/security-groups?name=tempest-lb_member_SG-2086550088&fields=id&tenant_id=f57a5b0669f04bbdbea8ce6ff56fd454 => generated 69 bytes in 77 msecs (HTTP/1.1 200) 4 headers in 156 bytes (1 switches on core 0) [pid: 8|app: 0|req: 1215/2672] 10.0.0.75 () {34 vars in 980 bytes} [Wed May 13 10:09:51 2026] GET /v2.0/networks?id=221d512a-6781-4e8c-b657-cef24377f6bb => generated 743 bytes in 124 msecs (HTTP/1.1 200) 4 headers in 157 bytes (1 switches on core 0) [pid: 8|app: 0|req: 1216/2673] 10.0.0.75 () {34 vars in 963 bytes} [Wed May 13 10:09:51 2026] GET /v2.0/quotas/f57a5b0669f04bbdbea8ce6ff56fd454 => generated 292 bytes in 25 msecs (HTTP/1.1 200) 4 headers in 157 bytes (1 switches on core 0)
2026-05-13 10:09:51.241 8 INFO neutron.common.ovn.utils [None req-c791fd94-1ff7-4fbc-91f6-f3dfc2b1bdab - - - - - -] HA Chassis Group neutron-221d512a-6781-4e8c-b657-cef24377f6bb synchronized; highest priority chassis f6d409d1-b02b-43ed-a40f-2de1595bcc1c
2026-05-13 10:09:51.293 7 WARNING neutron.scheduler.dhcp_agent_scheduler [None req-11e4dcae-00d9-41a4-b1c2-acecea570074 3d66ff5cdd264cdca983b4612b0cb442 0f46f642a97b428da761df944456ab7a - - default default] No more DHCP agents
2026-05-13 10:09:51.297 7 WARNING neutron.api.rpc.agentnotifiers.dhcp_rpc_agent_api [None req-11e4dcae-00d9-41a4-b1c2-acecea570074 3d66ff5cdd264cdca983b4612b0cb442 0f46f642a97b428da761df944456ab7a - - default default] Unable to schedule network 0cde6964-d8e6-4fe9-b782-632fcda38cdd: no agents available; will retry on subsequent port and subnet creation events.
2026-05-13 10:09:51.492 8 INFO neutron.db.ovn_revision_numbers_db [None req-c791fd94-1ff7-4fbc-91f6-f3dfc2b1bdab - - - - - -] Successfully bumped revision number for resource 6cc109a5-6d3a-4b67-9bd7-25a97ed9fcab (type: router_ports) to 2
2026-05-13 10:09:51.614 7 INFO neutron.db.ovn_revision_numbers_db [None req-ebed48c3-800a-48c7-8494-218bfe82c604 - - - - - -] Successfully bumped revision number for resource 85914b62-217b-4adf-a807-629a537b9e3b (type: ports) to 4
2026-05-13 10:09:51.642 8 INFO neutron.common.ovn.utils [None req-c791fd94-1ff7-4fbc-91f6-f3dfc2b1bdab - - - - - -] HA Chassis Group neutron-0c4aa6ce-ac9d-4e2b-9236-d6426edd6f12 synchronized; highest priority chassis f6d409d1-b02b-43ed-a40f-2de1595bcc1c
2026-05-13 10:09:51.661 7 INFO neutron.db.ovn_revision_numbers_db [None req-11e4dcae-00d9-41a4-b1c2-acecea570074 3d66ff5cdd264cdca983b4612b0cb442 0f46f642a97b428da761df944456ab7a - - default default] Successfully bumped revision number for resource 2d1afa39-5411-4dc1-b132-68aafa92392e (type: ports) to 1 [pid: 8|app: 0|req: 1217/2674] 10.0.0.75 () {34 vars in 1000 bytes} [Wed May 13 10:09:51 2026] GET /v2.0/ports?tenant_id=f57a5b0669f04bbdbea8ce6ff56fd454&fields=id => generated 287 bytes in 496 msecs (HTTP/1.1 200) 4 headers in 157 bytes (1 switches on core 0)
2026-05-13 10:09:51.744 8 INFO neutron.common.ovn.utils [None req-c791fd94-1ff7-4fbc-91f6-f3dfc2b1bdab - - - - - -] HA Chassis Group neutron-3a0f12d2-7b0c-4aca-a6d5-bc46c95de2e2 synchronized; highest priority chassis f6d409d1-b02b-43ed-a40f-2de1595bcc1c
2026-05-13 10:09:51.799 8 INFO neutron.plugins.ml2.drivers.ovn.mech_driver.mech_driver [None req-c791fd94-1ff7-4fbc-91f6-f3dfc2b1bdab - - - - - -] OVN reports status down for port: 85914b62-217b-4adf-a807-629a537b9e3b
2026-05-13 10:09:51.859 8 WARNING neutron.plugins.ml2.drivers.ovn.mech_driver.ovsdb.ovn_client [None req-c791fd94-1ff7-4fbc-91f6-f3dfc2b1bdab - - - - - -] Logical_Switch_Port 85914b62-217b-4adf-a807-629a537b9e3b host information not removed, the port state is up
2026-05-13 10:09:51.860 8 INFO neutron.plugins.ml2.drivers.ovn.mech_driver.mech_driver [None req-c791fd94-1ff7-4fbc-91f6-f3dfc2b1bdab - - - - - -] OVN reports status up for port: 85914b62-217b-4adf-a807-629a537b9e3b
2026-05-13 10:09:51.905 8 INFO neutron.plugins.ml2.plugin [None req-c791fd94-1ff7-4fbc-91f6-f3dfc2b1bdab - - - - - -] Attempt 1 to provision port 85914b62-217b-4adf-a807-629a537b9e3b [pid: 8|app: 0|req: 1218/2675] 10.0.0.75 () {34 vars in 1006 bytes} [Wed May 13 10:09:51 2026] GET /v2.0/networks/221d512a-6781-4e8c-b657-cef24377f6bb?fields=segments => generated 14 bytes in 309 msecs (HTTP/1.1 200) 4 headers in 156 bytes (1 switches on core 0) [pid: 8|app: 0|req: 1219/2676] 10.0.0.75 () {34 vars in 1106 bytes} [Wed May 13 10:09:52 2026] GET /v2.0/networks/221d512a-6781-4e8c-b657-cef24377f6bb?fields=provider%3Aphysical_network&fields=provider%3Anetwork_type => generated 79 bytes in 50 msecs (HTTP/1.1 200) 4 headers in 156 bytes (1 switches on core 0) [pid: 8|app: 0|req: 1220/2677] 10.0.0.75 () {34 vars in 988 bytes} [Wed May 13 10:09:52 2026] GET /v2.0/ports?device_id=8d930f6c-95fa-470a-af92-956a8febbf6a => generated 12 bytes in 22 msecs (HTTP/1.1 200) 4 headers in 156 bytes (1 switches on core 0)
2026-05-13 10:09:52.389 7 INFO neutron.db.ovn_revision_numbers_db [None req-ebed48c3-800a-48c7-8494-218bfe82c604 - - - - - -] Successfully bumped revision number for resource 85914b62-217b-4adf-a807-629a537b9e3b (type: ports) to 5
2026-05-13 10:09:52.798 7 WARNING neutron.scheduler.dhcp_agent_scheduler [None req-11e4dcae-00d9-41a4-b1c2-acecea570074 3d66ff5cdd264cdca983b4612b0cb442 0f46f642a97b428da761df944456ab7a - - default default] No more DHCP agents
2026-05-13 10:09:52.799 7 WARNING neutron.api.rpc.agentnotifiers.dhcp_rpc_agent_api [None req-11e4dcae-00d9-41a4-b1c2-acecea570074 3d66ff5cdd264cdca983b4612b0cb442 0f46f642a97b428da761df944456ab7a - - default default] Unable to schedule network 0cde6964-d8e6-4fe9-b782-632fcda38cdd: no agents available; will retry on subsequent port and subnet creation events.
2026-05-13 10:09:53.266 8 INFO neutron.common.ovn.utils [None req-c791fd94-1ff7-4fbc-91f6-f3dfc2b1bdab - - - - - -] HA Chassis Group neutron-0cde6964-d8e6-4fe9-b782-632fcda38cdd synchronized; highest priority chassis f6d409d1-b02b-43ed-a40f-2de1595bcc1c
2026-05-13 10:09:53.440 7 INFO neutron.db.ovn_revision_numbers_db [None req-11e4dcae-00d9-41a4-b1c2-acecea570074 3d66ff5cdd264cdca983b4612b0cb442 0f46f642a97b428da761df944456ab7a - - default default] Successfully bumped revision number for resource 2d1afa39-5411-4dc1-b132-68aafa92392e (type: router_ports) to 1 [pid: 7|app: 0|req: 1458/2678] 10.0.0.105 () {34 vars in 782 bytes} [Wed May 13 10:09:50 2026] PUT /v2.0/routers/5a968afa-1048-4e37-8506-11b8d6f44fcb/add_router_interface => generated 310 bytes in 3113 msecs (HTTP/1.1 200) 4 headers in 157 bytes (1 switches on core 0)
2026-05-13 10:09:53.652 8 INFO neutron.db.ovn_revision_numbers_db [None req-e800b7a2-f97a-4771-aa2b-db74bff7ab39 ac4ecb26c994429bab1f175d768e3d36 1a277e3105364dc7a05a110c7279788f - - default default] Successfully bumped revision number for resource d45b37cb-3066-4151-8824-e4b6e9396270 (type: security_groups) to 1
2026-05-13 10:09:53.678 8 INFO neutron.db.ovn_revision_numbers_db [None req-e800b7a2-f97a-4771-aa2b-db74bff7ab39 ac4ecb26c994429bab1f175d768e3d36 1a277e3105364dc7a05a110c7279788f - - default default] Successfully bumped revision number for resource 2da4b808-340e-4d0e-9d27-0386a449ea47 (type: security_group_rules) to 0
2026-05-13 10:09:53.698 8 INFO neutron.db.ovn_revision_numbers_db [None req-e800b7a2-f97a-4771-aa2b-db74bff7ab39 ac4ecb26c994429bab1f175d768e3d36 1a277e3105364dc7a05a110c7279788f - - default default] Successfully bumped revision number for resource 5746976e-913a-4751-8015-acda16a499f5 (type: security_group_rules) to 0
2026-05-13 10:09:53.716 8 INFO neutron.db.ovn_revision_numbers_db [None req-e800b7a2-f97a-4771-aa2b-db74bff7ab39 ac4ecb26c994429bab1f175d768e3d36 1a277e3105364dc7a05a110c7279788f - - default default] Successfully bumped revision number for resource 726d2e16-5352-48d8-8cbb-b7f1f1c35b7d (type: security_group_rules) to 0
2026-05-13 10:09:53.733 8 INFO neutron.db.ovn_revision_numbers_db [None req-e800b7a2-f97a-4771-aa2b-db74bff7ab39 ac4ecb26c994429bab1f175d768e3d36 1a277e3105364dc7a05a110c7279788f - - default default] Successfully bumped revision number for resource fa7670f8-0864-4d56-95f0-bcc95faf1ee7 (type: security_group_rules) to 0
2026-05-13 10:09:53.826 8 INFO neutron.db.segments_db [None req-e800b7a2-f97a-4771-aa2b-db74bff7ab39 ac4ecb26c994429bab1f175d768e3d36 1a277e3105364dc7a05a110c7279788f - - default default] Added segment 4034ef29-845d-41c7-a777-49d3245da7d9 of type geneve for network b1cb1b02-0335-4cb9-b3f1-c10f5aa9b943
2026-05-13 10:09:53.974 8 INFO neutron.db.ovn_revision_numbers_db [None req-e800b7a2-f97a-4771-aa2b-db74bff7ab39 ac4ecb26c994429bab1f175d768e3d36 1a277e3105364dc7a05a110c7279788f - - default default] Successfully bumped revision number for resource b1cb1b02-0335-4cb9-b3f1-c10f5aa9b943 (type: networks) to 1
2026-05-13 10:09:54.209 8 WARNING neutron.scheduler.dhcp_agent_scheduler [None req-e800b7a2-f97a-4771-aa2b-db74bff7ab39 ac4ecb26c994429bab1f175d768e3d36 1a277e3105364dc7a05a110c7279788f - - default default] No more DHCP agents
2026-05-13 10:09:54.211 8 WARNING neutron.api.rpc.agentnotifiers.dhcp_rpc_agent_api [None req-e800b7a2-f97a-4771-aa2b-db74bff7ab39 ac4ecb26c994429bab1f175d768e3d36 1a277e3105364dc7a05a110c7279788f - - default default] Unable to schedule network b1cb1b02-0335-4cb9-b3f1-c10f5aa9b943: no agents available; will retry on subsequent port and subnet creation events.
2026-05-13 10:09:54.316 8 INFO neutron.db.ovn_revision_numbers_db [None req-e800b7a2-f97a-4771-aa2b-db74bff7ab39 ac4ecb26c994429bab1f175d768e3d36 1a277e3105364dc7a05a110c7279788f - - default default] Successfully bumped revision number for resource aebb1a9b-d510-4a7d-97ad-d3f084f53281 (type: ports) to 1
2026-05-13 10:09:54.318 7 INFO neutron.db.ovn_revision_numbers_db [None req-f0fa5a85-0db8-46d7-a864-605808e220ec 7fe2d739442f4b09a0fc0d86c3b0a5b9 65bb34727a5c4306838766c90523bae3 - - default default] Successfully bumped revision number for resource a6212ac5-2001-48f0-b2d2-53c5bcc7e301 (type: security_groups) to 1
2026-05-13 10:09:54.334 7 INFO neutron.db.ovn_revision_numbers_db [None req-f0fa5a85-0db8-46d7-a864-605808e220ec 7fe2d739442f4b09a0fc0d86c3b0a5b9 65bb34727a5c4306838766c90523bae3 - - default default] Successfully bumped revision number for resource 57c4f54b-cc50-4780-8635-5c4d063aa2cd (type: security_group_rules) to 0 [pid: 8|app: 0|req: 1221/2679] 10.0.0.105 () {34 vars in 669 bytes} [Wed May 13 10:09:53 2026] POST /v2.0/networks => generated 670 bytes in 1316 msecs (HTTP/1.1 201) 4 headers in 162 bytes (1 switches on core 0)
2026-05-13 10:09:54.346 7 INFO neutron.db.ovn_revision_numbers_db [None req-f0fa5a85-0db8-46d7-a864-605808e220ec 7fe2d739442f4b09a0fc0d86c3b0a5b9 65bb34727a5c4306838766c90523bae3 - - default default] Successfully bumped revision number for resource c53f727f-6892-4ac3-992f-1d3916baea0c (type: security_group_rules) to 0 [pid: 7|app: 0|req: 1459/2680] 10.0.0.105 () {34 vars in 684 bytes} [Wed May 13 10:09:54 2026] POST /v2.0/security-groups => generated 1675 bytes in 283 msecs (HTTP/1.1 201) 4 headers in 163 bytes (1 switches on core 0) [pid: 8|app: 0|req: 1222/2681] 10.0.0.105 () {34 vars in 752 bytes} [Wed May 13 10:09:54 2026] PUT /v2.0/networks/b1cb1b02-0335-4cb9-b3f1-c10f5aa9b943/tags => generated 25 bytes in 64 msecs (HTTP/1.1 200) 4 headers in 156 bytes (1 switches on core 0) [pid: 8|app: 0|req: 1223/2682] 10.0.0.105 () {32 vars in 732 bytes} [Wed May 13 10:09:54 2026] GET /v2.0/networks/b1cb1b02-0335-4cb9-b3f1-c10f5aa9b943/tags => generated 25 bytes in 48 msecs (HTTP/1.1 200) 4 headers in 156 bytes (1 switches on core 0)
2026-05-13 10:09:54.539 7 INFO neutron.db.ovn_revision_numbers_db [None req-f74e4f91-61b6-47de-80ad-03f439ad91b6 7fe2d739442f4b09a0fc0d86c3b0a5b9 65bb34727a5c4306838766c90523bae3 - - default default] Successfully bumped revision number for resource 1a360876-90a8-44c3-b8f2-f37dbf72da1b (type: security_group_rules) to 0 [pid: 8|app: 0|req: 1224/2683] 10.0.0.105 () {34 vars in 763 bytes} [Wed May 13 10:09:54 2026] PUT /v2.0/networks/b1cb1b02-0335-4cb9-b3f1-c10f5aa9b943/tags/green => generated 4 bytes in 92 msecs (HTTP/1.1 201) 4 headers in 160 bytes (1 switches on core 0) [pid: 7|app: 0|req: 1460/2684] 10.0.0.105 () {34 vars in 694 bytes} [Wed May 13 10:09:54 2026] POST /v2.0/security-group-rules => generated 597 bytes in 174 msecs (HTTP/1.1 201) 4 headers in 162 bytes (1 switches on core 0) [pid: 8|app: 0|req: 1225/2685] 10.0.0.105 () {32 vars in 732 bytes} [Wed May 13 10:09:54 2026] GET /v2.0/networks/b1cb1b02-0335-4cb9-b3f1-c10f5aa9b943/tags => generated 34 bytes in 57 msecs (HTTP/1.1 200) 4 headers in 156 bytes (1 switches on core 0) [pid: 8|app: 0|req: 1226/2686] 10.0.0.105 () {34 vars in 759 bytes} [Wed May 13 10:09:54 2026] PUT /v2.0/networks/b1cb1b02-0335-4cb9-b3f1-c10f5aa9b943/tags/red => generated 4 bytes in 68 msecs (HTTP/1.1 201) 4 headers in 160 bytes (1 switches on core 0)
2026-05-13 10:09:54.706 7 INFO neutron.db.ovn_revision_numbers_db [None req-8721df73-e78a-47a5-9e8b-283a2a67f7c1 7fe2d739442f4b09a0fc0d86c3b0a5b9 65bb34727a5c4306838766c90523bae3 - - default default] Successfully bumped revision number for resource de9f57be-2e2b-4f8e-9f70-fa737cffa271 (type: security_group_rules) to 0 [pid: 7|app: 0|req: 1461/2687] 10.0.0.105 () {34 vars in 694 bytes} [Wed May 13 10:09:54 2026] POST /v2.0/security-group-rules => generated 596 bytes in 155 msecs (HTTP/1.1 201) 4 headers in 162 bytes (1 switches on core 0) [pid: 8|app: 0|req: 1227/2688] 10.0.0.105 () {32 vars in 732 bytes} [Wed May 13 10:09:54 2026] GET /v2.0/networks/b1cb1b02-0335-4cb9-b3f1-c10f5aa9b943/tags => generated 34 bytes in 47 msecs (HTTP/1.1 200) 4 headers in 156 bytes (1 switches on core 0) [pid: 8|app: 0|req: 1228/2689] 10.0.0.105 () {34 vars in 781 bytes} [Wed May 13 10:09:54 2026] PUT /v2.0/networks/b1cb1b02-0335-4cb9-b3f1-c10f5aa9b943/tags/black.or.white => generated 4 bytes in 72 msecs (HTTP/1.1 201) 4 headers in 160 bytes (1 switches on core 0)
2026-05-13 10:09:54.867 7 WARNING neutron.plugins.ml2.drivers.ovn.mech_driver.ovsdb.ovn_client [None req-8f564118-ba8b-4f76-accd-be44c563e526 - - - - - -] No hosting information found for port 11716e5d-08c5-4ad0-aa90-dc279cc04638: RuntimeError: No hosting information found for port 11716e5d-08c5-4ad0-aa90-dc279cc04638 [pid: 8|app: 0|req: 1229/2690] 10.0.0.105 () {32 vars in 732 bytes} [Wed May 13 10:09:54 2026] GET /v2.0/networks/b1cb1b02-0335-4cb9-b3f1-c10f5aa9b943/tags => generated 52 bytes in 52 msecs (HTTP/1.1 200) 4 headers in 156 bytes (1 switches on core 0)
2026-05-13 10:09:54.905 7 INFO neutron.db.ovn_revision_numbers_db [None req-b0f35a78-1b38-4f13-abfd-2ccba497fa64 7fe2d739442f4b09a0fc0d86c3b0a5b9 65bb34727a5c4306838766c90523bae3 - - default default] Successfully bumped revision number for resource 500cdff6-5894-44be-8d8e-6a1cb262f762 (type: security_group_rules) to 0 [pid: 8|app: 0|req: 1230/2691] 10.0.0.105 () {34 vars in 752 bytes} [Wed May 13 10:09:54 2026] PUT /v2.0/networks/b1cb1b02-0335-4cb9-b3f1-c10f5aa9b943/tags => generated 37 bytes in 85 msecs (HTTP/1.1 200) 4 headers in 156 bytes (1 switches on core 0) [pid: 7|app: 0|req: 1462/2692] 10.0.0.105 () {34 vars in 694 bytes} [Wed May 13 10:09:54 2026] POST /v2.0/security-group-rules => generated 602 bytes in 244 msecs (HTTP/1.1 201) 4 headers in 162 bytes (1 switches on core 0) [pid: 8|app: 0|req: 1231/2693] 10.0.0.105 () {32 vars in 732 bytes} [Wed May 13 10:09:54 2026] GET /v2.0/networks/b1cb1b02-0335-4cb9-b3f1-c10f5aa9b943/tags => generated 37 bytes in 40 msecs (HTTP/1.1 200) 4 headers in 156 bytes (1 switches on core 0) [pid: 8|app: 0|req: 1232/2694] 10.0.0.105 () {32 vars in 740 bytes} [Wed May 13 10:09:55 2026] GET /v2.0/networks/b1cb1b02-0335-4cb9-b3f1-c10f5aa9b943/tags/red => generated 0 bytes in 61 msecs (HTTP/1.1 204) 2 headers in 112 bytes (1 switches on core 0)
2026-05-13 10:09:55.201 8 INFO neutron.api.v2.resource [None req-3b503030-b5eb-4e7f-82ef-8d381d2bea04 ac4ecb26c994429bab1f175d768e3d36 1a277e3105364dc7a05a110c7279788f - - default default] show failed (client error): The resource could not be found. [pid: 8|app: 0|req: 1233/2695] 10.0.0.105 () {32 vars in 744 bytes} [Wed May 13 10:09:55 2026] GET /v2.0/networks/b1cb1b02-0335-4cb9-b3f1-c10f5aa9b943/tags/green => generated 99 bytes in 96 msecs (HTTP/1.1 404) 4 headers in 163 bytes (1 switches on core 0)
2026-05-13 10:09:55.250 7 INFO neutron.db.ovn_revision_numbers_db [None req-8f564118-ba8b-4f76-accd-be44c563e526 - - - - - -] Successfully bumped revision number for resource 11716e5d-08c5-4ad0-aa90-dc279cc04638 (type: router_ports) to 2
2026-05-13 10:09:55.251 7 INFO neutron.plugins.ml2.drivers.ovn.mech_driver.mech_driver [None req-8f564118-ba8b-4f76-accd-be44c563e526 - - - - - -] OVN reports status down for port: d1022d31-c2aa-4a37-94ae-33d7f8f83c74
