2026-05-13 10:09:23.599 7 WARNING neutron.api.rpc.agentnotifiers.dhcp_rpc_agent_api [None req-bf17dcfb-91c0-452b-b7bf-e44448edafbe 9070fd1d634241ab91b673de14d06a8e f57a5b0669f04bbdbea8ce6ff56fd454 - - default default] Unable to schedule network 0661d82e-9013-46d4-8745-ea86a59c58e5: no agents available; will retry on subsequent port and subnet creation events.
2026-05-13 10:09:23.642 7 INFO neutron.db.ovn_revision_numbers_db [None req-bf17dcfb-91c0-452b-b7bf-e44448edafbe 9070fd1d634241ab91b673de14d06a8e f57a5b0669f04bbdbea8ce6ff56fd454 - - default default] Successfully bumped revision number for resource c78f4dca-f215-477b-81c1-136bd6354094 (type: subnets) to 0 [pid: 8|app: 0|req: 1166/2595] 10.0.0.105 () {32 vars in 720 bytes} [Wed May 13 10:09:23 2026] GET /v2.0/routers/bc4d00d4-b4d2-48d0-a39e-366fc551a620 => generated 597 bytes in 44 msecs (HTTP/1.1 200) 4 headers in 157 bytes (1 switches on core 0) [pid: 7|app: 0|req: 1430/2596] 10.0.0.105 () {34 vars in 668 bytes} [Wed May 13 10:09:23 2026] POST /v2.0/subnets => generated 732 bytes in 315 msecs (HTTP/1.1 201) 4 headers in 162 bytes (1 switches on core 0)
2026-05-13 10:09:23.772 7 INFO neutron.db.segments_db [None req-e697e813-e46e-481e-ac91-af67b167881a 9070fd1d634241ab91b673de14d06a8e f57a5b0669f04bbdbea8ce6ff56fd454 - - default default] Added segment 99cc2aac-0178-4b93-8fb3-4056af374ec5 of type geneve for network 221d512a-6781-4e8c-b657-cef24377f6bb
2026-05-13 10:09:23.908 7 INFO neutron.db.ovn_revision_numbers_db [None req-e697e813-e46e-481e-ac91-af67b167881a 9070fd1d634241ab91b673de14d06a8e f57a5b0669f04bbdbea8ce6ff56fd454 - - default default] Successfully bumped revision number for resource 221d512a-6781-4e8c-b657-cef24377f6bb (type: networks) to 1 [pid: 8|app: 0|req: 1167/2597] 10.0.0.105 () {34 vars in 741 bytes} [Wed May 13 10:09:23 2026] PUT /v2.0/routers/bc4d00d4-b4d2-48d0-a39e-366fc551a620 => generated 597 bytes in 325 msecs (HTTP/1.1 200) 4 headers in 157 bytes (1 switches on core 0)
2026-05-13 10:09:24.102 7 WARNING neutron.scheduler.dhcp_agent_scheduler [None req-e697e813-e46e-481e-ac91-af67b167881a 9070fd1d634241ab91b673de14d06a8e f57a5b0669f04bbdbea8ce6ff56fd454 - - default default] No more DHCP agents
2026-05-13 10:09:24.104 7 WARNING neutron.api.rpc.agentnotifiers.dhcp_rpc_agent_api [None req-e697e813-e46e-481e-ac91-af67b167881a 9070fd1d634241ab91b673de14d06a8e f57a5b0669f04bbdbea8ce6ff56fd454 - - default default] Unable to schedule network 221d512a-6781-4e8c-b657-cef24377f6bb: no agents available; will retry on subsequent port and subnet creation events. [pid: 8|app: 0|req: 1168/2598] 10.0.0.105 () {32 vars in 739 bytes} [Wed May 13 10:09:23 2026] DELETE /v2.0/security-groups/48bf0015-4464-49bd-bd59-ae9f75eb5d70 => generated 0 bytes in 206 msecs (HTTP/1.1 204) 2 headers in 112 bytes (1 switches on core 0)
2026-05-13 10:09:24.210 7 INFO neutron.plugins.ml2.drivers.ovn.mech_driver.mech_driver [None req-ed957640-116a-4e29-94d9-f76cffd122fd - - - - - -] OVN reports status down for port: e52e3b38-d3ca-4244-add3-1fb6ec43ed32 [pid: 8|app: 0|req: 1169/2599] 10.0.0.105 () {32 vars in 735 bytes} [Wed May 13 10:09:24 2026] GET /v2.0/ports?device_id=bc4d00d4-b4d2-48d0-a39e-366fc551a620 => generated 12 bytes in 39 msecs (HTTP/1.1 200) 4 headers in 156 bytes (1 switches on core 0)
2026-05-13 10:09:24.267 7 INFO neutron.db.ovn_revision_numbers_db [None req-e697e813-e46e-481e-ac91-af67b167881a 9070fd1d634241ab91b673de14d06a8e f57a5b0669f04bbdbea8ce6ff56fd454 - - default default] Successfully bumped revision number for resource e52e3b38-d3ca-4244-add3-1fb6ec43ed32 (type: ports) to 1 [pid: 7|app: 0|req: 1431/2600] 10.0.0.105 () {34 vars in 669 bytes} [Wed May 13 10:09:23 2026] POST /v2.0/networks => generated 676 bytes in 634 msecs (HTTP/1.1 201) 4 headers in 162 bytes (1 switches on core 0) [pid: 8|app: 0|req: 1170/2601] 10.0.0.105 () {32 vars in 723 bytes} [Wed May 13 10:09:24 2026] DELETE /v2.0/routers/bc4d00d4-b4d2-48d0-a39e-366fc551a620 => generated 0 bytes in 192 msecs (HTTP/1.1 204) 2 headers in 112 bytes (1 switches on core 0)
2026-05-13 10:09:24.693 8 WARNING neutron.scheduler.dhcp_agent_scheduler [None req-eeaae578-5a01-430f-843d-4b75356255da 9070fd1d634241ab91b673de14d06a8e f57a5b0669f04bbdbea8ce6ff56fd454 - - default default] No more DHCP agents
2026-05-13 10:09:24.694 8 WARNING neutron.api.rpc.agentnotifiers.dhcp_rpc_agent_api [None req-eeaae578-5a01-430f-843d-4b75356255da 9070fd1d634241ab91b673de14d06a8e f57a5b0669f04bbdbea8ce6ff56fd454 - - default default] Unable to schedule network 221d512a-6781-4e8c-b657-cef24377f6bb: no agents available; will retry on subsequent port and subnet creation events.
2026-05-13 10:09:24.715 7 INFO neutron_taas.services.taas.taas_plugin [None req-ec1761c6-dcbe-4d21-a9ba-7867bcc5a407 12a5d10ed3c34802b93387f8b1370bdc a24f5294ede44551bbc9d81226957af0 - - default default] TaaS: Handle Delete Port: d7e1c71b-c0f4-45fa-9c99-e2587f362c3e
2026-05-13 10:09:24.720 7 INFO neutron_taas.services.taas.tap_mirror_plugin [None req-ec1761c6-dcbe-4d21-a9ba-7867bcc5a407 12a5d10ed3c34802b93387f8b1370bdc a24f5294ede44551bbc9d81226957af0 - - default default] Tap Mirror: Handle Delete Port: d7e1c71b-c0f4-45fa-9c99-e2587f362c3e
2026-05-13 10:09:25.452 8 INFO neutron.db.ovn_revision_numbers_db [None req-eeaae578-5a01-430f-843d-4b75356255da 9070fd1d634241ab91b673de14d06a8e f57a5b0669f04bbdbea8ce6ff56fd454 - - default default] Successfully bumped revision number for resource e52e3b38-d3ca-4244-add3-1fb6ec43ed32 (type: ports) to 2
2026-05-13 10:09:25.521 8 INFO neutron.db.ovn_revision_numbers_db [None req-eeaae578-5a01-430f-843d-4b75356255da 9070fd1d634241ab91b673de14d06a8e f57a5b0669f04bbdbea8ce6ff56fd454 - - default default] Successfully bumped revision number for resource faa6eba8-ddd0-4eb5-9c3e-fca1cb4f7af4 (type: subnets) to 0 [pid: 7|app: 0|req: 1432/2602] 10.0.0.105 () {34 vars in 788 bytes} [Wed May 13 10:09:24 2026] PUT /v2.0/routers/ee6655bb-5698-4ea9-9085-272dd3adf122/remove_router_interface => generated 310 bytes in 1235 msecs (HTTP/1.1 200) 4 headers in 157 bytes (1 switches on core 0) [pid: 8|app: 0|req: 1171/2603] 10.0.0.105 () {34 vars in 668 bytes} [Wed May 13 10:09:24 2026] POST /v2.0/subnets => generated 655 bytes in 1127 msecs (HTTP/1.1 201) 4 headers in 162 bytes (1 switches on core 0) /var/lib/openstack/lib/python3.12/site-packages/pycadf/identifier.py:70: UserWarning: Invalid uuid: neutron. To ensure interoperability, identifiers should be a valid uuid. warnings.warn(('Invalid uuid: %s. To ensure interoperability, ' [pid: 7|app: 0|req: 1433/2604] 10.0.0.105 () {32 vars in 723 bytes} [Wed May 13 10:09:25 2026] DELETE /v2.0/subnets/293311f1-7a99-46ec-886c-2c6bc01a6146 => generated 0 bytes in 188 msecs (HTTP/1.1 204) 3 headers in 131 bytes (1 switches on core 0)
2026-05-13 10:09:25.797 8 WARNING neutron.scheduler.dhcp_agent_scheduler [None req-05b830c3-014c-4980-a488-f019dce14d27 9070fd1d634241ab91b673de14d06a8e f57a5b0669f04bbdbea8ce6ff56fd454 - - default default] No more DHCP agents
2026-05-13 10:09:25.800 8 WARNING neutron.api.rpc.agentnotifiers.dhcp_rpc_agent_api [None req-05b830c3-014c-4980-a488-f019dce14d27 9070fd1d634241ab91b673de14d06a8e f57a5b0669f04bbdbea8ce6ff56fd454 - - default default] Unable to schedule network 221d512a-6781-4e8c-b657-cef24377f6bb: no agents available; will retry on subsequent port and subnet creation events.
2026-05-13 10:09:25.830 8 INFO neutron.db.ovn_revision_numbers_db [None req-05b830c3-014c-4980-a488-f019dce14d27 9070fd1d634241ab91b673de14d06a8e f57a5b0669f04bbdbea8ce6ff56fd454 - - default default] Successfully bumped revision number for resource ccd7cb37-e469-4e84-94b0-5078f5be3724 (type: subnets) to 0 [pid: 8|app: 0|req: 1172/2605] 10.0.0.105 () {34 vars in 668 bytes} [Wed May 13 10:09:25 2026] POST /v2.0/subnets => generated 725 bytes in 306 msecs (HTTP/1.1 201) 4 headers in 162 bytes (1 switches on core 0)
2026-05-13 10:09:25.925 7 WARNING neutron.db.securitygroups_db [None req-54de0c5e-109a-4dfd-abf3-73ad4079238c 3d66ff5cdd264cdca983b4612b0cb442 0f46f642a97b428da761df944456ab7a - - default default] project_id key not found in filters, using tenant_id instead. This support has been deprecated and will be removed in a future release.
2026-05-13 10:09:26.230 7 INFO neutron.db.ovn_revision_numbers_db [None req-54de0c5e-109a-4dfd-abf3-73ad4079238c 3d66ff5cdd264cdca983b4612b0cb442 0f46f642a97b428da761df944456ab7a - - default default] Successfully bumped revision number for resource 1aafe5b6-e5f9-4929-a81c-eadd925c06b7 (type: security_groups) to 1
2026-05-13 10:09:26.249 7 INFO neutron.db.ovn_revision_numbers_db [None req-54de0c5e-109a-4dfd-abf3-73ad4079238c 3d66ff5cdd264cdca983b4612b0cb442 0f46f642a97b428da761df944456ab7a - - default default] Successfully bumped revision number for resource 18b309ec-6462-49fc-ba8e-aa54e4e0c134 (type: security_group_rules) to 0
2026-05-13 10:09:26.261 7 INFO neutron.db.ovn_revision_numbers_db [None req-54de0c5e-109a-4dfd-abf3-73ad4079238c 3d66ff5cdd264cdca983b4612b0cb442 0f46f642a97b428da761df944456ab7a - - default default] Successfully bumped revision number for resource 7c7ddfd7-1208-4276-8957-e427240c3706 (type: security_group_rules) to 0
2026-05-13 10:09:26.281 7 INFO neutron.db.ovn_revision_numbers_db [None req-54de0c5e-109a-4dfd-abf3-73ad4079238c 3d66ff5cdd264cdca983b4612b0cb442 0f46f642a97b428da761df944456ab7a - - default default] Successfully bumped revision number for resource 945af4b5-c235-4a86-b400-a2ecb51708d8 (type: security_group_rules) to 0
2026-05-13 10:09:26.295 7 INFO neutron.db.ovn_revision_numbers_db [None req-54de0c5e-109a-4dfd-abf3-73ad4079238c 3d66ff5cdd264cdca983b4612b0cb442 0f46f642a97b428da761df944456ab7a - - default default] Successfully bumped revision number for resource bf956578-c6eb-4159-b77c-7a5c343f39c7 (type: security_group_rules) to 0
2026-05-13 10:09:26.318 8 INFO neutron_taas.services.taas.taas_plugin [None req-b0f85e2c-cb58-4c1d-b095-f4f1a7a86163 12a5d10ed3c34802b93387f8b1370bdc a24f5294ede44551bbc9d81226957af0 - - default default] TaaS: Handle Delete Port: ee819291-cf6f-4020-932b-3c8c4bec546f
2026-05-13 10:09:26.323 8 INFO neutron_taas.services.taas.tap_mirror_plugin [None req-b0f85e2c-cb58-4c1d-b095-f4f1a7a86163 12a5d10ed3c34802b93387f8b1370bdc a24f5294ede44551bbc9d81226957af0 - - default default] Tap Mirror: Handle Delete Port: ee819291-cf6f-4020-932b-3c8c4bec546f [pid: 7|app: 0|req: 1434/2606] 10.0.0.105 () {32 vars in 773 bytes} [Wed May 13 10:09:25 2026] GET /v2.0/security-groups?tenant_id=84bcee962eb744ffaff6ff838702801c&name=default => generated 2929 bytes in 601 msecs (HTTP/1.1 200) 4 headers in 158 bytes (1 switches on core 0)
2026-05-13 10:09:26.431 7 INFO neutron.db.segments_db [None req-c69aa026-c098-481f-a2e8-d7e27968ad85 9070fd1d634241ab91b673de14d06a8e f57a5b0669f04bbdbea8ce6ff56fd454 - - default default] Added segment 5f02dc7d-13d7-4bac-8ee2-6a6c98750bb6 of type geneve for network 0c4aa6ce-ac9d-4e2b-9236-d6426edd6f12
2026-05-13 10:09:27.132 7 INFO neutron.db.ovn_revision_numbers_db [None req-c69aa026-c098-481f-a2e8-d7e27968ad85 9070fd1d634241ab91b673de14d06a8e f57a5b0669f04bbdbea8ce6ff56fd454 - - default default] Successfully bumped revision number for resource 0c4aa6ce-ac9d-4e2b-9236-d6426edd6f12 (type: networks) to 1
2026-05-13 10:09:27.907 7 WARNING neutron.scheduler.dhcp_agent_scheduler [None req-c69aa026-c098-481f-a2e8-d7e27968ad85 9070fd1d634241ab91b673de14d06a8e f57a5b0669f04bbdbea8ce6ff56fd454 - - default default] No more DHCP agents
2026-05-13 10:09:27.908 7 WARNING neutron.api.rpc.agentnotifiers.dhcp_rpc_agent_api [None req-c69aa026-c098-481f-a2e8-d7e27968ad85 9070fd1d634241ab91b673de14d06a8e f57a5b0669f04bbdbea8ce6ff56fd454 - - default default] Unable to schedule network 0c4aa6ce-ac9d-4e2b-9236-d6426edd6f12: no agents available; will retry on subsequent port and subnet creation events. [pid: 8|app: 0|req: 1173/2607] 10.0.0.105 () {32 vars in 723 bytes} [Wed May 13 10:09:25 2026] DELETE /v2.0/routers/ee6655bb-5698-4ea9-9085-272dd3adf122 => generated 0 bytes in 2316 msecs (HTTP/1.1 204) 2 headers in 112 bytes (1 switches on core 0)
2026-05-13 10:09:28.187 8 INFO neutron.plugins.ml2.drivers.ovn.mech_driver.mech_driver [None req-e7e697d4-dd5e-4f8a-bddc-0354fa0a6875 - - - - - -] OVN reports status down for port: 57e7d07d-a22e-49fd-9e7a-beda31f1ffa1
2026-05-13 10:09:28.211 7 INFO neutron.db.ovn_revision_numbers_db [None req-c69aa026-c098-481f-a2e8-d7e27968ad85 9070fd1d634241ab91b673de14d06a8e f57a5b0669f04bbdbea8ce6ff56fd454 - - default default] Successfully bumped revision number for resource 57e7d07d-a22e-49fd-9e7a-beda31f1ffa1 (type: ports) to 1 [pid: 7|app: 0|req: 1435/2608] 10.0.0.105 () {34 vars in 669 bytes} [Wed May 13 10:09:26 2026] POST /v2.0/networks => generated 676 bytes in 1910 msecs (HTTP/1.1 201) 4 headers in 162 bytes (1 switches on core 0)
2026-05-13 10:09:28.433 7 INFO neutron_taas.services.taas.taas_plugin [None req-fa17090b-0481-499d-9dec-3aeaff3eb31f 12a5d10ed3c34802b93387f8b1370bdc a24f5294ede44551bbc9d81226957af0 - - default default] TaaS: Handle Delete Port: 4e7205ae-558c-405d-af6f-23808882c531
2026-05-13 10:09:28.436 7 INFO neutron_taas.services.taas.tap_mirror_plugin [None req-fa17090b-0481-499d-9dec-3aeaff3eb31f 12a5d10ed3c34802b93387f8b1370bdc a24f5294ede44551bbc9d81226957af0 - - default default] Tap Mirror: Handle Delete Port: 4e7205ae-558c-405d-af6f-23808882c531 [pid: 8|app: 0|req: 1174/2609] 10.0.0.105 () {32 vars in 739 bytes} [Wed May 13 10:09:28 2026] DELETE /v2.0/security-groups/1aafe5b6-e5f9-4929-a81c-eadd925c06b7 => generated 0 bytes in 492 msecs (HTTP/1.1 204) 2 headers in 112 bytes (1 switches on core 0)
2026-05-13 10:09:28.949 7 INFO neutron.services.segments.plugin [-] Segment 5851395c-f2dd-4ef1-bfd7-dc89b7c867cf resource provider aggregate not found
2026-05-13 10:09:28.949 7 INFO neutron.services.segments.plugin [-] Segment 5851395c-f2dd-4ef1-bfd7-dc89b7c867cf resource provider aggregate not found
2026-05-13 10:09:28.977 7 INFO neutron.services.segments.plugin [-] Segment 5851395c-f2dd-4ef1-bfd7-dc89b7c867cf resource provider not found; error: Placement Client Error (4xx): {"errors": [{"status": 404, "title": "Not Found", "detail": "The resource could not be found.\n\n No resource provider with uuid 5851395c-f2dd-4ef1-bfd7-dc89b7c867cf found for delete ", "request_id": "req-5cf6ad02-e79b-4f82-9d48-16ceab30b59f"}]}
2026-05-13 10:09:28.979 7 INFO neutron.services.segments.plugin [-] Segment 5851395c-f2dd-4ef1-bfd7-dc89b7c867cf resource provider not found; error: Placement Client Error (4xx): {"errors": [{"status": 404, "title": "Not Found", "detail": "The resource could not be found.\n\n No resource provider with uuid 5851395c-f2dd-4ef1-bfd7-dc89b7c867cf found for delete ", "request_id": "req-c89a147a-7c06-49a7-b780-0bf1e6a4f31a"}]} [pid: 7|app: 0|req: 1436/2610] 10.0.0.105 () {32 vars in 725 bytes} [Wed May 13 10:09:28 2026] DELETE /v2.0/networks/7385373e-66da-42ae-99b9-4b4952993494 => generated 0 bytes in 1099 msecs (HTTP/1.1 204) 3 headers in 131 bytes (1 switches on core 0)
2026-05-13 10:09:29.358 7 WARNING neutron.db.securitygroups_db [None req-e33580b1-388a-4b50-a6d7-3ffd82c8167b 3d66ff5cdd264cdca983b4612b0cb442 0f46f642a97b428da761df944456ab7a - - default default] project_id key not found in filters, using tenant_id instead. This support has been deprecated and will be removed in a future release.
2026-05-13 10:09:29.458 8 WARNING neutron.scheduler.dhcp_agent_scheduler [None req-739215d5-5c85-4d12-967f-5e0d5818343a 9070fd1d634241ab91b673de14d06a8e f57a5b0669f04bbdbea8ce6ff56fd454 - - default default] No more DHCP agents
2026-05-13 10:09:29.460 8 WARNING neutron.api.rpc.agentnotifiers.dhcp_rpc_agent_api [None req-739215d5-5c85-4d12-967f-5e0d5818343a 9070fd1d634241ab91b673de14d06a8e f57a5b0669f04bbdbea8ce6ff56fd454 - - default default] Unable to schedule network 0c4aa6ce-ac9d-4e2b-9236-d6426edd6f12: no agents available; will retry on subsequent port and subnet creation events.
2026-05-13 10:09:29.505 7 INFO neutron.db.ovn_revision_numbers_db [None req-e33580b1-388a-4b50-a6d7-3ffd82c8167b 3d66ff5cdd264cdca983b4612b0cb442 0f46f642a97b428da761df944456ab7a - - default default] Successfully bumped revision number for resource 66a0342e-6915-4d5c-9d41-d6b626a094ca (type: security_groups) to 1
2026-05-13 10:09:29.517 7 INFO neutron.db.ovn_revision_numbers_db [None req-e33580b1-388a-4b50-a6d7-3ffd82c8167b 3d66ff5cdd264cdca983b4612b0cb442 0f46f642a97b428da761df944456ab7a - - default default] Successfully bumped revision number for resource 3f85ef16-8d1e-40f9-8c5e-b6574c094289 (type: security_group_rules) to 0
2026-05-13 10:09:29.530 7 INFO neutron.db.ovn_revision_numbers_db [None req-e33580b1-388a-4b50-a6d7-3ffd82c8167b 3d66ff5cdd264cdca983b4612b0cb442 0f46f642a97b428da761df944456ab7a - - default default] Successfully bumped revision number for resource 87015859-a2c0-45f9-8194-f240746083b1 (type: security_group_rules) to 0
2026-05-13 10:09:29.542 7 INFO neutron.db.ovn_revision_numbers_db [None req-e33580b1-388a-4b50-a6d7-3ffd82c8167b 3d66ff5cdd264cdca983b4612b0cb442 0f46f642a97b428da761df944456ab7a - - default default] Successfully bumped revision number for resource c9ffdc3f-7c19-42d2-be22-5f900e1294a6 (type: security_group_rules) to 0
2026-05-13 10:09:29.552 7 INFO neutron.db.ovn_revision_numbers_db [None req-e33580b1-388a-4b50-a6d7-3ffd82c8167b 3d66ff5cdd264cdca983b4612b0cb442 0f46f642a97b428da761df944456ab7a - - default default] Successfully bumped revision number for resource dac73bb8-3eb2-4280-80dd-ccfc1150efc1 (type: security_group_rules) to 0 [pid: 7|app: 0|req: 1437/2611] 10.0.0.105 () {32 vars in 773 bytes} [Wed May 13 10:09:29 2026] GET /v2.0/security-groups?tenant_id=5cb8c82a05bf44738c783efbfa689c21&name=default => generated 2929 bytes in 238 msecs (HTTP/1.1 200) 4 headers in 158 bytes (1 switches on core 0) [pid: 7|app: 0|req: 1438/2612] 10.0.0.105 () {32 vars in 739 bytes} [Wed May 13 10:09:29 2026] DELETE /v2.0/security-groups/66a0342e-6915-4d5c-9d41-d6b626a094ca => generated 0 bytes in 459 msecs (HTTP/1.1 204) 2 headers in 112 bytes (1 switches on core 0)
2026-05-13 10:09:30.089 8 INFO neutron.db.ovn_revision_numbers_db [None req-739215d5-5c85-4d12-967f-5e0d5818343a 9070fd1d634241ab91b673de14d06a8e f57a5b0669f04bbdbea8ce6ff56fd454 - - default default] Successfully bumped revision number for resource 57e7d07d-a22e-49fd-9e7a-beda31f1ffa1 (type: ports) to 2
2026-05-13 10:09:30.131 8 INFO neutron.db.ovn_revision_numbers_db [None req-739215d5-5c85-4d12-967f-5e0d5818343a 9070fd1d634241ab91b673de14d06a8e f57a5b0669f04bbdbea8ce6ff56fd454 - - default default] Successfully bumped revision number for resource 3a922457-b91c-4eff-9817-364b0f9bec17 (type: subnets) to 0 [pid: 8|app: 0|req: 1175/2613] 10.0.0.105 () {34 vars in 668 bytes} [Wed May 13 10:09:28 2026] POST /v2.0/subnets => generated 656 bytes in 1495 msecs (HTTP/1.1 201) 4 headers in 162 bytes (1 switches on core 0)
2026-05-13 10:09:30.353 7 WARNING neutron.db.securitygroups_db [None req-1693b68b-750e-4acb-b04f-86dc32f71e38 3d66ff5cdd264cdca983b4612b0cb442 0f46f642a97b428da761df944456ab7a - - default default] project_id key not found in filters, using tenant_id instead. This support has been deprecated and will be removed in a future release.
2026-05-13 10:09:30.387 8 WARNING neutron.scheduler.dhcp_agent_scheduler [None req-1305d58a-21aa-46e3-a489-a54ba4ef8d97 9070fd1d634241ab91b673de14d06a8e f57a5b0669f04bbdbea8ce6ff56fd454 - - default default] No more DHCP agents
2026-05-13 10:09:30.388 8 WARNING neutron.api.rpc.agentnotifiers.dhcp_rpc_agent_api [None req-1305d58a-21aa-46e3-a489-a54ba4ef8d97 9070fd1d634241ab91b673de14d06a8e f57a5b0669f04bbdbea8ce6ff56fd454 - - default default] Unable to schedule network 0c4aa6ce-ac9d-4e2b-9236-d6426edd6f12: no agents available; will retry on subsequent port and subnet creation events.
2026-05-13 10:09:30.431 8 INFO neutron.db.ovn_revision_numbers_db [None req-1305d58a-21aa-46e3-a489-a54ba4ef8d97 9070fd1d634241ab91b673de14d06a8e f57a5b0669f04bbdbea8ce6ff56fd454 - - default default] Successfully bumped revision number for resource e7e0f144-442d-401a-80c5-a1fef52bca02 (type: subnets) to 0 [pid: 8|app: 0|req: 1176/2614] 10.0.0.105 () {34 vars in 668 bytes} [Wed May 13 10:09:30 2026] POST /v2.0/subnets => generated 728 bytes in 287 msecs (HTTP/1.1 201) 4 headers in 162 bytes (1 switches on core 0)
2026-05-13 10:09:30.461 8 WARNING neutron.db.securitygroups_db [None req-9de8a009-28ed-4206-a352-3fe0bc25ddc4 3d66ff5cdd264cdca983b4612b0cb442 0f46f642a97b428da761df944456ab7a - - default default] project_id key not found in filters, using tenant_id instead. This support has been deprecated and will be removed in a future release.
2026-05-13 10:09:30.556 7 INFO neutron.db.ovn_revision_numbers_db [None req-1693b68b-750e-4acb-b04f-86dc32f71e38 3d66ff5cdd264cdca983b4612b0cb442 0f46f642a97b428da761df944456ab7a - - default default] Successfully bumped revision number for resource 1be6eff1-5ac5-4dba-81d5-e69b11f21dd5 (type: security_groups) to 1
2026-05-13 10:09:30.572 7 INFO neutron.db.ovn_revision_numbers_db [None req-1693b68b-750e-4acb-b04f-86dc32f71e38 3d66ff5cdd264cdca983b4612b0cb442 0f46f642a97b428da761df944456ab7a - - default default] Successfully bumped revision number for resource 2c6b08d8-fa0f-49ea-8968-b494bb46437b (type: security_group_rules) to 0
2026-05-13 10:09:30.598 7 INFO neutron.db.ovn_revision_numbers_db [None req-1693b68b-750e-4acb-b04f-86dc32f71e38 3d66ff5cdd264cdca983b4612b0cb442 0f46f642a97b428da761df944456ab7a - - default default] Successfully bumped revision number for resource 42cb6ae2-ce3f-4053-8ac1-48892d9ebd0b (type: security_group_rules) to 0
2026-05-13 10:09:30.599 8 INFO neutron.db.ovn_revision_numbers_db [None req-9de8a009-28ed-4206-a352-3fe0bc25ddc4 3d66ff5cdd264cdca983b4612b0cb442 0f46f642a97b428da761df944456ab7a - - default default] Successfully bumped revision number for resource 165ea7d0-c7b1-4cf7-a6fa-6cb02602d459 (type: security_groups) to 1
2026-05-13 10:09:30.613 8 INFO neutron.db.ovn_revision_numbers_db [None req-9de8a009-28ed-4206-a352-3fe0bc25ddc4 3d66ff5cdd264cdca983b4612b0cb442 0f46f642a97b428da761df944456ab7a - - default default] Successfully bumped revision number for resource 545112b2-db5b-4ffa-8bde-8182c72794a5 (type: security_group_rules) to 0
2026-05-13 10:09:30.615 7 INFO neutron.db.ovn_revision_numbers_db [None req-1693b68b-750e-4acb-b04f-86dc32f71e38 3d66ff5cdd264cdca983b4612b0cb442 0f46f642a97b428da761df944456ab7a - - default default] Successfully bumped revision number for resource 7f130e56-c506-4651-911a-d606ee6492f6 (type: security_group_rules) to 0
2026-05-13 10:09:30.627 8 INFO neutron.db.ovn_revision_numbers_db [None req-9de8a009-28ed-4206-a352-3fe0bc25ddc4 3d66ff5cdd264cdca983b4612b0cb442 0f46f642a97b428da761df944456ab7a - - default default] Successfully bumped revision number for resource 8a34718e-dd44-48d6-8848-1a5e32ecb785 (type: security_group_rules) to 0
2026-05-13 10:09:30.628 7 INFO neutron.db.ovn_revision_numbers_db [None req-1693b68b-750e-4acb-b04f-86dc32f71e38 3d66ff5cdd264cdca983b4612b0cb442 0f46f642a97b428da761df944456ab7a - - default default] Successfully bumped revision number for resource c924b8f2-53a2-4c14-a857-b6bb90490db9 (type: security_group_rules) to 0
2026-05-13 10:09:30.646 8 INFO neutron.db.ovn_revision_numbers_db [None req-9de8a009-28ed-4206-a352-3fe0bc25ddc4 3d66ff5cdd264cdca983b4612b0cb442 0f46f642a97b428da761df944456ab7a - - default default] Successfully bumped revision number for resource a2bacdcf-f70e-4ddf-bcab-ef612d07f6e7 (type: security_group_rules) to 0
2026-05-13 10:09:30.659 8 INFO neutron.db.ovn_revision_numbers_db [None req-9de8a009-28ed-4206-a352-3fe0bc25ddc4 3d66ff5cdd264cdca983b4612b0cb442 0f46f642a97b428da761df944456ab7a - - default default] Successfully bumped revision number for resource d763a564-4f18-4cc7-8ce4-78d12ea54b3d (type: security_group_rules) to 0 [pid: 7|app: 0|req: 1439/2615] 10.0.0.105 () {32 vars in 773 bytes} [Wed May 13 10:09:30 2026] GET /v2.0/security-groups?tenant_id=dd30406e66b54c8487b5db5d378f13e5&name=default => generated 2929 bytes in 513 msecs (HTTP/1.1 200) 4 headers in 158 bytes (1 switches on core 0) [pid: 8|app: 0|req: 1177/2616] 10.0.0.105 () {32 vars in 773 bytes} [Wed May 13 10:09:30 2026] GET /v2.0/security-groups?tenant_id=a5d3f71b42c54ab08567404e1eee79c1&name=default => generated 2929 bytes in 241 msecs (HTTP/1.1 200) 4 headers in 158 bytes (1 switches on core 0) [pid: 8|app: 0|req: 1178/2617] 10.0.0.105 () {32 vars in 739 bytes} [Wed May 13 10:09:30 2026] DELETE /v2.0/security-groups/1be6eff1-5ac5-4dba-81d5-e69b11f21dd5 => generated 0 bytes in 201 msecs (HTTP/1.1 204) 2 headers in 112 bytes (1 switches on core 0) [pid: 8|app: 0|req: 1179/2618] 10.0.0.105 () {32 vars in 739 bytes} [Wed May 13 10:09:30 2026] DELETE /v2.0/security-groups/165ea7d0-c7b1-4cf7-a6fa-6cb02602d459 => generated 0 bytes in 199 msecs (HTTP/1.1 204) 2 headers in 112 bytes (1 switches on core 0)
2026-05-13 10:09:31.104 8 WARNING neutron.db.securitygroups_db [None req-4a15337e-a3be-448d-82f7-e5b175a45782 3d66ff5cdd264cdca983b4612b0cb442 0f46f642a97b428da761df944456ab7a - - default default] project_id key not found in filters, using tenant_id instead. This support has been deprecated and will be removed in a future release. [pid: 8|app: 0|req: 1180/2619] 10.0.0.105 () {32 vars in 773 bytes} [Wed May 13 10:09:31 2026] GET /v2.0/security-groups?tenant_id=a24f5294ede44551bbc9d81226957af0&name=default => generated 2925 bytes in 25 msecs (HTTP/1.1 200) 4 headers in 158 bytes (1 switches on core 0)
2026-05-13 10:09:31.174 7 WARNING neutron.scheduler.dhcp_agent_scheduler [None req-ffb4cf27-d101-4229-b030-7cb33d24338c 9070fd1d634241ab91b673de14d06a8e f57a5b0669f04bbdbea8ce6ff56fd454 - - default default] No more DHCP agents
2026-05-13 10:09:31.176 7 WARNING neutron.api.rpc.agentnotifiers.dhcp_rpc_agent_api [None req-ffb4cf27-d101-4229-b030-7cb33d24338c 9070fd1d634241ab91b673de14d06a8e f57a5b0669f04bbdbea8ce6ff56fd454 - - default default] Unable to schedule network 679965e4-687f-4270-bd27-e1aec0747e53: no agents available; will retry on subsequent port and subnet creation events.
2026-05-13 10:09:31.344 8 INFO neutron.plugins.ml2.drivers.ovn.mech_driver.mech_driver [None req-e7e697d4-dd5e-4f8a-bddc-0354fa0a6875 - - - - - -] OVN reports status down for port: a4c379f6-c19e-4d7c-8f64-779615cbe909 [pid: 8|app: 0|req: 1181/2620] 10.0.0.105 () {32 vars in 739 bytes} [Wed May 13 10:09:31 2026] DELETE /v2.0/security-groups/e4b22a76-b5f8-4983-80cb-75909fa164ef => generated 0 bytes in 234 msecs (HTTP/1.1 204) 2 headers in 112 bytes (1 switches on core 0)
2026-05-13 10:09:31.367 7 INFO neutron.db.ovn_revision_numbers_db [None req-ffb4cf27-d101-4229-b030-7cb33d24338c 9070fd1d634241ab91b673de14d06a8e f57a5b0669f04bbdbea8ce6ff56fd454 - - default default] Successfully bumped revision number for resource a4c379f6-c19e-4d7c-8f64-779615cbe909 (type: ports) to 1
2026-05-13 10:09:32.067 8 INFO neutron.plugins.ml2.drivers.ovn.mech_driver.mech_driver [None req-e7e697d4-dd5e-4f8a-bddc-0354fa0a6875 - - - - - -] OVN reports status up for port: a4c379f6-c19e-4d7c-8f64-779615cbe909
2026-05-13 10:09:32.086 8 INFO neutron.plugins.ml2.drivers.ovn.mech_driver.ovsdb.ovsdb_monitor [None req-80bb8e72-b063-49c9-a27d-dc0880bea081 - - - - - -] Router 940f1579-d2fe-463e-9af0-c8479b783b79 is bound to host instance
2026-05-13 10:09:32.122 8 INFO neutron.plugins.ml2.plugin [None req-e7e697d4-dd5e-4f8a-bddc-0354fa0a6875 - - - - - -] Attempt 1 to provision port a4c379f6-c19e-4d7c-8f64-779615cbe909
2026-05-13 10:09:32.146 7 INFO neutron.db.ovn_revision_numbers_db [None req-ffb4cf27-d101-4229-b030-7cb33d24338c 9070fd1d634241ab91b673de14d06a8e f57a5b0669f04bbdbea8ce6ff56fd454 - - default default] Successfully bumped revision number for resource a4c379f6-c19e-4d7c-8f64-779615cbe909 (type: router_ports) to 1
2026-05-13 10:09:32.234 7 INFO neutron.db.ovn_revision_numbers_db [None req-ffb4cf27-d101-4229-b030-7cb33d24338c 9070fd1d634241ab91b673de14d06a8e f57a5b0669f04bbdbea8ce6ff56fd454 - - default default] Successfully bumped revision number for resource 940f1579-d2fe-463e-9af0-c8479b783b79 (type: routers) to 2 [pid: 7|app: 0|req: 1440/2621] 10.0.0.105 () {34 vars in 668 bytes} [Wed May 13 10:09:30 2026] POST /v2.0/routers => generated 965 bytes in 1586 msecs (HTTP/1.1 201) 4 headers in 162 bytes (1 switches on core 0)
2026-05-13 10:09:33.252 8 WARNING neutron.scheduler.dhcp_agent_scheduler [None req-bd64d35b-3284-4ec7-bf4d-0dd6696113b2 9070fd1d634241ab91b673de14d06a8e f57a5b0669f04bbdbea8ce6ff56fd454 - - default default] No more DHCP agents
2026-05-13 10:09:33.255 8 WARNING neutron.api.rpc.agentnotifiers.dhcp_rpc_agent_api [None req-bd64d35b-3284-4ec7-bf4d-0dd6696113b2 9070fd1d634241ab91b673de14d06a8e f57a5b0669f04bbdbea8ce6ff56fd454 - - default default] Unable to schedule network 0661d82e-9013-46d4-8745-ea86a59c58e5: no agents available; will retry on subsequent port and subnet creation events.
2026-05-13 10:09:33.554 8 INFO neutron.db.ovn_revision_numbers_db [None req-bd64d35b-3284-4ec7-bf4d-0dd6696113b2 9070fd1d634241ab91b673de14d06a8e f57a5b0669f04bbdbea8ce6ff56fd454 - - default default] Successfully bumped revision number for resource 0acd45f8-e1f6-40c6-8bfd-f6f0bc024b48 (type: ports) to 1
2026-05-13 10:09:33.794 7 INFO neutron.db.ovn_revision_numbers_db [None req-caef4450-3a7d-424f-a4f6-e69f422f9582 3d66ff5cdd264cdca983b4612b0cb442 0f46f642a97b428da761df944456ab7a - - default default] Successfully bumped revision number for resource 79056e65-03e4-4de6-99c0-ab711d6c7ac3 (type: security_groups) to 1
2026-05-13 10:09:33.810 7 INFO neutron.db.ovn_revision_numbers_db [None req-caef4450-3a7d-424f-a4f6-e69f422f9582 3d66ff5cdd264cdca983b4612b0cb442 0f46f642a97b428da761df944456ab7a - - default default] Successfully bumped revision number for resource 29357efd-30af-438a-9666-a60168bdd399 (type: security_group_rules) to 0
2026-05-13 10:09:33.825 7 INFO neutron.db.ovn_revision_numbers_db [None req-caef4450-3a7d-424f-a4f6-e69f422f9582 3d66ff5cdd264cdca983b4612b0cb442 0f46f642a97b428da761df944456ab7a - - default default] Successfully bumped revision number for resource 8b23d5ea-50ac-4a8b-a9e0-ced842e6827e (type: security_group_rules) to 0
2026-05-13 10:09:33.844 7 INFO neutron.db.ovn_revision_numbers_db [None req-caef4450-3a7d-424f-a4f6-e69f422f9582 3d66ff5cdd264cdca983b4612b0cb442 0f46f642a97b428da761df944456ab7a - - default default] Successfully bumped revision number for resource 9fffb62d-7acd-4bdf-bc67-123f9bca877b (type: security_group_rules) to 0
2026-05-13 10:09:33.874 7 INFO neutron.db.ovn_revision_numbers_db [None req-caef4450-3a7d-424f-a4f6-e69f422f9582 3d66ff5cdd264cdca983b4612b0cb442 0f46f642a97b428da761df944456ab7a - - default default] Successfully bumped revision number for resource b6af4bd1-8e7e-407a-9006-31eba590a781 (type: security_group_rules) to 0
2026-05-13 10:09:33.964 7 INFO neutron.db.segments_db [None req-caef4450-3a7d-424f-a4f6-e69f422f9582 3d66ff5cdd264cdca983b4612b0cb442 0f46f642a97b428da761df944456ab7a - - default default] Added segment 4237f72b-b788-405c-b75a-d7325b8c9d72 of type geneve for network 3a0f12d2-7b0c-4aca-a6d5-bc46c95de2e2
2026-05-13 10:09:34.028 8 INFO neutron.db.ovn_revision_numbers_db [None req-577f781b-c3ca-4682-8154-8628f73280fa - - - - - -] Successfully bumped revision number for resource a4c379f6-c19e-4d7c-8f64-779615cbe909 (type: ports) to 4
2026-05-13 10:09:34.090 7 INFO neutron.db.ovn_revision_numbers_db [None req-caef4450-3a7d-424f-a4f6-e69f422f9582 3d66ff5cdd264cdca983b4612b0cb442 0f46f642a97b428da761df944456ab7a - - default default] Successfully bumped revision number for resource 3a0f12d2-7b0c-4aca-a6d5-bc46c95de2e2 (type: networks) to 1
2026-05-13 10:09:34.286 7 WARNING neutron.scheduler.dhcp_agent_scheduler [None req-caef4450-3a7d-424f-a4f6-e69f422f9582 3d66ff5cdd264cdca983b4612b0cb442 0f46f642a97b428da761df944456ab7a - - default default] No more DHCP agents
2026-05-13 10:09:34.288 7 WARNING neutron.api.rpc.agentnotifiers.dhcp_rpc_agent_api [None req-caef4450-3a7d-424f-a4f6-e69f422f9582 3d66ff5cdd264cdca983b4612b0cb442 0f46f642a97b428da761df944456ab7a - - default default] Unable to schedule network 3a0f12d2-7b0c-4aca-a6d5-bc46c95de2e2: no agents available; will retry on subsequent port and subnet creation events.
2026-05-13 10:09:34.453 7 INFO neutron.db.ovn_revision_numbers_db [None req-caef4450-3a7d-424f-a4f6-e69f422f9582 3d66ff5cdd264cdca983b4612b0cb442 0f46f642a97b428da761df944456ab7a - - default default] Successfully bumped revision number for resource d35b8ed4-25e8-4d0a-9c3f-884ec6b0b940 (type: ports) to 1 [pid: 7|app: 0|req: 1441/2622] 10.0.0.105 () {34 vars in 670 bytes} [Wed May 13 10:09:33 2026] POST /v2.0/networks => generated 781 bytes in 1202 msecs (HTTP/1.1 201) 4 headers in 162 bytes (1 switches on core 0)
2026-05-13 10:09:34.691 8 INFO neutron.db.ovn_revision_numbers_db [None req-577f781b-c3ca-4682-8154-8628f73280fa - - - - - -] Successfully bumped revision number for resource a4c379f6-c19e-4d7c-8f64-779615cbe909 (type: ports) to 5
2026-05-13 10:09:34.734 7 WARNING neutron.scheduler.dhcp_agent_scheduler [None req-bf8f256b-817f-4119-9835-ee9794ca1f54 3d66ff5cdd264cdca983b4612b0cb442 0f46f642a97b428da761df944456ab7a - - default default] No more DHCP agents
2026-05-13 10:09:34.736 7 WARNING neutron.api.rpc.agentnotifiers.dhcp_rpc_agent_api [None req-bf8f256b-817f-4119-9835-ee9794ca1f54 3d66ff5cdd264cdca983b4612b0cb442 0f46f642a97b428da761df944456ab7a - - default default] Unable to schedule network 3a0f12d2-7b0c-4aca-a6d5-bc46c95de2e2: no agents available; will retry on subsequent port and subnet creation events.
2026-05-13 10:09:34.978 8 INFO neutron.plugins.ml2.drivers.ovn.mech_driver.mech_driver [None req-e7e697d4-dd5e-4f8a-bddc-0354fa0a6875 - - - - - -] OVN reports status down for port: 0acd45f8-e1f6-40c6-8bfd-f6f0bc024b48
2026-05-13 10:09:35.062 8 WARNING neutron.scheduler.dhcp_agent_scheduler [None req-bd64d35b-3284-4ec7-bf4d-0dd6696113b2 9070fd1d634241ab91b673de14d06a8e f57a5b0669f04bbdbea8ce6ff56fd454 - - default default] No more DHCP agents
2026-05-13 10:09:35.066 8 WARNING neutron.api.rpc.agentnotifiers.dhcp_rpc_agent_api [None req-bd64d35b-3284-4ec7-bf4d-0dd6696113b2 9070fd1d634241ab91b673de14d06a8e f57a5b0669f04bbdbea8ce6ff56fd454 - - default default] Unable to schedule network 0661d82e-9013-46d4-8745-ea86a59c58e5: no agents available; will retry on subsequent port and subnet creation events.
2026-05-13 10:09:35.095 8 WARNING neutron.plugins.ml2.drivers.ovn.mech_driver.ovsdb.ovn_client [None req-e7e697d4-dd5e-4f8a-bddc-0354fa0a6875 - - - - - -] Logical_Switch_Port 0acd45f8-e1f6-40c6-8bfd-f6f0bc024b48 host information not removed, the port state is up
2026-05-13 10:09:35.096 8 INFO neutron.plugins.ml2.drivers.ovn.mech_driver.mech_driver [None req-e7e697d4-dd5e-4f8a-bddc-0354fa0a6875 - - - - - -] OVN reports status down for port: d35b8ed4-25e8-4d0a-9c3f-884ec6b0b940
2026-05-13 10:09:35.199 8 INFO neutron.plugins.ml2.drivers.ovn.mech_driver.mech_driver [None req-e7e697d4-dd5e-4f8a-bddc-0354fa0a6875 - - - - - -] OVN reports status up for port: 0acd45f8-e1f6-40c6-8bfd-f6f0bc024b48
2026-05-13 10:09:35.222 8 INFO neutron.plugins.ml2.plugin [None req-e7e697d4-dd5e-4f8a-bddc-0354fa0a6875 - - - - - -] Attempt 1 to provision port 0acd45f8-e1f6-40c6-8bfd-f6f0bc024b48
2026-05-13 10:09:35.297 7 INFO neutron.db.ovn_revision_numbers_db [None req-bf8f256b-817f-4119-9835-ee9794ca1f54 3d66ff5cdd264cdca983b4612b0cb442 0f46f642a97b428da761df944456ab7a - - default default] Successfully bumped revision number for resource d35b8ed4-25e8-4d0a-9c3f-884ec6b0b940 (type: ports) to 2
2026-05-13 10:09:35.337 7 INFO neutron.db.ovn_revision_numbers_db [None req-bf8f256b-817f-4119-9835-ee9794ca1f54 3d66ff5cdd264cdca983b4612b0cb442 0f46f642a97b428da761df944456ab7a - - default default] Successfully bumped revision number for resource 1199c54a-6f7f-4737-bee4-f51c44fc464d (type: subnets) to 0 [pid: 7|app: 0|req: 1442/2623] 10.0.0.105 () {34 vars in 668 bytes} [Wed May 13 10:09:34 2026] POST /v2.0/subnets => generated 687 bytes in 807 msecs (HTTP/1.1 201) 4 headers in 162 bytes (1 switches on core 0)
2026-05-13 10:09:35.879 8 INFO neutron.db.ovn_revision_numbers_db [None req-bd64d35b-3284-4ec7-bf4d-0dd6696113b2 9070fd1d634241ab91b673de14d06a8e f57a5b0669f04bbdbea8ce6ff56fd454 - - default default] Successfully bumped revision number for resource 0acd45f8-e1f6-40c6-8bfd-f6f0bc024b48 (type: router_ports) to 1 [pid: 8|app: 0|req: 1182/2624] 10.0.0.105 () {34 vars in 782 bytes} [Wed May 13 10:09:32 2026] PUT /v2.0/routers/940f1579-d2fe-463e-9af0-c8479b783b79/add_router_interface => generated 310 bytes in 3632 msecs (HTTP/1.1 200) 4 headers in 157 bytes (1 switches on core 0)
2026-05-13 10:09:35.955 7 WARNING neutron.scheduler.dhcp_agent_scheduler [None req-00d76f15-4842-443a-b97b-2f89b65d8623 b05a8374e7fb455dbbc79ca215110c9f bf08c2ccb7644655a85e7e7a90751cb0 - - default default] No more DHCP agents
2026-05-13 10:09:35.957 7 WARNING neutron.api.rpc.agentnotifiers.dhcp_rpc_agent_api [None req-00d76f15-4842-443a-b97b-2f89b65d8623 b05a8374e7fb455dbbc79ca215110c9f bf08c2ccb7644655a85e7e7a90751cb0 - - default default] Unable to schedule network 679965e4-687f-4270-bd27-e1aec0747e53: no agents available; will retry on subsequent port and subnet creation events.
2026-05-13 10:09:36.259 8 INFO neutron.db.ovn_revision_numbers_db [None req-e7e697d4-dd5e-4f8a-bddc-0354fa0a6875 - - - - - -] Successfully bumped revision number for resource 0acd45f8-e1f6-40c6-8bfd-f6f0bc024b48 (type: ports) to 2 [pid: 7|app: 0|req: 1443/2627] 10.0.0.105 () {34 vars in 675 bytes} [Wed May 13 10:09:35 2026] POST /v2.0/floatingips => generated 552 bytes in 925 msecs (HTTP/1.1 201) 4 headers in 162 bytes (1 switches on core 0)
2026-05-13 10:09:36.879 7 WARNING neutron.scheduler.dhcp_agent_scheduler [None req-2a98bc8f-7936-434e-b67f-12d840e20da1 9070fd1d634241ab91b673de14d06a8e f57a5b0669f04bbdbea8ce6ff56fd454 - - default default] No more DHCP agents
2026-05-13 10:09:36.881 7 WARNING neutron.api.rpc.agentnotifiers.dhcp_rpc_agent_api [None req-2a98bc8f-7936-434e-b67f-12d840e20da1 9070fd1d634241ab91b673de14d06a8e f57a5b0669f04bbdbea8ce6ff56fd454 - - default default] Unable to schedule network 221d512a-6781-4e8c-b657-cef24377f6bb: no agents available; will retry on subsequent port and subnet creation events.
2026-05-13 10:09:37.072 7 INFO neutron.db.ovn_revision_numbers_db [None req-2a98bc8f-7936-434e-b67f-12d840e20da1 9070fd1d634241ab91b673de14d06a8e f57a5b0669f04bbdbea8ce6ff56fd454 - - default default] Successfully bumped revision number for resource 6cc109a5-6d3a-4b67-9bd7-25a97ed9fcab (type: ports) to 1
2026-05-13 10:09:37.268 8 WARNING neutron.scheduler.dhcp_agent_scheduler [None req-9f4c628b-dad2-48aa-9aff-be0e0eb93d11 3d66ff5cdd264cdca983b4612b0cb442 0f46f642a97b428da761df944456ab7a - - default default] No more DHCP agents
2026-05-13 10:09:37.269 8 WARNING neutron.api.rpc.agentnotifiers.dhcp_rpc_agent_api [None req-9f4c628b-dad2-48aa-9aff-be0e0eb93d11 3d66ff5cdd264cdca983b4612b0cb442 0f46f642a97b428da761df944456ab7a - - default default] Unable to schedule network 679965e4-687f-4270-bd27-e1aec0747e53: no agents available; will retry on subsequent port and subnet creation events.
2026-05-13 10:09:37.420 8 INFO neutron.db.ovn_revision_numbers_db [None req-9f4c628b-dad2-48aa-9aff-be0e0eb93d11 3d66ff5cdd264cdca983b4612b0cb442 0f46f642a97b428da761df944456ab7a - - default default] Successfully bumped revision number for resource ba1a6b01-3b5c-41e0-b88b-2e954c2e7028 (type: ports) to 1
2026-05-13 10:09:37.943 7 WARNING neutron.scheduler.dhcp_agent_scheduler [None req-2a98bc8f-7936-434e-b67f-12d840e20da1 9070fd1d634241ab91b673de14d06a8e f57a5b0669f04bbdbea8ce6ff56fd454 - - default default] No more DHCP agents
2026-05-13 10:09:37.947 7 WARNING neutron.api.rpc.agentnotifiers.dhcp_rpc_agent_api [None req-2a98bc8f-7936-434e-b67f-12d840e20da1 9070fd1d634241ab91b673de14d06a8e f57a5b0669f04bbdbea8ce6ff56fd454 - - default default] Unable to schedule network 221d512a-6781-4e8c-b657-cef24377f6bb: no agents available; will retry on subsequent port and subnet creation events.
2026-05-13 10:09:38.113 8 INFO neutron.plugins.ml2.drivers.ovn.mech_driver.ovsdb.ovsdb_monitor [None req-577f781b-c3ca-4682-8154-8628f73280fa - - - - - -] Router ee9621cc-e4d0-4e03-b4cc-15469ab57fc7 is bound to host instance
2026-05-13 10:09:38.344 8 INFO neutron.db.ovn_revision_numbers_db [None req-9f4c628b-dad2-48aa-9aff-be0e0eb93d11 3d66ff5cdd264cdca983b4612b0cb442 0f46f642a97b428da761df944456ab7a - - default default] Successfully bumped revision number for resource ba1a6b01-3b5c-41e0-b88b-2e954c2e7028 (type: router_ports) to 1
2026-05-13 10:09:38.346 7 INFO neutron.db.ovn_revision_numbers_db [None req-2a98bc8f-7936-434e-b67f-12d840e20da1 9070fd1d634241ab91b673de14d06a8e f57a5b0669f04bbdbea8ce6ff56fd454 - - default default] Successfully bumped revision number for resource 6cc109a5-6d3a-4b67-9bd7-25a97ed9fcab (type: router_ports) to 1 [pid: 7|app: 0|req: 1444/2628] 10.0.0.105 () {34 vars in 782 bytes} [Wed May 13 10:09:36 2026] PUT /v2.0/routers/940f1579-d2fe-463e-9af0-c8479b783b79/add_router_interface => generated 310 bytes in 2068 msecs (HTTP/1.1 200) 4 headers in 157 bytes (1 switches on core 0)
2026-05-13 10:09:38.376 7 WARNING tagging [None req-a3ff15c5-4b40-4d0d-86bd-d86bba0f85ac b05a8374e7fb455dbbc79ca215110c9f bf08c2ccb7644655a85e7e7a90751cb0 - - default default] project_id key not found in request, using tenant_id instead. This support has been deprecated and will be removed in a future release. [pid: 7|app: 0|req: 1445/2629] 10.0.0.105 () {34 vars in 758 bytes} [Wed May 13 10:09:38 2026] PUT /v2.0/floatingips/e89c40a7-e332-41bd-a558-2ae67fc3d381/tags => generated 25 bytes in 412 msecs (HTTP/1.1 200) 4 headers in 156 bytes (1 switches on core 0)
2026-05-13 10:09:38.811 8 INFO neutron.db.ovn_revision_numbers_db [None req-9f4c628b-dad2-48aa-9aff-be0e0eb93d11 3d66ff5cdd264cdca983b4612b0cb442 0f46f642a97b428da761df944456ab7a - - default default] Successfully bumped revision number for resource ee9621cc-e4d0-4e03-b4cc-15469ab57fc7 (type: routers) to 2 [pid: 8|app: 0|req: 1185/2630] 10.0.0.105 () {34 vars in 668 bytes} [Wed May 13 10:09:35 2026] POST /v2.0/routers => generated 986 bytes in 3003 msecs (HTTP/1.1 201) 4 headers in 162 bytes (1 switches on core 0)
2026-05-13 10:09:38.949 8 WARNING tagging [None req-a7ccf3ee-f711-4815-a239-f848f0ed9734 b05a8374e7fb455dbbc79ca215110c9f bf08c2ccb7644655a85e7e7a90751cb0 - - default default] project_id key not found in request, using tenant_id instead. This support has been deprecated and will be removed in a future release. [pid: 8|app: 0|req: 1186/2631] 10.0.0.105 () {32 vars in 738 bytes} [Wed May 13 10:09:38 2026] GET /v2.0/floatingips/e89c40a7-e332-41bd-a558-2ae67fc3d381/tags => generated 25 bytes in 82 msecs (HTTP/1.1 200) 4 headers in 156 bytes (1 switches on core 0)
2026-05-13 10:09:39.283 7 WARNING neutron.scheduler.dhcp_agent_scheduler [None req-dda3c6dd-79f2-4666-ab82-cc5fabd36e9c 9070fd1d634241ab91b673de14d06a8e f57a5b0669f04bbdbea8ce6ff56fd454 - - default default] No more DHCP agents
2026-05-13 10:09:39.284 7 WARNING neutron.api.rpc.agentnotifiers.dhcp_rpc_agent_api [None req-dda3c6dd-79f2-4666-ab82-cc5fabd36e9c 9070fd1d634241ab91b673de14d06a8e f57a5b0669f04bbdbea8ce6ff56fd454 - - default default] Unable to schedule network 0c4aa6ce-ac9d-4e2b-9236-d6426edd6f12: no agents available; will retry on subsequent port and subnet creation events.
2026-05-13 10:09:39.418 7 INFO neutron.plugins.ml2.drivers.ovn.mech_driver.mech_driver [None req-ed957640-116a-4e29-94d9-f76cffd122fd - - - - - -] OVN reports status down for port: ed8fbe23-3ce7-4b4b-b28d-492fdd654d35
2026-05-13 10:09:39.477 7 INFO neutron.db.ovn_revision_numbers_db [None req-dda3c6dd-79f2-4666-ab82-cc5fabd36e9c 9070fd1d634241ab91b673de14d06a8e f57a5b0669f04bbdbea8ce6ff56fd454 - - default default] Successfully bumped revision number for resource ed8fbe23-3ce7-4b4b-b28d-492fdd654d35 (type: ports) to 1
2026-05-13 10:09:39.900 8 WARNING neutron.scheduler.dhcp_agent_scheduler [None req-32090171-6d87-4ed7-9de7-bb924a266881 3d66ff5cdd264cdca983b4612b0cb442 0f46f642a97b428da761df944456ab7a - - default default] No more DHCP agents
2026-05-13 10:09:39.903 8 WARNING neutron.api.rpc.agentnotifiers.dhcp_rpc_agent_api [None req-32090171-6d87-4ed7-9de7-bb924a266881 3d66ff5cdd264cdca983b4612b0cb442 0f46f642a97b428da761df944456ab7a - - default default] Unable to schedule network 3a0f12d2-7b0c-4aca-a6d5-bc46c95de2e2: no agents available; will retry on subsequent port and subnet creation events.
2026-05-13 10:09:40.081 8 INFO neutron.db.ovn_revision_numbers_db [None req-923821b1-8537-464d-9f55-64fae9105ff9 - - - - - -] Successfully bumped revision number for resource ba1a6b01-3b5c-41e0-b88b-2e954c2e7028 (type: ports) to 4
2026-05-13 10:09:40.149 7 INFO neutron.plugins.ml2.drivers.ovn.mech_driver.mech_driver [None req-ed957640-116a-4e29-94d9-f76cffd122fd - - - - - -] OVN reports status down for port: 11716e5d-08c5-4ad0-aa90-dc279cc04638
2026-05-13 10:09:40.264 8 INFO neutron.db.ovn_revision_numbers_db [None req-32090171-6d87-4ed7-9de7-bb924a266881 3d66ff5cdd264cdca983b4612b0cb442 0f46f642a97b428da761df944456ab7a - - default default] Successfully bumped revision number for resource 11716e5d-08c5-4ad0-aa90-dc279cc04638 (type: ports) to 1
2026-05-13 10:09:40.377 7 INFO neutron.plugins.ml2.drivers.ovn.mech_driver.mech_driver [None req-ed957640-116a-4e29-94d9-f76cffd122fd - - - - - -] OVN reports status up for port: ed8fbe23-3ce7-4b4b-b28d-492fdd654d35
2026-05-13 10:09:40.400 7 INFO neutron.plugins.ml2.plugin [None req-ed957640-116a-4e29-94d9-f76cffd122fd - - - - - -] Attempt 1 to provision port ed8fbe23-3ce7-4b4b-b28d-492fdd654d35
2026-05-13 10:09:40.425 7 WARNING neutron.scheduler.dhcp_agent_scheduler [None req-dda3c6dd-79f2-4666-ab82-cc5fabd36e9c 9070fd1d634241ab91b673de14d06a8e f57a5b0669f04bbdbea8ce6ff56fd454 - - default default] No more DHCP agents
2026-05-13 10:09:40.428 7 WARNING neutron.api.rpc.agentnotifiers.dhcp_rpc_agent_api [None req-dda3c6dd-79f2-4666-ab82-cc5fabd36e9c 9070fd1d634241ab91b673de14d06a8e f57a5b0669f04bbdbea8ce6ff56fd454 - - default default] Unable to schedule network 0c4aa6ce-ac9d-4e2b-9236-d6426edd6f12: no agents available; will retry on subsequent port and subnet creation events.
2026-05-13 10:09:40.677 8 INFO neutron.db.ovn_revision_numbers_db [None req-923821b1-8537-464d-9f55-64fae9105ff9 - - - - - -] Successfully bumped revision number for resource ba1a6b01-3b5c-41e0-b88b-2e954c2e7028 (type: ports) to 5
2026-05-13 10:09:41.211 8 WARNING neutron.scheduler.dhcp_agent_scheduler [None req-32090171-6d87-4ed7-9de7-bb924a266881 3d66ff5cdd264cdca983b4612b0cb442 0f46f642a97b428da761df944456ab7a - - default default] No more DHCP agents
2026-05-13 10:09:41.212 8 WARNING neutron.api.rpc.agentnotifiers.dhcp_rpc_agent_api [None req-32090171-6d87-4ed7-9de7-bb924a266881 3d66ff5cdd264cdca983b4612b0cb442 0f46f642a97b428da761df944456ab7a - - default default] Unable to schedule network 3a0f12d2-7b0c-4aca-a6d5-bc46c95de2e2: no agents available; will retry on subsequent port and subnet creation events.
2026-05-13 10:09:41.228 7 INFO neutron.db.ovn_revision_numbers_db [None req-dda3c6dd-79f2-4666-ab82-cc5fabd36e9c 9070fd1d634241ab91b673de14d06a8e f57a5b0669f04bbdbea8ce6ff56fd454 - - default default] Successfully bumped revision number for resource ed8fbe23-3ce7-4b4b-b28d-492fdd654d35 (type: router_ports) to 1 [pid: 7|app: 0|req: 1446/2632] 10.0.0.105 () {34 vars in 782 bytes} [Wed May 13 10:09:38 2026] PUT /v2.0/routers/940f1579-d2fe-463e-9af0-c8479b783b79/add_router_interface => generated 310 bytes in 2473 msecs (HTTP/1.1 200) 4 headers in 157 bytes (1 switches on core 0)
2026-05-13 10:09:41.292 7 WARNING tagging [None req-e9c92847-a638-4c55-aae2-fda87f5627a3 b05a8374e7fb455dbbc79ca215110c9f bf08c2ccb7644655a85e7e7a90751cb0 - - default default] project_id key not found in request, using tenant_id instead. This support has been deprecated and will be removed in a future release.
2026-05-13 10:09:41.380 7 INFO neutron.db.ovn_revision_numbers_db [None req-ed957640-116a-4e29-94d9-f76cffd122fd - - - - - -] Successfully bumped revision number for resource ed8fbe23-3ce7-4b4b-b28d-492fdd654d35 (type: ports) to 2 [pid: 7|app: 0|req: 1447/2633] 10.0.0.105 () {34 vars in 769 bytes} [Wed May 13 10:09:41 2026] PUT /v2.0/floatingips/e89c40a7-e332-41bd-a558-2ae67fc3d381/tags/green => generated 4 bytes in 144 msecs (HTTP/1.1 201) 4 headers in 160 bytes (1 switches on core 0)
2026-05-13 10:09:41.573 7 INFO neutron.db.ovn_revision_numbers_db [None req-072fdaeb-d8a4-44e0-bfb4-136f1e502ff8 9070fd1d634241ab91b673de14d06a8e f57a5b0669f04bbdbea8ce6ff56fd454 - - default default] Successfully bumped revision number for resource fa55e88c-920a-4960-9fd9-f01610ca34cd (type: security_groups) to 1
2026-05-13 10:09:41.589 7 INFO neutron.db.ovn_revision_numbers_db [None req-072fdaeb-d8a4-44e0-bfb4-136f1e502ff8 9070fd1d634241ab91b673de14d06a8e f57a5b0669f04bbdbea8ce6ff56fd454 - - default default] Successfully bumped revision number for resource d9c276d6-f3ea-4687-9d4b-195c9381e0d8 (type: security_group_rules) to 0
2026-05-13 10:09:41.602 7 INFO neutron.db.ovn_revision_numbers_db [None req-072fdaeb-d8a4-44e0-bfb4-136f1e502ff8 9070fd1d634241ab91b673de14d06a8e f57a5b0669f04bbdbea8ce6ff56fd454 - - default default] Successfully bumped revision number for resource def7a6e5-d193-40a8-b071-a7a0caedcb70 (type: security_group_rules) to 0 [pid: 7|app: 0|req: 1448/2634] 10.0.0.105 () {34 vars in 683 bytes} [Wed May 13 10:09:41 2026] POST /v2.0/security-groups => generated 1630 bytes in 260 msecs (HTTP/1.1 201) 4 headers in 163 bytes (1 switches on core 0)
