2026-05-13 10:06:59.771 8 WARNING neutron.scheduler.dhcp_agent_scheduler [None req-1096e4b3-421f-4b69-a506-7d7baa2084bb c46a6ca18948440b9489fba8600a78a0 efe6997c47ab4224a61cee4a89fc9b88 - - default default] No more DHCP agents
2026-05-13 10:06:59.773 8 WARNING neutron.api.rpc.agentnotifiers.dhcp_rpc_agent_api [None req-1096e4b3-421f-4b69-a506-7d7baa2084bb c46a6ca18948440b9489fba8600a78a0 efe6997c47ab4224a61cee4a89fc9b88 - - default default] Unable to schedule network 2a6e7fa0-5175-4ec6-bddd-5b593aa1baff: no agents available; will retry on subsequent port and subnet creation events.
2026-05-13 10:06:59.794 7 INFO neutron.db.ovn_revision_numbers_db [None req-5fdd87f1-97c3-4af4-92b1-ce0c3f0f7860 3d66ff5cdd264cdca983b4612b0cb442 0f46f642a97b428da761df944456ab7a - - default default] Successfully bumped revision number for resource 61e4b8de-b7f4-4bf3-8b32-56b73846ddf0 (type: security_groups) to 1
2026-05-13 10:06:59.820 7 INFO neutron.plugins.ml2.drivers.ovn.mech_driver.mech_driver [None req-bb759a8e-40c3-438c-8696-21c8d095462c - - - - - -] OVN reports status down for port: 51c0c37b-40a6-456a-8bf3-bbf0de051803
2026-05-13 10:06:59.923 7 INFO neutron.db.ovn_revision_numbers_db [None req-5fdd87f1-97c3-4af4-92b1-ce0c3f0f7860 3d66ff5cdd264cdca983b4612b0cb442 0f46f642a97b428da761df944456ab7a - - default default] Successfully bumped revision number for resource 0ed15044-a1a5-431d-8d9a-9dc25afcceb8 (type: security_group_rules) to 0
2026-05-13 10:06:59.935 8 INFO neutron.db.ovn_revision_numbers_db [None req-1096e4b3-421f-4b69-a506-7d7baa2084bb c46a6ca18948440b9489fba8600a78a0 efe6997c47ab4224a61cee4a89fc9b88 - - default default] Successfully bumped revision number for resource 51c0c37b-40a6-456a-8bf3-bbf0de051803 (type: ports) to 1
2026-05-13 10:06:59.970 7 INFO neutron.db.ovn_revision_numbers_db [None req-5fdd87f1-97c3-4af4-92b1-ce0c3f0f7860 3d66ff5cdd264cdca983b4612b0cb442 0f46f642a97b428da761df944456ab7a - - default default] Successfully bumped revision number for resource 837c9a35-b8bc-462e-b5c2-d993d713580c (type: security_group_rules) to 0
2026-05-13 10:07:00.076 7 INFO neutron.db.ovn_revision_numbers_db [None req-5fdd87f1-97c3-4af4-92b1-ce0c3f0f7860 3d66ff5cdd264cdca983b4612b0cb442 0f46f642a97b428da761df944456ab7a - - default default] Successfully bumped revision number for resource 8b4414e9-2607-4e52-8e8e-45065b3a5cd9 (type: security_group_rules) to 0 [pid: 8|app: 0|req: 836/1902] 10.0.0.105 () {34 vars in 663 bytes} [Wed May 13 10:06:59 2026] POST /v2.0/ports => generated 743 bytes in 1067 msecs (HTTP/1.1 201) 4 headers in 162 bytes (1 switches on core 0) /var/lib/openstack/lib/python3.12/site-packages/pycadf/identifier.py:70: UserWarning: Invalid uuid: neutron. To ensure interoperability, identifiers should be a valid uuid. warnings.warn(('Invalid uuid: %s. To ensure interoperability, ' [pid: 8|app: 0|req: 837/1903] 10.0.0.75 () {34 vars in 988 bytes} [Wed May 13 10:07:00 2026] GET /v2.0/ports?device_id=47cb2c8e-c49c-4262-9b5f-0c4dd8d3271b => generated 12 bytes in 20 msecs (HTTP/1.1 200) 4 headers in 156 bytes (1 switches on core 0) [pid: 8|app: 0|req: 838/1904] 10.0.0.142 () {28 vars in 580 bytes} [Wed May 13 10:07:00 2026] GET /v2.0/agents => generated 1214 bytes in 16 msecs (HTTP/1.1 200) 4 headers in 158 bytes (1 switches on core 0)
2026-05-13 10:07:00.130 7 INFO neutron.db.ovn_revision_numbers_db [None req-5fdd87f1-97c3-4af4-92b1-ce0c3f0f7860 3d66ff5cdd264cdca983b4612b0cb442 0f46f642a97b428da761df944456ab7a - - default default] Successfully bumped revision number for resource a13981cc-9f54-4e28-90c6-00041ade6af9 (type: security_group_rules) to 0 [pid: 7|app: 0|req: 1067/1905] 10.0.0.105 () {32 vars in 773 bytes} [Wed May 13 10:06:59 2026] GET /v2.0/security-groups?tenant_id=2ff132096bd34634a2c970ff7d841552&name=default => generated 2925 bytes in 1020 msecs (HTTP/1.1 200) 4 headers in 158 bytes (1 switches on core 0) [pid: 7|app: 0|req: 1068/1906] 10.0.0.142 () {28 vars in 618 bytes} [Wed May 13 10:07:00 2026] GET /v2.0/network-ip-availabilities => generated 3471 bytes in 23 msecs (HTTP/1.1 200) 4 headers in 158 bytes (1 switches on core 0)
2026-05-13 10:07:00.270 8 INFO neutron.db.segments_db [None req-ac91ab75-f2fe-444a-b617-5cd91830442e c46a6ca18948440b9489fba8600a78a0 efe6997c47ab4224a61cee4a89fc9b88 - - default default] Added segment 4684f90a-3322-41ab-b5db-85e1811f8a63 of type geneve for network e075202e-0ac2-4d8b-a430-1c637df01824
2026-05-13 10:07:01.297 8 INFO neutron.db.ovn_revision_numbers_db [None req-ac91ab75-f2fe-444a-b617-5cd91830442e c46a6ca18948440b9489fba8600a78a0 efe6997c47ab4224a61cee4a89fc9b88 - - default default] Successfully bumped revision number for resource e075202e-0ac2-4d8b-a430-1c637df01824 (type: networks) to 1 [pid: 7|app: 0|req: 1069/1907] 10.0.0.105 () {32 vars in 739 bytes} [Wed May 13 10:07:00 2026] DELETE /v2.0/security-groups/61e4b8de-b7f4-4bf3-8b32-56b73846ddf0 => generated 0 bytes in 1611 msecs (HTTP/1.1 204) 2 headers in 112 bytes (1 switches on core 0)
2026-05-13 10:07:01.836 8 WARNING neutron.scheduler.dhcp_agent_scheduler [None req-ac91ab75-f2fe-444a-b617-5cd91830442e c46a6ca18948440b9489fba8600a78a0 efe6997c47ab4224a61cee4a89fc9b88 - - default default] No more DHCP agents
2026-05-13 10:07:01.837 8 WARNING neutron.api.rpc.agentnotifiers.dhcp_rpc_agent_api [None req-ac91ab75-f2fe-444a-b617-5cd91830442e c46a6ca18948440b9489fba8600a78a0 efe6997c47ab4224a61cee4a89fc9b88 - - default default] Unable to schedule network e075202e-0ac2-4d8b-a430-1c637df01824: no agents available; will retry on subsequent port and subnet creation events.
2026-05-13 10:07:01.889 8 INFO neutron.plugins.ml2.drivers.ovn.mech_driver.mech_driver [None req-b9abde17-ff5a-4f38-9428-01fe599c4324 - - - - - -] OVN reports status down for port: 3574a086-9511-47ef-a665-9b6fbc72991b
2026-05-13 10:07:02.105 8 INFO neutron.db.ovn_revision_numbers_db [None req-ac91ab75-f2fe-444a-b617-5cd91830442e c46a6ca18948440b9489fba8600a78a0 efe6997c47ab4224a61cee4a89fc9b88 - - default default] Successfully bumped revision number for resource 3574a086-9511-47ef-a665-9b6fbc72991b (type: ports) to 1 [pid: 8|app: 0|req: 839/1908] 10.0.0.105 () {34 vars in 669 bytes} [Wed May 13 10:07:00 2026] POST /v2.0/networks => generated 670 bytes in 2124 msecs (HTTP/1.1 201) 4 headers in 162 bytes (1 switches on core 0)
2026-05-13 10:07:02.670 7 WARNING neutron.scheduler.dhcp_agent_scheduler [None req-fe52109a-d7bb-4ab1-b113-3a929778382d c46a6ca18948440b9489fba8600a78a0 efe6997c47ab4224a61cee4a89fc9b88 - - default default] No more DHCP agents
2026-05-13 10:07:02.672 7 WARNING neutron.api.rpc.agentnotifiers.dhcp_rpc_agent_api [None req-fe52109a-d7bb-4ab1-b113-3a929778382d c46a6ca18948440b9489fba8600a78a0 efe6997c47ab4224a61cee4a89fc9b88 - - default default] Unable to schedule network e075202e-0ac2-4d8b-a430-1c637df01824: no agents available; will retry on subsequent port and subnet creation events.
2026-05-13 10:07:02.723 7 INFO neutron.plugins.ml2.drivers.ovn.mech_driver.mech_driver [None req-bb759a8e-40c3-438c-8696-21c8d095462c - - - - - -] OVN reports status down for port: 92c44414-2638-4067-8cd3-407f69db2a14
2026-05-13 10:07:02.873 7 INFO neutron.db.ovn_revision_numbers_db [None req-fe52109a-d7bb-4ab1-b113-3a929778382d c46a6ca18948440b9489fba8600a78a0 efe6997c47ab4224a61cee4a89fc9b88 - - default default] Successfully bumped revision number for resource 92c44414-2638-4067-8cd3-407f69db2a14 (type: ports) to 1 [pid: 7|app: 0|req: 1070/1909] 10.0.0.105 () {34 vars in 663 bytes} [Wed May 13 10:07:02 2026] POST /v2.0/ports => generated 743 bytes in 885 msecs (HTTP/1.1 201) 4 headers in 162 bytes (1 switches on core 0)
2026-05-13 10:07:03.252 8 INFO neutron.db.segments_db [None req-4719aa85-663c-4a1a-b94b-768106fcd3ad c46a6ca18948440b9489fba8600a78a0 efe6997c47ab4224a61cee4a89fc9b88 - - default default] Added segment 822b9eb9-9e14-4afe-aa8a-c1bd91874af4 of type geneve for network 2f93d053-f054-431e-975c-54841ffab876
2026-05-13 10:07:03.522 8 INFO neutron.db.ovn_revision_numbers_db [None req-4719aa85-663c-4a1a-b94b-768106fcd3ad c46a6ca18948440b9489fba8600a78a0 efe6997c47ab4224a61cee4a89fc9b88 - - default default] Successfully bumped revision number for resource 2f93d053-f054-431e-975c-54841ffab876 (type: networks) to 1
2026-05-13 10:07:03.897 8 WARNING neutron.scheduler.dhcp_agent_scheduler [None req-4719aa85-663c-4a1a-b94b-768106fcd3ad c46a6ca18948440b9489fba8600a78a0 efe6997c47ab4224a61cee4a89fc9b88 - - default default] No more DHCP agents
2026-05-13 10:07:03.898 8 WARNING neutron.api.rpc.agentnotifiers.dhcp_rpc_agent_api [None req-4719aa85-663c-4a1a-b94b-768106fcd3ad c46a6ca18948440b9489fba8600a78a0 efe6997c47ab4224a61cee4a89fc9b88 - - default default] Unable to schedule network 2f93d053-f054-431e-975c-54841ffab876: no agents available; will retry on subsequent port and subnet creation events.
2026-05-13 10:07:03.964 7 INFO neutron.plugins.ml2.drivers.ovn.mech_driver.mech_driver [None req-bb759a8e-40c3-438c-8696-21c8d095462c - - - - - -] OVN reports status down for port: 8230a7d0-9d6c-4bf2-9f2e-cf76a9a83eba
2026-05-13 10:07:04.150 8 INFO neutron.db.ovn_revision_numbers_db [None req-4719aa85-663c-4a1a-b94b-768106fcd3ad c46a6ca18948440b9489fba8600a78a0 efe6997c47ab4224a61cee4a89fc9b88 - - default default] Successfully bumped revision number for resource 8230a7d0-9d6c-4bf2-9f2e-cf76a9a83eba (type: ports) to 1 [pid: 8|app: 0|req: 840/1910] 10.0.0.105 () {34 vars in 669 bytes} [Wed May 13 10:07:03 2026] POST /v2.0/networks => generated 670 bytes in 1273 msecs (HTTP/1.1 201) 4 headers in 162 bytes (1 switches on core 0) /var/lib/openstack/lib/python3.12/site-packages/pycadf/identifier.py:70: UserWarning: Invalid uuid: neutron. To ensure interoperability, identifiers should be a valid uuid. warnings.warn(('Invalid uuid: %s. To ensure interoperability, '
2026-05-13 10:07:04.736 7 WARNING neutron.scheduler.dhcp_agent_scheduler [None req-037b3fcd-7019-4cf4-a1f8-27907125dad0 c46a6ca18948440b9489fba8600a78a0 efe6997c47ab4224a61cee4a89fc9b88 - - default default] No more DHCP agents
2026-05-13 10:07:04.738 7 WARNING neutron.api.rpc.agentnotifiers.dhcp_rpc_agent_api [None req-037b3fcd-7019-4cf4-a1f8-27907125dad0 c46a6ca18948440b9489fba8600a78a0 efe6997c47ab4224a61cee4a89fc9b88 - - default default] Unable to schedule network 2f93d053-f054-431e-975c-54841ffab876: no agents available; will retry on subsequent port and subnet creation events.
2026-05-13 10:07:04.795 8 INFO neutron.plugins.ml2.drivers.ovn.mech_driver.mech_driver [None req-b9abde17-ff5a-4f38-9428-01fe599c4324 - - - - - -] OVN reports status down for port: 851b648f-66fa-40bb-86a7-c3bfa1b78c23
2026-05-13 10:07:04.947 7 INFO neutron.db.ovn_revision_numbers_db [None req-037b3fcd-7019-4cf4-a1f8-27907125dad0 c46a6ca18948440b9489fba8600a78a0 efe6997c47ab4224a61cee4a89fc9b88 - - default default] Successfully bumped revision number for resource 851b648f-66fa-40bb-86a7-c3bfa1b78c23 (type: ports) to 1 [pid: 7|app: 0|req: 1071/1913] 10.0.0.105 () {34 vars in 663 bytes} [Wed May 13 10:07:04 2026] POST /v2.0/ports => generated 743 bytes in 745 msecs (HTTP/1.1 201) 4 headers in 162 bytes (1 switches on core 0) /var/lib/openstack/lib/python3.12/site-packages/pycadf/identifier.py:70: UserWarning: Invalid uuid: neutron. To ensure interoperability, identifiers should be a valid uuid. warnings.warn(('Invalid uuid: %s. To ensure interoperability, '
2026-05-13 10:07:05.314 8 INFO neutron_taas.services.taas.taas_plugin [None req-c6ea89b6-e422-45e2-9ed5-190ad56f1116 3d66ff5cdd264cdca983b4612b0cb442 0f46f642a97b428da761df944456ab7a - - default default] TaaS: Handle Delete Port: f55e38a6-ab2a-4779-a5d7-53d23a6758ce
2026-05-13 10:07:05.316 8 INFO neutron_taas.services.taas.tap_mirror_plugin [None req-c6ea89b6-e422-45e2-9ed5-190ad56f1116 3d66ff5cdd264cdca983b4612b0cb442 0f46f642a97b428da761df944456ab7a - - default default] Tap Mirror: Handle Delete Port: f55e38a6-ab2a-4779-a5d7-53d23a6758ce
2026-05-13 10:07:05.756 7 INFO neutron.db.segments_db [None req-dc2e42f5-aa28-4c91-aae2-0084cb490bb4 c46a6ca18948440b9489fba8600a78a0 efe6997c47ab4224a61cee4a89fc9b88 - - default default] Added segment bfdae05e-f2ed-4ba9-8a0b-66426595df43 of type geneve for network 5baa2161-cf5f-4b48-9e79-3a3200e8a411
2026-05-13 10:07:05.968 7 INFO neutron.db.ovn_revision_numbers_db [None req-dc2e42f5-aa28-4c91-aae2-0084cb490bb4 c46a6ca18948440b9489fba8600a78a0 efe6997c47ab4224a61cee4a89fc9b88 - - default default] Successfully bumped revision number for resource 5baa2161-cf5f-4b48-9e79-3a3200e8a411 (type: networks) to 1
2026-05-13 10:07:06.208 7 WARNING neutron.scheduler.dhcp_agent_scheduler [None req-dc2e42f5-aa28-4c91-aae2-0084cb490bb4 c46a6ca18948440b9489fba8600a78a0 efe6997c47ab4224a61cee4a89fc9b88 - - default default] No more DHCP agents
2026-05-13 10:07:06.210 7 WARNING neutron.api.rpc.agentnotifiers.dhcp_rpc_agent_api [None req-dc2e42f5-aa28-4c91-aae2-0084cb490bb4 c46a6ca18948440b9489fba8600a78a0 efe6997c47ab4224a61cee4a89fc9b88 - - default default] Unable to schedule network 5baa2161-cf5f-4b48-9e79-3a3200e8a411: no agents available; will retry on subsequent port and subnet creation events. [pid: 8|app: 0|req: 843/1914] 10.0.0.105 () {34 vars in 788 bytes} [Wed May 13 10:07:05 2026] PUT /v2.0/routers/21a086ea-f0da-4bd3-a7ad-c9f75da19d34/remove_router_interface => generated 310 bytes in 1234 msecs (HTTP/1.1 200) 4 headers in 157 bytes (1 switches on core 0) /var/lib/openstack/lib/python3.12/site-packages/pycadf/identifier.py:70: UserWarning: Invalid uuid: neutron. To ensure interoperability, identifiers should be a valid uuid. warnings.warn(('Invalid uuid: %s. To ensure interoperability, '
2026-05-13 10:07:06.283 8 INFO neutron.plugins.ml2.drivers.ovn.mech_driver.mech_driver [None req-b9abde17-ff5a-4f38-9428-01fe599c4324 - - - - - -] OVN reports status down for port: dab11569-1e40-4b39-a83f-cdd2830e4a4d
2026-05-13 10:07:06.331 7 INFO neutron.db.ovn_revision_numbers_db [None req-dc2e42f5-aa28-4c91-aae2-0084cb490bb4 c46a6ca18948440b9489fba8600a78a0 efe6997c47ab4224a61cee4a89fc9b88 - - default default] Successfully bumped revision number for resource dab11569-1e40-4b39-a83f-cdd2830e4a4d (type: ports) to 1 [pid: 7|app: 0|req: 1072/1915] 10.0.0.105 () {34 vars in 669 bytes} [Wed May 13 10:07:05 2026] POST /v2.0/networks => generated 670 bytes in 1191 msecs (HTTP/1.1 201) 4 headers in 162 bytes (1 switches on core 0)
2026-05-13 10:07:06.660 7 WARNING neutron.scheduler.dhcp_agent_scheduler [None req-83155852-5629-42ca-a5bb-9f113bb30d06 c46a6ca18948440b9489fba8600a78a0 efe6997c47ab4224a61cee4a89fc9b88 - - default default] No more DHCP agents
2026-05-13 10:07:06.662 7 WARNING neutron.api.rpc.agentnotifiers.dhcp_rpc_agent_api [None req-83155852-5629-42ca-a5bb-9f113bb30d06 c46a6ca18948440b9489fba8600a78a0 efe6997c47ab4224a61cee4a89fc9b88 - - default default] Unable to schedule network 5baa2161-cf5f-4b48-9e79-3a3200e8a411: no agents available; will retry on subsequent port and subnet creation events.
2026-05-13 10:07:06.731 8 INFO neutron.plugins.ml2.drivers.ovn.mech_driver.mech_driver [None req-b9abde17-ff5a-4f38-9428-01fe599c4324 - - - - - -] OVN reports status down for port: 71e5c2a6-e930-47cf-b453-47bc217f3665
2026-05-13 10:07:06.759 7 INFO neutron.db.ovn_revision_numbers_db [None req-83155852-5629-42ca-a5bb-9f113bb30d06 c46a6ca18948440b9489fba8600a78a0 efe6997c47ab4224a61cee4a89fc9b88 - - default default] Successfully bumped revision number for resource 71e5c2a6-e930-47cf-b453-47bc217f3665 (type: ports) to 1 [pid: 7|app: 0|req: 1073/1916] 10.0.0.105 () {34 vars in 663 bytes} [Wed May 13 10:07:06 2026] POST /v2.0/ports => generated 743 bytes in 441 msecs (HTTP/1.1 201) 4 headers in 162 bytes (1 switches on core 0) /var/lib/openstack/lib/python3.12/site-packages/pycadf/identifier.py:70: UserWarning: Invalid uuid: neutron. To ensure interoperability, identifiers should be a valid uuid. warnings.warn(('Invalid uuid: %s. To ensure interoperability, '
2026-05-13 10:07:06.888 8 INFO neutron_taas.services.taas.taas_plugin [None req-be734a8e-1aaa-4285-a2f2-7aaef9d7eb95 3d66ff5cdd264cdca983b4612b0cb442 0f46f642a97b428da761df944456ab7a - - default default] TaaS: Handle Delete Port: 943cae83-b563-4ed1-9253-1a18082f65eb [pid: 7|app: 0|req: 1074/1917] 10.0.0.105 () {34 vars in 746 bytes} [Wed May 13 10:07:06 2026] PUT /v2.0/ports/ca017d25-9c17-4d00-9019-606d49817e67/tags => generated 17 bytes in 75 msecs (HTTP/1.1 200) 4 headers in 156 bytes (1 switches on core 0)
2026-05-13 10:07:06.898 8 INFO neutron_taas.services.taas.tap_mirror_plugin [None req-be734a8e-1aaa-4285-a2f2-7aaef9d7eb95 3d66ff5cdd264cdca983b4612b0cb442 0f46f642a97b428da761df944456ab7a - - default default] Tap Mirror: Handle Delete Port: 943cae83-b563-4ed1-9253-1a18082f65eb /var/lib/openstack/lib/python3.12/site-packages/pycadf/identifier.py:70: UserWarning: Invalid uuid: neutron. To ensure interoperability, identifiers should be a valid uuid. warnings.warn(('Invalid uuid: %s. To ensure interoperability, ' [pid: 7|app: 0|req: 1075/1918] 10.0.0.105 () {34 vars in 746 bytes} [Wed May 13 10:07:06 2026] PUT /v2.0/ports/51c0c37b-40a6-456a-8bf3-bbf0de051803/tags => generated 25 bytes in 62 msecs (HTTP/1.1 200) 4 headers in 156 bytes (1 switches on core 0) /var/lib/openstack/lib/python3.12/site-packages/pycadf/identifier.py:70: UserWarning: Invalid uuid: neutron. To ensure interoperability, identifiers should be a valid uuid. warnings.warn(('Invalid uuid: %s. To ensure interoperability, ' [pid: 7|app: 0|req: 1076/1919] 10.0.0.105 () {34 vars in 746 bytes} [Wed May 13 10:07:06 2026] PUT /v2.0/ports/92c44414-2638-4067-8cd3-407f69db2a14/tags => generated 34 bytes in 78 msecs (HTTP/1.1 200) 4 headers in 156 bytes (1 switches on core 0) /var/lib/openstack/lib/python3.12/site-packages/pycadf/identifier.py:70: UserWarning: Invalid uuid: neutron. To ensure interoperability, identifiers should be a valid uuid. warnings.warn(('Invalid uuid: %s. To ensure interoperability, ' [pid: 7|app: 0|req: 1077/1920] 10.0.0.105 () {34 vars in 746 bytes} [Wed May 13 10:07:07 2026] PUT /v2.0/ports/851b648f-66fa-40bb-86a7-c3bfa1b78c23/tags => generated 19 bytes in 78 msecs (HTTP/1.1 200) 4 headers in 156 bytes (1 switches on core 0) /var/lib/openstack/lib/python3.12/site-packages/pycadf/identifier.py:70: UserWarning: Invalid uuid: neutron. To ensure interoperability, identifiers should be a valid uuid. warnings.warn(('Invalid uuid: %s. To ensure interoperability, ' [pid: 7|app: 0|req: 1078/1921] 10.0.0.105 () {32 vars in 659 bytes} [Wed May 13 10:07:07 2026] GET /v2.0/ports?tags=red => generated 2253 bytes in 142 msecs (HTTP/1.1 200) 4 headers in 158 bytes (1 switches on core 0) [pid: 8|app: 0|req: 844/1922] 10.0.0.105 () {32 vars in 723 bytes} [Wed May 13 10:07:06 2026] DELETE /v2.0/routers/21a086ea-f0da-4bd3-a7ad-c9f75da19d34 => generated 0 bytes in 1088 msecs (HTTP/1.1 204) 2 headers in 112 bytes (1 switches on core 0) [pid: 7|app: 0|req: 1079/1923] 10.0.0.105 () {32 vars in 673 bytes} [Wed May 13 10:07:07 2026] GET /v2.0/ports?tags=red%2Cblue => generated 1513 bytes in 86 msecs (HTTP/1.1 200) 4 headers in 158 bytes (1 switches on core 0) [pid: 7|app: 0|req: 1080/1924] 10.0.0.105 () {32 vars in 669 bytes} [Wed May 13 10:07:07 2026] GET /v2.0/ports?tags-any=blue => generated 1513 bytes in 76 msecs (HTTP/1.1 200) 4 headers in 158 bytes (1 switches on core 0) [pid: 8|app: 0|req: 845/1925] 10.0.0.105 () {32 vars in 723 bytes} [Wed May 13 10:07:07 2026] DELETE /v2.0/subnets/9ddedd3b-b31b-4b66-8567-3f22ddfd0ec9 => generated 0 bytes in 208 msecs (HTTP/1.1 204) 3 headers in 131 bytes (1 switches on core 0)
2026-05-13 10:07:07.578 7 WARNING neutron.db.securitygroups_db [None req-9ef78876-dee7-44dd-9243-cbbdd9d52313 3d66ff5cdd264cdca983b4612b0cb442 0f46f642a97b428da761df944456ab7a - - default default] project_id key not found in filters, using tenant_id instead. This support has been deprecated and will be removed in a future release. [pid: 8|app: 0|req: 846/1926] 10.0.0.105 () {32 vars in 681 bytes} [Wed May 13 10:07:07 2026] GET /v2.0/ports?tags-any=red%2Cblue => generated 2253 bytes in 148 msecs (HTTP/1.1 200) 4 headers in 158 bytes (1 switches on core 0)
2026-05-13 10:07:07.848 8 INFO neutron_taas.services.taas.taas_plugin [None req-3c236bd5-83ba-4c94-81b3-dabb9781913b 3d66ff5cdd264cdca983b4612b0cb442 0f46f642a97b428da761df944456ab7a - - default default] TaaS: Handle Delete Port: 21940fff-bf7b-43b0-bac6-4c948004dd9f
2026-05-13 10:07:07.850 8 INFO neutron_taas.services.taas.tap_mirror_plugin [None req-3c236bd5-83ba-4c94-81b3-dabb9781913b 3d66ff5cdd264cdca983b4612b0cb442 0f46f642a97b428da761df944456ab7a - - default default] Tap Mirror: Handle Delete Port: 21940fff-bf7b-43b0-bac6-4c948004dd9f
2026-05-13 10:07:07.968 7 INFO neutron.db.ovn_revision_numbers_db [None req-9ef78876-dee7-44dd-9243-cbbdd9d52313 3d66ff5cdd264cdca983b4612b0cb442 0f46f642a97b428da761df944456ab7a - - default default] Successfully bumped revision number for resource 5184289f-5a72-48a5-a49a-a15f0e8eb4e6 (type: security_groups) to 1
2026-05-13 10:07:08.154 7 INFO neutron.db.ovn_revision_numbers_db [None req-9ef78876-dee7-44dd-9243-cbbdd9d52313 3d66ff5cdd264cdca983b4612b0cb442 0f46f642a97b428da761df944456ab7a - - default default] Successfully bumped revision number for resource 6a4dee05-5d22-4bc6-aaf9-f0535d0e561f (type: security_group_rules) to 0
2026-05-13 10:07:08.401 8 INFO neutron.services.segments.plugin [-] Segment cd2281de-8521-4cb0-9b75-063b780b1b53 resource provider aggregate not found
2026-05-13 10:07:08.404 8 INFO neutron.services.segments.plugin [-] Segment cd2281de-8521-4cb0-9b75-063b780b1b53 resource provider aggregate not found
2026-05-13 10:07:08.415 8 INFO neutron.services.segments.plugin [-] Segment cd2281de-8521-4cb0-9b75-063b780b1b53 resource provider not found; error: Placement Client Error (4xx): {"errors": [{"status": 404, "title": "Not Found", "detail": "The resource could not be found.\n\n No resource provider with uuid cd2281de-8521-4cb0-9b75-063b780b1b53 found for delete ", "request_id": "req-e68198bf-7d57-4597-a80c-18d9c598e772"}]}
2026-05-13 10:07:08.417 7 INFO neutron.db.ovn_revision_numbers_db [None req-9ef78876-dee7-44dd-9243-cbbdd9d52313 3d66ff5cdd264cdca983b4612b0cb442 0f46f642a97b428da761df944456ab7a - - default default] Successfully bumped revision number for resource 9d8a2780-4765-4aa0-b5d1-3eea904dd81b (type: security_group_rules) to 0
2026-05-13 10:07:08.420 8 INFO neutron.services.segments.plugin [-] Segment cd2281de-8521-4cb0-9b75-063b780b1b53 resource provider not found; error: Placement Client Error (4xx): {"errors": [{"status": 404, "title": "Not Found", "detail": "The resource could not be found.\n\n No resource provider with uuid cd2281de-8521-4cb0-9b75-063b780b1b53 found for delete ", "request_id": "req-1d9e4c50-4c20-4539-9503-a1bb4e3dcb15"}]}
2026-05-13 10:07:08.618 7 INFO neutron.db.ovn_revision_numbers_db [None req-9ef78876-dee7-44dd-9243-cbbdd9d52313 3d66ff5cdd264cdca983b4612b0cb442 0f46f642a97b428da761df944456ab7a - - default default] Successfully bumped revision number for resource c1134cb2-7e4e-4d35-9018-09097219e981 (type: security_group_rules) to 0 [pid: 8|app: 0|req: 847/1927] 10.0.0.105 () {32 vars in 725 bytes} [Wed May 13 10:07:07 2026] DELETE /v2.0/networks/fc8f6901-bbb7-436e-b185-fb5974056dd7 => generated 0 bytes in 1035 msecs (HTTP/1.1 204) 3 headers in 131 bytes (1 switches on core 0)
2026-05-13 10:07:08.809 7 INFO neutron.db.ovn_revision_numbers_db [None req-9ef78876-dee7-44dd-9243-cbbdd9d52313 3d66ff5cdd264cdca983b4612b0cb442 0f46f642a97b428da761df944456ab7a - - default default] Successfully bumped revision number for resource c3369f3c-f20a-46d0-a8ac-a3b9962d2389 (type: security_group_rules) to 0 [pid: 7|app: 0|req: 1081/1928] 10.0.0.105 () {32 vars in 773 bytes} [Wed May 13 10:07:07 2026] GET /v2.0/security-groups?tenant_id=ac268585080744398cb1fe006abc1555&name=default => generated 2925 bytes in 1397 msecs (HTTP/1.1 200) 4 headers in 158 bytes (1 switches on core 0) [pid: 8|app: 0|req: 848/1929] 10.0.0.105 () {32 vars in 667 bytes} [Wed May 13 10:07:08 2026] GET /v2.0/ports?not-tags=red => generated 5268 bytes in 159 msecs (HTTP/1.1 200) 4 headers in 158 bytes (1 switches on core 0)
2026-05-13 10:07:08.912 8 WARNING neutron.db.securitygroups_db [None req-faaf9c74-a37f-4460-9c31-30e28a7a1491 3d66ff5cdd264cdca983b4612b0cb442 0f46f642a97b428da761df944456ab7a - - default default] project_id key not found in filters, using tenant_id instead. This support has been deprecated and will be removed in a future release. [pid: 8|app: 0|req: 849/1930] 10.0.0.105 () {32 vars in 773 bytes} [Wed May 13 10:07:08 2026] GET /v2.0/security-groups?tenant_id=eda4823911a04143a083f6e2d775ef5b&name=default => generated 2925 bytes in 32 msecs (HTTP/1.1 200) 4 headers in 158 bytes (1 switches on core 0) [pid: 8|app: 0|req: 850/1931] 10.0.0.105 () {32 vars in 681 bytes} [Wed May 13 10:07:08 2026] GET /v2.0/ports?not-tags=red%2Cblue => generated 6008 bytes in 90 msecs (HTTP/1.1 200) 4 headers in 158 bytes (1 switches on core 0) [pid: 7|app: 0|req: 1082/1932] 10.0.0.105 () {32 vars in 739 bytes} [Wed May 13 10:07:08 2026] DELETE /v2.0/security-groups/5184289f-5a72-48a5-a49a-a15f0e8eb4e6 => generated 0 bytes in 188 msecs (HTTP/1.1 204) 2 headers in 112 bytes (1 switches on core 0) [pid: 7|app: 0|req: 1083/1933] 10.0.0.105 () {32 vars in 677 bytes} [Wed May 13 10:07:09 2026] GET /v2.0/ports?not-tags-any=blue => generated 6008 bytes in 141 msecs (HTTP/1.1 200) 4 headers in 158 bytes (1 switches on core 0) [pid: 8|app: 0|req: 851/1934] 10.0.0.105 () {32 vars in 739 bytes} [Wed May 13 10:07:09 2026] DELETE /v2.0/security-groups/db08c3b8-b8e1-431f-8f51-a967121f20a6 => generated 0 bytes in 206 msecs (HTTP/1.1 204) 2 headers in 112 bytes (1 switches on core 0) [pid: 7|app: 0|req: 1084/1935] 10.0.0.105 () {32 vars in 689 bytes} [Wed May 13 10:07:09 2026] GET /v2.0/ports?not-tags-any=red%2Cblue => generated 5268 bytes in 65 msecs (HTTP/1.1 200) 4 headers in 158 bytes (1 switches on core 0)
2026-05-13 10:07:09.390 8 INFO neutron_taas.services.taas.taas_plugin [None req-0aa88091-e767-4cb0-9ff6-e206551a3f3f c46a6ca18948440b9489fba8600a78a0 efe6997c47ab4224a61cee4a89fc9b88 - - default default] TaaS: Handle Delete Port: ca017d25-9c17-4d00-9019-606d49817e67
2026-05-13 10:07:09.394 8 INFO neutron_taas.services.taas.tap_mirror_plugin [None req-0aa88091-e767-4cb0-9ff6-e206551a3f3f c46a6ca18948440b9489fba8600a78a0 efe6997c47ab4224a61cee4a89fc9b88 - - default default] Tap Mirror: Handle Delete Port: ca017d25-9c17-4d00-9019-606d49817e67 [pid: 8|app: 0|req: 852/1936] 10.0.0.105 () {32 vars in 719 bytes} [Wed May 13 10:07:09 2026] DELETE /v2.0/ports/ca017d25-9c17-4d00-9019-606d49817e67 => generated 0 bytes in 252 msecs (HTTP/1.1 204) 3 headers in 131 bytes (1 switches on core 0)
2026-05-13 10:07:09.658 7 INFO neutron_taas.services.taas.taas_plugin [None req-43548a6b-bdc4-4e81-9ff7-a94e4ca0c518 c46a6ca18948440b9489fba8600a78a0 efe6997c47ab4224a61cee4a89fc9b88 - - default default] TaaS: Handle Delete Port: 51c0c37b-40a6-456a-8bf3-bbf0de051803
2026-05-13 10:07:09.662 7 INFO neutron_taas.services.taas.tap_mirror_plugin [None req-43548a6b-bdc4-4e81-9ff7-a94e4ca0c518 c46a6ca18948440b9489fba8600a78a0 efe6997c47ab4224a61cee4a89fc9b88 - - default default] Tap Mirror: Handle Delete Port: 51c0c37b-40a6-456a-8bf3-bbf0de051803 [pid: 7|app: 0|req: 1085/1937] 10.0.0.105 () {32 vars in 719 bytes} [Wed May 13 10:07:09 2026] DELETE /v2.0/ports/51c0c37b-40a6-456a-8bf3-bbf0de051803 => generated 0 bytes in 324 msecs (HTTP/1.1 204) 3 headers in 131 bytes (1 switches on core 0)
2026-05-13 10:07:10.017 8 INFO neutron_taas.services.taas.taas_plugin [None req-18f05589-42ba-449e-8e6a-69a12087ab81 c46a6ca18948440b9489fba8600a78a0 efe6997c47ab4224a61cee4a89fc9b88 - - default default] TaaS: Handle Delete Port: 92c44414-2638-4067-8cd3-407f69db2a14
2026-05-13 10:07:10.021 8 INFO neutron_taas.services.taas.tap_mirror_plugin [None req-18f05589-42ba-449e-8e6a-69a12087ab81 c46a6ca18948440b9489fba8600a78a0 efe6997c47ab4224a61cee4a89fc9b88 - - default default] Tap Mirror: Handle Delete Port: 92c44414-2638-4067-8cd3-407f69db2a14 [pid: 8|app: 0|req: 853/1938] 10.0.0.105 () {32 vars in 719 bytes} [Wed May 13 10:07:09 2026] DELETE /v2.0/ports/92c44414-2638-4067-8cd3-407f69db2a14 => generated 0 bytes in 300 msecs (HTTP/1.1 204) 3 headers in 131 bytes (1 switches on core 0)
2026-05-13 10:07:10.356 7 INFO neutron_taas.services.taas.taas_plugin [None req-8d8dab32-5bbd-4f3b-be75-3241ef7f4c4a c46a6ca18948440b9489fba8600a78a0 efe6997c47ab4224a61cee4a89fc9b88 - - default default] TaaS: Handle Delete Port: 851b648f-66fa-40bb-86a7-c3bfa1b78c23
2026-05-13 10:07:10.360 7 INFO neutron_taas.services.taas.tap_mirror_plugin [None req-8d8dab32-5bbd-4f3b-be75-3241ef7f4c4a c46a6ca18948440b9489fba8600a78a0 efe6997c47ab4224a61cee4a89fc9b88 - - default default] Tap Mirror: Handle Delete Port: 851b648f-66fa-40bb-86a7-c3bfa1b78c23
2026-05-13 10:07:10.373 8 WARNING neutron.db.securitygroups_db [None req-9eb41ab6-ee3d-4a8d-8deb-6d51e6da666d 3d66ff5cdd264cdca983b4612b0cb442 0f46f642a97b428da761df944456ab7a - - default default] project_id key not found in filters, using tenant_id instead. This support has been deprecated and will be removed in a future release. [pid: 7|app: 0|req: 1086/1939] 10.0.0.105 () {32 vars in 719 bytes} [Wed May 13 10:07:10 2026] DELETE /v2.0/ports/851b648f-66fa-40bb-86a7-c3bfa1b78c23 => generated 0 bytes in 609 msecs (HTTP/1.1 204) 3 headers in 131 bytes (1 switches on core 0)
2026-05-13 10:07:10.920 7 INFO neutron_taas.services.taas.taas_plugin [None req-43788b69-fef0-4b55-a3a6-734ddca96b4b c46a6ca18948440b9489fba8600a78a0 efe6997c47ab4224a61cee4a89fc9b88 - - default default] TaaS: Handle Delete Port: 71e5c2a6-e930-47cf-b453-47bc217f3665
2026-05-13 10:07:10.923 7 INFO neutron_taas.services.taas.tap_mirror_plugin [None req-43788b69-fef0-4b55-a3a6-734ddca96b4b c46a6ca18948440b9489fba8600a78a0 efe6997c47ab4224a61cee4a89fc9b88 - - default default] Tap Mirror: Handle Delete Port: 71e5c2a6-e930-47cf-b453-47bc217f3665
2026-05-13 10:07:10.941 8 INFO neutron.db.ovn_revision_numbers_db [None req-9eb41ab6-ee3d-4a8d-8deb-6d51e6da666d 3d66ff5cdd264cdca983b4612b0cb442 0f46f642a97b428da761df944456ab7a - - default default] Successfully bumped revision number for resource 78d6f0b6-875b-43ca-90c3-7f76214ac751 (type: security_groups) to 1
2026-05-13 10:07:11.398 8 INFO neutron.db.ovn_revision_numbers_db [None req-9eb41ab6-ee3d-4a8d-8deb-6d51e6da666d 3d66ff5cdd264cdca983b4612b0cb442 0f46f642a97b428da761df944456ab7a - - default default] Successfully bumped revision number for resource 5313c6b9-d0f5-4f60-b3ac-41dbccbad50d (type: security_group_rules) to 0
2026-05-13 10:07:11.517 8 INFO neutron.db.ovn_revision_numbers_db [None req-9eb41ab6-ee3d-4a8d-8deb-6d51e6da666d 3d66ff5cdd264cdca983b4612b0cb442 0f46f642a97b428da761df944456ab7a - - default default] Successfully bumped revision number for resource 672606de-2bf2-401f-8156-d8664c8017f0 (type: security_group_rules) to 0 [pid: 7|app: 0|req: 1087/1940] 10.0.0.105 () {32 vars in 719 bytes} [Wed May 13 10:07:10 2026] DELETE /v2.0/ports/71e5c2a6-e930-47cf-b453-47bc217f3665 => generated 0 bytes in 750 msecs (HTTP/1.1 204) 3 headers in 131 bytes (1 switches on core 0)
2026-05-13 10:07:11.548 8 INFO neutron.db.ovn_revision_numbers_db [None req-9eb41ab6-ee3d-4a8d-8deb-6d51e6da666d 3d66ff5cdd264cdca983b4612b0cb442 0f46f642a97b428da761df944456ab7a - - default default] Successfully bumped revision number for resource 6b257f8a-0796-4161-a837-8c03596da9be (type: security_group_rules) to 0
2026-05-13 10:07:11.690 7 INFO neutron_taas.services.taas.taas_plugin [None req-745c5d1d-a15e-43d7-a90b-577451989d83 c46a6ca18948440b9489fba8600a78a0 efe6997c47ab4224a61cee4a89fc9b88 - - default default] TaaS: Handle Delete Port: ec6c4358-a11d-4969-b3a8-9d77e827b344
2026-05-13 10:07:11.693 7 INFO neutron_taas.services.taas.tap_mirror_plugin [None req-745c5d1d-a15e-43d7-a90b-577451989d83 c46a6ca18948440b9489fba8600a78a0 efe6997c47ab4224a61cee4a89fc9b88 - - default default] Tap Mirror: Handle Delete Port: ec6c4358-a11d-4969-b3a8-9d77e827b344
2026-05-13 10:07:11.806 8 INFO neutron.db.ovn_revision_numbers_db [None req-9eb41ab6-ee3d-4a8d-8deb-6d51e6da666d 3d66ff5cdd264cdca983b4612b0cb442 0f46f642a97b428da761df944456ab7a - - default default] Successfully bumped revision number for resource af551752-fe21-4bf6-8798-96b9c01907c9 (type: security_group_rules) to 0 [pid: 8|app: 0|req: 854/1941] 10.0.0.105 () {32 vars in 773 bytes} [Wed May 13 10:07:10 2026] GET /v2.0/security-groups?tenant_id=1d30f2cc0d32453ebf5d4dc8f3d86620&name=default => generated 2925 bytes in 1596 msecs (HTTP/1.1 200) 4 headers in 158 bytes (1 switches on core 0)
2026-05-13 10:07:12.085 7 INFO neutron.services.segments.plugin [-] Segment 1969b30e-538e-429c-8aa1-b9a86ec9fac5 resource provider aggregate not found
2026-05-13 10:07:12.091 7 INFO neutron.services.segments.plugin [-] Segment 1969b30e-538e-429c-8aa1-b9a86ec9fac5 resource provider aggregate not found
2026-05-13 10:07:12.116 7 INFO neutron.services.segments.plugin [-] Segment 1969b30e-538e-429c-8aa1-b9a86ec9fac5 resource provider not found; error: Placement Client Error (4xx): {"errors": [{"status": 404, "title": "Not Found", "detail": "The resource could not be found.\n\n No resource provider with uuid 1969b30e-538e-429c-8aa1-b9a86ec9fac5 found for delete ", "request_id": "req-7a5042de-7c82-4e14-bed0-b8cb713ae7fe"}]}
2026-05-13 10:07:12.117 7 INFO neutron.services.segments.plugin [-] Segment 1969b30e-538e-429c-8aa1-b9a86ec9fac5 resource provider not found; error: Placement Client Error (4xx): {"errors": [{"status": 404, "title": "Not Found", "detail": "The resource could not be found.\n\n No resource provider with uuid 1969b30e-538e-429c-8aa1-b9a86ec9fac5 found for delete ", "request_id": "req-59b8d7c1-5dea-4071-b9e5-2908357e74df"}]} [pid: 8|app: 0|req: 855/1942] 10.0.0.105 () {32 vars in 739 bytes} [Wed May 13 10:07:11 2026] DELETE /v2.0/security-groups/78d6f0b6-875b-43ca-90c3-7f76214ac751 => generated 0 bytes in 266 msecs (HTTP/1.1 204) 2 headers in 112 bytes (1 switches on core 0) [pid: 7|app: 0|req: 1088/1943] 10.0.0.105 () {32 vars in 725 bytes} [Wed May 13 10:07:11 2026] DELETE /v2.0/networks/54ea412a-72e0-4bf4-871e-e3508fba5be1 => generated 0 bytes in 633 msecs (HTTP/1.1 204) 3 headers in 131 bytes (1 switches on core 0)
2026-05-13 10:07:12.292 7 WARNING neutron.db.securitygroups_db [None req-1595e2bf-9c1b-4379-9243-4bcc28ae93f2 3d66ff5cdd264cdca983b4612b0cb442 0f46f642a97b428da761df944456ab7a - - default default] project_id key not found in filters, using tenant_id instead. This support has been deprecated and will be removed in a future release.
2026-05-13 10:07:12.297 8 INFO neutron_taas.services.taas.taas_plugin [None req-88bfcfe2-ba64-41de-b281-c8d35cd7f2c6 c46a6ca18948440b9489fba8600a78a0 efe6997c47ab4224a61cee4a89fc9b88 - - default default] TaaS: Handle Delete Port: bd4214be-70f7-4972-9f2c-4318c9e03f8f
2026-05-13 10:07:12.300 8 INFO neutron_taas.services.taas.tap_mirror_plugin [None req-88bfcfe2-ba64-41de-b281-c8d35cd7f2c6 c46a6ca18948440b9489fba8600a78a0 efe6997c47ab4224a61cee4a89fc9b88 - - default default] Tap Mirror: Handle Delete Port: bd4214be-70f7-4972-9f2c-4318c9e03f8f
2026-05-13 10:07:12.561 7 INFO neutron.db.ovn_revision_numbers_db [None req-1595e2bf-9c1b-4379-9243-4bcc28ae93f2 3d66ff5cdd264cdca983b4612b0cb442 0f46f642a97b428da761df944456ab7a - - default default] Successfully bumped revision number for resource 2def1b13-55ef-47ab-ac81-f74856025bab (type: security_groups) to 1
2026-05-13 10:07:12.577 7 INFO neutron.db.ovn_revision_numbers_db [None req-1595e2bf-9c1b-4379-9243-4bcc28ae93f2 3d66ff5cdd264cdca983b4612b0cb442 0f46f642a97b428da761df944456ab7a - - default default] Successfully bumped revision number for resource 300e8627-1a62-408b-9bbf-58a713053bf7 (type: security_group_rules) to 0
2026-05-13 10:07:12.598 8 INFO neutron.services.segments.plugin [-] Segment 745601dc-54f8-4184-9171-4a7d4b362dba resource provider aggregate not found
2026-05-13 10:07:12.602 7 INFO neutron.db.ovn_revision_numbers_db [None req-1595e2bf-9c1b-4379-9243-4bcc28ae93f2 3d66ff5cdd264cdca983b4612b0cb442 0f46f642a97b428da761df944456ab7a - - default default] Successfully bumped revision number for resource 68e4aa33-6745-4c41-9ea3-7037396105fa (type: security_group_rules) to 0
2026-05-13 10:07:12.607 8 INFO neutron.services.segments.plugin [-] Segment 745601dc-54f8-4184-9171-4a7d4b362dba resource provider aggregate not found
2026-05-13 10:07:12.621 8 INFO neutron.services.segments.plugin [-] Segment 745601dc-54f8-4184-9171-4a7d4b362dba resource provider not found; error: Placement Client Error (4xx): {"errors": [{"status": 404, "title": "Not Found", "detail": "The resource could not be found.\n\n No resource provider with uuid 745601dc-54f8-4184-9171-4a7d4b362dba found for delete ", "request_id": "req-6634deaf-28dd-4117-a135-be1bb0bf5813"}]}
2026-05-13 10:07:12.626 8 INFO neutron.services.segments.plugin [-] Segment 745601dc-54f8-4184-9171-4a7d4b362dba resource provider not found; error: Placement Client Error (4xx): {"errors": [{"status": 404, "title": "Not Found", "detail": "The resource could not be found.\n\n No resource provider with uuid 745601dc-54f8-4184-9171-4a7d4b362dba found for delete ", "request_id": "req-07796ed6-3b67-48f7-88d9-d4985ab08f12"}]}
2026-05-13 10:07:12.687 7 INFO neutron.db.ovn_revision_numbers_db [None req-1595e2bf-9c1b-4379-9243-4bcc28ae93f2 3d66ff5cdd264cdca983b4612b0cb442 0f46f642a97b428da761df944456ab7a - - default default] Successfully bumped revision number for resource 858d95a4-3428-4b8a-a8ae-06998d2dd47d (type: security_group_rules) to 0
2026-05-13 10:07:12.720 7 INFO neutron.db.ovn_revision_numbers_db [None req-1595e2bf-9c1b-4379-9243-4bcc28ae93f2 3d66ff5cdd264cdca983b4612b0cb442 0f46f642a97b428da761df944456ab7a - - default default] Successfully bumped revision number for resource f72a271d-8ce9-4f73-81fe-e871e5ef7c67 (type: security_group_rules) to 0 [pid: 8|app: 0|req: 856/1944] 10.0.0.105 () {32 vars in 725 bytes} [Wed May 13 10:07:12 2026] DELETE /v2.0/networks/2a6e7fa0-5175-4ec6-bddd-5b593aa1baff => generated 0 bytes in 560 msecs (HTTP/1.1 204) 3 headers in 131 bytes (1 switches on core 0) [pid: 7|app: 0|req: 1089/1945] 10.0.0.105 () {32 vars in 773 bytes} [Wed May 13 10:07:12 2026] GET /v2.0/security-groups?tenant_id=790546ccca2c4c588af833cefc55e593&name=default => generated 2925 bytes in 509 msecs (HTTP/1.1 200) 4 headers in 158 bytes (1 switches on core 0)
2026-05-13 10:07:12.885 8 INFO neutron_taas.services.taas.taas_plugin [None req-f8e48248-49ca-4850-b899-68cb7f421f6f c46a6ca18948440b9489fba8600a78a0 efe6997c47ab4224a61cee4a89fc9b88 - - default default] TaaS: Handle Delete Port: 3574a086-9511-47ef-a665-9b6fbc72991b
2026-05-13 10:07:12.888 8 INFO neutron_taas.services.taas.tap_mirror_plugin [None req-f8e48248-49ca-4850-b899-68cb7f421f6f c46a6ca18948440b9489fba8600a78a0 efe6997c47ab4224a61cee4a89fc9b88 - - default default] Tap Mirror: Handle Delete Port: 3574a086-9511-47ef-a665-9b6fbc72991b [pid: 7|app: 0|req: 1090/1946] 10.0.0.105 () {32 vars in 739 bytes} [Wed May 13 10:07:12 2026] DELETE /v2.0/security-groups/2def1b13-55ef-47ab-ac81-f74856025bab => generated 0 bytes in 895 msecs (HTTP/1.1 204) 2 headers in 112 bytes (1 switches on core 0) [pid: 8|app: 0|req: 857/1947] 10.0.0.105 () {32 vars in 725 bytes} [Wed May 13 10:07:12 2026] DELETE /v2.0/networks/e075202e-0ac2-4d8b-a430-1c637df01824 => generated 0 bytes in 1303 msecs (HTTP/1.1 204) 3 headers in 131 bytes (1 switches on core 0)
2026-05-13 10:07:14.349 7 INFO neutron_taas.services.taas.taas_plugin [None req-de8dcd8d-062c-4c7b-b163-2909bf28957c c46a6ca18948440b9489fba8600a78a0 efe6997c47ab4224a61cee4a89fc9b88 - - default default] TaaS: Handle Delete Port: 8230a7d0-9d6c-4bf2-9f2e-cf76a9a83eba
2026-05-13 10:07:14.351 7 INFO neutron_taas.services.taas.tap_mirror_plugin [None req-de8dcd8d-062c-4c7b-b163-2909bf28957c c46a6ca18948440b9489fba8600a78a0 efe6997c47ab4224a61cee4a89fc9b88 - - default default] Tap Mirror: Handle Delete Port: 8230a7d0-9d6c-4bf2-9f2e-cf76a9a83eba
2026-05-13 10:07:14.639 7 INFO neutron.services.segments.plugin [-] Segment 822b9eb9-9e14-4afe-aa8a-c1bd91874af4 resource provider aggregate not found
2026-05-13 10:07:14.644 7 INFO neutron.services.segments.plugin [-] Segment 822b9eb9-9e14-4afe-aa8a-c1bd91874af4 resource provider aggregate not found
2026-05-13 10:07:14.666 8 INFO neutron.services.segments.plugin [-] Segment 4684f90a-3322-41ab-b5db-85e1811f8a63 resource provider aggregate not found
2026-05-13 10:07:14.667 8 INFO neutron.services.segments.plugin [-] Segment 4684f90a-3322-41ab-b5db-85e1811f8a63 resource provider aggregate not found
2026-05-13 10:07:14.679 7 INFO neutron.services.segments.plugin [-] Segment 822b9eb9-9e14-4afe-aa8a-c1bd91874af4 resource provider not found; error: Placement Client Error (4xx): {"errors": [{"status": 404, "title": "Not Found", "detail": "The resource could not be found.\n\n No resource provider with uuid 822b9eb9-9e14-4afe-aa8a-c1bd91874af4 found for delete ", "request_id": "req-681560ee-9dc4-4d7f-89d3-f0ecb9bb4d72"}]}
2026-05-13 10:07:14.688 7 INFO neutron.services.segments.plugin [-] Segment 822b9eb9-9e14-4afe-aa8a-c1bd91874af4 resource provider not found; error: Placement Client Error (4xx): {"errors": [{"status": 404, "title": "Not Found", "detail": "The resource could not be found.\n\n No resource provider with uuid 822b9eb9-9e14-4afe-aa8a-c1bd91874af4 found for delete ", "request_id": "req-3bab63a0-c811-4f67-94fa-e46afc314ec8"}]}
2026-05-13 10:07:14.695 8 INFO neutron.services.segments.plugin [-] Segment 4684f90a-3322-41ab-b5db-85e1811f8a63 resource provider not found; error: Placement Client Error (4xx): {"errors": [{"status": 404, "title": "Not Found", "detail": "The resource could not be found.\n\n No resource provider with uuid 4684f90a-3322-41ab-b5db-85e1811f8a63 found for delete ", "request_id": "req-ffae8b8c-4ec9-4ab6-b09f-7b47fa764eb5"}]}
2026-05-13 10:07:14.697 8 INFO neutron.services.segments.plugin [-] Segment 4684f90a-3322-41ab-b5db-85e1811f8a63 resource provider not found; error: Placement Client Error (4xx): {"errors": [{"status": 404, "title": "Not Found", "detail": "The resource could not be found.\n\n No resource provider with uuid 4684f90a-3322-41ab-b5db-85e1811f8a63 found for delete ", "request_id": "req-aa0e2a93-6e61-43c7-b276-02fee51d959d"}]} [pid: 7|app: 0|req: 1091/1948] 10.0.0.105 () {32 vars in 725 bytes} [Wed May 13 10:07:14 2026] DELETE /v2.0/networks/2f93d053-f054-431e-975c-54841ffab876 => generated 0 bytes in 681 msecs (HTTP/1.1 204) 3 headers in 131 bytes (1 switches on core 0)
2026-05-13 10:07:14.870 8 INFO neutron_taas.services.taas.taas_plugin [None req-8c236924-a5bc-431d-8527-85484dd6a084 c46a6ca18948440b9489fba8600a78a0 efe6997c47ab4224a61cee4a89fc9b88 - - default default] TaaS: Handle Delete Port: dab11569-1e40-4b39-a83f-cdd2830e4a4d
2026-05-13 10:07:14.874 8 INFO neutron_taas.services.taas.tap_mirror_plugin [None req-8c236924-a5bc-431d-8527-85484dd6a084 c46a6ca18948440b9489fba8600a78a0 efe6997c47ab4224a61cee4a89fc9b88 - - default default] Tap Mirror: Handle Delete Port: dab11569-1e40-4b39-a83f-cdd2830e4a4d [pid: 8|app: 0|req: 858/1949] 10.0.0.105 () {32 vars in 725 bytes} [Wed May 13 10:07:14 2026] DELETE /v2.0/networks/5baa2161-cf5f-4b48-9e79-3a3200e8a411 => generated 0 bytes in 1173 msecs (HTTP/1.1 204) 3 headers in 131 bytes (1 switches on core 0) [pid: 7|app: 0|req: 1092/1950] 10.0.0.105 () {34 vars in 677 bytes} [Wed May 13 10:07:15 2026] POST /v2.0/qos/policies => generated 359 bytes in 325 msecs (HTTP/1.1 201) 4 headers in 162 bytes (1 switches on core 0) [pid: 8|app: 0|req: 859/1951] 10.0.0.105 () {34 vars in 677 bytes} [Wed May 13 10:07:15 2026] POST /v2.0/qos/policies => generated 359 bytes in 116 msecs (HTTP/1.1 201) 4 headers in 162 bytes (1 switches on core 0) [pid: 7|app: 0|req: 1093/1952] 10.0.0.105 () {34 vars in 677 bytes} [Wed May 13 10:07:16 2026] POST /v2.0/qos/policies => generated 359 bytes in 134 msecs (HTTP/1.1 201) 4 headers in 162 bytes (1 switches on core 0) [pid: 8|app: 0|req: 860/1953] 10.0.0.105 () {34 vars in 677 bytes} [Wed May 13 10:07:16 2026] POST /v2.0/qos/policies => generated 359 bytes in 73 msecs (HTTP/1.1 201) 4 headers in 162 bytes (1 switches on core 0) [pid: 7|app: 0|req: 1094/1954] 10.0.0.105 () {34 vars in 677 bytes} [Wed May 13 10:07:16 2026] POST /v2.0/qos/policies => generated 359 bytes in 112 msecs (HTTP/1.1 201) 4 headers in 162 bytes (1 switches on core 0)
2026-05-13 10:07:16.412 8 WARNING tagging [None req-07411cd0-7b32-4ae2-a67e-3925296be281 3540a484e88046a1bdaacf2e74643c2c f695c418c1404fc0a0ce3ff2a5bdfcc9 - - default default] project_id key not found in request, using tenant_id instead. This support has been deprecated and will be removed in a future release.
2026-05-13 10:07:16.718 8 INFO neutron.services.segments.plugin [-] Segment bfdae05e-f2ed-4ba9-8a0b-66426595df43 resource provider aggregate not found
2026-05-13 10:07:16.722 8 INFO neutron.services.segments.plugin [-] Segment bfdae05e-f2ed-4ba9-8a0b-66426595df43 resource provider aggregate not found
2026-05-13 10:07:16.739 8 INFO neutron.services.segments.plugin [-] Segment bfdae05e-f2ed-4ba9-8a0b-66426595df43 resource provider not found; error: Placement Client Error (4xx): {"errors": [{"status": 404, "title": "Not Found", "detail": "The resource could not be found.\n\n No resource provider with uuid bfdae05e-f2ed-4ba9-8a0b-66426595df43 found for delete ", "request_id": "req-adaf964e-ebaa-433e-97d4-864d02159b25"}]}
2026-05-13 10:07:16.742 8 INFO neutron.services.segments.plugin [-] Segment bfdae05e-f2ed-4ba9-8a0b-66426595df43 resource provider not found; error: Placement Client Error (4xx): {"errors": [{"status": 404, "title": "Not Found", "detail": "The resource could not be found.\n\n No resource provider with uuid bfdae05e-f2ed-4ba9-8a0b-66426595df43 found for delete ", "request_id": "req-ca24d5b1-034b-46ed-8c71-ca5ca398aead"}]} [pid: 8|app: 0|req: 861/1955] 10.0.0.105 () {34 vars in 752 bytes} [Wed May 13 10:07:16 2026] PUT /v2.0/policies/fda4cfcd-7f67-49f3-8ab3-dead6f886e2f/tags => generated 17 bytes in 362 msecs (HTTP/1.1 200) 4 headers in 156 bytes (1 switches on core 0)
2026-05-13 10:07:16.878 7 WARNING tagging [None req-98569d2c-40e1-4236-ab9a-a6b7d26d4898 3540a484e88046a1bdaacf2e74643c2c f695c418c1404fc0a0ce3ff2a5bdfcc9 - - default default] project_id key not found in request, using tenant_id instead. This support has been deprecated and will be removed in a future release. [pid: 7|app: 0|req: 1095/1956] 10.0.0.105 () {34 vars in 752 bytes} [Wed May 13 10:07:16 2026] PUT /v2.0/policies/1565c765-288a-4f99-93b9-62bd32ebeb2c/tags => generated 25 bytes in 168 msecs (HTTP/1.1 200) 4 headers in 156 bytes (1 switches on core 0)
2026-05-13 10:07:16.962 8 WARNING tagging [None req-75031a69-6b0f-468d-a227-f23bd2b692fc 3540a484e88046a1bdaacf2e74643c2c f695c418c1404fc0a0ce3ff2a5bdfcc9 - - default default] project_id key not found in request, using tenant_id instead. This support has been deprecated and will be removed in a future release. [pid: 8|app: 0|req: 862/1957] 10.0.0.105 () {34 vars in 752 bytes} [Wed May 13 10:07:16 2026] PUT /v2.0/policies/43afe66b-f82f-42e7-a076-75a67ca0264e/tags => generated 34 bytes in 120 msecs (HTTP/1.1 200) 4 headers in 156 bytes (1 switches on core 0)
2026-05-13 10:07:17.086 8 WARNING tagging [None req-dd0e2e00-38c7-4ebe-8de4-2cfd1cd96423 3540a484e88046a1bdaacf2e74643c2c f695c418c1404fc0a0ce3ff2a5bdfcc9 - - default default] project_id key not found in request, using tenant_id instead. This support has been deprecated and will be removed in a future release. [pid: 8|app: 0|req: 863/1958] 10.0.0.105 () {34 vars in 752 bytes} [Wed May 13 10:07:17 2026] PUT /v2.0/policies/82a3a28c-83e9-451e-a7ff-130b0d94d01f/tags => generated 19 bytes in 75 msecs (HTTP/1.1 200) 4 headers in 156 bytes (1 switches on core 0)
2026-05-13 10:07:17.204 7 WARNING neutron.db.securitygroups_db [None req-b89beb06-859f-4b53-b959-f9423c558674 3d66ff5cdd264cdca983b4612b0cb442 0f46f642a97b428da761df944456ab7a - - default default] project_id key not found in filters, using tenant_id instead. This support has been deprecated and will be removed in a future release.
2026-05-13 10:07:17.388 8 WARNING neutron.db.securitygroups_db [None req-8594ba21-01c0-4cec-a0c8-cfed9bac6ffe 3d66ff5cdd264cdca983b4612b0cb442 0f46f642a97b428da761df944456ab7a - - default default] project_id key not found in filters, using tenant_id instead. This support has been deprecated and will be removed in a future release.
2026-05-13 10:07:17.417 7 INFO neutron.db.ovn_revision_numbers_db [None req-b89beb06-859f-4b53-b959-f9423c558674 3d66ff5cdd264cdca983b4612b0cb442 0f46f642a97b428da761df944456ab7a - - default default] Successfully bumped revision number for resource 799aaa23-b840-42aa-8bc2-bdb3360f103a (type: security_groups) to 1
2026-05-13 10:07:17.446 7 INFO neutron.db.ovn_revision_numbers_db [None req-b89beb06-859f-4b53-b959-f9423c558674 3d66ff5cdd264cdca983b4612b0cb442 0f46f642a97b428da761df944456ab7a - - default default] Successfully bumped revision number for resource 2d8eb506-7920-43ee-a7cf-978a3d8f2004 (type: security_group_rules) to 0
2026-05-13 10:07:17.475 7 INFO neutron.db.ovn_revision_numbers_db [None req-b89beb06-859f-4b53-b959-f9423c558674 3d66ff5cdd264cdca983b4612b0cb442 0f46f642a97b428da761df944456ab7a - - default default] Successfully bumped revision number for resource 6e140abb-798c-4d72-8474-48c25cbb5745 (type: security_group_rules) to 0
2026-05-13 10:07:17.495 7 INFO neutron.db.ovn_revision_numbers_db [None req-b89beb06-859f-4b53-b959-f9423c558674 3d66ff5cdd264cdca983b4612b0cb442 0f46f642a97b428da761df944456ab7a - - default default] Successfully bumped revision number for resource c0369f50-68ef-4812-b369-064608e25bb2 (type: security_group_rules) to 0
