+ COMMAND=start + start + for KEYSTONE_WSGI_SCRIPT in keystone-wsgi-public ++ type -p keystone-wsgi-public + cp -a /var/lib/openstack/bin/keystone-wsgi-public /var/www/cgi-bin/keystone/ + '[' -f /etc/apache2/envvars ']' + source /etc/apache2/envvars ++ unset HOME ++ '[' '' '!=' '' ']' ++ SUFFIX= ++ export APACHE_RUN_USER=www-data ++ APACHE_RUN_USER=www-data ++ export APACHE_RUN_GROUP=www-data ++ APACHE_RUN_GROUP=www-data ++ export APACHE_PID_FILE=/var/run/apache2/apache2.pid ++ APACHE_PID_FILE=/var/run/apache2/apache2.pid ++ export APACHE_RUN_DIR=/var/run/apache2 ++ APACHE_RUN_DIR=/var/run/apache2 ++ export APACHE_LOCK_DIR=/var/lock/apache2 ++ APACHE_LOCK_DIR=/var/lock/apache2 ++ export APACHE_LOG_DIR=/var/log/apache2 ++ APACHE_LOG_DIR=/var/log/apache2 ++ export LANG=C ++ LANG=C ++ export LANG + '[' -f /var/run/apache2/apache2.pid ']' + exec apache2 -DFOREGROUND AH00558: apache2: Could not reliably determine the server's fully qualified domain name, using 10.0.0.195. Set the 'ServerName' directive globally to suppress this message AH00558: apache2: Could not reliably determine the server's fully qualified domain name, using 10.0.0.195. Set the 'ServerName' directive globally to suppress this message
[Fri May 08 05:28:54.874102 2026] [mpm_event:notice] [pid 1:tid 139876224042880] AH00489: Apache/2.4.58 (Ubuntu) mod_wsgi/5.0.0 Python/3.12 configured -- resuming normal operations
[Fri May 08 05:28:54.874301 2026] [core:notice] [pid 1:tid 139876224042880] AH00094: Command line: 'apache2 -D FOREGROUND'
[Fri May 08 05:29:51.659094 2026] [wsgi:error] [pid 12:tid 139875587270336] /var/lib/openstack/lib/python3.12/site-packages/oslo_utils/importutils.py:77: EventletDeprecationWarning:
[Fri May 08 05:29:51.659147 2026] [wsgi:error] [pid 12:tid 139875587270336] Eventlet is deprecated. It is currently being maintained in bugfix mode, and
[Fri May 08 05:29:51.659149 2026] [wsgi:error] [pid 12:tid 139875587270336] we strongly recommend against using it for new projects.
[Fri May 08 05:29:51.659150 2026] [wsgi:error] [pid 12:tid 139875587270336]
[Fri May 08 05:29:51.659151 2026] [wsgi:error] [pid 12:tid 139875587270336] If you are already using Eventlet, we recommend migrating to a different
[Fri May 08 05:29:51.659153 2026] [wsgi:error] [pid 12:tid 139875587270336] framework. For more detail see
[Fri May 08 05:29:51.659154 2026] [wsgi:error] [pid 12:tid 139875587270336] https://eventlet.readthedocs.io/en/latest/asyncio/migration.html
[Fri May 08 05:29:51.659155 2026] [wsgi:error] [pid 12:tid 139875587270336]
[Fri May 08 05:29:51.659156 2026] [wsgi:error] [pid 12:tid 139875587270336] __import__(import_str)
[Fri May 08 05:29:51.675076 2026] [wsgi:error] [pid 11:tid 139875587270336] /var/lib/openstack/lib/python3.12/site-packages/oslo_utils/importutils.py:77: EventletDeprecationWarning:
[Fri May 08 05:29:51.675126 2026] [wsgi:error] [pid 11:tid 139875587270336] Eventlet is deprecated. It is currently being maintained in bugfix mode, and
[Fri May 08 05:29:51.675128 2026] [wsgi:error] [pid 11:tid 139875587270336] we strongly recommend against using it for new projects.
[Fri May 08 05:29:51.675129 2026] [wsgi:error] [pid 11:tid 139875587270336]
[Fri May 08 05:29:51.675130 2026] [wsgi:error] [pid 11:tid 139875587270336] If you are already using Eventlet, we recommend migrating to a different
[Fri May 08 05:29:51.675131 2026] [wsgi:error] [pid 11:tid 139875587270336] framework. For more detail see
[Fri May 08 05:29:51.675132 2026] [wsgi:error] [pid 11:tid 139875587270336] https://eventlet.readthedocs.io/en/latest/asyncio/migration.html
[Fri May 08 05:29:51.675134 2026] [wsgi:error] [pid 11:tid 139875587270336]
[Fri May 08 05:29:51.675135 2026] [wsgi:error] [pid 11:tid 139875587270336] __import__(import_str) 10.0.0.249 - - [08/May/2026:05:29:50 +0000] "GET /v3/ HTTP/1.1" 200 250 10.0.0.249 - - [08/May/2026:05:29:50 +0000] "GET /v3/ HTTP/1.1" 200 250
[Fri May 08 05:29:57.096937 2026] [wsgi:error] [pid 9:tid 139875587270336] /var/lib/openstack/lib/python3.12/site-packages/oslo_utils/importutils.py:77: EventletDeprecationWarning:
[Fri May 08 05:29:57.096987 2026] [wsgi:error] [pid 9:tid 139875587270336] Eventlet is deprecated. It is currently being maintained in bugfix mode, and
[Fri May 08 05:29:57.096988 2026] [wsgi:error] [pid 9:tid 139875587270336] we strongly recommend against using it for new projects.
[Fri May 08 05:29:57.096990 2026] [wsgi:error] [pid 9:tid 139875587270336]
[Fri May 08 05:29:57.096991 2026] [wsgi:error] [pid 9:tid 139875587270336] If you are already using Eventlet, we recommend migrating to a different
[Fri May 08 05:29:57.096992 2026] [wsgi:error] [pid 9:tid 139875587270336] framework. For more detail see
[Fri May 08 05:29:57.096993 2026] [wsgi:error] [pid 9:tid 139875587270336] https://eventlet.readthedocs.io/en/latest/asyncio/migration.html
[Fri May 08 05:29:57.096994 2026] [wsgi:error] [pid 9:tid 139875587270336]
[Fri May 08 05:29:57.096995 2026] [wsgi:error] [pid 9:tid 139875587270336] __import__(import_str) 10.0.0.249 - - [08/May/2026:05:29:56 +0000] "GET /v3/ HTTP/1.1" 200 250
[Fri May 08 05:30:04.518427 2026] [wsgi:error] [pid 10:tid 139875587270336] /var/lib/openstack/lib/python3.12/site-packages/oslo_utils/importutils.py:77: EventletDeprecationWarning:
[Fri May 08 05:30:04.518476 2026] [wsgi:error] [pid 10:tid 139875587270336] Eventlet is deprecated. It is currently being maintained in bugfix mode, and
[Fri May 08 05:30:04.518478 2026] [wsgi:error] [pid 10:tid 139875587270336] we strongly recommend against using it for new projects.
[Fri May 08 05:30:04.518479 2026] [wsgi:error] [pid 10:tid 139875587270336]
[Fri May 08 05:30:04.518480 2026] [wsgi:error] [pid 10:tid 139875587270336] If you are already using Eventlet, we recommend migrating to a different
[Fri May 08 05:30:04.518481 2026] [wsgi:error] [pid 10:tid 139875587270336] framework. For more detail see
[Fri May 08 05:30:04.518483 2026] [wsgi:error] [pid 10:tid 139875587270336] https://eventlet.readthedocs.io/en/latest/asyncio/migration.html
[Fri May 08 05:30:04.518484 2026] [wsgi:error] [pid 10:tid 139875587270336]
[Fri May 08 05:30:04.518485 2026] [wsgi:error] [pid 10:tid 139875587270336] __import__(import_str) 10.0.0.69 - - [08/May/2026:05:30:03 +0000] "GET / HTTP/1.1" 300 295
[Fri May 08 05:30:09.246106 2026] [wsgi:error] [pid 12:tid 139875587270336] [remote 10.0.0.69:42852] 2026-05-08 05:30:09.241 12 WARNING keystone.identity.core [None req-a0a4bedf-4820-4f1d-aa3c-e9a1e5ab4b31 - - - - - -] Invalid domain name (atmosphere) found in config file name: keystone.exception.DomainNotFound: Could not find domain: atmosphere.
[Fri May 08 05:30:09.309428 2026] [wsgi:error] [pid 12:tid 139875587270336] [remote 10.0.0.69:42852] 2026-05-08 05:30:09.308 12 WARNING keystone.common.password_hashing [None req-a0a4bedf-4820-4f1d-aa3c-e9a1e5ab4b31 - - - - - -] Truncating password to algorithm specific maximum length 72 characters.
[Fri May 08 05:30:09.593703 2026] [wsgi:error] [pid 12:tid 139875587270336] [remote 10.0.0.69:42852] 2026-05-08 05:30:09.593 12 WARNING keystone.common.fernet_utils [None req-a0a4bedf-4820-4f1d-aa3c-e9a1e5ab4b31 - - - - - -] key_repository is world readable: /etc/keystone/fernet-keys/ 10.0.0.69 - - [08/May/2026:05:30:09 +0000] "POST /v3/auth/tokens HTTP/1.1" 201 1360
[Fri May 08 05:30:09.923182 2026] [wsgi:error] [pid 11:tid 139875587270336] [remote 10.0.0.69:42852] 2026-05-08 05:30:09.920 11 WARNING keystone.identity.core [None req-3ceb0960-4333-4b0b-a171-d297850500d8 - - - - - -] Invalid domain name (atmosphere) found in config file name: keystone.exception.DomainNotFound: Could not find domain: atmosphere. 10.0.0.69 - - [08/May/2026:05:30:09 +0000] "POST /v3/domains HTTP/1.1" 201 261 10.0.0.97 - - [08/May/2026:05:30:22 +0000] "GET / HTTP/1.1" 300 295
[Fri May 08 05:30:22.343617 2026] [wsgi:error] [pid 10:tid 139875587270336] [remote 10.0.0.97:54004] 2026-05-08 05:30:22.342 10 WARNING keystone.common.password_hashing [None req-69e94748-03ab-4c8f-8789-7764c73ffafe - - - - - -] Truncating password to algorithm specific maximum length 72 characters.
[Fri May 08 05:30:22.617778 2026] [wsgi:error] [pid 10:tid 139875587270336] [remote 10.0.0.97:54004] 2026-05-08 05:30:22.617 10 WARNING keystone.common.fernet_utils [None req-69e94748-03ab-4c8f-8789-7764c73ffafe - - - - - -] key_repository is world readable: /etc/keystone/fernet-keys/ 10.0.0.97 - - [08/May/2026:05:30:22 +0000] "POST /v3/auth/tokens HTTP/1.1" 201 1360 10.0.0.97 - - [08/May/2026:05:30:22 +0000] "GET /v3/roles/admin HTTP/1.1" 404 83
[Fri May 08 05:30:22.842395 2026] [wsgi:error] [pid 11:tid 139875587270336] [remote 10.0.0.97:54004] 2026-05-08 05:30:22.842 11 WARNING keystone.common.rbac_enforcer.enforcer [None req-7451f3e8-f9da-49a5-8ba0-bd2ade88552d 08b1bb7f1570454f86b1184363fa6b78 d1fc20c414184d659b7bac982482b9bd - - default default] Deprecated policy rules found. Use oslopolicy-policy-generator and oslopolicy-policy-upgrade to detect and resolve deprecated policies in your configuration. 10.0.0.97 - - [08/May/2026:05:30:22 +0000] "GET /v3/roles?name=admin HTTP/1.1" 200 389
[Fri May 08 05:30:23.213375 2026] [wsgi:error] [pid 9:tid 139875587270336] [remote 10.0.0.97:54004] 2026-05-08 05:30:23.213 9 WARNING keystone.common.rbac_enforcer.enforcer [None req-ab850f7b-c6ef-407a-b329-45c41d6cf5ea 08b1bb7f1570454f86b1184363fa6b78 d1fc20c414184d659b7bac982482b9bd - - default default] Deprecated policy rules found. Use oslopolicy-policy-generator and oslopolicy-policy-upgrade to detect and resolve deprecated policies in your configuration. 10.0.0.97 - - [08/May/2026:05:30:22 +0000] "GET /v3/users/admin-RegionOne HTTP/1.1" 404 93
[Fri May 08 05:30:23.388434 2026] [wsgi:error] [pid 10:tid 139875587270336] [remote 10.0.0.97:54004] 2026-05-08 05:30:23.387 10 WARNING keystone.common.rbac_enforcer.enforcer [None req-c6bf1979-882a-49d9-9ef9-061c14b786b1 08b1bb7f1570454f86b1184363fa6b78 d1fc20c414184d659b7bac982482b9bd - - default default] Deprecated policy rules found. Use oslopolicy-policy-generator and oslopolicy-policy-upgrade to detect and resolve deprecated policies in your configuration. 10.0.0.97 - - [08/May/2026:05:30:23 +0000] "GET /v3/users?name=admin-RegionOne HTTP/1.1" 200 422
[Fri May 08 05:30:23.594163 2026] [wsgi:error] [pid 12:tid 139875587270336] [remote 10.0.0.97:54004] 2026-05-08 05:30:23.593 12 WARNING keystone.common.rbac_enforcer.enforcer [None req-bd4f783c-676e-462b-bba1-6b9b07abdc99 08b1bb7f1570454f86b1184363fa6b78 d1fc20c414184d659b7bac982482b9bd - - default default] Deprecated policy rules found. Use oslopolicy-policy-generator and oslopolicy-policy-upgrade to detect and resolve deprecated policies in your configuration. 10.0.0.97 - - [08/May/2026:05:30:23 +0000] "GET /v3/domains/default HTTP/1.1" 200 224 10.0.0.97 - - [08/May/2026:05:30:23 +0000] "PUT /v3/domains/default/users/08b1bb7f1570454f86b1184363fa6b78/roles/db47a4c06e1e465fb1de02a20545914d HTTP/1.1" 204 - 10.0.0.249 - - [08/May/2026:05:30:34 +0000] "GET / HTTP/1.1" 300 281 10.0.0.249 - - [08/May/2026:05:30:35 +0000] "GET /v3 HTTP/1.1" 200 266
[Fri May 08 05:30:35.960260 2026] [wsgi:error] [pid 12:tid 139875587270336] [remote 10.0.0.249:48918] 2026-05-08 05:30:35.960 12 WARNING keystone.common.password_hashing [None req-7d6edb20-13f8-4292-970f-1fdd330914d1 - - - - - -] Truncating password to algorithm specific maximum length 72 characters.
[Fri May 08 05:30:36.235348 2026] [wsgi:error] [pid 12:tid 139875587270336] [remote 10.0.0.249:48918] 2026-05-08 05:30:36.235 12 WARNING keystone.common.fernet_utils [None req-7d6edb20-13f8-4292-970f-1fdd330914d1 - - - - - -] key_repository is world readable: /etc/keystone/fernet-keys/ 10.0.0.249 - - [08/May/2026:05:30:35 +0000] "POST /v3/auth/tokens HTTP/1.1" 201 1360 10.0.0.249 - - [08/May/2026:05:30:36 +0000] "GET / HTTP/1.1" 300 281 10.0.0.249 - - [08/May/2026:05:30:36 +0000] "GET /v3/domains/atmosphere HTTP/1.1" 404 90 10.0.0.249 - - [08/May/2026:05:30:36 +0000] "GET /v3/domains?name=atmosphere HTTP/1.1" 200 370 10.0.0.249 - - [08/May/2026:05:30:36 +0000] "GET /v3/domains/ffd5e67e69864190bea52fb7b6e86590 HTTP/1.1" 200 247 10.0.0.249 - - [08/May/2026:05:30:37 +0000] "GET /v3 HTTP/1.1" 200 266
[Fri May 08 05:30:37.527839 2026] [wsgi:error] [pid 9:tid 139875587270336] [remote 10.0.0.249:48918] 2026-05-08 05:30:37.527 9 WARNING keystone.common.password_hashing [None req-dd03cd7f-8f93-4d2e-b26a-fad63992fe58 - - - - - -] Truncating password to algorithm specific maximum length 72 characters.
[Fri May 08 05:30:37.799121 2026] [wsgi:error] [pid 9:tid 139875587270336] [remote 10.0.0.249:48918] 2026-05-08 05:30:37.798 9 WARNING keystone.common.fernet_utils [None req-dd03cd7f-8f93-4d2e-b26a-fad63992fe58 - - - - - -] key_repository is world readable: /etc/keystone/fernet-keys/ 10.0.0.249 - - [08/May/2026:05:30:37 +0000] "POST /v3/auth/tokens HTTP/1.1" 201 1360 10.0.0.249 - - [08/May/2026:05:30:37 +0000] "GET / HTTP/1.1" 300 281 10.0.0.249 - - [08/May/2026:05:30:37 +0000] "GET /v3/OS-FEDERATION/identity_providers/atmosphere HTTP/1.1" 404 101 10.0.0.249 - - [08/May/2026:05:30:37 +0000] "GET /v3/OS-FEDERATION/identity_providers HTTP/1.1" 200 156 10.0.0.249 - - [08/May/2026:05:30:37 +0000] "PUT /v3/OS-FEDERATION/identity_providers/atmosphere HTTP/1.1" 201 342 10.0.0.249 - - [08/May/2026:05:30:38 +0000] "GET /v3 HTTP/1.1" 200 266
[Fri May 08 05:30:38.724028 2026] [wsgi:error] [pid 12:tid 139875587270336] [remote 10.0.0.249:48904] 2026-05-08 05:30:38.723 12 WARNING keystone.common.password_hashing [None req-044ab81e-f9ee-4394-b884-c9344dd73d79 - - - - - -] Truncating password to algorithm specific maximum length 72 characters.
[Fri May 08 05:30:38.995947 2026] [wsgi:error] [pid 12:tid 139875587270336] [remote 10.0.0.249:48904] 2026-05-08 05:30:38.995 12 WARNING keystone.common.fernet_utils [None req-044ab81e-f9ee-4394-b884-c9344dd73d79 - - - - - -] key_repository is world readable: /etc/keystone/fernet-keys/ 10.0.0.249 - - [08/May/2026:05:30:38 +0000] "POST /v3/auth/tokens HTTP/1.1" 201 1360 10.0.0.249 - - [08/May/2026:05:30:39 +0000] "GET / HTTP/1.1" 300 281 10.0.0.249 - - [08/May/2026:05:30:39 +0000] "GET /v3/OS-FEDERATION/mappings/atmosphere-openid HTTP/1.1" 404 98 10.0.0.249 - - [08/May/2026:05:30:39 +0000] "GET /v3/OS-FEDERATION/mappings HTTP/1.1" 200 136 10.0.0.249 - - [08/May/2026:05:30:39 +0000] "PUT /v3/OS-FEDERATION/mappings/atmosphere-openid HTTP/1.1" 201 357 10.0.0.249 - - [08/May/2026:05:30:39 +0000] "GET /v3 HTTP/1.1" 200 266
[Fri May 08 05:30:39.903154 2026] [wsgi:error] [pid 9:tid 139875587270336] [remote 10.0.0.249:48918] 2026-05-08 05:30:39.902 9 WARNING keystone.common.password_hashing [None req-66e8eb14-be01-4013-90e7-22172cc6a0ba - - - - - -] Truncating password to algorithm specific maximum length 72 characters.
[Fri May 08 05:30:40.175802 2026] [wsgi:error] [pid 9:tid 139875587270336] [remote 10.0.0.249:48918] 2026-05-08 05:30:40.175 9 WARNING keystone.common.fernet_utils [None req-66e8eb14-be01-4013-90e7-22172cc6a0ba - - - - - -] key_repository is world readable: /etc/keystone/fernet-keys/ 10.0.0.249 - - [08/May/2026:05:30:39 +0000] "POST /v3/auth/tokens HTTP/1.1" 201 1360 10.0.0.249 - - [08/May/2026:05:30:40 +0000] "GET / HTTP/1.1" 300 281 10.0.0.249 - - [08/May/2026:05:30:40 +0000] "GET /v3/OS-FEDERATION/identity_providers/atmosphere/protocols/openid?idp_id=atmosphere HTTP/1.1" 404 131 10.0.0.249 - - [08/May/2026:05:30:40 +0000] "GET /v3/OS-FEDERATION/identity_providers/atmosphere/protocols HTTP/1.1" 200 168 10.0.0.249 - - [08/May/2026:05:30:40 +0000] "PUT /v3/OS-FEDERATION/identity_providers/atmosphere/protocols/openid HTTP/1.1" 201 224 10.0.0.249 - - [08/May/2026:05:30:50 +0000] "GET /v3/ HTTP/1.1" 200 250 10.0.0.249 - - [08/May/2026:05:30:50 +0000] "GET /v3/ HTTP/1.1" 200 250 10.0.0.249 - - [08/May/2026:05:31:50 +0000] "GET /v3/ HTTP/1.1" 200 250 10.0.0.249 - - [08/May/2026:05:31:50 +0000] "GET /v3/ HTTP/1.1" 200 250 10.0.0.163 - - [08/May/2026:05:32:03 +0000] "GET / HTTP/1.1" 300 295
[Fri May 08 05:32:03.919722 2026] [wsgi:error] [pid 10:tid 139875587270336] [remote 10.0.0.163:59354] 2026-05-08 05:32:03.919 10 WARNING keystone.common.password_hashing [None req-34f8f1a6-25d9-42d6-b189-ed8853905504 - - - - - -] Truncating password to algorithm specific maximum length 72 characters.
[Fri May 08 05:32:04.191319 2026] [wsgi:error] [pid 10:tid 139875587270336] [remote 10.0.0.163:59354] 2026-05-08 05:32:04.191 10 WARNING keystone.common.fernet_utils [None req-34f8f1a6-25d9-42d6-b189-ed8853905504 - - - - - -] key_repository is world readable: /etc/keystone/fernet-keys/ 10.0.0.163 - - [08/May/2026:05:32:03 +0000] "POST /v3/auth/tokens HTTP/1.1" 201 1360 10.0.0.163 - - [08/May/2026:05:32:04 +0000] "GET /v3/services HTTP/1.1" 200 355 10.0.0.163 - - [08/May/2026:05:32:07 +0000] "GET / HTTP/1.1" 300 295
[Fri May 08 05:32:07.769949 2026] [wsgi:error] [pid 12:tid 139875587270336] [remote 10.0.0.163:59368] 2026-05-08 05:32:07.769 12 WARNING keystone.common.password_hashing [None req-8ba4287c-1047-49c6-aef6-9791e1309554 - - - - - -] Truncating password to algorithm specific maximum length 72 characters.
[Fri May 08 05:32:08.045950 2026] [wsgi:error] [pid 12:tid 139875587270336] [remote 10.0.0.163:59368] 2026-05-08 05:32:08.045 12 WARNING keystone.common.fernet_utils [None req-8ba4287c-1047-49c6-aef6-9791e1309554 - - - - - -] key_repository is world readable: /etc/keystone/fernet-keys/ 10.0.0.163 - - [08/May/2026:05:32:07 +0000] "POST /v3/auth/tokens HTTP/1.1" 201 1360 10.0.0.163 - - [08/May/2026:05:32:08 +0000] "GET /v3/services HTTP/1.1" 200 355 10.0.0.163 - - [08/May/2026:05:32:11 +0000] "GET / HTTP/1.1" 300 295
[Fri May 08 05:32:11.619382 2026] [wsgi:error] [pid 9:tid 139875587270336] [remote 10.0.0.163:42436] 2026-05-08 05:32:11.619 9 WARNING keystone.common.password_hashing [None req-29540d48-6dad-4a04-a5c1-a8a6489466b4 - - - - - -] Truncating password to algorithm specific maximum length 72 characters.
[Fri May 08 05:32:11.901050 2026] [wsgi:error] [pid 9:tid 139875587270336] [remote 10.0.0.163:42436] 2026-05-08 05:32:11.900 9 WARNING keystone.common.fernet_utils [None req-29540d48-6dad-4a04-a5c1-a8a6489466b4 - - - - - -] key_repository is world readable: /etc/keystone/fernet-keys/ 10.0.0.163 - - [08/May/2026:05:32:11 +0000] "POST /v3/auth/tokens HTTP/1.1" 201 1360 10.0.0.163 - - [08/May/2026:05:32:12 +0000] "GET /v3/services HTTP/1.1" 200 355 10.0.0.163 - - [08/May/2026:05:32:15 +0000] "GET / HTTP/1.1" 300 295
[Fri May 08 05:32:15.468996 2026] [wsgi:error] [pid 11:tid 139875587270336] [remote 10.0.0.163:42442] 2026-05-08 05:32:15.468 11 WARNING keystone.common.password_hashing [None req-e1fb2f59-1236-4023-bf45-481e5c6acb41 - - - - - -] Truncating password to algorithm specific maximum length 72 characters.
[Fri May 08 05:32:15.748983 2026] [wsgi:error] [pid 11:tid 139875587270336] [remote 10.0.0.163:42442] 2026-05-08 05:32:15.748 11 WARNING keystone.common.fernet_utils [None req-e1fb2f59-1236-4023-bf45-481e5c6acb41 - - - - - -] key_repository is world readable: /etc/keystone/fernet-keys/ 10.0.0.163 - - [08/May/2026:05:32:15 +0000] "POST /v3/auth/tokens HTTP/1.1" 201 1360 10.0.0.163 - - [08/May/2026:05:32:15 +0000] "POST /v3/services HTTP/1.1" 201 296 10.0.0.139 - - [08/May/2026:05:32:26 +0000] "GET / HTTP/1.1" 300 295
[Fri May 08 05:32:26.116704 2026] [wsgi:error] [pid 10:tid 139875587270336] [remote 10.0.0.139:37422] 2026-05-08 05:32:26.116 10 WARNING keystone.common.password_hashing [None req-fc3aa1df-a556-4e4b-aaf8-02e81eec9a2c - - - - - -] Truncating password to algorithm specific maximum length 72 characters. 10.0.0.139 - - [08/May/2026:05:32:26 +0000] "GET / HTTP/1.1" 300 295
[Fri May 08 05:32:26.218534 2026] [wsgi:error] [pid 9:tid 139875587270336] [remote 10.0.0.139:37436] 2026-05-08 05:32:26.218 9 WARNING keystone.common.password_hashing [None req-df1e1b1c-5c2b-4968-995d-222125fc28d3 - - - - - -] Truncating password to algorithm specific maximum length 72 characters.
[Fri May 08 05:32:26.384728 2026] [wsgi:error] [pid 10:tid 139875587270336] [remote 10.0.0.139:37422] 2026-05-08 05:32:26.384 10 WARNING keystone.common.fernet_utils [None req-fc3aa1df-a556-4e4b-aaf8-02e81eec9a2c - - - - - -] key_repository is world readable: /etc/keystone/fernet-keys/ 10.0.0.139 - - [08/May/2026:05:32:26 +0000] "POST /v3/auth/tokens HTTP/1.1" 201 1464 10.0.0.139 - - [08/May/2026:05:32:26 +0000] "GET / HTTP/1.1" 300 295
[Fri May 08 05:32:26.433039 2026] [wsgi:error] [pid 11:tid 139875587270336] [remote 10.0.0.139:37440] 2026-05-08 05:32:26.432 11 WARNING keystone.common.password_hashing [None req-dde917d4-698b-4833-b80e-d1dd5926eeae - - - - - -] Truncating password to algorithm specific maximum length 72 characters.
[Fri May 08 05:32:26.488734 2026] [wsgi:error] [pid 9:tid 139875587270336] [remote 10.0.0.139:37436] 2026-05-08 05:32:26.488 9 WARNING keystone.common.fernet_utils [None req-df1e1b1c-5c2b-4968-995d-222125fc28d3 - - - - - -] key_repository is world readable: /etc/keystone/fernet-keys/ 10.0.0.139 - - [08/May/2026:05:32:26 +0000] "POST /v3/auth/tokens HTTP/1.1" 201 1464 10.0.0.139 - - [08/May/2026:05:32:26 +0000] "GET /v3/services HTTP/1.1" 200 639 10.0.0.139 - - [08/May/2026:05:32:26 +0000] "GET /v3/services HTTP/1.1" 200 639
[Fri May 08 05:32:26.708292 2026] [wsgi:error] [pid 11:tid 139875587270336] [remote 10.0.0.139:37440] 2026-05-08 05:32:26.708 11 WARNING keystone.common.fernet_utils [None req-dde917d4-698b-4833-b80e-d1dd5926eeae - - - - - -] key_repository is world readable: /etc/keystone/fernet-keys/ 10.0.0.139 - - [08/May/2026:05:32:26 +0000] "POST /v3/auth/tokens HTTP/1.1" 201 1464 10.0.0.139 - - [08/May/2026:05:32:26 +0000] "GET /v3/services HTTP/1.1" 200 639 10.0.0.139 - - [08/May/2026:05:32:27 +0000] "GET / HTTP/1.1" 300 295
[Fri May 08 05:32:27.923996 2026] [wsgi:error] [pid 12:tid 139875587270336] [remote 10.0.0.139:37452] 2026-05-08 05:32:27.923 12 WARNING keystone.common.password_hashing [None req-4a5f0cb3-59b0-45cd-b82b-c58237120475 - - - - - -] Truncating password to algorithm specific maximum length 72 characters. 10.0.0.139 - - [08/May/2026:05:32:28 +0000] "GET / HTTP/1.1" 300 295
[Fri May 08 05:32:28.109992 2026] [wsgi:error] [pid 9:tid 139875587270336] [remote 10.0.0.139:37462] 2026-05-08 05:32:28.109 9 WARNING keystone.common.password_hashing [None req-b93d4360-201d-4458-aa5f-5c40914a09cb - - - - - -] Truncating password to algorithm specific maximum length 72 characters.
[Fri May 08 05:32:28.208117 2026] [wsgi:error] [pid 12:tid 139875587270336] [remote 10.0.0.139:37452] 2026-05-08 05:32:28.207 12 WARNING keystone.common.fernet_utils [None req-4a5f0cb3-59b0-45cd-b82b-c58237120475 - - - - - -] key_repository is world readable: /etc/keystone/fernet-keys/ 10.0.0.139 - - [08/May/2026:05:32:27 +0000] "POST /v3/auth/tokens HTTP/1.1" 201 1464 10.0.0.139 - - [08/May/2026:05:32:28 +0000] "GET / HTTP/1.1" 300 295
[Fri May 08 05:32:28.329677 2026] [wsgi:error] [pid 11:tid 139875587270336] [remote 10.0.0.139:56236] 2026-05-08 05:32:28.329 11 WARNING keystone.common.password_hashing [None req-6ebe655e-b993-4acc-9caa-b134a36407f4 - - - - - -] Truncating password to algorithm specific maximum length 72 characters. 10.0.0.139 - - [08/May/2026:05:32:28 +0000] "GET /v3/endpoints HTTP/1.1" 200 1227 10.0.0.139 - - [08/May/2026:05:32:28 +0000] "GET /v3/services/39a7c727cc2e4cc387ebf2f40230a41a HTTP/1.1" 200 233
[Fri May 08 05:32:28.386612 2026] [wsgi:error] [pid 9:tid 139875587270336] [remote 10.0.0.139:37462] 2026-05-08 05:32:28.386 9 WARNING keystone.common.fernet_utils [None req-b93d4360-201d-4458-aa5f-5c40914a09cb - - - - - -] key_repository is world readable: /etc/keystone/fernet-keys/ 10.0.0.139 - - [08/May/2026:05:32:28 +0000] "POST /v3/auth/tokens HTTP/1.1" 201 1464 10.0.0.139 - - [08/May/2026:05:32:28 +0000] "GET /v3/services/39a7c727cc2e4cc387ebf2f40230a41a HTTP/1.1" 200 233 10.0.0.139 - - [08/May/2026:05:32:28 +0000] "GET /v3/services/39a7c727cc2e4cc387ebf2f40230a41a HTTP/1.1" 200 233 10.0.0.139 - - [08/May/2026:05:32:28 +0000] "GET /v3/endpoints HTTP/1.1" 200 1227 10.0.0.139 - - [08/May/2026:05:32:28 +0000] "GET /v3/services/39a7c727cc2e4cc387ebf2f40230a41a HTTP/1.1" 200 233 10.0.0.139 - - [08/May/2026:05:32:28 +0000] "GET /v3/services/39a7c727cc2e4cc387ebf2f40230a41a HTTP/1.1" 200 233 10.0.0.139 - - [08/May/2026:05:32:28 +0000] "GET /v3/services/39a7c727cc2e4cc387ebf2f40230a41a HTTP/1.1" 200 233
[Fri May 08 05:32:28.621140 2026] [wsgi:error] [pid 11:tid 139875587270336] [remote 10.0.0.139:56236] 2026-05-08 05:32:28.620 11 WARNING keystone.common.fernet_utils [None req-6ebe655e-b993-4acc-9caa-b134a36407f4 - - - - - -] key_repository is world readable: /etc/keystone/fernet-keys/ 10.0.0.139 - - [08/May/2026:05:32:28 +0000] "POST /v3/auth/tokens HTTP/1.1" 201 1464 10.0.0.139 - - [08/May/2026:05:32:28 +0000] "GET /v3/endpoints HTTP/1.1" 200 1227 10.0.0.139 - - [08/May/2026:05:32:28 +0000] "GET /v3/services/39a7c727cc2e4cc387ebf2f40230a41a HTTP/1.1" 200 233 10.0.0.139 - - [08/May/2026:05:32:28 +0000] "GET /v3/services/39a7c727cc2e4cc387ebf2f40230a41a HTTP/1.1" 200 233 10.0.0.139 - - [08/May/2026:05:32:28 +0000] "GET /v3/services/39a7c727cc2e4cc387ebf2f40230a41a HTTP/1.1" 200 233 10.0.0.139 - - [08/May/2026:05:32:29 +0000] "GET / HTTP/1.1" 300 295
[Fri May 08 05:32:29.822824 2026] [wsgi:error] [pid 10:tid 139875587270336] [remote 10.0.0.139:56248] 2026-05-08 05:32:29.822 10 WARNING keystone.common.password_hashing [None req-18b438eb-6d91-4f0b-993f-bcd403216119 - - - - - -] Truncating password to algorithm specific maximum length 72 characters. 10.0.0.139 - - [08/May/2026:05:32:30 +0000] "GET / HTTP/1.1" 300 295
[Fri May 08 05:32:30.027561 2026] [wsgi:error] [pid 11:tid 139875587270336] [remote 10.0.0.139:56256] 2026-05-08 05:32:30.027 11 WARNING keystone.common.password_hashing [None req-f9908526-dfd6-445e-8f6a-088cc60e0324 - - - - - -] Truncating password to algorithm specific maximum length 72 characters.
[Fri May 08 05:32:30.099969 2026] [wsgi:error] [pid 10:tid 139875587270336] [remote 10.0.0.139:56248] 2026-05-08 05:32:30.099 10 WARNING keystone.common.fernet_utils [None req-18b438eb-6d91-4f0b-993f-bcd403216119 - - - - - -] key_repository is world readable: /etc/keystone/fernet-keys/ 10.0.0.139 - - [08/May/2026:05:32:29 +0000] "POST /v3/auth/tokens HTTP/1.1" 201 1464 10.0.0.139 - - [08/May/2026:05:32:30 +0000] "GET / HTTP/1.1" 300 295
[Fri May 08 05:32:30.186215 2026] [wsgi:error] [pid 9:tid 139875587270336] [remote 10.0.0.139:56270] 2026-05-08 05:32:30.186 9 WARNING keystone.common.password_hashing [None req-06b9ee80-c1db-45f5-af31-1c49a6c87695 - - - - - -] Truncating password to algorithm specific maximum length 72 characters. 10.0.0.139 - - [08/May/2026:05:32:30 +0000] "GET /v3/services/a5020d9257564e5e9800760d75a43c5e HTTP/1.1" 200 296 10.0.0.139 - - [08/May/2026:05:32:30 +0000] "GET /v3/regions/RegionOne HTTP/1.1" 200 173
[Fri May 08 05:32:30.307719 2026] [wsgi:error] [pid 11:tid 139875587270336] [remote 10.0.0.139:56256] 2026-05-08 05:32:30.307 11 WARNING keystone.common.fernet_utils [None req-f9908526-dfd6-445e-8f6a-088cc60e0324 - - - - - -] key_repository is world readable: /etc/keystone/fernet-keys/ 10.0.0.139 - - [08/May/2026:05:32:30 +0000] "POST /v3/auth/tokens HTTP/1.1" 201 1464 10.0.0.139 - - [08/May/2026:05:32:30 +0000] "POST /v3/endpoints HTTP/1.1" 201 380 10.0.0.139 - - [08/May/2026:05:32:30 +0000] "GET /v3/services/a5020d9257564e5e9800760d75a43c5e HTTP/1.1" 200 296
[Fri May 08 05:32:30.458353 2026] [wsgi:error] [pid 9:tid 139875587270336] [remote 10.0.0.139:56270] 2026-05-08 05:32:30.458 9 WARNING keystone.common.fernet_utils [None req-06b9ee80-c1db-45f5-af31-1c49a6c87695 - - - - - -] key_repository is world readable: /etc/keystone/fernet-keys/ 10.0.0.139 - - [08/May/2026:05:32:30 +0000] "POST /v3/auth/tokens HTTP/1.1" 201 1641 10.0.0.139 - - [08/May/2026:05:32:30 +0000] "GET /v3/regions/RegionOne HTTP/1.1" 200 173 10.0.0.139 - - [08/May/2026:05:32:30 +0000] "POST /v3/endpoints HTTP/1.1" 201 383 10.0.0.139 - - [08/May/2026:05:32:30 +0000] "GET /v3/services/a5020d9257564e5e9800760d75a43c5e HTTP/1.1" 200 296 10.0.0.139 - - [08/May/2026:05:32:30 +0000] "GET /v3/regions/RegionOne HTTP/1.1" 200 173 10.0.0.139 - - [08/May/2026:05:32:30 +0000] "POST /v3/endpoints HTTP/1.1" 201 370 10.0.0.139 - - [08/May/2026:05:32:31 +0000] "GET / HTTP/1.1" 300 295
[Fri May 08 05:32:31.743371 2026] [wsgi:error] [pid 12:tid 139875587270336] [remote 10.0.0.139:56286] 2026-05-08 05:32:31.743 12 WARNING keystone.common.password_hashing [None req-33e0da72-c9de-4515-acff-f31e92d39e31 - - - - - -] Truncating password to algorithm specific maximum length 72 characters. 10.0.0.139 - - [08/May/2026:05:32:31 +0000] "GET / HTTP/1.1" 300 295
[Fri May 08 05:32:31.896727 2026] [wsgi:error] [pid 11:tid 139875587270336] [remote 10.0.0.139:56290] 2026-05-08 05:32:31.896 11 WARNING keystone.common.password_hashing [None req-6db236ee-13a4-49cf-af94-cc10ea8e2c2b - - - - - -] Truncating password to algorithm specific maximum length 72 characters.
[Fri May 08 05:32:32.021309 2026] [wsgi:error] [pid 12:tid 139875587270336] [remote 10.0.0.139:56286] 2026-05-08 05:32:32.021 12 WARNING keystone.common.fernet_utils [None req-33e0da72-c9de-4515-acff-f31e92d39e31 - - - - - -] key_repository is world readable: /etc/keystone/fernet-keys/ 10.0.0.139 - - [08/May/2026:05:32:31 +0000] "POST /v3/auth/tokens HTTP/1.1" 201 1992 10.0.0.139 - - [08/May/2026:05:32:32 +0000] "GET / HTTP/1.1" 300 295
[Fri May 08 05:32:32.075179 2026] [wsgi:error] [pid 9:tid 139875587270336] [remote 10.0.0.139:56292] 2026-05-08 05:32:32.074 9 WARNING keystone.common.password_hashing [None req-0306509d-7fad-44f7-8e42-ad183449447d - - - - - -] Truncating password to algorithm specific maximum length 72 characters. 10.0.0.139 - - [08/May/2026:05:32:32 +0000] "GET /v3/endpoints/1f8dac17d4f741f3b9b56b6844b29025 HTTP/1.1" 200 380 10.0.0.139 - - [08/May/2026:05:32:32 +0000] "GET /v3/services/a5020d9257564e5e9800760d75a43c5e HTTP/1.1" 200 296
[Fri May 08 05:32:32.209296 2026] [wsgi:error] [pid 11:tid 139875587270336] [remote 10.0.0.139:56290] 2026-05-08 05:32:32.209 11 WARNING keystone.common.fernet_utils [None req-6db236ee-13a4-49cf-af94-cc10ea8e2c2b - - - - - -] key_repository is world readable: /etc/keystone/fernet-keys/ 10.0.0.139 - - [08/May/2026:05:32:31 +0000] "POST /v3/auth/tokens HTTP/1.1" 201 1992 10.0.0.139 - - [08/May/2026:05:32:32 +0000] "GET /v3/endpoints/d7fd482906824c8db211c4fd2e44f38e HTTP/1.1" 200 383 10.0.0.139 - - [08/May/2026:05:32:32 +0000] "GET /v3/services/a5020d9257564e5e9800760d75a43c5e HTTP/1.1" 200 296
[Fri May 08 05:32:32.353666 2026] [wsgi:error] [pid 9:tid 139875587270336] [remote 10.0.0.139:56292] 2026-05-08 05:32:32.353 9 WARNING keystone.common.fernet_utils [None req-0306509d-7fad-44f7-8e42-ad183449447d - - - - - -] key_repository is world readable: /etc/keystone/fernet-keys/ 10.0.0.139 - - [08/May/2026:05:32:32 +0000] "POST /v3/auth/tokens HTTP/1.1" 201 1992 10.0.0.139 - - [08/May/2026:05:32:32 +0000] "GET /v3/endpoints/57634de8c5a94947a82ca952a5d8d27e HTTP/1.1" 200 370 10.0.0.139 - - [08/May/2026:05:32:32 +0000] "GET /v3/services/a5020d9257564e5e9800760d75a43c5e HTTP/1.1" 200 296 10.0.0.31 - - [08/May/2026:05:32:43 +0000] "GET / HTTP/1.1" 300 295
[Fri May 08 05:32:43.231966 2026] [wsgi:error] [pid 9:tid 139875587270336] [remote 10.0.0.31:40142] 2026-05-08 05:32:43.231 9 WARNING keystone.common.password_hashing [None req-0654ae71-d7d4-4dfe-acc7-d4776b83e249 - - - - - -] Truncating password to algorithm specific maximum length 72 characters.
[Fri May 08 05:32:43.507708 2026] [wsgi:error] [pid 9:tid 139875587270336] [remote 10.0.0.31:40142] 2026-05-08 05:32:43.507 9 WARNING keystone.common.fernet_utils [None req-0654ae71-d7d4-4dfe-acc7-d4776b83e249 - - - - - -] key_repository is world readable: /etc/keystone/fernet-keys/ 10.0.0.31 - - [08/May/2026:05:32:43 +0000] "POST /v3/auth/tokens HTTP/1.1" 201 1992 10.0.0.31 - - [08/May/2026:05:32:43 +0000] "POST /v3/domains HTTP/1.1" 201 284 10.0.0.31 - - [08/May/2026:05:32:45 +0000] "GET / HTTP/1.1" 300 295
[Fri May 08 05:32:45.229366 2026] [wsgi:error] [pid 10:tid 139875587270336] [remote 10.0.0.31:40146] 2026-05-08 05:32:45.229 10 WARNING keystone.common.password_hashing [None req-423f1207-55e9-4f16-9b96-855707fe603f - - - - - -] Truncating password to algorithm specific maximum length 72 characters.
[Fri May 08 05:32:45.500842 2026] [wsgi:error] [pid 10:tid 139875587270336] [remote 10.0.0.31:40146] 2026-05-08 05:32:45.500 10 WARNING keystone.common.fernet_utils [None req-423f1207-55e9-4f16-9b96-855707fe603f - - - - - -] key_repository is world readable: /etc/keystone/fernet-keys/ 10.0.0.31 - - [08/May/2026:05:32:45 +0000] "POST /v3/auth/tokens HTTP/1.1" 201 1992
[Fri May 08 05:32:45.676381 2026] [wsgi:error] [pid 9:tid 139875587270336] [remote 10.0.0.31:40146] 2026-05-08 05:32:45.660 9 ERROR keystone.server.flask.application [None req-1f61c22f-8127-4b7a-aa29-f0da7d9d705b 08b1bb7f1570454f86b1184363fa6b78 d1fc20c414184d659b7bac982482b9bd - - default default] Conflict occurred attempting to store project - it is not permitted to have two projects acting as domains with the same name: service.: keystone.exception.Conflict: Conflict occurred attempting to store project - it is not permitted to have two projects acting as domains with the same name: service.
[Fri May 08 05:32:45.676407 2026] [wsgi:error] [pid 9:tid 139875587270336] [remote 10.0.0.31:40146] 2026-05-08 05:32:45.660 9 ERROR keystone.server.flask.application
Traceback (most recent call last):
[Fri May 08 05:32:45.676410 2026] [wsgi:error] [pid 9:tid 139875587270336] [remote 10.0.0.31:40146] 2026-05-08 05:32:45.660 9 ERROR keystone.server.flask.application
File "/var/lib/openstack/lib/python3.12/site-packages/sqlalchemy/engine/base.py", line 1967, in _exec_single_context
[Fri May 08 05:32:45.676412 2026] [wsgi:error] [pid 9:tid 139875587270336] [remote 10.0.0.31:40146] 2026-05-08 05:32:45.660 9 ERROR keystone.server.flask.application self.dialect.do_execute(
[Fri May 08 05:32:45.676413 2026] [wsgi:error] [pid 9:tid 139875587270336] [remote 10.0.0.31:40146] 2026-05-08 05:32:45.660 9 ERROR keystone.server.flask.application
File "/var/lib/openstack/lib/python3.12/site-packages/sqlalchemy/engine/default.py", line 952, in do_execute
[Fri May 08 05:32:45.676415 2026] [wsgi:error] [pid 9:tid 139875587270336] [remote 10.0.0.31:40146] 2026-05-08 05:32:45.660 9 ERROR keystone.server.flask.application cursor.execute(statement, parameters)
[Fri May 08 05:32:45.676416 2026] [wsgi:error] [pid 9:tid 139875587270336] [remote 10.0.0.31:40146] 2026-05-08 05:32:45.660 9 ERROR keystone.server.flask.application
File "/var/lib/openstack/lib/python3.12/site-packages/pymysql/cursors.py", line 153, in execute
[Fri May 08 05:32:45.676418 2026] [wsgi:error] [pid 9:tid 139875587270336] [remote 10.0.0.31:40146] 2026-05-08 05:32:45.660 9 ERROR keystone.server.flask.application result = self._query(query)
[Fri May 08 05:32:45.676419 2026] [wsgi:error] [pid 9:tid 139875587270336] [remote 10.0.0.31:40146] 2026-05-08 05:32:45.660 9 ERROR keystone.server.flask.application ^^^^^^^^^^^^^^^^^^
[Fri May 08 05:32:45.676421 2026] [wsgi:error] [pid 9:tid 139875587270336] [remote 10.0.0.31:40146] 2026-05-08 05:32:45.660 9 ERROR keystone.server.flask.application
File "/var/lib/openstack/lib/python3.12/site-packages/pymysql/cursors.py", line 322, in _query
[Fri May 08 05:32:45.676422 2026] [wsgi:error] [pid 9:tid 139875587270336] [remote 10.0.0.31:40146] 2026-05-08 05:32:45.660 9 ERROR keystone.server.flask.application conn.query(q)
[Fri May 08 05:32:45.676423 2026] [wsgi:error] [pid 9:tid 139875587270336] [remote 10.0.0.31:40146] 2026-05-08 05:32:45.660 9 ERROR keystone.server.flask.application
File "/var/lib/openstack/lib/python3.12/site-packages/pymysql/connections.py", line 575, in query
[Fri May 08 05:32:45.676425 2026] [wsgi:error] [pid 9:tid 139875587270336] [remote 10.0.0.31:40146] 2026-05-08 05:32:45.660 9 ERROR keystone.server.flask.application self._affected_rows = self._read_query_result(unbuffered=unbuffered)
[Fri May 08 05:32:45.676426 2026] [wsgi:error] [pid 9:tid 139875587270336] [remote 10.0.0.31:40146] 2026-05-08 05:32:45.660 9 ERROR keystone.server.flask.application ^^^^^^^^^^^^^^^^^^^^^^^^^^^^^^^^^^^^^^^^^^^^^^
[Fri May 08 05:32:45.676428 2026] [wsgi:error] [pid 9:tid 139875587270336] [remote 10.0.0.31:40146] 2026-05-08 05:32:45.660 9 ERROR keystone.server.flask.application
File "/var/lib/openstack/lib/python3.12/site-packages/pymysql/connections.py", line 826, in _read_query_result
[Fri May 08 05:32:45.676430 2026] [wsgi:error] [pid 9:tid 139875587270336] [remote 10.0.0.31:40146] 2026-05-08 05:32:45.660 9 ERROR keystone.server.flask.application result.read()
[Fri May 08 05:32:45.676431 2026] [wsgi:error] [pid 9:tid 139875587270336] [remote 10.0.0.31:40146] 2026-05-08 05:32:45.660 9 ERROR keystone.server.flask.application
File "/var/lib/openstack/lib/python3.12/site-packages/pymysql/connections.py", line 1203, in read
[Fri May 08 05:32:45.676435 2026] [wsgi:error] [pid 9:tid 139875587270336] [remote 10.0.0.31:40146] 2026-05-08 05:32:45.660 9 ERROR keystone.server.flask.application first_packet = self.connection._read_packet()
[Fri May 08 05:32:45.676437 2026] [wsgi:error] [pid 9:tid 139875587270336] [remote 10.0.0.31:40146] 2026-05-08 05:32:45.660 9 ERROR keystone.server.flask.application ^^^^^^^^^^^^^^^^^^^^^^^^^^^^^^
[Fri May 08 05:32:45.676438 2026] [wsgi:error] [pid 9:tid 139875587270336] [remote 10.0.0.31:40146] 2026-05-08 05:32:45.660 9 ERROR keystone.server.flask.application
File "/var/lib/openstack/lib/python3.12/site-packages/pymysql/connections.py", line 782, in _read_packet
[Fri May 08 05:32:45.676439 2026] [wsgi:error] [pid 9:tid 139875587270336] [remote 10.0.0.31:40146] 2026-05-08 05:32:45.660 9 ERROR keystone.server.flask.application packet.raise_for_error()
[Fri May 08 05:32:45.676441 2026] [wsgi:error] [pid 9:tid 139875587270336] [remote 10.0.0.31:40146] 2026-05-08 05:32:45.660 9 ERROR keystone.server.flask.application
File "/var/lib/openstack/lib/python3.12/site-packages/pymysql/protocol.py", line 219, in raise_for_error
[Fri May 08 05:32:45.676442 2026] [wsgi:error] [pid 9:tid 139875587270336] [remote 10.0.0.31:40146] 2026-05-08 05:32:45.660 9 ERROR keystone.server.flask.application err.raise_mysql_exception(self._data)
[Fri May 08 05:32:45.676443 2026] [wsgi:error] [pid 9:tid 139875587270336] [remote 10.0.0.31:40146] 2026-05-08 05:32:45.660 9 ERROR keystone.server.flask.application
File "/var/lib/openstack/lib/python3.12/site-packages/pymysql/err.py", line 150, in raise_mysql_exception
[Fri May 08 05:32:45.676445 2026] [wsgi:error] [pid 9:tid 139875587270336] [remote 10.0.0.31:40146] 2026-05-08 05:32:45.660 9 ERROR keystone.server.flask.application raise errorclass(errno, errval)
[Fri May 08 05:32:45.676446 2026] [wsgi:error] [pid 9:tid 139875587270336] [remote 10.0.0.31:40146] 2026-05-08 05:32:45.660 9 ERROR keystone.server.flask.application pymysql.err.IntegrityError: (1062, "Duplicate entry '<>-service' for key 'project.ixu_project_name_domain_id'")
[Fri May 08 05:32:45.676448 2026] [wsgi:error] [pid 9:tid 139875587270336] [remote 10.0.0.31:40146] 2026-05-08 05:32:45.660 9 ERROR keystone.server.flask.application
[Fri May 08 05:32:45.676449 2026] [wsgi:error] [pid 9:tid 139875587270336] [remote 10.0.0.31:40146] 2026-05-08 05:32:45.660 9 ERROR keystone.server.flask.application The above exception was the direct cause of the following exception:
[Fri May 08 05:32:45.676450 2026] [wsgi:error] [pid 9:tid 139875587270336] [remote 10.0.0.31:40146] 2026-05-08 05:32:45.660 9 ERROR keystone.server.flask.application
[Fri May 08 05:32:45.676452 2026] [wsgi:error] [pid 9:tid 139875587270336] [remote 10.0.0.31:40146] 2026-05-08 05:32:45.660 9 ERROR keystone.server.flask.application
Traceback (most recent call last):
[Fri May 08 05:32:45.676453 2026] [wsgi:error] [pid 9:tid 139875587270336] [remote 10.0.0.31:40146] 2026-05-08 05:32:45.660 9 ERROR keystone.server.flask.application
File "/var/lib/openstack/lib/python3.12/site-packages/keystone/common/sql/core.py", line 575, in wrapper
[Fri May 08 05:32:45.676454 2026] [wsgi:error] [pid 9:tid 139875587270336] [remote 10.0.0.31:40146] 2026-05-08 05:32:45.660 9 ERROR keystone.server.flask.application return method(*args, **kwargs)
[Fri May 08 05:32:45.676456 2026] [wsgi:error] [pid 9:tid 139875587270336] [remote 10.0.0.31:40146] 2026-05-08 05:32:45.660 9 ERROR keystone.server.flask.application ^^^^^^^^^^^^^^^^^^^^^^^
[Fri May 08 05:32:45.676457 2026] [wsgi:error] [pid 9:tid 139875587270336] [remote 10.0.0.31:40146] 2026-05-08 05:32:45.660 9 ERROR keystone.server.flask.application
File "/var/lib/openstack/lib/python3.12/site-packages/keystone/resource/backends/sql.py", line 278, in create_project
[Fri May 08 05:32:45.676459 2026] [wsgi:error] [pid 9:tid 139875587270336] [remote 10.0.0.31:40146] 2026-05-08 05:32:45.660 9 ERROR keystone.server.flask.application with sql.session_for_write() as session:
[Fri May 08 05:32:45.676460 2026] [wsgi:error] [pid 9:tid 139875587270336] [remote 10.0.0.31:40146] 2026-05-08 05:32:45.660 9 ERROR keystone.server.flask.application
File "/usr/lib/python3.12/contextlib.py", line 144, in __exit__
[Fri May 08 05:32:45.676462 2026] [wsgi:error] [pid 9:tid 139875587270336] [remote 10.0.0.31:40146] 2026-05-08 05:32:45.660 9 ERROR keystone.server.flask.application next(self.gen)
[Fri May 08 05:32:45.676463 2026] [wsgi:error] [pid 9:tid 139875587270336] [remote 10.0.0.31:40146] 2026-05-08 05:32:45.660 9 ERROR keystone.server.flask.application
File "/var/lib/openstack/lib/python3.12/site-packages/oslo_db/sqlalchemy/enginefacade.py", line 1175, in _transaction_scope
[Fri May 08 05:32:45.676465 2026] [wsgi:error] [pid 9:tid 139875587270336] [remote 10.0.0.31:40146] 2026-05-08 05:32:45.660 9 ERROR keystone.server.flask.application with current._produce_block(
[Fri May 08 05:32:45.676466 2026] [wsgi:error] [pid 9:tid 139875587270336] [remote 10.0.0.31:40146] 2026-05-08 05:32:45.660 9 ERROR keystone.server.flask.application
File "/usr/lib/python3.12/contextlib.py", line 144, in __exit__
[Fri May 08 05:32:45.676467 2026] [wsgi:error] [pid 9:tid 139875587270336] [remote 10.0.0.31:40146] 2026-05-08 05:32:45.660 9 ERROR keystone.server.flask.application next(self.gen)
[Fri May 08 05:32:45.676469 2026] [wsgi:error] [pid 9:tid 139875587270336] [remote 10.0.0.31:40146] 2026-05-08 05:32:45.660 9 ERROR keystone.server.flask.application
File "/var/lib/openstack/lib/python3.12/site-packages/oslo_db/sqlalchemy/enginefacade.py", line 837, in _session
[Fri May 08 05:32:45.676496 2026] [wsgi:error] [pid 9:tid 139875587270336] [remote 10.0.0.31:40146] 2026-05-08 05:32:45.660 9 ERROR keystone.server.flask.application with excutils.save_and_reraise_exception():
[Fri May 08 05:32:45.676498 2026] [wsgi:error] [pid 9:tid 139875587270336] [remote 10.0.0.31:40146] 2026-05-08 05:32:45.660 9 ERROR keystone.server.flask.application
File "/var/lib/openstack/lib/python3.12/site-packages/oslo_utils/excutils.py", line 271, in __exit__
[Fri May 08 05:32:45.676499 2026] [wsgi:error] [pid 9:tid 139875587270336] [remote 10.0.0.31:40146] 2026-05-08 05:32:45.660 9 ERROR keystone.server.flask.application self.force_reraise()
[Fri May 08 05:32:45.676501 2026] [wsgi:error] [pid 9:tid 139875587270336] [remote 10.0.0.31:40146] 2026-05-08 05:32:45.660 9 ERROR keystone.server.flask.application
File "/var/lib/openstack/lib/python3.12/site-packages/oslo_utils/excutils.py", line 233, in force_reraise
[Fri May 08 05:32:45.676503 2026] [wsgi:error] [pid 9:tid 139875587270336] [remote 10.0.0.31:40146] 2026-05-08 05:32:45.660 9 ERROR keystone.server.flask.application raise self.value
[Fri May 08 05:32:45.676504 2026] [wsgi:error] [pid 9:tid 139875587270336] [remote 10.0.0.31:40146] 2026-05-08 05:32:45.660 9 ERROR keystone.server.flask.application
File "/var/lib/openstack/lib/python3.12/site-packages/oslo_db/sqlalchemy/enginefacade.py", line 835, in _session
[Fri May 08 05:32:45.676506 2026] [wsgi:error] [pid 9:tid 139875587270336] [remote 10.0.0.31:40146] 2026-05-08 05:32:45.660 9 ERROR keystone.server.flask.application self._end_session_transaction(self.session)
[Fri May 08 05:32:45.676508 2026] [wsgi:error] [pid 9:tid 139875587270336] [remote 10.0.0.31:40146] 2026-05-08 05:32:45.660 9 ERROR keystone.server.flask.application
File "/var/lib/openstack/lib/python3.12/site-packages/oslo_db/sqlalchemy/enginefacade.py", line 748, in _end_session_transaction
[Fri May 08 05:32:45.676510 2026] [wsgi:error] [pid 9:tid 139875587270336] [remote 10.0.0.31:40146] 2026-05-08 05:32:45.660 9 ERROR keystone.server.flask.application session.commit()
[Fri May 08 05:32:45.676511 2026] [wsgi:error] [pid 9:tid 139875587270336] [remote 10.0.0.31:40146] 2026-05-08 05:32:45.660 9 ERROR keystone.server.flask.application
File "/var/lib/openstack/lib/python3.12/site-packages/sqlalchemy/orm/session.py", line 2030, in commit
[Fri May 08 05:32:45.676513 2026] [wsgi:error] [pid 9:tid 139875587270336] [remote 10.0.0.31:40146] 2026-05-08 05:32:45.660 9 ERROR keystone.server.flask.application trans.commit(_to_root=True)
[Fri May 08 05:32:45.676514 2026] [wsgi:error] [pid 9:tid 139875587270336] [remote 10.0.0.31:40146] 2026-05-08 05:32:45.660 9 ERROR keystone.server.flask.application File "", line 2, in commit
[Fri May 08 05:32:45.676516 2026] [wsgi:error] [pid 9:tid 139875587270336] [remote 10.0.0.31:40146] 2026-05-08 05:32:45.660 9 ERROR keystone.server.flask.application
File "/var/lib/openstack/lib/python3.12/site-packages/sqlalchemy/orm/state_changes.py", line 137, in _go
[Fri May 08 05:32:45.676518 2026] [wsgi:error] [pid 9:tid 139875587270336] [remote 10.0.0.31:40146] 2026-05-08 05:32:45.660 9 ERROR keystone.server.flask.application ret_value = fn(self, *arg, **kw)
[Fri May 08 05:32:45.676519 2026] [wsgi:error] [pid 9:tid 139875587270336] [remote 10.0.0.31:40146] 2026-05-08 05:32:45.660 9 ERROR keystone.server.flask.application ^^^^^^^^^^^^^^^^^^^^
[Fri May 08 05:32:45.676521 2026] [wsgi:error] [pid 9:tid 139875587270336] [remote 10.0.0.31:40146] 2026-05-08 05:32:45.660 9 ERROR keystone.server.flask.application
File "/var/lib/openstack/lib/python3.12/site-packages/sqlalchemy/orm/session.py", line 1311, in commit
[Fri May 08 05:32:45.676523 2026] [wsgi:error] [pid 9:tid 139875587270336] [remote 10.0.0.31:40146] 2026-05-08 05:32:45.660 9 ERROR keystone.server.flask.application self._prepare_impl()
[Fri May 08 05:32:45.676525 2026] [wsgi:error] [pid 9:tid 139875587270336] [remote 10.0.0.31:40146] 2026-05-08 05:32:45.660 9 ERROR keystone.server.flask.application File "", line 2, in _prepare_impl
[Fri May 08 05:32:45.676526 2026] [wsgi:error] [pid 9:tid 139875587270336] [remote 10.0.0.31:40146] 2026-05-08 05:32:45.660 9 ERROR keystone.server.flask.application
File "/var/lib/openstack/lib/python3.12/site-packages/sqlalchemy/orm/state_changes.py", line 137, in _go
[Fri May 08 05:32:45.676531 2026] [wsgi:error] [pid 9:tid 139875587270336] [remote 10.0.0.31:40146] 2026-05-08 05:32:45.660 9 ERROR keystone.server.flask.application ret_value = fn(self, *arg, **kw)
[Fri May 08 05:32:45.676533 2026] [wsgi:error] [pid 9:tid 139875587270336] [remote 10.0.0.31:40146] 2026-05-08 05:32:45.660 9 ERROR keystone.server.flask.application ^^^^^^^^^^^^^^^^^^^^
[Fri May 08 05:32:45.676535 2026] [wsgi:error] [pid 9:tid 139875587270336] [remote 10.0.0.31:40146] 2026-05-08 05:32:45.660 9 ERROR keystone.server.flask.application
File "/var/lib/openstack/lib/python3.12/site-packages/sqlalchemy/orm/session.py", line 1286, in _prepare_impl
[Fri May 08 05:32:45.676537 2026] [wsgi:error] [pid 9:tid 139875587270336] [remote 10.0.0.31:40146] 2026-05-08 05:32:45.660 9 ERROR keystone.server.flask.application self.session.flush()
[Fri May 08 05:32:45.676539 2026] [wsgi:error] [pid 9:tid 139875587270336] [remote 10.0.0.31:40146] 2026-05-08 05:32:45.660 9 ERROR keystone.server.flask.application
File "/var/lib/openstack/lib/python3.12/site-packages/sqlalchemy/orm/session.py", line 4331, in flush
[Fri May 08 05:32:45.676542 2026] [wsgi:error] [pid 9:tid 139875587270336] [remote 10.0.0.31:40146] 2026-05-08 05:32:45.660 9 ERROR keystone.server.flask.application self._flush(objects)
[Fri May 08 05:32:45.676544 2026] [wsgi:error] [pid 9:tid 139875587270336] [remote 10.0.0.31:40146] 2026-05-08 05:32:45.660 9 ERROR keystone.server.flask.application
File "/var/lib/openstack/lib/python3.12/site-packages/sqlalchemy/orm/session.py", line 4466, in _flush
[Fri May 08 05:32:45.676547 2026] [wsgi:error] [pid 9:tid 139875587270336] [remote 10.0.0.31:40146] 2026-05-08 05:32:45.660 9 ERROR keystone.server.flask.application with util.safe_reraise():
[Fri May 08 05:32:45.676549 2026] [wsgi:error] [pid 9:tid 139875587270336] [remote 10.0.0.31:40146] 2026-05-08 05:32:45.660 9 ERROR keystone.server.flask.application
File "/var/lib/openstack/lib/python3.12/site-packages/sqlalchemy/util/langhelpers.py", line 121, in __exit__
[Fri May 08 05:32:45.676552 2026] [wsgi:error] [pid 9:tid 139875587270336] [remote 10.0.0.31:40146] 2026-05-08 05:32:45.660 9 ERROR keystone.server.flask.application raise exc_value.with_traceback(exc_tb)
[Fri May 08 05:32:45.676555 2026] [wsgi:error] [pid 9:tid 139875587270336] [remote 10.0.0.31:40146] 2026-05-08 05:32:45.660 9 ERROR keystone.server.flask.application
File "/var/lib/openstack/lib/python3.12/site-packages/sqlalchemy/orm/session.py", line 4427, in _flush
[Fri May 08 05:32:45.676557 2026] [wsgi:error] [pid 9:tid 139875587270336] [remote 10.0.0.31:40146] 2026-05-08 05:32:45.660 9 ERROR keystone.server.flask.application flush_context.execute()
[Fri May 08 05:32:45.676560 2026] [wsgi:error] [pid 9:tid 139875587270336] [remote 10.0.0.31:40146] 2026-05-08 05:32:45.660 9 ERROR keystone.server.flask.application
File "/var/lib/openstack/lib/python3.12/site-packages/sqlalchemy/orm/unitofwork.py", line 466, in execute
