Feb 16 18:51:21.418500 np0000155662 neutron-periodic-workers[105060]: DEBUG cotyledon.oslo_config_glue [-] database.db_max_retry_interval = 10 {{(pid=105060) log_opt_values /opt/stack/data/venv/lib/python3.12/site-packages/oslo_config/cfg.py:2824}}
Feb 16 18:51:21.418752 np0000155662 neutron-periodic-workers[105060]: DEBUG cotyledon.oslo_config_glue [-] database.db_retry_interval = 1 {{(pid=105060) log_opt_values /opt/stack/data/venv/lib/python3.12/site-packages/oslo_config/cfg.py:2824}}
Feb 16 18:51:21.418752 np0000155662 neutron-periodic-workers[105060]: DEBUG cotyledon.oslo_config_glue [-] database.max_overflow = 50 {{(pid=105060) log_opt_values /opt/stack/data/venv/lib/python3.12/site-packages/oslo_config/cfg.py:2824}}
Feb 16 18:51:21.418752 np0000155662 neutron-periodic-workers[105060]: DEBUG cotyledon.oslo_config_glue [-] database.max_pool_size = 5 {{(pid=105060) log_opt_values /opt/stack/data/venv/lib/python3.12/site-packages/oslo_config/cfg.py:2824}}
Feb 16 18:51:21.418752 np0000155662 neutron-periodic-workers[105060]: DEBUG cotyledon.oslo_config_glue [-] database.max_retries = 10 {{(pid=105060) log_opt_values /opt/stack/data/venv/lib/python3.12/site-packages/oslo_config/cfg.py:2824}}
Feb 16 18:51:21.418752 np0000155662 neutron-periodic-workers[105060]: DEBUG cotyledon.oslo_config_glue [-] database.mysql_sql_mode = TRADITIONAL {{(pid=105060) log_opt_values /opt/stack/data/venv/lib/python3.12/site-packages/oslo_config/cfg.py:2824}}
Feb 16 18:51:21.418752 np0000155662 neutron-periodic-workers[105060]: DEBUG cotyledon.oslo_config_glue [-] database.mysql_wsrep_sync_wait = None {{(pid=105060) log_opt_values /opt/stack/data/venv/lib/python3.12/site-packages/oslo_config/cfg.py:2824}}
Feb 16 18:51:21.418752 np0000155662 neutron-periodic-workers[105060]: DEBUG cotyledon.oslo_config_glue [-] database.pool_timeout = None {{(pid=105060) log_opt_values /opt/stack/data/venv/lib/python3.12/site-packages/oslo_config/cfg.py:2824}}
Feb 16 18:51:21.418752 np0000155662 neutron-periodic-workers[105060]: DEBUG cotyledon.oslo_config_glue [-] database.retry_interval = 10 {{(pid=105060) log_opt_values /opt/stack/data/venv/lib/python3.12/site-packages/oslo_config/cfg.py:2824}}
Feb 16 18:51:21.418752 np0000155662 neutron-periodic-workers[105060]: DEBUG cotyledon.oslo_config_glue [-] database.slave_connection = **** {{(pid=105060) log_opt_values /opt/stack/data/venv/lib/python3.12/site-packages/oslo_config/cfg.py:2824}}
Feb 16 18:51:21.419039 np0000155662 neutron-periodic-workers[105060]: DEBUG cotyledon.oslo_config_glue [-] database.sqlite_synchronous = True {{(pid=105060) log_opt_values /opt/stack/data/venv/lib/python3.12/site-packages/oslo_config/cfg.py:2824}}
Feb 16 18:51:21.419039 np0000155662 neutron-periodic-workers[105060]: DEBUG cotyledon.oslo_config_glue [-] database.synchronous_reader = True {{(pid=105060) log_opt_values /opt/stack/data/venv/lib/python3.12/site-packages/oslo_config/cfg.py:2824}}
Feb 16 18:51:21.419039 np0000155662 neutron-periodic-workers[105060]: DEBUG cotyledon.oslo_config_glue [-] database.use_db_reconnect = False {{(pid=105060) log_opt_values /opt/stack/data/venv/lib/python3.12/site-packages/oslo_config/cfg.py:2824}}
Feb 16 18:51:21.419039 np0000155662 neutron-periodic-workers[105060]: DEBUG cotyledon.oslo_config_glue [-] ovn.broadcast_arps_to_all_routers = True {{(pid=105060) log_opt_values /opt/stack/data/venv/lib/python3.12/site-packages/oslo_config/cfg.py:2824}}
Feb 16 18:51:21.419039 np0000155662 neutron-periodic-workers[105060]: DEBUG cotyledon.oslo_config_glue [-] ovn.dhcp_default_lease_time = 43200 {{(pid=105060) log_opt_values /opt/stack/data/venv/lib/python3.12/site-packages/oslo_config/cfg.py:2824}}
Feb 16 18:51:21.419039 np0000155662 neutron-periodic-workers[105060]: DEBUG cotyledon.oslo_config_glue [-] ovn.disable_ovn_dhcp_for_baremetal_ports = False {{(pid=105060) log_opt_values /opt/stack/data/venv/lib/python3.12/site-packages/oslo_config/cfg.py:2824}}
Feb 16 18:51:21.419039 np0000155662 neutron-periodic-workers[105060]: DEBUG cotyledon.oslo_config_glue [-] ovn.dns_records_ovn_owned = False {{(pid=105060) log_opt_values /opt/stack/data/venv/lib/python3.12/site-packages/oslo_config/cfg.py:2824}}
Feb 16 18:51:21.419039 np0000155662 neutron-periodic-workers[105060]: DEBUG cotyledon.oslo_config_glue [-] ovn.dns_servers = [] {{(pid=105060) log_opt_values /opt/stack/data/venv/lib/python3.12/site-packages/oslo_config/cfg.py:2824}}
Feb 16 18:51:21.419039 np0000155662 neutron-periodic-workers[105060]: DEBUG cotyledon.oslo_config_glue [-] ovn.enable_distributed_floating_ip = False {{(pid=105060) log_opt_values /opt/stack/data/venv/lib/python3.12/site-packages/oslo_config/cfg.py:2824}}
Feb 16 18:51:21.419375 np0000155662 neutron-periodic-workers[105060]: DEBUG cotyledon.oslo_config_glue [-] ovn.fdb_age_threshold = 0 {{(pid=105060) log_opt_values /opt/stack/data/venv/lib/python3.12/site-packages/oslo_config/cfg.py:2824}}
Feb 16 18:51:21.419375 np0000155662 neutron-periodic-workers[105060]: DEBUG cotyledon.oslo_config_glue [-] ovn.live_migration_activation_strategy = rarp {{(pid=105060) log_opt_values /opt/stack/data/venv/lib/python3.12/site-packages/oslo_config/cfg.py:2824}}
Feb 16 18:51:21.419375 np0000155662 neutron-periodic-workers[105060]: DEBUG cotyledon.oslo_config_glue [-] ovn.localnet_learn_fdb = False {{(pid=105060) log_opt_values /opt/stack/data/venv/lib/python3.12/site-packages/oslo_config/cfg.py:2824}}
Feb 16 18:51:21.419375 np0000155662 neutron-periodic-workers[105060]: DEBUG cotyledon.oslo_config_glue [-] ovn.mac_binding_age_threshold = 0 {{(pid=105060) log_opt_values /opt/stack/data/venv/lib/python3.12/site-packages/oslo_config/cfg.py:2824}}
Feb 16 18:51:21.419375 np0000155662 neutron-periodic-workers[105060]: DEBUG cotyledon.oslo_config_glue [-] ovn.neutron_sync_mode = log {{(pid=105060) log_opt_values /opt/stack/data/venv/lib/python3.12/site-packages/oslo_config/cfg.py:2824}}
Feb 16 18:51:21.419375 np0000155662 neutron-periodic-workers[105060]: DEBUG cotyledon.oslo_config_glue [-] ovn.ovn_dhcp4_global_options = {} {{(pid=105060) log_opt_values /opt/stack/data/venv/lib/python3.12/site-packages/oslo_config/cfg.py:2824}}
Feb 16 18:51:21.419375 np0000155662 neutron-periodic-workers[105060]: DEBUG cotyledon.oslo_config_glue [-] ovn.ovn_dhcp6_global_options = {} {{(pid=105060) log_opt_values /opt/stack/data/venv/lib/python3.12/site-packages/oslo_config/cfg.py:2824}}
Feb 16 18:51:21.419375 np0000155662 neutron-periodic-workers[105060]: DEBUG cotyledon.oslo_config_glue [-] ovn.ovn_l3_scheduler = leastloaded {{(pid=105060) log_opt_values /opt/stack/data/venv/lib/python3.12/site-packages/oslo_config/cfg.py:2824}}
Feb 16 18:51:21.419375 np0000155662 neutron-periodic-workers[105060]: DEBUG cotyledon.oslo_config_glue [-] ovn.ovn_metadata_enabled = True {{(pid=105060) log_opt_values /opt/stack/data/venv/lib/python3.12/site-packages/oslo_config/cfg.py:2824}}
Feb 16 18:51:21.419691 np0000155662 neutron-periodic-workers[105060]: DEBUG cotyledon.oslo_config_glue [-] ovn.ovn_nb_ca_cert = /opt/stack/data/CA/int-ca/ca-chain.pem {{(pid=105060) log_opt_values /opt/stack/data/venv/lib/python3.12/site-packages/oslo_config/cfg.py:2824}}
Feb 16 18:51:21.419691 np0000155662 neutron-periodic-workers[105060]: DEBUG cotyledon.oslo_config_glue [-] ovn.ovn_nb_certificate = /opt/stack/data/CA/int-ca/devstack-cert.crt {{(pid=105060) log_opt_values /opt/stack/data/venv/lib/python3.12/site-packages/oslo_config/cfg.py:2824}}
Feb 16 18:51:21.419691 np0000155662 neutron-periodic-workers[105060]: DEBUG cotyledon.oslo_config_glue [-] ovn.ovn_nb_connection = ['ssl:199.204.45.242:6641'] {{(pid=105060) log_opt_values /opt/stack/data/venv/lib/python3.12/site-packages/oslo_config/cfg.py:2824}}
Feb 16 18:51:21.419691 np0000155662 neutron-periodic-workers[105060]: DEBUG cotyledon.oslo_config_glue [-] ovn.ovn_nb_private_key = /opt/stack/data/CA/int-ca/private/devstack-cert.key {{(pid=105060) log_opt_values /opt/stack/data/venv/lib/python3.12/site-packages/oslo_config/cfg.py:2824}}
Feb 16 18:51:21.419691 np0000155662 neutron-periodic-workers[105060]: DEBUG cotyledon.oslo_config_glue [-] ovn.ovn_router_indirect_snat = False {{(pid=105060) log_opt_values /opt/stack/data/venv/lib/python3.12/site-packages/oslo_config/cfg.py:2824}}
Feb 16 18:51:21.419691 np0000155662 neutron-periodic-workers[105060]: DEBUG cotyledon.oslo_config_glue [-] ovn.ovn_sb_ca_cert = /opt/stack/data/CA/int-ca/ca-chain.pem {{(pid=105060) log_opt_values /opt/stack/data/venv/lib/python3.12/site-packages/oslo_config/cfg.py:2824}}
Feb 16 18:51:21.419691 np0000155662 neutron-periodic-workers[105060]: DEBUG cotyledon.oslo_config_glue [-] ovn.ovn_sb_certificate = /opt/stack/data/CA/int-ca/devstack-cert.crt {{(pid=105060) log_opt_values /opt/stack/data/venv/lib/python3.12/site-packages/oslo_config/cfg.py:2824}}
Feb 16 18:51:21.419691 np0000155662 neutron-periodic-workers[105060]: DEBUG cotyledon.oslo_config_glue [-] ovn.ovn_sb_connection = ['ssl:199.204.45.242:6642'] {{(pid=105060) log_opt_values /opt/stack/data/venv/lib/python3.12/site-packages/oslo_config/cfg.py:2824}}
Feb 16 18:51:21.419941 np0000155662 neutron-periodic-workers[105060]: DEBUG cotyledon.oslo_config_glue [-] ovn.ovn_sb_private_key = /opt/stack/data/CA/int-ca/private/devstack-cert.key {{(pid=105060) log_opt_values /opt/stack/data/venv/lib/python3.12/site-packages/oslo_config/cfg.py:2824}}
Feb 16 18:51:21.419941 np0000155662 neutron-periodic-workers[105060]: DEBUG cotyledon.oslo_config_glue [-] ovn.ovs_create_tap = False {{(pid=105060) log_opt_values /opt/stack/data/venv/lib/python3.12/site-packages/oslo_config/cfg.py:2824}}
Feb 16 18:51:21.419941 np0000155662 neutron-periodic-workers[105060]: DEBUG cotyledon.oslo_config_glue [-] ovn.ovsdb_connection_timeout = 180 {{(pid=105060) log_opt_values /opt/stack/data/venv/lib/python3.12/site-packages/oslo_config/cfg.py:2824}}
Feb 16 18:51:21.419941 np0000155662 neutron-periodic-workers[105060]: DEBUG cotyledon.oslo_config_glue [-] ovn.ovsdb_log_level = INFO {{(pid=105060) log_opt_values /opt/stack/data/venv/lib/python3.12/site-packages/oslo_config/cfg.py:2824}}
Feb 16 18:51:21.419941 np0000155662 neutron-periodic-workers[105060]: DEBUG cotyledon.oslo_config_glue [-] ovn.ovsdb_probe_interval = 60000 {{(pid=105060) log_opt_values /opt/stack/data/venv/lib/python3.12/site-packages/oslo_config/cfg.py:2824}}
Feb 16 18:51:21.419941 np0000155662 neutron-periodic-workers[105060]: DEBUG cotyledon.oslo_config_glue [-] ovn.ovsdb_retry_max_interval = 180 {{(pid=105060) log_opt_values /opt/stack/data/venv/lib/python3.12/site-packages/oslo_config/cfg.py:2824}}
Feb 16 18:51:21.419941 np0000155662 neutron-periodic-workers[105060]: DEBUG cotyledon.oslo_config_glue [-] ovn.stateless_nat_enabled = False {{(pid=105060) log_opt_values /opt/stack/data/venv/lib/python3.12/site-packages/oslo_config/cfg.py:2824}}
Feb 16 18:51:21.419941 np0000155662 neutron-periodic-workers[105060]: DEBUG cotyledon.oslo_config_glue [-] ovn.vhost_sock_dir = /var/run/openvswitch {{(pid=105060) log_opt_values /opt/stack/data/venv/lib/python3.12/site-packages/oslo_config/cfg.py:2824}}
Feb 16 18:51:21.419941 np0000155662 neutron-periodic-workers[105060]: DEBUG cotyledon.oslo_config_glue [-] OVS.bridge_mac_table_size = 50000 {{(pid=105060) log_opt_values /opt/stack/data/venv/lib/python3.12/site-packages/oslo_config/cfg.py:2824}}
Feb 16 18:51:21.420311 np0000155662 neutron-periodic-workers[105060]: DEBUG cotyledon.oslo_config_glue [-] OVS.igmp_flood = False {{(pid=105060) log_opt_values /opt/stack/data/venv/lib/python3.12/site-packages/oslo_config/cfg.py:2824}}
Feb 16 18:51:21.420311 np0000155662 neutron-periodic-workers[105060]: DEBUG cotyledon.oslo_config_glue [-] OVS.igmp_flood_reports = True {{(pid=105060) log_opt_values /opt/stack/data/venv/lib/python3.12/site-packages/oslo_config/cfg.py:2824}}
Feb 16 18:51:21.420311 np0000155662 neutron-periodic-workers[105060]: DEBUG cotyledon.oslo_config_glue [-] OVS.igmp_flood_unregistered = False {{(pid=105060) log_opt_values /opt/stack/data/venv/lib/python3.12/site-packages/oslo_config/cfg.py:2824}}
Feb 16 18:51:21.420311 np0000155662 neutron-periodic-workers[105060]: DEBUG cotyledon.oslo_config_glue [-] OVS.igmp_snooping_enable = False {{(pid=105060) log_opt_values /opt/stack/data/venv/lib/python3.12/site-packages/oslo_config/cfg.py:2824}}
Feb 16 18:51:21.420311 np0000155662 neutron-periodic-workers[105060]: DEBUG cotyledon.oslo_config_glue [-] OVS.ovsdb_timeout = 10 {{(pid=105060) log_opt_values /opt/stack/data/venv/lib/python3.12/site-packages/oslo_config/cfg.py:2824}}
Feb 16 18:51:21.420311 np0000155662 neutron-periodic-workers[105060]: DEBUG cotyledon.oslo_config_glue [-] ovn_nb_global.fdb_removal_limit = 0 {{(pid=105060) log_opt_values /opt/stack/data/venv/lib/python3.12/site-packages/oslo_config/cfg.py:2824}}
Feb 16 18:51:21.420311 np0000155662 neutron-periodic-workers[105060]: DEBUG cotyledon.oslo_config_glue [-] ovn_nb_global.ignore_lsp_down = False {{(pid=105060) log_opt_values /opt/stack/data/venv/lib/python3.12/site-packages/oslo_config/cfg.py:2824}}
Feb 16 18:51:21.420311 np0000155662 neutron-periodic-workers[105060]: DEBUG cotyledon.oslo_config_glue [-] ovn_nb_global.mac_binding_removal_limit = 0 {{(pid=105060) log_opt_values /opt/stack/data/venv/lib/python3.12/site-packages/oslo_config/cfg.py:2824}}
Feb 16 18:51:21.420311 np0000155662 neutron-periodic-workers[105060]: DEBUG cotyledon.oslo_config_glue [-] ******************************************************************************** {{(pid=105060) log_opt_values /opt/stack/data/venv/lib/python3.12/site-packages/oslo_config/cfg.py:2828}}
Feb 16 18:51:21.420567 np0000155662 neutron-periodic-workers[105060]: DEBUG cotyledon._service_worker [-] Run service ServiceWrapper(0) [105060] {{(pid=105060) wait_forever /opt/stack/data/venv/lib/python3.12/site-packages/cotyledon/_service_worker.py:218}}
Feb 16 18:51:31.066960 np0000155662 neutron-periodic-workers[104240]: DEBUG dbcounter [-] [104240] Writing DB stats neutron:SELECT=4 {{(pid=104240) stat_writer /opt/stack/data/venv/lib/python3.12/site-packages/dbcounter.py:115}}
Feb 16 18:52:11.392706 np0000155662 neutron-periodic-workers[105037]: DEBUG oslo_db.sqlalchemy.engines [None req-28a042b7-3ea7-4f64-9661-6ba15ff4ecf2 None None] Parent process 104240 forked (105037) with an open database connection, which is being discarded and recreated. {{(pid=105037) checkout /opt/stack/data/venv/lib/python3.12/site-packages/oslo_db/sqlalchemy/engines.py:402}}
Feb 16 18:52:11.403860 np0000155662 neutron-periodic-workers[105037]: DEBUG dbcounter [-] [105037] Writer thread running {{(pid=105037) stat_writer /opt/stack/data/venv/lib/python3.12/site-packages/dbcounter.py:102}}
Feb 16 18:52:11.412214 np0000155662 neutron-periodic-workers[105037]: DEBUG oslo.service.backend._threading.loopingcall [None req-28a042b7-3ea7-4f64-9661-6ba15ff4ecf2 None None] Fixed interval looping call 'neutron.plugins.ml2.plugin.DhcpAgentSchedulerDbMixin.remove_networks_from_down_agents' sleeping for 36.97 seconds {{(pid=105037) _run_loop /opt/stack/data/venv/lib/python3.12/site-packages/oslo_service/backend/_threading/loopingcall.py:125}}
Feb 16 18:52:21.411113 np0000155662 neutron-periodic-workers[105037]: DEBUG dbcounter [-] [105037] Writing DB stats neutron:SELECT=3 {{(pid=105037) stat_writer /opt/stack/data/venv/lib/python3.12/site-packages/dbcounter.py:115}}
Feb 16 18:52:29.430520 np0000155662 neutron-periodic-workers[105045]: DEBUG dbcounter [-] [105045] Writer thread running {{(pid=105045) stat_writer /opt/stack/data/venv/lib/python3.12/site-packages/dbcounter.py:102}}
Feb 16 18:52:29.434098 np0000155662 neutron-periodic-workers[105045]: DEBUG neutron.db.agents_db [None req-ee2e42f5-8f15-45cd-a843-2fd7a7054eee None None] Agent healthcheck: found 0 active agents {{(pid=105045) agent_health_check /opt/stack/neutron/neutron/db/agents_db.py:317}}
Feb 16 18:52:29.434298 np0000155662 neutron-periodic-workers[105045]: DEBUG oslo.service.backend._threading.loopingcall [None req-ee2e42f5-8f15-45cd-a843-2fd7a7054eee None None] Fixed interval looping call 'neutron.plugins.ml2.plugin.AgentDbMixin.agent_health_check' sleeping for 36.98 seconds {{(pid=105045) _run_loop /opt/stack/data/venv/lib/python3.12/site-packages/oslo_service/backend/_threading/loopingcall.py:125}}
Feb 16 18:52:39.431188 np0000155662 neutron-periodic-workers[105045]: DEBUG dbcounter [-] [105045] Writing DB stats neutron:SELECT=1 {{(pid=105045) stat_writer /opt/stack/data/venv/lib/python3.12/site-packages/dbcounter.py:115}}
Feb 16 18:52:48.393956 np0000155662 neutron-periodic-workers[105037]: DEBUG oslo.service.backend._threading.loopingcall [None req-28a042b7-3ea7-4f64-9661-6ba15ff4ecf2 None None] Fixed interval looping call 'neutron.plugins.ml2.plugin.DhcpAgentSchedulerDbMixin.remove_networks_from_down_agents' sleeping for 36.99 seconds {{(pid=105037) _run_loop /opt/stack/data/venv/lib/python3.12/site-packages/oslo_service/backend/_threading/loopingcall.py:125}}
Feb 16 18:52:58.392427 np0000155662 neutron-periodic-workers[105037]: DEBUG dbcounter [-] [105037] Writing DB stats neutron:SELECT=3 {{(pid=105037) stat_writer /opt/stack/data/venv/lib/python3.12/site-packages/dbcounter.py:115}}
Feb 16 18:53:06.421052 np0000155662 neutron-periodic-workers[105045]: DEBUG neutron.db.agents_db [None req-ee2e42f5-8f15-45cd-a843-2fd7a7054eee None None] Agent healthcheck: found 0 active agents {{(pid=105045) agent_health_check /opt/stack/neutron/neutron/db/agents_db.py:317}}
Feb 16 18:53:06.421646 np0000155662 neutron-periodic-workers[105045]: DEBUG oslo.service.backend._threading.loopingcall [None req-ee2e42f5-8f15-45cd-a843-2fd7a7054eee None None] Fixed interval looping call 'neutron.plugins.ml2.plugin.AgentDbMixin.agent_health_check' sleeping for 36.99 seconds {{(pid=105045) _run_loop /opt/stack/data/venv/lib/python3.12/site-packages/oslo_service/backend/_threading/loopingcall.py:125}}
Feb 16 18:53:16.418994 np0000155662 neutron-periodic-workers[105045]: DEBUG dbcounter [-] [105045] Writing DB stats neutron:SELECT=1 {{(pid=105045) stat_writer /opt/stack/data/venv/lib/python3.12/site-packages/dbcounter.py:115}}
Feb 16 18:53:21.432141 np0000155662 neutron-periodic-workers[105060]: DEBUG dbcounter [-] [105060] Writer thread running {{(pid=105060) stat_writer /opt/stack/data/venv/lib/python3.12/site-packages/dbcounter.py:102}}
Feb 16 18:53:21.433651 np0000155662 neutron-periodic-workers[105060]: DEBUG oslo.service.backend._threading.loopingcall [None req-204d6c59-cae2-4e55-9b34-b9660537bae9 None None] Fixed interval looping call 'neutron.db.quota.driver_nolock.DbQuotaNoLockDriver._remove_expired_reservations' sleeping for 119.99 seconds {{(pid=105060) _run_loop /opt/stack/data/venv/lib/python3.12/site-packages/oslo_service/backend/_threading/loopingcall.py:125}}
Feb 16 18:53:25.392195 np0000155662 neutron-periodic-workers[105037]: DEBUG oslo.service.backend._threading.loopingcall [None req-28a042b7-3ea7-4f64-9661-6ba15ff4ecf2 None None] Fixed interval looping call 'neutron.plugins.ml2.plugin.DhcpAgentSchedulerDbMixin.remove_networks_from_down_agents' sleeping for 36.99 seconds {{(pid=105037) _run_loop /opt/stack/data/venv/lib/python3.12/site-packages/oslo_service/backend/_threading/loopingcall.py:125}}
Feb 16 18:53:31.432745 np0000155662 neutron-periodic-workers[105060]: DEBUG dbcounter [-] [105060] Writing DB stats neutron:DELETE=1 {{(pid=105060) stat_writer /opt/stack/data/venv/lib/python3.12/site-packages/dbcounter.py:115}}
Feb 16 18:53:35.390941 np0000155662 neutron-periodic-workers[105037]: DEBUG dbcounter [-] [105037] Writing DB stats neutron:SELECT=3 {{(pid=105037) stat_writer /opt/stack/data/venv/lib/python3.12/site-packages/dbcounter.py:115}}
Feb 16 18:53:43.416219 np0000155662 neutron-periodic-workers[105045]: DEBUG neutron.db.agents_db [None req-ee2e42f5-8f15-45cd-a843-2fd7a7054eee None None] Agent healthcheck: found 0 active agents {{(pid=105045) agent_health_check /opt/stack/neutron/neutron/db/agents_db.py:317}}
Feb 16 18:53:43.416816 np0000155662 neutron-periodic-workers[105045]: DEBUG oslo.service.backend._threading.loopingcall [None req-ee2e42f5-8f15-45cd-a843-2fd7a7054eee None None] Fixed interval looping call 'neutron.plugins.ml2.plugin.AgentDbMixin.agent_health_check' sleeping for 37.00 seconds {{(pid=105045) _run_loop /opt/stack/data/venv/lib/python3.12/site-packages/oslo_service/backend/_threading/loopingcall.py:125}}
Feb 16 18:53:53.414826 np0000155662 neutron-periodic-workers[105045]: DEBUG dbcounter [-] [105045] Writing DB stats neutron:SELECT=1 {{(pid=105045) stat_writer /opt/stack/data/venv/lib/python3.12/site-packages/dbcounter.py:115}}
Feb 16 18:54:02.395302 np0000155662 neutron-periodic-workers[105037]: DEBUG oslo.service.backend._threading.loopingcall [None req-28a042b7-3ea7-4f64-9661-6ba15ff4ecf2 None None] Fixed interval looping call 'neutron.plugins.ml2.plugin.DhcpAgentSchedulerDbMixin.remove_networks_from_down_agents' sleeping for 36.99 seconds {{(pid=105037) _run_loop /opt/stack/data/venv/lib/python3.12/site-packages/oslo_service/backend/_threading/loopingcall.py:125}}
Feb 16 18:54:12.393196 np0000155662 neutron-periodic-workers[105037]: DEBUG dbcounter [-] [105037] Writing DB stats neutron:SELECT=3 {{(pid=105037) stat_writer /opt/stack/data/venv/lib/python3.12/site-packages/dbcounter.py:115}}
Feb 16 18:54:20.422819 np0000155662 neutron-periodic-workers[105045]: DEBUG neutron.db.agents_db [None req-ee2e42f5-8f15-45cd-a843-2fd7a7054eee None None] Agent healthcheck: found 0 active agents {{(pid=105045) agent_health_check /opt/stack/neutron/neutron/db/agents_db.py:317}}
Feb 16 18:54:20.423669 np0000155662 neutron-periodic-workers[105045]: DEBUG oslo.service.backend._threading.loopingcall [None req-ee2e42f5-8f15-45cd-a843-2fd7a7054eee None None] Fixed interval looping call 'neutron.plugins.ml2.plugin.AgentDbMixin.agent_health_check' sleeping for 36.99 seconds {{(pid=105045) _run_loop /opt/stack/data/venv/lib/python3.12/site-packages/oslo_service/backend/_threading/loopingcall.py:125}}
Feb 16 18:54:30.421000 np0000155662 neutron-periodic-workers[105045]: DEBUG dbcounter [-] [105045] Writing DB stats neutron:SELECT=1 {{(pid=105045) stat_writer /opt/stack/data/venv/lib/python3.12/site-packages/dbcounter.py:115}}
Feb 16 18:54:39.393488 np0000155662 neutron-periodic-workers[105037]: DEBUG oslo.service.backend._threading.loopingcall [None req-28a042b7-3ea7-4f64-9661-6ba15ff4ecf2 None None] Fixed interval looping call 'neutron.plugins.ml2.plugin.DhcpAgentSchedulerDbMixin.remove_networks_from_down_agents' sleeping for 36.99 seconds {{(pid=105037) _run_loop /opt/stack/data/venv/lib/python3.12/site-packages/oslo_service/backend/_threading/loopingcall.py:125}}
Feb 16 18:54:44.413084 np0000155662 neutron-periodic-workers[105026]: DEBUG dbcounter [-] [105026] Writer thread running {{(pid=105026) stat_writer /opt/stack/data/venv/lib/python3.12/site-packages/dbcounter.py:102}}
Feb 16 18:54:44.426392 np0000155662 neutron-periodic-workers[105026]: DEBUG oslo.service.backend._threading.loopingcall [None req-a29e221a-eb15-450c-b21b-d47131ef8a07 None None] Fixed interval looping call 'neutron.services.ovn_l3.plugin.L3_NAT_dbonly_mixin._clean_garbage' sleeping for 299.95 seconds {{(pid=105026) _run_loop /opt/stack/data/venv/lib/python3.12/site-packages/oslo_service/backend/_threading/loopingcall.py:125}}
Feb 16 18:54:49.392341 np0000155662 neutron-periodic-workers[105037]: DEBUG dbcounter [-] [105037] Writing DB stats neutron:SELECT=3 {{(pid=105037) stat_writer /opt/stack/data/venv/lib/python3.12/site-packages/dbcounter.py:115}}
Feb 16 18:54:54.413747 np0000155662 neutron-periodic-workers[105026]: DEBUG dbcounter [-] [105026] Writing DB stats neutron:SELECT=1 {{(pid=105026) stat_writer /opt/stack/data/venv/lib/python3.12/site-packages/dbcounter.py:115}}
Feb 16 18:54:57.419245 np0000155662 neutron-periodic-workers[105045]: DEBUG neutron.db.agents_db [None req-ee2e42f5-8f15-45cd-a843-2fd7a7054eee None None] Agent healthcheck: found 0 active agents {{(pid=105045) agent_health_check /opt/stack/neutron/neutron/db/agents_db.py:317}}
Feb 16 18:54:57.419870 np0000155662 neutron-periodic-workers[105045]: DEBUG oslo.service.backend._threading.loopingcall [None req-ee2e42f5-8f15-45cd-a843-2fd7a7054eee None None] Fixed interval looping call 'neutron.plugins.ml2.plugin.AgentDbMixin.agent_health_check' sleeping for 36.99 seconds {{(pid=105045) _run_loop /opt/stack/data/venv/lib/python3.12/site-packages/oslo_service/backend/_threading/loopingcall.py:125}}
Feb 16 18:55:07.417373 np0000155662 neutron-periodic-workers[105045]: DEBUG dbcounter [-] [105045] Writing DB stats neutron:SELECT=1 {{(pid=105045) stat_writer /opt/stack/data/venv/lib/python3.12/site-packages/dbcounter.py:115}}
Feb 16 18:55:16.396297 np0000155662 neutron-periodic-workers[105037]: DEBUG oslo.service.backend._threading.loopingcall [None req-28a042b7-3ea7-4f64-9661-6ba15ff4ecf2 None None] Fixed interval looping call 'neutron.plugins.ml2.plugin.DhcpAgentSchedulerDbMixin.remove_networks_from_down_agents' sleeping for 36.99 seconds {{(pid=105037) _run_loop /opt/stack/data/venv/lib/python3.12/site-packages/oslo_service/backend/_threading/loopingcall.py:125}}
Feb 16 18:55:21.429404 np0000155662 neutron-periodic-workers[105060]: DEBUG oslo.service.backend._threading.loopingcall [None req-204d6c59-cae2-4e55-9b34-b9660537bae9 None None] Fixed interval looping call 'neutron.db.quota.driver_nolock.DbQuotaNoLockDriver._remove_expired_reservations' sleeping for 119.99 seconds {{(pid=105060) _run_loop /opt/stack/data/venv/lib/python3.12/site-packages/oslo_service/backend/_threading/loopingcall.py:125}}
Feb 16 18:55:26.393883 np0000155662 neutron-periodic-workers[105037]: DEBUG dbcounter [-] [105037] Writing DB stats neutron:SELECT=3 {{(pid=105037) stat_writer /opt/stack/data/venv/lib/python3.12/site-packages/dbcounter.py:115}}
Feb 16 18:55:31.428391 np0000155662 neutron-periodic-workers[105060]: DEBUG dbcounter [-] [105060] Writing DB stats neutron:DELETE=1 {{(pid=105060) stat_writer /opt/stack/data/venv/lib/python3.12/site-packages/dbcounter.py:115}}
Feb 16 18:55:34.415056 np0000155662 neutron-periodic-workers[105045]: DEBUG neutron.db.agents_db [None req-ee2e42f5-8f15-45cd-a843-2fd7a7054eee None None] Agent healthcheck: found 0 active agents {{(pid=105045) agent_health_check /opt/stack/neutron/neutron/db/agents_db.py:317}}
Feb 16 18:55:34.415714 np0000155662 neutron-periodic-workers[105045]: DEBUG oslo.service.backend._threading.loopingcall [None req-ee2e42f5-8f15-45cd-a843-2fd7a7054eee None None] Fixed interval looping call 'neutron.plugins.ml2.plugin.AgentDbMixin.agent_health_check' sleeping for 36.99 seconds {{(pid=105045) _run_loop /opt/stack/data/venv/lib/python3.12/site-packages/oslo_service/backend/_threading/loopingcall.py:125}}
Feb 16 18:55:44.413330 np0000155662 neutron-periodic-workers[105045]: DEBUG dbcounter [-] [105045] Writing DB stats neutron:SELECT=1 {{(pid=105045) stat_writer /opt/stack/data/venv/lib/python3.12/site-packages/dbcounter.py:115}}
Feb 16 18:55:53.396383 np0000155662 neutron-periodic-workers[105037]: DEBUG oslo.service.backend._threading.loopingcall [None req-28a042b7-3ea7-4f64-9661-6ba15ff4ecf2 None None] Fixed interval looping call 'neutron.plugins.ml2.plugin.DhcpAgentSchedulerDbMixin.remove_networks_from_down_agents' sleeping for 36.99 seconds {{(pid=105037) _run_loop /opt/stack/data/venv/lib/python3.12/site-packages/oslo_service/backend/_threading/loopingcall.py:125}}
Feb 16 18:56:03.395028 np0000155662 neutron-periodic-workers[105037]: DEBUG dbcounter [-] [105037] Writing DB stats neutron:SELECT=3 {{(pid=105037) stat_writer /opt/stack/data/venv/lib/python3.12/site-packages/dbcounter.py:115}}
Feb 16 18:56:11.411009 np0000155662 neutron-periodic-workers[105045]: DEBUG neutron.db.agents_db [None req-ee2e42f5-8f15-45cd-a843-2fd7a7054eee None None] Agent healthcheck: found 0 active agents {{(pid=105045) agent_health_check /opt/stack/neutron/neutron/db/agents_db.py:317}}
Feb 16 18:56:11.411607 np0000155662 neutron-periodic-workers[105045]: DEBUG oslo.service.backend._threading.loopingcall [None req-ee2e42f5-8f15-45cd-a843-2fd7a7054eee None None] Fixed interval looping call 'neutron.plugins.ml2.plugin.AgentDbMixin.agent_health_check' sleeping for 36.99 seconds {{(pid=105045) _run_loop /opt/stack/data/venv/lib/python3.12/site-packages/oslo_service/backend/_threading/loopingcall.py:125}}
Feb 16 18:56:21.409127 np0000155662 neutron-periodic-workers[105045]: DEBUG dbcounter [-] [105045] Writing DB stats neutron:SELECT=1 {{(pid=105045) stat_writer /opt/stack/data/venv/lib/python3.12/site-packages/dbcounter.py:115}}
Feb 16 18:56:30.396376 np0000155662 neutron-periodic-workers[105037]: DEBUG oslo.service.backend._threading.loopingcall [None req-28a042b7-3ea7-4f64-9661-6ba15ff4ecf2 None None] Fixed interval looping call 'neutron.plugins.ml2.plugin.DhcpAgentSchedulerDbMixin.remove_networks_from_down_agents' sleeping for 36.99 seconds {{(pid=105037) _run_loop /opt/stack/data/venv/lib/python3.12/site-packages/oslo_service/backend/_threading/loopingcall.py:125}}
Feb 16 18:56:40.395455 np0000155662 neutron-periodic-workers[105037]: DEBUG dbcounter [-] [105037] Writing DB stats neutron:SELECT=3 {{(pid=105037) stat_writer /opt/stack/data/venv/lib/python3.12/site-packages/dbcounter.py:115}}
Feb 16 18:56:48.409033 np0000155662 neutron-periodic-workers[105045]: DEBUG neutron.db.agents_db [None req-ee2e42f5-8f15-45cd-a843-2fd7a7054eee None None] Agent healthcheck: found 0 active agents {{(pid=105045) agent_health_check /opt/stack/neutron/neutron/db/agents_db.py:317}}
Feb 16 18:56:48.409943 np0000155662 neutron-periodic-workers[105045]: DEBUG oslo.service.backend._threading.loopingcall [None req-ee2e42f5-8f15-45cd-a843-2fd7a7054eee None None] Fixed interval looping call 'neutron.plugins.ml2.plugin.AgentDbMixin.agent_health_check' sleeping for 36.99 seconds {{(pid=105045) _run_loop /opt/stack/data/venv/lib/python3.12/site-packages/oslo_service/backend/_threading/loopingcall.py:125}}
Feb 16 18:56:58.406837 np0000155662 neutron-periodic-workers[105045]: DEBUG dbcounter [-] [105045] Writing DB stats neutron:SELECT=1 {{(pid=105045) stat_writer /opt/stack/data/venv/lib/python3.12/site-packages/dbcounter.py:115}}
Feb 16 18:57:07.538690 np0000155662 neutron-periodic-workers[105037]: DEBUG oslo.service.backend._threading.loopingcall [None req-28a042b7-3ea7-4f64-9661-6ba15ff4ecf2 None None] Fixed interval looping call 'neutron.plugins.ml2.plugin.DhcpAgentSchedulerDbMixin.remove_networks_from_down_agents' sleeping for 36.99 seconds {{(pid=105037) _run_loop /opt/stack/data/venv/lib/python3.12/site-packages/oslo_service/backend/_threading/loopingcall.py:125}}
Feb 16 18:57:17.393753 np0000155662 neutron-periodic-workers[105037]: DEBUG dbcounter [-] [105037] Writing DB stats neutron:SELECT=3 {{(pid=105037) stat_writer /opt/stack/data/venv/lib/python3.12/site-packages/dbcounter.py:115}}
Feb 16 18:57:21.422934 np0000155662 neutron-periodic-workers[105060]: DEBUG oslo.service.backend._threading.loopingcall [None req-204d6c59-cae2-4e55-9b34-b9660537bae9 None None] Fixed interval looping call 'neutron.db.quota.driver_nolock.DbQuotaNoLockDriver._remove_expired_reservations' sleeping for 120.00 seconds {{(pid=105060) _run_loop /opt/stack/data/venv/lib/python3.12/site-packages/oslo_service/backend/_threading/loopingcall.py:125}}
Feb 16 18:57:25.404435 np0000155662 neutron-periodic-workers[105045]: DEBUG neutron.db.agents_db [None req-ee2e42f5-8f15-45cd-a843-2fd7a7054eee None None] Agent healthcheck: found 0 active agents {{(pid=105045) agent_health_check /opt/stack/neutron/neutron/db/agents_db.py:317}}
Feb 16 18:57:25.405225 np0000155662 neutron-periodic-workers[105045]: DEBUG oslo.service.backend._threading.loopingcall [None req-ee2e42f5-8f15-45cd-a843-2fd7a7054eee None None] Fixed interval looping call 'neutron.plugins.ml2.plugin.AgentDbMixin.agent_health_check' sleeping for 36.99 seconds {{(pid=105045) _run_loop /opt/stack/data/venv/lib/python3.12/site-packages/oslo_service/backend/_threading/loopingcall.py:125}}
Feb 16 18:57:31.422239 np0000155662 neutron-periodic-workers[105060]: DEBUG dbcounter [-] [105060] Writing DB stats neutron:DELETE=1 {{(pid=105060) stat_writer /opt/stack/data/venv/lib/python3.12/site-packages/dbcounter.py:115}}
Feb 16 18:57:35.403741 np0000155662 neutron-periodic-workers[105045]: DEBUG dbcounter [-] [105045] Writing DB stats neutron:SELECT=1 {{(pid=105045) stat_writer /opt/stack/data/venv/lib/python3.12/site-packages/dbcounter.py:115}}
Feb 16 18:57:44.393252 np0000155662 neutron-periodic-workers[105037]: DEBUG oslo.service.backend._threading.loopingcall [None req-28a042b7-3ea7-4f64-9661-6ba15ff4ecf2 None None] Fixed interval looping call 'neutron.plugins.ml2.plugin.DhcpAgentSchedulerDbMixin.remove_networks_from_down_agents' sleeping for 36.99 seconds {{(pid=105037) _run_loop /opt/stack/data/venv/lib/python3.12/site-packages/oslo_service/backend/_threading/loopingcall.py:125}}
Feb 16 18:57:54.392193 np0000155662 neutron-periodic-workers[105037]: DEBUG dbcounter [-] [105037] Writing DB stats neutron:SELECT=3 {{(pid=105037) stat_writer /opt/stack/data/venv/lib/python3.12/site-packages/dbcounter.py:115}}
Feb 16 18:58:02.399133 np0000155662 neutron-periodic-workers[105045]: DEBUG neutron.db.agents_db [None req-ee2e42f5-8f15-45cd-a843-2fd7a7054eee None None] Agent healthcheck: found 0 active agents {{(pid=105045) agent_health_check /opt/stack/neutron/neutron/db/agents_db.py:317}}
Feb 16 18:58:02.399133 np0000155662 neutron-periodic-workers[105045]: DEBUG oslo.service.backend._threading.loopingcall [None req-ee2e42f5-8f15-45cd-a843-2fd7a7054eee None None] Fixed interval looping call 'neutron.plugins.ml2.plugin.AgentDbMixin.agent_health_check' sleeping for 37.00 seconds {{(pid=105045) _run_loop /opt/stack/data/venv/lib/python3.12/site-packages/oslo_service/backend/_threading/loopingcall.py:125}}
Feb 16 18:58:12.398154 np0000155662 neutron-periodic-workers[105045]: DEBUG dbcounter [-] [105045] Writing DB stats neutron:SELECT=1 {{(pid=105045) stat_writer /opt/stack/data/venv/lib/python3.12/site-packages/dbcounter.py:115}}
Feb 16 18:58:21.394284 np0000155662 neutron-periodic-workers[105037]: DEBUG oslo.service.backend._threading.loopingcall [None req-28a042b7-3ea7-4f64-9661-6ba15ff4ecf2 None None] Fixed interval looping call 'neutron.plugins.ml2.plugin.DhcpAgentSchedulerDbMixin.remove_networks_from_down_agents' sleeping for 36.99 seconds {{(pid=105037) _run_loop /opt/stack/data/venv/lib/python3.12/site-packages/oslo_service/backend/_threading/loopingcall.py:125}}
Feb 16 18:58:31.393307 np0000155662 neutron-periodic-workers[105037]: DEBUG dbcounter [-] [105037] Writing DB stats neutron:SELECT=3 {{(pid=105037) stat_writer /opt/stack/data/venv/lib/python3.12/site-packages/dbcounter.py:115}}
Feb 16 18:58:39.404921 np0000155662 neutron-periodic-workers[105045]: DEBUG neutron.db.agents_db [None req-ee2e42f5-8f15-45cd-a843-2fd7a7054eee None None] Agent healthcheck: found 0 active agents {{(pid=105045) agent_health_check /opt/stack/neutron/neutron/db/agents_db.py:317}}
Feb 16 18:58:39.404921 np0000155662 neutron-periodic-workers[105045]: DEBUG oslo.service.backend._threading.loopingcall [None req-ee2e42f5-8f15-45cd-a843-2fd7a7054eee None None] Fixed interval looping call 'neutron.plugins.ml2.plugin.AgentDbMixin.agent_health_check' sleeping for 36.99 seconds {{(pid=105045) _run_loop /opt/stack/data/venv/lib/python3.12/site-packages/oslo_service/backend/_threading/loopingcall.py:125}}
Feb 16 18:58:49.403273 np0000155662 neutron-periodic-workers[105045]: DEBUG dbcounter [-] [105045] Writing DB stats neutron:SELECT=1 {{(pid=105045) stat_writer /opt/stack/data/venv/lib/python3.12/site-packages/dbcounter.py:115}}
Feb 16 18:58:58.395673 np0000155662 neutron-periodic-workers[105037]: DEBUG oslo.service.backend._threading.loopingcall [None req-28a042b7-3ea7-4f64-9661-6ba15ff4ecf2 None None] Fixed interval looping call 'neutron.plugins.ml2.plugin.DhcpAgentSchedulerDbMixin.remove_networks_from_down_agents' sleeping for 36.99 seconds {{(pid=105037) _run_loop /opt/stack/data/venv/lib/python3.12/site-packages/oslo_service/backend/_threading/loopingcall.py:125}}
Feb 16 18:59:08.393763 np0000155662 neutron-periodic-workers[105037]: DEBUG dbcounter [-] [105037] Writing DB stats neutron:SELECT=3 {{(pid=105037) stat_writer /opt/stack/data/venv/lib/python3.12/site-packages/dbcounter.py:115}}
Feb 16 18:59:16.399247 np0000155662 neutron-periodic-workers[105045]: DEBUG neutron.db.agents_db [None req-ee2e42f5-8f15-45cd-a843-2fd7a7054eee None None] Agent healthcheck: found 0 active agents {{(pid=105045) agent_health_check /opt/stack/neutron/neutron/db/agents_db.py:317}}
Feb 16 18:59:16.399247 np0000155662 neutron-periodic-workers[105045]: DEBUG oslo.service.backend._threading.loopingcall [None req-ee2e42f5-8f15-45cd-a843-2fd7a7054eee None None] Fixed interval looping call 'neutron.plugins.ml2.plugin.AgentDbMixin.agent_health_check' sleeping for 37.00 seconds {{(pid=105045) _run_loop /opt/stack/data/venv/lib/python3.12/site-packages/oslo_service/backend/_threading/loopingcall.py:125}}
Feb 16 18:59:21.427889 np0000155662 neutron-periodic-workers[105060]: DEBUG oslo.service.backend._threading.loopingcall [None req-204d6c59-cae2-4e55-9b34-b9660537bae9 None None] Fixed interval looping call 'neutron.db.quota.driver_nolock.DbQuotaNoLockDriver._remove_expired_reservations' sleeping for 120.00 seconds {{(pid=105060) _run_loop /opt/stack/data/venv/lib/python3.12/site-packages/oslo_service/backend/_threading/loopingcall.py:125}}
Feb 16 18:59:26.398447 np0000155662 neutron-periodic-workers[105045]: DEBUG dbcounter [-] [105045] Writing DB stats neutron:SELECT=1 {{(pid=105045) stat_writer /opt/stack/data/venv/lib/python3.12/site-packages/dbcounter.py:115}}
Feb 16 18:59:31.426781 np0000155662 neutron-periodic-workers[105060]: DEBUG dbcounter [-] [105060] Writing DB stats neutron:DELETE=1 {{(pid=105060) stat_writer /opt/stack/data/venv/lib/python3.12/site-packages/dbcounter.py:115}}
Feb 16 18:59:35.395765 np0000155662 neutron-periodic-workers[105037]: DEBUG oslo.service.backend._threading.loopingcall [None req-28a042b7-3ea7-4f64-9661-6ba15ff4ecf2 None None] Fixed interval looping call 'neutron.plugins.ml2.plugin.DhcpAgentSchedulerDbMixin.remove_networks_from_down_agents' sleeping for 36.99 seconds {{(pid=105037) _run_loop /opt/stack/data/venv/lib/python3.12/site-packages/oslo_service/backend/_threading/loopingcall.py:125}}
Feb 16 18:59:44.386714 np0000155662 neutron-periodic-workers[105026]: DEBUG oslo.service.backend._threading.loopingcall [None req-a29e221a-eb15-450c-b21b-d47131ef8a07 None None] Fixed interval looping call 'neutron.services.ovn_l3.plugin.L3_NAT_dbonly_mixin._clean_garbage' sleeping for 299.99 seconds {{(pid=105026) _run_loop /opt/stack/data/venv/lib/python3.12/site-packages/oslo_service/backend/_threading/loopingcall.py:125}}
Feb 16 18:59:45.394125 np0000155662 neutron-periodic-workers[105037]: DEBUG dbcounter [-] [105037] Writing DB stats neutron:SELECT=3 {{(pid=105037) stat_writer /opt/stack/data/venv/lib/python3.12/site-packages/dbcounter.py:115}}
Feb 16 18:59:53.406107 np0000155662 neutron-periodic-workers[105045]: DEBUG neutron.db.agents_db [None req-ee2e42f5-8f15-45cd-a843-2fd7a7054eee None None] Agent healthcheck: found 0 active agents {{(pid=105045) agent_health_check /opt/stack/neutron/neutron/db/agents_db.py:317}}
Feb 16 18:59:53.406985 np0000155662 neutron-periodic-workers[105045]: DEBUG oslo.service.backend._threading.loopingcall [None req-ee2e42f5-8f15-45cd-a843-2fd7a7054eee None None] Fixed interval looping call 'neutron.plugins.ml2.plugin.AgentDbMixin.agent_health_check' sleeping for 36.99 seconds {{(pid=105045) _run_loop /opt/stack/data/venv/lib/python3.12/site-packages/oslo_service/backend/_threading/loopingcall.py:125}}
Feb 16 18:59:54.380621 np0000155662 neutron-periodic-workers[105026]: DEBUG dbcounter [-] [105026] Writing DB stats neutron:SELECT=1 {{(pid=105026) stat_writer /opt/stack/data/venv/lib/python3.12/site-packages/dbcounter.py:115}}
Feb 16 19:00:03.403398 np0000155662 neutron-periodic-workers[105045]: DEBUG dbcounter [-] [105045] Writing DB stats neutron:SELECT=1 {{(pid=105045) stat_writer /opt/stack/data/venv/lib/python3.12/site-packages/dbcounter.py:115}}
Feb 16 19:00:12.396471 np0000155662 neutron-periodic-workers[105037]: DEBUG oslo.service.backend._threading.loopingcall [None req-28a042b7-3ea7-4f64-9661-6ba15ff4ecf2 None None] Fixed interval looping call 'neutron.plugins.ml2.plugin.DhcpAgentSchedulerDbMixin.remove_networks_from_down_agents' sleeping for 36.99 seconds {{(pid=105037) _run_loop /opt/stack/data/venv/lib/python3.12/site-packages/oslo_service/backend/_threading/loopingcall.py:125}}
Feb 16 19:00:22.395604 np0000155662 neutron-periodic-workers[105037]: DEBUG dbcounter [-] [105037] Writing DB stats neutron:SELECT=3 {{(pid=105037) stat_writer /opt/stack/data/venv/lib/python3.12/site-packages/dbcounter.py:115}}
Feb 16 19:00:30.404030 np0000155662 neutron-periodic-workers[105045]: DEBUG neutron.db.agents_db [None req-ee2e42f5-8f15-45cd-a843-2fd7a7054eee None None] Agent healthcheck: found 0 active agents {{(pid=105045) agent_health_check /opt/stack/neutron/neutron/db/agents_db.py:317}}
Feb 16 19:00:30.404858 np0000155662 neutron-periodic-workers[105045]: DEBUG oslo.service.backend._threading.loopingcall [None req-ee2e42f5-8f15-45cd-a843-2fd7a7054eee None None] Fixed interval looping call 'neutron.plugins.ml2.plugin.AgentDbMixin.agent_health_check' sleeping for 36.99 seconds {{(pid=105045) _run_loop /opt/stack/data/venv/lib/python3.12/site-packages/oslo_service/backend/_threading/loopingcall.py:125}}
Feb 16 19:00:40.402134 np0000155662 neutron-periodic-workers[105045]: DEBUG dbcounter [-] [105045] Writing DB stats neutron:SELECT=1 {{(pid=105045) stat_writer /opt/stack/data/venv/lib/python3.12/site-packages/dbcounter.py:115}}
Feb 16 19:00:49.397525 np0000155662 neutron-periodic-workers[105037]: DEBUG oslo.service.backend._threading.loopingcall [None req-28a042b7-3ea7-4f64-9661-6ba15ff4ecf2 None None] Fixed interval looping call 'neutron.plugins.ml2.plugin.DhcpAgentSchedulerDbMixin.remove_networks_from_down_agents' sleeping for 36.99 seconds {{(pid=105037) _run_loop /opt/stack/data/venv/lib/python3.12/site-packages/oslo_service/backend/_threading/loopingcall.py:125}}
Feb 16 19:00:59.396200 np0000155662 neutron-periodic-workers[105037]: DEBUG dbcounter [-] [105037] Writing DB stats neutron:SELECT=3 {{(pid=105037) stat_writer /opt/stack/data/venv/lib/python3.12/site-packages/dbcounter.py:115}}
Feb 16 19:01:07.403546 np0000155662 neutron-periodic-workers[105045]: DEBUG neutron.db.agents_db [None req-ee2e42f5-8f15-45cd-a843-2fd7a7054eee None None] Agent healthcheck: found 0 active agents {{(pid=105045) agent_health_check /opt/stack/neutron/neutron/db/agents_db.py:317}}
Feb 16 19:01:07.403546 np0000155662 neutron-periodic-workers[105045]: DEBUG oslo.service.backend._threading.loopingcall [None req-ee2e42f5-8f15-45cd-a843-2fd7a7054eee None None] Fixed interval looping call 'neutron.plugins.ml2.plugin.AgentDbMixin.agent_health_check' sleeping for 36.99 seconds {{(pid=105045) _run_loop /opt/stack/data/venv/lib/python3.12/site-packages/oslo_service/backend/_threading/loopingcall.py:125}}
Feb 16 19:01:17.397954 np0000155662 neutron-periodic-workers[105045]: DEBUG dbcounter [-] [105045] Writing DB stats neutron:SELECT=1 {{(pid=105045) stat_writer /opt/stack/data/venv/lib/python3.12/site-packages/dbcounter.py:115}}
Feb 16 19:01:21.431526 np0000155662 neutron-periodic-workers[105060]: DEBUG oslo.service.backend._threading.loopingcall [None req-204d6c59-cae2-4e55-9b34-b9660537bae9 None None] Fixed interval looping call 'neutron.db.quota.driver_nolock.DbQuotaNoLockDriver._remove_expired_reservations' sleeping for 120.00 seconds {{(pid=105060) _run_loop /opt/stack/data/venv/lib/python3.12/site-packages/oslo_service/backend/_threading/loopingcall.py:125}}
Feb 16 19:01:26.396425 np0000155662 neutron-periodic-workers[105037]: DEBUG oslo.service.backend._threading.loopingcall [None req-28a042b7-3ea7-4f64-9661-6ba15ff4ecf2 None None] Fixed interval looping call 'neutron.plugins.ml2.plugin.DhcpAgentSchedulerDbMixin.remove_networks_from_down_agents' sleeping for 36.99 seconds {{(pid=105037) _run_loop /opt/stack/data/venv/lib/python3.12/site-packages/oslo_service/backend/_threading/loopingcall.py:125}}
Feb 16 19:01:31.432295 np0000155662 neutron-periodic-workers[105060]: DEBUG dbcounter [-] [105060] Writing DB stats neutron:DELETE=1 {{(pid=105060) stat_writer /opt/stack/data/venv/lib/python3.12/site-packages/dbcounter.py:115}}
Feb 16 19:01:36.395068 np0000155662 neutron-periodic-workers[105037]: DEBUG dbcounter [-] [105037] Writing DB stats neutron:SELECT=3 {{(pid=105037) stat_writer /opt/stack/data/venv/lib/python3.12/site-packages/dbcounter.py:115}}
Feb 16 19:01:44.398777 np0000155662 neutron-periodic-workers[105045]: DEBUG neutron.db.agents_db [None req-ee2e42f5-8f15-45cd-a843-2fd7a7054eee None None] Agent healthcheck: found 0 active agents {{(pid=105045) agent_health_check /opt/stack/neutron/neutron/db/agents_db.py:317}}
Feb 16 19:01:44.399297 np0000155662 neutron-periodic-workers[105045]: DEBUG oslo.service.backend._threading.loopingcall [None req-ee2e42f5-8f15-45cd-a843-2fd7a7054eee None None] Fixed interval looping call 'neutron.plugins.ml2.plugin.AgentDbMixin.agent_health_check' sleeping for 36.99 seconds {{(pid=105045) _run_loop /opt/stack/data/venv/lib/python3.12/site-packages/oslo_service/backend/_threading/loopingcall.py:125}}
Feb 16 19:01:54.397194 np0000155662 neutron-periodic-workers[105045]: DEBUG dbcounter [-] [105045] Writing DB stats neutron:SELECT=1 {{(pid=105045) stat_writer /opt/stack/data/venv/lib/python3.12/site-packages/dbcounter.py:115}}
Feb 16 19:02:03.396067 np0000155662 neutron-periodic-workers[105037]: DEBUG oslo.service.backend._threading.loopingcall [None req-28a042b7-3ea7-4f64-9661-6ba15ff4ecf2 None None] Fixed interval looping call 'neutron.plugins.ml2.plugin.DhcpAgentSchedulerDbMixin.remove_networks_from_down_agents' sleeping for 36.99 seconds {{(pid=105037) _run_loop /opt/stack/data/venv/lib/python3.12/site-packages/oslo_service/backend/_threading/loopingcall.py:125}}
Feb 16 19:02:13.394982 np0000155662 neutron-periodic-workers[105037]: DEBUG dbcounter [-] [105037] Writing DB stats neutron:SELECT=3 {{(pid=105037) stat_writer /opt/stack/data/venv/lib/python3.12/site-packages/dbcounter.py:115}}
Feb 16 19:02:21.394395 np0000155662 neutron-periodic-workers[105045]: DEBUG neutron.db.agents_db [None req-ee2e42f5-8f15-45cd-a843-2fd7a7054eee None None] Agent healthcheck: found 0 active agents {{(pid=105045) agent_health_check /opt/stack/neutron/neutron/db/agents_db.py:317}}
Feb 16 19:02:21.395026 np0000155662 neutron-periodic-workers[105045]: DEBUG oslo.service.backend._threading.loopingcall [None req-ee2e42f5-8f15-45cd-a843-2fd7a7054eee None None] Fixed interval looping call 'neutron.plugins.ml2.plugin.AgentDbMixin.agent_health_check' sleeping for 36.99 seconds {{(pid=105045) _run_loop /opt/stack/data/venv/lib/python3.12/site-packages/oslo_service/backend/_threading/loopingcall.py:125}}
Feb 16 19:02:31.392717 np0000155662 neutron-periodic-workers[105045]: DEBUG dbcounter [-] [105045] Writing DB stats neutron:SELECT=1 {{(pid=105045) stat_writer /opt/stack/data/venv/lib/python3.12/site-packages/dbcounter.py:115}}
Feb 16 19:02:40.560919 np0000155662 neutron-periodic-workers[105037]: DEBUG oslo.service.backend._threading.loopingcall [None req-28a042b7-3ea7-4f64-9661-6ba15ff4ecf2 None None] Fixed interval looping call 'neutron.plugins.ml2.plugin.DhcpAgentSchedulerDbMixin.remove_networks_from_down_agents' sleeping for 36.83 seconds {{(pid=105037) _run_loop /opt/stack/data/venv/lib/python3.12/site-packages/oslo_service/backend/_threading/loopingcall.py:125}}
Feb 16 19:02:50.558802 np0000155662 neutron-periodic-workers[105037]: DEBUG dbcounter [-] [105037] Writing DB stats neutron:SELECT=3 {{(pid=105037) stat_writer /opt/stack/data/venv/lib/python3.12/site-packages/dbcounter.py:115}}
Feb 16 19:02:58.390497 np0000155662 neutron-periodic-workers[105045]: DEBUG neutron.db.agents_db [None req-ee2e42f5-8f15-45cd-a843-2fd7a7054eee None None] Agent healthcheck: found 0 active agents {{(pid=105045) agent_health_check /opt/stack/neutron/neutron/db/agents_db.py:317}}
Feb 16 19:02:58.390932 np0000155662 neutron-periodic-workers[105045]: DEBUG oslo.service.backend._threading.loopingcall [None req-ee2e42f5-8f15-45cd-a843-2fd7a7054eee None None] Fixed interval looping call 'neutron.plugins.ml2.plugin.AgentDbMixin.agent_health_check' sleeping for 36.99 seconds {{(pid=105045) _run_loop /opt/stack/data/venv/lib/python3.12/site-packages/oslo_service/backend/_threading/loopingcall.py:125}}
Feb 16 19:03:08.388551 np0000155662 neutron-periodic-workers[105045]: DEBUG dbcounter [-] [105045] Writing DB stats neutron:SELECT=1 {{(pid=105045) stat_writer /opt/stack/data/venv/lib/python3.12/site-packages/dbcounter.py:115}}
Feb 16 19:03:17.401255 np0000155662 neutron-periodic-workers[105037]: DEBUG oslo.service.backend._threading.loopingcall [None req-28a042b7-3ea7-4f64-9661-6ba15ff4ecf2 None None] Fixed interval looping call 'neutron.plugins.ml2.plugin.DhcpAgentSchedulerDbMixin.remove_networks_from_down_agents' sleeping for 36.99 seconds {{(pid=105037) _run_loop /opt/stack/data/venv/lib/python3.12/site-packages/oslo_service/backend/_threading/loopingcall.py:125}}
Feb 16 19:03:21.435821 np0000155662 neutron-periodic-workers[105060]: DEBUG oslo.service.backend._threading.loopingcall [None req-204d6c59-cae2-4e55-9b34-b9660537bae9 None None] Fixed interval looping call 'neutron.db.quota.driver_nolock.DbQuotaNoLockDriver._remove_expired_reservations' sleeping for 120.00 seconds {{(pid=105060) _run_loop /opt/stack/data/venv/lib/python3.12/site-packages/oslo_service/backend/_threading/loopingcall.py:125}}
