May 13 02:23:29.223189 np0000173882 devstack@neutron-api.service[103052]: DEBUG neutron.api.v2.resource_helper [None req-caa2a7f2-ba8c-4712-937c-53fe261a887f None None] Service L3_ROUTER_NAT assigned prefix: {{(pid=103052) build_resource_info /opt/stack/neutron/neutron/api/v2/resource_helper.py:77}}
May 13 02:23:29.223583 np0000173882 devstack@neutron-api.service[103050]: DEBUG neutron.plugins.ml2.drivers.ovn.mech_driver.mech_driver [None req-64416eec-8f58-437e-ac82-5332fb941f5c None None] Hash Ring setup, this worker has detected 2 OVN hash ring registers in the database {{(pid=103050) _init_hash_ring /opt/stack/neutron/neutron/plugins/ml2/drivers/ovn/mech_driver/mech_driver.py:412}}
May 13 02:23:29.223623 np0000173882 devstack@neutron-api.service[103052]: DEBUG neutron.api.v2.resource_helper [None req-caa2a7f2-ba8c-4712-937c-53fe261a887f None None] Service L3_ROUTER_NAT assigned prefix: {{(pid=103052) build_resource_info /opt/stack/neutron/neutron/api/v2/resource_helper.py:77}}
May 13 02:23:29.223821 np0000173882 devstack@neutron-api.service[103052]: INFO neutron.quota.resource_registry [None req-caa2a7f2-ba8c-4712-937c-53fe261a887f None None] Creating instance of TrackedResource for resource:router
May 13 02:23:29.223933 np0000173882 devstack@neutron-api.service[103052]: WARNING neutron.quota.resource_registry [None req-caa2a7f2-ba8c-4712-937c-53fe261a887f None None] router is already registered
May 13 02:23:29.224288 np0000173882 devstack@neutron-api.service[103052]: INFO neutron.quota.resource_registry [None req-caa2a7f2-ba8c-4712-937c-53fe261a887f None None] Creating instance of TrackedResource for resource:floatingip
May 13 02:23:29.224434 np0000173882 devstack@neutron-api.service[103052]: WARNING neutron.quota.resource_registry [None req-caa2a7f2-ba8c-4712-937c-53fe261a887f None None] floatingip is already registered
May 13 02:23:29.225370 np0000173882 devstack@neutron-api.service[103052]: INFO neutron.quota.resource_registry [None req-caa2a7f2-ba8c-4712-937c-53fe261a887f None None] Creating instance of CountableResource for resource:rbac_policy
May 13 02:23:29.225413 np0000173882 devstack@neutron-api.service[103052]: WARNING neutron.quota.resource_registry [None req-caa2a7f2-ba8c-4712-937c-53fe261a887f None None] rbac_policy is already registered
May 13 02:23:29.225952 np0000173882 devstack@neutron-api.service[103052]: INFO neutron.quota.resource_registry [None req-caa2a7f2-ba8c-4712-937c-53fe261a887f None None] Creating instance of TrackedResource for resource:security_group
May 13 02:23:29.226063 np0000173882 devstack@neutron-api.service[103051]: DEBUG oslo_concurrency.processutils [None req-16de2d0b-3c84-4e54-b615-10a3af079625 None None] CMD "ovsdb-client transact ssl:199.204.45.132:6641 --timeout 180 -p /opt/stack/data/CA/int-ca/private/devstack-cert.key -c /opt/stack/data/CA/int-ca/devstack-cert.crt -C /opt/stack/data/CA/int-ca/ca-chain.pem ["OVN_Northbound", {"op": "wait", "timeout": 0, "table": "Port_Group", "where": [["name", "==", "neutron_pg_drop"]], "until": "==", "rows": []}, {"op": "insert", "table": "ACL", "row": {"action": "drop", "direction": "to-lport", "match": "outport == @neutron_pg_drop && ip", "priority": 1001}, "uuid-name": "droptoport"}, {"op": "insert", "table": "ACL", "row": {"action": "drop", "direction": "from-lport", "match": "inport == @neutron_pg_drop && ip", "priority": 1001}, "uuid-name": "dropfromport"}, {"op": "insert", "table": "Port_Group", "row": {"name": "neutron_pg_drop", "acls": ["set", [["named-uuid", "droptoport"], ["named-uuid", "dropfromport"]]]}}]" returned: 0 in 0.035s {{(pid=103051) execute /opt/stack/data/venv/lib/python3.12/site-packages/oslo_concurrency/processutils.py:468}}
May 13 02:23:29.226225 np0000173882 devstack@neutron-api.service[103052]: WARNING neutron.quota.resource_registry [None req-caa2a7f2-ba8c-4712-937c-53fe261a887f None None] security_group is already registered
May 13 02:23:29.226428 np0000173882 devstack@neutron-api.service[103052]: INFO neutron.quota.resource_registry [None req-caa2a7f2-ba8c-4712-937c-53fe261a887f None None] Creating instance of TrackedResource for resource:security_group_rule
May 13 02:23:29.226596 np0000173882 devstack@neutron-api.service[103052]: WARNING neutron.quota.resource_registry [None req-caa2a7f2-ba8c-4712-937c-53fe261a887f None None] security_group_rule is already registered
May 13 02:23:29.226754 np0000173882 devstack@neutron-api.service[103051]: DEBUG neutron_lib.callbacks.manager [None req-16de2d0b-3c84-4e54-b615-10a3af079625 None None] Publish callbacks ['neutron.plugins.ml2.drivers.ovn.mech_driver.mech_driver.OVNMechanismDriver.post_fork_initialize-331228', 'neutron.services.ovn_l3.plugin.OVNL3RouterPlugin._post_fork_initialize-648719'] for process (None), after_init {{(pid=103051) _notify_loop /opt/stack/data/venv/lib/python3.12/site-packages/neutron_lib/callbacks/manager.py:184}}
May 13 02:23:29.227098 np0000173882 devstack@neutron-api.service[103052]: DEBUG neutron.api.v2.resource_helper [None req-caa2a7f2-ba8c-4712-937c-53fe261a887f None None] Service CORE assigned prefix: {{(pid=103052) build_resource_info /opt/stack/neutron/neutron/api/v2/resource_helper.py:77}}
May 13 02:23:29.227231 np0000173882 devstack@neutron-api.service[103052]: INFO neutron.quota.resource_registry [None req-caa2a7f2-ba8c-4712-937c-53fe261a887f None None] Creating instance of TrackedResource for resource:subnetpool
May 13 02:23:29.227368 np0000173882 devstack@neutron-api.service[103052]: WARNING neutron.quota.resource_registry [None req-caa2a7f2-ba8c-4712-937c-53fe261a887f None None] subnetpool is already registered
May 13 02:23:29.227406 np0000173882 devstack@neutron-api.service[103051]: DEBUG oslo_concurrency.lockutils [None req-16de2d0b-3c84-4e54-b615-10a3af079625 None None] Acquiring lock "singleton_lock" {{(pid=103051) lock /opt/stack/data/venv/lib/python3.12/site-packages/oslo_concurrency/lockutils.py:390}}
May 13 02:23:29.227646 np0000173882 devstack@neutron-api.service[103051]: DEBUG oslo_concurrency.lockutils [None req-16de2d0b-3c84-4e54-b615-10a3af079625 None None] Acquired lock "singleton_lock" {{(pid=103051) lock /opt/stack/data/venv/lib/python3.12/site-packages/oslo_concurrency/lockutils.py:393}}
May 13 02:23:29.227831 np0000173882 devstack@neutron-api.service[103052]: DEBUG neutron.api.extensions [None req-caa2a7f2-ba8c-4712-937c-53fe261a887f None None] Extended resource: extensions {{(pid=103052) __init__ /opt/stack/neutron/neutron/api/extensions.py:156}}
May 13 02:23:29.228016 np0000173882 devstack@neutron-api.service[103051]: DEBUG oslo_concurrency.lockutils [None req-16de2d0b-3c84-4e54-b615-10a3af079625 None None] Releasing lock "singleton_lock" {{(pid=103051) lock /opt/stack/data/venv/lib/python3.12/site-packages/oslo_concurrency/lockutils.py:413}}
May 13 02:23:29.228639 np0000173882 devstack@neutron-api.service[103052]: DEBUG neutron.api.extensions [None req-caa2a7f2-ba8c-4712-937c-53fe261a887f None None] Extended resource: address-groups {{(pid=103052) __init__ /opt/stack/neutron/neutron/api/extensions.py:156}}
May 13 02:23:29.229294 np0000173882 devstack@neutron-api.service[103052]: DEBUG neutron.api.extensions [None req-caa2a7f2-ba8c-4712-937c-53fe261a887f None None] Extended resource: address-scopes {{(pid=103052) __init__ /opt/stack/neutron/neutron/api/extensions.py:156}}
May 13 02:23:29.229584 np0000173882 devstack@neutron-api.service[103050]: DEBUG neutron.plugins.ml2.drivers.ovn.mech_driver.ovsdb.maintenance [None req-64416eec-8f58-437e-ac82-5332fb941f5c None None] Periodic task found: HashRingHealthCheckPeriodics.touch_hash_ring_node {{(pid=103050) add_periodics /opt/stack/neutron/neutron/plugins/ml2/drivers/ovn/mech_driver/ovsdb/maintenance.py:148}}
May 13 02:23:29.229951 np0000173882 devstack@neutron-api.service[103052]: DEBUG neutron.api.extensions [None req-caa2a7f2-ba8c-4712-937c-53fe261a887f None None] Extended resource: agents {{(pid=103052) __init__ /opt/stack/neutron/neutron/api/extensions.py:156}}
May 13 02:23:29.230555 np0000173882 devstack@neutron-api.service[103052]: DEBUG neutron.api.extensions [None req-caa2a7f2-ba8c-4712-937c-53fe261a887f None None] Extended resource: auto-allocated-topology {{(pid=103052) __init__ /opt/stack/neutron/neutron/api/extensions.py:156}}
May 13 02:23:29.230703 np0000173882 devstack@neutron-api.service[103050]: INFO neutron.plugins.ml2.drivers.ovn.mech_driver.mech_driver [None req-64416eec-8f58-437e-ac82-5332fb941f5c None None] Hash Ring probing thread for node f8109848f38e5a738eb9e4705c985a3a has started
May 13 02:23:29.231088 np0000173882 devstack@neutron-api.service[103052]: DEBUG neutron.api.extensions [None req-caa2a7f2-ba8c-4712-937c-53fe261a887f None None] Extended resource: availability_zones {{(pid=103052) __init__ /opt/stack/neutron/neutron/api/extensions.py:156}}
May 13 02:23:29.231127 np0000173882 devstack@neutron-api.service[103051]: DEBUG neutron.plugins.ml2.drivers.ovn.mech_driver.mech_driver [None req-16de2d0b-3c84-4e54-b615-10a3af079625 None None] Hash Ring setup using WSGI start time 2026-05-13 02:23:22+00:00 {{(pid=103051) _init_hash_ring /opt/stack/neutron/neutron/plugins/ml2/drivers/ovn/mech_driver/mech_driver.py:402}}
May 13 02:23:29.231203 np0000173882 devstack@neutron-api.service[103050]: INFO neutron.plugins.ml2.drivers.ovn.mech_driver.ovsdb.impl_idl_ovn [None req-64416eec-8f58-437e-ac82-5332fb941f5c None None] Getting OvsdbNbOvnIdl for WorkerService with retry
May 13 02:23:29.231611 np0000173882 devstack@neutron-api.service[103052]: DEBUG neutron.api.extensions [None req-caa2a7f2-ba8c-4712-937c-53fe261a887f None None] Extended resource: dhcp-networks {{(pid=103052) __init__ /opt/stack/neutron/neutron/api/extensions.py:156}}
May 13 02:23:29.232269 np0000173882 devstack@neutron-api.service[103052]: DEBUG neutron.api.extensions [None req-caa2a7f2-ba8c-4712-937c-53fe261a887f None None] Extended resource: dhcp-agents {{(pid=103052) __init__ /opt/stack/neutron/neutron/api/extensions.py:156}}
May 13 02:23:29.232883 np0000173882 devstack@neutron-api.service[103052]: DEBUG neutron.api.extensions [None req-caa2a7f2-ba8c-4712-937c-53fe261a887f None None] Extended resource: routers {{(pid=103052) __init__ /opt/stack/neutron/neutron/api/extensions.py:156}}
May 13 02:23:29.233976 np0000173882 devstack@neutron-api.service[103052]: DEBUG neutron.api.extensions [None req-caa2a7f2-ba8c-4712-937c-53fe261a887f None None] Extended resource: flavors {{(pid=103052) __init__ /opt/stack/neutron/neutron/api/extensions.py:156}}
May 13 02:23:29.234527 np0000173882 devstack@neutron-api.service[103052]: DEBUG neutron.api.extensions [None req-caa2a7f2-ba8c-4712-937c-53fe261a887f None None] Extended resource: service_profiles {{(pid=103052) __init__ /opt/stack/neutron/neutron/api/extensions.py:156}}
May 13 02:23:29.235050 np0000173882 devstack@neutron-api.service[103052]: DEBUG neutron.api.extensions [None req-caa2a7f2-ba8c-4712-937c-53fe261a887f None None] Extended resource: next_providers {{(pid=103052) __init__ /opt/stack/neutron/neutron/api/extensions.py:156}}
May 13 02:23:29.235677 np0000173882 devstack@neutron-api.service[103052]: DEBUG neutron.api.extensions [None req-caa2a7f2-ba8c-4712-937c-53fe261a887f None None] Extended resource: service_profiles {{(pid=103052) __init__ /opt/stack/neutron/neutron/api/extensions.py:156}}
May 13 02:23:29.236382 np0000173882 devstack@neutron-api.service[103052]: DEBUG neutron.api.extensions [None req-caa2a7f2-ba8c-4712-937c-53fe261a887f None None] Extended resource: floatingip-pools {{(pid=103052) __init__ /opt/stack/neutron/neutron/api/extensions.py:156}}
May 13 02:23:29.236894 np0000173882 devstack@neutron-api.service[103052]: DEBUG neutron.api.extensions [None req-caa2a7f2-ba8c-4712-937c-53fe261a887f None None] Extended resource: routers {{(pid=103052) __init__ /opt/stack/neutron/neutron/api/extensions.py:156}}
May 13 02:23:29.237900 np0000173882 devstack@neutron-api.service[103052]: DEBUG neutron.api.extensions [None req-caa2a7f2-ba8c-4712-937c-53fe261a887f None None] Extended resource: floatingips {{(pid=103052) __init__ /opt/stack/neutron/neutron/api/extensions.py:156}}
May 13 02:23:29.238523 np0000173882 devstack@neutron-api.service[103052]: DEBUG neutron.api.extensions [None req-caa2a7f2-ba8c-4712-937c-53fe261a887f None None] Extended resource: network-ip-availabilities {{(pid=103052) __init__ /opt/stack/neutron/neutron/api/extensions.py:156}}
May 13 02:23:29.239047 np0000173882 devstack@neutron-api.service[103052]: DEBUG neutron.api.extensions [None req-caa2a7f2-ba8c-4712-937c-53fe261a887f None None] Extended resource: network-ip-availabilities {{(pid=103052) __init__ /opt/stack/neutron/neutron/api/extensions.py:156}}
May 13 02:23:29.239393 np0000173882 devstack@neutron-api.service[103051]: INFO neutron.db.ovn_hash_ring_db [None req-16de2d0b-3c84-4e54-b615-10a3af079625 None None] Nodes from host "np0000173882" and group "mechanism_driver" removed from the Hash Ring created at 2026-05-13 02:23:22+00:00
May 13 02:23:29.239612 np0000173882 devstack@neutron-api.service[103052]: DEBUG neutron.api.extensions [None req-caa2a7f2-ba8c-4712-937c-53fe261a887f None None] Extended resource: bindings {{(pid=103052) __init__ /opt/stack/neutron/neutron/api/extensions.py:156}}
May 13 02:23:29.240324 np0000173882 devstack@neutron-api.service[103052]: DEBUG neutron.api.extensions [None req-caa2a7f2-ba8c-4712-937c-53fe261a887f None None] Extended resource: quotas {{(pid=103052) __init__ /opt/stack/neutron/neutron/api/extensions.py:156}}
May 13 02:23:29.241041 np0000173882 devstack@neutron-api.service[103052]: DEBUG neutron.api.extensions [None req-caa2a7f2-ba8c-4712-937c-53fe261a887f None None] Extended resource: quotas {{(pid=103052) __init__ /opt/stack/neutron/neutron/api/extensions.py:156}}
May 13 02:23:29.241636 np0000173882 devstack@neutron-api.service[103052]: DEBUG neutron.api.extensions [None req-caa2a7f2-ba8c-4712-937c-53fe261a887f None None] Extended resource: rbac-policies {{(pid=103052) __init__ /opt/stack/neutron/neutron/api/extensions.py:156}}
May 13 02:23:29.242266 np0000173882 devstack@neutron-api.service[103052]: DEBUG neutron.api.extensions [None req-caa2a7f2-ba8c-4712-937c-53fe261a887f None None] Extended resource: default-security-group-rules {{(pid=103052) __init__ /opt/stack/neutron/neutron/api/extensions.py:156}}
May 13 02:23:29.242820 np0000173882 devstack@neutron-api.service[103052]: DEBUG neutron.api.extensions [None req-caa2a7f2-ba8c-4712-937c-53fe261a887f None None] Extended resource: security-groups {{(pid=103052) __init__ /opt/stack/neutron/neutron/api/extensions.py:156}}
May 13 02:23:29.242867 np0000173882 devstack@neutron-api.service[103051]: INFO neutron.db.ovn_hash_ring_db [None req-16de2d0b-3c84-4e54-b615-10a3af079625 None None] Node 99be979574c75471a07e651691e1443e from host "np0000173882" and group "mechanism_driver" added to the Hash Ring
May 13 02:23:29.243328 np0000173882 devstack@neutron-api.service[103052]: DEBUG neutron.api.extensions [None req-caa2a7f2-ba8c-4712-937c-53fe261a887f None None] Extended resource: security-group-rules {{(pid=103052) __init__ /opt/stack/neutron/neutron/api/extensions.py:156}}
May 13 02:23:29.243881 np0000173882 devstack@neutron-api.service[103052]: DEBUG neutron.api.extensions [None req-caa2a7f2-ba8c-4712-937c-53fe261a887f None None] Extended resource: service-providers {{(pid=103052) __init__ /opt/stack/neutron/neutron/api/extensions.py:156}}
May 13 02:23:29.244393 np0000173882 devstack@neutron-api.service[103052]: DEBUG neutron.api.extensions [None req-caa2a7f2-ba8c-4712-937c-53fe261a887f None None] Extended resource: subnetpools {{(pid=103052) __init__ /opt/stack/neutron/neutron/api/extensions.py:156}}
May 13 02:23:29.245017 np0000173882 devstack@neutron-api.service[103052]: DEBUG neutron.api.extensions [None req-caa2a7f2-ba8c-4712-937c-53fe261a887f None None] Extended resource: tags {{(pid=103052) __init__ /opt/stack/neutron/neutron/api/extensions.py:156}}
May 13 02:23:29.245787 np0000173882 devstack@neutron-api.service[103052]: DEBUG neutron.api.extensions [None req-caa2a7f2-ba8c-4712-937c-53fe261a887f None None] Extended resource: tags {{(pid=103052) __init__ /opt/stack/neutron/neutron/api/extensions.py:156}}
May 13 02:23:29.246430 np0000173882 devstack@neutron-api.service[103051]: DEBUG neutron.plugins.ml2.drivers.ovn.mech_driver.mech_driver [None req-16de2d0b-3c84-4e54-b615-10a3af079625 None None] Hash Ring setup, this worker has detected 3 OVN hash ring registers in the database {{(pid=103051) _init_hash_ring /opt/stack/neutron/neutron/plugins/ml2/drivers/ovn/mech_driver/mech_driver.py:412}}
May 13 02:23:29.246562 np0000173882 devstack@neutron-api.service[103052]: DEBUG neutron.api.extensions [None req-caa2a7f2-ba8c-4712-937c-53fe261a887f None None] Extended resource: tags {{(pid=103052) __init__ /opt/stack/neutron/neutron/api/extensions.py:156}}
May 13 02:23:29.247318 np0000173882 devstack@neutron-api.service[103052]: DEBUG neutron.api.extensions [None req-caa2a7f2-ba8c-4712-937c-53fe261a887f None None] Extended resource: tags {{(pid=103052) __init__ /opt/stack/neutron/neutron/api/extensions.py:156}}
May 13 02:23:29.248578 np0000173882 devstack@neutron-api.service[103052]: DEBUG neutron.api.extensions [None req-caa2a7f2-ba8c-4712-937c-53fe261a887f None None] Extended resource: tags {{(pid=103052) __init__ /opt/stack/neutron/neutron/api/extensions.py:156}}
May 13 02:23:29.249415 np0000173882 devstack@neutron-api.service[103052]: DEBUG neutron.api.extensions [None req-caa2a7f2-ba8c-4712-937c-53fe261a887f None None] Extended resource: tags {{(pid=103052) __init__ /opt/stack/neutron/neutron/api/extensions.py:156}}
May 13 02:23:29.250445 np0000173882 devstack@neutron-api.service[103052]: DEBUG neutron.api.extensions [None req-caa2a7f2-ba8c-4712-937c-53fe261a887f None None] Extended resource: tags {{(pid=103052) __init__ /opt/stack/neutron/neutron/api/extensions.py:156}}
May 13 02:23:29.251026 np0000173882 devstack@neutron-api.service[103052]: DEBUG neutron.api.extensions [None req-caa2a7f2-ba8c-4712-937c-53fe261a887f None None] Extended resource: tags {{(pid=103052) __init__ /opt/stack/neutron/neutron/api/extensions.py:156}}
May 13 02:23:29.251864 np0000173882 devstack@neutron-api.service[103052]: DEBUG neutron.api.extensions [None req-caa2a7f2-ba8c-4712-937c-53fe261a887f None None] Extended resource: tags {{(pid=103052) __init__ /opt/stack/neutron/neutron/api/extensions.py:156}}
May 13 02:23:29.252662 np0000173882 devstack@neutron-api.service[103052]: DEBUG neutron.api.extensions [None req-caa2a7f2-ba8c-4712-937c-53fe261a887f None None] Extended resource: tags {{(pid=103052) __init__ /opt/stack/neutron/neutron/api/extensions.py:156}}
May 13 02:23:29.255896 np0000173882 devstack@neutron-api.service[103052]: WARNING keystonemiddleware.auth_token [None req-caa2a7f2-ba8c-4712-937c-53fe261a887f None None] AuthToken middleware is set with keystone_authtoken.service_token_roles_required set to False. This is backwards compatible but deprecated behaviour. Please set this to True.
May 13 02:23:29.256320 np0000173882 devstack@neutron-api.service[103051]: DEBUG neutron.plugins.ml2.drivers.ovn.mech_driver.ovsdb.maintenance [None req-16de2d0b-3c84-4e54-b615-10a3af079625 None None] Periodic task found: HashRingHealthCheckPeriodics.touch_hash_ring_node {{(pid=103051) add_periodics /opt/stack/neutron/neutron/plugins/ml2/drivers/ovn/mech_driver/ovsdb/maintenance.py:148}}
May 13 02:23:29.257859 np0000173882 devstack@neutron-api.service[103051]: INFO neutron.plugins.ml2.drivers.ovn.mech_driver.mech_driver [None req-16de2d0b-3c84-4e54-b615-10a3af079625 None None] Hash Ring probing thread for node 99be979574c75471a07e651691e1443e has started
May 13 02:23:29.258829 np0000173882 devstack@neutron-api.service[103051]: INFO neutron.plugins.ml2.drivers.ovn.mech_driver.ovsdb.impl_idl_ovn [None req-16de2d0b-3c84-4e54-b615-10a3af079625 None None] Getting OvsdbNbOvnIdl for WorkerService with retry
May 13 02:23:29.262867 np0000173882 devstack@neutron-api.service[103052]: DEBUG neutron_lib.callbacks.manager [None req-caa2a7f2-ba8c-4712-937c-53fe261a887f None None] Publish callbacks ['neutron.plugins.ml2.drivers.ovn.mech_driver.mech_driver.OVNMechanismDriver.pre_fork_initialize-419645'] for process (None), before_spawn {{(pid=103052) _notify_loop /opt/stack/data/venv/lib/python3.12/site-packages/neutron_lib/callbacks/manager.py:184}}
May 13 02:23:29.263250 np0000173882 devstack@neutron-api.service[103052]: DEBUG oslo_concurrency.processutils [None req-caa2a7f2-ba8c-4712-937c-53fe261a887f None None] Running cmd (subprocess): ovsdb-client transact ssl:199.204.45.132:6641 --timeout 180 -p /opt/stack/data/CA/int-ca/private/devstack-cert.key -c /opt/stack/data/CA/int-ca/devstack-cert.crt -C /opt/stack/data/CA/int-ca/ca-chain.pem ["OVN_Northbound", {"op": "wait", "timeout": 0, "table": "Port_Group", "where": [["name", "==", "neutron_pg_drop"]], "until": "==", "rows": []}, {"op": "insert", "table": "ACL", "row": {"action": "drop", "direction": "to-lport", "match": "outport == @neutron_pg_drop && ip", "priority": 1001}, "uuid-name": "droptoport"}, {"op": "insert", "table": "ACL", "row": {"action": "drop", "direction": "from-lport", "match": "inport == @neutron_pg_drop && ip", "priority": 1001}, "uuid-name": "dropfromport"}, {"op": "insert", "table": "Port_Group", "row": {"name": "neutron_pg_drop", "acls": ["set", [["named-uuid", "droptoport"], ["named-uuid", "dropfromport"]]]}}] {{(pid=103052) execute /opt/stack/data/venv/lib/python3.12/site-packages/oslo_concurrency/processutils.py:440}}
May 13 02:23:29.298885 np0000173882 devstack@neutron-api.service[103052]: DEBUG oslo_concurrency.processutils [None req-caa2a7f2-ba8c-4712-937c-53fe261a887f None None] CMD "ovsdb-client transact ssl:199.204.45.132:6641 --timeout 180 -p /opt/stack/data/CA/int-ca/private/devstack-cert.key -c /opt/stack/data/CA/int-ca/devstack-cert.crt -C /opt/stack/data/CA/int-ca/ca-chain.pem ["OVN_Northbound", {"op": "wait", "timeout": 0, "table": "Port_Group", "where": [["name", "==", "neutron_pg_drop"]], "until": "==", "rows": []}, {"op": "insert", "table": "ACL", "row": {"action": "drop", "direction": "to-lport", "match": "outport == @neutron_pg_drop && ip", "priority": 1001}, "uuid-name": "droptoport"}, {"op": "insert", "table": "ACL", "row": {"action": "drop", "direction": "from-lport", "match": "inport == @neutron_pg_drop && ip", "priority": 1001}, "uuid-name": "dropfromport"}, {"op": "insert", "table": "Port_Group", "row": {"name": "neutron_pg_drop", "acls": ["set", [["named-uuid", "droptoport"], ["named-uuid", "dropfromport"]]]}}]" returned: 0 in 0.035s {{(pid=103052) execute /opt/stack/data/venv/lib/python3.12/site-packages/oslo_concurrency/processutils.py:468}}
May 13 02:23:29.299172 np0000173882 devstack@neutron-api.service[103052]: DEBUG neutron_lib.callbacks.manager [None req-caa2a7f2-ba8c-4712-937c-53fe261a887f None None] Publish callbacks ['neutron.plugins.ml2.drivers.ovn.mech_driver.mech_driver.OVNMechanismDriver.post_fork_initialize-419557', 'neutron.services.ovn_l3.plugin.OVNL3RouterPlugin._post_fork_initialize-57367'] for process (None), after_init {{(pid=103052) _notify_loop /opt/stack/data/venv/lib/python3.12/site-packages/neutron_lib/callbacks/manager.py:184}}
May 13 02:23:29.299475 np0000173882 devstack@neutron-api.service[103052]: DEBUG oslo_concurrency.lockutils [None req-caa2a7f2-ba8c-4712-937c-53fe261a887f None None] Acquiring lock "singleton_lock" {{(pid=103052) lock /opt/stack/data/venv/lib/python3.12/site-packages/oslo_concurrency/lockutils.py:390}}
May 13 02:23:29.299554 np0000173882 devstack@neutron-api.service[103052]: DEBUG oslo_concurrency.lockutils [None req-caa2a7f2-ba8c-4712-937c-53fe261a887f None None] Acquired lock "singleton_lock" {{(pid=103052) lock /opt/stack/data/venv/lib/python3.12/site-packages/oslo_concurrency/lockutils.py:393}}
May 13 02:23:29.299755 np0000173882 devstack@neutron-api.service[103052]: DEBUG oslo_concurrency.lockutils [None req-caa2a7f2-ba8c-4712-937c-53fe261a887f None None] Releasing lock "singleton_lock" {{(pid=103052) lock /opt/stack/data/venv/lib/python3.12/site-packages/oslo_concurrency/lockutils.py:413}}
May 13 02:23:29.301309 np0000173882 devstack@neutron-api.service[103052]: DEBUG neutron.plugins.ml2.drivers.ovn.mech_driver.mech_driver [None req-caa2a7f2-ba8c-4712-937c-53fe261a887f None None] Hash Ring setup using WSGI start time 2026-05-13 02:23:22+00:00 {{(pid=103052) _init_hash_ring /opt/stack/neutron/neutron/plugins/ml2/drivers/ovn/mech_driver/mech_driver.py:402}}
May 13 02:23:29.306219 np0000173882 devstack@neutron-api.service[103052]: INFO neutron.db.ovn_hash_ring_db [None req-caa2a7f2-ba8c-4712-937c-53fe261a887f None None] Nodes from host "np0000173882" and group "mechanism_driver" removed from the Hash Ring created at 2026-05-13 02:23:22+00:00
May 13 02:23:29.308515 np0000173882 devstack@neutron-api.service[103052]: INFO neutron.db.ovn_hash_ring_db [None req-caa2a7f2-ba8c-4712-937c-53fe261a887f None None] Node f50b31f57b5a5d9aa1df64dbd054ff53 from host "np0000173882" and group "mechanism_driver" added to the Hash Ring
May 13 02:23:29.311203 np0000173882 devstack@neutron-api.service[103052]: DEBUG neutron.plugins.ml2.drivers.ovn.mech_driver.mech_driver [None req-caa2a7f2-ba8c-4712-937c-53fe261a887f None None] Hash Ring setup, this worker has detected 4 OVN hash ring registers in the database {{(pid=103052) _init_hash_ring /opt/stack/neutron/neutron/plugins/ml2/drivers/ovn/mech_driver/mech_driver.py:412}}
May 13 02:23:29.317526 np0000173882 devstack@neutron-api.service[103052]: DEBUG neutron.plugins.ml2.drivers.ovn.mech_driver.ovsdb.maintenance [None req-caa2a7f2-ba8c-4712-937c-53fe261a887f None None] Periodic task found: HashRingHealthCheckPeriodics.touch_hash_ring_node {{(pid=103052) add_periodics /opt/stack/neutron/neutron/plugins/ml2/drivers/ovn/mech_driver/ovsdb/maintenance.py:148}}
May 13 02:23:29.318698 np0000173882 devstack@neutron-api.service[103052]: INFO neutron.plugins.ml2.drivers.ovn.mech_driver.mech_driver [None req-caa2a7f2-ba8c-4712-937c-53fe261a887f None None] Hash Ring probing thread for node f50b31f57b5a5d9aa1df64dbd054ff53 has started
May 13 02:23:29.319227 np0000173882 devstack@neutron-api.service[103052]: INFO neutron.plugins.ml2.drivers.ovn.mech_driver.ovsdb.impl_idl_ovn [None req-caa2a7f2-ba8c-4712-937c-53fe261a887f None None] Getting OvsdbNbOvnIdl for WorkerService with retry
May 13 02:23:29.361814 np0000173882 devstack@neutron-api.service[103052]: DEBUG ovsdbapp.backend.ovs_idl [None req-caa2a7f2-ba8c-4712-937c-53fe261a887f None None] Created lookup_table index Logical_Switch.name {{(pid=103052) autocreate_indices /opt/stack/data/venv/lib/python3.12/site-packages/ovsdbapp/backend/ovs_idl/__init__.py:87}}
May 13 02:23:29.361913 np0000173882 devstack@neutron-api.service[103052]: DEBUG ovsdbapp.backend.ovs_idl [None req-caa2a7f2-ba8c-4712-937c-53fe261a887f None None] Created lookup_table index Logical_Router.name {{(pid=103052) autocreate_indices /opt/stack/data/venv/lib/python3.12/site-packages/ovsdbapp/backend/ovs_idl/__init__.py:87}}
May 13 02:23:29.362027 np0000173882 devstack@neutron-api.service[103052]: DEBUG ovsdbapp.backend.ovs_idl [None req-caa2a7f2-ba8c-4712-937c-53fe261a887f None None] Created lookup_table index Load_Balancer.name {{(pid=103052) autocreate_indices /opt/stack/data/venv/lib/python3.12/site-packages/ovsdbapp/backend/ovs_idl/__init__.py:87}}
May 13 02:23:29.362136 np0000173882 devstack@neutron-api.service[103052]: DEBUG ovsdbapp.backend.ovs_idl [None req-caa2a7f2-ba8c-4712-937c-53fe261a887f None None] Created schema index Copp.name {{(pid=103052) autocreate_indices /opt/stack/data/venv/lib/python3.12/site-packages/ovsdbapp/backend/ovs_idl/__init__.py:106}}
May 13 02:23:29.362242 np0000173882 devstack@neutron-api.service[103052]: DEBUG ovsdbapp.backend.ovs_idl [None req-caa2a7f2-ba8c-4712-937c-53fe261a887f None None] Created schema index Meter.name {{(pid=103052) autocreate_indices /opt/stack/data/venv/lib/python3.12/site-packages/ovsdbapp/backend/ovs_idl/__init__.py:106}}
May 13 02:23:29.362381 np0000173882 devstack@neutron-api.service[103052]: DEBUG ovsdbapp.backend.ovs_idl [None req-caa2a7f2-ba8c-4712-937c-53fe261a887f None None] Created schema index Load_Balancer_Group.name {{(pid=103052) autocreate_indices /opt/stack/data/venv/lib/python3.12/site-packages/ovsdbapp/backend/ovs_idl/__init__.py:106}}
May 13 02:23:29.362434 np0000173882 devstack@neutron-api.service[103052]: DEBUG ovsdbapp.backend.ovs_idl [None req-caa2a7f2-ba8c-4712-937c-53fe261a887f None None] Created schema index HA_Chassis_Group.name {{(pid=103052) autocreate_indices /opt/stack/data/venv/lib/python3.12/site-packages/ovsdbapp/backend/ovs_idl/__init__.py:106}}
May 13 02:23:29.362507 np0000173882 devstack@neutron-api.service[103052]: DEBUG ovsdbapp.backend.ovs_idl [None req-caa2a7f2-ba8c-4712-937c-53fe261a887f None None] Created schema index Address_Set.name {{(pid=103052) autocreate_indices /opt/stack/data/venv/lib/python3.12/site-packages/ovsdbapp/backend/ovs_idl/__init__.py:106}}
May 13 02:23:29.362692 np0000173882 devstack@neutron-api.service[103052]: DEBUG ovsdbapp.backend.ovs_idl [None req-caa2a7f2-ba8c-4712-937c-53fe261a887f None None] Created schema index Connection.target {{(pid=103052) autocreate_indices /opt/stack/data/venv/lib/python3.12/site-packages/ovsdbapp/backend/ovs_idl/__init__.py:106}}
May 13 02:23:29.362692 np0000173882 devstack@neutron-api.service[103052]: DEBUG ovsdbapp.backend.ovs_idl [None req-caa2a7f2-ba8c-4712-937c-53fe261a887f None None] Created schema index Gateway_Chassis.name {{(pid=103052) autocreate_indices /opt/stack/data/venv/lib/python3.12/site-packages/ovsdbapp/backend/ovs_idl/__init__.py:106}}
May 13 02:23:29.362815 np0000173882 devstack@neutron-api.service[103052]: DEBUG ovsdbapp.backend.ovs_idl [None req-caa2a7f2-ba8c-4712-937c-53fe261a887f None None] Created schema index Mirror.name {{(pid=103052) autocreate_indices /opt/stack/data/venv/lib/python3.12/site-packages/ovsdbapp/backend/ovs_idl/__init__.py:106}}
May 13 02:23:29.362866 np0000173882 devstack@neutron-api.service[103052]: DEBUG ovsdbapp.backend.ovs_idl [None req-caa2a7f2-ba8c-4712-937c-53fe261a887f None None] Created schema index Chassis_Template_Var.chassis {{(pid=103052) autocreate_indices /opt/stack/data/venv/lib/python3.12/site-packages/ovsdbapp/backend/ovs_idl/__init__.py:106}}
May 13 02:23:29.363003 np0000173882 devstack@neutron-api.service[103052]: DEBUG ovsdbapp.backend.ovs_idl [None req-caa2a7f2-ba8c-4712-937c-53fe261a887f None None] Created schema index Logical_Router_Port.name {{(pid=103052) autocreate_indices /opt/stack/data/venv/lib/python3.12/site-packages/ovsdbapp/backend/ovs_idl/__init__.py:106}}
May 13 02:23:29.363003 np0000173882 devstack@neutron-api.service[103052]: DEBUG ovsdbapp.backend.ovs_idl [None req-caa2a7f2-ba8c-4712-937c-53fe261a887f None None] Created schema index Port_Group.name {{(pid=103052) autocreate_indices /opt/stack/data/venv/lib/python3.12/site-packages/ovsdbapp/backend/ovs_idl/__init__.py:106}}
May 13 02:23:29.363130 np0000173882 devstack@neutron-api.service[103052]: DEBUG ovsdbapp.backend.ovs_idl [None req-caa2a7f2-ba8c-4712-937c-53fe261a887f None None] Created schema index Logical_Switch_Port.name {{(pid=103052) autocreate_indices /opt/stack/data/venv/lib/python3.12/site-packages/ovsdbapp/backend/ovs_idl/__init__.py:106}}
May 13 02:23:29.365417 np0000173882 devstack@neutron-api.service[103052]: INFO ovsdbapp.backend.ovs_idl.vlog [None req-caa2a7f2-ba8c-4712-937c-53fe261a887f None None] ssl:199.204.45.132:6641: connecting...
May 13 02:23:29.370601 np0000173882 devstack@neutron-api.service[103052]: INFO ovsdbapp.backend.ovs_idl.vlog [None req-caa2a7f2-ba8c-4712-937c-53fe261a887f None None] ssl:199.204.45.132:6641: connected
May 13 02:23:29.398056 np0000173882 devstack@neutron-api.service[103052]: DEBUG neutron.common.ovn.hash_ring_manager [None req-caa2a7f2-ba8c-4712-937c-53fe261a887f None None] Allow caching, nodes 4>=4 {{(pid=103052) _wait_startup_before_caching /opt/stack/neutron/neutron/common/ovn/hash_ring_manager.py:65}}
May 13 02:23:29.402583 np0000173882 devstack@neutron-api.service[103052]: DEBUG neutron.common.ovn.hash_ring_manager [None req-caa2a7f2-ba8c-4712-937c-53fe261a887f None None] Hash Ring loaded. 4 active nodes. 0 offline nodes {{(pid=103052) _load_hash_ring /opt/stack/neutron/neutron/common/ovn/hash_ring_manager.py:102}}
May 13 02:23:29.402793 np0000173882 devstack@neutron-api.service[103052]: DEBUG neutron.plugins.ml2.drivers.ovn.mech_driver.ovsdb.ovsdb_monitor [None req-caa2a7f2-ba8c-4712-937c-53fe261a887f None None] Hash Ring: Node f50b31f57b5a5d9aa1df64dbd054ff53 (host: np0000173882) handling event "create" for row cbe48177-6280-46ad-a59a-bd5ff358e53f (table: ACL) {{(pid=103052) notify /opt/stack/neutron/neutron/plugins/ml2/drivers/ovn/mech_driver/ovsdb/ovsdb_monitor.py:942}}
May 13 02:23:29.403884 np0000173882 devstack@neutron-api.service[103052]: INFO neutron.plugins.ml2.drivers.ovn.mech_driver.ovsdb.impl_idl_ovn [None req-caa2a7f2-ba8c-4712-937c-53fe261a887f None None] Getting OvsdbSbOvnIdl for WorkerService with retry
May 13 02:23:29.433183 np0000173882 devstack@neutron-api.service[103050]: DEBUG ovsdbapp.backend.ovs_idl [None req-64416eec-8f58-437e-ac82-5332fb941f5c None None] Created lookup_table index Logical_Switch.name {{(pid=103050) autocreate_indices /opt/stack/data/venv/lib/python3.12/site-packages/ovsdbapp/backend/ovs_idl/__init__.py:87}}
May 13 02:23:29.433362 np0000173882 devstack@neutron-api.service[103050]: DEBUG ovsdbapp.backend.ovs_idl [None req-64416eec-8f58-437e-ac82-5332fb941f5c None None] Created lookup_table index Logical_Router.name {{(pid=103050) autocreate_indices /opt/stack/data/venv/lib/python3.12/site-packages/ovsdbapp/backend/ovs_idl/__init__.py:87}}
May 13 02:23:29.433478 np0000173882 devstack@neutron-api.service[103050]: DEBUG ovsdbapp.backend.ovs_idl [None req-64416eec-8f58-437e-ac82-5332fb941f5c None None] Created lookup_table index Load_Balancer.name {{(pid=103050) autocreate_indices /opt/stack/data/venv/lib/python3.12/site-packages/ovsdbapp/backend/ovs_idl/__init__.py:87}}
May 13 02:23:29.433618 np0000173882 devstack@neutron-api.service[103050]: DEBUG ovsdbapp.backend.ovs_idl [None req-64416eec-8f58-437e-ac82-5332fb941f5c None None] Created schema index Copp.name {{(pid=103050) autocreate_indices /opt/stack/data/venv/lib/python3.12/site-packages/ovsdbapp/backend/ovs_idl/__init__.py:106}}
May 13 02:23:29.433766 np0000173882 devstack@neutron-api.service[103050]: DEBUG ovsdbapp.backend.ovs_idl [None req-64416eec-8f58-437e-ac82-5332fb941f5c None None] Created schema index Meter.name {{(pid=103050) autocreate_indices /opt/stack/data/venv/lib/python3.12/site-packages/ovsdbapp/backend/ovs_idl/__init__.py:106}}
May 13 02:23:29.433895 np0000173882 devstack@neutron-api.service[103050]: DEBUG ovsdbapp.backend.ovs_idl [None req-64416eec-8f58-437e-ac82-5332fb941f5c None None] Created schema index Load_Balancer_Group.name {{(pid=103050) autocreate_indices /opt/stack/data/venv/lib/python3.12/site-packages/ovsdbapp/backend/ovs_idl/__init__.py:106}}
May 13 02:23:29.434007 np0000173882 devstack@neutron-api.service[103050]: DEBUG ovsdbapp.backend.ovs_idl [None req-64416eec-8f58-437e-ac82-5332fb941f5c None None] Created schema index HA_Chassis_Group.name {{(pid=103050) autocreate_indices /opt/stack/data/venv/lib/python3.12/site-packages/ovsdbapp/backend/ovs_idl/__init__.py:106}}
May 13 02:23:29.434125 np0000173882 devstack@neutron-api.service[103050]: DEBUG ovsdbapp.backend.ovs_idl [None req-64416eec-8f58-437e-ac82-5332fb941f5c None None] Created schema index Address_Set.name {{(pid=103050) autocreate_indices /opt/stack/data/venv/lib/python3.12/site-packages/ovsdbapp/backend/ovs_idl/__init__.py:106}}
May 13 02:23:29.434272 np0000173882 devstack@neutron-api.service[103050]: DEBUG ovsdbapp.backend.ovs_idl [None req-64416eec-8f58-437e-ac82-5332fb941f5c None None] Created schema index Connection.target {{(pid=103050) autocreate_indices /opt/stack/data/venv/lib/python3.12/site-packages/ovsdbapp/backend/ovs_idl/__init__.py:106}}
May 13 02:23:29.434393 np0000173882 devstack@neutron-api.service[103050]: DEBUG ovsdbapp.backend.ovs_idl [None req-64416eec-8f58-437e-ac82-5332fb941f5c None None] Created schema index Gateway_Chassis.name {{(pid=103050) autocreate_indices /opt/stack/data/venv/lib/python3.12/site-packages/ovsdbapp/backend/ovs_idl/__init__.py:106}}
May 13 02:23:29.434797 np0000173882 devstack@neutron-api.service[103050]: DEBUG ovsdbapp.backend.ovs_idl [None req-64416eec-8f58-437e-ac82-5332fb941f5c None None] Created schema index Mirror.name {{(pid=103050) autocreate_indices /opt/stack/data/venv/lib/python3.12/site-packages/ovsdbapp/backend/ovs_idl/__init__.py:106}}
May 13 02:23:29.434797 np0000173882 devstack@neutron-api.service[103050]: DEBUG ovsdbapp.backend.ovs_idl [None req-64416eec-8f58-437e-ac82-5332fb941f5c None None] Created schema index Chassis_Template_Var.chassis {{(pid=103050) autocreate_indices /opt/stack/data/venv/lib/python3.12/site-packages/ovsdbapp/backend/ovs_idl/__init__.py:106}}
May 13 02:23:29.434797 np0000173882 devstack@neutron-api.service[103050]: DEBUG ovsdbapp.backend.ovs_idl [None req-64416eec-8f58-437e-ac82-5332fb941f5c None None] Created schema index Logical_Router_Port.name {{(pid=103050) autocreate_indices /opt/stack/data/venv/lib/python3.12/site-packages/ovsdbapp/backend/ovs_idl/__init__.py:106}}
May 13 02:23:29.435063 np0000173882 devstack@neutron-api.service[103050]: DEBUG ovsdbapp.backend.ovs_idl [None req-64416eec-8f58-437e-ac82-5332fb941f5c None None] Created schema index Port_Group.name {{(pid=103050) autocreate_indices /opt/stack/data/venv/lib/python3.12/site-packages/ovsdbapp/backend/ovs_idl/__init__.py:106}}
May 13 02:23:29.435063 np0000173882 devstack@neutron-api.service[103050]: DEBUG ovsdbapp.backend.ovs_idl [None req-64416eec-8f58-437e-ac82-5332fb941f5c None None] Created schema index Logical_Switch_Port.name {{(pid=103050) autocreate_indices /opt/stack/data/venv/lib/python3.12/site-packages/ovsdbapp/backend/ovs_idl/__init__.py:106}}
May 13 02:23:29.437856 np0000173882 devstack@neutron-api.service[103050]: INFO ovsdbapp.backend.ovs_idl.vlog [None req-64416eec-8f58-437e-ac82-5332fb941f5c None None] ssl:199.204.45.132:6641: connecting...
May 13 02:23:29.442339 np0000173882 devstack@neutron-api.service[103052]: DEBUG ovsdbapp.backend.ovs_idl [None req-caa2a7f2-ba8c-4712-937c-53fe261a887f None None] Created lookup_table index Chassis.name {{(pid=103052) autocreate_indices /opt/stack/data/venv/lib/python3.12/site-packages/ovsdbapp/backend/ovs_idl/__init__.py:87}}
May 13 02:23:29.442441 np0000173882 devstack@neutron-api.service[103052]: DEBUG ovsdbapp.backend.ovs_idl [None req-caa2a7f2-ba8c-4712-937c-53fe261a887f None None] Created lookup_table index Port_Binding.logical_port {{(pid=103052) autocreate_indices /opt/stack/data/venv/lib/python3.12/site-packages/ovsdbapp/backend/ovs_idl/__init__.py:87}}
May 13 02:23:29.442532 np0000173882 devstack@neutron-api.service[103052]: DEBUG ovsdbapp.backend.ovs_idl [None req-caa2a7f2-ba8c-4712-937c-53fe261a887f None None] Created schema index Chassis_Private.name {{(pid=103052) autocreate_indices /opt/stack/data/venv/lib/python3.12/site-packages/ovsdbapp/backend/ovs_idl/__init__.py:106}}
May 13 02:23:29.442630 np0000173882 devstack@neutron-api.service[103052]: DEBUG ovsdbapp.backend.ovs_idl [None req-caa2a7f2-ba8c-4712-937c-53fe261a887f None None] Created schema index Datapath_Binding.tunnel_key {{(pid=103052) autocreate_indices /opt/stack/data/venv/lib/python3.12/site-packages/ovsdbapp/backend/ovs_idl/__init__.py:106}}
May 13 02:23:29.443417 np0000173882 devstack@neutron-api.service[103050]: INFO ovsdbapp.backend.ovs_idl.vlog [None req-64416eec-8f58-437e-ac82-5332fb941f5c None None] ssl:199.204.45.132:6641: connected
May 13 02:23:29.444698 np0000173882 devstack@neutron-api.service[103052]: INFO ovsdbapp.backend.ovs_idl.vlog [None req-caa2a7f2-ba8c-4712-937c-53fe261a887f None None] ssl:199.204.45.132:6642: connecting...
May 13 02:23:29.450148 np0000173882 devstack@neutron-api.service[103052]: INFO ovsdbapp.backend.ovs_idl.vlog [None req-caa2a7f2-ba8c-4712-937c-53fe261a887f None None] ssl:199.204.45.132:6642: connected
May 13 02:23:29.475228 np0000173882 devstack@neutron-api.service[103050]: DEBUG neutron.common.ovn.hash_ring_manager [None req-64416eec-8f58-437e-ac82-5332fb941f5c None None] Allow caching, nodes 4>=4 {{(pid=103050) _wait_startup_before_caching /opt/stack/neutron/neutron/common/ovn/hash_ring_manager.py:65}}
May 13 02:23:29.476384 np0000173882 devstack@neutron-api.service[103051]: DEBUG ovsdbapp.backend.ovs_idl [None req-16de2d0b-3c84-4e54-b615-10a3af079625 None None] Created lookup_table index Logical_Switch.name {{(pid=103051) autocreate_indices /opt/stack/data/venv/lib/python3.12/site-packages/ovsdbapp/backend/ovs_idl/__init__.py:87}}
May 13 02:23:29.476484 np0000173882 devstack@neutron-api.service[103051]: DEBUG ovsdbapp.backend.ovs_idl [None req-16de2d0b-3c84-4e54-b615-10a3af079625 None None] Created lookup_table index Logical_Router.name {{(pid=103051) autocreate_indices /opt/stack/data/venv/lib/python3.12/site-packages/ovsdbapp/backend/ovs_idl/__init__.py:87}}
May 13 02:23:29.476571 np0000173882 devstack@neutron-api.service[103051]: DEBUG ovsdbapp.backend.ovs_idl [None req-16de2d0b-3c84-4e54-b615-10a3af079625 None None] Created lookup_table index Load_Balancer.name {{(pid=103051) autocreate_indices /opt/stack/data/venv/lib/python3.12/site-packages/ovsdbapp/backend/ovs_idl/__init__.py:87}}
May 13 02:23:29.476673 np0000173882 devstack@neutron-api.service[103051]: DEBUG ovsdbapp.backend.ovs_idl [None req-16de2d0b-3c84-4e54-b615-10a3af079625 None None] Created schema index Copp.name {{(pid=103051) autocreate_indices /opt/stack/data/venv/lib/python3.12/site-packages/ovsdbapp/backend/ovs_idl/__init__.py:106}}
May 13 02:23:29.476759 np0000173882 devstack@neutron-api.service[103051]: DEBUG ovsdbapp.backend.ovs_idl [None req-16de2d0b-3c84-4e54-b615-10a3af079625 None None] Created schema index Meter.name {{(pid=103051) autocreate_indices /opt/stack/data/venv/lib/python3.12/site-packages/ovsdbapp/backend/ovs_idl/__init__.py:106}}
May 13 02:23:29.476850 np0000173882 devstack@neutron-api.service[103051]: DEBUG ovsdbapp.backend.ovs_idl [None req-16de2d0b-3c84-4e54-b615-10a3af079625 None None] Created schema index Load_Balancer_Group.name {{(pid=103051) autocreate_indices /opt/stack/data/venv/lib/python3.12/site-packages/ovsdbapp/backend/ovs_idl/__init__.py:106}}
May 13 02:23:29.476950 np0000173882 devstack@neutron-api.service[103051]: DEBUG ovsdbapp.backend.ovs_idl [None req-16de2d0b-3c84-4e54-b615-10a3af079625 None None] Created schema index HA_Chassis_Group.name {{(pid=103051) autocreate_indices /opt/stack/data/venv/lib/python3.12/site-packages/ovsdbapp/backend/ovs_idl/__init__.py:106}}
May 13 02:23:29.477011 np0000173882 devstack@neutron-api.service[103051]: DEBUG ovsdbapp.backend.ovs_idl [None req-16de2d0b-3c84-4e54-b615-10a3af079625 None None] Created schema index Address_Set.name {{(pid=103051) autocreate_indices /opt/stack/data/venv/lib/python3.12/site-packages/ovsdbapp/backend/ovs_idl/__init__.py:106}}
May 13 02:23:29.477109 np0000173882 devstack@neutron-api.service[103051]: DEBUG ovsdbapp.backend.ovs_idl [None req-16de2d0b-3c84-4e54-b615-10a3af079625 None None] Created schema index Connection.target {{(pid=103051) autocreate_indices /opt/stack/data/venv/lib/python3.12/site-packages/ovsdbapp/backend/ovs_idl/__init__.py:106}}
May 13 02:23:29.477193 np0000173882 devstack@neutron-api.service[103051]: DEBUG ovsdbapp.backend.ovs_idl [None req-16de2d0b-3c84-4e54-b615-10a3af079625 None None] Created schema index Gateway_Chassis.name {{(pid=103051) autocreate_indices /opt/stack/data/venv/lib/python3.12/site-packages/ovsdbapp/backend/ovs_idl/__init__.py:106}}
May 13 02:23:29.477291 np0000173882 devstack@neutron-api.service[103051]: DEBUG ovsdbapp.backend.ovs_idl [None req-16de2d0b-3c84-4e54-b615-10a3af079625 None None] Created schema index Mirror.name {{(pid=103051) autocreate_indices /opt/stack/data/venv/lib/python3.12/site-packages/ovsdbapp/backend/ovs_idl/__init__.py:106}}
May 13 02:23:29.477379 np0000173882 devstack@neutron-api.service[103051]: DEBUG ovsdbapp.backend.ovs_idl [None req-16de2d0b-3c84-4e54-b615-10a3af079625 None None] Created schema index Chassis_Template_Var.chassis {{(pid=103051) autocreate_indices /opt/stack/data/venv/lib/python3.12/site-packages/ovsdbapp/backend/ovs_idl/__init__.py:106}}
May 13 02:23:29.477482 np0000173882 devstack@neutron-api.service[103051]: DEBUG ovsdbapp.backend.ovs_idl [None req-16de2d0b-3c84-4e54-b615-10a3af079625 None None] Created schema index Logical_Router_Port.name {{(pid=103051) autocreate_indices /opt/stack/data/venv/lib/python3.12/site-packages/ovsdbapp/backend/ovs_idl/__init__.py:106}}
May 13 02:23:29.477558 np0000173882 devstack@neutron-api.service[103051]: DEBUG ovsdbapp.backend.ovs_idl [None req-16de2d0b-3c84-4e54-b615-10a3af079625 None None] Created schema index Port_Group.name {{(pid=103051) autocreate_indices /opt/stack/data/venv/lib/python3.12/site-packages/ovsdbapp/backend/ovs_idl/__init__.py:106}}
May 13 02:23:29.477654 np0000173882 devstack@neutron-api.service[103051]: DEBUG ovsdbapp.backend.ovs_idl [None req-16de2d0b-3c84-4e54-b615-10a3af079625 None None] Created schema index Logical_Switch_Port.name {{(pid=103051) autocreate_indices /opt/stack/data/venv/lib/python3.12/site-packages/ovsdbapp/backend/ovs_idl/__init__.py:106}}
May 13 02:23:29.479840 np0000173882 devstack@neutron-api.service[103050]: DEBUG neutron.common.ovn.hash_ring_manager [None req-64416eec-8f58-437e-ac82-5332fb941f5c None None] Hash Ring loaded. 4 active nodes. 0 offline nodes {{(pid=103050) _load_hash_ring /opt/stack/neutron/neutron/common/ovn/hash_ring_manager.py:102}}
May 13 02:23:29.479955 np0000173882 devstack@neutron-api.service[103051]: INFO ovsdbapp.backend.ovs_idl.vlog [None req-16de2d0b-3c84-4e54-b615-10a3af079625 None None] ssl:199.204.45.132:6641: connecting...
May 13 02:23:29.480076 np0000173882 devstack@neutron-api.service[103050]: DEBUG neutron.plugins.ml2.drivers.ovn.mech_driver.ovsdb.ovsdb_monitor [None req-64416eec-8f58-437e-ac82-5332fb941f5c None None] Hash Ring: Node f8109848f38e5a738eb9e4705c985a3a (host: np0000173882) handling event "create" for row ca01095e-c549-46db-aae6-ef67d30b044b (table: Connection) {{(pid=103050) notify /opt/stack/neutron/neutron/plugins/ml2/drivers/ovn/mech_driver/ovsdb/ovsdb_monitor.py:942}}
May 13 02:23:29.480287 np0000173882 devstack@neutron-api.service[103050]: DEBUG neutron.plugins.ml2.drivers.ovn.mech_driver.ovsdb.ovsdb_monitor [None req-64416eec-8f58-437e-ac82-5332fb941f5c None None] Hash Ring: Node f8109848f38e5a738eb9e4705c985a3a (host: np0000173882) handling event "create" for row 688ab6f8-94a5-480f-938f-2e0e2f84869a (table: NB_Global) {{(pid=103050) notify /opt/stack/neutron/neutron/plugins/ml2/drivers/ovn/mech_driver/ovsdb/ovsdb_monitor.py:942}}
May 13 02:23:29.480503 np0000173882 devstack@neutron-api.service[103050]: DEBUG neutron.plugins.ml2.drivers.ovn.mech_driver.ovsdb.ovsdb_monitor [None req-64416eec-8f58-437e-ac82-5332fb941f5c None None] Hash Ring: Node f8109848f38e5a738eb9e4705c985a3a (host: np0000173882) handling event "create" for row 8f59f549-9f18-427f-8c0c-cdec8fe6113f (table: SSL) {{(pid=103050) notify /opt/stack/neutron/neutron/plugins/ml2/drivers/ovn/mech_driver/ovsdb/ovsdb_monitor.py:942}}
May 13 02:23:29.481328 np0000173882 devstack@neutron-api.service[103052]: DEBUG neutron.common.ovn.hash_ring_manager [None req-caa2a7f2-ba8c-4712-937c-53fe261a887f None None] Allow caching, nodes 4>=4 {{(pid=103052) _wait_startup_before_caching /opt/stack/neutron/neutron/common/ovn/hash_ring_manager.py:65}}
May 13 02:23:29.481606 np0000173882 devstack@neutron-api.service[103050]: INFO neutron.plugins.ml2.drivers.ovn.mech_driver.ovsdb.impl_idl_ovn [None req-64416eec-8f58-437e-ac82-5332fb941f5c None None] Getting OvsdbSbOvnIdl for WorkerService with retry
May 13 02:23:29.485038 np0000173882 devstack@neutron-api.service[103052]: DEBUG neutron.common.ovn.hash_ring_manager [None req-caa2a7f2-ba8c-4712-937c-53fe261a887f None None] Hash Ring loaded. 4 active nodes. 0 offline nodes {{(pid=103052) _load_hash_ring /opt/stack/neutron/neutron/common/ovn/hash_ring_manager.py:102}}
May 13 02:23:29.485237 np0000173882 devstack@neutron-api.service[103051]: INFO ovsdbapp.backend.ovs_idl.vlog [None req-16de2d0b-3c84-4e54-b615-10a3af079625 None None] ssl:199.204.45.132:6641: connected
May 13 02:23:29.485329 np0000173882 devstack@neutron-api.service[103052]: DEBUG neutron.plugins.ml2.drivers.ovn.mech_driver.ovsdb.ovsdb_monitor [None req-caa2a7f2-ba8c-4712-937c-53fe261a887f None None] ChassisAgentWriteEvent : Matched Chassis_Private, create, None None {{(pid=103052) matches /opt/stack/neutron/neutron/plugins/ml2/drivers/ovn/mech_driver/ovsdb/ovsdb_monitor.py:64}}
May 13 02:23:29.485502 np0000173882 devstack@neutron-api.service[103052]: DEBUG neutron.plugins.ml2.drivers.ovn.mech_driver.ovsdb.ovsdb_monitor [None req-caa2a7f2-ba8c-4712-937c-53fe261a887f None None] ChassisOVNAgentWriteEvent : Matched Chassis_Private, create, None None {{(pid=103052) matches /opt/stack/neutron/neutron/plugins/ml2/drivers/ovn/mech_driver/ovsdb/ovsdb_monitor.py:64}}
May 13 02:23:29.488092 np0000173882 devstack@neutron-api.service[103052]: INFO neutron.plugins.ml2.drivers.ovn.mech_driver.mech_driver [None req-caa2a7f2-ba8c-4712-937c-53fe261a887f None None] WorkerService process has finished the post initialization
May 13 02:23:29.489558 np0000173882 devstack@neutron-api.service[103052]: WSGI app 0 (mountpoint='') ready in 7 seconds on interpreter 0x74fbb5ca3668 pid: 103052 (default app)
