2026-04-14 09:04:05.774 7 INFO cinder.api.openstack.wsgi [None req-c9f9f6d7-5509-4a70-81c3-04b037f2e77f a4160838c4f74408936ce01be67d9996 c67b0d670ad74626a0b4ebeb174c2694 - - default default] GET http://cinder-api.openstack.svc.cluster.local:8776/v3/c67b0d670ad74626a0b4ebeb174c2694/os-quota-sets/504fa6e92460478385f981a8a07ebc5c?usage=true
2026-04-14 09:04:05.799 7 INFO cinder.api.openstack.wsgi [None req-c9f9f6d7-5509-4a70-81c3-04b037f2e77f a4160838c4f74408936ce01be67d9996 c67b0d670ad74626a0b4ebeb174c2694 - - default default] http://cinder-api.openstack.svc.cluster.local:8776/v3/c67b0d670ad74626a0b4ebeb174c2694/os-quota-sets/504fa6e92460478385f981a8a07ebc5c?usage=true returned with HTTP 200 [pid: 7|app: 0|req: 470/944] 10.0.0.33 () {28 vars in 735 bytes} [Tue Apr 14 09:04:05 2026] GET /v3/c67b0d670ad74626a0b4ebeb174c2694/os-quota-sets/504fa6e92460478385f981a8a07ebc5c?usage=true => generated 847 bytes in 35 msecs (HTTP/1.1 200) 7 headers in 285 bytes (1 switches on core 0)
2026-04-14 09:04:05.812 8 INFO cinder.api.openstack.wsgi [None req-e0766d41-0da7-446b-95af-64d16273c2bc a4160838c4f74408936ce01be67d9996 c67b0d670ad74626a0b4ebeb174c2694 - - default default] GET http://cinder-api.openstack.svc.cluster.local:8776/v3/c67b0d670ad74626a0b4ebeb174c2694/os-quota-sets/5c9462d6f3fe497180e28b04c0253d8e?usage=true
2026-04-14 09:04:05.838 8 INFO cinder.api.openstack.wsgi [None req-e0766d41-0da7-446b-95af-64d16273c2bc a4160838c4f74408936ce01be67d9996 c67b0d670ad74626a0b4ebeb174c2694 - - default default] http://cinder-api.openstack.svc.cluster.local:8776/v3/c67b0d670ad74626a0b4ebeb174c2694/os-quota-sets/5c9462d6f3fe497180e28b04c0253d8e?usage=true returned with HTTP 200 [pid: 8|app: 0|req: 475/945] 10.0.0.33 () {28 vars in 735 bytes} [Tue Apr 14 09:04:05 2026] GET /v3/c67b0d670ad74626a0b4ebeb174c2694/os-quota-sets/5c9462d6f3fe497180e28b04c0253d8e?usage=true => generated 847 bytes in 35 msecs (HTTP/1.1 200) 7 headers in 285 bytes (1 switches on core 0)
2026-04-14 09:04:05.854 7 INFO cinder.api.openstack.wsgi [None req-a539a8b0-ad3c-4026-8f39-9498c84a41c0 a4160838c4f74408936ce01be67d9996 c67b0d670ad74626a0b4ebeb174c2694 - - default default] GET http://cinder-api.openstack.svc.cluster.local:8776/v3/c67b0d670ad74626a0b4ebeb174c2694/os-quota-sets/6b316a87aef04359a9b7a81bf5742144?usage=true
2026-04-14 09:04:05.878 7 INFO cinder.api.openstack.wsgi [None req-a539a8b0-ad3c-4026-8f39-9498c84a41c0 a4160838c4f74408936ce01be67d9996 c67b0d670ad74626a0b4ebeb174c2694 - - default default] http://cinder-api.openstack.svc.cluster.local:8776/v3/c67b0d670ad74626a0b4ebeb174c2694/os-quota-sets/6b316a87aef04359a9b7a81bf5742144?usage=true returned with HTTP 200 [pid: 7|app: 0|req: 471/946] 10.0.0.33 () {28 vars in 735 bytes} [Tue Apr 14 09:04:05 2026] GET /v3/c67b0d670ad74626a0b4ebeb174c2694/os-quota-sets/6b316a87aef04359a9b7a81bf5742144?usage=true => generated 847 bytes in 35 msecs (HTTP/1.1 200) 7 headers in 285 bytes (1 switches on core 0)
2026-04-14 09:04:05.894 8 INFO cinder.api.openstack.wsgi [None req-1391703f-4be5-4a4f-958f-3de0078317d8 a4160838c4f74408936ce01be67d9996 c67b0d670ad74626a0b4ebeb174c2694 - - default default] GET http://cinder-api.openstack.svc.cluster.local:8776/v3/c67b0d670ad74626a0b4ebeb174c2694/os-quota-sets/894fda34e08a4ccb9ee60b28fed9add5?usage=true
2026-04-14 09:04:05.919 8 INFO cinder.api.openstack.wsgi [None req-1391703f-4be5-4a4f-958f-3de0078317d8 a4160838c4f74408936ce01be67d9996 c67b0d670ad74626a0b4ebeb174c2694 - - default default] http://cinder-api.openstack.svc.cluster.local:8776/v3/c67b0d670ad74626a0b4ebeb174c2694/os-quota-sets/894fda34e08a4ccb9ee60b28fed9add5?usage=true returned with HTTP 200 [pid: 8|app: 0|req: 476/947] 10.0.0.33 () {28 vars in 735 bytes} [Tue Apr 14 09:04:05 2026] GET /v3/c67b0d670ad74626a0b4ebeb174c2694/os-quota-sets/894fda34e08a4ccb9ee60b28fed9add5?usage=true => generated 845 bytes in 36 msecs (HTTP/1.1 200) 7 headers in 285 bytes (1 switches on core 0)
2026-04-14 09:04:05.933 7 INFO cinder.api.openstack.wsgi [None req-e622fd00-4e45-4b35-8627-eff1331fe50b a4160838c4f74408936ce01be67d9996 c67b0d670ad74626a0b4ebeb174c2694 - - default default] GET http://cinder-api.openstack.svc.cluster.local:8776/v3/c67b0d670ad74626a0b4ebeb174c2694/os-quota-sets/9771018bcc5f470ab43aff8888214a46?usage=true
2026-04-14 09:04:05.957 7 INFO cinder.api.openstack.wsgi [None req-e622fd00-4e45-4b35-8627-eff1331fe50b a4160838c4f74408936ce01be67d9996 c67b0d670ad74626a0b4ebeb174c2694 - - default default] http://cinder-api.openstack.svc.cluster.local:8776/v3/c67b0d670ad74626a0b4ebeb174c2694/os-quota-sets/9771018bcc5f470ab43aff8888214a46?usage=true returned with HTTP 200 [pid: 7|app: 0|req: 472/948] 10.0.0.33 () {28 vars in 735 bytes} [Tue Apr 14 09:04:05 2026] GET /v3/c67b0d670ad74626a0b4ebeb174c2694/os-quota-sets/9771018bcc5f470ab43aff8888214a46?usage=true => generated 847 bytes in 33 msecs (HTTP/1.1 200) 7 headers in 285 bytes (1 switches on core 0)
2026-04-14 09:04:05.971 8 INFO cinder.api.openstack.wsgi [None req-108dfb76-2c07-4bcc-b52a-edf723a118a8 a4160838c4f74408936ce01be67d9996 c67b0d670ad74626a0b4ebeb174c2694 - - default default] GET http://cinder-api.openstack.svc.cluster.local:8776/v3/c67b0d670ad74626a0b4ebeb174c2694/os-quota-sets/a4316974fb83429ba4ea53341ea15d52?usage=true
2026-04-14 09:04:05.996 8 INFO cinder.api.openstack.wsgi [None req-108dfb76-2c07-4bcc-b52a-edf723a118a8 a4160838c4f74408936ce01be67d9996 c67b0d670ad74626a0b4ebeb174c2694 - - default default] http://cinder-api.openstack.svc.cluster.local:8776/v3/c67b0d670ad74626a0b4ebeb174c2694/os-quota-sets/a4316974fb83429ba4ea53341ea15d52?usage=true returned with HTTP 200 [pid: 8|app: 0|req: 477/949] 10.0.0.33 () {28 vars in 735 bytes} [Tue Apr 14 09:04:05 2026] GET /v3/c67b0d670ad74626a0b4ebeb174c2694/os-quota-sets/a4316974fb83429ba4ea53341ea15d52?usage=true => generated 847 bytes in 34 msecs (HTTP/1.1 200) 7 headers in 285 bytes (1 switches on core 0)
2026-04-14 09:04:06.009 7 INFO cinder.api.openstack.wsgi [None req-ebb7ecc0-b14f-47aa-9554-734938c38911 a4160838c4f74408936ce01be67d9996 c67b0d670ad74626a0b4ebeb174c2694 - - default default] GET http://cinder-api.openstack.svc.cluster.local:8776/v3/c67b0d670ad74626a0b4ebeb174c2694/os-quota-sets/c67b0d670ad74626a0b4ebeb174c2694?usage=true
2026-04-14 09:04:06.034 7 INFO cinder.api.openstack.wsgi [None req-ebb7ecc0-b14f-47aa-9554-734938c38911 a4160838c4f74408936ce01be67d9996 c67b0d670ad74626a0b4ebeb174c2694 - - default default] http://cinder-api.openstack.svc.cluster.local:8776/v3/c67b0d670ad74626a0b4ebeb174c2694/os-quota-sets/c67b0d670ad74626a0b4ebeb174c2694?usage=true returned with HTTP 200 [pid: 7|app: 0|req: 473/950] 10.0.0.33 () {28 vars in 735 bytes} [Tue Apr 14 09:04:06 2026] GET /v3/c67b0d670ad74626a0b4ebeb174c2694/os-quota-sets/c67b0d670ad74626a0b4ebeb174c2694?usage=true => generated 847 bytes in 34 msecs (HTTP/1.1 200) 7 headers in 285 bytes (1 switches on core 0)
2026-04-14 09:04:06.048 8 INFO cinder.api.openstack.wsgi [None req-5b11416c-a8b2-488b-a720-fc7b4ee5d843 a4160838c4f74408936ce01be67d9996 c67b0d670ad74626a0b4ebeb174c2694 - - default default] GET http://cinder-api.openstack.svc.cluster.local:8776/v3/c67b0d670ad74626a0b4ebeb174c2694/os-quota-sets/d7e87968da424129885883b5eabecff3?usage=true
2026-04-14 09:04:06.074 8 INFO cinder.api.openstack.wsgi [None req-5b11416c-a8b2-488b-a720-fc7b4ee5d843 a4160838c4f74408936ce01be67d9996 c67b0d670ad74626a0b4ebeb174c2694 - - default default] http://cinder-api.openstack.svc.cluster.local:8776/v3/c67b0d670ad74626a0b4ebeb174c2694/os-quota-sets/d7e87968da424129885883b5eabecff3?usage=true returned with HTTP 200 [pid: 8|app: 0|req: 478/951] 10.0.0.33 () {28 vars in 735 bytes} [Tue Apr 14 09:04:06 2026] GET /v3/c67b0d670ad74626a0b4ebeb174c2694/os-quota-sets/d7e87968da424129885883b5eabecff3?usage=true => generated 847 bytes in 35 msecs (HTTP/1.1 200) 7 headers in 285 bytes (1 switches on core 0)
2026-04-14 09:04:06.086 7 INFO cinder.api.openstack.wsgi [None req-84cfcdc3-be38-4efc-92e6-3034ec8ce980 a4160838c4f74408936ce01be67d9996 c67b0d670ad74626a0b4ebeb174c2694 - - default default] GET http://cinder-api.openstack.svc.cluster.local:8776/v3/c67b0d670ad74626a0b4ebeb174c2694/os-quota-sets/f3a68ee1e31d46009034e19f147bd121?usage=true
2026-04-14 09:04:06.109 7 INFO cinder.api.openstack.wsgi [None req-84cfcdc3-be38-4efc-92e6-3034ec8ce980 a4160838c4f74408936ce01be67d9996 c67b0d670ad74626a0b4ebeb174c2694 - - default default] http://cinder-api.openstack.svc.cluster.local:8776/v3/c67b0d670ad74626a0b4ebeb174c2694/os-quota-sets/f3a68ee1e31d46009034e19f147bd121?usage=true returned with HTTP 200 [pid: 7|app: 0|req: 474/952] 10.0.0.33 () {28 vars in 735 bytes} [Tue Apr 14 09:04:06 2026] GET /v3/c67b0d670ad74626a0b4ebeb174c2694/os-quota-sets/f3a68ee1e31d46009034e19f147bd121?usage=true => generated 847 bytes in 31 msecs (HTTP/1.1 200) 7 headers in 285 bytes (1 switches on core 0)
2026-04-14 09:04:06.123 8 INFO cinder.api.openstack.wsgi [None req-483fcd6d-04f1-4dea-8b97-29a502b232e7 a4160838c4f74408936ce01be67d9996 c67b0d670ad74626a0b4ebeb174c2694 - - default default] GET http://cinder-api.openstack.svc.cluster.local:8776/v3/c67b0d670ad74626a0b4ebeb174c2694/snapshots?all_tenants=true
2026-04-14 09:04:06.130 8 INFO cinder.volume.api [None req-483fcd6d-04f1-4dea-8b97-29a502b232e7 a4160838c4f74408936ce01be67d9996 c67b0d670ad74626a0b4ebeb174c2694 - - default default] Get all snapshots completed successfully.
2026-04-14 09:04:06.131 8 INFO cinder.api.openstack.wsgi [None req-483fcd6d-04f1-4dea-8b97-29a502b232e7 a4160838c4f74408936ce01be67d9996 c67b0d670ad74626a0b4ebeb174c2694 - - default default] http://cinder-api.openstack.svc.cluster.local:8776/v3/c67b0d670ad74626a0b4ebeb174c2694/snapshots?all_tenants=true returned with HTTP 200 [pid: 8|app: 0|req: 479/953] 10.0.0.33 () {28 vars in 673 bytes} [Tue Apr 14 09:04:06 2026] GET /v3/c67b0d670ad74626a0b4ebeb174c2694/snapshots?all_tenants=true => generated 17 bytes in 18 msecs (HTTP/1.1 200) 7 headers in 284 bytes (1 switches on core 0)
2026-04-14 09:04:06.145 7 INFO cinder.api.openstack.wsgi [None req-bd752a2e-6fc7-4e0b-8d6f-0e9ce990f068 a4160838c4f74408936ce01be67d9996 c67b0d670ad74626a0b4ebeb174c2694 - - default default] GET http://cinder-api.openstack.svc.cluster.local:8776/v3/c67b0d670ad74626a0b4ebeb174c2694/os-services
2026-04-14 09:04:06.153 7 INFO cinder.api.openstack.wsgi [None req-bd752a2e-6fc7-4e0b-8d6f-0e9ce990f068 a4160838c4f74408936ce01be67d9996 c67b0d670ad74626a0b4ebeb174c2694 - - default default] http://cinder-api.openstack.svc.cluster.local:8776/v3/c67b0d670ad74626a0b4ebeb174c2694/os-services returned with HTTP 200 [pid: 7|app: 0|req: 475/954] 10.0.0.33 () {28 vars in 644 bytes} [Tue Apr 14 09:04:06 2026] GET /v3/c67b0d670ad74626a0b4ebeb174c2694/os-services => generated 646 bytes in 19 msecs (HTTP/1.1 200) 7 headers in 285 bytes (1 switches on core 0)
2026-04-14 09:04:06.166 8 INFO cinder.api.openstack.wsgi [None req-a046d776-27b6-4511-a793-f2db9f03da2b a4160838c4f74408936ce01be67d9996 c67b0d670ad74626a0b4ebeb174c2694 - - default default] GET http://cinder-api.openstack.svc.cluster.local:8776/v3/c67b0d670ad74626a0b4ebeb174c2694/scheduler-stats/get_pools?detail=true
2026-04-14 09:04:06.182 8 INFO cinder.api.openstack.wsgi [None req-a046d776-27b6-4511-a793-f2db9f03da2b a4160838c4f74408936ce01be67d9996 c67b0d670ad74626a0b4ebeb174c2694 - - default default] http://cinder-api.openstack.svc.cluster.local:8776/v3/c67b0d670ad74626a0b4ebeb174c2694/scheduler-stats/get_pools?detail=true returned with HTTP 200 [pid: 8|app: 0|req: 480/955] 10.0.0.33 () {28 vars in 695 bytes} [Tue Apr 14 09:04:06 2026] GET /v3/c67b0d670ad74626a0b4ebeb174c2694/scheduler-stats/get_pools?detail=true => generated 671 bytes in 25 msecs (HTTP/1.1 200) 7 headers in 285 bytes (1 switches on core 0)
2026-04-14 09:04:06.195 7 INFO cinder.api.openstack.wsgi [None req-b9cbf6cf-2202-434b-bccd-59435f117f16 a4160838c4f74408936ce01be67d9996 c67b0d670ad74626a0b4ebeb174c2694 - - default default] GET http://cinder-api.openstack.svc.cluster.local:8776/v3/c67b0d670ad74626a0b4ebeb174c2694/volumes/detail?all_tenants=true
2026-04-14 09:04:06.210 7 INFO cinder.volume.api [None req-b9cbf6cf-2202-434b-bccd-59435f117f16 a4160838c4f74408936ce01be67d9996 c67b0d670ad74626a0b4ebeb174c2694 - - default default] Get all volumes completed successfully. /var/lib/openstack/lib/python3.10/site-packages/oslo_context/context.py:100: DeprecationWarning: Policy enforcement is depending on the value of is_admin. This key is deprecated. Please update your policy file to use the standard policy values. warnings.warn('Policy enforcement is depending on the value of '
2026-04-14 09:04:06.217 7 INFO cinder.api.openstack.wsgi [None req-b9cbf6cf-2202-434b-bccd-59435f117f16 a4160838c4f74408936ce01be67d9996 c67b0d670ad74626a0b4ebeb174c2694 - - default default] http://cinder-api.openstack.svc.cluster.local:8776/v3/c67b0d670ad74626a0b4ebeb174c2694/volumes/detail?all_tenants=true returned with HTTP 200 [pid: 7|app: 0|req: 476/956] 10.0.0.33 () {28 vars in 683 bytes} [Tue Apr 14 09:04:06 2026] GET /v3/c67b0d670ad74626a0b4ebeb174c2694/volumes/detail?all_tenants=true => generated 1790 bytes in 31 msecs (HTTP/1.1 200) 7 headers in 286 bytes (1 switches on core 0)
2026-04-14 09:04:10.024 8 INFO cinder.api.openstack.wsgi [None req-a046d776-27b6-4511-a793-f2db9f03da2b a4160838c4f74408936ce01be67d9996 c67b0d670ad74626a0b4ebeb174c2694 - - default default] GET http://10.0.0.145:8776/
2026-04-14 09:04:10.024 7 INFO cinder.api.openstack.wsgi [None req-b9cbf6cf-2202-434b-bccd-59435f117f16 a4160838c4f74408936ce01be67d9996 c67b0d670ad74626a0b4ebeb174c2694 - - default default] GET http://10.0.0.145:8776/
2026-04-14 09:04:10.025 7 INFO cinder.api.openstack.wsgi [None req-b9cbf6cf-2202-434b-bccd-59435f117f16 a4160838c4f74408936ce01be67d9996 c67b0d670ad74626a0b4ebeb174c2694 - - default default] http://10.0.0.145:8776/ returned with HTTP 300
2026-04-14 09:04:10.026 8 INFO cinder.api.openstack.wsgi [None req-a046d776-27b6-4511-a793-f2db9f03da2b a4160838c4f74408936ce01be67d9996 c67b0d670ad74626a0b4ebeb174c2694 - - default default] http://10.0.0.145:8776/ returned with HTTP 300
2026-04-14 09:04:20.023 7 INFO cinder.api.openstack.wsgi [None req-b9cbf6cf-2202-434b-bccd-59435f117f16 a4160838c4f74408936ce01be67d9996 c67b0d670ad74626a0b4ebeb174c2694 - - default default] GET http://10.0.0.145:8776/
2026-04-14 09:04:20.024 8 INFO cinder.api.openstack.wsgi [None req-a046d776-27b6-4511-a793-f2db9f03da2b a4160838c4f74408936ce01be67d9996 c67b0d670ad74626a0b4ebeb174c2694 - - default default] GET http://10.0.0.145:8776/
2026-04-14 09:04:20.025 7 INFO cinder.api.openstack.wsgi [None req-b9cbf6cf-2202-434b-bccd-59435f117f16 a4160838c4f74408936ce01be67d9996 c67b0d670ad74626a0b4ebeb174c2694 - - default default] http://10.0.0.145:8776/ returned with HTTP 300
2026-04-14 09:04:20.025 8 INFO cinder.api.openstack.wsgi [None req-a046d776-27b6-4511-a793-f2db9f03da2b a4160838c4f74408936ce01be67d9996 c67b0d670ad74626a0b4ebeb174c2694 - - default default] http://10.0.0.145:8776/ returned with HTTP 300
2026-04-14 09:04:30.023 7 INFO cinder.api.openstack.wsgi [None req-b9cbf6cf-2202-434b-bccd-59435f117f16 a4160838c4f74408936ce01be67d9996 c67b0d670ad74626a0b4ebeb174c2694 - - default default] GET http://10.0.0.145:8776/
2026-04-14 09:04:30.023 8 INFO cinder.api.openstack.wsgi [None req-a046d776-27b6-4511-a793-f2db9f03da2b a4160838c4f74408936ce01be67d9996 c67b0d670ad74626a0b4ebeb174c2694 - - default default] GET http://10.0.0.145:8776/
2026-04-14 09:04:30.023 7 INFO cinder.api.openstack.wsgi [None req-b9cbf6cf-2202-434b-bccd-59435f117f16 a4160838c4f74408936ce01be67d9996 c67b0d670ad74626a0b4ebeb174c2694 - - default default] http://10.0.0.145:8776/ returned with HTTP 300
2026-04-14 09:04:30.024 8 INFO cinder.api.openstack.wsgi [None req-a046d776-27b6-4511-a793-f2db9f03da2b a4160838c4f74408936ce01be67d9996 c67b0d670ad74626a0b4ebeb174c2694 - - default default] http://10.0.0.145:8776/ returned with HTTP 300
2026-04-14 09:04:40.023 8 INFO cinder.api.openstack.wsgi [None req-a046d776-27b6-4511-a793-f2db9f03da2b a4160838c4f74408936ce01be67d9996 c67b0d670ad74626a0b4ebeb174c2694 - - default default] GET http://10.0.0.145:8776/
2026-04-14 09:04:40.023 7 INFO cinder.api.openstack.wsgi [None req-b9cbf6cf-2202-434b-bccd-59435f117f16 a4160838c4f74408936ce01be67d9996 c67b0d670ad74626a0b4ebeb174c2694 - - default default] GET http://10.0.0.145:8776/
2026-04-14 09:04:40.023 8 INFO cinder.api.openstack.wsgi [None req-a046d776-27b6-4511-a793-f2db9f03da2b a4160838c4f74408936ce01be67d9996 c67b0d670ad74626a0b4ebeb174c2694 - - default default] http://10.0.0.145:8776/ returned with HTTP 300
2026-04-14 09:04:40.024 7 INFO cinder.api.openstack.wsgi [None req-b9cbf6cf-2202-434b-bccd-59435f117f16 a4160838c4f74408936ce01be67d9996 c67b0d670ad74626a0b4ebeb174c2694 - - default default] http://10.0.0.145:8776/ returned with HTTP 300
2026-04-14 09:04:50.023 7 INFO cinder.api.openstack.wsgi [None req-b9cbf6cf-2202-434b-bccd-59435f117f16 a4160838c4f74408936ce01be67d9996 c67b0d670ad74626a0b4ebeb174c2694 - - default default] GET http://10.0.0.145:8776/
2026-04-14 09:04:50.024 8 INFO cinder.api.openstack.wsgi [None req-a046d776-27b6-4511-a793-f2db9f03da2b a4160838c4f74408936ce01be67d9996 c67b0d670ad74626a0b4ebeb174c2694 - - default default] GET http://10.0.0.145:8776/
2026-04-14 09:04:50.024 7 INFO cinder.api.openstack.wsgi [None req-b9cbf6cf-2202-434b-bccd-59435f117f16 a4160838c4f74408936ce01be67d9996 c67b0d670ad74626a0b4ebeb174c2694 - - default default] http://10.0.0.145:8776/ returned with HTTP 300
2026-04-14 09:04:50.025 8 INFO cinder.api.openstack.wsgi [None req-a046d776-27b6-4511-a793-f2db9f03da2b a4160838c4f74408936ce01be67d9996 c67b0d670ad74626a0b4ebeb174c2694 - - default default] http://10.0.0.145:8776/ returned with HTTP 300 /var/lib/openstack/lib/python3.10/site-packages/pycadf/identifier.py:71: UserWarning: Invalid uuid: cinderv3. To ensure interoperability, identifiers should be a valid uuid. warnings.warn(('Invalid uuid: %s. To ensure interoperability, '
2026-04-14 09:04:52.274 7 INFO cinder.api.openstack.wsgi [req-f54e9f83-9078-4cf2-bd2d-3dfa5cf8121e req-705e03e4-1168-49eb-ba4a-801e4dc5729e a4160838c4f74408936ce01be67d9996 c67b0d670ad74626a0b4ebeb174c2694 - - default default] DELETE http://cinder-api.openstack.svc.cluster.local:8776/v3/c67b0d670ad74626a0b4ebeb174c2694/attachments/8909a107-f26e-4b40-8611-4210abdb5592 /var/lib/openstack/lib/python3.10/site-packages/oslo_context/context.py:100: DeprecationWarning: Policy enforcement is depending on the value of is_admin. This key is deprecated. Please update your policy file to use the standard policy values. warnings.warn('Policy enforcement is depending on the value of '
2026-04-14 09:04:52.352 7 INFO cinder.api.openstack.wsgi [req-f54e9f83-9078-4cf2-bd2d-3dfa5cf8121e req-705e03e4-1168-49eb-ba4a-801e4dc5729e a4160838c4f74408936ce01be67d9996 c67b0d670ad74626a0b4ebeb174c2694 - - default default] http://cinder-api.openstack.svc.cluster.local:8776/v3/c67b0d670ad74626a0b4ebeb174c2694/attachments/8909a107-f26e-4b40-8611-4210abdb5592 returned with HTTP 200 [pid: 7|app: 0|req: 482/967] 162.253.55.62 () {38 vars in 1102 bytes} [Tue Apr 14 09:04:52 2026] DELETE /v3/c67b0d670ad74626a0b4ebeb174c2694/attachments/8909a107-f26e-4b40-8611-4210abdb5592 => generated 19 bytes in 89 msecs (HTTP/1.1 200) 7 headers in 285 bytes (1 switches on core 0)
2026-04-14 09:04:52.371 8 INFO cinder.api.openstack.wsgi [req-f54e9f83-9078-4cf2-bd2d-3dfa5cf8121e req-f43f0e51-ab34-4b33-98ec-4b75bd4c235b a4160838c4f74408936ce01be67d9996 c67b0d670ad74626a0b4ebeb174c2694 - - default default] DELETE http://cinder-api.openstack.svc.cluster.local:8776/v3/c67b0d670ad74626a0b4ebeb174c2694/volumes/82eb1543-de99-4902-b756-a1609b8f98ee
2026-04-14 09:04:52.372 8 INFO cinder.api.v3.volumes [req-f54e9f83-9078-4cf2-bd2d-3dfa5cf8121e req-f43f0e51-ab34-4b33-98ec-4b75bd4c235b a4160838c4f74408936ce01be67d9996 c67b0d670ad74626a0b4ebeb174c2694 - - default default] Delete volume with id: 82eb1543-de99-4902-b756-a1609b8f98ee  /var/lib/openstack/lib/python3.10/site-packages/oslo_context/context.py:100: DeprecationWarning: Policy enforcement is depending on the value of is_admin. This key is deprecated. Please update your policy file to use the standard policy values. warnings.warn('Policy enforcement is depending on the value of '
2026-04-14 09:04:52.384 8 INFO cinder.volume.api [req-f54e9f83-9078-4cf2-bd2d-3dfa5cf8121e req-f43f0e51-ab34-4b33-98ec-4b75bd4c235b a4160838c4f74408936ce01be67d9996 c67b0d670ad74626a0b4ebeb174c2694 - - default default] Volume info retrieved successfully.
2026-04-14 09:04:52.410 8 INFO cinder.volume.api [req-f54e9f83-9078-4cf2-bd2d-3dfa5cf8121e req-f43f0e51-ab34-4b33-98ec-4b75bd4c235b a4160838c4f74408936ce01be67d9996 c67b0d670ad74626a0b4ebeb174c2694 - - default default] Delete volume request issued successfully.
2026-04-14 09:04:52.410 8 INFO cinder.api.openstack.wsgi [req-f54e9f83-9078-4cf2-bd2d-3dfa5cf8121e req-f43f0e51-ab34-4b33-98ec-4b75bd4c235b a4160838c4f74408936ce01be67d9996 c67b0d670ad74626a0b4ebeb174c2694 - - default default] http://cinder-api.openstack.svc.cluster.local:8776/v3/c67b0d670ad74626a0b4ebeb174c2694/volumes/82eb1543-de99-4902-b756-a1609b8f98ee returned with HTTP 202 [pid: 8|app: 0|req: 486/968] 162.253.55.62 () {36 vars in 1053 bytes} [Tue Apr 14 09:04:52 2026] DELETE /v3/c67b0d670ad74626a0b4ebeb174c2694/volumes/82eb1543-de99-4902-b756-a1609b8f98ee => generated 0 bytes in 47 msecs (HTTP/1.1 202) 6 headers in 233 bytes (1 switches on core 0)
2026-04-14 09:05:00.023 7 INFO cinder.api.openstack.wsgi [req-f54e9f83-9078-4cf2-bd2d-3dfa5cf8121e req-705e03e4-1168-49eb-ba4a-801e4dc5729e a4160838c4f74408936ce01be67d9996 c67b0d670ad74626a0b4ebeb174c2694 - - default default] GET http://10.0.0.145:8776/
2026-04-14 09:05:00.024 8 INFO cinder.api.openstack.wsgi [req-f54e9f83-9078-4cf2-bd2d-3dfa5cf8121e req-f43f0e51-ab34-4b33-98ec-4b75bd4c235b a4160838c4f74408936ce01be67d9996 c67b0d670ad74626a0b4ebeb174c2694 - - default default] GET http://10.0.0.145:8776/
2026-04-14 09:05:00.025 7 INFO cinder.api.openstack.wsgi [req-f54e9f83-9078-4cf2-bd2d-3dfa5cf8121e req-705e03e4-1168-49eb-ba4a-801e4dc5729e a4160838c4f74408936ce01be67d9996 c67b0d670ad74626a0b4ebeb174c2694 - - default default] http://10.0.0.145:8776/ returned with HTTP 300
2026-04-14 09:05:00.026 8 INFO cinder.api.openstack.wsgi [req-f54e9f83-9078-4cf2-bd2d-3dfa5cf8121e req-f43f0e51-ab34-4b33-98ec-4b75bd4c235b a4160838c4f74408936ce01be67d9996 c67b0d670ad74626a0b4ebeb174c2694 - - default default] http://10.0.0.145:8776/ returned with HTTP 300 /var/lib/openstack/lib/python3.10/site-packages/pycadf/identifier.py:71: UserWarning: Invalid uuid: cinderv3. To ensure interoperability, identifiers should be a valid uuid. warnings.warn(('Invalid uuid: %s. To ensure interoperability, '
2026-04-14 09:05:05.542 7 INFO cinder.api.openstack.wsgi [None req-9e3f61df-3954-41f0-b572-36c8918542b7 a4160838c4f74408936ce01be67d9996 c67b0d670ad74626a0b4ebeb174c2694 - - default default] GET http://cinder-api.openstack.svc.cluster.local:8776/v3/c67b0d670ad74626a0b4ebeb174c2694/os-services /var/lib/openstack/lib/python3.10/site-packages/oslo_context/context.py:100: DeprecationWarning: Policy enforcement is depending on the value of is_admin. This key is deprecated. Please update your policy file to use the standard policy values. warnings.warn('Policy enforcement is depending on the value of '
2026-04-14 09:05:05.548 7 INFO cinder.api.openstack.wsgi [None req-9e3f61df-3954-41f0-b572-36c8918542b7 a4160838c4f74408936ce01be67d9996 c67b0d670ad74626a0b4ebeb174c2694 - - default default] http://cinder-api.openstack.svc.cluster.local:8776/v3/c67b0d670ad74626a0b4ebeb174c2694/os-services returned with HTTP 200 [pid: 7|app: 0|req: 484/971] 10.0.0.33 () {28 vars in 644 bytes} [Tue Apr 14 09:05:05 2026] GET /v3/c67b0d670ad74626a0b4ebeb174c2694/os-services => generated 646 bytes in 61 msecs (HTTP/1.1 200) 7 headers in 285 bytes (1 switches on core 0) /var/lib/openstack/lib/python3.10/site-packages/pycadf/identifier.py:71: UserWarning: Invalid uuid: cinderv3. To ensure interoperability, identifiers should be a valid uuid. warnings.warn(('Invalid uuid: %s. To ensure interoperability, '
2026-04-14 09:05:05.565 8 INFO cinder.api.openstack.wsgi [None req-49ce5cf7-13a6-4ce2-adba-c9619ad3fcf6 a4160838c4f74408936ce01be67d9996 c67b0d670ad74626a0b4ebeb174c2694 - - default default] GET http://cinder-api.openstack.svc.cluster.local:8776/v3/c67b0d670ad74626a0b4ebeb174c2694/scheduler-stats/get_pools?detail=true
2026-04-14 09:05:05.585 8 INFO cinder.api.openstack.wsgi [None req-49ce5cf7-13a6-4ce2-adba-c9619ad3fcf6 a4160838c4f74408936ce01be67d9996 c67b0d670ad74626a0b4ebeb174c2694 - - default default] http://cinder-api.openstack.svc.cluster.local:8776/v3/c67b0d670ad74626a0b4ebeb174c2694/scheduler-stats/get_pools?detail=true returned with HTTP 200 [pid: 8|app: 0|req: 488/972] 10.0.0.33 () {28 vars in 695 bytes} [Tue Apr 14 09:05:05 2026] GET /v3/c67b0d670ad74626a0b4ebeb174c2694/scheduler-stats/get_pools?detail=true => generated 670 bytes in 35 msecs (HTTP/1.1 200) 7 headers in 285 bytes (1 switches on core 0)
2026-04-14 09:05:05.596 7 INFO cinder.api.openstack.wsgi [None req-068358c0-4802-4090-ac09-ea185d18a85c a4160838c4f74408936ce01be67d9996 c67b0d670ad74626a0b4ebeb174c2694 - - default default] GET http://cinder-api.openstack.svc.cluster.local:8776/v3/c67b0d670ad74626a0b4ebeb174c2694/volumes/detail?all_tenants=true
2026-04-14 09:05:05.612 7 INFO cinder.volume.api [None req-068358c0-4802-4090-ac09-ea185d18a85c a4160838c4f74408936ce01be67d9996 c67b0d670ad74626a0b4ebeb174c2694 - - default default] Get all volumes completed successfully.
2026-04-14 09:05:05.614 7 INFO cinder.api.openstack.wsgi [None req-068358c0-4802-4090-ac09-ea185d18a85c a4160838c4f74408936ce01be67d9996 c67b0d670ad74626a0b4ebeb174c2694 - - default default] http://cinder-api.openstack.svc.cluster.local:8776/v3/c67b0d670ad74626a0b4ebeb174c2694/volumes/detail?all_tenants=true returned with HTTP 200 [pid: 7|app: 0|req: 485/973] 10.0.0.33 () {28 vars in 683 bytes} [Tue Apr 14 09:05:05 2026] GET /v3/c67b0d670ad74626a0b4ebeb174c2694/volumes/detail?all_tenants=true => generated 15 bytes in 25 msecs (HTTP/1.1 200) 7 headers in 284 bytes (1 switches on core 0)
2026-04-14 09:05:05.627 8 INFO cinder.api.openstack.wsgi [None req-3d54825a-3fe4-47f0-8408-b6861fa291f4 a4160838c4f74408936ce01be67d9996 c67b0d670ad74626a0b4ebeb174c2694 - - default default] GET http://cinder-api.openstack.svc.cluster.local:8776/v3/c67b0d670ad74626a0b4ebeb174c2694/volumes/detail?all_tenants=true
2026-04-14 09:05:05.643 8 INFO cinder.volume.api [None req-3d54825a-3fe4-47f0-8408-b6861fa291f4 a4160838c4f74408936ce01be67d9996 c67b0d670ad74626a0b4ebeb174c2694 - - default default] Get all volumes completed successfully.
2026-04-14 09:05:05.645 8 INFO cinder.api.openstack.wsgi [None req-3d54825a-3fe4-47f0-8408-b6861fa291f4 a4160838c4f74408936ce01be67d9996 c67b0d670ad74626a0b4ebeb174c2694 - - default default] http://cinder-api.openstack.svc.cluster.local:8776/v3/c67b0d670ad74626a0b4ebeb174c2694/volumes/detail?all_tenants=true returned with HTTP 200 [pid: 8|app: 0|req: 489/974] 10.0.0.33 () {28 vars in 683 bytes} [Tue Apr 14 09:05:05 2026] GET /v3/c67b0d670ad74626a0b4ebeb174c2694/volumes/detail?all_tenants=true => generated 15 bytes in 25 msecs (HTTP/1.1 200) 7 headers in 284 bytes (1 switches on core 0)
2026-04-14 09:05:05.678 7 INFO cinder.api.openstack.wsgi [None req-afb64eee-d311-45cb-9ab6-b616a4774a34 a4160838c4f74408936ce01be67d9996 c67b0d670ad74626a0b4ebeb174c2694 - - default default] GET http://cinder-api.openstack.svc.cluster.local:8776/v3/c67b0d670ad74626a0b4ebeb174c2694/os-quota-sets/0ea6dc1d82874001913929fb13c99796?usage=true
2026-04-14 09:05:05.702 7 INFO cinder.api.openstack.wsgi [None req-afb64eee-d311-45cb-9ab6-b616a4774a34 a4160838c4f74408936ce01be67d9996 c67b0d670ad74626a0b4ebeb174c2694 - - default default] http://cinder-api.openstack.svc.cluster.local:8776/v3/c67b0d670ad74626a0b4ebeb174c2694/os-quota-sets/0ea6dc1d82874001913929fb13c99796?usage=true returned with HTTP 200 [pid: 7|app: 0|req: 486/975] 10.0.0.33 () {28 vars in 735 bytes} [Tue Apr 14 09:05:05 2026] GET /v3/c67b0d670ad74626a0b4ebeb174c2694/os-quota-sets/0ea6dc1d82874001913929fb13c99796?usage=true => generated 847 bytes in 30 msecs (HTTP/1.1 200) 7 headers in 285 bytes (1 switches on core 0)
2026-04-14 09:05:05.720 8 INFO cinder.api.openstack.wsgi [None req-e47ed589-a912-46a9-ab4f-348d39e91f27 a4160838c4f74408936ce01be67d9996 c67b0d670ad74626a0b4ebeb174c2694 - - default default] GET http://cinder-api.openstack.svc.cluster.local:8776/v3/c67b0d670ad74626a0b4ebeb174c2694/os-quota-sets/4a4f137d27194c3b8c6e8e493a599e5d?usage=true
2026-04-14 09:05:05.749 8 INFO cinder.api.openstack.wsgi [None req-e47ed589-a912-46a9-ab4f-348d39e91f27 a4160838c4f74408936ce01be67d9996 c67b0d670ad74626a0b4ebeb174c2694 - - default default] http://cinder-api.openstack.svc.cluster.local:8776/v3/c67b0d670ad74626a0b4ebeb174c2694/os-quota-sets/4a4f137d27194c3b8c6e8e493a599e5d?usage=true returned with HTTP 200 [pid: 8|app: 0|req: 490/976] 10.0.0.33 () {28 vars in 735 bytes} [Tue Apr 14 09:05:05 2026] GET /v3/c67b0d670ad74626a0b4ebeb174c2694/os-quota-sets/4a4f137d27194c3b8c6e8e493a599e5d?usage=true => generated 847 bytes in 41 msecs (HTTP/1.1 200) 7 headers in 285 bytes (1 switches on core 0)
2026-04-14 09:05:05.767 7 INFO cinder.api.openstack.wsgi [None req-efb1a002-562c-4598-86b3-3524f31d6ef0 a4160838c4f74408936ce01be67d9996 c67b0d670ad74626a0b4ebeb174c2694 - - default default] GET http://cinder-api.openstack.svc.cluster.local:8776/v3/c67b0d670ad74626a0b4ebeb174c2694/os-quota-sets/504fa6e92460478385f981a8a07ebc5c?usage=true
2026-04-14 09:05:05.803 7 INFO cinder.api.openstack.wsgi [None req-efb1a002-562c-4598-86b3-3524f31d6ef0 a4160838c4f74408936ce01be67d9996 c67b0d670ad74626a0b4ebeb174c2694 - - default default] http://cinder-api.openstack.svc.cluster.local:8776/v3/c67b0d670ad74626a0b4ebeb174c2694/os-quota-sets/504fa6e92460478385f981a8a07ebc5c?usage=true returned with HTTP 200 [pid: 7|app: 0|req: 487/977] 10.0.0.33 () {28 vars in 735 bytes} [Tue Apr 14 09:05:05 2026] GET /v3/c67b0d670ad74626a0b4ebeb174c2694/os-quota-sets/504fa6e92460478385f981a8a07ebc5c?usage=true => generated 847 bytes in 47 msecs (HTTP/1.1 200) 7 headers in 285 bytes (1 switches on core 0)
2026-04-14 09:05:05.820 8 INFO cinder.api.openstack.wsgi [None req-ca353c68-819b-4cc3-b88d-ac06d58c3eab a4160838c4f74408936ce01be67d9996 c67b0d670ad74626a0b4ebeb174c2694 - - default default] GET http://cinder-api.openstack.svc.cluster.local:8776/v3/c67b0d670ad74626a0b4ebeb174c2694/os-quota-sets/5c9462d6f3fe497180e28b04c0253d8e?usage=true
2026-04-14 09:05:05.852 8 INFO cinder.api.openstack.wsgi [None req-ca353c68-819b-4cc3-b88d-ac06d58c3eab a4160838c4f74408936ce01be67d9996 c67b0d670ad74626a0b4ebeb174c2694 - - default default] http://cinder-api.openstack.svc.cluster.local:8776/v3/c67b0d670ad74626a0b4ebeb174c2694/os-quota-sets/5c9462d6f3fe497180e28b04c0253d8e?usage=true returned with HTTP 200 [pid: 8|app: 0|req: 491/978] 10.0.0.33 () {28 vars in 735 bytes} [Tue Apr 14 09:05:05 2026] GET /v3/c67b0d670ad74626a0b4ebeb174c2694/os-quota-sets/5c9462d6f3fe497180e28b04c0253d8e?usage=true => generated 847 bytes in 45 msecs (HTTP/1.1 200) 7 headers in 285 bytes (1 switches on core 0)
2026-04-14 09:05:05.870 7 INFO cinder.api.openstack.wsgi [None req-8fbe491d-bbed-4308-8eb6-7f83233b1a0a a4160838c4f74408936ce01be67d9996 c67b0d670ad74626a0b4ebeb174c2694 - - default default] GET http://cinder-api.openstack.svc.cluster.local:8776/v3/c67b0d670ad74626a0b4ebeb174c2694/os-quota-sets/6b316a87aef04359a9b7a81bf5742144?usage=true
2026-04-14 09:05:05.897 7 INFO cinder.api.openstack.wsgi [None req-8fbe491d-bbed-4308-8eb6-7f83233b1a0a a4160838c4f74408936ce01be67d9996 c67b0d670ad74626a0b4ebeb174c2694 - - default default] http://cinder-api.openstack.svc.cluster.local:8776/v3/c67b0d670ad74626a0b4ebeb174c2694/os-quota-sets/6b316a87aef04359a9b7a81bf5742144?usage=true returned with HTTP 200 [pid: 7|app: 0|req: 488/979] 10.0.0.33 () {28 vars in 735 bytes} [Tue Apr 14 09:05:05 2026] GET /v3/c67b0d670ad74626a0b4ebeb174c2694/os-quota-sets/6b316a87aef04359a9b7a81bf5742144?usage=true => generated 847 bytes in 40 msecs (HTTP/1.1 200) 7 headers in 285 bytes (1 switches on core 0)
2026-04-14 09:05:05.912 8 INFO cinder.api.openstack.wsgi [None req-e1c5bb3f-ddf7-4a66-b17a-c168ebaabb48 a4160838c4f74408936ce01be67d9996 c67b0d670ad74626a0b4ebeb174c2694 - - default default] GET http://cinder-api.openstack.svc.cluster.local:8776/v3/c67b0d670ad74626a0b4ebeb174c2694/os-quota-sets/894fda34e08a4ccb9ee60b28fed9add5?usage=true
2026-04-14 09:05:05.944 8 INFO cinder.api.openstack.wsgi [None req-e1c5bb3f-ddf7-4a66-b17a-c168ebaabb48 a4160838c4f74408936ce01be67d9996 c67b0d670ad74626a0b4ebeb174c2694 - - default default] http://cinder-api.openstack.svc.cluster.local:8776/v3/c67b0d670ad74626a0b4ebeb174c2694/os-quota-sets/894fda34e08a4ccb9ee60b28fed9add5?usage=true returned with HTTP 200 [pid: 8|app: 0|req: 492/980] 10.0.0.33 () {28 vars in 735 bytes} [Tue Apr 14 09:05:05 2026] GET /v3/c67b0d670ad74626a0b4ebeb174c2694/os-quota-sets/894fda34e08a4ccb9ee60b28fed9add5?usage=true => generated 845 bytes in 43 msecs (HTTP/1.1 200) 7 headers in 285 bytes (1 switches on core 0)
2026-04-14 09:05:05.957 7 INFO cinder.api.openstack.wsgi [None req-d88f1c8d-8cc0-4da6-aeae-124367b79950 a4160838c4f74408936ce01be67d9996 c67b0d670ad74626a0b4ebeb174c2694 - - default default] GET http://cinder-api.openstack.svc.cluster.local:8776/v3/c67b0d670ad74626a0b4ebeb174c2694/os-quota-sets/9771018bcc5f470ab43aff8888214a46?usage=true
2026-04-14 09:05:05.983 7 INFO cinder.api.openstack.wsgi [None req-d88f1c8d-8cc0-4da6-aeae-124367b79950 a4160838c4f74408936ce01be67d9996 c67b0d670ad74626a0b4ebeb174c2694 - - default default] http://cinder-api.openstack.svc.cluster.local:8776/v3/c67b0d670ad74626a0b4ebeb174c2694/os-quota-sets/9771018bcc5f470ab43aff8888214a46?usage=true returned with HTTP 200 [pid: 7|app: 0|req: 489/981] 10.0.0.33 () {28 vars in 735 bytes} [Tue Apr 14 09:05:05 2026] GET /v3/c67b0d670ad74626a0b4ebeb174c2694/os-quota-sets/9771018bcc5f470ab43aff8888214a46?usage=true => generated 847 bytes in 36 msecs (HTTP/1.1 200) 7 headers in 285 bytes (1 switches on core 0)
2026-04-14 09:05:05.997 8 INFO cinder.api.openstack.wsgi [None req-3383328d-df01-4596-9fc0-81acd07ba922 a4160838c4f74408936ce01be67d9996 c67b0d670ad74626a0b4ebeb174c2694 - - default default] GET http://cinder-api.openstack.svc.cluster.local:8776/v3/c67b0d670ad74626a0b4ebeb174c2694/os-quota-sets/a4316974fb83429ba4ea53341ea15d52?usage=true
2026-04-14 09:05:06.035 8 INFO cinder.api.openstack.wsgi [None req-3383328d-df01-4596-9fc0-81acd07ba922 a4160838c4f74408936ce01be67d9996 c67b0d670ad74626a0b4ebeb174c2694 - - default default] http://cinder-api.openstack.svc.cluster.local:8776/v3/c67b0d670ad74626a0b4ebeb174c2694/os-quota-sets/a4316974fb83429ba4ea53341ea15d52?usage=true returned with HTTP 200 [pid: 8|app: 0|req: 493/982] 10.0.0.33 () {28 vars in 735 bytes} [Tue Apr 14 09:05:05 2026] GET /v3/c67b0d670ad74626a0b4ebeb174c2694/os-quota-sets/a4316974fb83429ba4ea53341ea15d52?usage=true => generated 847 bytes in 49 msecs (HTTP/1.1 200) 7 headers in 285 bytes (1 switches on core 0)
2026-04-14 09:05:06.048 7 INFO cinder.api.openstack.wsgi [None req-e596704d-0443-430c-be22-cfabf1143803 a4160838c4f74408936ce01be67d9996 c67b0d670ad74626a0b4ebeb174c2694 - - default default] GET http://cinder-api.openstack.svc.cluster.local:8776/v3/c67b0d670ad74626a0b4ebeb174c2694/os-quota-sets/c67b0d670ad74626a0b4ebeb174c2694?usage=true
2026-04-14 09:05:06.075 7 INFO cinder.api.openstack.wsgi [None req-e596704d-0443-430c-be22-cfabf1143803 a4160838c4f74408936ce01be67d9996 c67b0d670ad74626a0b4ebeb174c2694 - - default default] http://cinder-api.openstack.svc.cluster.local:8776/v3/c67b0d670ad74626a0b4ebeb174c2694/os-quota-sets/c67b0d670ad74626a0b4ebeb174c2694?usage=true returned with HTTP 200 [pid: 7|app: 0|req: 490/983] 10.0.0.33 () {28 vars in 735 bytes} [Tue Apr 14 09:05:06 2026] GET /v3/c67b0d670ad74626a0b4ebeb174c2694/os-quota-sets/c67b0d670ad74626a0b4ebeb174c2694?usage=true => generated 845 bytes in 35 msecs (HTTP/1.1 200) 7 headers in 285 bytes (1 switches on core 0)
2026-04-14 09:05:06.090 8 INFO cinder.api.openstack.wsgi [None req-582479cb-28d1-4cbd-a084-75a983f46113 a4160838c4f74408936ce01be67d9996 c67b0d670ad74626a0b4ebeb174c2694 - - default default] GET http://cinder-api.openstack.svc.cluster.local:8776/v3/c67b0d670ad74626a0b4ebeb174c2694/os-quota-sets/d7e87968da424129885883b5eabecff3?usage=true
2026-04-14 09:05:06.118 8 INFO cinder.api.openstack.wsgi [None req-582479cb-28d1-4cbd-a084-75a983f46113 a4160838c4f74408936ce01be67d9996 c67b0d670ad74626a0b4ebeb174c2694 - - default default] http://cinder-api.openstack.svc.cluster.local:8776/v3/c67b0d670ad74626a0b4ebeb174c2694/os-quota-sets/d7e87968da424129885883b5eabecff3?usage=true returned with HTTP 200 [pid: 8|app: 0|req: 494/984] 10.0.0.33 () {28 vars in 735 bytes} [Tue Apr 14 09:05:06 2026] GET /v3/c67b0d670ad74626a0b4ebeb174c2694/os-quota-sets/d7e87968da424129885883b5eabecff3?usage=true => generated 847 bytes in 40 msecs (HTTP/1.1 200) 7 headers in 285 bytes (1 switches on core 0)
2026-04-14 09:05:06.132 7 INFO cinder.api.openstack.wsgi [None req-6dbc4f28-7b08-4a34-849e-a46a01e62b3a a4160838c4f74408936ce01be67d9996 c67b0d670ad74626a0b4ebeb174c2694 - - default default] GET http://cinder-api.openstack.svc.cluster.local:8776/v3/c67b0d670ad74626a0b4ebeb174c2694/os-quota-sets/f3a68ee1e31d46009034e19f147bd121?usage=true
2026-04-14 09:05:06.169 7 INFO cinder.api.openstack.wsgi [None req-6dbc4f28-7b08-4a34-849e-a46a01e62b3a a4160838c4f74408936ce01be67d9996 c67b0d670ad74626a0b4ebeb174c2694 - - default default] http://cinder-api.openstack.svc.cluster.local:8776/v3/c67b0d670ad74626a0b4ebeb174c2694/os-quota-sets/f3a68ee1e31d46009034e19f147bd121?usage=true returned with HTTP 200 [pid: 7|app: 0|req: 491/985] 10.0.0.33 () {28 vars in 735 bytes} [Tue Apr 14 09:05:06 2026] GET /v3/c67b0d670ad74626a0b4ebeb174c2694/os-quota-sets/f3a68ee1e31d46009034e19f147bd121?usage=true => generated 847 bytes in 47 msecs (HTTP/1.1 200) 7 headers in 285 bytes (1 switches on core 0)
2026-04-14 09:05:06.182 8 INFO cinder.api.openstack.wsgi [None req-94085c80-65ed-466d-88ce-2bc115d0613f a4160838c4f74408936ce01be67d9996 c67b0d670ad74626a0b4ebeb174c2694 - - default default] GET http://cinder-api.openstack.svc.cluster.local:8776/v3/c67b0d670ad74626a0b4ebeb174c2694/snapshots?all_tenants=true
2026-04-14 09:05:06.189 8 INFO cinder.volume.api [None req-94085c80-65ed-466d-88ce-2bc115d0613f a4160838c4f74408936ce01be67d9996 c67b0d670ad74626a0b4ebeb174c2694 - - default default] Get all snapshots completed successfully.
2026-04-14 09:05:06.189 8 INFO cinder.api.openstack.wsgi [None req-94085c80-65ed-466d-88ce-2bc115d0613f a4160838c4f74408936ce01be67d9996 c67b0d670ad74626a0b4ebeb174c2694 - - default default] http://cinder-api.openstack.svc.cluster.local:8776/v3/c67b0d670ad74626a0b4ebeb174c2694/snapshots?all_tenants=true returned with HTTP 200 [pid: 8|app: 0|req: 495/986] 10.0.0.33 () {28 vars in 673 bytes} [Tue Apr 14 09:05:06 2026] GET /v3/c67b0d670ad74626a0b4ebeb174c2694/snapshots?all_tenants=true => generated 17 bytes in 16 msecs (HTTP/1.1 200) 7 headers in 284 bytes (1 switches on core 0)
2026-04-14 09:05:10.024 8 INFO cinder.api.openstack.wsgi [None req-94085c80-65ed-466d-88ce-2bc115d0613f a4160838c4f74408936ce01be67d9996 c67b0d670ad74626a0b4ebeb174c2694 - - default default] GET http://10.0.0.145:8776/
2026-04-14 09:05:10.025 7 INFO cinder.api.openstack.wsgi [None req-6dbc4f28-7b08-4a34-849e-a46a01e62b3a a4160838c4f74408936ce01be67d9996 c67b0d670ad74626a0b4ebeb174c2694 - - default default] GET http://10.0.0.145:8776/
2026-04-14 09:05:10.025 8 INFO cinder.api.openstack.wsgi [None req-94085c80-65ed-466d-88ce-2bc115d0613f a4160838c4f74408936ce01be67d9996 c67b0d670ad74626a0b4ebeb174c2694 - - default default] http://10.0.0.145:8776/ returned with HTTP 300
2026-04-14 09:05:10.026 7 INFO cinder.api.openstack.wsgi [None req-6dbc4f28-7b08-4a34-849e-a46a01e62b3a a4160838c4f74408936ce01be67d9996 c67b0d670ad74626a0b4ebeb174c2694 - - default default] http://10.0.0.145:8776/ returned with HTTP 300
2026-04-14 09:05:20.023 8 INFO cinder.api.openstack.wsgi [None req-94085c80-65ed-466d-88ce-2bc115d0613f a4160838c4f74408936ce01be67d9996 c67b0d670ad74626a0b4ebeb174c2694 - - default default] GET http://10.0.0.145:8776/
2026-04-14 09:05:20.023 7 INFO cinder.api.openstack.wsgi [None req-6dbc4f28-7b08-4a34-849e-a46a01e62b3a a4160838c4f74408936ce01be67d9996 c67b0d670ad74626a0b4ebeb174c2694 - - default default] GET http://10.0.0.145:8776/
2026-04-14 09:05:20.024 8 INFO cinder.api.openstack.wsgi [None req-94085c80-65ed-466d-88ce-2bc115d0613f a4160838c4f74408936ce01be67d9996 c67b0d670ad74626a0b4ebeb174c2694 - - default default] http://10.0.0.145:8776/ returned with HTTP 300
2026-04-14 09:05:20.025 7 INFO cinder.api.openstack.wsgi [None req-6dbc4f28-7b08-4a34-849e-a46a01e62b3a a4160838c4f74408936ce01be67d9996 c67b0d670ad74626a0b4ebeb174c2694 - - default default] http://10.0.0.145:8776/ returned with HTTP 300
2026-04-14 09:05:24.356 8 INFO cinder.api.openstack.wsgi [None req-49389809-eefc-4b01-abfb-97ba13f6939c a4160838c4f74408936ce01be67d9996 c67b0d670ad74626a0b4ebeb174c2694 - - default default] GET http://cinder-api.openstack.svc.cluster.local:8776/v3/c67b0d670ad74626a0b4ebeb174c2694/snapshots
2026-04-14 09:05:24.370 8 INFO cinder.volume.api [None req-49389809-eefc-4b01-abfb-97ba13f6939c a4160838c4f74408936ce01be67d9996 c67b0d670ad74626a0b4ebeb174c2694 - - default default] Get all snapshots completed successfully.
2026-04-14 09:05:24.371 8 INFO cinder.api.openstack.wsgi [None req-49389809-eefc-4b01-abfb-97ba13f6939c a4160838c4f74408936ce01be67d9996 c67b0d670ad74626a0b4ebeb174c2694 - - default default] http://cinder-api.openstack.svc.cluster.local:8776/v3/c67b0d670ad74626a0b4ebeb174c2694/snapshots returned with HTTP 200 [pid: 8|app: 0|req: 498/991] 10.0.0.147 () {32 vars in 705 bytes} [Tue Apr 14 09:05:24 2026] GET /v3/c67b0d670ad74626a0b4ebeb174c2694/snapshots => generated 17 bytes in 23 msecs (HTTP/1.1 200) 7 headers in 284 bytes (1 switches on core 0)
2026-04-14 09:05:24.389 7 INFO cinder.api.openstack.wsgi [None req-b8d5604c-5a70-4c6a-be99-060430933a64 a4160838c4f74408936ce01be67d9996 c67b0d670ad74626a0b4ebeb174c2694 - - default default] GET http://cinder-api.openstack.svc.cluster.local:8776/v3/c67b0d670ad74626a0b4ebeb174c2694/volumes
2026-04-14 09:05:24.418 7 INFO cinder.volume.api [None req-b8d5604c-5a70-4c6a-be99-060430933a64 a4160838c4f74408936ce01be67d9996 c67b0d670ad74626a0b4ebeb174c2694 - - default default] Get all volumes completed successfully.
2026-04-14 09:05:24.419 7 INFO cinder.api.openstack.wsgi [None req-b8d5604c-5a70-4c6a-be99-060430933a64 a4160838c4f74408936ce01be67d9996 c67b0d670ad74626a0b4ebeb174c2694 - - default default] http://cinder-api.openstack.svc.cluster.local:8776/v3/c67b0d670ad74626a0b4ebeb174c2694/volumes returned with HTTP 200 [pid: 7|app: 0|req: 494/992] 10.0.0.147 () {32 vars in 701 bytes} [Tue Apr 14 09:05:24 2026] GET /v3/c67b0d670ad74626a0b4ebeb174c2694/volumes => generated 15 bytes in 38 msecs (HTTP/1.1 200) 7 headers in 284 bytes (1 switches on core 0)
2026-04-14 09:05:30.024 8 INFO cinder.api.openstack.wsgi [None req-49389809-eefc-4b01-abfb-97ba13f6939c a4160838c4f74408936ce01be67d9996 c67b0d670ad74626a0b4ebeb174c2694 - - default default] GET http://10.0.0.145:8776/
2026-04-14 09:05:30.024 7 INFO cinder.api.openstack.wsgi [None req-b8d5604c-5a70-4c6a-be99-060430933a64 a4160838c4f74408936ce01be67d9996 c67b0d670ad74626a0b4ebeb174c2694 - - default default] GET http://10.0.0.145:8776/
2026-04-14 09:05:30.025 7 INFO cinder.api.openstack.wsgi [None req-b8d5604c-5a70-4c6a-be99-060430933a64 a4160838c4f74408936ce01be67d9996 c67b0d670ad74626a0b4ebeb174c2694 - - default default] http://10.0.0.145:8776/ returned with HTTP 300
2026-04-14 09:05:30.025 8 INFO cinder.api.openstack.wsgi [None req-49389809-eefc-4b01-abfb-97ba13f6939c a4160838c4f74408936ce01be67d9996 c67b0d670ad74626a0b4ebeb174c2694 - - default default] http://10.0.0.145:8776/ returned with HTTP 300
2026-04-14 09:05:40.023 8 INFO cinder.api.openstack.wsgi [None req-49389809-eefc-4b01-abfb-97ba13f6939c a4160838c4f74408936ce01be67d9996 c67b0d670ad74626a0b4ebeb174c2694 - - default default] GET http://10.0.0.145:8776/
2026-04-14 09:05:40.024 7 INFO cinder.api.openstack.wsgi [None req-b8d5604c-5a70-4c6a-be99-060430933a64 a4160838c4f74408936ce01be67d9996 c67b0d670ad74626a0b4ebeb174c2694 - - default default] GET http://10.0.0.145:8776/
2026-04-14 09:05:40.024 8 INFO cinder.api.openstack.wsgi [None req-49389809-eefc-4b01-abfb-97ba13f6939c a4160838c4f74408936ce01be67d9996 c67b0d670ad74626a0b4ebeb174c2694 - - default default] http://10.0.0.145:8776/ returned with HTTP 300
2026-04-14 09:05:40.025 7 INFO cinder.api.openstack.wsgi [None req-b8d5604c-5a70-4c6a-be99-060430933a64 a4160838c4f74408936ce01be67d9996 c67b0d670ad74626a0b4ebeb174c2694 - - default default] http://10.0.0.145:8776/ returned with HTTP 300
2026-04-14 09:05:50.024 7 INFO cinder.api.openstack.wsgi [None req-b8d5604c-5a70-4c6a-be99-060430933a64 a4160838c4f74408936ce01be67d9996 c67b0d670ad74626a0b4ebeb174c2694 - - default default] GET http://10.0.0.145:8776/
2026-04-14 09:05:50.024 8 INFO cinder.api.openstack.wsgi [None req-49389809-eefc-4b01-abfb-97ba13f6939c a4160838c4f74408936ce01be67d9996 c67b0d670ad74626a0b4ebeb174c2694 - - default default] GET http://10.0.0.145:8776/
2026-04-14 09:05:50.025 7 INFO cinder.api.openstack.wsgi [None req-b8d5604c-5a70-4c6a-be99-060430933a64 a4160838c4f74408936ce01be67d9996 c67b0d670ad74626a0b4ebeb174c2694 - - default default] http://10.0.0.145:8776/ returned with HTTP 300
2026-04-14 09:05:50.025 8 INFO cinder.api.openstack.wsgi [None req-49389809-eefc-4b01-abfb-97ba13f6939c a4160838c4f74408936ce01be67d9996 c67b0d670ad74626a0b4ebeb174c2694 - - default default] http://10.0.0.145:8776/ returned with HTTP 300
2026-04-14 09:06:00.023 7 INFO cinder.api.openstack.wsgi [None req-b8d5604c-5a70-4c6a-be99-060430933a64 a4160838c4f74408936ce01be67d9996 c67b0d670ad74626a0b4ebeb174c2694 - - default default] GET http://10.0.0.145:8776/
2026-04-14 09:06:00.024 8 INFO cinder.api.openstack.wsgi [None req-49389809-eefc-4b01-abfb-97ba13f6939c a4160838c4f74408936ce01be67d9996 c67b0d670ad74626a0b4ebeb174c2694 - - default default] GET http://10.0.0.145:8776/
2026-04-14 09:06:00.024 7 INFO cinder.api.openstack.wsgi [None req-b8d5604c-5a70-4c6a-be99-060430933a64 a4160838c4f74408936ce01be67d9996 c67b0d670ad74626a0b4ebeb174c2694 - - default default] http://10.0.0.145:8776/ returned with HTTP 300
2026-04-14 09:06:00.025 8 INFO cinder.api.openstack.wsgi [None req-49389809-eefc-4b01-abfb-97ba13f6939c a4160838c4f74408936ce01be67d9996 c67b0d670ad74626a0b4ebeb174c2694 - - default default] http://10.0.0.145:8776/ returned with HTTP 300
2026-04-14 09:06:05.616 7 INFO cinder.api.openstack.wsgi [None req-03173871-ac59-4889-a79f-a8c217304326 a4160838c4f74408936ce01be67d9996 c67b0d670ad74626a0b4ebeb174c2694 - - default default] GET http://cinder-api.openstack.svc.cluster.local:8776/v3/c67b0d670ad74626a0b4ebeb174c2694/volumes/detail?all_tenants=true
2026-04-14 09:06:05.631 7 INFO cinder.volume.api [None req-03173871-ac59-4889-a79f-a8c217304326 a4160838c4f74408936ce01be67d9996 c67b0d670ad74626a0b4ebeb174c2694 - - default default] Get all volumes completed successfully.
2026-04-14 09:06:05.635 7 INFO cinder.api.openstack.wsgi [None req-03173871-ac59-4889-a79f-a8c217304326 a4160838c4f74408936ce01be67d9996 c67b0d670ad74626a0b4ebeb174c2694 - - default default] http://cinder-api.openstack.svc.cluster.local:8776/v3/c67b0d670ad74626a0b4ebeb174c2694/volumes/detail?all_tenants=true returned with HTTP 200 [pid: 7|app: 0|req: 499/1001] 10.0.0.33 () {28 vars in 683 bytes} [Tue Apr 14 09:06:05 2026] GET /v3/c67b0d670ad74626a0b4ebeb174c2694/volumes/detail?all_tenants=true => generated 15 bytes in 166 msecs (HTTP/1.1 200) 7 headers in 284 bytes (1 switches on core 0)
2026-04-14 09:06:05.647 8 INFO cinder.api.openstack.wsgi [None req-28ce02df-f2d2-4719-83af-053eeaae19cb a4160838c4f74408936ce01be67d9996 c67b0d670ad74626a0b4ebeb174c2694 - - default default] GET http://cinder-api.openstack.svc.cluster.local:8776/v3/c67b0d670ad74626a0b4ebeb174c2694/snapshots?all_tenants=true
2026-04-14 09:06:05.661 8 INFO cinder.volume.api [None req-28ce02df-f2d2-4719-83af-053eeaae19cb a4160838c4f74408936ce01be67d9996 c67b0d670ad74626a0b4ebeb174c2694 - - default default] Get all snapshots completed successfully.
2026-04-14 09:06:05.661 8 INFO cinder.api.openstack.wsgi [None req-28ce02df-f2d2-4719-83af-053eeaae19cb a4160838c4f74408936ce01be67d9996 c67b0d670ad74626a0b4ebeb174c2694 - - default default] http://cinder-api.openstack.svc.cluster.local:8776/v3/c67b0d670ad74626a0b4ebeb174c2694/snapshots?all_tenants=true returned with HTTP 200 [pid: 8|app: 0|req: 503/1002] 10.0.0.33 () {28 vars in 673 bytes} [Tue Apr 14 09:06:05 2026] GET /v3/c67b0d670ad74626a0b4ebeb174c2694/snapshots?all_tenants=true => generated 17 bytes in 22 msecs (HTTP/1.1 200) 7 headers in 284 bytes (1 switches on core 0)
2026-04-14 09:06:05.728 7 INFO cinder.api.openstack.wsgi [None req-87e5cde8-63d3-4c32-ac07-81037e3c6586 a4160838c4f74408936ce01be67d9996 c67b0d670ad74626a0b4ebeb174c2694 - - default default] GET http://cinder-api.openstack.svc.cluster.local:8776/v3/c67b0d670ad74626a0b4ebeb174c2694/os-quota-sets/6b316a87aef04359a9b7a81bf5742144?usage=true
