2026-02-25 23:25:49.172 8 INFO placement.requestlog [req-5b8623a6-a364-4d1f-b92a-c88c391c2ec1 req-019d4ea4-2a5e-401e-a74e-bdcc60a2e9d8 124e2900446b4b7788cb1a2717010e9e 2ceff1bf66154b0baa6f07e2da3d1a66 - - 48b46cd0f6294a4e8786b80fe0af1ddd 48b46cd0f6294a4e8786b80fe0af1ddd] 199.204.45.144 "GET /resource_providers/a9b0ec41-2bb3-49e7-8850-977bfcca2683/allocations" status: 200 len: 340 microversion: 1.0 [pid: 8|app: 0|req: 656/1308] 199.204.45.144 () {32 vars in 857 bytes} [Wed Feb 25 23:25:49 2026] GET /resource_providers/a9b0ec41-2bb3-49e7-8850-977bfcca2683/allocations => generated 340 bytes in 20 msecs (HTTP/1.1 200) 6 headers in 224 bytes (1 switches on core 0)
2026-02-25 23:25:49.193 7 INFO placement.requestlog [req-5b8623a6-a364-4d1f-b92a-c88c391c2ec1 req-abc19a7c-0f6e-4eba-bfab-c935776d929f 124e2900446b4b7788cb1a2717010e9e 2ceff1bf66154b0baa6f07e2da3d1a66 - - 48b46cd0f6294a4e8786b80fe0af1ddd 48b46cd0f6294a4e8786b80fe0af1ddd] 199.204.45.144 "GET /resource_providers/a9b0ec41-2bb3-49e7-8850-977bfcca2683/allocations" status: 200 len: 340 microversion: 1.0 [pid: 7|app: 0|req: 653/1309] 199.204.45.144 () {32 vars in 857 bytes} [Wed Feb 25 23:25:49 2026] GET /resource_providers/a9b0ec41-2bb3-49e7-8850-977bfcca2683/allocations => generated 340 bytes in 15 msecs (HTTP/1.1 200) 6 headers in 224 bytes (1 switches on core 0)
2026-02-25 23:25:49.212 8 INFO placement.requestlog [req-5b8623a6-a364-4d1f-b92a-c88c391c2ec1 req-af5d57a6-bf5c-4df1-a81c-6a0f14d86215 124e2900446b4b7788cb1a2717010e9e 2ceff1bf66154b0baa6f07e2da3d1a66 - - 48b46cd0f6294a4e8786b80fe0af1ddd 48b46cd0f6294a4e8786b80fe0af1ddd] 199.204.45.144 "GET /allocations/699f6896-8e80-421c-91be-8476c7aaa8f7" status: 200 len: 258 microversion: 1.28 [pid: 8|app: 0|req: 657/1310] 199.204.45.144 () {34 vars in 863 bytes} [Wed Feb 25 23:25:49 2026] GET /allocations/699f6896-8e80-421c-91be-8476c7aaa8f7 => generated 258 bytes in 13 msecs (HTTP/1.1 200) 8 headers in 296 bytes (1 switches on core 0)
2026-02-25 23:25:49.232 7 INFO placement.requestlog [req-5b8623a6-a364-4d1f-b92a-c88c391c2ec1 req-907bba18-11b6-4e3e-acb0-f7a0c376d999 124e2900446b4b7788cb1a2717010e9e 2ceff1bf66154b0baa6f07e2da3d1a66 - - 48b46cd0f6294a4e8786b80fe0af1ddd 48b46cd0f6294a4e8786b80fe0af1ddd] 199.204.45.144 "GET /allocations/ba9d81f9-ef9c-4aa9-8fda-90ea1931ceb7" status: 200 len: 245 microversion: 1.28 [pid: 7|app: 0|req: 654/1311] 199.204.45.144 () {34 vars in 863 bytes} [Wed Feb 25 23:25:49 2026] GET /allocations/ba9d81f9-ef9c-4aa9-8fda-90ea1931ceb7 => generated 245 bytes in 12 msecs (HTTP/1.1 200) 8 headers in 296 bytes (1 switches on core 0)
2026-02-25 23:25:49.248 8 INFO placement.requestlog [req-5b8623a6-a364-4d1f-b92a-c88c391c2ec1 req-06b1b61e-84d2-43e8-96f7-fbc4c3b4f81c 124e2900446b4b7788cb1a2717010e9e 2ceff1bf66154b0baa6f07e2da3d1a66 - - 48b46cd0f6294a4e8786b80fe0af1ddd 48b46cd0f6294a4e8786b80fe0af1ddd] 199.204.45.144 "GET /allocations/e889e410-2109-443c-b599-6a653906a84f" status: 200 len: 258 microversion: 1.28 [pid: 8|app: 0|req: 658/1312] 199.204.45.144 () {34 vars in 863 bytes} [Wed Feb 25 23:25:49 2026] GET /allocations/e889e410-2109-443c-b599-6a653906a84f => generated 258 bytes in 12 msecs (HTTP/1.1 200) 8 headers in 296 bytes (1 switches on core 0)
2026-02-25 23:25:52.477 8 INFO placement.requestlog [None req-702f16f3-4b75-4da7-a8a6-5759053daab6 - - - - - -] 10.0.0.112 "GET /" status: 200 len: 136 microversion: 1.0
2026-02-25 23:25:52.477 7 INFO placement.requestlog [None req-49deeb7d-55dd-47e7-850f-88065c1e2c89 - - - - - -] 10.0.0.112 "GET /" status: 200 len: 136 microversion: 1.0
2026-02-25 23:26:02.478 8 INFO placement.requestlog [None req-8d50f923-40a6-4a41-b5f5-0b438049f54b - - - - - -] 10.0.0.112 "GET /" status: 200 len: 136 microversion: 1.0
2026-02-25 23:26:02.478 7 INFO placement.requestlog [None req-29f1fdf1-4472-48bf-a844-c42010befcb6 - - - - - -] 10.0.0.112 "GET /" status: 200 len: 136 microversion: 1.0
2026-02-25 23:26:12.478 7 INFO placement.requestlog [None req-8bcdfaf4-47db-4f11-9b48-b55e81b36243 - - - - - -] 10.0.0.112 "GET /" status: 200 len: 136 microversion: 1.0
2026-02-25 23:26:12.478 8 INFO placement.requestlog [None req-91311e02-eb78-4af3-b6b5-ef3c6d05c5bd - - - - - -] 10.0.0.112 "GET /" status: 200 len: 136 microversion: 1.0
2026-02-25 23:26:17.610 7 INFO placement.requestlog [req-cecee9b9-1805-491e-a1fd-8426ace83a81 req-d98b5bee-fb96-4ab6-8d44-7753f167f90f 124e2900446b4b7788cb1a2717010e9e 2ceff1bf66154b0baa6f07e2da3d1a66 - - 48b46cd0f6294a4e8786b80fe0af1ddd 48b46cd0f6294a4e8786b80fe0af1ddd] 199.204.45.144 "GET /resource_providers/a9b0ec41-2bb3-49e7-8850-977bfcca2683/allocations" status: 200 len: 340 microversion: 1.0 [pid: 7|app: 0|req: 658/1319] 199.204.45.144 () {32 vars in 857 bytes} [Wed Feb 25 23:26:17 2026] GET /resource_providers/a9b0ec41-2bb3-49e7-8850-977bfcca2683/allocations => generated 340 bytes in 15 msecs (HTTP/1.1 200) 6 headers in 224 bytes (1 switches on core 0)
2026-02-25 23:26:17.632 8 INFO placement.requestlog [req-cecee9b9-1805-491e-a1fd-8426ace83a81 req-d50e430e-4733-4de4-a129-65f0c2f15169 124e2900446b4b7788cb1a2717010e9e 2ceff1bf66154b0baa6f07e2da3d1a66 - - 48b46cd0f6294a4e8786b80fe0af1ddd 48b46cd0f6294a4e8786b80fe0af1ddd] 199.204.45.144 "GET /allocations/699f6896-8e80-421c-91be-8476c7aaa8f7" status: 200 len: 258 microversion: 1.28 [pid: 8|app: 0|req: 662/1320] 199.204.45.144 () {34 vars in 863 bytes} [Wed Feb 25 23:26:17 2026] GET /allocations/699f6896-8e80-421c-91be-8476c7aaa8f7 => generated 258 bytes in 14 msecs (HTTP/1.1 200) 8 headers in 296 bytes (1 switches on core 0)
2026-02-25 23:26:17.653 7 INFO placement.requestlog [req-cecee9b9-1805-491e-a1fd-8426ace83a81 req-481d4c2b-51ea-47ce-bde2-5c4328b34ff7 124e2900446b4b7788cb1a2717010e9e 2ceff1bf66154b0baa6f07e2da3d1a66 - - 48b46cd0f6294a4e8786b80fe0af1ddd 48b46cd0f6294a4e8786b80fe0af1ddd] 199.204.45.144 "GET /allocations/ba9d81f9-ef9c-4aa9-8fda-90ea1931ceb7" status: 200 len: 245 microversion: 1.28 [pid: 7|app: 0|req: 659/1321] 199.204.45.144 () {34 vars in 863 bytes} [Wed Feb 25 23:26:17 2026] GET /allocations/ba9d81f9-ef9c-4aa9-8fda-90ea1931ceb7 => generated 245 bytes in 14 msecs (HTTP/1.1 200) 8 headers in 296 bytes (1 switches on core 0)
2026-02-25 23:26:17.671 8 INFO placement.requestlog [req-cecee9b9-1805-491e-a1fd-8426ace83a81 req-d98c9a3b-b7cc-4a4c-800d-9a79638e3031 124e2900446b4b7788cb1a2717010e9e 2ceff1bf66154b0baa6f07e2da3d1a66 - - 48b46cd0f6294a4e8786b80fe0af1ddd 48b46cd0f6294a4e8786b80fe0af1ddd] 199.204.45.144 "GET /allocations/e889e410-2109-443c-b599-6a653906a84f" status: 200 len: 258 microversion: 1.28 [pid: 8|app: 0|req: 663/1322] 199.204.45.144 () {34 vars in 863 bytes} [Wed Feb 25 23:26:17 2026] GET /allocations/e889e410-2109-443c-b599-6a653906a84f => generated 258 bytes in 11 msecs (HTTP/1.1 200) 8 headers in 296 bytes (1 switches on core 0)
2026-02-25 23:26:18.729 7 INFO placement.requestlog [req-cecee9b9-1805-491e-a1fd-8426ace83a81 req-18aa53fa-5eb2-4994-ad86-8939e01c5d38 124e2900446b4b7788cb1a2717010e9e 2ceff1bf66154b0baa6f07e2da3d1a66 - - 48b46cd0f6294a4e8786b80fe0af1ddd 48b46cd0f6294a4e8786b80fe0af1ddd] 199.204.45.144 "DELETE /allocations/ba9d81f9-ef9c-4aa9-8fda-90ea1931ceb7" status: 204 len: 0 microversion: 1.0 [pid: 7|app: 0|req: 660/1323] 199.204.45.144 () {34 vars in 841 bytes} [Wed Feb 25 23:26:18 2026] DELETE /allocations/ba9d81f9-ef9c-4aa9-8fda-90ea1931ceb7 => generated 0 bytes in 29 msecs (HTTP/1.1 204) 5 headers in 198 bytes (1 switches on core 0)
2026-02-25 23:26:21.839 8 INFO placement.requestlog [req-0d0ae530-088b-420b-b7f6-b86ceeb8fc91 req-8ff34224-6002-4062-9f20-ee8421bbb48e 124e2900446b4b7788cb1a2717010e9e 2ceff1bf66154b0baa6f07e2da3d1a66 - - 48b46cd0f6294a4e8786b80fe0af1ddd 48b46cd0f6294a4e8786b80fe0af1ddd] 199.204.45.144 "GET /resource_providers/a9b0ec41-2bb3-49e7-8850-977bfcca2683/allocations" status: 200 len: 253 microversion: 1.0 [pid: 8|app: 0|req: 664/1324] 199.204.45.144 () {32 vars in 857 bytes} [Wed Feb 25 23:26:21 2026] GET /resource_providers/a9b0ec41-2bb3-49e7-8850-977bfcca2683/allocations => generated 253 bytes in 14 msecs (HTTP/1.1 200) 6 headers in 224 bytes (1 switches on core 0)
2026-02-25 23:26:21.858 7 INFO placement.requestlog [req-0d0ae530-088b-420b-b7f6-b86ceeb8fc91 req-4be0db7c-6514-4653-bd5c-226d939b0b64 124e2900446b4b7788cb1a2717010e9e 2ceff1bf66154b0baa6f07e2da3d1a66 - - 48b46cd0f6294a4e8786b80fe0af1ddd 48b46cd0f6294a4e8786b80fe0af1ddd] 199.204.45.144 "GET /allocations/699f6896-8e80-421c-91be-8476c7aaa8f7" status: 200 len: 258 microversion: 1.28 [pid: 7|app: 0|req: 661/1325] 199.204.45.144 () {34 vars in 863 bytes} [Wed Feb 25 23:26:21 2026] GET /allocations/699f6896-8e80-421c-91be-8476c7aaa8f7 => generated 258 bytes in 12 msecs (HTTP/1.1 200) 8 headers in 296 bytes (1 switches on core 0)
2026-02-25 23:26:21.876 8 INFO placement.requestlog [req-0d0ae530-088b-420b-b7f6-b86ceeb8fc91 req-1687e978-3493-4d63-99c9-8de051742c26 124e2900446b4b7788cb1a2717010e9e 2ceff1bf66154b0baa6f07e2da3d1a66 - - 48b46cd0f6294a4e8786b80fe0af1ddd 48b46cd0f6294a4e8786b80fe0af1ddd] 199.204.45.144 "GET /allocations/e889e410-2109-443c-b599-6a653906a84f" status: 200 len: 258 microversion: 1.28 [pid: 8|app: 0|req: 665/1326] 199.204.45.144 () {34 vars in 863 bytes} [Wed Feb 25 23:26:21 2026] GET /allocations/e889e410-2109-443c-b599-6a653906a84f => generated 258 bytes in 11 msecs (HTTP/1.1 200) 8 headers in 296 bytes (1 switches on core 0)
2026-02-25 23:26:22.478 8 INFO placement.requestlog [None req-318a102d-eb4a-4fe5-b9e5-99cfd5c93aed - - - - - -] 10.0.0.112 "GET /" status: 200 len: 136 microversion: 1.0
2026-02-25 23:26:22.478 7 INFO placement.requestlog [None req-1f3d428a-0237-46e7-a23c-04e3f3c7a34c - - - - - -] 10.0.0.112 "GET /" status: 200 len: 136 microversion: 1.0
2026-02-25 23:26:22.938 8 INFO placement.requestlog [req-0d0ae530-088b-420b-b7f6-b86ceeb8fc91 req-97142b6f-3fe0-4865-a973-948818d5218f 124e2900446b4b7788cb1a2717010e9e 2ceff1bf66154b0baa6f07e2da3d1a66 - - 48b46cd0f6294a4e8786b80fe0af1ddd 48b46cd0f6294a4e8786b80fe0af1ddd] 199.204.45.144 "DELETE /allocations/699f6896-8e80-421c-91be-8476c7aaa8f7" status: 204 len: 0 microversion: 1.0 [pid: 8|app: 0|req: 667/1329] 199.204.45.144 () {34 vars in 841 bytes} [Wed Feb 25 23:26:22 2026] DELETE /allocations/699f6896-8e80-421c-91be-8476c7aaa8f7 => generated 0 bytes in 37 msecs (HTTP/1.1 204) 5 headers in 198 bytes (1 switches on core 0)
2026-02-25 23:26:32.477 8 INFO placement.requestlog [None req-1fe53e9f-91a2-49b7-9364-152b0c360565 - - - - - -] 10.0.0.112 "GET /" status: 200 len: 136 microversion: 1.0
2026-02-25 23:26:32.477 7 INFO placement.requestlog [None req-c7612109-d658-4939-852a-c7909b86ba32 - - - - - -] 10.0.0.112 "GET /" status: 200 len: 136 microversion: 1.0
2026-02-25 23:26:32.922 8 INFO placement.requestlog [req-4e302b99-f998-412d-99da-259620383185 req-457070ac-82a5-4447-9e27-cd7b2b04793f 124e2900446b4b7788cb1a2717010e9e 2ceff1bf66154b0baa6f07e2da3d1a66 - - 48b46cd0f6294a4e8786b80fe0af1ddd 48b46cd0f6294a4e8786b80fe0af1ddd] 199.204.45.144 "GET /resource_providers/a9b0ec41-2bb3-49e7-8850-977bfcca2683/allocations" status: 200 len: 153 microversion: 1.0 [pid: 8|app: 0|req: 669/1332] 199.204.45.144 () {32 vars in 857 bytes} [Wed Feb 25 23:26:32 2026] GET /resource_providers/a9b0ec41-2bb3-49e7-8850-977bfcca2683/allocations => generated 153 bytes in 19 msecs (HTTP/1.1 200) 6 headers in 224 bytes (1 switches on core 0)
2026-02-25 23:26:32.944 7 INFO placement.requestlog [req-4e302b99-f998-412d-99da-259620383185 req-f828d89b-fbbe-47b0-aeb1-da9cee3c08cc 124e2900446b4b7788cb1a2717010e9e 2ceff1bf66154b0baa6f07e2da3d1a66 - - 48b46cd0f6294a4e8786b80fe0af1ddd 48b46cd0f6294a4e8786b80fe0af1ddd] 199.204.45.144 "GET /allocations/e889e410-2109-443c-b599-6a653906a84f" status: 200 len: 258 microversion: 1.28 [pid: 7|app: 0|req: 664/1333] 199.204.45.144 () {34 vars in 863 bytes} [Wed Feb 25 23:26:32 2026] GET /allocations/e889e410-2109-443c-b599-6a653906a84f => generated 258 bytes in 16 msecs (HTTP/1.1 200) 8 headers in 296 bytes (1 switches on core 0)
2026-02-25 23:26:33.987 8 INFO placement.requestlog [req-4e302b99-f998-412d-99da-259620383185 req-9678cb00-30a6-423d-8c2b-fa9265f481e0 124e2900446b4b7788cb1a2717010e9e 2ceff1bf66154b0baa6f07e2da3d1a66 - - 48b46cd0f6294a4e8786b80fe0af1ddd 48b46cd0f6294a4e8786b80fe0af1ddd] 199.204.45.144 "DELETE /allocations/e889e410-2109-443c-b599-6a653906a84f" status: 204 len: 0 microversion: 1.0 [pid: 8|app: 0|req: 670/1334] 199.204.45.144 () {34 vars in 841 bytes} [Wed Feb 25 23:26:33 2026] DELETE /allocations/e889e410-2109-443c-b599-6a653906a84f => generated 0 bytes in 25 msecs (HTTP/1.1 204) 5 headers in 198 bytes (1 switches on core 0)
2026-02-25 23:26:42.477 7 INFO placement.requestlog [None req-81e8736d-2075-427b-8631-5eca7f3b686d - - - - - -] 10.0.0.112 "GET /" status: 200 len: 136 microversion: 1.0
2026-02-25 23:26:42.477 8 INFO placement.requestlog [None req-b76a1c8b-08f5-4b16-b9e4-6dc7549512fe - - - - - -] 10.0.0.112 "GET /" status: 200 len: 136 microversion: 1.0
2026-02-25 23:26:43.643 7 INFO placement.requestlog [None req-51fe49d0-eb6d-4fec-96c9-cc021f829631 f6296cfbaab44229843517a9902a531b 2ceff1bf66154b0baa6f07e2da3d1a66 - - 48b46cd0f6294a4e8786b80fe0af1ddd 48b46cd0f6294a4e8786b80fe0af1ddd] 10.0.0.103 "GET /resource_providers/cfb743bc-55c6-454f-9697-7bd22769b562/aggregates" status: 404 len: 235 microversion: 1.1 [pid: 7|app: 0|req: 666/1337] 10.0.0.103 () {32 vars in 816 bytes} [Wed Feb 25 23:26:43 2026] GET /resource_providers/cfb743bc-55c6-454f-9697-7bd22769b562/aggregates => generated 235 bytes in 43 msecs (HTTP/1.1 404) 5 headers in 202 bytes (1 switches on core 0)
2026-02-25 23:26:43.648 8 INFO placement.requestlog [None req-dbb1da67-88eb-43e8-8776-e2545eaa08bb f6296cfbaab44229843517a9902a531b 2ceff1bf66154b0baa6f07e2da3d1a66 - - 48b46cd0f6294a4e8786b80fe0af1ddd 48b46cd0f6294a4e8786b80fe0af1ddd] 10.0.0.103 "GET /resource_providers/cfb743bc-55c6-454f-9697-7bd22769b562/aggregates" status: 404 len: 235 microversion: 1.1 [pid: 8|app: 0|req: 672/1338] 10.0.0.103 () {32 vars in 816 bytes} [Wed Feb 25 23:26:43 2026] GET /resource_providers/cfb743bc-55c6-454f-9697-7bd22769b562/aggregates => generated 235 bytes in 51 msecs (HTTP/1.1 404) 5 headers in 202 bytes (1 switches on core 0)
2026-02-25 23:26:43.658 7 INFO placement.requestlog [None req-69468666-b025-42b5-b337-1eaca4996aa5 f6296cfbaab44229843517a9902a531b 2ceff1bf66154b0baa6f07e2da3d1a66 - - 48b46cd0f6294a4e8786b80fe0af1ddd 48b46cd0f6294a4e8786b80fe0af1ddd] 10.0.0.103 "DELETE /resource_providers/cfb743bc-55c6-454f-9697-7bd22769b562" status: 404 len: 246 microversion: 1.1 [pid: 7|app: 0|req: 667/1339] 10.0.0.103 () {34 vars in 816 bytes} [Wed Feb 25 23:26:43 2026] DELETE /resource_providers/cfb743bc-55c6-454f-9697-7bd22769b562 => generated 246 bytes in 7 msecs (HTTP/1.1 404) 6 headers in 231 bytes (1 switches on core 0)
2026-02-25 23:26:43.665 8 INFO placement.requestlog [None req-f1486f4c-cc1c-4d00-a904-520e2fad76c9 f6296cfbaab44229843517a9902a531b 2ceff1bf66154b0baa6f07e2da3d1a66 - - 48b46cd0f6294a4e8786b80fe0af1ddd 48b46cd0f6294a4e8786b80fe0af1ddd] 10.0.0.103 "DELETE /resource_providers/cfb743bc-55c6-454f-9697-7bd22769b562" status: 404 len: 246 microversion: 1.1 [pid: 8|app: 0|req: 673/1340] 10.0.0.103 () {34 vars in 816 bytes} [Wed Feb 25 23:26:43 2026] DELETE /resource_providers/cfb743bc-55c6-454f-9697-7bd22769b562 => generated 246 bytes in 9 msecs (HTTP/1.1 404) 6 headers in 231 bytes (1 switches on core 0)
2026-02-25 23:26:45.678 7 INFO placement.requestlog [None req-c0776d82-9ca3-4792-b013-5ba7fd7fc780 f6296cfbaab44229843517a9902a531b 2ceff1bf66154b0baa6f07e2da3d1a66 - - 48b46cd0f6294a4e8786b80fe0af1ddd 48b46cd0f6294a4e8786b80fe0af1ddd] 10.0.0.103 "GET /resource_providers/3f080fb0-c053-4985-9d00-7fbe0e98b13a/aggregates" status: 404 len: 235 microversion: 1.1 [pid: 7|app: 0|req: 668/1341] 10.0.0.103 () {32 vars in 816 bytes} [Wed Feb 25 23:26:45 2026] GET /resource_providers/3f080fb0-c053-4985-9d00-7fbe0e98b13a/aggregates => generated 235 bytes in 10 msecs (HTTP/1.1 404) 5 headers in 202 bytes (1 switches on core 0)
2026-02-25 23:26:45.699 8 INFO placement.requestlog [None req-ba850da0-cd04-4b77-962d-728dae9c2f17 f6296cfbaab44229843517a9902a531b 2ceff1bf66154b0baa6f07e2da3d1a66 - - 48b46cd0f6294a4e8786b80fe0af1ddd 48b46cd0f6294a4e8786b80fe0af1ddd] 10.0.0.103 "GET /resource_providers/3f080fb0-c053-4985-9d00-7fbe0e98b13a/aggregates" status: 404 len: 235 microversion: 1.1 [pid: 8|app: 0|req: 674/1342] 10.0.0.103 () {32 vars in 816 bytes} [Wed Feb 25 23:26:45 2026] GET /resource_providers/3f080fb0-c053-4985-9d00-7fbe0e98b13a/aggregates => generated 235 bytes in 26 msecs (HTTP/1.1 404) 5 headers in 202 bytes (1 switches on core 0)
2026-02-25 23:26:45.700 7 INFO placement.requestlog [None req-ad1c59d2-457d-486b-8b57-ee57ecb5a23a f6296cfbaab44229843517a9902a531b 2ceff1bf66154b0baa6f07e2da3d1a66 - - 48b46cd0f6294a4e8786b80fe0af1ddd 48b46cd0f6294a4e8786b80fe0af1ddd] 10.0.0.103 "DELETE /resource_providers/3f080fb0-c053-4985-9d00-7fbe0e98b13a" status: 404 len: 246 microversion: 1.1 [pid: 7|app: 0|req: 669/1343] 10.0.0.103 () {34 vars in 816 bytes} [Wed Feb 25 23:26:45 2026] DELETE /resource_providers/3f080fb0-c053-4985-9d00-7fbe0e98b13a => generated 246 bytes in 9 msecs (HTTP/1.1 404) 6 headers in 231 bytes (1 switches on core 0)
2026-02-25 23:26:45.725 7 INFO placement.requestlog [None req-d97960bc-53c2-4645-91a8-ca24611dab3d f6296cfbaab44229843517a9902a531b 2ceff1bf66154b0baa6f07e2da3d1a66 - - 48b46cd0f6294a4e8786b80fe0af1ddd 48b46cd0f6294a4e8786b80fe0af1ddd] 10.0.0.103 "DELETE /resource_providers/3f080fb0-c053-4985-9d00-7fbe0e98b13a" status: 404 len: 246 microversion: 1.1 [pid: 7|app: 0|req: 670/1344] 10.0.0.103 () {34 vars in 816 bytes} [Wed Feb 25 23:26:45 2026] DELETE /resource_providers/3f080fb0-c053-4985-9d00-7fbe0e98b13a => generated 246 bytes in 9 msecs (HTTP/1.1 404) 6 headers in 231 bytes (1 switches on core 0)
2026-02-25 23:26:45.730 8 INFO placement.requestlog [None req-e78fe971-8e5d-4f7d-ac45-207b383635aa f6296cfbaab44229843517a9902a531b 2ceff1bf66154b0baa6f07e2da3d1a66 - - 48b46cd0f6294a4e8786b80fe0af1ddd 48b46cd0f6294a4e8786b80fe0af1ddd] 10.0.0.103 "GET /resource_providers/0361b15c-5350-4b7c-90c1-628c27e4ca12/aggregates" status: 404 len: 235 microversion: 1.1 [pid: 8|app: 0|req: 675/1345] 10.0.0.103 () {32 vars in 816 bytes} [Wed Feb 25 23:26:45 2026] GET /resource_providers/0361b15c-5350-4b7c-90c1-628c27e4ca12/aggregates => generated 235 bytes in 15 msecs (HTTP/1.1 404) 5 headers in 202 bytes (1 switches on core 0)
2026-02-25 23:26:45.743 7 INFO placement.requestlog [None req-8f5b89f1-f526-4465-8d21-b3c1d2000c80 f6296cfbaab44229843517a9902a531b 2ceff1bf66154b0baa6f07e2da3d1a66 - - 48b46cd0f6294a4e8786b80fe0af1ddd 48b46cd0f6294a4e8786b80fe0af1ddd] 10.0.0.103 "GET /resource_providers/0361b15c-5350-4b7c-90c1-628c27e4ca12/aggregates" status: 404 len: 235 microversion: 1.1 [pid: 7|app: 0|req: 671/1346] 10.0.0.103 () {32 vars in 816 bytes} [Wed Feb 25 23:26:45 2026] GET /resource_providers/0361b15c-5350-4b7c-90c1-628c27e4ca12/aggregates => generated 235 bytes in 7 msecs (HTTP/1.1 404) 5 headers in 202 bytes (1 switches on core 0)
2026-02-25 23:26:45.754 7 INFO placement.requestlog [None req-04375e5a-1c45-4716-aebc-c4c8720b5113 f6296cfbaab44229843517a9902a531b 2ceff1bf66154b0baa6f07e2da3d1a66 - - 48b46cd0f6294a4e8786b80fe0af1ddd 48b46cd0f6294a4e8786b80fe0af1ddd] 10.0.0.103 "DELETE /resource_providers/0361b15c-5350-4b7c-90c1-628c27e4ca12" status: 404 len: 246 microversion: 1.1 [pid: 7|app: 0|req: 672/1347] 10.0.0.103 () {34 vars in 816 bytes} [Wed Feb 25 23:26:45 2026] DELETE /resource_providers/0361b15c-5350-4b7c-90c1-628c27e4ca12 => generated 246 bytes in 6 msecs (HTTP/1.1 404) 6 headers in 231 bytes (1 switches on core 0)
2026-02-25 23:26:45.758 8 INFO placement.requestlog [None req-66561c7a-23d0-4f52-9842-0b002130fe5e f6296cfbaab44229843517a9902a531b 2ceff1bf66154b0baa6f07e2da3d1a66 - - 48b46cd0f6294a4e8786b80fe0af1ddd 48b46cd0f6294a4e8786b80fe0af1ddd] 10.0.0.103 "DELETE /resource_providers/0361b15c-5350-4b7c-90c1-628c27e4ca12" status: 404 len: 246 microversion: 1.1 [pid: 8|app: 0|req: 676/1348] 10.0.0.103 () {34 vars in 816 bytes} [Wed Feb 25 23:26:45 2026] DELETE /resource_providers/0361b15c-5350-4b7c-90c1-628c27e4ca12 => generated 246 bytes in 22 msecs (HTTP/1.1 404) 6 headers in 231 bytes (1 switches on core 0)
2026-02-25 23:26:45.771 7 INFO placement.requestlog [None req-38bedc10-4697-4363-ae1c-9d1411016654 f6296cfbaab44229843517a9902a531b 2ceff1bf66154b0baa6f07e2da3d1a66 - - 48b46cd0f6294a4e8786b80fe0af1ddd 48b46cd0f6294a4e8786b80fe0af1ddd] 10.0.0.103 "GET /resource_providers/fdad2f4d-1a01-4e25-ab47-4219d212201a/aggregates" status: 404 len: 235 microversion: 1.1 [pid: 7|app: 0|req: 673/1349] 10.0.0.103 () {32 vars in 816 bytes} [Wed Feb 25 23:26:45 2026] GET /resource_providers/fdad2f4d-1a01-4e25-ab47-4219d212201a/aggregates => generated 235 bytes in 7 msecs (HTTP/1.1 404) 5 headers in 202 bytes (1 switches on core 0)
2026-02-25 23:26:45.782 8 INFO placement.requestlog [None req-1f24f074-7337-492f-8f0c-3d43ad42aeec f6296cfbaab44229843517a9902a531b 2ceff1bf66154b0baa6f07e2da3d1a66 - - 48b46cd0f6294a4e8786b80fe0af1ddd 48b46cd0f6294a4e8786b80fe0af1ddd] 10.0.0.103 "GET /resource_providers/fdad2f4d-1a01-4e25-ab47-4219d212201a/aggregates" status: 404 len: 235 microversion: 1.1 [pid: 8|app: 0|req: 677/1350] 10.0.0.103 () {32 vars in 816 bytes} [Wed Feb 25 23:26:45 2026] GET /resource_providers/fdad2f4d-1a01-4e25-ab47-4219d212201a/aggregates => generated 235 bytes in 14 msecs (HTTP/1.1 404) 5 headers in 202 bytes (1 switches on core 0)
2026-02-25 23:26:45.784 7 INFO placement.requestlog [None req-394722f8-1107-4036-8e95-13d04132d739 f6296cfbaab44229843517a9902a531b 2ceff1bf66154b0baa6f07e2da3d1a66 - - 48b46cd0f6294a4e8786b80fe0af1ddd 48b46cd0f6294a4e8786b80fe0af1ddd] 10.0.0.103 "DELETE /resource_providers/fdad2f4d-1a01-4e25-ab47-4219d212201a" status: 404 len: 246 microversion: 1.1 [pid: 7|app: 0|req: 674/1351] 10.0.0.103 () {34 vars in 816 bytes} [Wed Feb 25 23:26:45 2026] DELETE /resource_providers/fdad2f4d-1a01-4e25-ab47-4219d212201a => generated 246 bytes in 7 msecs (HTTP/1.1 404) 6 headers in 231 bytes (1 switches on core 0)
2026-02-25 23:26:45.799 8 INFO placement.requestlog [None req-479f80ed-ca58-44c4-a187-9d9e1d4edc6f f6296cfbaab44229843517a9902a531b 2ceff1bf66154b0baa6f07e2da3d1a66 - - 48b46cd0f6294a4e8786b80fe0af1ddd 48b46cd0f6294a4e8786b80fe0af1ddd] 10.0.0.103 "DELETE /resource_providers/fdad2f4d-1a01-4e25-ab47-4219d212201a" status: 404 len: 246 microversion: 1.1 [pid: 8|app: 0|req: 678/1352] 10.0.0.103 () {34 vars in 816 bytes} [Wed Feb 25 23:26:45 2026] DELETE /resource_providers/fdad2f4d-1a01-4e25-ab47-4219d212201a => generated 246 bytes in 10 msecs (HTTP/1.1 404) 6 headers in 231 bytes (1 switches on core 0)
2026-02-25 23:26:47.125 7 INFO placement.requestlog [req-53ae6cb4-93d9-4788-8f50-f6993619582b req-e8d91c1c-2222-4e4b-b444-2d7ca5a1d557 124e2900446b4b7788cb1a2717010e9e 2ceff1bf66154b0baa6f07e2da3d1a66 - - 48b46cd0f6294a4e8786b80fe0af1ddd 48b46cd0f6294a4e8786b80fe0af1ddd] 199.204.45.144 "GET /resource_providers/a9b0ec41-2bb3-49e7-8850-977bfcca2683/allocations" status: 200 len: 55 microversion: 1.0 [pid: 7|app: 0|req: 675/1353] 199.204.45.144 () {32 vars in 857 bytes} [Wed Feb 25 23:26:47 2026] GET /resource_providers/a9b0ec41-2bb3-49e7-8850-977bfcca2683/allocations => generated 55 bytes in 11 msecs (HTTP/1.1 200) 6 headers in 223 bytes (1 switches on core 0)
2026-02-25 23:26:47.165 8 INFO placement.requestlog [req-53ae6cb4-93d9-4788-8f50-f6993619582b req-e97f641a-ed88-4cc5-a988-b0633a5268df 124e2900446b4b7788cb1a2717010e9e 2ceff1bf66154b0baa6f07e2da3d1a66 - - 48b46cd0f6294a4e8786b80fe0af1ddd 48b46cd0f6294a4e8786b80fe0af1ddd] 199.204.45.144 "GET /resource_providers/a9b0ec41-2bb3-49e7-8850-977bfcca2683/allocations" status: 200 len: 55 microversion: 1.0 [pid: 8|app: 0|req: 679/1354] 199.204.45.144 () {32 vars in 857 bytes} [Wed Feb 25 23:26:47 2026] GET /resource_providers/a9b0ec41-2bb3-49e7-8850-977bfcca2683/allocations => generated 55 bytes in 32 msecs (HTTP/1.1 200) 6 headers in 223 bytes (1 switches on core 0)
2026-02-25 23:26:48.949 7 INFO placement.requestlog [None req-4be20d7b-6440-4945-8144-9fc4010c1583 339384e68d3541d68ffce2aeee86ec48 baafca8606934f489e450fc93f7a72fe - - default default] 10.0.0.183 "GET /resource_providers" status: 200 len: 406 microversion: 1.0 [pid: 7|app: 0|req: 676/1355] 10.0.0.183 () {28 vars in 593 bytes} [Wed Feb 25 23:26:48 2026] GET /resource_providers => generated 406 bytes in 199 msecs (HTTP/1.1 200) 6 headers in 224 bytes (1 switches on core 0)
2026-02-25 23:26:48.967 8 INFO placement.requestlog [None req-39b35a4a-69ce-4492-a4d9-50024dd8aa11 339384e68d3541d68ffce2aeee86ec48 baafca8606934f489e450fc93f7a72fe - - default default] 10.0.0.183 "GET /resource_providers/a9b0ec41-2bb3-49e7-8850-977bfcca2683/inventories" status: 200 len: 401 microversion: 1.0 [pid: 8|app: 0|req: 680/1356] 10.0.0.183 () {28 vars in 691 bytes} [Wed Feb 25 23:26:48 2026] GET /resource_providers/a9b0ec41-2bb3-49e7-8850-977bfcca2683/inventories => generated 401 bytes in 15 msecs (HTTP/1.1 200) 6 headers in 224 bytes (1 switches on core 0)
2026-02-25 23:26:48.981 7 INFO placement.requestlog [None req-2d8f4c07-2cda-458b-bc5f-e0133d883a6b 339384e68d3541d68ffce2aeee86ec48 baafca8606934f489e450fc93f7a72fe - - default default] 10.0.0.183 "GET /resource_providers/a9b0ec41-2bb3-49e7-8850-977bfcca2683/usages" status: 200 len: 89 microversion: 1.0 [pid: 7|app: 0|req: 677/1357] 10.0.0.183 () {28 vars in 681 bytes} [Wed Feb 25 23:26:48 2026] GET /resource_providers/a9b0ec41-2bb3-49e7-8850-977bfcca2683/usages => generated 89 bytes in 12 msecs (HTTP/1.1 200) 6 headers in 223 bytes (1 switches on core 0)
2026-02-25 23:26:52.478 7 INFO placement.requestlog [None req-a6303467-1f71-40a8-b2cb-195a9a5c1244 - - - - - -] 10.0.0.112 "GET /" status: 200 len: 136 microversion: 1.0
2026-02-25 23:26:52.479 8 INFO placement.requestlog [None req-15ae1288-bcfa-4fe2-99da-be5b6aa4e1bb - - - - - -] 10.0.0.112 "GET /" status: 200 len: 136 microversion: 1.0
2026-02-25 23:27:02.476 7 INFO placement.requestlog [None req-0031f97f-0655-4144-a6bf-124746793ae6 - - - - - -] 10.0.0.112 "GET /" status: 200 len: 136 microversion: 1.0
2026-02-25 23:27:02.477 8 INFO placement.requestlog [None req-92cd89bc-debb-4246-aa2b-adeb2d09b8c2 - - - - - -] 10.0.0.112 "GET /" status: 200 len: 136 microversion: 1.0
2026-02-25 23:27:10.779 7 INFO placement.requestlog [None req-00f8e583-1a35-40ec-bfcb-9dc04bbec3a5 f6296cfbaab44229843517a9902a531b 2ceff1bf66154b0baa6f07e2da3d1a66 - - 48b46cd0f6294a4e8786b80fe0af1ddd 48b46cd0f6294a4e8786b80fe0af1ddd] 10.0.0.103 "GET /resource_providers/7d068a88-d28b-47c1-89a9-432d8532801a/aggregates" status: 404 len: 235 microversion: 1.1 [pid: 7|app: 0|req: 680/1362] 10.0.0.103 () {32 vars in 816 bytes} [Wed Feb 25 23:27:10 2026] GET /resource_providers/7d068a88-d28b-47c1-89a9-432d8532801a/aggregates => generated 235 bytes in 7 msecs (HTTP/1.1 404) 5 headers in 202 bytes (1 switches on core 0)
2026-02-25 23:27:10.782 8 INFO placement.requestlog [None req-93e58171-93c6-4a3d-b597-45899617f720 f6296cfbaab44229843517a9902a531b 2ceff1bf66154b0baa6f07e2da3d1a66 - - 48b46cd0f6294a4e8786b80fe0af1ddd 48b46cd0f6294a4e8786b80fe0af1ddd] 10.0.0.103 "GET /resource_providers/7d068a88-d28b-47c1-89a9-432d8532801a/aggregates" status: 404 len: 235 microversion: 1.1 [pid: 8|app: 0|req: 683/1363] 10.0.0.103 () {32 vars in 816 bytes} [Wed Feb 25 23:27:10 2026] GET /resource_providers/7d068a88-d28b-47c1-89a9-432d8532801a/aggregates => generated 235 bytes in 10 msecs (HTTP/1.1 404) 5 headers in 202 bytes (1 switches on core 0)
2026-02-25 23:27:10.802 7 INFO placement.requestlog [None req-11960a43-23b8-4dd4-8845-5a7032d5bae6 f6296cfbaab44229843517a9902a531b 2ceff1bf66154b0baa6f07e2da3d1a66 - - 48b46cd0f6294a4e8786b80fe0af1ddd 48b46cd0f6294a4e8786b80fe0af1ddd] 10.0.0.103 "DELETE /resource_providers/7d068a88-d28b-47c1-89a9-432d8532801a" status: 404 len: 246 microversion: 1.1 [pid: 7|app: 0|req: 681/1364] 10.0.0.103 () {34 vars in 816 bytes} [Wed Feb 25 23:27:10 2026] DELETE /resource_providers/7d068a88-d28b-47c1-89a9-432d8532801a => generated 246 bytes in 9 msecs (HTTP/1.1 404) 6 headers in 231 bytes (1 switches on core 0)
2026-02-25 23:27:10.805 8 INFO placement.requestlog [None req-5d80b449-6555-4763-a3b0-7336e4ba0c9a f6296cfbaab44229843517a9902a531b 2ceff1bf66154b0baa6f07e2da3d1a66 - - 48b46cd0f6294a4e8786b80fe0af1ddd 48b46cd0f6294a4e8786b80fe0af1ddd] 10.0.0.103 "DELETE /resource_providers/7d068a88-d28b-47c1-89a9-432d8532801a" status: 404 len: 246 microversion: 1.1 [pid: 8|app: 0|req: 684/1365] 10.0.0.103 () {34 vars in 816 bytes} [Wed Feb 25 23:27:10 2026] DELETE /resource_providers/7d068a88-d28b-47c1-89a9-432d8532801a => generated 246 bytes in 9 msecs (HTTP/1.1 404) 6 headers in 231 bytes (1 switches on core 0)
2026-02-25 23:27:12.477 7 INFO placement.requestlog [None req-8dbb163f-9862-4b42-8b2d-cf60905ed4bb - - - - - -] 10.0.0.112 "GET /" status: 200 len: 136 microversion: 1.0
2026-02-25 23:27:12.477 8 INFO placement.requestlog [None req-55f328d0-9119-41b9-b1c9-1ab8c56fff21 - - - - - -] 10.0.0.112 "GET /" status: 200 len: 136 microversion: 1.0
2026-02-25 23:27:22.477 7 INFO placement.requestlog [None req-4325a91e-563f-4672-a45d-e18921dc8d75 - - - - - -] 10.0.0.112 "GET /" status: 200 len: 136 microversion: 1.0
2026-02-25 23:27:22.478 8 INFO placement.requestlog [None req-89229e58-73af-4342-b63d-d602e1ece7cc - - - - - -] 10.0.0.112 "GET /" status: 200 len: 136 microversion: 1.0
2026-02-25 23:27:32.477 7 INFO placement.requestlog [None req-d0a0d93d-6ef3-455e-b7b6-687bdbff67a3 - - - - - -] 10.0.0.112 "GET /" status: 200 len: 136 microversion: 1.0
2026-02-25 23:27:32.478 8 INFO placement.requestlog [None req-b6a47148-789c-424b-afa5-8ff7ade1f763 - - - - - -] 10.0.0.112 "GET /" status: 200 len: 136 microversion: 1.0
2026-02-25 23:27:42.478 7 INFO placement.requestlog [None req-f642fe65-0f62-4b4e-a615-0435a4872755 - - - - - -] 10.0.0.112 "GET /" status: 200 len: 136 microversion: 1.0
2026-02-25 23:27:42.478 8 INFO placement.requestlog [None req-a984000a-e205-4d69-b75d-10937507bebe - - - - - -] 10.0.0.112 "GET /" status: 200 len: 136 microversion: 1.0
2026-02-25 23:27:47.394 7 INFO placement.requestlog [req-78b46d7b-4338-4d68-97f8-4e277876bfb9 req-47adadff-3323-45f0-a1c7-cbf8260e22b0 124e2900446b4b7788cb1a2717010e9e 2ceff1bf66154b0baa6f07e2da3d1a66 - - 48b46cd0f6294a4e8786b80fe0af1ddd 48b46cd0f6294a4e8786b80fe0af1ddd] 199.204.45.144 "GET /resource_providers/a9b0ec41-2bb3-49e7-8850-977bfcca2683/allocations" status: 200 len: 55 microversion: 1.0 [pid: 7|app: 0|req: 686/1374] 199.204.45.144 () {32 vars in 857 bytes} [Wed Feb 25 23:27:47 2026] GET /resource_providers/a9b0ec41-2bb3-49e7-8850-977bfcca2683/allocations => generated 55 bytes in 146 msecs (HTTP/1.1 200) 6 headers in 223 bytes (1 switches on core 0)
2026-02-25 23:27:47.427 8 INFO placement.requestlog [req-78b46d7b-4338-4d68-97f8-4e277876bfb9 req-39f98c36-0ba6-4c7d-8988-82c2fc094f91 124e2900446b4b7788cb1a2717010e9e 2ceff1bf66154b0baa6f07e2da3d1a66 - - 48b46cd0f6294a4e8786b80fe0af1ddd 48b46cd0f6294a4e8786b80fe0af1ddd] 199.204.45.144 "GET /resource_providers?in_tree=a9b0ec41-2bb3-49e7-8850-977bfcca2683" status: 200 len: 798 microversion: 1.14 [pid: 8|app: 0|req: 689/1375] 199.204.45.144 () {34 vars in 892 bytes} [Wed Feb 25 23:27:47 2026] GET /resource_providers?in_tree=a9b0ec41-2bb3-49e7-8850-977bfcca2683 => generated 798 bytes in 27 msecs (HTTP/1.1 200) 6 headers in 225 bytes (1 switches on core 0)
2026-02-25 23:27:47.446 7 INFO placement.requestlog [req-78b46d7b-4338-4d68-97f8-4e277876bfb9 req-ce0335e0-e188-4ce3-83e2-6fb20040b18c 124e2900446b4b7788cb1a2717010e9e 2ceff1bf66154b0baa6f07e2da3d1a66 - - 48b46cd0f6294a4e8786b80fe0af1ddd 48b46cd0f6294a4e8786b80fe0af1ddd] 199.204.45.144 "GET /resource_providers/a9b0ec41-2bb3-49e7-8850-977bfcca2683/inventories" status: 200 len: 401 microversion: 1.0 [pid: 7|app: 0|req: 687/1376] 199.204.45.144 () {32 vars in 857 bytes} [Wed Feb 25 23:27:47 2026] GET /resource_providers/a9b0ec41-2bb3-49e7-8850-977bfcca2683/inventories => generated 401 bytes in 14 msecs (HTTP/1.1 200) 6 headers in 224 bytes (1 switches on core 0)
2026-02-25 23:27:47.464 8 INFO placement.requestlog [req-78b46d7b-4338-4d68-97f8-4e277876bfb9 req-6323666f-42e2-4a60-991e-ddfb9f9e0d88 124e2900446b4b7788cb1a2717010e9e 2ceff1bf66154b0baa6f07e2da3d1a66 - - 48b46cd0f6294a4e8786b80fe0af1ddd 48b46cd0f6294a4e8786b80fe0af1ddd] 199.204.45.144 "GET /resource_providers/a9b0ec41-2bb3-49e7-8850-977bfcca2683/aggregates" status: 200 len: 54 microversion: 1.19 [pid: 8|app: 0|req: 690/1377] 199.204.45.144 () {34 vars in 899 bytes} [Wed Feb 25 23:27:47 2026] GET /resource_providers/a9b0ec41-2bb3-49e7-8850-977bfcca2683/aggregates => generated 54 bytes in 11 msecs (HTTP/1.1 200) 8 headers in 295 bytes (1 switches on core 0)
2026-02-25 23:27:47.491 7 INFO placement.requestlog [req-78b46d7b-4338-4d68-97f8-4e277876bfb9 req-6d498798-9b9b-42d5-9025-ca2494e6b8ab 124e2900446b4b7788cb1a2717010e9e 2ceff1bf66154b0baa6f07e2da3d1a66 - - 48b46cd0f6294a4e8786b80fe0af1ddd 48b46cd0f6294a4e8786b80fe0af1ddd] 199.204.45.144 "GET /resource_providers/a9b0ec41-2bb3-49e7-8850-977bfcca2683/traits" status: 200 len: 1978 microversion: 1.6 [pid: 7|app: 0|req: 688/1378] 199.204.45.144 () {34 vars in 890 bytes} [Wed Feb 25 23:27:47 2026] GET /resource_providers/a9b0ec41-2bb3-49e7-8850-977bfcca2683/traits => generated 1978 bytes in 20 msecs (HTTP/1.1 200) 6 headers in 225 bytes (1 switches on core 0)
2026-02-25 23:27:47.512 8 INFO placement.requestlog [req-78b46d7b-4338-4d68-97f8-4e277876bfb9 req-938287fa-97f7-4108-8e98-77861d05d4dc 124e2900446b4b7788cb1a2717010e9e 2ceff1bf66154b0baa6f07e2da3d1a66 - - 48b46cd0f6294a4e8786b80fe0af1ddd 48b46cd0f6294a4e8786b80fe0af1ddd] 199.204.45.144 "GET /resource_providers/a9b0ec41-2bb3-49e7-8850-977bfcca2683/allocations" status: 200 len: 55 microversion: 1.0 [pid: 8|app: 0|req: 691/1379] 199.204.45.144 () {32 vars in 857 bytes} [Wed Feb 25 23:27:47 2026] GET /resource_providers/a9b0ec41-2bb3-49e7-8850-977bfcca2683/allocations => generated 55 bytes in 15 msecs (HTTP/1.1 200) 6 headers in 223 bytes (1 switches on core 0)
2026-02-25 23:27:48.483 7 INFO placement.requestlog [None req-ea0b0460-c271-4017-b118-579a50e16c19 339384e68d3541d68ffce2aeee86ec48 baafca8606934f489e450fc93f7a72fe - - default default] 10.0.0.183 "GET /resource_providers" status: 200 len: 406 microversion: 1.0 [pid: 7|app: 0|req: 689/1380] 10.0.0.183 () {28 vars in 593 bytes} [Wed Feb 25 23:27:48 2026] GET /resource_providers => generated 406 bytes in 64 msecs (HTTP/1.1 200) 6 headers in 224 bytes (1 switches on core 0)
2026-02-25 23:27:48.525 8 INFO placement.requestlog [None req-c45f9493-f35f-4ecd-a113-ca964dba24f1 339384e68d3541d68ffce2aeee86ec48 baafca8606934f489e450fc93f7a72fe - - default default] 10.0.0.183 "GET /resource_providers/a9b0ec41-2bb3-49e7-8850-977bfcca2683/inventories" status: 200 len: 401 microversion: 1.0 [pid: 8|app: 0|req: 692/1381] 10.0.0.183 () {28 vars in 691 bytes} [Wed Feb 25 23:27:48 2026] GET /resource_providers/a9b0ec41-2bb3-49e7-8850-977bfcca2683/inventories => generated 401 bytes in 35 msecs (HTTP/1.1 200) 6 headers in 224 bytes (1 switches on core 0)
2026-02-25 23:27:48.545 7 INFO placement.requestlog [None req-3da6a03a-2777-4d13-b613-c0b6ba5b71d7 339384e68d3541d68ffce2aeee86ec48 baafca8606934f489e450fc93f7a72fe - - default default] 10.0.0.183 "GET /resource_providers/a9b0ec41-2bb3-49e7-8850-977bfcca2683/usages" status: 200 len: 89 microversion: 1.0 [pid: 7|app: 0|req: 690/1382] 10.0.0.183 () {28 vars in 681 bytes} [Wed Feb 25 23:27:48 2026] GET /resource_providers/a9b0ec41-2bb3-49e7-8850-977bfcca2683/usages => generated 89 bytes in 12 msecs (HTTP/1.1 200) 6 headers in 223 bytes (1 switches on core 0)
2026-02-25 23:27:52.477 8 INFO placement.requestlog [None req-951e8d8a-c3d3-483a-b921-001da7b27081 - - - - - -] 10.0.0.112 "GET /" status: 200 len: 136 microversion: 1.0
2026-02-25 23:27:52.477 7 INFO placement.requestlog [None req-cede48da-123b-4345-a4b5-f4cf91b4608f - - - - - -] 10.0.0.112 "GET /" status: 200 len: 136 microversion: 1.0
2026-02-25 23:28:02.477 8 INFO placement.requestlog [None req-51161fc7-9755-45be-91aa-256061acac31 - - - - - -] 10.0.0.112 "GET /" status: 200 len: 136 microversion: 1.0
2026-02-25 23:28:02.477 7 INFO placement.requestlog [None req-c112904b-44ee-451a-a318-77ded2ee058a - - - - - -] 10.0.0.112 "GET /" status: 200 len: 136 microversion: 1.0
2026-02-25 23:28:12.477 7 INFO placement.requestlog [None req-f4497ae4-dfb8-45e1-b7f4-99e87f45cd02 - - - - - -] 10.0.0.112 "GET /" status: 200 len: 136 microversion: 1.0
2026-02-25 23:28:12.478 8 INFO placement.requestlog [None req-f862040a-9ec4-48d7-8bf2-ee35cbebcb32 - - - - - -] 10.0.0.112 "GET /" status: 200 len: 136 microversion: 1.0
2026-02-25 23:28:22.477 8 INFO placement.requestlog [None req-d9a1d983-c161-4dec-ba95-5455240e86ed - - - - - -] 10.0.0.112 "GET /" status: 200 len: 136 microversion: 1.0
2026-02-25 23:28:22.478 7 INFO placement.requestlog [None req-9febadb2-1c59-4e91-8310-3203c4f4c184 - - - - - -] 10.0.0.112 "GET /" status: 200 len: 136 microversion: 1.0
2026-02-25 23:28:32.477 7 INFO placement.requestlog [None req-9976a7a7-e8e0-492a-a367-cf1439f92777 - - - - - -] 10.0.0.112 "GET /" status: 200 len: 136 microversion: 1.0
2026-02-25 23:28:32.478 8 INFO placement.requestlog [None req-e756064a-ef72-47bb-8839-7719cfb16de0 - - - - - -] 10.0.0.112 "GET /" status: 200 len: 136 microversion: 1.0
2026-02-25 23:28:42.477 7 INFO placement.requestlog [None req-4f57f846-033b-4724-b490-f6033b082aea - - - - - -] 10.0.0.112 "GET /" status: 200 len: 136 microversion: 1.0
2026-02-25 23:28:42.478 8 INFO placement.requestlog [None req-6d120cb8-6b4a-45ac-996b-e5ee2645a5ee - - - - - -] 10.0.0.112 "GET /" status: 200 len: 136 microversion: 1.0
2026-02-25 23:28:47.361 7 INFO placement.requestlog [req-a0ec2ea8-9adb-4cc7-a30c-3334042a388e req-ef01de83-1409-4585-88b7-71b037b09c26 124e2900446b4b7788cb1a2717010e9e 2ceff1bf66154b0baa6f07e2da3d1a66 - - 48b46cd0f6294a4e8786b80fe0af1ddd 48b46cd0f6294a4e8786b80fe0af1ddd] 199.204.45.144 "GET /resource_providers/a9b0ec41-2bb3-49e7-8850-977bfcca2683/allocations" status: 200 len: 55 microversion: 1.0 [pid: 7|app: 0|req: 697/1395] 199.204.45.144 () {32 vars in 857 bytes} [Wed Feb 25 23:28:47 2026] GET /resource_providers/a9b0ec41-2bb3-49e7-8850-977bfcca2683/allocations => generated 55 bytes in 14 msecs (HTTP/1.1 200) 6 headers in 223 bytes (1 switches on core 0)
2026-02-25 23:28:47.397 8 INFO placement.requestlog [req-a0ec2ea8-9adb-4cc7-a30c-3334042a388e req-132bc561-dfb1-4003-a864-fa0f619a306b 124e2900446b4b7788cb1a2717010e9e 2ceff1bf66154b0baa6f07e2da3d1a66 - - 48b46cd0f6294a4e8786b80fe0af1ddd 48b46cd0f6294a4e8786b80fe0af1ddd] 199.204.45.144 "GET /resource_providers/a9b0ec41-2bb3-49e7-8850-977bfcca2683/allocations" status: 200 len: 55 microversion: 1.0 [pid: 8|app: 0|req: 699/1396] 199.204.45.144 () {32 vars in 857 bytes} [Wed Feb 25 23:28:47 2026] GET /resource_providers/a9b0ec41-2bb3-49e7-8850-977bfcca2683/allocations => generated 55 bytes in 29 msecs (HTTP/1.1 200) 6 headers in 223 bytes (1 switches on core 0)
2026-02-25 23:28:48.538 7 INFO placement.requestlog [None req-3309bff1-f7ff-4f89-8c4d-577f36a6aa67 339384e68d3541d68ffce2aeee86ec48 baafca8606934f489e450fc93f7a72fe - - default default] 10.0.0.183 "GET /resource_providers" status: 200 len: 406 microversion: 1.0 [pid: 7|app: 0|req: 698/1397] 10.0.0.183 () {28 vars in 593 bytes} [Wed Feb 25 23:28:48 2026] GET /resource_providers => generated 406 bytes in 101 msecs (HTTP/1.1 200) 6 headers in 224 bytes (1 switches on core 0)
2026-02-25 23:28:48.566 8 INFO placement.requestlog [None req-ab5d9d75-ed5b-4da6-ae08-39d4ca94ded3 339384e68d3541d68ffce2aeee86ec48 baafca8606934f489e450fc93f7a72fe - - default default] 10.0.0.183 "GET /resource_providers/a9b0ec41-2bb3-49e7-8850-977bfcca2683/inventories" status: 200 len: 401 microversion: 1.0 [pid: 8|app: 0|req: 700/1398] 10.0.0.183 () {28 vars in 691 bytes} [Wed Feb 25 23:28:48 2026] GET /resource_providers/a9b0ec41-2bb3-49e7-8850-977bfcca2683/inventories => generated 401 bytes in 24 msecs (HTTP/1.1 200) 6 headers in 224 bytes (1 switches on core 0)
2026-02-25 23:28:48.592 7 INFO placement.requestlog [None req-a67bd009-69fb-46bb-acaa-51bd762560cc 339384e68d3541d68ffce2aeee86ec48 baafca8606934f489e450fc93f7a72fe - - default default] 10.0.0.183 "GET /resource_providers/a9b0ec41-2bb3-49e7-8850-977bfcca2683/usages" status: 200 len: 89 microversion: 1.0 [pid: 7|app: 0|req: 699/1399] 10.0.0.183 () {28 vars in 681 bytes} [Wed Feb 25 23:28:48 2026] GET /resource_providers/a9b0ec41-2bb3-49e7-8850-977bfcca2683/usages => generated 89 bytes in 24 msecs (HTTP/1.1 200) 6 headers in 223 bytes (1 switches on core 0)
2026-02-25 23:28:52.477 7 INFO placement.requestlog [None req-9cd7a91f-0379-4320-90bc-6c72dc1025f1 - - - - - -] 10.0.0.112 "GET /" status: 200 len: 136 microversion: 1.0
2026-02-25 23:28:52.477 8 INFO placement.requestlog [None req-601a329d-6eab-481f-a4fb-fa2aec1b25cd - - - - - -] 10.0.0.112 "GET /" status: 200 len: 136 microversion: 1.0
2026-02-25 23:29:02.477 7 INFO placement.requestlog [None req-c096fdd6-58e7-4ce2-aa1f-0d5e69cf72e0 - - - - - -] 10.0.0.112 "GET /" status: 200 len: 136 microversion: 1.0
2026-02-25 23:29:02.477 8 INFO placement.requestlog [None req-4491f099-d648-4e53-aa0a-32fc82cca9b7 - - - - - -] 10.0.0.112 "GET /" status: 200 len: 136 microversion: 1.0
2026-02-25 23:29:12.477 7 INFO placement.requestlog [None req-59207410-6c97-428b-b7d5-3837fee21f42 - - - - - -] 10.0.0.112 "GET /" status: 200 len: 136 microversion: 1.0
2026-02-25 23:29:12.477 8 INFO placement.requestlog [None req-0bb1a4ca-bf40-4748-abbb-4b351b9415e3 - - - - - -] 10.0.0.112 "GET /" status: 200 len: 136 microversion: 1.0
2026-02-25 23:29:22.477 8 INFO placement.requestlog [None req-f31d4999-abf3-44e5-9565-10ecfe965d69 - - - - - -] 10.0.0.112 "GET /" status: 200 len: 136 microversion: 1.0
2026-02-25 23:29:22.477 7 INFO placement.requestlog [None req-3a3fe7aa-01bc-4703-b00a-93c24ed25643 - - - - - -] 10.0.0.112 "GET /" status: 200 len: 136 microversion: 1.0
2026-02-25 23:29:32.477 8 INFO placement.requestlog [None req-4e77bc93-ee45-459b-8b09-3097480e0cbc - - - - - -] 10.0.0.112 "GET /" status: 200 len: 136 microversion: 1.0
2026-02-25 23:29:32.478 7 INFO placement.requestlog [None req-f7a1d507-12d1-41f9-9634-ecfeba4e1f38 - - - - - -] 10.0.0.112 "GET /" status: 200 len: 136 microversion: 1.0
2026-02-25 23:29:42.477 7 INFO placement.requestlog [None req-cf9697b6-efba-4a7f-8b43-f1be311e64be - - - - - -] 10.0.0.112 "GET /" status: 200 len: 136 microversion: 1.0
2026-02-25 23:29:42.477 8 INFO placement.requestlog [None req-cf532026-5ce1-4384-8c38-668e16194389 - - - - - -] 10.0.0.112 "GET /" status: 200 len: 136 microversion: 1.0
2026-02-25 23:29:48.315 7 INFO placement.requestlog [None req-66f33bf4-c693-4bc6-9f5f-ff03357d5471 339384e68d3541d68ffce2aeee86ec48 baafca8606934f489e450fc93f7a72fe - - default default] 10.0.0.183 "GET /resource_providers" status: 200 len: 406 microversion: 1.0 [pid: 7|app: 0|req: 706/1412] 10.0.0.183 () {28 vars in 593 bytes} [Wed Feb 25 23:29:48 2026] GET /resource_providers => generated 406 bytes in 66 msecs (HTTP/1.1 200) 6 headers in 224 bytes (1 switches on core 0)
2026-02-25 23:29:48.338 8 INFO placement.requestlog [None req-b0cbe319-f08f-4fe2-8cdc-0755c98a717f 339384e68d3541d68ffce2aeee86ec48 baafca8606934f489e450fc93f7a72fe - - default default] 10.0.0.183 "GET /resource_providers/a9b0ec41-2bb3-49e7-8850-977bfcca2683/inventories" status: 200 len: 401 microversion: 1.0 [pid: 8|app: 0|req: 707/1413] 10.0.0.183 () {28 vars in 691 bytes} [Wed Feb 25 23:29:48 2026] GET /resource_providers/a9b0ec41-2bb3-49e7-8850-977bfcca2683/inventories => generated 401 bytes in 19 msecs (HTTP/1.1 200) 6 headers in 224 bytes (1 switches on core 0)
2026-02-25 23:29:48.358 7 INFO placement.requestlog [None req-347364b3-dd40-4b7c-b1c4-d4f08d4472c7 339384e68d3541d68ffce2aeee86ec48 baafca8606934f489e450fc93f7a72fe - - default default] 10.0.0.183 "GET /resource_providers/a9b0ec41-2bb3-49e7-8850-977bfcca2683/usages" status: 200 len: 89 microversion: 1.0 [pid: 7|app: 0|req: 707/1414] 10.0.0.183 () {28 vars in 681 bytes} [Wed Feb 25 23:29:48 2026] GET /resource_providers/a9b0ec41-2bb3-49e7-8850-977bfcca2683/usages => generated 89 bytes in 14 msecs (HTTP/1.1 200) 6 headers in 223 bytes (1 switches on core 0)
2026-02-25 23:29:49.354 8 INFO placement.requestlog [req-adefafe8-6fa1-4ee5-99bc-52cacf9d9990 req-f9f832de-9d9a-4b6d-a256-5aa3e20d4167 124e2900446b4b7788cb1a2717010e9e 2ceff1bf66154b0baa6f07e2da3d1a66 - - 48b46cd0f6294a4e8786b80fe0af1ddd 48b46cd0f6294a4e8786b80fe0af1ddd] 199.204.45.144 "GET /resource_providers/a9b0ec41-2bb3-49e7-8850-977bfcca2683/allocations" status: 200 len: 55 microversion: 1.0 [pid: 8|app: 0|req: 708/1415] 199.204.45.144 () {32 vars in 857 bytes} [Wed Feb 25 23:29:49 2026] GET /resource_providers/a9b0ec41-2bb3-49e7-8850-977bfcca2683/allocations => generated 55 bytes in 21 msecs (HTTP/1.1 200) 6 headers in 223 bytes (1 switches on core 0)
2026-02-25 23:29:49.388 7 INFO placement.requestlog [req-adefafe8-6fa1-4ee5-99bc-52cacf9d9990 req-e94bbdb5-1197-4d75-98f3-3c2582e52448 124e2900446b4b7788cb1a2717010e9e 2ceff1bf66154b0baa6f07e2da3d1a66 - - 48b46cd0f6294a4e8786b80fe0af1ddd 48b46cd0f6294a4e8786b80fe0af1ddd] 199.204.45.144 "GET /resource_providers/a9b0ec41-2bb3-49e7-8850-977bfcca2683/allocations" status: 200 len: 55 microversion: 1.0 [pid: 7|app: 0|req: 708/1416] 199.204.45.144 () {32 vars in 857 bytes} [Wed Feb 25 23:29:49 2026] GET /resource_providers/a9b0ec41-2bb3-49e7-8850-977bfcca2683/allocations => generated 55 bytes in 28 msecs (HTTP/1.1 200) 6 headers in 223 bytes (1 switches on core 0)
2026-02-25 23:29:52.477 8 INFO placement.requestlog [None req-01a1507a-4e57-4ee4-9b43-83ce477fdb50 - - - - - -] 10.0.0.112 "GET /" status: 200 len: 136 microversion: 1.0
2026-02-25 23:29:52.477 7 INFO placement.requestlog [None req-424e944a-30de-4a3c-93e4-d773fecc1040 - - - - - -] 10.0.0.112 "GET /" status: 200 len: 136 microversion: 1.0
2026-02-25 23:30:02.478 8 INFO placement.requestlog [None req-ca58e1b2-6657-490f-a96b-fa51952119da - - - - - -] 10.0.0.112 "GET /" status: 200 len: 136 microversion: 1.0
2026-02-25 23:30:02.478 7 INFO placement.requestlog [None req-7711f389-5fd3-4c52-9253-4e1bccafd147 - - - - - -] 10.0.0.112 "GET /" status: 200 len: 136 microversion: 1.0
2026-02-25 23:30:12.477 7 INFO placement.requestlog [None req-ba7248ae-1041-4e3a-8a87-52e93c1fa80e - - - - - -] 10.0.0.112 "GET /" status: 200 len: 136 microversion: 1.0
2026-02-25 23:30:12.477 8 INFO placement.requestlog [None req-e65a23c3-93dc-4a15-9f5c-6fc1d9aceb88 - - - - - -] 10.0.0.112 "GET /" status: 200 len: 136 microversion: 1.0
2026-02-25 23:30:22.478 7 INFO placement.requestlog [None req-a50ac4f7-7be5-469c-a659-9f5e93c407b0 - - - - - -] 10.0.0.112 "GET /" status: 200 len: 136 microversion: 1.0
2026-02-25 23:30:22.478 8 INFO placement.requestlog [None req-f7357811-f609-4bfd-8ebd-d61e29535483 - - - - - -] 10.0.0.112 "GET /" status: 200 len: 136 microversion: 1.0
2026-02-25 23:30:32.476 7 INFO placement.requestlog [None req-8545dea9-4a3b-4d13-b1b5-d87fbbb9e889 - - - - - -] 10.0.0.112 "GET /" status: 200 len: 136 microversion: 1.0
2026-02-25 23:30:32.476 8 INFO placement.requestlog [None req-b7a5fe97-d4ed-4f59-bc3a-4b141b960d1a - - - - - -] 10.0.0.112 "GET /" status: 200 len: 136 microversion: 1.0
2026-02-25 23:30:42.477 7 INFO placement.requestlog [None req-dba9ecb0-eab1-4d92-9748-587cde7627ca - - - - - -] 10.0.0.112 "GET /" status: 200 len: 136 microversion: 1.0
2026-02-25 23:30:42.477 8 INFO placement.requestlog [None req-2fc8763e-da18-44a2-8312-5b4dde4452b3 - - - - - -] 10.0.0.112 "GET /" status: 200 len: 136 microversion: 1.0
2026-02-25 23:30:48.429 7 INFO placement.requestlog [None req-7acdef98-64e5-4d87-a4f6-f9de8d280470 339384e68d3541d68ffce2aeee86ec48 baafca8606934f489e450fc93f7a72fe - - default default] 10.0.0.183 "GET /resource_providers" status: 200 len: 406 microversion: 1.0 [pid: 7|app: 0|req: 715/1429] 10.0.0.183 () {28 vars in 593 bytes} [Wed Feb 25 23:30:48 2026] GET /resource_providers => generated 406 bytes in 90 msecs (HTTP/1.1 200) 6 headers in 224 bytes (1 switches on core 0)
2026-02-25 23:30:48.458 8 INFO placement.requestlog [None req-e7276b37-38f4-4f93-9cdf-d14db9e85bab 339384e68d3541d68ffce2aeee86ec48 baafca8606934f489e450fc93f7a72fe - - default default] 10.0.0.183 "GET /resource_providers/a9b0ec41-2bb3-49e7-8850-977bfcca2683/inventories" status: 200 len: 401 microversion: 1.0 [pid: 8|app: 0|req: 715/1430] 10.0.0.183 () {28 vars in 691 bytes} [Wed Feb 25 23:30:48 2026] GET /resource_providers/a9b0ec41-2bb3-49e7-8850-977bfcca2683/inventories => generated 401 bytes in 20 msecs (HTTP/1.1 200) 6 headers in 224 bytes (1 switches on core 0)
2026-02-25 23:30:48.481 7 INFO placement.requestlog [None req-b92183fa-473c-4518-b963-126ec9578937 339384e68d3541d68ffce2aeee86ec48 baafca8606934f489e450fc93f7a72fe - - default default] 10.0.0.183 "GET /resource_providers/a9b0ec41-2bb3-49e7-8850-977bfcca2683/usages" status: 200 len: 89 microversion: 1.0 [pid: 7|app: 0|req: 716/1431] 10.0.0.183 () {28 vars in 681 bytes} [Wed Feb 25 23:30:48 2026] GET /resource_providers/a9b0ec41-2bb3-49e7-8850-977bfcca2683/usages => generated 89 bytes in 18 msecs (HTTP/1.1 200) 6 headers in 223 bytes (1 switches on core 0)
