Apr 21 15:03:22.526870 np0000168768 systemd[1]: Starting devstack@n-api-meta.service - Devstack devstack@n-api-meta.service...
Apr 21 15:03:22.535592 np0000168768 devstack@n-api-meta.service[109296]: [uWSGI] getting INI configuration from /etc/nova/nova-metadata-uwsgi.ini
Apr 21 15:03:22.536191 np0000168768 devstack@n-api-meta.service[109296]: open("./http_plugin.so"): No such file or directory [core/utils.c line 3709]
Apr 21 15:03:22.536191 np0000168768 devstack@n-api-meta.service[109296]: !!! UNABLE to load uWSGI plugin: ./http_plugin.so: cannot open shared object file: No such file or directory !!!
Apr 21 15:03:22.536191 np0000168768 devstack@n-api-meta.service[109296]: open("./python3_plugin.so"): No such file or directory [core/utils.c line 3709]
Apr 21 15:03:22.536191 np0000168768 devstack@n-api-meta.service[109296]: !!! UNABLE to load uWSGI plugin: ./python3_plugin.so: cannot open shared object file: No such file or directory !!!
Apr 21 15:03:22.536191 np0000168768 devstack@n-api-meta.service[109296]: *** Starting uWSGI 2.0.31 (64bit) on [Tue Apr 21 15:03:22 2026] ***
Apr 21 15:03:22.536191 np0000168768 devstack@n-api-meta.service[109296]: compiled with version: 13.3.0 on 21 April 2026 14:52:23
Apr 21 15:03:22.536191 np0000168768 devstack@n-api-meta.service[109296]: os: Linux-6.8.0-110-generic #110-Ubuntu SMP PREEMPT_DYNAMIC Thu Mar 19 15:09:20 UTC 2026
Apr 21 15:03:22.536191 np0000168768 devstack@n-api-meta.service[109296]: nodename: np0000168768
Apr 21 15:03:22.536191 np0000168768 devstack@n-api-meta.service[109296]: machine: x86_64
Apr 21 15:03:22.536191 np0000168768 devstack@n-api-meta.service[109296]: clock source: unix
Apr 21 15:03:22.536191 np0000168768 devstack@n-api-meta.service[109296]: pcre jit disabled
Apr 21 15:03:22.536191 np0000168768 devstack@n-api-meta.service[109296]: detected number of CPU cores: 16
Apr 21 15:03:22.536191 np0000168768 devstack@n-api-meta.service[109296]: current working directory: /
Apr 21 15:03:22.536191 np0000168768 devstack@n-api-meta.service[109296]: detected binary path: /opt/stack/data/venv/bin/uwsgi
Apr 21 15:03:22.536191 np0000168768 devstack@n-api-meta.service[109296]: your processes number limit is 256917
Apr 21 15:03:22.536191 np0000168768 devstack@n-api-meta.service[109296]: your memory page size is 4096 bytes
Apr 21 15:03:22.536191 np0000168768 devstack@n-api-meta.service[109296]: detected max file descriptor number: 2048
Apr 21 15:03:22.536191 np0000168768 devstack@n-api-meta.service[109296]: lock engine: pthread robust mutexes
Apr 21 15:03:22.536191 np0000168768 devstack@n-api-meta.service[109296]: thunder lock: enabled
Apr 21 15:03:22.537542 np0000168768 devstack@n-api-meta.service[109296]: uWSGI http bound on 0.0.0.0:8775 fd 5
Apr 21 15:03:22.537542 np0000168768 devstack@n-api-meta.service[109296]: uwsgi socket 0 bound to TCP address 127.0.0.1:33147 (port auto-assigned) fd 4
Apr 21 15:03:22.537542 np0000168768 devstack@n-api-meta.service[109296]: Python version: 3.12.3 (main, Mar 3 2026, 12:15:18) [GCC 13.3.0]
Apr 21 15:03:22.537542 np0000168768 devstack@n-api-meta.service[109296]: PEP 405 virtualenv detected: /opt/stack/data/venv
Apr 21 15:03:22.537542 np0000168768 devstack@n-api-meta.service[109296]: Set PythonHome to /opt/stack/data/venv
Apr 21 15:03:22.572851 np0000168768 devstack@n-api-meta.service[109296]: Python main interpreter initialized at 0x7f1bf20a3668
Apr 21 15:03:22.572851 np0000168768 devstack@n-api-meta.service[109296]: python threads support enabled
Apr 21 15:03:22.572851 np0000168768 devstack@n-api-meta.service[109296]: your server socket listen backlog is limited to 100 connections
Apr 21 15:03:22.572851 np0000168768 devstack@n-api-meta.service[109296]: your mercy for graceful operations on workers is 80 seconds
Apr 21 15:03:22.573422 np0000168768 devstack@n-api-meta.service[109296]: mapped 671795 bytes (656 KB) for 4 cores
Apr 21 15:03:22.573569 np0000168768 devstack@n-api-meta.service[109296]: *** Operational MODE: preforking ***
Apr 21 15:03:22.573778 np0000168768 devstack@n-api-meta.service[109296]: *** uWSGI is running in multiple interpreter mode ***
Apr 21 15:03:22.573778 np0000168768 devstack@n-api-meta.service[109296]: spawned uWSGI master process (pid: 109296)
Apr 21 15:03:22.574001 np0000168768 systemd[1]: Started devstack@n-api-meta.service - Devstack devstack@n-api-meta.service.
Apr 21 15:03:22.574412 np0000168768 devstack@n-api-meta.service[109296]: spawned uWSGI worker 1 (pid: 109299, cores: 1)
Apr 21 15:03:22.574826 np0000168768 devstack@n-api-meta.service[109296]: spawned uWSGI worker 2 (pid: 109300, cores: 1)
Apr 21 15:03:22.575243 np0000168768 devstack@n-api-meta.service[109296]: spawned uWSGI worker 3 (pid: 109301, cores: 1)
Apr 21 15:03:22.575657 np0000168768 devstack@n-api-meta.service[109296]: spawned uWSGI worker 4 (pid: 109302, cores: 1)
Apr 21 15:03:22.576110 np0000168768 devstack@n-api-meta.service[109296]: spawned uWSGI http 1 (pid: 109303)
Apr 21 15:03:22.576110 np0000168768 devstack@n-api-meta.service[109296]: running "unix_signal:15 gracefully_kill_them_all" (master-start)...
Apr 21 15:03:22.903925 np0000168768 devstack@n-api-meta.service[109299]: /opt/stack/data/venv/lib/python3.12/site-packages/oslo_concurrency/lockutils.py:41: EventletDeprecationWarning:
Apr 21 15:03:22.903925 np0000168768 devstack@n-api-meta.service[109299]: Eventlet is deprecated. It is currently being maintained in bugfix mode, and
Apr 21 15:03:22.903925 np0000168768 devstack@n-api-meta.service[109299]: we strongly recommend against using it for new projects.
Apr 21 15:03:22.903925 np0000168768 devstack@n-api-meta.service[109299]: If you are already using Eventlet, we recommend migrating to a different
Apr 21 15:03:22.903925 np0000168768 devstack@n-api-meta.service[109299]: framework. For more detail see
Apr 21 15:03:22.903925 np0000168768 devstack@n-api-meta.service[109299]: https://eventlet.readthedocs.io/en/latest/asyncio/migration.html
Apr 21 15:03:22.903925 np0000168768 devstack@n-api-meta.service[109299]: import eventlet
Apr 21 15:03:22.904653 np0000168768 devstack@n-api-meta.service[109301]: /opt/stack/data/venv/lib/python3.12/site-packages/oslo_concurrency/lockutils.py:41: EventletDeprecationWarning:
Apr 21 15:03:22.904653 np0000168768 devstack@n-api-meta.service[109301]: Eventlet is deprecated. It is currently being maintained in bugfix mode, and
Apr 21 15:03:22.904653 np0000168768 devstack@n-api-meta.service[109301]: we strongly recommend against using it for new projects.
Apr 21 15:03:22.904653 np0000168768 devstack@n-api-meta.service[109301]: If you are already using Eventlet, we recommend migrating to a different
Apr 21 15:03:22.904653 np0000168768 devstack@n-api-meta.service[109301]: framework. For more detail see
Apr 21 15:03:22.904653 np0000168768 devstack@n-api-meta.service[109301]: https://eventlet.readthedocs.io/en/latest/asyncio/migration.html
Apr 21 15:03:22.904653 np0000168768 devstack@n-api-meta.service[109301]: import eventlet
Apr 21 15:03:22.906443 np0000168768 devstack@n-api-meta.service[109300]: /opt/stack/data/venv/lib/python3.12/site-packages/oslo_concurrency/lockutils.py:41: EventletDeprecationWarning:
Apr 21 15:03:22.906443 np0000168768 devstack@n-api-meta.service[109300]: Eventlet is deprecated. It is currently being maintained in bugfix mode, and
Apr 21 15:03:22.906443 np0000168768 devstack@n-api-meta.service[109300]: we strongly recommend against using it for new projects.
Apr 21 15:03:22.906443 np0000168768 devstack@n-api-meta.service[109300]: If you are already using Eventlet, we recommend migrating to a different
Apr 21 15:03:22.906443 np0000168768 devstack@n-api-meta.service[109300]: framework. For more detail see
Apr 21 15:03:22.906443 np0000168768 devstack@n-api-meta.service[109300]: https://eventlet.readthedocs.io/en/latest/asyncio/migration.html
Apr 21 15:03:22.906443 np0000168768 devstack@n-api-meta.service[109300]: import eventlet
Apr 21 15:03:22.941807 np0000168768 devstack@n-api-meta.service[109302]: /opt/stack/data/venv/lib/python3.12/site-packages/oslo_concurrency/lockutils.py:41: EventletDeprecationWarning:
Apr 21 15:03:22.941807 np0000168768 devstack@n-api-meta.service[109302]: Eventlet is deprecated. It is currently being maintained in bugfix mode, and
Apr 21 15:03:22.941807 np0000168768 devstack@n-api-meta.service[109302]: we strongly recommend against using it for new projects.
Apr 21 15:03:22.941807 np0000168768 devstack@n-api-meta.service[109302]: If you are already using Eventlet, we recommend migrating to a different
Apr 21 15:03:22.941807 np0000168768 devstack@n-api-meta.service[109302]: framework. For more detail see
Apr 21 15:03:22.941807 np0000168768 devstack@n-api-meta.service[109302]: https://eventlet.readthedocs.io/en/latest/asyncio/migration.html
Apr 21 15:03:22.941807 np0000168768 devstack@n-api-meta.service[109302]: import eventlet
Apr 21 15:03:22.949960 np0000168768 devstack@n-api-meta.service[109301]: Service is starting with native threading. This is currently experimental. Do not use it in production without first testing it in pre-production.
Apr 21 15:03:22.954239 np0000168768 devstack@n-api-meta.service[109300]: Service is starting with native threading. This is currently experimental. Do not use it in production without first testing it in pre-production.
Apr 21 15:03:22.957737 np0000168768 devstack@n-api-meta.service[109299]: Service is starting with native threading. This is currently experimental. Do not use it in production without first testing it in pre-production.
Apr 21 15:03:22.990551 np0000168768 devstack@n-api-meta.service[109302]: Service is starting with native threading. This is currently experimental. Do not use it in production without first testing it in pre-production.
Apr 21 15:03:24.348035 np0000168768 devstack@n-api-meta.service[109300]: INFO dbcounter [None req-db86f2a6-10c3-4efd-9573-f548520d528a None None] Registered counter for database nova_api
Apr 21 15:03:24.356365 np0000168768 devstack@n-api-meta.service[109301]: INFO dbcounter [None req-08032897-da72-4f6c-b584-2d28b0b63c88 None None] Registered counter for database nova_api
Apr 21 15:03:24.366731 np0000168768 devstack@n-api-meta.service[109300]: DEBUG oslo_db.sqlalchemy.engines [None req-db86f2a6-10c3-4efd-9573-f548520d528a None None] MySQL server mode set to STRICT_TRANS_TABLES,STRICT_ALL_TABLES,NO_ZERO_IN_DATE,NO_ZERO_DATE,ERROR_FOR_DIVISION_BY_ZERO,TRADITIONAL,NO_ENGINE_SUBSTITUTION {{(pid=109300) _check_effective_sql_mode /opt/stack/data/venv/lib/python3.12/site-packages/oslo_db/sqlalchemy/engines.py:325}}
Apr 21 15:03:24.372927 np0000168768 devstack@n-api-meta.service[109301]: DEBUG oslo_db.sqlalchemy.engines [None req-08032897-da72-4f6c-b584-2d28b0b63c88 None None] MySQL server mode set to STRICT_TRANS_TABLES,STRICT_ALL_TABLES,NO_ZERO_IN_DATE,NO_ZERO_DATE,ERROR_FOR_DIVISION_BY_ZERO,TRADITIONAL,NO_ENGINE_SUBSTITUTION {{(pid=109301) _check_effective_sql_mode /opt/stack/data/venv/lib/python3.12/site-packages/oslo_db/sqlalchemy/engines.py:325}}
Apr 21 15:03:24.403919 np0000168768 devstack@n-api-meta.service[109300]: DEBUG dbcounter [-] [109300] Writer thread running {{(pid=109300) stat_writer /opt/stack/data/venv/lib/python3.12/site-packages/dbcounter.py:102}}
Apr 21 15:03:24.406211 np0000168768 devstack@n-api-meta.service[109300]: DEBUG nova.context [None req-db86f2a6-10c3-4efd-9573-f548520d528a None None] Found 2 cells: 00000000-0000-0000-0000-000000000000(cell0),3208e9e2-0071-4301-a6cb-548cb1206e28(cell1) {{(pid=109300) load_cells /opt/stack/nova/nova/context.py:509}}
Apr 21 15:03:24.406394 np0000168768 devstack@n-api-meta.service[109300]: INFO nova.utils [None req-db86f2a6-10c3-4efd-9573-f548520d528a None None] The cell worker thread pool MainProcess.cell_worker is initialized
Apr 21 15:03:24.408819 np0000168768 devstack@n-api-meta.service[109300]: DEBUG oslo_concurrency.lockutils [None req-db86f2a6-10c3-4efd-9573-f548520d528a None None] Acquiring lock "00000000-0000-0000-0000-000000000000" by "nova.context.set_target_cell..get_or_set_cached_cell_and_set_connections" {{(pid=109300) inner /opt/stack/data/venv/lib/python3.12/site-packages/oslo_concurrency/lockutils.py:506}}
Apr 21 15:03:24.409070 np0000168768 devstack@n-api-meta.service[109301]: DEBUG dbcounter [-] [109301] Writer thread running {{(pid=109301) stat_writer /opt/stack/data/venv/lib/python3.12/site-packages/dbcounter.py:102}}
Apr 21 15:03:24.409155 np0000168768 devstack@n-api-meta.service[109300]: DEBUG oslo_concurrency.lockutils [None req-db86f2a6-10c3-4efd-9573-f548520d528a None None] Lock "00000000-0000-0000-0000-000000000000" acquired by "nova.context.set_target_cell..get_or_set_cached_cell_and_set_connections" :: waited 0.000s {{(pid=109300) inner /opt/stack/data/venv/lib/python3.12/site-packages/oslo_concurrency/lockutils.py:519}}
Apr 21 15:03:24.409231 np0000168768 devstack@n-api-meta.service[109299]: INFO dbcounter [None req-a59d3a4a-7e87-4421-b314-541bd52a0c9f None None] Registered counter for database nova_api
Apr 21 15:03:24.409744 np0000168768 devstack@n-api-meta.service[109300]: DEBUG oslo_concurrency.lockutils [None req-db86f2a6-10c3-4efd-9573-f548520d528a None None] Lock "00000000-0000-0000-0000-000000000000" "released" by "nova.context.set_target_cell..get_or_set_cached_cell_and_set_connections" :: held 0.000s {{(pid=109300) inner /opt/stack/data/venv/lib/python3.12/site-packages/oslo_concurrency/lockutils.py:538}}
Apr 21 15:03:24.410174 np0000168768 devstack@n-api-meta.service[109300]: DEBUG oslo_concurrency.lockutils [None req-db86f2a6-10c3-4efd-9573-f548520d528a None None] Acquiring lock "3208e9e2-0071-4301-a6cb-548cb1206e28" by "nova.context.set_target_cell..get_or_set_cached_cell_and_set_connections" {{(pid=109300) inner /opt/stack/data/venv/lib/python3.12/site-packages/oslo_concurrency/lockutils.py:506}}
Apr 21 15:03:24.410369 np0000168768 devstack@n-api-meta.service[109300]: DEBUG oslo_concurrency.lockutils [None req-db86f2a6-10c3-4efd-9573-f548520d528a None None] Lock "3208e9e2-0071-4301-a6cb-548cb1206e28" acquired by "nova.context.set_target_cell..get_or_set_cached_cell_and_set_connections" :: waited 0.000s {{(pid=109300) inner /opt/stack/data/venv/lib/python3.12/site-packages/oslo_concurrency/lockutils.py:519}}
Apr 21 15:03:24.411133 np0000168768 devstack@n-api-meta.service[109301]: DEBUG nova.context [None req-08032897-da72-4f6c-b584-2d28b0b63c88 None None] Found 2 cells: 00000000-0000-0000-0000-000000000000(cell0),3208e9e2-0071-4301-a6cb-548cb1206e28(cell1) {{(pid=109301) load_cells /opt/stack/nova/nova/context.py:509}}
Apr 21 15:03:24.411381 np0000168768 devstack@n-api-meta.service[109301]: INFO nova.utils [None req-08032897-da72-4f6c-b584-2d28b0b63c88 None None] The cell worker thread pool MainProcess.cell_worker is initialized
Apr 21 15:03:24.411494 np0000168768 devstack@n-api-meta.service[109300]: DEBUG oslo_concurrency.lockutils [None req-db86f2a6-10c3-4efd-9573-f548520d528a None None] Lock "3208e9e2-0071-4301-a6cb-548cb1206e28" "released" by "nova.context.set_target_cell..get_or_set_cached_cell_and_set_connections" :: held 0.001s {{(pid=109300) inner /opt/stack/data/venv/lib/python3.12/site-packages/oslo_concurrency/lockutils.py:538}}
Apr 21 15:03:24.413069 np0000168768 devstack@n-api-meta.service[109301]: DEBUG oslo_concurrency.lockutils [None req-08032897-da72-4f6c-b584-2d28b0b63c88 None None] Acquiring lock "00000000-0000-0000-0000-000000000000" by "nova.context.set_target_cell..get_or_set_cached_cell_and_set_connections" {{(pid=109301) inner /opt/stack/data/venv/lib/python3.12/site-packages/oslo_concurrency/lockutils.py:506}}
Apr 21 15:03:24.413207 np0000168768 devstack@n-api-meta.service[109301]: DEBUG oslo_concurrency.lockutils [None req-08032897-da72-4f6c-b584-2d28b0b63c88 None None] Lock "00000000-0000-0000-0000-000000000000" acquired by "nova.context.set_target_cell..get_or_set_cached_cell_and_set_connections" :: waited 0.000s {{(pid=109301) inner /opt/stack/data/venv/lib/python3.12/site-packages/oslo_concurrency/lockutils.py:519}}
Apr 21 15:03:24.413552 np0000168768 devstack@n-api-meta.service[109301]: DEBUG oslo_concurrency.lockutils [None req-08032897-da72-4f6c-b584-2d28b0b63c88 None None] Lock "00000000-0000-0000-0000-000000000000" "released" by "nova.context.set_target_cell..get_or_set_cached_cell_and_set_connections" :: held 0.000s {{(pid=109301) inner /opt/stack/data/venv/lib/python3.12/site-packages/oslo_concurrency/lockutils.py:538}}
Apr 21 15:03:24.414356 np0000168768 devstack@n-api-meta.service[109301]: DEBUG oslo_concurrency.lockutils [None req-08032897-da72-4f6c-b584-2d28b0b63c88 None None] Acquiring lock "3208e9e2-0071-4301-a6cb-548cb1206e28" by "nova.context.set_target_cell..get_or_set_cached_cell_and_set_connections" {{(pid=109301) inner /opt/stack/data/venv/lib/python3.12/site-packages/oslo_concurrency/lockutils.py:506}}
Apr 21 15:03:24.414462 np0000168768 devstack@n-api-meta.service[109300]: INFO dbcounter [None req-db86f2a6-10c3-4efd-9573-f548520d528a None None] Registered counter for database nova_cell0
Apr 21 15:03:24.414524 np0000168768 devstack@n-api-meta.service[109301]: DEBUG oslo_concurrency.lockutils [None req-08032897-da72-4f6c-b584-2d28b0b63c88 None None] Lock "3208e9e2-0071-4301-a6cb-548cb1206e28" acquired by "nova.context.set_target_cell..get_or_set_cached_cell_and_set_connections" :: waited 0.000s {{(pid=109301) inner /opt/stack/data/venv/lib/python3.12/site-packages/oslo_concurrency/lockutils.py:519}}
Apr 21 15:03:24.415468 np0000168768 devstack@n-api-meta.service[109301]: DEBUG oslo_concurrency.lockutils [None req-08032897-da72-4f6c-b584-2d28b0b63c88 None None] Lock "3208e9e2-0071-4301-a6cb-548cb1206e28" "released" by "nova.context.set_target_cell..get_or_set_cached_cell_and_set_connections" :: held 0.001s {{(pid=109301) inner /opt/stack/data/venv/lib/python3.12/site-packages/oslo_concurrency/lockutils.py:538}}
Apr 21 15:03:24.418581 np0000168768 devstack@n-api-meta.service[109301]: INFO dbcounter [None req-08032897-da72-4f6c-b584-2d28b0b63c88 None None] Registered counter for database nova_cell0
Apr 21 15:03:24.419825 np0000168768 devstack@n-api-meta.service[109300]: INFO dbcounter [None req-db86f2a6-10c3-4efd-9573-f548520d528a None None] Registered counter for database nova_cell1
Apr 21 15:03:24.422856 np0000168768 devstack@n-api-meta.service[109302]: INFO dbcounter [None req-40fdb6b6-0894-4123-8c3c-62d44141ee66 None None] Registered counter for database nova_api
Apr 21 15:03:24.424081 np0000168768 devstack@n-api-meta.service[109301]: INFO dbcounter [None req-08032897-da72-4f6c-b584-2d28b0b63c88 None None] Registered counter for database nova_cell1
Apr 21 15:03:24.426040 np0000168768 devstack@n-api-meta.service[109299]: DEBUG oslo_db.sqlalchemy.engines [None req-a59d3a4a-7e87-4421-b314-541bd52a0c9f None None] MySQL server mode set to STRICT_TRANS_TABLES,STRICT_ALL_TABLES,NO_ZERO_IN_DATE,NO_ZERO_DATE,ERROR_FOR_DIVISION_BY_ZERO,TRADITIONAL,NO_ENGINE_SUBSTITUTION {{(pid=109299) _check_effective_sql_mode /opt/stack/data/venv/lib/python3.12/site-packages/oslo_db/sqlalchemy/engines.py:325}}
Apr 21 15:03:24.430661 np0000168768 devstack@n-api-meta.service[109300]: DEBUG oslo_db.sqlalchemy.engines [None req-db86f2a6-10c3-4efd-9573-f548520d528a None None] MySQL server mode set to STRICT_TRANS_TABLES,STRICT_ALL_TABLES,NO_ZERO_IN_DATE,NO_ZERO_DATE,ERROR_FOR_DIVISION_BY_ZERO,TRADITIONAL,NO_ENGINE_SUBSTITUTION {{(pid=109300) _check_effective_sql_mode /opt/stack/data/venv/lib/python3.12/site-packages/oslo_db/sqlalchemy/engines.py:325}}
Apr 21 15:03:24.441983 np0000168768 devstack@n-api-meta.service[109300]: DEBUG oslo_db.sqlalchemy.engines [None req-db86f2a6-10c3-4efd-9573-f548520d528a None None] MySQL server mode set to STRICT_TRANS_TABLES,STRICT_ALL_TABLES,NO_ZERO_IN_DATE,NO_ZERO_DATE,ERROR_FOR_DIVISION_BY_ZERO,TRADITIONAL,NO_ENGINE_SUBSTITUTION {{(pid=109300) _check_effective_sql_mode /opt/stack/data/venv/lib/python3.12/site-packages/oslo_db/sqlalchemy/engines.py:325}}
Apr 21 15:03:24.442637 np0000168768 devstack@n-api-meta.service[109301]: DEBUG oslo_db.sqlalchemy.engines [None req-08032897-da72-4f6c-b584-2d28b0b63c88 None None] MySQL server mode set to STRICT_TRANS_TABLES,STRICT_ALL_TABLES,NO_ZERO_IN_DATE,NO_ZERO_DATE,ERROR_FOR_DIVISION_BY_ZERO,TRADITIONAL,NO_ENGINE_SUBSTITUTION {{(pid=109301) _check_effective_sql_mode /opt/stack/data/venv/lib/python3.12/site-packages/oslo_db/sqlalchemy/engines.py:325}}
Apr 21 15:03:24.458054 np0000168768 devstack@n-api-meta.service[109302]: DEBUG oslo_db.sqlalchemy.engines [None req-40fdb6b6-0894-4123-8c3c-62d44141ee66 None None] MySQL server mode set to STRICT_TRANS_TABLES,STRICT_ALL_TABLES,NO_ZERO_IN_DATE,NO_ZERO_DATE,ERROR_FOR_DIVISION_BY_ZERO,TRADITIONAL,NO_ENGINE_SUBSTITUTION {{(pid=109302) _check_effective_sql_mode /opt/stack/data/venv/lib/python3.12/site-packages/oslo_db/sqlalchemy/engines.py:325}}
Apr 21 15:03:24.460757 np0000168768 devstack@n-api-meta.service[109299]: DEBUG dbcounter [-] [109299] Writer thread running {{(pid=109299) stat_writer /opt/stack/data/venv/lib/python3.12/site-packages/dbcounter.py:102}}
Apr 21 15:03:24.461562 np0000168768 devstack@n-api-meta.service[109301]: DEBUG oslo_db.sqlalchemy.engines [None req-08032897-da72-4f6c-b584-2d28b0b63c88 None None] MySQL server mode set to STRICT_TRANS_TABLES,STRICT_ALL_TABLES,NO_ZERO_IN_DATE,NO_ZERO_DATE,ERROR_FOR_DIVISION_BY_ZERO,TRADITIONAL,NO_ENGINE_SUBSTITUTION {{(pid=109301) _check_effective_sql_mode /opt/stack/data/venv/lib/python3.12/site-packages/oslo_db/sqlalchemy/engines.py:325}}
Apr 21 15:03:24.463311 np0000168768 devstack@n-api-meta.service[109299]: DEBUG nova.context [None req-a59d3a4a-7e87-4421-b314-541bd52a0c9f None None] Found 2 cells: 00000000-0000-0000-0000-000000000000(cell0),3208e9e2-0071-4301-a6cb-548cb1206e28(cell1) {{(pid=109299) load_cells /opt/stack/nova/nova/context.py:509}}
Apr 21 15:03:24.463669 np0000168768 devstack@n-api-meta.service[109299]: INFO nova.utils [None req-a59d3a4a-7e87-4421-b314-541bd52a0c9f None None] The cell worker thread pool MainProcess.cell_worker is initialized
Apr 21 15:03:24.465355 np0000168768 devstack@n-api-meta.service[109299]: DEBUG oslo_concurrency.lockutils [None req-a59d3a4a-7e87-4421-b314-541bd52a0c9f None None] Acquiring lock "00000000-0000-0000-0000-000000000000" by "nova.context.set_target_cell..get_or_set_cached_cell_and_set_connections" {{(pid=109299) inner /opt/stack/data/venv/lib/python3.12/site-packages/oslo_concurrency/lockutils.py:506}}
Apr 21 15:03:24.465501 np0000168768 devstack@n-api-meta.service[109299]: DEBUG oslo_concurrency.lockutils [None req-a59d3a4a-7e87-4421-b314-541bd52a0c9f None None] Lock "00000000-0000-0000-0000-000000000000" acquired by "nova.context.set_target_cell..get_or_set_cached_cell_and_set_connections" :: waited 0.000s {{(pid=109299) inner /opt/stack/data/venv/lib/python3.12/site-packages/oslo_concurrency/lockutils.py:519}}
Apr 21 15:03:24.465850 np0000168768 devstack@n-api-meta.service[109299]: DEBUG oslo_concurrency.lockutils [None req-a59d3a4a-7e87-4421-b314-541bd52a0c9f None None] Lock "00000000-0000-0000-0000-000000000000" "released" by "nova.context.set_target_cell..get_or_set_cached_cell_and_set_connections" :: held 0.000s {{(pid=109299) inner /opt/stack/data/venv/lib/python3.12/site-packages/oslo_concurrency/lockutils.py:538}}
Apr 21 15:03:24.466534 np0000168768 devstack@n-api-meta.service[109299]: DEBUG oslo_concurrency.lockutils [None req-a59d3a4a-7e87-4421-b314-541bd52a0c9f None None] Acquiring lock "3208e9e2-0071-4301-a6cb-548cb1206e28" by "nova.context.set_target_cell..get_or_set_cached_cell_and_set_connections" {{(pid=109299) inner /opt/stack/data/venv/lib/python3.12/site-packages/oslo_concurrency/lockutils.py:506}}
Apr 21 15:03:24.466667 np0000168768 devstack@n-api-meta.service[109299]: DEBUG oslo_concurrency.lockutils [None req-a59d3a4a-7e87-4421-b314-541bd52a0c9f None None] Lock "3208e9e2-0071-4301-a6cb-548cb1206e28" acquired by "nova.context.set_target_cell..get_or_set_cached_cell_and_set_connections" :: waited 0.000s {{(pid=109299) inner /opt/stack/data/venv/lib/python3.12/site-packages/oslo_concurrency/lockutils.py:519}}
Apr 21 15:03:24.467542 np0000168768 devstack@n-api-meta.service[109299]: DEBUG oslo_concurrency.lockutils [None req-a59d3a4a-7e87-4421-b314-541bd52a0c9f None None] Lock "3208e9e2-0071-4301-a6cb-548cb1206e28" "released" by "nova.context.set_target_cell..get_or_set_cached_cell_and_set_connections" :: held 0.001s {{(pid=109299) inner /opt/stack/data/venv/lib/python3.12/site-packages/oslo_concurrency/lockutils.py:538}}
Apr 21 15:03:24.470451 np0000168768 devstack@n-api-meta.service[109299]: INFO dbcounter [None req-a59d3a4a-7e87-4421-b314-541bd52a0c9f None None] Registered counter for database nova_cell0
Apr 21 15:03:24.477065 np0000168768 devstack@n-api-meta.service[109299]: INFO dbcounter [None req-a59d3a4a-7e87-4421-b314-541bd52a0c9f None None] Registered counter for database nova_cell1
Apr 21 15:03:24.487916 np0000168768 devstack@n-api-meta.service[109299]: DEBUG oslo_db.sqlalchemy.engines [None req-a59d3a4a-7e87-4421-b314-541bd52a0c9f None None] MySQL server mode set to STRICT_TRANS_TABLES,STRICT_ALL_TABLES,NO_ZERO_IN_DATE,NO_ZERO_DATE,ERROR_FOR_DIVISION_BY_ZERO,TRADITIONAL,NO_ENGINE_SUBSTITUTION {{(pid=109299) _check_effective_sql_mode /opt/stack/data/venv/lib/python3.12/site-packages/oslo_db/sqlalchemy/engines.py:325}}
Apr 21 15:03:24.494254 np0000168768 devstack@n-api-meta.service[109302]: DEBUG dbcounter [-] [109302] Writer thread running {{(pid=109302) stat_writer /opt/stack/data/venv/lib/python3.12/site-packages/dbcounter.py:102}}
Apr 21 15:03:24.496726 np0000168768 devstack@n-api-meta.service[109302]: DEBUG nova.context [None req-40fdb6b6-0894-4123-8c3c-62d44141ee66 None None] Found 2 cells: 00000000-0000-0000-0000-000000000000(cell0),3208e9e2-0071-4301-a6cb-548cb1206e28(cell1) {{(pid=109302) load_cells /opt/stack/nova/nova/context.py:509}}
Apr 21 15:03:24.496953 np0000168768 devstack@n-api-meta.service[109302]: INFO nova.utils [None req-40fdb6b6-0894-4123-8c3c-62d44141ee66 None None] The cell worker thread pool MainProcess.cell_worker is initialized
Apr 21 15:03:24.499500 np0000168768 devstack@n-api-meta.service[109302]: DEBUG oslo_concurrency.lockutils [None req-40fdb6b6-0894-4123-8c3c-62d44141ee66 None None] Acquiring lock "00000000-0000-0000-0000-000000000000" by "nova.context.set_target_cell..get_or_set_cached_cell_and_set_connections" {{(pid=109302) inner /opt/stack/data/venv/lib/python3.12/site-packages/oslo_concurrency/lockutils.py:506}}
Apr 21 15:03:24.499500 np0000168768 devstack@n-api-meta.service[109302]: DEBUG oslo_concurrency.lockutils [None req-40fdb6b6-0894-4123-8c3c-62d44141ee66 None None] Lock "00000000-0000-0000-0000-000000000000" acquired by "nova.context.set_target_cell..get_or_set_cached_cell_and_set_connections" :: waited 0.000s {{(pid=109302) inner /opt/stack/data/venv/lib/python3.12/site-packages/oslo_concurrency/lockutils.py:519}}
Apr 21 15:03:24.499500 np0000168768 devstack@n-api-meta.service[109302]: DEBUG oslo_concurrency.lockutils [None req-40fdb6b6-0894-4123-8c3c-62d44141ee66 None None] Lock "00000000-0000-0000-0000-000000000000" "released" by "nova.context.set_target_cell..get_or_set_cached_cell_and_set_connections" :: held 0.000s {{(pid=109302) inner /opt/stack/data/venv/lib/python3.12/site-packages/oslo_concurrency/lockutils.py:538}}
Apr 21 15:03:24.500003 np0000168768 devstack@n-api-meta.service[109302]: DEBUG oslo_concurrency.lockutils [None req-40fdb6b6-0894-4123-8c3c-62d44141ee66 None None] Acquiring lock "3208e9e2-0071-4301-a6cb-548cb1206e28" by "nova.context.set_target_cell..get_or_set_cached_cell_and_set_connections" {{(pid=109302) inner /opt/stack/data/venv/lib/python3.12/site-packages/oslo_concurrency/lockutils.py:506}}
Apr 21 15:03:24.500152 np0000168768 devstack@n-api-meta.service[109302]: DEBUG oslo_concurrency.lockutils [None req-40fdb6b6-0894-4123-8c3c-62d44141ee66 None None] Lock "3208e9e2-0071-4301-a6cb-548cb1206e28" acquired by "nova.context.set_target_cell..get_or_set_cached_cell_and_set_connections" :: waited 0.000s {{(pid=109302) inner /opt/stack/data/venv/lib/python3.12/site-packages/oslo_concurrency/lockutils.py:519}}
Apr 21 15:03:24.504329 np0000168768 devstack@n-api-meta.service[109299]: DEBUG oslo_db.sqlalchemy.engines [None req-a59d3a4a-7e87-4421-b314-541bd52a0c9f None None] MySQL server mode set to STRICT_TRANS_TABLES,STRICT_ALL_TABLES,NO_ZERO_IN_DATE,NO_ZERO_DATE,ERROR_FOR_DIVISION_BY_ZERO,TRADITIONAL,NO_ENGINE_SUBSTITUTION {{(pid=109299) _check_effective_sql_mode /opt/stack/data/venv/lib/python3.12/site-packages/oslo_db/sqlalchemy/engines.py:325}}
Apr 21 15:03:24.504444 np0000168768 devstack@n-api-meta.service[109302]: INFO dbcounter [None req-40fdb6b6-0894-4123-8c3c-62d44141ee66 None None] Registered counter for database nova_cell0
Apr 21 15:03:24.506268 np0000168768 devstack@n-api-meta.service[109302]: DEBUG oslo_concurrency.lockutils [None req-40fdb6b6-0894-4123-8c3c-62d44141ee66 None None] Lock "3208e9e2-0071-4301-a6cb-548cb1206e28" "released" by "nova.context.set_target_cell..get_or_set_cached_cell_and_set_connections" :: held 0.004s {{(pid=109302) inner /opt/stack/data/venv/lib/python3.12/site-packages/oslo_concurrency/lockutils.py:538}}
Apr 21 15:03:24.509618 np0000168768 devstack@n-api-meta.service[109302]: INFO dbcounter [None req-40fdb6b6-0894-4123-8c3c-62d44141ee66 None None] Registered counter for database nova_cell1
Apr 21 15:03:24.520731 np0000168768 devstack@n-api-meta.service[109300]: DEBUG dbcounter [-] [109300] Writer thread running {{(pid=109300) stat_writer /opt/stack/data/venv/lib/python3.12/site-packages/dbcounter.py:102}}
Apr 21 15:03:24.520877 np0000168768 devstack@n-api-meta.service[109302]: DEBUG oslo_db.sqlalchemy.engines [None req-40fdb6b6-0894-4123-8c3c-62d44141ee66 None None] MySQL server mode set to STRICT_TRANS_TABLES,STRICT_ALL_TABLES,NO_ZERO_IN_DATE,NO_ZERO_DATE,ERROR_FOR_DIVISION_BY_ZERO,TRADITIONAL,NO_ENGINE_SUBSTITUTION {{(pid=109302) _check_effective_sql_mode /opt/stack/data/venv/lib/python3.12/site-packages/oslo_db/sqlalchemy/engines.py:325}}
Apr 21 15:03:24.526969 np0000168768 devstack@n-api-meta.service[109300]: DEBUG dbcounter [-] [109300] Writer thread running {{(pid=109300) stat_writer /opt/stack/data/venv/lib/python3.12/site-packages/dbcounter.py:102}}
Apr 21 15:03:24.530796 np0000168768 devstack@n-api-meta.service[109300]: INFO dbcounter [None req-db86f2a6-10c3-4efd-9573-f548520d528a None None] Registered counter for database nova_cell0
Apr 21 15:03:24.537921 np0000168768 devstack@n-api-meta.service[109302]: DEBUG oslo_db.sqlalchemy.engines [None req-40fdb6b6-0894-4123-8c3c-62d44141ee66 None None] MySQL server mode set to STRICT_TRANS_TABLES,STRICT_ALL_TABLES,NO_ZERO_IN_DATE,NO_ZERO_DATE,ERROR_FOR_DIVISION_BY_ZERO,TRADITIONAL,NO_ENGINE_SUBSTITUTION {{(pid=109302) _check_effective_sql_mode /opt/stack/data/venv/lib/python3.12/site-packages/oslo_db/sqlalchemy/engines.py:325}}
Apr 21 15:03:24.541252 np0000168768 devstack@n-api-meta.service[109301]: DEBUG dbcounter [-] [109301] Writer thread running {{(pid=109301) stat_writer /opt/stack/data/venv/lib/python3.12/site-packages/dbcounter.py:102}}
Apr 21 15:03:24.543748 np0000168768 devstack@n-api-meta.service[109300]: DEBUG oslo_db.sqlalchemy.engines [None req-db86f2a6-10c3-4efd-9573-f548520d528a None None] MySQL server mode set to STRICT_TRANS_TABLES,STRICT_ALL_TABLES,NO_ZERO_IN_DATE,NO_ZERO_DATE,ERROR_FOR_DIVISION_BY_ZERO,TRADITIONAL,NO_ENGINE_SUBSTITUTION {{(pid=109300) _check_effective_sql_mode /opt/stack/data/venv/lib/python3.12/site-packages/oslo_db/sqlalchemy/engines.py:325}}
Apr 21 15:03:24.550550 np0000168768 devstack@n-api-meta.service[109301]: DEBUG dbcounter [-] [109301] Writer thread running {{(pid=109301) stat_writer /opt/stack/data/venv/lib/python3.12/site-packages/dbcounter.py:102}}
Apr 21 15:03:24.552666 np0000168768 devstack@n-api-meta.service[109300]: DEBUG dbcounter [-] [109300] Writer thread running {{(pid=109300) stat_writer /opt/stack/data/venv/lib/python3.12/site-packages/dbcounter.py:102}}
Apr 21 15:03:24.558059 np0000168768 devstack@n-api-meta.service[109301]: INFO dbcounter [None req-08032897-da72-4f6c-b584-2d28b0b63c88 None None] Registered counter for database nova_cell0
Apr 21 15:03:24.566362 np0000168768 devstack@n-api-meta.service[109301]: DEBUG oslo_db.sqlalchemy.engines [None req-08032897-da72-4f6c-b584-2d28b0b63c88 None None] MySQL server mode set to STRICT_TRANS_TABLES,STRICT_ALL_TABLES,NO_ZERO_IN_DATE,NO_ZERO_DATE,ERROR_FOR_DIVISION_BY_ZERO,TRADITIONAL,NO_ENGINE_SUBSTITUTION {{(pid=109301) _check_effective_sql_mode /opt/stack/data/venv/lib/python3.12/site-packages/oslo_db/sqlalchemy/engines.py:325}}
Apr 21 15:03:24.576712 np0000168768 devstack@n-api-meta.service[109301]: DEBUG dbcounter [-] [109301] Writer thread running {{(pid=109301) stat_writer /opt/stack/data/venv/lib/python3.12/site-packages/dbcounter.py:102}}
Apr 21 15:03:24.584553 np0000168768 devstack@n-api-meta.service[109299]: DEBUG dbcounter [-] [109299] Writer thread running {{(pid=109299) stat_writer /opt/stack/data/venv/lib/python3.12/site-packages/dbcounter.py:102}}
Apr 21 15:03:24.587585 np0000168768 devstack@n-api-meta.service[109299]: DEBUG dbcounter [-] [109299] Writer thread running {{(pid=109299) stat_writer /opt/stack/data/venv/lib/python3.12/site-packages/dbcounter.py:102}}
Apr 21 15:03:24.590657 np0000168768 devstack@n-api-meta.service[109299]: INFO dbcounter [None req-a59d3a4a-7e87-4421-b314-541bd52a0c9f None None] Registered counter for database nova_cell0
Apr 21 15:03:24.594019 np0000168768 devstack@n-api-meta.service[109300]: WARNING nova.api.metadata.handler [None req-db86f2a6-10c3-4efd-9573-f548520d528a None None] metadata_proxy_shared_secret is not configured, the metadata information returned by the proxy cannot be trusted
Apr 21 15:03:24.596239 np0000168768 devstack@n-api-meta.service[109300]: DEBUG nova.api.openstack.wsgi_app [None req-db86f2a6-10c3-4efd-9573-f548520d528a None None] ******************************************************************************** {{(pid=109300) log_opt_values /opt/stack/data/venv/lib/python3.12/site-packages/oslo_config/cfg.py:2979}}
Apr 21 15:03:24.596369 np0000168768 devstack@n-api-meta.service[109300]: DEBUG nova.api.openstack.wsgi_app [None req-db86f2a6-10c3-4efd-9573-f548520d528a None None] Configuration options gathered from: {{(pid=109300) log_opt_values /opt/stack/data/venv/lib/python3.12/site-packages/oslo_config/cfg.py:2980}}
Apr 21 15:03:24.596496 np0000168768 devstack@n-api-meta.service[109300]: DEBUG nova.api.openstack.wsgi_app [None req-db86f2a6-10c3-4efd-9573-f548520d528a None None] command line args: [] {{(pid=109300) log_opt_values /opt/stack/data/venv/lib/python3.12/site-packages/oslo_config/cfg.py:2981}}
Apr 21 15:03:24.596639 np0000168768 devstack@n-api-meta.service[109300]: DEBUG nova.api.openstack.wsgi_app [None req-db86f2a6-10c3-4efd-9573-f548520d528a None None] config files: ['/etc/nova/api-paste.ini', '/etc/nova/nova.conf'] {{(pid=109300) log_opt_values /opt/stack/data/venv/lib/python3.12/site-packages/oslo_config/cfg.py:2982}}
Apr 21 15:03:24.596738 np0000168768 devstack@n-api-meta.service[109300]: DEBUG nova.api.openstack.wsgi_app [None req-db86f2a6-10c3-4efd-9573-f548520d528a None None] ================================================================================ {{(pid=109300) log_opt_values /opt/stack/data/venv/lib/python3.12/site-packages/oslo_config/cfg.py:2987}}
Apr 21 15:03:24.596911 np0000168768 devstack@n-api-meta.service[109300]: DEBUG nova.api.openstack.wsgi_app [None req-db86f2a6-10c3-4efd-9573-f548520d528a None None] allow_resize_to_same_host = True {{(pid=109300) log_opt_values /opt/stack/data/venv/lib/python3.12/site-packages/oslo_config/cfg.py:2995}}
Apr 21 15:03:24.597037 np0000168768 devstack@n-api-meta.service[109300]: DEBUG nova.api.openstack.wsgi_app [None req-db86f2a6-10c3-4efd-9573-f548520d528a None None] arq_binding_timeout = 300 {{(pid=109300) log_opt_values /opt/stack/data/venv/lib/python3.12/site-packages/oslo_config/cfg.py:2995}}
Apr 21 15:03:24.597169 np0000168768 devstack@n-api-meta.service[109300]: DEBUG nova.api.openstack.wsgi_app [None req-db86f2a6-10c3-4efd-9573-f548520d528a None None] block_device_allocate_retries = 60 {{(pid=109300) log_opt_values /opt/stack/data/venv/lib/python3.12/site-packages/oslo_config/cfg.py:2995}}
Apr 21 15:03:24.597301 np0000168768 devstack@n-api-meta.service[109300]: DEBUG nova.api.openstack.wsgi_app [None req-db86f2a6-10c3-4efd-9573-f548520d528a None None] block_device_allocate_retries_interval = 3 {{(pid=109300) log_opt_values /opt/stack/data/venv/lib/python3.12/site-packages/oslo_config/cfg.py:2995}}
Apr 21 15:03:24.597440 np0000168768 devstack@n-api-meta.service[109300]: DEBUG nova.api.openstack.wsgi_app [None req-db86f2a6-10c3-4efd-9573-f548520d528a None None] cell_worker_thread_pool_size = 5 {{(pid=109300) log_opt_values /opt/stack/data/venv/lib/python3.12/site-packages/oslo_config/cfg.py:2995}}
Apr 21 15:03:24.597576 np0000168768 devstack@n-api-meta.service[109300]: DEBUG nova.api.openstack.wsgi_app [None req-db86f2a6-10c3-4efd-9573-f548520d528a None None] cert = self.pem {{(pid=109300) log_opt_values /opt/stack/data/venv/lib/python3.12/site-packages/oslo_config/cfg.py:2995}}
Apr 21 15:03:24.597707 np0000168768 devstack@n-api-meta.service[109300]: DEBUG nova.api.openstack.wsgi_app [None req-db86f2a6-10c3-4efd-9573-f548520d528a None None] compute_driver = libvirt.LibvirtDriver {{(pid=109300) log_opt_values /opt/stack/data/venv/lib/python3.12/site-packages/oslo_config/cfg.py:2995}}
Apr 21 15:03:24.597836 np0000168768 devstack@n-api-meta.service[109300]: DEBUG nova.api.openstack.wsgi_app [None req-db86f2a6-10c3-4efd-9573-f548520d528a None None] compute_monitors = [] {{(pid=109300) log_opt_values /opt/stack/data/venv/lib/python3.12/site-packages/oslo_config/cfg.py:2995}}
Apr 21 15:03:24.597972 np0000168768 devstack@n-api-meta.service[109300]: DEBUG nova.api.openstack.wsgi_app [None req-db86f2a6-10c3-4efd-9573-f548520d528a None None] config_dir = [] {{(pid=109300) log_opt_values /opt/stack/data/venv/lib/python3.12/site-packages/oslo_config/cfg.py:2995}}
Apr 21 15:03:24.598100 np0000168768 devstack@n-api-meta.service[109300]: DEBUG nova.api.openstack.wsgi_app [None req-db86f2a6-10c3-4efd-9573-f548520d528a None None] config_drive_format = iso9660 {{(pid=109300) log_opt_values /opt/stack/data/venv/lib/python3.12/site-packages/oslo_config/cfg.py:2995}}
Apr 21 15:03:24.598213 np0000168768 devstack@n-api-meta.service[109300]: DEBUG nova.api.openstack.wsgi_app [None req-db86f2a6-10c3-4efd-9573-f548520d528a None None] config_file = ['/etc/nova/api-paste.ini', '/etc/nova/nova.conf'] {{(pid=109300) log_opt_values /opt/stack/data/venv/lib/python3.12/site-packages/oslo_config/cfg.py:2995}}
Apr 21 15:03:24.598357 np0000168768 devstack@n-api-meta.service[109300]: DEBUG nova.api.openstack.wsgi_app [None req-db86f2a6-10c3-4efd-9573-f548520d528a None None] config_source = [] {{(pid=109300) log_opt_values /opt/stack/data/venv/lib/python3.12/site-packages/oslo_config/cfg.py:2995}}
Apr 21 15:03:24.598486 np0000168768 devstack@n-api-meta.service[109300]: DEBUG nova.api.openstack.wsgi_app [None req-db86f2a6-10c3-4efd-9573-f548520d528a None None] console_host = np0000168768 {{(pid=109300) log_opt_values /opt/stack/data/venv/lib/python3.12/site-packages/oslo_config/cfg.py:2995}}
Apr 21 15:03:24.598618 np0000168768 devstack@n-api-meta.service[109300]: DEBUG nova.api.openstack.wsgi_app [None req-db86f2a6-10c3-4efd-9573-f548520d528a None None] control_exchange = nova {{(pid=109300) log_opt_values /opt/stack/data/venv/lib/python3.12/site-packages/oslo_config/cfg.py:2995}}
Apr 21 15:03:24.598742 np0000168768 devstack@n-api-meta.service[109300]: DEBUG nova.api.openstack.wsgi_app [None req-db86f2a6-10c3-4efd-9573-f548520d528a None None] cpu_allocation_ratio = None {{(pid=109300) log_opt_values /opt/stack/data/venv/lib/python3.12/site-packages/oslo_config/cfg.py:2995}}
Apr 21 15:03:24.598867 np0000168768 devstack@n-api-meta.service[109300]: DEBUG nova.api.openstack.wsgi_app [None req-db86f2a6-10c3-4efd-9573-f548520d528a None None] daemon = False {{(pid=109300) log_opt_values /opt/stack/data/venv/lib/python3.12/site-packages/oslo_config/cfg.py:2995}}
Apr 21 15:03:24.598995 np0000168768 devstack@n-api-meta.service[109300]: DEBUG nova.api.openstack.wsgi_app [None req-db86f2a6-10c3-4efd-9573-f548520d528a None None] debug = True {{(pid=109300) log_opt_values /opt/stack/data/venv/lib/python3.12/site-packages/oslo_config/cfg.py:2995}}
Apr 21 15:03:24.599120 np0000168768 devstack@n-api-meta.service[109300]: DEBUG nova.api.openstack.wsgi_app [None req-db86f2a6-10c3-4efd-9573-f548520d528a None None] default_access_ip_network_name = None {{(pid=109300) log_opt_values /opt/stack/data/venv/lib/python3.12/site-packages/oslo_config/cfg.py:2995}}
Apr 21 15:03:24.599252 np0000168768 devstack@n-api-meta.service[109300]: DEBUG nova.api.openstack.wsgi_app [None req-db86f2a6-10c3-4efd-9573-f548520d528a None None] default_availability_zone = nova {{(pid=109300) log_opt_values /opt/stack/data/venv/lib/python3.12/site-packages/oslo_config/cfg.py:2995}}
Apr 21 15:03:24.599442 np0000168768 devstack@n-api-meta.service[109300]: DEBUG nova.api.openstack.wsgi_app [None req-db86f2a6-10c3-4efd-9573-f548520d528a None None] default_ephemeral_format = ext4 {{(pid=109300) log_opt_values /opt/stack/data/venv/lib/python3.12/site-packages/oslo_config/cfg.py:2995}}
Apr 21 15:03:24.599572 np0000168768 devstack@n-api-meta.service[109300]: DEBUG nova.api.openstack.wsgi_app [None req-db86f2a6-10c3-4efd-9573-f548520d528a None None] default_green_pool_size = 1000 {{(pid=109300) log_opt_values /opt/stack/data/venv/lib/python3.12/site-packages/oslo_config/cfg.py:2995}}
Apr 21 15:03:24.599783 np0000168768 devstack@n-api-meta.service[109300]: DEBUG nova.api.openstack.wsgi_app [None req-db86f2a6-10c3-4efd-9573-f548520d528a None None] default_log_levels = ['amqp=WARN', 'boto=WARN', 'sqlalchemy=WARN', 'suds=INFO', 'oslo.messaging=INFO', 'oslo_messaging=INFO', 'iso8601=WARN', 'requests.packages.urllib3.connectionpool=WARN', 'urllib3.connectionpool=WARN', 'websocket=WARN', 'requests.packages.urllib3.util.retry=WARN', 'urllib3.util.retry=WARN', 'keystonemiddleware=WARN', 'routes.middleware=WARN', 'stevedore=WARN', 'taskflow=WARN', 'keystoneauth=WARN', 'oslo.cache=INFO', 'oslo_policy=INFO', 'dogpile.core.dogpile=INFO', 'glanceclient=WARN', 'oslo.privsep.daemon=INFO'] {{(pid=109300) log_opt_values /opt/stack/data/venv/lib/python3.12/site-packages/oslo_config/cfg.py:2995}}
Apr 21 15:03:24.599892 np0000168768 devstack@n-api-meta.service[109300]: DEBUG nova.api.openstack.wsgi_app [None req-db86f2a6-10c3-4efd-9573-f548520d528a None None] default_schedule_zone = None {{(pid=109300) log_opt_values /opt/stack/data/venv/lib/python3.12/site-packages/oslo_config/cfg.py:2995}}
Apr 21 15:03:24.600021 np0000168768 devstack@n-api-meta.service[109300]: DEBUG nova.api.openstack.wsgi_app [None req-db86f2a6-10c3-4efd-9573-f548520d528a None None] default_thread_pool_size = 10 {{(pid=109300) log_opt_values /opt/stack/data/venv/lib/python3.12/site-packages/oslo_config/cfg.py:2995}}
Apr 21 15:03:24.600147 np0000168768 devstack@n-api-meta.service[109300]: DEBUG nova.api.openstack.wsgi_app [None req-db86f2a6-10c3-4efd-9573-f548520d528a None None] disk_allocation_ratio = None {{(pid=109300) log_opt_values /opt/stack/data/venv/lib/python3.12/site-packages/oslo_config/cfg.py:2995}}
Apr 21 15:03:24.600267 np0000168768 devstack@n-api-meta.service[109300]: DEBUG nova.api.openstack.wsgi_app [None req-db86f2a6-10c3-4efd-9573-f548520d528a None None] enable_new_services = True {{(pid=109300) log_opt_values /opt/stack/data/venv/lib/python3.12/site-packages/oslo_config/cfg.py:2995}}
Apr 21 15:03:24.600410 np0000168768 devstack@n-api-meta.service[109300]: DEBUG nova.api.openstack.wsgi_app [None req-db86f2a6-10c3-4efd-9573-f548520d528a None None] flat_injected = False {{(pid=109300) log_opt_values /opt/stack/data/venv/lib/python3.12/site-packages/oslo_config/cfg.py:2995}}
Apr 21 15:03:24.600536 np0000168768 devstack@n-api-meta.service[109300]: DEBUG nova.api.openstack.wsgi_app [None req-db86f2a6-10c3-4efd-9573-f548520d528a None None] force_config_drive = False {{(pid=109300) log_opt_values /opt/stack/data/venv/lib/python3.12/site-packages/oslo_config/cfg.py:2995}}
Apr 21 15:03:24.600659 np0000168768 devstack@n-api-meta.service[109300]: DEBUG nova.api.openstack.wsgi_app [None req-db86f2a6-10c3-4efd-9573-f548520d528a None None] force_raw_images = True {{(pid=109300) log_opt_values /opt/stack/data/venv/lib/python3.12/site-packages/oslo_config/cfg.py:2995}}
Apr 21 15:03:24.600792 np0000168768 devstack@n-api-meta.service[109300]: DEBUG nova.api.openstack.wsgi_app [None req-db86f2a6-10c3-4efd-9573-f548520d528a None None] graceful_shutdown_timeout = 5 {{(pid=109300) log_opt_values /opt/stack/data/venv/lib/python3.12/site-packages/oslo_config/cfg.py:2995}}
Apr 21 15:03:24.600886 np0000168768 devstack@n-api-meta.service[109299]: DEBUG oslo_db.sqlalchemy.engines [None req-a59d3a4a-7e87-4421-b314-541bd52a0c9f None None] MySQL server mode set to STRICT_TRANS_TABLES,STRICT_ALL_TABLES,NO_ZERO_IN_DATE,NO_ZERO_DATE,ERROR_FOR_DIVISION_BY_ZERO,TRADITIONAL,NO_ENGINE_SUBSTITUTION {{(pid=109299) _check_effective_sql_mode /opt/stack/data/venv/lib/python3.12/site-packages/oslo_db/sqlalchemy/engines.py:325}}
Apr 21 15:03:24.600932 np0000168768 devstack@n-api-meta.service[109300]: DEBUG nova.api.openstack.wsgi_app [None req-db86f2a6-10c3-4efd-9573-f548520d528a None None] heal_instance_info_cache_interval = -1 {{(pid=109300) log_opt_values /opt/stack/data/venv/lib/python3.12/site-packages/oslo_config/cfg.py:2995}}
Apr 21 15:03:24.601093 np0000168768 devstack@n-api-meta.service[109300]: DEBUG nova.api.openstack.wsgi_app [None req-db86f2a6-10c3-4efd-9573-f548520d528a None None] host = np0000168768 {{(pid=109300) log_opt_values /opt/stack/data/venv/lib/python3.12/site-packages/oslo_config/cfg.py:2995}}
Apr 21 15:03:24.601228 np0000168768 devstack@n-api-meta.service[109300]: DEBUG nova.api.openstack.wsgi_app [None req-db86f2a6-10c3-4efd-9573-f548520d528a None None] initial_cpu_allocation_ratio = 4.0 {{(pid=109300) log_opt_values /opt/stack/data/venv/lib/python3.12/site-packages/oslo_config/cfg.py:2995}}
Apr 21 15:03:24.601399 np0000168768 devstack@n-api-meta.service[109300]: DEBUG nova.api.openstack.wsgi_app [None req-db86f2a6-10c3-4efd-9573-f548520d528a None None] initial_disk_allocation_ratio = 1.0 {{(pid=109300) log_opt_values /opt/stack/data/venv/lib/python3.12/site-packages/oslo_config/cfg.py:2995}}
Apr 21 15:03:24.601525 np0000168768 devstack@n-api-meta.service[109300]: DEBUG nova.api.openstack.wsgi_app [None req-db86f2a6-10c3-4efd-9573-f548520d528a None None] initial_ram_allocation_ratio = 1.0 {{(pid=109300) log_opt_values /opt/stack/data/venv/lib/python3.12/site-packages/oslo_config/cfg.py:2995}}
Apr 21 15:03:24.601688 np0000168768 devstack@n-api-meta.service[109300]: DEBUG nova.api.openstack.wsgi_app [None req-db86f2a6-10c3-4efd-9573-f548520d528a None None] injected_network_template = /opt/stack/nova/nova/virt/interfaces.template {{(pid=109300) log_opt_values /opt/stack/data/venv/lib/python3.12/site-packages/oslo_config/cfg.py:2995}}
Apr 21 15:03:24.601814 np0000168768 devstack@n-api-meta.service[109300]: DEBUG nova.api.openstack.wsgi_app [None req-db86f2a6-10c3-4efd-9573-f548520d528a None None] instance_build_timeout = 0 {{(pid=109300) log_opt_values /opt/stack/data/venv/lib/python3.12/site-packages/oslo_config/cfg.py:2995}}
Apr 21 15:03:24.601941 np0000168768 devstack@n-api-meta.service[109300]: DEBUG nova.api.openstack.wsgi_app [None req-db86f2a6-10c3-4efd-9573-f548520d528a None None] instance_delete_interval = 300 {{(pid=109300) log_opt_values /opt/stack/data/venv/lib/python3.12/site-packages/oslo_config/cfg.py:2995}}
Apr 21 15:03:24.602072 np0000168768 devstack@n-api-meta.service[109300]: DEBUG nova.api.openstack.wsgi_app [None req-db86f2a6-10c3-4efd-9573-f548520d528a None None] instance_format = [instance: %(uuid)s] {{(pid=109300) log_opt_values /opt/stack/data/venv/lib/python3.12/site-packages/oslo_config/cfg.py:2995}}
Apr 21 15:03:24.602207 np0000168768 devstack@n-api-meta.service[109300]: DEBUG nova.api.openstack.wsgi_app [None req-db86f2a6-10c3-4efd-9573-f548520d528a None None] instance_name_template = instance-%08x {{(pid=109300) log_opt_values /opt/stack/data/venv/lib/python3.12/site-packages/oslo_config/cfg.py:2995}}
Apr 21 15:03:24.602349 np0000168768 devstack@n-api-meta.service[109300]: DEBUG nova.api.openstack.wsgi_app [None req-db86f2a6-10c3-4efd-9573-f548520d528a None None] instance_usage_audit = False {{(pid=109300) log_opt_values /opt/stack/data/venv/lib/python3.12/site-packages/oslo_config/cfg.py:2995}}
Apr 21 15:03:24.602481 np0000168768 devstack@n-api-meta.service[109300]: DEBUG nova.api.openstack.wsgi_app [None req-db86f2a6-10c3-4efd-9573-f548520d528a None None] instance_usage_audit_period = month {{(pid=109300) log_opt_values /opt/stack/data/venv/lib/python3.12/site-packages/oslo_config/cfg.py:2995}}
Apr 21 15:03:24.602589 np0000168768 devstack@n-api-meta.service[109301]: WARNING nova.api.metadata.handler [None req-08032897-da72-4f6c-b584-2d28b0b63c88 None None] metadata_proxy_shared_secret is not configured, the metadata information returned by the proxy cannot be trusted
Apr 21 15:03:24.602654 np0000168768 devstack@n-api-meta.service[109300]: DEBUG nova.api.openstack.wsgi_app [None req-db86f2a6-10c3-4efd-9573-f548520d528a None None] instance_uuid_format = [instance: %(uuid)s] {{(pid=109300) log_opt_values /opt/stack/data/venv/lib/python3.12/site-packages/oslo_config/cfg.py:2995}}
Apr 21 15:03:24.602718 np0000168768 devstack@n-api-meta.service[109300]: DEBUG nova.api.openstack.wsgi_app [None req-db86f2a6-10c3-4efd-9573-f548520d528a None None] instances_path = /opt/stack/data/nova/instances {{(pid=109300) log_opt_values /opt/stack/data/venv/lib/python3.12/site-packages/oslo_config/cfg.py:2995}}
