May 05 11:25:44.202397 np0000171776 nova-scheduler[108755]: DEBUG cotyledon.oslo_config_glue [-] vnc.server_proxyclient_address = 127.0.0.1 {{(pid=108755) log_opt_values /opt/stack/data/venv/lib/python3.12/site-packages/oslo_config/cfg.py:3006}}
May 05 11:25:44.202397 np0000171776 nova-scheduler[108755]: DEBUG cotyledon.oslo_config_glue [-] vnc.vencrypt_ca_certs = None {{(pid=108755) log_opt_values /opt/stack/data/venv/lib/python3.12/site-packages/oslo_config/cfg.py:3006}}
May 05 11:25:44.202397 np0000171776 nova-scheduler[108755]: DEBUG cotyledon.oslo_config_glue [-] vnc.vencrypt_client_cert = None {{(pid=108755) log_opt_values /opt/stack/data/venv/lib/python3.12/site-packages/oslo_config/cfg.py:3006}}
May 05 11:25:44.202397 np0000171776 nova-scheduler[108755]: DEBUG cotyledon.oslo_config_glue [-] vnc.vencrypt_client_key = None {{(pid=108755) log_opt_values /opt/stack/data/venv/lib/python3.12/site-packages/oslo_config/cfg.py:3006}}
May 05 11:25:44.202397 np0000171776 nova-scheduler[108755]: DEBUG cotyledon.oslo_config_glue [-] workarounds.disable_compute_service_check_for_ffu = False {{(pid=108755) log_opt_values /opt/stack/data/venv/lib/python3.12/site-packages/oslo_config/cfg.py:3006}}
May 05 11:25:44.202397 np0000171776 nova-scheduler[108755]: DEBUG cotyledon.oslo_config_glue [-] workarounds.disable_deep_image_inspection = False {{(pid=108755) log_opt_values /opt/stack/data/venv/lib/python3.12/site-packages/oslo_config/cfg.py:3006}}
May 05 11:25:44.202610 np0000171776 nova-scheduler[108755]: DEBUG cotyledon.oslo_config_glue [-] workarounds.disable_fallback_pcpu_query = False {{(pid=108755) log_opt_values /opt/stack/data/venv/lib/python3.12/site-packages/oslo_config/cfg.py:3006}}
May 05 11:25:44.202610 np0000171776 nova-scheduler[108755]: DEBUG cotyledon.oslo_config_glue [-] workarounds.disable_group_policy_check_upcall = False {{(pid=108755) log_opt_values /opt/stack/data/venv/lib/python3.12/site-packages/oslo_config/cfg.py:3006}}
May 05 11:25:44.202610 np0000171776 nova-scheduler[108755]: DEBUG cotyledon.oslo_config_glue [-] workarounds.disable_libvirt_livesnapshot = False {{(pid=108755) log_opt_values /opt/stack/data/venv/lib/python3.12/site-packages/oslo_config/cfg.py:3006}}
May 05 11:25:44.202610 np0000171776 nova-scheduler[108755]: DEBUG cotyledon.oslo_config_glue [-] workarounds.disable_rootwrap = False {{(pid=108755) log_opt_values /opt/stack/data/venv/lib/python3.12/site-packages/oslo_config/cfg.py:3006}}
May 05 11:25:44.202610 np0000171776 nova-scheduler[108755]: DEBUG cotyledon.oslo_config_glue [-] workarounds.enable_numa_live_migration = False {{(pid=108755) log_opt_values /opt/stack/data/venv/lib/python3.12/site-packages/oslo_config/cfg.py:3006}}
May 05 11:25:44.202610 np0000171776 nova-scheduler[108755]: DEBUG cotyledon.oslo_config_glue [-] workarounds.enable_qemu_monitor_announce_self = False {{(pid=108755) log_opt_values /opt/stack/data/venv/lib/python3.12/site-packages/oslo_config/cfg.py:3006}}
May 05 11:25:44.202610 np0000171776 nova-scheduler[108755]: DEBUG cotyledon.oslo_config_glue [-] workarounds.ensure_libvirt_rbd_instance_dir_cleanup = False {{(pid=108755) log_opt_values /opt/stack/data/venv/lib/python3.12/site-packages/oslo_config/cfg.py:3006}}
May 05 11:25:44.202610 np0000171776 nova-scheduler[108755]: DEBUG cotyledon.oslo_config_glue [-] workarounds.handle_virt_lifecycle_events = True {{(pid=108755) log_opt_values /opt/stack/data/venv/lib/python3.12/site-packages/oslo_config/cfg.py:3006}}
May 05 11:25:44.202823 np0000171776 nova-scheduler[108738]: DEBUG dbcounter [-] [108738] Writer thread running {{(pid=108738) stat_writer /opt/stack/data/venv/lib/python3.12/site-packages/dbcounter.py:102}}
May 05 11:25:44.202855 np0000171776 nova-scheduler[108755]: DEBUG cotyledon.oslo_config_glue [-] workarounds.libvirt_disable_apic = False {{(pid=108755) log_opt_values /opt/stack/data/venv/lib/python3.12/site-packages/oslo_config/cfg.py:3006}}
May 05 11:25:44.202855 np0000171776 nova-scheduler[108755]: DEBUG cotyledon.oslo_config_glue [-] workarounds.never_download_image_if_on_rbd = False {{(pid=108755) log_opt_values /opt/stack/data/venv/lib/python3.12/site-packages/oslo_config/cfg.py:3006}}
May 05 11:25:44.202855 np0000171776 nova-scheduler[108755]: DEBUG cotyledon.oslo_config_glue [-] workarounds.qemu_monitor_announce_self_count = 3 {{(pid=108755) log_opt_values /opt/stack/data/venv/lib/python3.12/site-packages/oslo_config/cfg.py:3006}}
May 05 11:25:44.202855 np0000171776 nova-scheduler[108755]: DEBUG cotyledon.oslo_config_glue [-] workarounds.qemu_monitor_announce_self_interval = 1 {{(pid=108755) log_opt_values /opt/stack/data/venv/lib/python3.12/site-packages/oslo_config/cfg.py:3006}}
May 05 11:25:44.202855 np0000171776 nova-scheduler[108755]: DEBUG cotyledon.oslo_config_glue [-] workarounds.reserve_disk_resource_for_image_cache = False {{(pid=108755) log_opt_values /opt/stack/data/venv/lib/python3.12/site-packages/oslo_config/cfg.py:3006}}
May 05 11:25:44.202855 np0000171776 nova-scheduler[108755]: DEBUG cotyledon.oslo_config_glue [-] workarounds.skip_cpu_compare_at_startup = False {{(pid=108755) log_opt_values /opt/stack/data/venv/lib/python3.12/site-packages/oslo_config/cfg.py:3006}}
May 05 11:25:44.202855 np0000171776 nova-scheduler[108755]: DEBUG cotyledon.oslo_config_glue [-] workarounds.skip_cpu_compare_on_dest = False {{(pid=108755) log_opt_values /opt/stack/data/venv/lib/python3.12/site-packages/oslo_config/cfg.py:3006}}
May 05 11:25:44.202855 np0000171776 nova-scheduler[108755]: DEBUG cotyledon.oslo_config_glue [-] workarounds.skip_hypervisor_version_check_on_lm = False {{(pid=108755) log_opt_values /opt/stack/data/venv/lib/python3.12/site-packages/oslo_config/cfg.py:3006}}
May 05 11:25:44.202855 np0000171776 nova-scheduler[108755]: DEBUG cotyledon.oslo_config_glue [-] workarounds.skip_reserve_in_use_ironic_nodes = False {{(pid=108755) log_opt_values /opt/stack/data/venv/lib/python3.12/site-packages/oslo_config/cfg.py:3006}}
May 05 11:25:44.203075 np0000171776 nova-scheduler[108755]: DEBUG cotyledon.oslo_config_glue [-] workarounds.unified_limits_count_pcpu_as_vcpu = False {{(pid=108755) log_opt_values /opt/stack/data/venv/lib/python3.12/site-packages/oslo_config/cfg.py:3006}}
May 05 11:25:44.203075 np0000171776 nova-scheduler[108755]: DEBUG cotyledon.oslo_config_glue [-] workarounds.wait_for_vif_plugged_event_during_hard_reboot = [] {{(pid=108755) log_opt_values /opt/stack/data/venv/lib/python3.12/site-packages/oslo_config/cfg.py:3006}}
May 05 11:25:44.203075 np0000171776 nova-scheduler[108755]: DEBUG cotyledon.oslo_config_glue [-] wsgi.api_paste_config = /etc/nova/api-paste.ini {{(pid=108755) log_opt_values /opt/stack/data/venv/lib/python3.12/site-packages/oslo_config/cfg.py:3006}}
May 05 11:25:44.203075 np0000171776 nova-scheduler[108755]: DEBUG cotyledon.oslo_config_glue [-] wsgi.secure_proxy_ssl_header = None {{(pid=108755) log_opt_values /opt/stack/data/venv/lib/python3.12/site-packages/oslo_config/cfg.py:3006}}
May 05 11:25:44.203075 np0000171776 nova-scheduler[108755]: DEBUG cotyledon.oslo_config_glue [-] zvm.ca_file = None {{(pid=108755) log_opt_values /opt/stack/data/venv/lib/python3.12/site-packages/oslo_config/cfg.py:3006}}
May 05 11:25:44.203075 np0000171776 nova-scheduler[108755]: DEBUG cotyledon.oslo_config_glue [-] zvm.cloud_connector_url = None {{(pid=108755) log_opt_values /opt/stack/data/venv/lib/python3.12/site-packages/oslo_config/cfg.py:3006}}
May 05 11:25:44.203075 np0000171776 nova-scheduler[108755]: DEBUG cotyledon.oslo_config_glue [-] zvm.image_tmp_path = /opt/stack/data/nova/images {{(pid=108755) log_opt_values /opt/stack/data/venv/lib/python3.12/site-packages/oslo_config/cfg.py:3006}}
May 05 11:25:44.203075 np0000171776 nova-scheduler[108755]: DEBUG cotyledon.oslo_config_glue [-] zvm.reachable_timeout = 300 {{(pid=108755) log_opt_values /opt/stack/data/venv/lib/python3.12/site-packages/oslo_config/cfg.py:3006}}
May 05 11:25:44.203075 np0000171776 nova-scheduler[108755]: DEBUG cotyledon.oslo_config_glue [-] oslo_versionedobjects.fatal_exception_format_errors = False {{(pid=108755) log_opt_values /opt/stack/data/venv/lib/python3.12/site-packages/oslo_config/cfg.py:3006}}
May 05 11:25:44.203311 np0000171776 nova-scheduler[108755]: DEBUG cotyledon.oslo_config_glue [-] oslo_middleware.http_basic_auth_user_file = /etc/htpasswd {{(pid=108755) log_opt_values /opt/stack/data/venv/lib/python3.12/site-packages/oslo_config/cfg.py:3006}}
May 05 11:25:44.203311 np0000171776 nova-scheduler[108755]: DEBUG cotyledon.oslo_config_glue [-] oslo_messaging_metrics.metrics_buffer_size = 1000 {{(pid=108755) log_opt_values /opt/stack/data/venv/lib/python3.12/site-packages/oslo_config/cfg.py:3006}}
May 05 11:25:44.203311 np0000171776 nova-scheduler[108755]: DEBUG cotyledon.oslo_config_glue [-] oslo_messaging_metrics.metrics_enabled = False {{(pid=108755) log_opt_values /opt/stack/data/venv/lib/python3.12/site-packages/oslo_config/cfg.py:3006}}
May 05 11:25:44.203311 np0000171776 nova-scheduler[108755]: DEBUG cotyledon.oslo_config_glue [-] oslo_messaging_metrics.metrics_process_name = {{(pid=108755) log_opt_values /opt/stack/data/venv/lib/python3.12/site-packages/oslo_config/cfg.py:3006}}
May 05 11:25:44.203311 np0000171776 nova-scheduler[108755]: DEBUG cotyledon.oslo_config_glue [-] oslo_messaging_metrics.metrics_socket_file = /var/tmp/metrics_collector.sock {{(pid=108755) log_opt_values /opt/stack/data/venv/lib/python3.12/site-packages/oslo_config/cfg.py:3006}}
May 05 11:25:44.203311 np0000171776 nova-scheduler[108755]: DEBUG cotyledon.oslo_config_glue [-] oslo_messaging_metrics.metrics_thread_stop_timeout = 10 {{(pid=108755) log_opt_values /opt/stack/data/venv/lib/python3.12/site-packages/oslo_config/cfg.py:3006}}
May 05 11:25:44.203311 np0000171776 nova-scheduler[108755]: DEBUG cotyledon.oslo_config_glue [-] profiler.connection_string = messaging:// {{(pid=108755) log_opt_values /opt/stack/data/venv/lib/python3.12/site-packages/oslo_config/cfg.py:3006}}
May 05 11:25:44.203311 np0000171776 nova-scheduler[108755]: DEBUG cotyledon.oslo_config_glue [-] profiler.enabled = False {{(pid=108755) log_opt_values /opt/stack/data/venv/lib/python3.12/site-packages/oslo_config/cfg.py:3006}}
May 05 11:25:44.203509 np0000171776 nova-scheduler[108755]: DEBUG cotyledon.oslo_config_glue [-] profiler.es_doc_type = notification {{(pid=108755) log_opt_values /opt/stack/data/venv/lib/python3.12/site-packages/oslo_config/cfg.py:3006}}
May 05 11:25:44.203509 np0000171776 nova-scheduler[108755]: DEBUG cotyledon.oslo_config_glue [-] profiler.es_scroll_size = 10000 {{(pid=108755) log_opt_values /opt/stack/data/venv/lib/python3.12/site-packages/oslo_config/cfg.py:3006}}
May 05 11:25:44.203509 np0000171776 nova-scheduler[108755]: DEBUG cotyledon.oslo_config_glue [-] profiler.es_scroll_time = 2m {{(pid=108755) log_opt_values /opt/stack/data/venv/lib/python3.12/site-packages/oslo_config/cfg.py:3006}}
May 05 11:25:44.203509 np0000171776 nova-scheduler[108755]: DEBUG cotyledon.oslo_config_glue [-] profiler.filter_error_trace = False {{(pid=108755) log_opt_values /opt/stack/data/venv/lib/python3.12/site-packages/oslo_config/cfg.py:3006}}
May 05 11:25:44.203509 np0000171776 nova-scheduler[108755]: DEBUG cotyledon.oslo_config_glue [-] profiler.hmac_keys = **** {{(pid=108755) log_opt_values /opt/stack/data/venv/lib/python3.12/site-packages/oslo_config/cfg.py:3006}}
May 05 11:25:44.203509 np0000171776 nova-scheduler[108755]: DEBUG cotyledon.oslo_config_glue [-] profiler.sentinel_service_name = mymaster {{(pid=108755) log_opt_values /opt/stack/data/venv/lib/python3.12/site-packages/oslo_config/cfg.py:3006}}
May 05 11:25:44.203509 np0000171776 nova-scheduler[108755]: DEBUG cotyledon.oslo_config_glue [-] profiler.socket_timeout = 0.1 {{(pid=108755) log_opt_values /opt/stack/data/venv/lib/python3.12/site-packages/oslo_config/cfg.py:3006}}
May 05 11:25:44.203509 np0000171776 nova-scheduler[108755]: DEBUG cotyledon.oslo_config_glue [-] profiler.trace_requests = False {{(pid=108755) log_opt_values /opt/stack/data/venv/lib/python3.12/site-packages/oslo_config/cfg.py:3006}}
May 05 11:25:44.203509 np0000171776 nova-scheduler[108755]: DEBUG cotyledon.oslo_config_glue [-] profiler.trace_sqlalchemy = False {{(pid=108755) log_opt_values /opt/stack/data/venv/lib/python3.12/site-packages/oslo_config/cfg.py:3006}}
May 05 11:25:44.203725 np0000171776 nova-scheduler[108755]: DEBUG cotyledon.oslo_config_glue [-] profiler_jaeger.process_tags = {} {{(pid=108755) log_opt_values /opt/stack/data/venv/lib/python3.12/site-packages/oslo_config/cfg.py:3006}}
May 05 11:25:44.203725 np0000171776 nova-scheduler[108755]: DEBUG cotyledon.oslo_config_glue [-] profiler_jaeger.service_name_prefix = None {{(pid=108755) log_opt_values /opt/stack/data/venv/lib/python3.12/site-packages/oslo_config/cfg.py:3006}}
May 05 11:25:44.203725 np0000171776 nova-scheduler[108755]: DEBUG cotyledon.oslo_config_glue [-] profiler_otlp.service_name_prefix = None {{(pid=108755) log_opt_values /opt/stack/data/venv/lib/python3.12/site-packages/oslo_config/cfg.py:3006}}
May 05 11:25:44.203725 np0000171776 nova-scheduler[108755]: DEBUG cotyledon.oslo_config_glue [-] oslo_messaging_rabbit.amqp_auto_delete = False {{(pid=108755) log_opt_values /opt/stack/data/venv/lib/python3.12/site-packages/oslo_config/cfg.py:3006}}
May 05 11:25:44.203725 np0000171776 nova-scheduler[108755]: DEBUG cotyledon.oslo_config_glue [-] oslo_messaging_rabbit.amqp_durable_queues = False {{(pid=108755) log_opt_values /opt/stack/data/venv/lib/python3.12/site-packages/oslo_config/cfg.py:3006}}
May 05 11:25:44.203725 np0000171776 nova-scheduler[108755]: DEBUG cotyledon.oslo_config_glue [-] oslo_messaging_rabbit.conn_pool_min_size = 2 {{(pid=108755) log_opt_values /opt/stack/data/venv/lib/python3.12/site-packages/oslo_config/cfg.py:3006}}
May 05 11:25:44.203725 np0000171776 nova-scheduler[108755]: DEBUG cotyledon.oslo_config_glue [-] oslo_messaging_rabbit.conn_pool_ttl = 1200 {{(pid=108755) log_opt_values /opt/stack/data/venv/lib/python3.12/site-packages/oslo_config/cfg.py:3006}}
May 05 11:25:44.203725 np0000171776 nova-scheduler[108755]: DEBUG cotyledon.oslo_config_glue [-] oslo_messaging_rabbit.direct_mandatory_flag = True {{(pid=108755) log_opt_values /opt/stack/data/venv/lib/python3.12/site-packages/oslo_config/cfg.py:3006}}
May 05 11:25:44.203725 np0000171776 nova-scheduler[108755]: DEBUG cotyledon.oslo_config_glue [-] oslo_messaging_rabbit.enable_cancel_on_failover = False {{(pid=108755) log_opt_values /opt/stack/data/venv/lib/python3.12/site-packages/oslo_config/cfg.py:3006}}
May 05 11:25:44.203954 np0000171776 nova-scheduler[108755]: DEBUG cotyledon.oslo_config_glue [-] oslo_messaging_rabbit.heartbeat_in_pthread = False {{(pid=108755) log_opt_values /opt/stack/data/venv/lib/python3.12/site-packages/oslo_config/cfg.py:3006}}
May 05 11:25:44.203954 np0000171776 nova-scheduler[108755]: DEBUG cotyledon.oslo_config_glue [-] oslo_messaging_rabbit.heartbeat_rate = 3 {{(pid=108755) log_opt_values /opt/stack/data/venv/lib/python3.12/site-packages/oslo_config/cfg.py:3006}}
May 05 11:25:44.203954 np0000171776 nova-scheduler[108755]: DEBUG cotyledon.oslo_config_glue [-] oslo_messaging_rabbit.heartbeat_timeout_threshold = 60 {{(pid=108755) log_opt_values /opt/stack/data/venv/lib/python3.12/site-packages/oslo_config/cfg.py:3006}}
May 05 11:25:44.203954 np0000171776 nova-scheduler[108755]: DEBUG cotyledon.oslo_config_glue [-] oslo_messaging_rabbit.hostname = np0000171776 {{(pid=108755) log_opt_values /opt/stack/data/venv/lib/python3.12/site-packages/oslo_config/cfg.py:3006}}
May 05 11:25:44.203954 np0000171776 nova-scheduler[108755]: DEBUG cotyledon.oslo_config_glue [-] oslo_messaging_rabbit.kombu_compression = None {{(pid=108755) log_opt_values /opt/stack/data/venv/lib/python3.12/site-packages/oslo_config/cfg.py:3006}}
May 05 11:25:44.203954 np0000171776 nova-scheduler[108755]: DEBUG cotyledon.oslo_config_glue [-] oslo_messaging_rabbit.kombu_failover_strategy = round-robin {{(pid=108755) log_opt_values /opt/stack/data/venv/lib/python3.12/site-packages/oslo_config/cfg.py:3006}}
May 05 11:25:44.203954 np0000171776 nova-scheduler[108755]: DEBUG cotyledon.oslo_config_glue [-] oslo_messaging_rabbit.kombu_missing_consumer_retry_timeout = 60 {{(pid=108755) log_opt_values /opt/stack/data/venv/lib/python3.12/site-packages/oslo_config/cfg.py:3006}}
May 05 11:25:44.203954 np0000171776 nova-scheduler[108755]: DEBUG cotyledon.oslo_config_glue [-] oslo_messaging_rabbit.kombu_reconnect_delay = 1.0 {{(pid=108755) log_opt_values /opt/stack/data/venv/lib/python3.12/site-packages/oslo_config/cfg.py:3006}}
May 05 11:25:44.204236 np0000171776 nova-scheduler[108755]: DEBUG cotyledon.oslo_config_glue [-] oslo_messaging_rabbit.kombu_reconnect_splay = 0.0 {{(pid=108755) log_opt_values /opt/stack/data/venv/lib/python3.12/site-packages/oslo_config/cfg.py:3006}}
May 05 11:25:44.204236 np0000171776 nova-scheduler[108755]: DEBUG cotyledon.oslo_config_glue [-] oslo_messaging_rabbit.processname = nova-scheduler {{(pid=108755) log_opt_values /opt/stack/data/venv/lib/python3.12/site-packages/oslo_config/cfg.py:3006}}
May 05 11:25:44.204236 np0000171776 nova-scheduler[108755]: DEBUG cotyledon.oslo_config_glue [-] oslo_messaging_rabbit.rabbit_ha_queues = False {{(pid=108755) log_opt_values /opt/stack/data/venv/lib/python3.12/site-packages/oslo_config/cfg.py:3006}}
May 05 11:25:44.204236 np0000171776 nova-scheduler[108755]: DEBUG cotyledon.oslo_config_glue [-] oslo_messaging_rabbit.rabbit_interval_max = 30 {{(pid=108755) log_opt_values /opt/stack/data/venv/lib/python3.12/site-packages/oslo_config/cfg.py:3006}}
May 05 11:25:44.204236 np0000171776 nova-scheduler[108755]: DEBUG cotyledon.oslo_config_glue [-] oslo_messaging_rabbit.rabbit_login_method = AMQPLAIN {{(pid=108755) log_opt_values /opt/stack/data/venv/lib/python3.12/site-packages/oslo_config/cfg.py:3006}}
May 05 11:25:44.204236 np0000171776 nova-scheduler[108755]: DEBUG cotyledon.oslo_config_glue [-] oslo_messaging_rabbit.rabbit_qos_prefetch_count = 0 {{(pid=108755) log_opt_values /opt/stack/data/venv/lib/python3.12/site-packages/oslo_config/cfg.py:3006}}
May 05 11:25:44.204236 np0000171776 nova-scheduler[108755]: DEBUG cotyledon.oslo_config_glue [-] oslo_messaging_rabbit.rabbit_quorum_delivery_limit = 0 {{(pid=108755) log_opt_values /opt/stack/data/venv/lib/python3.12/site-packages/oslo_config/cfg.py:3006}}
May 05 11:25:44.204236 np0000171776 nova-scheduler[108755]: DEBUG cotyledon.oslo_config_glue [-] oslo_messaging_rabbit.rabbit_quorum_max_memory_bytes = 0 {{(pid=108755) log_opt_values /opt/stack/data/venv/lib/python3.12/site-packages/oslo_config/cfg.py:3006}}
May 05 11:25:44.204427 np0000171776 nova-scheduler[108755]: DEBUG cotyledon.oslo_config_glue [-] oslo_messaging_rabbit.rabbit_quorum_max_memory_length = 0 {{(pid=108755) log_opt_values /opt/stack/data/venv/lib/python3.12/site-packages/oslo_config/cfg.py:3006}}
May 05 11:25:44.204427 np0000171776 nova-scheduler[108755]: DEBUG cotyledon.oslo_config_glue [-] oslo_messaging_rabbit.rabbit_quorum_queue = False {{(pid=108755) log_opt_values /opt/stack/data/venv/lib/python3.12/site-packages/oslo_config/cfg.py:3006}}
May 05 11:25:44.204427 np0000171776 nova-scheduler[108755]: DEBUG cotyledon.oslo_config_glue [-] oslo_messaging_rabbit.rabbit_retry_backoff = 2 {{(pid=108755) log_opt_values /opt/stack/data/venv/lib/python3.12/site-packages/oslo_config/cfg.py:3006}}
May 05 11:25:44.204427 np0000171776 nova-scheduler[108755]: DEBUG cotyledon.oslo_config_glue [-] oslo_messaging_rabbit.rabbit_retry_interval = 1 {{(pid=108755) log_opt_values /opt/stack/data/venv/lib/python3.12/site-packages/oslo_config/cfg.py:3006}}
May 05 11:25:44.204427 np0000171776 nova-scheduler[108755]: DEBUG cotyledon.oslo_config_glue [-] oslo_messaging_rabbit.rabbit_stream_fanout = False {{(pid=108755) log_opt_values /opt/stack/data/venv/lib/python3.12/site-packages/oslo_config/cfg.py:3006}}
May 05 11:25:44.204427 np0000171776 nova-scheduler[108755]: DEBUG cotyledon.oslo_config_glue [-] oslo_messaging_rabbit.rabbit_transient_queues_ttl = 1800 {{(pid=108755) log_opt_values /opt/stack/data/venv/lib/python3.12/site-packages/oslo_config/cfg.py:3006}}
May 05 11:25:44.204427 np0000171776 nova-scheduler[108755]: DEBUG cotyledon.oslo_config_glue [-] oslo_messaging_rabbit.rabbit_transient_quorum_queue = False {{(pid=108755) log_opt_values /opt/stack/data/venv/lib/python3.12/site-packages/oslo_config/cfg.py:3006}}
May 05 11:25:44.204427 np0000171776 nova-scheduler[108755]: DEBUG cotyledon.oslo_config_glue [-] oslo_messaging_rabbit.rpc_conn_pool_size = 30 {{(pid=108755) log_opt_values /opt/stack/data/venv/lib/python3.12/site-packages/oslo_config/cfg.py:3006}}
May 05 11:25:44.204427 np0000171776 nova-scheduler[108755]: DEBUG cotyledon.oslo_config_glue [-] oslo_messaging_rabbit.ssl = False {{(pid=108755) log_opt_values /opt/stack/data/venv/lib/python3.12/site-packages/oslo_config/cfg.py:3006}}
May 05 11:25:44.204655 np0000171776 nova-scheduler[108755]: DEBUG cotyledon.oslo_config_glue [-] oslo_messaging_rabbit.ssl_ca_file = {{(pid=108755) log_opt_values /opt/stack/data/venv/lib/python3.12/site-packages/oslo_config/cfg.py:3006}}
May 05 11:25:44.204655 np0000171776 nova-scheduler[108755]: DEBUG cotyledon.oslo_config_glue [-] oslo_messaging_rabbit.ssl_cert_file = {{(pid=108755) log_opt_values /opt/stack/data/venv/lib/python3.12/site-packages/oslo_config/cfg.py:3006}}
May 05 11:25:44.204655 np0000171776 nova-scheduler[108755]: DEBUG cotyledon.oslo_config_glue [-] oslo_messaging_rabbit.ssl_enforce_fips_mode = False {{(pid=108755) log_opt_values /opt/stack/data/venv/lib/python3.12/site-packages/oslo_config/cfg.py:3006}}
May 05 11:25:44.204655 np0000171776 nova-scheduler[108755]: DEBUG cotyledon.oslo_config_glue [-] oslo_messaging_rabbit.ssl_key_file = {{(pid=108755) log_opt_values /opt/stack/data/venv/lib/python3.12/site-packages/oslo_config/cfg.py:3006}}
May 05 11:25:44.204655 np0000171776 nova-scheduler[108755]: DEBUG cotyledon.oslo_config_glue [-] oslo_messaging_rabbit.ssl_version = {{(pid=108755) log_opt_values /opt/stack/data/venv/lib/python3.12/site-packages/oslo_config/cfg.py:3006}}
May 05 11:25:44.204655 np0000171776 nova-scheduler[108755]: DEBUG cotyledon.oslo_config_glue [-] oslo_messaging_rabbit.use_queue_manager = False {{(pid=108755) log_opt_values /opt/stack/data/venv/lib/python3.12/site-packages/oslo_config/cfg.py:3006}}
May 05 11:25:44.204655 np0000171776 nova-scheduler[108755]: DEBUG cotyledon.oslo_config_glue [-] oslo_messaging_notifications.driver = ['messagingv2'] {{(pid=108755) log_opt_values /opt/stack/data/venv/lib/python3.12/site-packages/oslo_config/cfg.py:3006}}
May 05 11:25:44.204655 np0000171776 nova-scheduler[108755]: DEBUG cotyledon.oslo_config_glue [-] oslo_messaging_notifications.retry = -1 {{(pid=108755) log_opt_values /opt/stack/data/venv/lib/python3.12/site-packages/oslo_config/cfg.py:3006}}
May 05 11:25:44.204655 np0000171776 nova-scheduler[108755]: DEBUG cotyledon.oslo_config_glue [-] oslo_messaging_notifications.topics = ['notifications'] {{(pid=108755) log_opt_values /opt/stack/data/venv/lib/python3.12/site-packages/oslo_config/cfg.py:3006}}
May 05 11:25:44.204885 np0000171776 nova-scheduler[108755]: DEBUG cotyledon.oslo_config_glue [-] oslo_messaging_notifications.transport_url = **** {{(pid=108755) log_opt_values /opt/stack/data/venv/lib/python3.12/site-packages/oslo_config/cfg.py:3006}}
May 05 11:25:44.204885 np0000171776 nova-scheduler[108755]: DEBUG cotyledon.oslo_config_glue [-] oslo_limit.auth_section = None {{(pid=108755) log_opt_values /opt/stack/data/venv/lib/python3.12/site-packages/oslo_config/cfg.py:3006}}
May 05 11:25:44.204885 np0000171776 nova-scheduler[108755]: DEBUG cotyledon.oslo_config_glue [-] oslo_limit.auth_type = None {{(pid=108755) log_opt_values /opt/stack/data/venv/lib/python3.12/site-packages/oslo_config/cfg.py:3006}}
May 05 11:25:44.204885 np0000171776 nova-scheduler[108755]: DEBUG cotyledon.oslo_config_glue [-] oslo_limit.cafile = None {{(pid=108755) log_opt_values /opt/stack/data/venv/lib/python3.12/site-packages/oslo_config/cfg.py:3006}}
May 05 11:25:44.204885 np0000171776 nova-scheduler[108755]: DEBUG cotyledon.oslo_config_glue [-] oslo_limit.certfile = None {{(pid=108755) log_opt_values /opt/stack/data/venv/lib/python3.12/site-packages/oslo_config/cfg.py:3006}}
May 05 11:25:44.204885 np0000171776 nova-scheduler[108755]: DEBUG cotyledon.oslo_config_glue [-] oslo_limit.collect_timing = False {{(pid=108755) log_opt_values /opt/stack/data/venv/lib/python3.12/site-packages/oslo_config/cfg.py:3006}}
May 05 11:25:44.204885 np0000171776 nova-scheduler[108755]: DEBUG cotyledon.oslo_config_glue [-] oslo_limit.connect_retries = None {{(pid=108755) log_opt_values /opt/stack/data/venv/lib/python3.12/site-packages/oslo_config/cfg.py:3006}}
May 05 11:25:44.204885 np0000171776 nova-scheduler[108755]: DEBUG cotyledon.oslo_config_glue [-] oslo_limit.connect_retry_delay = None {{(pid=108755) log_opt_values /opt/stack/data/venv/lib/python3.12/site-packages/oslo_config/cfg.py:3006}}
May 05 11:25:44.204885 np0000171776 nova-scheduler[108755]: DEBUG cotyledon.oslo_config_glue [-] oslo_limit.endpoint_id = None {{(pid=108755) log_opt_values /opt/stack/data/venv/lib/python3.12/site-packages/oslo_config/cfg.py:3006}}
May 05 11:25:44.205110 np0000171776 nova-scheduler[108755]: DEBUG cotyledon.oslo_config_glue [-] oslo_limit.endpoint_interface = public {{(pid=108755) log_opt_values /opt/stack/data/venv/lib/python3.12/site-packages/oslo_config/cfg.py:3006}}
May 05 11:25:44.205110 np0000171776 nova-scheduler[108755]: DEBUG cotyledon.oslo_config_glue [-] oslo_limit.endpoint_override = None {{(pid=108755) log_opt_values /opt/stack/data/venv/lib/python3.12/site-packages/oslo_config/cfg.py:3006}}
May 05 11:25:44.205110 np0000171776 nova-scheduler[108755]: DEBUG cotyledon.oslo_config_glue [-] oslo_limit.endpoint_region_name = None {{(pid=108755) log_opt_values /opt/stack/data/venv/lib/python3.12/site-packages/oslo_config/cfg.py:3006}}
May 05 11:25:44.205110 np0000171776 nova-scheduler[108755]: DEBUG cotyledon.oslo_config_glue [-] oslo_limit.endpoint_service_name = None {{(pid=108755) log_opt_values /opt/stack/data/venv/lib/python3.12/site-packages/oslo_config/cfg.py:3006}}
May 05 11:25:44.205110 np0000171776 nova-scheduler[108755]: DEBUG cotyledon.oslo_config_glue [-] oslo_limit.endpoint_service_type = None {{(pid=108755) log_opt_values /opt/stack/data/venv/lib/python3.12/site-packages/oslo_config/cfg.py:3006}}
May 05 11:25:44.205110 np0000171776 nova-scheduler[108755]: DEBUG cotyledon.oslo_config_glue [-] oslo_limit.insecure = False {{(pid=108755) log_opt_values /opt/stack/data/venv/lib/python3.12/site-packages/oslo_config/cfg.py:3006}}
May 05 11:25:44.205110 np0000171776 nova-scheduler[108755]: DEBUG cotyledon.oslo_config_glue [-] oslo_limit.keyfile = None {{(pid=108755) log_opt_values /opt/stack/data/venv/lib/python3.12/site-packages/oslo_config/cfg.py:3006}}
May 05 11:25:44.205110 np0000171776 nova-scheduler[108755]: DEBUG cotyledon.oslo_config_glue [-] oslo_limit.max_version = None {{(pid=108755) log_opt_values /opt/stack/data/venv/lib/python3.12/site-packages/oslo_config/cfg.py:3006}}
May 05 11:25:44.205110 np0000171776 nova-scheduler[108755]: DEBUG cotyledon.oslo_config_glue [-] oslo_limit.min_version = None {{(pid=108755) log_opt_values /opt/stack/data/venv/lib/python3.12/site-packages/oslo_config/cfg.py:3006}}
May 05 11:25:44.205451 np0000171776 nova-scheduler[108755]: DEBUG cotyledon.oslo_config_glue [-] oslo_limit.region_name = None {{(pid=108755) log_opt_values /opt/stack/data/venv/lib/python3.12/site-packages/oslo_config/cfg.py:3006}}
May 05 11:25:44.205451 np0000171776 nova-scheduler[108755]: DEBUG cotyledon.oslo_config_glue [-] oslo_limit.retriable_status_codes = None {{(pid=108755) log_opt_values /opt/stack/data/venv/lib/python3.12/site-packages/oslo_config/cfg.py:3006}}
May 05 11:25:44.205451 np0000171776 nova-scheduler[108755]: DEBUG cotyledon.oslo_config_glue [-] oslo_limit.service_name = None {{(pid=108755) log_opt_values /opt/stack/data/venv/lib/python3.12/site-packages/oslo_config/cfg.py:3006}}
May 05 11:25:44.205451 np0000171776 nova-scheduler[108755]: DEBUG cotyledon.oslo_config_glue [-] oslo_limit.service_type = None {{(pid=108755) log_opt_values /opt/stack/data/venv/lib/python3.12/site-packages/oslo_config/cfg.py:3006}}
May 05 11:25:44.205451 np0000171776 nova-scheduler[108755]: DEBUG cotyledon.oslo_config_glue [-] oslo_limit.split_loggers = False {{(pid=108755) log_opt_values /opt/stack/data/venv/lib/python3.12/site-packages/oslo_config/cfg.py:3006}}
May 05 11:25:44.205451 np0000171776 nova-scheduler[108755]: DEBUG cotyledon.oslo_config_glue [-] oslo_limit.status_code_retries = None {{(pid=108755) log_opt_values /opt/stack/data/venv/lib/python3.12/site-packages/oslo_config/cfg.py:3006}}
May 05 11:25:44.205451 np0000171776 nova-scheduler[108755]: DEBUG cotyledon.oslo_config_glue [-] oslo_limit.status_code_retry_delay = None {{(pid=108755) log_opt_values /opt/stack/data/venv/lib/python3.12/site-packages/oslo_config/cfg.py:3006}}
May 05 11:25:44.205451 np0000171776 nova-scheduler[108755]: DEBUG cotyledon.oslo_config_glue [-] oslo_limit.timeout = None {{(pid=108755) log_opt_values /opt/stack/data/venv/lib/python3.12/site-packages/oslo_config/cfg.py:3006}}
May 05 11:25:44.205451 np0000171776 nova-scheduler[108755]: DEBUG cotyledon.oslo_config_glue [-] oslo_limit.valid_interfaces = None {{(pid=108755) log_opt_values /opt/stack/data/venv/lib/python3.12/site-packages/oslo_config/cfg.py:3006}}
May 05 11:25:44.205675 np0000171776 nova-scheduler[108755]: DEBUG cotyledon.oslo_config_glue [-] oslo_limit.version = None {{(pid=108755) log_opt_values /opt/stack/data/venv/lib/python3.12/site-packages/oslo_config/cfg.py:3006}}
May 05 11:25:44.205675 np0000171776 nova-scheduler[108755]: DEBUG cotyledon.oslo_config_glue [-] oslo_reports.file_event_handler = None {{(pid=108755) log_opt_values /opt/stack/data/venv/lib/python3.12/site-packages/oslo_config/cfg.py:3006}}
May 05 11:25:44.205675 np0000171776 nova-scheduler[108755]: DEBUG cotyledon.oslo_config_glue [-] oslo_reports.file_event_handler_interval = 1 {{(pid=108755) log_opt_values /opt/stack/data/venv/lib/python3.12/site-packages/oslo_config/cfg.py:3006}}
May 05 11:25:44.205675 np0000171776 nova-scheduler[108755]: DEBUG cotyledon.oslo_config_glue [-] oslo_reports.log_dir = None {{(pid=108755) log_opt_values /opt/stack/data/venv/lib/python3.12/site-packages/oslo_config/cfg.py:3006}}
May 05 11:25:44.205675 np0000171776 nova-scheduler[108755]: DEBUG cotyledon.oslo_config_glue [-] ******************************************************************************** {{(pid=108755) log_opt_values /opt/stack/data/venv/lib/python3.12/site-packages/oslo_config/cfg.py:3013}}
May 05 11:25:44.205675 np0000171776 nova-scheduler[108755]: DEBUG cotyledon._service_worker [-] Run service ServiceWrapper(3) [108755] {{(pid=108755) wait_forever /opt/stack/data/venv/lib/python3.12/site-packages/cotyledon/_service_worker.py:218}}
May 05 11:25:44.205675 np0000171776 nova-scheduler[108755]: INFO nova.service [-] Starting scheduler node (version 33.1.0)
May 05 11:25:44.205895 np0000171776 nova-scheduler[108745]: DEBUG oslo_db.sqlalchemy.engines [None req-48a34679-abc6-486f-afa2-b27c921192f8 None None] MySQL server mode set to STRICT_TRANS_TABLES,STRICT_ALL_TABLES,NO_ZERO_IN_DATE,NO_ZERO_DATE,ERROR_FOR_DIVISION_BY_ZERO,TRADITIONAL,NO_ENGINE_SUBSTITUTION {{(pid=108745) _check_effective_sql_mode /opt/stack/data/venv/lib/python3.12/site-packages/oslo_db/sqlalchemy/engines.py:325}}
May 05 11:25:44.205928 np0000171776 nova-scheduler[108731]: DEBUG dbcounter [-] [108731] Writer thread running {{(pid=108731) stat_writer /opt/stack/data/venv/lib/python3.12/site-packages/dbcounter.py:102}}
May 05 11:25:44.205956 np0000171776 nova-scheduler[108755]: INFO dbcounter [None req-8ea40c2b-0591-4e3d-bda9-a06d20d05aca None None] Registered counter for database nova_cell0
May 05 11:25:44.205983 np0000171776 nova-scheduler[108745]: DEBUG dbcounter [-] [108745] Writer thread running {{(pid=108745) stat_writer /opt/stack/data/venv/lib/python3.12/site-packages/dbcounter.py:102}}
May 05 11:25:44.206009 np0000171776 nova-scheduler[108755]: DEBUG oslo_db.sqlalchemy.engines [None req-8ea40c2b-0591-4e3d-bda9-a06d20d05aca None None] MySQL server mode set to STRICT_TRANS_TABLES,STRICT_ALL_TABLES,NO_ZERO_IN_DATE,NO_ZERO_DATE,ERROR_FOR_DIVISION_BY_ZERO,TRADITIONAL,NO_ENGINE_SUBSTITUTION {{(pid=108755) _check_effective_sql_mode /opt/stack/data/venv/lib/python3.12/site-packages/oslo_db/sqlalchemy/engines.py:325}}
May 05 11:25:44.206041 np0000171776 nova-scheduler[108738]: DEBUG nova.service [None req-066f9f54-e525-4b50-91f3-f10779a1f064 None None] Creating RPC server for service: nova-scheduler on topic: scheduler {{(pid=108738) start /opt/stack/nova/nova/service.py:195}}
May 05 11:25:44.206070 np0000171776 nova-scheduler[108755]: DEBUG dbcounter [-] [108755] Writer thread running {{(pid=108755) stat_writer /opt/stack/data/venv/lib/python3.12/site-packages/dbcounter.py:102}}
May 05 11:25:44.208470 np0000171776 nova-scheduler[108755]: DEBUG nova.service [None req-8ea40c2b-0591-4e3d-bda9-a06d20d05aca None None] Creating RPC server for service: nova-scheduler on topic: scheduler {{(pid=108755) start /opt/stack/nova/nova/service.py:195}}
May 05 11:25:44.224146 np0000171776 nova-scheduler[108745]: DEBUG nova.service [None req-48a34679-abc6-486f-afa2-b27c921192f8 None None] Creating RPC server for service: nova-scheduler on topic: scheduler {{(pid=108745) start /opt/stack/nova/nova/service.py:195}}
May 05 11:25:44.229307 np0000171776 nova-scheduler[108731]: DEBUG nova.service [None req-0a450302-8360-4a7d-8997-82c769c45463 None None] Creating RPC server for service: nova-scheduler on topic: scheduler {{(pid=108731) start /opt/stack/nova/nova/service.py:195}}
May 05 11:25:44.241375 np0000171776 nova-scheduler[108755]: DEBUG nova.service [None req-8ea40c2b-0591-4e3d-bda9-a06d20d05aca None None] Join ServiceGroup membership for this service scheduler {{(pid=108755) start /opt/stack/nova/nova/service.py:221}}
May 05 11:25:44.241682 np0000171776 nova-scheduler[108755]: DEBUG nova.servicegroup.drivers.db [None req-8ea40c2b-0591-4e3d-bda9-a06d20d05aca None None] DB_Driver: join new ServiceGroup member np0000171776 to the scheduler group, service = {{(pid=108755) join /opt/stack/nova/nova/servicegroup/drivers/db.py:44}}
May 05 11:25:44.248447 np0000171776 nova-scheduler[108745]: DEBUG nova.service [None req-48a34679-abc6-486f-afa2-b27c921192f8 None None] Join ServiceGroup membership for this service scheduler {{(pid=108745) start /opt/stack/nova/nova/service.py:221}}
May 05 11:25:44.248894 np0000171776 nova-scheduler[108745]: DEBUG nova.servicegroup.drivers.db [None req-48a34679-abc6-486f-afa2-b27c921192f8 None None] DB_Driver: join new ServiceGroup member np0000171776 to the scheduler group, service = {{(pid=108745) join /opt/stack/nova/nova/servicegroup/drivers/db.py:44}}
May 05 11:25:44.249595 np0000171776 nova-scheduler[108738]: DEBUG nova.service [None req-066f9f54-e525-4b50-91f3-f10779a1f064 None None] Join ServiceGroup membership for this service scheduler {{(pid=108738) start /opt/stack/nova/nova/service.py:221}}
May 05 11:25:44.251062 np0000171776 nova-scheduler[108738]: DEBUG nova.servicegroup.drivers.db [None req-066f9f54-e525-4b50-91f3-f10779a1f064 None None] DB_Driver: join new ServiceGroup member np0000171776 to the scheduler group, service = {{(pid=108738) join /opt/stack/nova/nova/servicegroup/drivers/db.py:44}}
May 05 11:25:44.252580 np0000171776 nova-scheduler[108745]: DEBUG oslo.service.backend._threading.loopingcall [None req-8977025e-d9a2-42fb-96c9-12afabc09495 None None] Dynamic interval looping call 'nova.service.Service.periodic_tasks' sleeping for 60.00 seconds {{(pid=108745) _run_loop /opt/stack/data/venv/lib/python3.12/site-packages/oslo_service/backend/_threading/loopingcall.py:125}}
May 05 11:25:44.254519 np0000171776 nova-scheduler[108731]: DEBUG nova.service [None req-0a450302-8360-4a7d-8997-82c769c45463 None None] Join ServiceGroup membership for this service scheduler {{(pid=108731) start /opt/stack/nova/nova/service.py:221}}
May 05 11:25:44.254689 np0000171776 nova-scheduler[108731]: DEBUG nova.servicegroup.drivers.db [None req-0a450302-8360-4a7d-8997-82c769c45463 None None] DB_Driver: join new ServiceGroup member np0000171776 to the scheduler group, service = {{(pid=108731) join /opt/stack/nova/nova/servicegroup/drivers/db.py:44}}
May 05 11:25:45.257749 np0000171776 nova-scheduler[108731]: DEBUG oslo.service.backend._threading.loopingcall [None req-810d31f3-7316-4bbe-bc4d-367646f09b7c None None] Dynamic interval looping call 'nova.service.Service.periodic_tasks' sleeping for 60.00 seconds {{(pid=108731) _run_loop /opt/stack/data/venv/lib/python3.12/site-packages/oslo_service/backend/_threading/loopingcall.py:125}}
May 05 11:25:49.266936 np0000171776 nova-scheduler[108755]: DEBUG oslo.service.backend._threading.loopingcall [-] Fixed interval looping call 'nova.servicegroup.drivers.db.DbDriver._report_state' sleeping for 119.98 seconds {{(pid=108755) _run_loop /opt/stack/data/venv/lib/python3.12/site-packages/oslo_service/backend/_threading/loopingcall.py:125}}
May 05 11:25:49.267376 np0000171776 nova-scheduler[108738]: DEBUG oslo.service.backend._threading.loopingcall [-] Fixed interval looping call 'nova.servicegroup.drivers.db.DbDriver._report_state' sleeping for 119.99 seconds {{(pid=108738) _run_loop /opt/stack/data/venv/lib/python3.12/site-packages/oslo_service/backend/_threading/loopingcall.py:125}}
May 05 11:25:49.271509 np0000171776 nova-scheduler[108731]: DEBUG oslo.service.backend._threading.loopingcall [-] Fixed interval looping call 'nova.servicegroup.drivers.db.DbDriver._report_state' sleeping for 119.99 seconds {{(pid=108731) _run_loop /opt/stack/data/venv/lib/python3.12/site-packages/oslo_service/backend/_threading/loopingcall.py:125}}
May 05 11:25:49.272690 np0000171776 nova-scheduler[108745]: DEBUG oslo.service.backend._threading.loopingcall [-] Fixed interval looping call 'nova.servicegroup.drivers.db.DbDriver._report_state' sleeping for 119.98 seconds {{(pid=108745) _run_loop /opt/stack/data/venv/lib/python3.12/site-packages/oslo_service/backend/_threading/loopingcall.py:125}}
May 05 11:25:52.826016 np0000171776 nova-scheduler[107949]: DEBUG dbcounter [-] [107949] Writing DB stats nova_api:SELECT=3 {{(pid=107949) stat_writer /opt/stack/data/venv/lib/python3.12/site-packages/dbcounter.py:115}}
May 05 11:25:52.923926 np0000171776 nova-scheduler[107949]: DEBUG dbcounter [-] [107949] Writing DB stats nova_cell0:SELECT=1 {{(pid=107949) stat_writer /opt/stack/data/venv/lib/python3.12/site-packages/dbcounter.py:115}}
May 05 11:25:52.928626 np0000171776 nova-scheduler[107949]: DEBUG dbcounter [-] [107949] Writing DB stats nova_cell1:SELECT=1 {{(pid=107949) stat_writer /opt/stack/data/venv/lib/python3.12/site-packages/dbcounter.py:115}}
May 05 11:25:59.259229 np0000171776 nova-scheduler[108755]: DEBUG dbcounter [-] [108755] Writing DB stats nova_cell0:SELECT=3,nova_cell0:UPDATE=1 {{(pid=108755) stat_writer /opt/stack/data/venv/lib/python3.12/site-packages/dbcounter.py:115}}
May 05 11:25:59.265461 np0000171776 nova-scheduler[108738]: DEBUG dbcounter [-] [108738] Writing DB stats nova_cell0:SELECT=4,nova_cell0:INSERT=1,nova_cell0:UPDATE=1 {{(pid=108738) stat_writer /opt/stack/data/venv/lib/python3.12/site-packages/dbcounter.py:115}}
May 05 11:25:59.268970 np0000171776 nova-scheduler[108731]: DEBUG dbcounter [-] [108731] Writing DB stats nova_cell0:SELECT=5,nova_cell0:INSERT=1 {{(pid=108731) stat_writer /opt/stack/data/venv/lib/python3.12/site-packages/dbcounter.py:115}}
May 05 11:25:59.269224 np0000171776 nova-scheduler[108745]: DEBUG dbcounter [-] [108745] Writing DB stats nova_cell0:SELECT=5,nova_cell0:INSERT=1,nova_cell0:UPDATE=1 {{(pid=108745) stat_writer /opt/stack/data/venv/lib/python3.12/site-packages/dbcounter.py:115}}
May 05 11:26:34.248725 np0000171776 nova-scheduler[108755]: DEBUG oslo.service.backend._threading.loopingcall [None req-072bfdf3-b557-4068-bc8f-7e707f9d982d None None] Dynamic interval looping call 'nova.service.Service.periodic_tasks' sleeping for 60.00 seconds {{(pid=108755) _run_loop /opt/stack/data/venv/lib/python3.12/site-packages/oslo_service/backend/_threading/loopingcall.py:125}}
May 05 11:26:44.253624 np0000171776 nova-scheduler[108745]: DEBUG oslo.service.backend._threading.loopingcall [None req-8977025e-d9a2-42fb-96c9-12afabc09495 None None] Dynamic interval looping call 'nova.service.Service.periodic_tasks' sleeping for 60.00 seconds {{(pid=108745) _run_loop /opt/stack/data/venv/lib/python3.12/site-packages/oslo_service/backend/_threading/loopingcall.py:125}}
May 05 11:26:44.254345 np0000171776 nova-scheduler[108738]: DEBUG oslo.service.backend._threading.loopingcall [None req-48c560f7-d71e-456a-a43c-869d456276a1 None None] Dynamic interval looping call 'nova.service.Service.periodic_tasks' sleeping for 60.00 seconds {{(pid=108738) _run_loop /opt/stack/data/venv/lib/python3.12/site-packages/oslo_service/backend/_threading/loopingcall.py:125}}
May 05 11:26:45.259315 np0000171776 nova-scheduler[108731]: DEBUG oslo.service.backend._threading.loopingcall [None req-810d31f3-7316-4bbe-bc4d-367646f09b7c None None] Dynamic interval looping call 'nova.service.Service.periodic_tasks' sleeping for 60.00 seconds {{(pid=108731) _run_loop /opt/stack/data/venv/lib/python3.12/site-packages/oslo_service/backend/_threading/loopingcall.py:125}}
May 05 11:27:34.249423 np0000171776 nova-scheduler[108755]: DEBUG oslo.service.backend._threading.loopingcall [None req-072bfdf3-b557-4068-bc8f-7e707f9d982d None None] Dynamic interval looping call 'nova.service.Service.periodic_tasks' sleeping for 60.00 seconds {{(pid=108755) _run_loop /opt/stack/data/venv/lib/python3.12/site-packages/oslo_service/backend/_threading/loopingcall.py:125}}
May 05 11:27:44.254546 np0000171776 nova-scheduler[108745]: DEBUG oslo.service.backend._threading.loopingcall [None req-8977025e-d9a2-42fb-96c9-12afabc09495 None None] Dynamic interval looping call 'nova.service.Service.periodic_tasks' sleeping for 60.00 seconds {{(pid=108745) _run_loop /opt/stack/data/venv/lib/python3.12/site-packages/oslo_service/backend/_threading/loopingcall.py:125}}
May 05 11:27:44.255563 np0000171776 nova-scheduler[108738]: DEBUG oslo.service.backend._threading.loopingcall [None req-48c560f7-d71e-456a-a43c-869d456276a1 None None] Dynamic interval looping call 'nova.service.Service.periodic_tasks' sleeping for 60.00 seconds {{(pid=108738) _run_loop /opt/stack/data/venv/lib/python3.12/site-packages/oslo_service/backend/_threading/loopingcall.py:125}}
May 05 11:27:45.260196 np0000171776 nova-scheduler[108731]: DEBUG oslo.service.backend._threading.loopingcall [None req-810d31f3-7316-4bbe-bc4d-367646f09b7c None None] Dynamic interval looping call 'nova.service.Service.periodic_tasks' sleeping for 60.00 seconds {{(pid=108731) _run_loop /opt/stack/data/venv/lib/python3.12/site-packages/oslo_service/backend/_threading/loopingcall.py:125}}
May 05 11:27:49.398308 np0000171776 nova-scheduler[108755]: DEBUG oslo.service.backend._threading.loopingcall [-] Fixed interval looping call 'nova.servicegroup.drivers.db.DbDriver._report_state' sleeping for 119.85 seconds {{(pid=108755) _run_loop /opt/stack/data/venv/lib/python3.12/site-packages/oslo_service/backend/_threading/loopingcall.py:125}}
May 05 11:27:49.399302 np0000171776 nova-scheduler[108745]: DEBUG oslo.service.backend._threading.loopingcall [-] Fixed interval looping call 'nova.servicegroup.drivers.db.DbDriver._report_state' sleeping for 119.85 seconds {{(pid=108745) _run_loop /opt/stack/data/venv/lib/python3.12/site-packages/oslo_service/backend/_threading/loopingcall.py:125}}
May 05 11:27:49.400427 np0000171776 nova-scheduler[108738]: DEBUG oslo.service.backend._threading.loopingcall [-] Fixed interval looping call 'nova.servicegroup.drivers.db.DbDriver._report_state' sleeping for 119.86 seconds {{(pid=108738) _run_loop /opt/stack/data/venv/lib/python3.12/site-packages/oslo_service/backend/_threading/loopingcall.py:125}}
May 05 11:27:49.401605 np0000171776 nova-scheduler[108731]: DEBUG oslo.service.backend._threading.loopingcall [-] Fixed interval looping call 'nova.servicegroup.drivers.db.DbDriver._report_state' sleeping for 119.86 seconds {{(pid=108731) _run_loop /opt/stack/data/venv/lib/python3.12/site-packages/oslo_service/backend/_threading/loopingcall.py:125}}
May 05 11:27:59.253935 np0000171776 nova-scheduler[108755]: DEBUG dbcounter [-] [108755] Writing DB stats nova_cell0:SELECT=1,nova_cell0:UPDATE=1 {{(pid=108755) stat_writer /opt/stack/data/venv/lib/python3.12/site-packages/dbcounter.py:115}}
May 05 11:27:59.259094 np0000171776 nova-scheduler[108745]: DEBUG dbcounter [-] [108745] Writing DB stats nova_cell0:SELECT=1,nova_cell0:UPDATE=1 {{(pid=108745) stat_writer /opt/stack/data/venv/lib/python3.12/site-packages/dbcounter.py:115}}
May 05 11:27:59.263191 np0000171776 nova-scheduler[108738]: DEBUG dbcounter [-] [108738] Writing DB stats nova_cell0:SELECT=1,nova_cell0:UPDATE=1 {{(pid=108738) stat_writer /opt/stack/data/venv/lib/python3.12/site-packages/dbcounter.py:115}}
May 05 11:27:59.267896 np0000171776 nova-scheduler[108731]: DEBUG dbcounter [-] [108731] Writing DB stats nova_cell0:SELECT=1,nova_cell0:UPDATE=1 {{(pid=108731) stat_writer /opt/stack/data/venv/lib/python3.12/site-packages/dbcounter.py:115}}
May 05 11:28:34.250129 np0000171776 nova-scheduler[108755]: DEBUG oslo.service.backend._threading.loopingcall [None req-072bfdf3-b557-4068-bc8f-7e707f9d982d None None] Dynamic interval looping call 'nova.service.Service.periodic_tasks' sleeping for 60.00 seconds {{(pid=108755) _run_loop /opt/stack/data/venv/lib/python3.12/site-packages/oslo_service/backend/_threading/loopingcall.py:125}}
May 05 11:28:44.255257 np0000171776 nova-scheduler[108745]: DEBUG oslo.service.backend._threading.loopingcall [None req-8977025e-d9a2-42fb-96c9-12afabc09495 None None] Dynamic interval looping call 'nova.service.Service.periodic_tasks' sleeping for 60.00 seconds {{(pid=108745) _run_loop /opt/stack/data/venv/lib/python3.12/site-packages/oslo_service/backend/_threading/loopingcall.py:125}}
May 05 11:28:44.255913 np0000171776 nova-scheduler[108738]: DEBUG oslo.service.backend._threading.loopingcall [None req-48c560f7-d71e-456a-a43c-869d456276a1 None None] Dynamic interval looping call 'nova.service.Service.periodic_tasks' sleeping for 60.00 seconds {{(pid=108738) _run_loop /opt/stack/data/venv/lib/python3.12/site-packages/oslo_service/backend/_threading/loopingcall.py:125}}
May 05 11:28:45.260881 np0000171776 nova-scheduler[108731]: DEBUG oslo.service.backend._threading.loopingcall [None req-810d31f3-7316-4bbe-bc4d-367646f09b7c None None] Dynamic interval looping call 'nova.service.Service.periodic_tasks' sleeping for 60.00 seconds {{(pid=108731) _run_loop /opt/stack/data/venv/lib/python3.12/site-packages/oslo_service/backend/_threading/loopingcall.py:125}}
May 05 11:29:34.251766 np0000171776 nova-scheduler[108755]: DEBUG oslo.service.backend._threading.loopingcall [None req-072bfdf3-b557-4068-bc8f-7e707f9d982d None None] Dynamic interval looping call 'nova.service.Service.periodic_tasks' sleeping for 60.00 seconds {{(pid=108755) _run_loop /opt/stack/data/venv/lib/python3.12/site-packages/oslo_service/backend/_threading/loopingcall.py:125}}
May 05 11:29:44.256039 np0000171776 nova-scheduler[108745]: DEBUG oslo.service.backend._threading.loopingcall [None req-8977025e-d9a2-42fb-96c9-12afabc09495 None None] Dynamic interval looping call 'nova.service.Service.periodic_tasks' sleeping for 60.00 seconds {{(pid=108745) _run_loop /opt/stack/data/venv/lib/python3.12/site-packages/oslo_service/backend/_threading/loopingcall.py:125}}
May 05 11:29:44.256568 np0000171776 nova-scheduler[108738]: DEBUG oslo.service.backend._threading.loopingcall [None req-48c560f7-d71e-456a-a43c-869d456276a1 None None] Dynamic interval looping call 'nova.service.Service.periodic_tasks' sleeping for 60.00 seconds {{(pid=108738) _run_loop /opt/stack/data/venv/lib/python3.12/site-packages/oslo_service/backend/_threading/loopingcall.py:125}}
May 05 11:29:45.261790 np0000171776 nova-scheduler[108731]: DEBUG oslo.service.backend._threading.loopingcall [None req-810d31f3-7316-4bbe-bc4d-367646f09b7c None None] Dynamic interval looping call 'nova.service.Service.periodic_tasks' sleeping for 60.00 seconds {{(pid=108731) _run_loop /opt/stack/data/venv/lib/python3.12/site-packages/oslo_service/backend/_threading/loopingcall.py:125}}
May 05 11:29:49.678323 np0000171776 nova-scheduler[108755]: DEBUG oslo.service.backend._threading.loopingcall [-] Fixed interval looping call 'nova.servicegroup.drivers.db.DbDriver._report_state' sleeping for 119.57 seconds {{(pid=108755) _run_loop /opt/stack/data/venv/lib/python3.12/site-packages/oslo_service/backend/_threading/loopingcall.py:125}}
May 05 11:29:49.698213 np0000171776 nova-scheduler[108745]: DEBUG oslo.service.backend._threading.loopingcall [-] Fixed interval looping call 'nova.servicegroup.drivers.db.DbDriver._report_state' sleeping for 119.57 seconds {{(pid=108745) _run_loop /opt/stack/data/venv/lib/python3.12/site-packages/oslo_service/backend/_threading/loopingcall.py:125}}
May 05 11:29:49.698783 np0000171776 nova-scheduler[108731]: DEBUG oslo.service.backend._threading.loopingcall [-] Fixed interval looping call 'nova.servicegroup.drivers.db.DbDriver._report_state' sleeping for 119.58 seconds {{(pid=108731) _run_loop /opt/stack/data/venv/lib/python3.12/site-packages/oslo_service/backend/_threading/loopingcall.py:125}}
