Feb 16 19:39:53.945271 np0000155674 nova-scheduler[108470]: DEBUG cotyledon.oslo_config_glue [-] vnc.server_proxyclient_address = 127.0.0.1 {{(pid=108470) log_opt_values /opt/stack/data/venv/lib/python3.12/site-packages/oslo_config/cfg.py:2824}}
Feb 16 19:39:53.945271 np0000155674 nova-scheduler[108470]: DEBUG cotyledon.oslo_config_glue [-] vnc.vencrypt_ca_certs = None {{(pid=108470) log_opt_values /opt/stack/data/venv/lib/python3.12/site-packages/oslo_config/cfg.py:2824}}
Feb 16 19:39:53.945271 np0000155674 nova-scheduler[108470]: DEBUG cotyledon.oslo_config_glue [-] vnc.vencrypt_client_cert = None {{(pid=108470) log_opt_values /opt/stack/data/venv/lib/python3.12/site-packages/oslo_config/cfg.py:2824}}
Feb 16 19:39:53.945271 np0000155674 nova-scheduler[108470]: DEBUG cotyledon.oslo_config_glue [-] vnc.vencrypt_client_key = None {{(pid=108470) log_opt_values /opt/stack/data/venv/lib/python3.12/site-packages/oslo_config/cfg.py:2824}}
Feb 16 19:39:53.945480 np0000155674 nova-scheduler[108470]: DEBUG cotyledon.oslo_config_glue [-] workarounds.disable_compute_service_check_for_ffu = False {{(pid=108470) log_opt_values /opt/stack/data/venv/lib/python3.12/site-packages/oslo_config/cfg.py:2824}}
Feb 16 19:39:53.945480 np0000155674 nova-scheduler[108470]: DEBUG cotyledon.oslo_config_glue [-] workarounds.disable_deep_image_inspection = False {{(pid=108470) log_opt_values /opt/stack/data/venv/lib/python3.12/site-packages/oslo_config/cfg.py:2824}}
Feb 16 19:39:53.945480 np0000155674 nova-scheduler[108470]: DEBUG cotyledon.oslo_config_glue [-] workarounds.disable_fallback_pcpu_query = False {{(pid=108470) log_opt_values /opt/stack/data/venv/lib/python3.12/site-packages/oslo_config/cfg.py:2824}}
Feb 16 19:39:53.945480 np0000155674 nova-scheduler[108470]: DEBUG cotyledon.oslo_config_glue [-] workarounds.disable_group_policy_check_upcall = False {{(pid=108470) log_opt_values /opt/stack/data/venv/lib/python3.12/site-packages/oslo_config/cfg.py:2824}}
Feb 16 19:39:53.945572 np0000155674 nova-scheduler[108454]: DEBUG oslo_db.sqlalchemy.engines [None req-c9c93750-d475-4983-b39f-1b8788f49d14 None None] MySQL server mode set to STRICT_TRANS_TABLES,STRICT_ALL_TABLES,NO_ZERO_IN_DATE,NO_ZERO_DATE,ERROR_FOR_DIVISION_BY_ZERO,TRADITIONAL,NO_ENGINE_SUBSTITUTION {{(pid=108454) _check_effective_sql_mode /opt/stack/data/venv/lib/python3.12/site-packages/oslo_db/sqlalchemy/engines.py:325}}
Feb 16 19:39:53.945613 np0000155674 nova-scheduler[108470]: DEBUG cotyledon.oslo_config_glue [-] workarounds.disable_libvirt_livesnapshot = False {{(pid=108470) log_opt_values /opt/stack/data/venv/lib/python3.12/site-packages/oslo_config/cfg.py:2824}}
Feb 16 19:39:53.945613 np0000155674 nova-scheduler[108470]: DEBUG cotyledon.oslo_config_glue [-] workarounds.disable_rootwrap = False {{(pid=108470) log_opt_values /opt/stack/data/venv/lib/python3.12/site-packages/oslo_config/cfg.py:2824}}
Feb 16 19:39:53.945613 np0000155674 nova-scheduler[108470]: DEBUG cotyledon.oslo_config_glue [-] workarounds.enable_numa_live_migration = False {{(pid=108470) log_opt_values /opt/stack/data/venv/lib/python3.12/site-packages/oslo_config/cfg.py:2824}}
Feb 16 19:39:53.945613 np0000155674 nova-scheduler[108470]: DEBUG cotyledon.oslo_config_glue [-] workarounds.enable_qemu_monitor_announce_self = False {{(pid=108470) log_opt_values /opt/stack/data/venv/lib/python3.12/site-packages/oslo_config/cfg.py:2824}}
Feb 16 19:39:53.945613 np0000155674 nova-scheduler[108470]: DEBUG cotyledon.oslo_config_glue [-] workarounds.ensure_libvirt_rbd_instance_dir_cleanup = False {{(pid=108470) log_opt_values /opt/stack/data/venv/lib/python3.12/site-packages/oslo_config/cfg.py:2824}}
Feb 16 19:39:53.945613 np0000155674 nova-scheduler[108470]: DEBUG cotyledon.oslo_config_glue [-] workarounds.handle_virt_lifecycle_events = True {{(pid=108470) log_opt_values /opt/stack/data/venv/lib/python3.12/site-packages/oslo_config/cfg.py:2824}}
Feb 16 19:39:53.945613 np0000155674 nova-scheduler[108470]: DEBUG cotyledon.oslo_config_glue [-] workarounds.libvirt_disable_apic = False {{(pid=108470) log_opt_values /opt/stack/data/venv/lib/python3.12/site-packages/oslo_config/cfg.py:2824}}
Feb 16 19:39:53.945613 np0000155674 nova-scheduler[108470]: DEBUG cotyledon.oslo_config_glue [-] workarounds.never_download_image_if_on_rbd = False {{(pid=108470) log_opt_values /opt/stack/data/venv/lib/python3.12/site-packages/oslo_config/cfg.py:2824}}
Feb 16 19:39:53.945613 np0000155674 nova-scheduler[108470]: DEBUG cotyledon.oslo_config_glue [-] workarounds.qemu_monitor_announce_self_count = 3 {{(pid=108470) log_opt_values /opt/stack/data/venv/lib/python3.12/site-packages/oslo_config/cfg.py:2824}}
Feb 16 19:39:53.945817 np0000155674 nova-scheduler[108470]: DEBUG cotyledon.oslo_config_glue [-] workarounds.qemu_monitor_announce_self_interval = 1 {{(pid=108470) log_opt_values /opt/stack/data/venv/lib/python3.12/site-packages/oslo_config/cfg.py:2824}}
Feb 16 19:39:53.945817 np0000155674 nova-scheduler[108470]: DEBUG cotyledon.oslo_config_glue [-] workarounds.reserve_disk_resource_for_image_cache = False {{(pid=108470) log_opt_values /opt/stack/data/venv/lib/python3.12/site-packages/oslo_config/cfg.py:2824}}
Feb 16 19:39:53.945817 np0000155674 nova-scheduler[108470]: DEBUG cotyledon.oslo_config_glue [-] workarounds.skip_cpu_compare_at_startup = False {{(pid=108470) log_opt_values /opt/stack/data/venv/lib/python3.12/site-packages/oslo_config/cfg.py:2824}}
Feb 16 19:39:53.945817 np0000155674 nova-scheduler[108470]: DEBUG cotyledon.oslo_config_glue [-] workarounds.skip_cpu_compare_on_dest = False {{(pid=108470) log_opt_values /opt/stack/data/venv/lib/python3.12/site-packages/oslo_config/cfg.py:2824}}
Feb 16 19:39:53.945817 np0000155674 nova-scheduler[108470]: DEBUG cotyledon.oslo_config_glue [-] workarounds.skip_hypervisor_version_check_on_lm = False {{(pid=108470) log_opt_values /opt/stack/data/venv/lib/python3.12/site-packages/oslo_config/cfg.py:2824}}
Feb 16 19:39:53.945817 np0000155674 nova-scheduler[108470]: DEBUG cotyledon.oslo_config_glue [-] workarounds.skip_reserve_in_use_ironic_nodes = False {{(pid=108470) log_opt_values /opt/stack/data/venv/lib/python3.12/site-packages/oslo_config/cfg.py:2824}}
Feb 16 19:39:53.945817 np0000155674 nova-scheduler[108470]: DEBUG cotyledon.oslo_config_glue [-] workarounds.unified_limits_count_pcpu_as_vcpu = False {{(pid=108470) log_opt_values /opt/stack/data/venv/lib/python3.12/site-packages/oslo_config/cfg.py:2824}}
Feb 16 19:39:53.945817 np0000155674 nova-scheduler[108470]: DEBUG cotyledon.oslo_config_glue [-] workarounds.wait_for_vif_plugged_event_during_hard_reboot = [] {{(pid=108470) log_opt_values /opt/stack/data/venv/lib/python3.12/site-packages/oslo_config/cfg.py:2824}}
Feb 16 19:39:53.946054 np0000155674 nova-scheduler[108470]: DEBUG cotyledon.oslo_config_glue [-] wsgi.api_paste_config = /etc/nova/api-paste.ini {{(pid=108470) log_opt_values /opt/stack/data/venv/lib/python3.12/site-packages/oslo_config/cfg.py:2824}}
Feb 16 19:39:53.946054 np0000155674 nova-scheduler[108470]: DEBUG cotyledon.oslo_config_glue [-] wsgi.secure_proxy_ssl_header = None {{(pid=108470) log_opt_values /opt/stack/data/venv/lib/python3.12/site-packages/oslo_config/cfg.py:2824}}
Feb 16 19:39:53.946054 np0000155674 nova-scheduler[108470]: DEBUG cotyledon.oslo_config_glue [-] zvm.ca_file = None {{(pid=108470) log_opt_values /opt/stack/data/venv/lib/python3.12/site-packages/oslo_config/cfg.py:2824}}
Feb 16 19:39:53.946054 np0000155674 nova-scheduler[108470]: DEBUG cotyledon.oslo_config_glue [-] zvm.cloud_connector_url = None {{(pid=108470) log_opt_values /opt/stack/data/venv/lib/python3.12/site-packages/oslo_config/cfg.py:2824}}
Feb 16 19:39:53.946054 np0000155674 nova-scheduler[108470]: DEBUG cotyledon.oslo_config_glue [-] zvm.image_tmp_path = /opt/stack/data/nova/images {{(pid=108470) log_opt_values /opt/stack/data/venv/lib/python3.12/site-packages/oslo_config/cfg.py:2824}}
Feb 16 19:39:53.946054 np0000155674 nova-scheduler[108470]: DEBUG cotyledon.oslo_config_glue [-] zvm.reachable_timeout = 300 {{(pid=108470) log_opt_values /opt/stack/data/venv/lib/python3.12/site-packages/oslo_config/cfg.py:2824}}
Feb 16 19:39:53.946054 np0000155674 nova-scheduler[108470]: DEBUG cotyledon.oslo_config_glue [-] oslo_versionedobjects.fatal_exception_format_errors = False {{(pid=108470) log_opt_values /opt/stack/data/venv/lib/python3.12/site-packages/oslo_config/cfg.py:2824}}
Feb 16 19:39:53.946054 np0000155674 nova-scheduler[108470]: DEBUG cotyledon.oslo_config_glue [-] oslo_middleware.http_basic_auth_user_file = /etc/htpasswd {{(pid=108470) log_opt_values /opt/stack/data/venv/lib/python3.12/site-packages/oslo_config/cfg.py:2824}}
Feb 16 19:39:53.946054 np0000155674 nova-scheduler[108470]: DEBUG cotyledon.oslo_config_glue [-] oslo_messaging_metrics.metrics_buffer_size = 1000 {{(pid=108470) log_opt_values /opt/stack/data/venv/lib/python3.12/site-packages/oslo_config/cfg.py:2824}}
Feb 16 19:39:53.946277 np0000155674 nova-scheduler[108470]: DEBUG cotyledon.oslo_config_glue [-] oslo_messaging_metrics.metrics_enabled = False {{(pid=108470) log_opt_values /opt/stack/data/venv/lib/python3.12/site-packages/oslo_config/cfg.py:2824}}
Feb 16 19:39:53.946277 np0000155674 nova-scheduler[108470]: DEBUG cotyledon.oslo_config_glue [-] oslo_messaging_metrics.metrics_process_name = {{(pid=108470) log_opt_values /opt/stack/data/venv/lib/python3.12/site-packages/oslo_config/cfg.py:2824}}
Feb 16 19:39:53.946277 np0000155674 nova-scheduler[108470]: DEBUG cotyledon.oslo_config_glue [-] oslo_messaging_metrics.metrics_socket_file = /var/tmp/metrics_collector.sock {{(pid=108470) log_opt_values /opt/stack/data/venv/lib/python3.12/site-packages/oslo_config/cfg.py:2824}}
Feb 16 19:39:53.946277 np0000155674 nova-scheduler[108470]: DEBUG cotyledon.oslo_config_glue [-] oslo_messaging_metrics.metrics_thread_stop_timeout = 10 {{(pid=108470) log_opt_values /opt/stack/data/venv/lib/python3.12/site-packages/oslo_config/cfg.py:2824}}
Feb 16 19:39:53.946277 np0000155674 nova-scheduler[108470]: DEBUG cotyledon.oslo_config_glue [-] profiler.connection_string = messaging:// {{(pid=108470) log_opt_values /opt/stack/data/venv/lib/python3.12/site-packages/oslo_config/cfg.py:2824}}
Feb 16 19:39:53.946277 np0000155674 nova-scheduler[108470]: DEBUG cotyledon.oslo_config_glue [-] profiler.enabled = False {{(pid=108470) log_opt_values /opt/stack/data/venv/lib/python3.12/site-packages/oslo_config/cfg.py:2824}}
Feb 16 19:39:53.946277 np0000155674 nova-scheduler[108470]: DEBUG cotyledon.oslo_config_glue [-] profiler.es_doc_type = notification {{(pid=108470) log_opt_values /opt/stack/data/venv/lib/python3.12/site-packages/oslo_config/cfg.py:2824}}
Feb 16 19:39:53.946277 np0000155674 nova-scheduler[108470]: DEBUG cotyledon.oslo_config_glue [-] profiler.es_scroll_size = 10000 {{(pid=108470) log_opt_values /opt/stack/data/venv/lib/python3.12/site-packages/oslo_config/cfg.py:2824}}
Feb 16 19:39:53.946277 np0000155674 nova-scheduler[108470]: DEBUG cotyledon.oslo_config_glue [-] profiler.es_scroll_time = 2m {{(pid=108470) log_opt_values /opt/stack/data/venv/lib/python3.12/site-packages/oslo_config/cfg.py:2824}}
Feb 16 19:39:53.946490 np0000155674 nova-scheduler[108470]: DEBUG cotyledon.oslo_config_glue [-] profiler.filter_error_trace = False {{(pid=108470) log_opt_values /opt/stack/data/venv/lib/python3.12/site-packages/oslo_config/cfg.py:2824}}
Feb 16 19:39:53.946490 np0000155674 nova-scheduler[108470]: DEBUG cotyledon.oslo_config_glue [-] profiler.hmac_keys = **** {{(pid=108470) log_opt_values /opt/stack/data/venv/lib/python3.12/site-packages/oslo_config/cfg.py:2824}}
Feb 16 19:39:53.946490 np0000155674 nova-scheduler[108470]: DEBUG cotyledon.oslo_config_glue [-] profiler.sentinel_service_name = mymaster {{(pid=108470) log_opt_values /opt/stack/data/venv/lib/python3.12/site-packages/oslo_config/cfg.py:2824}}
Feb 16 19:39:53.946490 np0000155674 nova-scheduler[108470]: DEBUG cotyledon.oslo_config_glue [-] profiler.socket_timeout = 0.1 {{(pid=108470) log_opt_values /opt/stack/data/venv/lib/python3.12/site-packages/oslo_config/cfg.py:2824}}
Feb 16 19:39:53.946490 np0000155674 nova-scheduler[108470]: DEBUG cotyledon.oslo_config_glue [-] profiler.trace_requests = False {{(pid=108470) log_opt_values /opt/stack/data/venv/lib/python3.12/site-packages/oslo_config/cfg.py:2824}}
Feb 16 19:39:53.946490 np0000155674 nova-scheduler[108470]: DEBUG cotyledon.oslo_config_glue [-] profiler.trace_sqlalchemy = False {{(pid=108470) log_opt_values /opt/stack/data/venv/lib/python3.12/site-packages/oslo_config/cfg.py:2824}}
Feb 16 19:39:53.946490 np0000155674 nova-scheduler[108470]: DEBUG cotyledon.oslo_config_glue [-] profiler_jaeger.process_tags = {} {{(pid=108470) log_opt_values /opt/stack/data/venv/lib/python3.12/site-packages/oslo_config/cfg.py:2824}}
Feb 16 19:39:53.946490 np0000155674 nova-scheduler[108470]: DEBUG cotyledon.oslo_config_glue [-] profiler_jaeger.service_name_prefix = None {{(pid=108470) log_opt_values /opt/stack/data/venv/lib/python3.12/site-packages/oslo_config/cfg.py:2824}}
Feb 16 19:39:53.946490 np0000155674 nova-scheduler[108470]: DEBUG cotyledon.oslo_config_glue [-] profiler_otlp.service_name_prefix = None {{(pid=108470) log_opt_values /opt/stack/data/venv/lib/python3.12/site-packages/oslo_config/cfg.py:2824}}
Feb 16 19:39:53.946694 np0000155674 nova-scheduler[108470]: DEBUG cotyledon.oslo_config_glue [-] oslo_messaging_rabbit.amqp_auto_delete = False {{(pid=108470) log_opt_values /opt/stack/data/venv/lib/python3.12/site-packages/oslo_config/cfg.py:2824}}
Feb 16 19:39:53.946694 np0000155674 nova-scheduler[108470]: DEBUG cotyledon.oslo_config_glue [-] oslo_messaging_rabbit.amqp_durable_queues = False {{(pid=108470) log_opt_values /opt/stack/data/venv/lib/python3.12/site-packages/oslo_config/cfg.py:2824}}
Feb 16 19:39:53.946694 np0000155674 nova-scheduler[108470]: DEBUG cotyledon.oslo_config_glue [-] oslo_messaging_rabbit.conn_pool_min_size = 2 {{(pid=108470) log_opt_values /opt/stack/data/venv/lib/python3.12/site-packages/oslo_config/cfg.py:2824}}
Feb 16 19:39:53.946694 np0000155674 nova-scheduler[108470]: DEBUG cotyledon.oslo_config_glue [-] oslo_messaging_rabbit.conn_pool_ttl = 1200 {{(pid=108470) log_opt_values /opt/stack/data/venv/lib/python3.12/site-packages/oslo_config/cfg.py:2824}}
Feb 16 19:39:53.946694 np0000155674 nova-scheduler[108470]: DEBUG cotyledon.oslo_config_glue [-] oslo_messaging_rabbit.direct_mandatory_flag = True {{(pid=108470) log_opt_values /opt/stack/data/venv/lib/python3.12/site-packages/oslo_config/cfg.py:2824}}
Feb 16 19:39:53.946694 np0000155674 nova-scheduler[108470]: DEBUG cotyledon.oslo_config_glue [-] oslo_messaging_rabbit.enable_cancel_on_failover = False {{(pid=108470) log_opt_values /opt/stack/data/venv/lib/python3.12/site-packages/oslo_config/cfg.py:2824}}
Feb 16 19:39:53.946694 np0000155674 nova-scheduler[108470]: DEBUG cotyledon.oslo_config_glue [-] oslo_messaging_rabbit.heartbeat_in_pthread = False {{(pid=108470) log_opt_values /opt/stack/data/venv/lib/python3.12/site-packages/oslo_config/cfg.py:2824}}
Feb 16 19:39:53.946694 np0000155674 nova-scheduler[108470]: DEBUG cotyledon.oslo_config_glue [-] oslo_messaging_rabbit.heartbeat_rate = 3 {{(pid=108470) log_opt_values /opt/stack/data/venv/lib/python3.12/site-packages/oslo_config/cfg.py:2824}}
Feb 16 19:39:53.946694 np0000155674 nova-scheduler[108470]: DEBUG cotyledon.oslo_config_glue [-] oslo_messaging_rabbit.heartbeat_timeout_threshold = 60 {{(pid=108470) log_opt_values /opt/stack/data/venv/lib/python3.12/site-packages/oslo_config/cfg.py:2824}}
Feb 16 19:39:53.946920 np0000155674 nova-scheduler[108470]: DEBUG cotyledon.oslo_config_glue [-] oslo_messaging_rabbit.hostname = np0000155674 {{(pid=108470) log_opt_values /opt/stack/data/venv/lib/python3.12/site-packages/oslo_config/cfg.py:2824}}
Feb 16 19:39:53.946920 np0000155674 nova-scheduler[108470]: DEBUG cotyledon.oslo_config_glue [-] oslo_messaging_rabbit.kombu_compression = None {{(pid=108470) log_opt_values /opt/stack/data/venv/lib/python3.12/site-packages/oslo_config/cfg.py:2824}}
Feb 16 19:39:53.946920 np0000155674 nova-scheduler[108470]: DEBUG cotyledon.oslo_config_glue [-] oslo_messaging_rabbit.kombu_failover_strategy = round-robin {{(pid=108470) log_opt_values /opt/stack/data/venv/lib/python3.12/site-packages/oslo_config/cfg.py:2824}}
Feb 16 19:39:53.946920 np0000155674 nova-scheduler[108470]: DEBUG cotyledon.oslo_config_glue [-] oslo_messaging_rabbit.kombu_missing_consumer_retry_timeout = 60 {{(pid=108470) log_opt_values /opt/stack/data/venv/lib/python3.12/site-packages/oslo_config/cfg.py:2824}}
Feb 16 19:39:53.946920 np0000155674 nova-scheduler[108470]: DEBUG cotyledon.oslo_config_glue [-] oslo_messaging_rabbit.kombu_reconnect_delay = 1.0 {{(pid=108470) log_opt_values /opt/stack/data/venv/lib/python3.12/site-packages/oslo_config/cfg.py:2824}}
Feb 16 19:39:53.946920 np0000155674 nova-scheduler[108470]: DEBUG cotyledon.oslo_config_glue [-] oslo_messaging_rabbit.kombu_reconnect_splay = 0.0 {{(pid=108470) log_opt_values /opt/stack/data/venv/lib/python3.12/site-packages/oslo_config/cfg.py:2824}}
Feb 16 19:39:53.946920 np0000155674 nova-scheduler[108470]: DEBUG cotyledon.oslo_config_glue [-] oslo_messaging_rabbit.processname = nova-scheduler {{(pid=108470) log_opt_values /opt/stack/data/venv/lib/python3.12/site-packages/oslo_config/cfg.py:2824}}
Feb 16 19:39:53.946920 np0000155674 nova-scheduler[108470]: DEBUG cotyledon.oslo_config_glue [-] oslo_messaging_rabbit.rabbit_ha_queues = False {{(pid=108470) log_opt_values /opt/stack/data/venv/lib/python3.12/site-packages/oslo_config/cfg.py:2824}}
Feb 16 19:39:53.946920 np0000155674 nova-scheduler[108470]: DEBUG cotyledon.oslo_config_glue [-] oslo_messaging_rabbit.rabbit_interval_max = 30 {{(pid=108470) log_opt_values /opt/stack/data/venv/lib/python3.12/site-packages/oslo_config/cfg.py:2824}}
Feb 16 19:39:53.947140 np0000155674 nova-scheduler[108470]: DEBUG cotyledon.oslo_config_glue [-] oslo_messaging_rabbit.rabbit_login_method = AMQPLAIN {{(pid=108470) log_opt_values /opt/stack/data/venv/lib/python3.12/site-packages/oslo_config/cfg.py:2824}}
Feb 16 19:39:53.947140 np0000155674 nova-scheduler[108470]: DEBUG cotyledon.oslo_config_glue [-] oslo_messaging_rabbit.rabbit_qos_prefetch_count = 0 {{(pid=108470) log_opt_values /opt/stack/data/venv/lib/python3.12/site-packages/oslo_config/cfg.py:2824}}
Feb 16 19:39:53.947140 np0000155674 nova-scheduler[108470]: DEBUG cotyledon.oslo_config_glue [-] oslo_messaging_rabbit.rabbit_quorum_delivery_limit = 0 {{(pid=108470) log_opt_values /opt/stack/data/venv/lib/python3.12/site-packages/oslo_config/cfg.py:2824}}
Feb 16 19:39:53.947140 np0000155674 nova-scheduler[108470]: DEBUG cotyledon.oslo_config_glue [-] oslo_messaging_rabbit.rabbit_quorum_max_memory_bytes = 0 {{(pid=108470) log_opt_values /opt/stack/data/venv/lib/python3.12/site-packages/oslo_config/cfg.py:2824}}
Feb 16 19:39:53.947140 np0000155674 nova-scheduler[108470]: DEBUG cotyledon.oslo_config_glue [-] oslo_messaging_rabbit.rabbit_quorum_max_memory_length = 0 {{(pid=108470) log_opt_values /opt/stack/data/venv/lib/python3.12/site-packages/oslo_config/cfg.py:2824}}
Feb 16 19:39:53.947140 np0000155674 nova-scheduler[108470]: DEBUG cotyledon.oslo_config_glue [-] oslo_messaging_rabbit.rabbit_quorum_queue = False {{(pid=108470) log_opt_values /opt/stack/data/venv/lib/python3.12/site-packages/oslo_config/cfg.py:2824}}
Feb 16 19:39:53.947140 np0000155674 nova-scheduler[108470]: DEBUG cotyledon.oslo_config_glue [-] oslo_messaging_rabbit.rabbit_retry_backoff = 2 {{(pid=108470) log_opt_values /opt/stack/data/venv/lib/python3.12/site-packages/oslo_config/cfg.py:2824}}
Feb 16 19:39:53.947140 np0000155674 nova-scheduler[108470]: DEBUG cotyledon.oslo_config_glue [-] oslo_messaging_rabbit.rabbit_retry_interval = 1 {{(pid=108470) log_opt_values /opt/stack/data/venv/lib/python3.12/site-packages/oslo_config/cfg.py:2824}}
Feb 16 19:39:53.947339 np0000155674 nova-scheduler[108470]: DEBUG cotyledon.oslo_config_glue [-] oslo_messaging_rabbit.rabbit_stream_fanout = False {{(pid=108470) log_opt_values /opt/stack/data/venv/lib/python3.12/site-packages/oslo_config/cfg.py:2824}}
Feb 16 19:39:53.947339 np0000155674 nova-scheduler[108470]: DEBUG cotyledon.oslo_config_glue [-] oslo_messaging_rabbit.rabbit_transient_queues_ttl = 1800 {{(pid=108470) log_opt_values /opt/stack/data/venv/lib/python3.12/site-packages/oslo_config/cfg.py:2824}}
Feb 16 19:39:53.947339 np0000155674 nova-scheduler[108470]: DEBUG cotyledon.oslo_config_glue [-] oslo_messaging_rabbit.rabbit_transient_quorum_queue = False {{(pid=108470) log_opt_values /opt/stack/data/venv/lib/python3.12/site-packages/oslo_config/cfg.py:2824}}
Feb 16 19:39:53.947339 np0000155674 nova-scheduler[108470]: DEBUG cotyledon.oslo_config_glue [-] oslo_messaging_rabbit.rpc_conn_pool_size = 30 {{(pid=108470) log_opt_values /opt/stack/data/venv/lib/python3.12/site-packages/oslo_config/cfg.py:2824}}
Feb 16 19:39:53.947339 np0000155674 nova-scheduler[108470]: DEBUG cotyledon.oslo_config_glue [-] oslo_messaging_rabbit.ssl = False {{(pid=108470) log_opt_values /opt/stack/data/venv/lib/python3.12/site-packages/oslo_config/cfg.py:2824}}
Feb 16 19:39:53.947339 np0000155674 nova-scheduler[108470]: DEBUG cotyledon.oslo_config_glue [-] oslo_messaging_rabbit.ssl_ca_file = {{(pid=108470) log_opt_values /opt/stack/data/venv/lib/python3.12/site-packages/oslo_config/cfg.py:2824}}
Feb 16 19:39:53.947339 np0000155674 nova-scheduler[108470]: DEBUG cotyledon.oslo_config_glue [-] oslo_messaging_rabbit.ssl_cert_file = {{(pid=108470) log_opt_values /opt/stack/data/venv/lib/python3.12/site-packages/oslo_config/cfg.py:2824}}
Feb 16 19:39:53.947339 np0000155674 nova-scheduler[108470]: DEBUG cotyledon.oslo_config_glue [-] oslo_messaging_rabbit.ssl_enforce_fips_mode = False {{(pid=108470) log_opt_values /opt/stack/data/venv/lib/python3.12/site-packages/oslo_config/cfg.py:2824}}
Feb 16 19:39:53.947339 np0000155674 nova-scheduler[108470]: DEBUG cotyledon.oslo_config_glue [-] oslo_messaging_rabbit.ssl_key_file = {{(pid=108470) log_opt_values /opt/stack/data/venv/lib/python3.12/site-packages/oslo_config/cfg.py:2824}}
Feb 16 19:39:53.947560 np0000155674 nova-scheduler[108470]: DEBUG cotyledon.oslo_config_glue [-] oslo_messaging_rabbit.ssl_version = {{(pid=108470) log_opt_values /opt/stack/data/venv/lib/python3.12/site-packages/oslo_config/cfg.py:2824}}
Feb 16 19:39:53.947560 np0000155674 nova-scheduler[108470]: DEBUG cotyledon.oslo_config_glue [-] oslo_messaging_rabbit.use_queue_manager = False {{(pid=108470) log_opt_values /opt/stack/data/venv/lib/python3.12/site-packages/oslo_config/cfg.py:2824}}
Feb 16 19:39:53.947560 np0000155674 nova-scheduler[108470]: DEBUG cotyledon.oslo_config_glue [-] oslo_messaging_notifications.driver = ['messagingv2'] {{(pid=108470) log_opt_values /opt/stack/data/venv/lib/python3.12/site-packages/oslo_config/cfg.py:2824}}
Feb 16 19:39:53.947560 np0000155674 nova-scheduler[108470]: DEBUG cotyledon.oslo_config_glue [-] oslo_messaging_notifications.retry = -1 {{(pid=108470) log_opt_values /opt/stack/data/venv/lib/python3.12/site-packages/oslo_config/cfg.py:2824}}
Feb 16 19:39:53.947560 np0000155674 nova-scheduler[108470]: DEBUG cotyledon.oslo_config_glue [-] oslo_messaging_notifications.topics = ['notifications'] {{(pid=108470) log_opt_values /opt/stack/data/venv/lib/python3.12/site-packages/oslo_config/cfg.py:2824}}
Feb 16 19:39:53.947560 np0000155674 nova-scheduler[108470]: DEBUG cotyledon.oslo_config_glue [-] oslo_messaging_notifications.transport_url = **** {{(pid=108470) log_opt_values /opt/stack/data/venv/lib/python3.12/site-packages/oslo_config/cfg.py:2824}}
Feb 16 19:39:53.947560 np0000155674 nova-scheduler[108470]: DEBUG cotyledon.oslo_config_glue [-] oslo_limit.auth_section = None {{(pid=108470) log_opt_values /opt/stack/data/venv/lib/python3.12/site-packages/oslo_config/cfg.py:2824}}
Feb 16 19:39:53.947560 np0000155674 nova-scheduler[108470]: DEBUG cotyledon.oslo_config_glue [-] oslo_limit.auth_type = None {{(pid=108470) log_opt_values /opt/stack/data/venv/lib/python3.12/site-packages/oslo_config/cfg.py:2824}}
Feb 16 19:39:53.947560 np0000155674 nova-scheduler[108470]: DEBUG cotyledon.oslo_config_glue [-] oslo_limit.cafile = None {{(pid=108470) log_opt_values /opt/stack/data/venv/lib/python3.12/site-packages/oslo_config/cfg.py:2824}}
Feb 16 19:39:53.947777 np0000155674 nova-scheduler[108470]: DEBUG cotyledon.oslo_config_glue [-] oslo_limit.certfile = None {{(pid=108470) log_opt_values /opt/stack/data/venv/lib/python3.12/site-packages/oslo_config/cfg.py:2824}}
Feb 16 19:39:53.947777 np0000155674 nova-scheduler[108470]: DEBUG cotyledon.oslo_config_glue [-] oslo_limit.collect_timing = False {{(pid=108470) log_opt_values /opt/stack/data/venv/lib/python3.12/site-packages/oslo_config/cfg.py:2824}}
Feb 16 19:39:53.947777 np0000155674 nova-scheduler[108470]: DEBUG cotyledon.oslo_config_glue [-] oslo_limit.connect_retries = None {{(pid=108470) log_opt_values /opt/stack/data/venv/lib/python3.12/site-packages/oslo_config/cfg.py:2824}}
Feb 16 19:39:53.947777 np0000155674 nova-scheduler[108470]: DEBUG cotyledon.oslo_config_glue [-] oslo_limit.connect_retry_delay = None {{(pid=108470) log_opt_values /opt/stack/data/venv/lib/python3.12/site-packages/oslo_config/cfg.py:2824}}
Feb 16 19:39:53.947777 np0000155674 nova-scheduler[108470]: DEBUG cotyledon.oslo_config_glue [-] oslo_limit.endpoint_id = None {{(pid=108470) log_opt_values /opt/stack/data/venv/lib/python3.12/site-packages/oslo_config/cfg.py:2824}}
Feb 16 19:39:53.947777 np0000155674 nova-scheduler[108470]: DEBUG cotyledon.oslo_config_glue [-] oslo_limit.endpoint_interface = publicURL {{(pid=108470) log_opt_values /opt/stack/data/venv/lib/python3.12/site-packages/oslo_config/cfg.py:2824}}
Feb 16 19:39:53.947777 np0000155674 nova-scheduler[108470]: DEBUG cotyledon.oslo_config_glue [-] oslo_limit.endpoint_override = None {{(pid=108470) log_opt_values /opt/stack/data/venv/lib/python3.12/site-packages/oslo_config/cfg.py:2824}}
Feb 16 19:39:53.947777 np0000155674 nova-scheduler[108470]: DEBUG cotyledon.oslo_config_glue [-] oslo_limit.endpoint_region_name = None {{(pid=108470) log_opt_values /opt/stack/data/venv/lib/python3.12/site-packages/oslo_config/cfg.py:2824}}
Feb 16 19:39:53.947777 np0000155674 nova-scheduler[108470]: DEBUG cotyledon.oslo_config_glue [-] oslo_limit.endpoint_service_name = None {{(pid=108470) log_opt_values /opt/stack/data/venv/lib/python3.12/site-packages/oslo_config/cfg.py:2824}}
Feb 16 19:39:53.947994 np0000155674 nova-scheduler[108470]: DEBUG cotyledon.oslo_config_glue [-] oslo_limit.endpoint_service_type = None {{(pid=108470) log_opt_values /opt/stack/data/venv/lib/python3.12/site-packages/oslo_config/cfg.py:2824}}
Feb 16 19:39:53.947994 np0000155674 nova-scheduler[108470]: DEBUG cotyledon.oslo_config_glue [-] oslo_limit.insecure = False {{(pid=108470) log_opt_values /opt/stack/data/venv/lib/python3.12/site-packages/oslo_config/cfg.py:2824}}
Feb 16 19:39:53.947994 np0000155674 nova-scheduler[108470]: DEBUG cotyledon.oslo_config_glue [-] oslo_limit.keyfile = None {{(pid=108470) log_opt_values /opt/stack/data/venv/lib/python3.12/site-packages/oslo_config/cfg.py:2824}}
Feb 16 19:39:53.947994 np0000155674 nova-scheduler[108470]: DEBUG cotyledon.oslo_config_glue [-] oslo_limit.max_version = None {{(pid=108470) log_opt_values /opt/stack/data/venv/lib/python3.12/site-packages/oslo_config/cfg.py:2824}}
Feb 16 19:39:53.947994 np0000155674 nova-scheduler[108470]: DEBUG cotyledon.oslo_config_glue [-] oslo_limit.min_version = None {{(pid=108470) log_opt_values /opt/stack/data/venv/lib/python3.12/site-packages/oslo_config/cfg.py:2824}}
Feb 16 19:39:53.947994 np0000155674 nova-scheduler[108470]: DEBUG cotyledon.oslo_config_glue [-] oslo_limit.region_name = None {{(pid=108470) log_opt_values /opt/stack/data/venv/lib/python3.12/site-packages/oslo_config/cfg.py:2824}}
Feb 16 19:39:53.947994 np0000155674 nova-scheduler[108470]: DEBUG cotyledon.oslo_config_glue [-] oslo_limit.retriable_status_codes = None {{(pid=108470) log_opt_values /opt/stack/data/venv/lib/python3.12/site-packages/oslo_config/cfg.py:2824}}
Feb 16 19:39:53.947994 np0000155674 nova-scheduler[108470]: DEBUG cotyledon.oslo_config_glue [-] oslo_limit.service_name = None {{(pid=108470) log_opt_values /opt/stack/data/venv/lib/python3.12/site-packages/oslo_config/cfg.py:2824}}
Feb 16 19:39:53.947994 np0000155674 nova-scheduler[108470]: DEBUG cotyledon.oslo_config_glue [-] oslo_limit.service_type = None {{(pid=108470) log_opt_values /opt/stack/data/venv/lib/python3.12/site-packages/oslo_config/cfg.py:2824}}
Feb 16 19:39:53.948219 np0000155674 nova-scheduler[108470]: DEBUG cotyledon.oslo_config_glue [-] oslo_limit.split_loggers = False {{(pid=108470) log_opt_values /opt/stack/data/venv/lib/python3.12/site-packages/oslo_config/cfg.py:2824}}
Feb 16 19:39:53.948219 np0000155674 nova-scheduler[108470]: DEBUG cotyledon.oslo_config_glue [-] oslo_limit.status_code_retries = None {{(pid=108470) log_opt_values /opt/stack/data/venv/lib/python3.12/site-packages/oslo_config/cfg.py:2824}}
Feb 16 19:39:53.948219 np0000155674 nova-scheduler[108470]: DEBUG cotyledon.oslo_config_glue [-] oslo_limit.status_code_retry_delay = None {{(pid=108470) log_opt_values /opt/stack/data/venv/lib/python3.12/site-packages/oslo_config/cfg.py:2824}}
Feb 16 19:39:53.948219 np0000155674 nova-scheduler[108470]: DEBUG cotyledon.oslo_config_glue [-] oslo_limit.timeout = None {{(pid=108470) log_opt_values /opt/stack/data/venv/lib/python3.12/site-packages/oslo_config/cfg.py:2824}}
Feb 16 19:39:53.948219 np0000155674 nova-scheduler[108470]: DEBUG cotyledon.oslo_config_glue [-] oslo_limit.valid_interfaces = None {{(pid=108470) log_opt_values /opt/stack/data/venv/lib/python3.12/site-packages/oslo_config/cfg.py:2824}}
Feb 16 19:39:53.948219 np0000155674 nova-scheduler[108470]: DEBUG cotyledon.oslo_config_glue [-] oslo_limit.version = None {{(pid=108470) log_opt_values /opt/stack/data/venv/lib/python3.12/site-packages/oslo_config/cfg.py:2824}}
Feb 16 19:39:53.948219 np0000155674 nova-scheduler[108470]: DEBUG cotyledon.oslo_config_glue [-] oslo_reports.file_event_handler = None {{(pid=108470) log_opt_values /opt/stack/data/venv/lib/python3.12/site-packages/oslo_config/cfg.py:2824}}
Feb 16 19:39:53.948219 np0000155674 nova-scheduler[108470]: DEBUG cotyledon.oslo_config_glue [-] oslo_reports.file_event_handler_interval = 1 {{(pid=108470) log_opt_values /opt/stack/data/venv/lib/python3.12/site-packages/oslo_config/cfg.py:2824}}
Feb 16 19:39:53.948219 np0000155674 nova-scheduler[108470]: DEBUG cotyledon.oslo_config_glue [-] oslo_reports.log_dir = None {{(pid=108470) log_opt_values /opt/stack/data/venv/lib/python3.12/site-packages/oslo_config/cfg.py:2824}}
Feb 16 19:39:53.948443 np0000155674 nova-scheduler[108470]: DEBUG cotyledon.oslo_config_glue [-] ******************************************************************************** {{(pid=108470) log_opt_values /opt/stack/data/venv/lib/python3.12/site-packages/oslo_config/cfg.py:2828}}
Feb 16 19:39:53.948443 np0000155674 nova-scheduler[108470]: DEBUG cotyledon._service_worker [-] Run service ServiceWrapper(3) [108470] {{(pid=108470) wait_forever /opt/stack/data/venv/lib/python3.12/site-packages/cotyledon/_service_worker.py:218}}
Feb 16 19:39:53.948443 np0000155674 nova-scheduler[108470]: INFO nova.service [-] Starting scheduler node (version 32.1.0)
Feb 16 19:39:53.948520 np0000155674 nova-scheduler[108461]: DEBUG oslo_db.sqlalchemy.engines [None req-31befe5d-9447-4592-9a0c-6b7b24131e77 None None] MySQL server mode set to STRICT_TRANS_TABLES,STRICT_ALL_TABLES,NO_ZERO_IN_DATE,NO_ZERO_DATE,ERROR_FOR_DIVISION_BY_ZERO,TRADITIONAL,NO_ENGINE_SUBSTITUTION {{(pid=108461) _check_effective_sql_mode /opt/stack/data/venv/lib/python3.12/site-packages/oslo_db/sqlalchemy/engines.py:325}}
Feb 16 19:39:53.948553 np0000155674 nova-scheduler[108454]: DEBUG dbcounter [-] [108454] Writer thread running {{(pid=108454) stat_writer /opt/stack/data/venv/lib/python3.12/site-packages/dbcounter.py:102}}
Feb 16 19:39:53.948553 np0000155674 nova-scheduler[108454]: DEBUG nova.service [None req-c9c93750-d475-4983-b39f-1b8788f49d14 None None] Creating RPC server for service scheduler {{(pid=108454) start /opt/stack/nova/nova/service.py:177}}
Feb 16 19:39:53.953637 np0000155674 nova-scheduler[108470]: INFO dbcounter [None req-dc8071b5-bbe4-4daa-9dbc-6e91a0d7b55b None None] Registered counter for database nova_cell0
Feb 16 19:39:53.955053 np0000155674 nova-scheduler[108445]: DEBUG nova.service [None req-23b58096-eb4f-4ba0-9a7f-729cf4d097b9 None None] Join ServiceGroup membership for this service scheduler {{(pid=108445) start /opt/stack/nova/nova/service.py:194}}
Feb 16 19:39:53.955372 np0000155674 nova-scheduler[108445]: DEBUG nova.servicegroup.drivers.db [None req-23b58096-eb4f-4ba0-9a7f-729cf4d097b9 None None] DB_Driver: join new ServiceGroup member np0000155674 to the scheduler group, service = {{(pid=108445) join /opt/stack/nova/nova/servicegroup/drivers/db.py:44}}
Feb 16 19:39:53.964951 np0000155674 nova-scheduler[108454]: DEBUG nova.service [None req-c9c93750-d475-4983-b39f-1b8788f49d14 None None] Join ServiceGroup membership for this service scheduler {{(pid=108454) start /opt/stack/nova/nova/service.py:194}}
Feb 16 19:39:53.965116 np0000155674 nova-scheduler[108470]: DEBUG oslo_db.sqlalchemy.engines [None req-dc8071b5-bbe4-4daa-9dbc-6e91a0d7b55b None None] MySQL server mode set to STRICT_TRANS_TABLES,STRICT_ALL_TABLES,NO_ZERO_IN_DATE,NO_ZERO_DATE,ERROR_FOR_DIVISION_BY_ZERO,TRADITIONAL,NO_ENGINE_SUBSTITUTION {{(pid=108470) _check_effective_sql_mode /opt/stack/data/venv/lib/python3.12/site-packages/oslo_db/sqlalchemy/engines.py:325}}
Feb 16 19:39:53.965164 np0000155674 nova-scheduler[108454]: DEBUG nova.servicegroup.drivers.db [None req-c9c93750-d475-4983-b39f-1b8788f49d14 None None] DB_Driver: join new ServiceGroup member np0000155674 to the scheduler group, service = {{(pid=108454) join /opt/stack/nova/nova/servicegroup/drivers/db.py:44}}
Feb 16 19:39:53.965646 np0000155674 nova-scheduler[108461]: DEBUG dbcounter [-] [108461] Writer thread running {{(pid=108461) stat_writer /opt/stack/data/venv/lib/python3.12/site-packages/dbcounter.py:102}}
Feb 16 19:39:53.968836 np0000155674 nova-scheduler[108461]: DEBUG nova.service [None req-31befe5d-9447-4592-9a0c-6b7b24131e77 None None] Creating RPC server for service scheduler {{(pid=108461) start /opt/stack/nova/nova/service.py:177}}
Feb 16 19:39:53.974159 np0000155674 nova-scheduler[108470]: DEBUG dbcounter [-] [108470] Writer thread running {{(pid=108470) stat_writer /opt/stack/data/venv/lib/python3.12/site-packages/dbcounter.py:102}}
Feb 16 19:39:53.978144 np0000155674 nova-scheduler[108470]: DEBUG nova.service [None req-dc8071b5-bbe4-4daa-9dbc-6e91a0d7b55b None None] Creating RPC server for service scheduler {{(pid=108470) start /opt/stack/nova/nova/service.py:177}}
Feb 16 19:39:53.988299 np0000155674 nova-scheduler[108461]: DEBUG nova.service [None req-31befe5d-9447-4592-9a0c-6b7b24131e77 None None] Join ServiceGroup membership for this service scheduler {{(pid=108461) start /opt/stack/nova/nova/service.py:194}}
Feb 16 19:39:53.988479 np0000155674 nova-scheduler[108461]: DEBUG nova.servicegroup.drivers.db [None req-31befe5d-9447-4592-9a0c-6b7b24131e77 None None] DB_Driver: join new ServiceGroup member np0000155674 to the scheduler group, service = {{(pid=108461) join /opt/stack/nova/nova/servicegroup/drivers/db.py:44}}
Feb 16 19:39:53.994036 np0000155674 nova-scheduler[108470]: DEBUG nova.service [None req-dc8071b5-bbe4-4daa-9dbc-6e91a0d7b55b None None] Join ServiceGroup membership for this service scheduler {{(pid=108470) start /opt/stack/nova/nova/service.py:194}}
Feb 16 19:39:53.994276 np0000155674 nova-scheduler[108470]: DEBUG nova.servicegroup.drivers.db [None req-dc8071b5-bbe4-4daa-9dbc-6e91a0d7b55b None None] DB_Driver: join new ServiceGroup member np0000155674 to the scheduler group, service = {{(pid=108470) join /opt/stack/nova/nova/servicegroup/drivers/db.py:44}}
Feb 16 19:39:58.974233 np0000155674 nova-scheduler[108445]: DEBUG oslo.service.backend._threading.loopingcall [-] Fixed interval looping call 'nova.servicegroup.drivers.db.DbDriver._report_state' sleeping for 119.98 seconds {{(pid=108445) _run_loop /opt/stack/data/venv/lib/python3.12/site-packages/oslo_service/backend/_threading/loopingcall.py:125}}
Feb 16 19:39:58.982754 np0000155674 nova-scheduler[108454]: DEBUG oslo.service.backend._threading.loopingcall [-] Fixed interval looping call 'nova.servicegroup.drivers.db.DbDriver._report_state' sleeping for 119.99 seconds {{(pid=108454) _run_loop /opt/stack/data/venv/lib/python3.12/site-packages/oslo_service/backend/_threading/loopingcall.py:125}}
Feb 16 19:39:59.004859 np0000155674 nova-scheduler[108461]: DEBUG oslo.service.backend._threading.loopingcall [-] Fixed interval looping call 'nova.servicegroup.drivers.db.DbDriver._report_state' sleeping for 119.99 seconds {{(pid=108461) _run_loop /opt/stack/data/venv/lib/python3.12/site-packages/oslo_service/backend/_threading/loopingcall.py:125}}
Feb 16 19:39:59.009494 np0000155674 nova-scheduler[108470]: DEBUG oslo.service.backend._threading.loopingcall [-] Fixed interval looping call 'nova.servicegroup.drivers.db.DbDriver._report_state' sleeping for 119.99 seconds {{(pid=108470) _run_loop /opt/stack/data/venv/lib/python3.12/site-packages/oslo_service/backend/_threading/loopingcall.py:125}}
Feb 16 19:40:02.565516 np0000155674 nova-scheduler[107680]: DEBUG dbcounter [-] [107680] Writing DB stats nova_api:SELECT=3 {{(pid=107680) stat_writer /opt/stack/data/venv/lib/python3.12/site-packages/dbcounter.py:115}}
Feb 16 19:40:02.684108 np0000155674 nova-scheduler[107680]: DEBUG dbcounter [-] [107680] Writing DB stats nova_cell1:SELECT=1 {{(pid=107680) stat_writer /opt/stack/data/venv/lib/python3.12/site-packages/dbcounter.py:115}}
Feb 16 19:40:02.687639 np0000155674 nova-scheduler[107680]: DEBUG dbcounter [-] [107680] Writing DB stats nova_cell0:SELECT=1 {{(pid=107680) stat_writer /opt/stack/data/venv/lib/python3.12/site-packages/dbcounter.py:115}}
Feb 16 19:40:08.968132 np0000155674 nova-scheduler[108445]: DEBUG dbcounter [-] [108445] Writing DB stats nova_cell0:SELECT=4,nova_cell0:INSERT=1,nova_cell0:UPDATE=1 {{(pid=108445) stat_writer /opt/stack/data/venv/lib/python3.12/site-packages/dbcounter.py:115}}
Feb 16 19:40:08.980058 np0000155674 nova-scheduler[108454]: DEBUG dbcounter [-] [108454] Writing DB stats nova_cell0:SELECT=3 {{(pid=108454) stat_writer /opt/stack/data/venv/lib/python3.12/site-packages/dbcounter.py:115}}
Feb 16 19:40:09.001868 np0000155674 nova-scheduler[108461]: DEBUG dbcounter [-] [108461] Writing DB stats nova_cell0:SELECT=3 {{(pid=108461) stat_writer /opt/stack/data/venv/lib/python3.12/site-packages/dbcounter.py:115}}
Feb 16 19:40:09.006153 np0000155674 nova-scheduler[108470]: DEBUG dbcounter [-] [108470] Writing DB stats nova_cell0:SELECT=3 {{(pid=108470) stat_writer /opt/stack/data/venv/lib/python3.12/site-packages/dbcounter.py:115}}
Feb 16 19:40:28.991619 np0000155674 nova-scheduler[108461]: DEBUG oslo.service.backend._threading.loopingcall [None req-cd8a0a1a-a971-4b2d-bd9b-aecffb267989 None None] Dynamic interval looping call 'nova.service.Service.periodic_tasks' sleeping for 60.00 seconds {{(pid=108461) _run_loop /opt/stack/data/venv/lib/python3.12/site-packages/oslo_service/backend/_threading/loopingcall.py:125}}
Feb 16 19:40:29.997688 np0000155674 nova-scheduler[108470]: DEBUG oslo.service.backend._threading.loopingcall [None req-a0aab0cb-3649-4f24-bb2d-5da2cb5ee104 None None] Dynamic interval looping call 'nova.service.Service.periodic_tasks' sleeping for 60.00 seconds {{(pid=108470) _run_loop /opt/stack/data/venv/lib/python3.12/site-packages/oslo_service/backend/_threading/loopingcall.py:125}}
Feb 16 19:40:44.959262 np0000155674 nova-scheduler[108445]: DEBUG oslo.service.backend._threading.loopingcall [None req-a77b39c1-5c9d-4b63-9c45-75818c25c0d9 None None] Dynamic interval looping call 'nova.service.Service.periodic_tasks' sleeping for 60.00 seconds {{(pid=108445) _run_loop /opt/stack/data/venv/lib/python3.12/site-packages/oslo_service/backend/_threading/loopingcall.py:125}}
Feb 16 19:40:50.968924 np0000155674 nova-scheduler[108454]: DEBUG oslo.service.backend._threading.loopingcall [None req-b05e902e-5830-4851-871d-f4782f55ad56 None None] Dynamic interval looping call 'nova.service.Service.periodic_tasks' sleeping for 60.00 seconds {{(pid=108454) _run_loop /opt/stack/data/venv/lib/python3.12/site-packages/oslo_service/backend/_threading/loopingcall.py:125}}
Feb 16 19:41:28.992401 np0000155674 nova-scheduler[108461]: DEBUG oslo.service.backend._threading.loopingcall [None req-cd8a0a1a-a971-4b2d-bd9b-aecffb267989 None None] Dynamic interval looping call 'nova.service.Service.periodic_tasks' sleeping for 60.00 seconds {{(pid=108461) _run_loop /opt/stack/data/venv/lib/python3.12/site-packages/oslo_service/backend/_threading/loopingcall.py:125}}
Feb 16 19:41:29.998418 np0000155674 nova-scheduler[108470]: DEBUG oslo.service.backend._threading.loopingcall [None req-a0aab0cb-3649-4f24-bb2d-5da2cb5ee104 None None] Dynamic interval looping call 'nova.service.Service.periodic_tasks' sleeping for 60.00 seconds {{(pid=108470) _run_loop /opt/stack/data/venv/lib/python3.12/site-packages/oslo_service/backend/_threading/loopingcall.py:125}}
Feb 16 19:41:44.960230 np0000155674 nova-scheduler[108445]: DEBUG oslo.service.backend._threading.loopingcall [None req-a77b39c1-5c9d-4b63-9c45-75818c25c0d9 None None] Dynamic interval looping call 'nova.service.Service.periodic_tasks' sleeping for 60.00 seconds {{(pid=108445) _run_loop /opt/stack/data/venv/lib/python3.12/site-packages/oslo_service/backend/_threading/loopingcall.py:125}}
Feb 16 19:41:50.969801 np0000155674 nova-scheduler[108454]: DEBUG oslo.service.backend._threading.loopingcall [None req-b05e902e-5830-4851-871d-f4782f55ad56 None None] Dynamic interval looping call 'nova.service.Service.periodic_tasks' sleeping for 60.00 seconds {{(pid=108454) _run_loop /opt/stack/data/venv/lib/python3.12/site-packages/oslo_service/backend/_threading/loopingcall.py:125}}
Feb 16 19:41:59.144088 np0000155674 nova-scheduler[108445]: DEBUG oslo.service.backend._threading.loopingcall [-] Fixed interval looping call 'nova.servicegroup.drivers.db.DbDriver._report_state' sleeping for 119.81 seconds {{(pid=108445) _run_loop /opt/stack/data/venv/lib/python3.12/site-packages/oslo_service/backend/_threading/loopingcall.py:125}}
Feb 16 19:41:59.145490 np0000155674 nova-scheduler[108454]: DEBUG oslo.service.backend._threading.loopingcall [-] Fixed interval looping call 'nova.servicegroup.drivers.db.DbDriver._report_state' sleeping for 119.83 seconds {{(pid=108454) _run_loop /opt/stack/data/venv/lib/python3.12/site-packages/oslo_service/backend/_threading/loopingcall.py:125}}
Feb 16 19:41:59.146422 np0000155674 nova-scheduler[108461]: DEBUG oslo.service.backend._threading.loopingcall [-] Fixed interval looping call 'nova.servicegroup.drivers.db.DbDriver._report_state' sleeping for 119.85 seconds {{(pid=108461) _run_loop /opt/stack/data/venv/lib/python3.12/site-packages/oslo_service/backend/_threading/loopingcall.py:125}}
Feb 16 19:41:59.147523 np0000155674 nova-scheduler[108470]: DEBUG oslo.service.backend._threading.loopingcall [-] Fixed interval looping call 'nova.servicegroup.drivers.db.DbDriver._report_state' sleeping for 119.85 seconds {{(pid=108470) _run_loop /opt/stack/data/venv/lib/python3.12/site-packages/oslo_service/backend/_threading/loopingcall.py:125}}
Feb 16 19:42:08.959092 np0000155674 nova-scheduler[108445]: DEBUG dbcounter [-] [108445] Writing DB stats nova_cell0:SELECT=1,nova_cell0:UPDATE=1 {{(pid=108445) stat_writer /opt/stack/data/venv/lib/python3.12/site-packages/dbcounter.py:115}}
Feb 16 19:42:08.980739 np0000155674 nova-scheduler[108454]: DEBUG dbcounter [-] [108454] Writing DB stats nova_cell0:SELECT=1,nova_cell0:UPDATE=1 {{(pid=108454) stat_writer /opt/stack/data/venv/lib/python3.12/site-packages/dbcounter.py:115}}
Feb 16 19:42:09.002969 np0000155674 nova-scheduler[108461]: DEBUG dbcounter [-] [108461] Writing DB stats nova_cell0:SELECT=1,nova_cell0:UPDATE=1 {{(pid=108461) stat_writer /opt/stack/data/venv/lib/python3.12/site-packages/dbcounter.py:115}}
Feb 16 19:42:09.008124 np0000155674 nova-scheduler[108470]: DEBUG dbcounter [-] [108470] Writing DB stats nova_cell0:SELECT=1,nova_cell0:UPDATE=1 {{(pid=108470) stat_writer /opt/stack/data/venv/lib/python3.12/site-packages/dbcounter.py:115}}
Feb 16 19:42:28.993199 np0000155674 nova-scheduler[108461]: DEBUG oslo.service.backend._threading.loopingcall [None req-cd8a0a1a-a971-4b2d-bd9b-aecffb267989 None None] Dynamic interval looping call 'nova.service.Service.periodic_tasks' sleeping for 60.00 seconds {{(pid=108461) _run_loop /opt/stack/data/venv/lib/python3.12/site-packages/oslo_service/backend/_threading/loopingcall.py:125}}
Feb 16 19:42:29.999171 np0000155674 nova-scheduler[108470]: DEBUG oslo.service.backend._threading.loopingcall [None req-a0aab0cb-3649-4f24-bb2d-5da2cb5ee104 None None] Dynamic interval looping call 'nova.service.Service.periodic_tasks' sleeping for 60.00 seconds {{(pid=108470) _run_loop /opt/stack/data/venv/lib/python3.12/site-packages/oslo_service/backend/_threading/loopingcall.py:125}}
Feb 16 19:42:44.961152 np0000155674 nova-scheduler[108445]: DEBUG oslo.service.backend._threading.loopingcall [None req-a77b39c1-5c9d-4b63-9c45-75818c25c0d9 None None] Dynamic interval looping call 'nova.service.Service.periodic_tasks' sleeping for 60.00 seconds {{(pid=108445) _run_loop /opt/stack/data/venv/lib/python3.12/site-packages/oslo_service/backend/_threading/loopingcall.py:125}}
Feb 16 19:42:50.970737 np0000155674 nova-scheduler[108454]: DEBUG oslo.service.backend._threading.loopingcall [None req-b05e902e-5830-4851-871d-f4782f55ad56 None None] Dynamic interval looping call 'nova.service.Service.periodic_tasks' sleeping for 60.00 seconds {{(pid=108454) _run_loop /opt/stack/data/venv/lib/python3.12/site-packages/oslo_service/backend/_threading/loopingcall.py:125}}
Feb 16 19:43:28.993695 np0000155674 nova-scheduler[108461]: DEBUG oslo.service.backend._threading.loopingcall [None req-cd8a0a1a-a971-4b2d-bd9b-aecffb267989 None None] Dynamic interval looping call 'nova.service.Service.periodic_tasks' sleeping for 60.00 seconds {{(pid=108461) _run_loop /opt/stack/data/venv/lib/python3.12/site-packages/oslo_service/backend/_threading/loopingcall.py:125}}
Feb 16 19:43:30.001107 np0000155674 nova-scheduler[108470]: DEBUG oslo.service.backend._threading.loopingcall [None req-a0aab0cb-3649-4f24-bb2d-5da2cb5ee104 None None] Dynamic interval looping call 'nova.service.Service.periodic_tasks' sleeping for 60.00 seconds {{(pid=108470) _run_loop /opt/stack/data/venv/lib/python3.12/site-packages/oslo_service/backend/_threading/loopingcall.py:125}}
Feb 16 19:43:44.961980 np0000155674 nova-scheduler[108445]: DEBUG oslo.service.backend._threading.loopingcall [None req-a77b39c1-5c9d-4b63-9c45-75818c25c0d9 None None] Dynamic interval looping call 'nova.service.Service.periodic_tasks' sleeping for 60.00 seconds {{(pid=108445) _run_loop /opt/stack/data/venv/lib/python3.12/site-packages/oslo_service/backend/_threading/loopingcall.py:125}}
Feb 16 19:43:50.971497 np0000155674 nova-scheduler[108454]: DEBUG oslo.service.backend._threading.loopingcall [None req-b05e902e-5830-4851-871d-f4782f55ad56 None None] Dynamic interval looping call 'nova.service.Service.periodic_tasks' sleeping for 60.00 seconds {{(pid=108454) _run_loop /opt/stack/data/venv/lib/python3.12/site-packages/oslo_service/backend/_threading/loopingcall.py:125}}
Feb 16 19:43:51.470520 np0000155674 nova-scheduler[108445]: DEBUG nova.scheduler.manager [None req-2459f10c-bc7d-4904-80fe-deacd7ac8016 demo demo] Starting to schedule for instances: ['be45df58-a3e2-4b05-a5c9-bdee4d056d36'] {{(pid=108445) select_destinations /opt/stack/nova/nova/scheduler/manager.py:187}}
Feb 16 19:43:51.473125 np0000155674 nova-scheduler[108445]: DEBUG oslo_db.sqlalchemy.engines [None req-2459f10c-bc7d-4904-80fe-deacd7ac8016 demo demo] Parent process 107680 forked (108445) with an open database connection, which is being discarded and recreated. {{(pid=108445) checkout /opt/stack/data/venv/lib/python3.12/site-packages/oslo_db/sqlalchemy/engines.py:402}}
Feb 16 19:43:51.481587 np0000155674 nova-scheduler[108445]: DEBUG dbcounter [-] [108445] Writer thread running {{(pid=108445) stat_writer /opt/stack/data/venv/lib/python3.12/site-packages/dbcounter.py:102}}
Feb 16 19:43:51.484027 np0000155674 nova-scheduler[108445]: DEBUG nova.scheduler.request_filter [None req-2459f10c-bc7d-4904-80fe-deacd7ac8016 demo demo] Request filter 'map_az_to_placement_aggregate' took 0.0 seconds {{(pid=108445) wrapper /opt/stack/nova/nova/scheduler/request_filter.py:46}}
Feb 16 19:43:51.484799 np0000155674 nova-scheduler[108445]: DEBUG nova.scheduler.request_filter [None req-2459f10c-bc7d-4904-80fe-deacd7ac8016 demo demo] compute_status_filter request filter added forbidden trait COMPUTE_STATUS_DISABLED {{(pid=108445) compute_status_filter /opt/stack/nova/nova/scheduler/request_filter.py:253}}
Feb 16 19:43:51.484799 np0000155674 nova-scheduler[108445]: DEBUG nova.scheduler.request_filter [None req-2459f10c-bc7d-4904-80fe-deacd7ac8016 demo demo] Request filter 'compute_status_filter' took 0.0 seconds {{(pid=108445) wrapper /opt/stack/nova/nova/scheduler/request_filter.py:46}}
Feb 16 19:43:51.484799 np0000155674 nova-scheduler[108445]: DEBUG nova.scheduler.request_filter [None req-2459f10c-bc7d-4904-80fe-deacd7ac8016 demo demo] Request filter 'accelerators_filter' took 0.0 seconds {{(pid=108445) wrapper /opt/stack/nova/nova/scheduler/request_filter.py:46}}
