2026-04-02 17:59:30.902 10 INFO neutron.api.v2.resource [None req-eb48ae18-9a14-402c-8a30-731607fc6cb6 6f34eb33bae74ed39e2d159700aa0192 e534270028ff48ceba18cd4bd011b730 - - default default] delete failed (client error): The resource could not be found.
2026-04-02 17:59:30.903 10 INFO neutron.wsgi [None req-eb48ae18-9a14-402c-8a30-731607fc6cb6 6f34eb33bae74ed39e2d159700aa0192 e534270028ff48ceba18cd4bd011b730 - - default default] 10.0.0.116 "DELETE /v2.0/routers/749a292c-28af-474e-bb85-f0a4d54b0fdc/tags/green HTTP/1.1" status: 404 len: 299 time: 0.0567031
2026-04-02 17:59:30.915 9 INFO neutron.db.ovn_revision_numbers_db [None req-944b82c7-ef8a-4b4a-9964-80c1480b00e9 6e572a2ffe884536a3857dbc19fff1ad d15d84c3f8b144fca4d23055a52e6571 - - default default] Successfully bumped revision number for resource 1be2dfb2-a5c4-44da-b601-265345f082bf (type: security_group_rules) to 0
2026-04-02 17:59:30.930 9 INFO neutron.db.ovn_revision_numbers_db [None req-944b82c7-ef8a-4b4a-9964-80c1480b00e9 6e572a2ffe884536a3857dbc19fff1ad d15d84c3f8b144fca4d23055a52e6571 - - default default] Successfully bumped revision number for resource 84a063ce-4578-4c7a-991a-39fd4d86cdf4 (type: security_group_rules) to 0
2026-04-02 17:59:30.947 9 INFO neutron.db.ovn_revision_numbers_db [None req-944b82c7-ef8a-4b4a-9964-80c1480b00e9 6e572a2ffe884536a3857dbc19fff1ad d15d84c3f8b144fca4d23055a52e6571 - - default default] Successfully bumped revision number for resource a7e53440-3405-44ea-9f0a-a2ef598c078a (type: security_group_rules) to 0
2026-04-02 17:59:30.962 9 INFO neutron.db.ovn_revision_numbers_db [None req-944b82c7-ef8a-4b4a-9964-80c1480b00e9 6e572a2ffe884536a3857dbc19fff1ad d15d84c3f8b144fca4d23055a52e6571 - - default default] Successfully bumped revision number for resource cc702b40-f39d-4fcd-8555-34512559f90d (type: security_group_rules) to 0
2026-04-02 17:59:30.968 10 INFO neutron.wsgi [None req-b8c3645e-466c-4bcb-a071-6f6986812059 6f34eb33bae74ed39e2d159700aa0192 e534270028ff48ceba18cd4bd011b730 - - default default] 10.0.0.116 "DELETE /v2.0/routers/749a292c-28af-474e-bb85-f0a4d54b0fdc/tags HTTP/1.1" status: 204 len: 168 time: 0.0604894
2026-04-02 17:59:30.987 9 INFO neutron.wsgi [None req-944b82c7-ef8a-4b4a-9964-80c1480b00e9 6e572a2ffe884536a3857dbc19fff1ad d15d84c3f8b144fca4d23055a52e6571 - - default default] 10.0.0.116 "GET /v2.0/security-groups?tenant_id=1ede38310fe34d529fb7b24f95135f7a&name=default HTTP/1.1" status: 200 len: 2996 time: 0.3165469
2026-04-02 17:59:31.021 10 INFO neutron.wsgi [None req-c762555e-baa6-49f8-ae83-728e8653c41e 6f34eb33bae74ed39e2d159700aa0192 e534270028ff48ceba18cd4bd011b730 - - default default] 10.0.0.116 "GET /v2.0/routers/749a292c-28af-474e-bb85-f0a4d54b0fdc/tags HTTP/1.1" status: 200 len: 205 time: 0.0488296
2026-04-02 17:59:31.072 10 INFO neutron.wsgi [None req-15c3e81a-0917-4cdf-a682-9dd6eb7a4940 6f34eb33bae74ed39e2d159700aa0192 e534270028ff48ceba18cd4bd011b730 - - default default] 10.0.0.116 "GET /v2.0/routers/749a292c-28af-474e-bb85-f0a4d54b0fdc HTTP/1.1" status: 200 len: 655 time: 0.0422783
2026-04-02 17:59:31.205 9 INFO neutron.wsgi [None req-2dd131b7-34e9-4ecd-a2f7-9f323a349f34 6e572a2ffe884536a3857dbc19fff1ad d15d84c3f8b144fca4d23055a52e6571 - - default default] 10.0.0.116 "DELETE /v2.0/security-groups/eeb151d7-2883-4421-92a5-ea37c8f509f5 HTTP/1.1" status: 204 len: 168 time: 0.2130718
2026-04-02 17:59:31.433 9 INFO neutron.db.ovn_revision_numbers_db [None req-e290fd68-c55c-49b5-9c0f-6f0e5fd44565 6e572a2ffe884536a3857dbc19fff1ad d15d84c3f8b144fca4d23055a52e6571 - - default default] Successfully bumped revision number for resource 806b713b-965e-454b-8b6b-fac6227f757e (type: security_groups) to 1
2026-04-02 17:59:31.448 9 INFO neutron.db.ovn_revision_numbers_db [None req-e290fd68-c55c-49b5-9c0f-6f0e5fd44565 6e572a2ffe884536a3857dbc19fff1ad d15d84c3f8b144fca4d23055a52e6571 - - default default] Successfully bumped revision number for resource 1c8a2719-482a-499c-a1c3-739a9b909874 (type: security_group_rules) to 0
2026-04-02 17:59:31.462 9 INFO neutron.db.ovn_revision_numbers_db [None req-e290fd68-c55c-49b5-9c0f-6f0e5fd44565 6e572a2ffe884536a3857dbc19fff1ad d15d84c3f8b144fca4d23055a52e6571 - - default default] Successfully bumped revision number for resource 867d5b73-b88f-4398-82b0-7b0f9dd919cb (type: security_group_rules) to 0
2026-04-02 17:59:31.480 9 INFO neutron.db.ovn_revision_numbers_db [None req-e290fd68-c55c-49b5-9c0f-6f0e5fd44565 6e572a2ffe884536a3857dbc19fff1ad d15d84c3f8b144fca4d23055a52e6571 - - default default] Successfully bumped revision number for resource 93c139e4-7059-4330-960d-76ecca3a265b (type: security_group_rules) to 0
2026-04-02 17:59:31.495 9 INFO neutron.db.ovn_revision_numbers_db [None req-e290fd68-c55c-49b5-9c0f-6f0e5fd44565 6e572a2ffe884536a3857dbc19fff1ad d15d84c3f8b144fca4d23055a52e6571 - - default default] Successfully bumped revision number for resource c9e668b5-8319-43ae-80e6-6d1f0160da4e (type: security_group_rules) to 0
2026-04-02 17:59:31.518 10 INFO neutron.db.ovn_revision_numbers_db [None req-e0f8899c-b4bd-4e84-9ed2-7086d59be1e4 6f34eb33bae74ed39e2d159700aa0192 e534270028ff48ceba18cd4bd011b730 - - default default] Successfully bumped revision number for resource 749a292c-28af-474e-bb85-f0a4d54b0fdc (type: routers) to 7
2026-04-02 17:59:31.521 9 INFO neutron.wsgi [None req-e290fd68-c55c-49b5-9c0f-6f0e5fd44565 6e572a2ffe884536a3857dbc19fff1ad d15d84c3f8b144fca4d23055a52e6571 - - default default] 10.0.0.116 "GET /v2.0/security-groups?tenant_id=602258f9601849efaa2405d61b476357&name=default HTTP/1.1" status: 200 len: 2996 time: 0.2278748
2026-04-02 17:59:31.521 10 INFO neutron.wsgi [None req-e0f8899c-b4bd-4e84-9ed2-7086d59be1e4 6f34eb33bae74ed39e2d159700aa0192 e534270028ff48ceba18cd4bd011b730 - - default default] 10.0.0.116 "PUT /v2.0/routers/749a292c-28af-474e-bb85-f0a4d54b0fdc HTTP/1.1" status: 200 len: 655 time: 0.4432333
2026-04-02 17:59:31.548 9 INFO neutron.wsgi [None req-d17de4ff-1844-473d-be5a-1a648d821200 6f34eb33bae74ed39e2d159700aa0192 e534270028ff48ceba18cd4bd011b730 - - default default] 10.0.0.116 "GET /v2.0/ports?device_id=749a292c-28af-474e-bb85-f0a4d54b0fdc HTTP/1.1" status: 200 len: 205 time: 0.0210564
2026-04-02 17:59:31.718 10 INFO neutron.wsgi [None req-a7a1ed9f-e568-4177-a53f-e8443fd26a6c 6e572a2ffe884536a3857dbc19fff1ad d15d84c3f8b144fca4d23055a52e6571 - - default default] 10.0.0.116 "DELETE /v2.0/security-groups/806b713b-965e-454b-8b6b-fac6227f757e HTTP/1.1" status: 204 len: 168 time: 0.1919885
2026-04-02 17:59:31.842 9 INFO neutron.wsgi [None req-98531316-fc4b-49e9-84b2-fe7fd1dcf751 6f34eb33bae74ed39e2d159700aa0192 e534270028ff48ceba18cd4bd011b730 - - default default] 10.0.0.116 "DELETE /v2.0/routers/749a292c-28af-474e-bb85-f0a4d54b0fdc HTTP/1.1" status: 204 len: 168 time: 0.2888200
2026-04-02 17:59:32.852 9 INFO neutron.db.ovn_revision_numbers_db [None req-2dff5631-e231-415d-8029-3a8bee0fe745 6e572a2ffe884536a3857dbc19fff1ad d15d84c3f8b144fca4d23055a52e6571 - - default default] Successfully bumped revision number for resource 0c593d8a-ab9f-4ea9-b204-a1fec1bacf41 (type: security_groups) to 1
2026-04-02 17:59:32.866 9 INFO neutron.db.ovn_revision_numbers_db [None req-2dff5631-e231-415d-8029-3a8bee0fe745 6e572a2ffe884536a3857dbc19fff1ad d15d84c3f8b144fca4d23055a52e6571 - - default default] Successfully bumped revision number for resource 64b98b50-f529-4553-8d1d-b35f0c63e904 (type: security_group_rules) to 0
2026-04-02 17:59:32.878 9 INFO neutron.db.ovn_revision_numbers_db [None req-2dff5631-e231-415d-8029-3a8bee0fe745 6e572a2ffe884536a3857dbc19fff1ad d15d84c3f8b144fca4d23055a52e6571 - - default default] Successfully bumped revision number for resource 719b6b92-4ec0-4954-bc0c-9f403f7bc328 (type: security_group_rules) to 0
2026-04-02 17:59:32.896 9 INFO neutron.db.ovn_revision_numbers_db [None req-2dff5631-e231-415d-8029-3a8bee0fe745 6e572a2ffe884536a3857dbc19fff1ad d15d84c3f8b144fca4d23055a52e6571 - - default default] Successfully bumped revision number for resource 91676195-115e-4db4-bd3f-a44977a470b7 (type: security_group_rules) to 0
2026-04-02 17:59:32.913 9 INFO neutron.db.ovn_revision_numbers_db [None req-2dff5631-e231-415d-8029-3a8bee0fe745 6e572a2ffe884536a3857dbc19fff1ad d15d84c3f8b144fca4d23055a52e6571 - - default default] Successfully bumped revision number for resource ad77bb02-0d37-4d3d-8389-d7c1a06e6c60 (type: security_group_rules) to 0
2026-04-02 17:59:32.943 9 INFO neutron.wsgi [None req-2dff5631-e231-415d-8029-3a8bee0fe745 6e572a2ffe884536a3857dbc19fff1ad d15d84c3f8b144fca4d23055a52e6571 - - default default] 10.0.0.116 "GET /v2.0/security-groups?tenant_id=9eab57fde3cc4e57ac385bfb23edf626&name=default HTTP/1.1" status: 200 len: 2996 time: 0.3706822
2026-04-02 17:59:33.145 9 INFO neutron.wsgi [None req-740691da-a095-4ef0-ae39-1a87ea612843 6e572a2ffe884536a3857dbc19fff1ad d15d84c3f8b144fca4d23055a52e6571 - - default default] 10.0.0.116 "DELETE /v2.0/security-groups/0c593d8a-ab9f-4ea9-b204-a1fec1bacf41 HTTP/1.1" status: 204 len: 168 time: 0.1971188
2026-04-02 17:59:33.267 9 INFO neutron.wsgi [-] 10.0.0.220 "GET / HTTP/1.1" status: 200 len: 247 time: 0.0021296
2026-04-02 17:59:33.269 10 INFO neutron.wsgi [-] 10.0.0.220 "GET / HTTP/1.1" status: 200 len: 247 time: 0.0031435
2026-04-02 17:59:33.368 9 INFO neutron.db.ovn_revision_numbers_db [None req-577cbe4e-5938-4439-87a9-d3c5d8b16919 6e572a2ffe884536a3857dbc19fff1ad d15d84c3f8b144fca4d23055a52e6571 - - default default] Successfully bumped revision number for resource 4f6cf1d8-2402-427b-8250-10e635427345 (type: security_groups) to 1
2026-04-02 17:59:33.381 9 INFO neutron.db.ovn_revision_numbers_db [None req-577cbe4e-5938-4439-87a9-d3c5d8b16919 6e572a2ffe884536a3857dbc19fff1ad d15d84c3f8b144fca4d23055a52e6571 - - default default] Successfully bumped revision number for resource 1bd8a522-3671-4760-b7d4-73dadde14d00 (type: security_group_rules) to 0
2026-04-02 17:59:33.394 9 INFO neutron.db.ovn_revision_numbers_db [None req-577cbe4e-5938-4439-87a9-d3c5d8b16919 6e572a2ffe884536a3857dbc19fff1ad d15d84c3f8b144fca4d23055a52e6571 - - default default] Successfully bumped revision number for resource 1c5f8345-d1a0-4593-be1f-d2abf0494f28 (type: security_group_rules) to 0
2026-04-02 17:59:33.409 9 INFO neutron.db.ovn_revision_numbers_db [None req-577cbe4e-5938-4439-87a9-d3c5d8b16919 6e572a2ffe884536a3857dbc19fff1ad d15d84c3f8b144fca4d23055a52e6571 - - default default] Successfully bumped revision number for resource 6c82e062-b398-4992-ad19-15a9f09d5108 (type: security_group_rules) to 0
2026-04-02 17:59:33.423 9 INFO neutron.db.ovn_revision_numbers_db [None req-577cbe4e-5938-4439-87a9-d3c5d8b16919 6e572a2ffe884536a3857dbc19fff1ad d15d84c3f8b144fca4d23055a52e6571 - - default default] Successfully bumped revision number for resource c23747ff-c15b-411e-a318-ce2039178fcb (type: security_group_rules) to 0
2026-04-02 17:59:33.454 9 INFO neutron.wsgi [None req-577cbe4e-5938-4439-87a9-d3c5d8b16919 6e572a2ffe884536a3857dbc19fff1ad d15d84c3f8b144fca4d23055a52e6571 - - default default] 10.0.0.116 "GET /v2.0/security-groups?tenant_id=e534270028ff48ceba18cd4bd011b730&name=default HTTP/1.1" status: 200 len: 2996 time: 0.2087247
2026-04-02 17:59:33.654 9 INFO neutron.wsgi [None req-91085902-cf63-411b-bc29-9bea8440832d 6e572a2ffe884536a3857dbc19fff1ad d15d84c3f8b144fca4d23055a52e6571 - - default default] 10.0.0.116 "DELETE /v2.0/security-groups/4f6cf1d8-2402-427b-8250-10e635427345 HTTP/1.1" status: 204 len: 168 time: 0.1943228
2026-04-02 17:59:40.696 9 INFO neutron.wsgi [req-ff38297d-80c8-41b2-acc6-424b0bf68be5 req-651a9865-1112-4620-b74b-5de7e399fd3b 81c46f66847a4a5aa388dee31a841be5 08835215c68540ffac5c24289a74daae - - default default] 10.0.0.225 "GET /v2.0/ports?device_id=2dd4aa6a-b272-4a19-8a04-f4bdbdb878ef HTTP/1.1" status: 200 len: 1214 time: 0.1040459
2026-04-02 17:59:40.745 9 INFO neutron.wsgi [req-ff38297d-80c8-41b2-acc6-424b0bf68be5 req-dcb2d1f2-101d-45ed-8c8a-8d4d02bf481f 81c46f66847a4a5aa388dee31a841be5 08835215c68540ffac5c24289a74daae - - default default] 10.0.0.225 "GET /v2.0/security-groups?id=f08b5c41-9ea6-4c23-b876-f27abc381151&id=51fd0fa7-8610-42ee-910d-815fe371e470&fields=id&fields=name HTTP/1.1" status: 200 len: 405 time: 0.0399146
2026-04-02 17:59:40.998 9 INFO neutron.wsgi [None req-6fc463f0-c949-449a-91f0-982a8db7e99e b74ff6f8de5a4d4682289ada752de094 8d22e4f0d09c4e07acdc374390fff97c - - default default] 10.0.0.116 "GET /v2.0/ports?device_id=2dd4aa6a-b272-4a19-8a04-f4bdbdb878ef HTTP/1.1" status: 200 len: 1447 time: 0.2252464
2026-04-02 17:59:41.072 9 INFO neutron.wsgi [None req-aaa96cf2-e511-45e2-93cd-e583c9aa98ce 81c46f66847a4a5aa388dee31a841be5 08835215c68540ffac5c24289a74daae - - default default] 10.0.0.116 "GET /v2.0/floatingips?floating_network_id=8134dd1c-f936-4b4a-8827-84d8f7e38382&port_id=274db1fc-e6b4-484e-8957-b69661f8d758 HTTP/1.1" status: 200 len: 1055 time: 0.0696468
2026-04-02 17:59:41.332 10 INFO neutron.wsgi [req-8a9a85cd-dbda-45c1-9ca1-623ecf084da1 req-703d84e6-9deb-484f-90af-af8f3a666de4 79db3ab00c1a4de2959a6231a9d52505 9f32f16e2d634a4e843a780e963d4603 - - 68f884a083bc4df4af06077f756a8e3a 68f884a083bc4df4af06077f756a8e3a] 10.0.0.21 "GET /v2.0/ports?device_id=2dd4aa6a-b272-4a19-8a04-f4bdbdb878ef HTTP/1.1" status: 200 len: 1452 time: 0.0357246
2026-04-02 17:59:41.374 10 INFO neutron.wsgi [req-8a9a85cd-dbda-45c1-9ca1-623ecf084da1 req-0e8a3c52-7956-436a-9e88-5086f1c005d2 79db3ab00c1a4de2959a6231a9d52505 9f32f16e2d634a4e843a780e963d4603 - - 68f884a083bc4df4af06077f756a8e3a 68f884a083bc4df4af06077f756a8e3a] 10.0.0.21 "GET /v2.0/security-groups?id=51fd0fa7-8610-42ee-910d-815fe371e470&id=f08b5c41-9ea6-4c23-b876-f27abc381151&fields=id&fields=name HTTP/1.1" status: 200 len: 405 time: 0.0346091
2026-04-02 17:59:43.427 9 INFO neutron.wsgi [req-af29d322-a00b-4998-b694-335424d7e8fc req-58b68563-9d21-49ba-b6a6-417896e56115 81c46f66847a4a5aa388dee31a841be5 08835215c68540ffac5c24289a74daae - - default default] 10.0.0.225 "GET /v2.0/ports?device_id=2dd4aa6a-b272-4a19-8a04-f4bdbdb878ef HTTP/1.1" status: 200 len: 1214 time: 0.0618548
2026-04-02 17:59:43.436 10 INFO neutron.plugins.ml2.drivers.ovn.mech_driver.mech_driver [None req-723bc847-d115-40b4-a729-a180a8ccbf88 - - - - - -] OVN reports status down for port: 274db1fc-e6b4-484e-8957-b69661f8d758
2026-04-02 17:59:43.493 9 INFO neutron.wsgi [req-af29d322-a00b-4998-b694-335424d7e8fc req-d93df928-add2-49cb-9cc9-8984ab2e47f9 81c46f66847a4a5aa388dee31a841be5 08835215c68540ffac5c24289a74daae - - default default] 10.0.0.225 "GET /v2.0/security-groups?id=f08b5c41-9ea6-4c23-b876-f27abc381151&id=51fd0fa7-8610-42ee-910d-815fe371e470&fields=id&fields=name HTTP/1.1" status: 200 len: 405 time: 0.0588622
2026-04-02 17:59:43.593 10 INFO neutron.notifiers.nova [-] Nova event matching ['req-fa333556-ec20-484a-b402-b87f510f7452'] response: {'server_uuid': '2dd4aa6a-b272-4a19-8a04-f4bdbdb878ef', 'name': 'network-vif-unplugged', 'status': 'completed', 'tag': '274db1fc-e6b4-484e-8957-b69661f8d758', 'code': 200}
2026-04-02 17:59:43.812 10 INFO neutron.wsgi [req-e420ceec-6868-49bf-b4cc-b7c1ee4f232f req-56d462a2-d604-4d9a-96b2-a4c3b66c0083 81c46f66847a4a5aa388dee31a841be5 08835215c68540ffac5c24289a74daae - - default default] 199.204.45.33 "GET /v2.0/ports?device_id=2dd4aa6a-b272-4a19-8a04-f4bdbdb878ef HTTP/1.1" status: 200 len: 1212 time: 0.1317518
2026-04-02 17:59:43.827 10 INFO neutron.db.ovn_revision_numbers_db [None req-723bc847-d115-40b4-a729-a180a8ccbf88 - - - - - -] Successfully bumped revision number for resource 274db1fc-e6b4-484e-8957-b69661f8d758 (type: ports) to 5
2026-04-02 17:59:44.359 10 INFO neutron.db.l3_db [req-e420ceec-6868-49bf-b4cc-b7c1ee4f232f req-1b935e0c-234c-4526-b794-094feec4b4b4 81c46f66847a4a5aa388dee31a841be5 08835215c68540ffac5c24289a74daae - - default default] Floating IP 14f4f711-a39b-4b3c-8972-e28d6a125cab disassociated. External IP: 10.96.250.215, port: 274db1fc-e6b4-484e-8957-b69661f8d758.
2026-04-02 17:59:44.556 10 INFO neutron.wsgi [req-e420ceec-6868-49bf-b4cc-b7c1ee4f232f req-1b935e0c-234c-4526-b794-094feec4b4b4 81c46f66847a4a5aa388dee31a841be5 08835215c68540ffac5c24289a74daae - - default default] 199.204.45.33 "DELETE /v2.0/ports/274db1fc-e6b4-484e-8957-b69661f8d758 HTTP/1.1" status: 204 len: 173 time: 0.7372887
2026-04-02 17:59:44.569 9 INFO neutron.wsgi [req-c4dae9ff-bc4b-4757-af9d-f485b38c8d89 req-5d20a08a-460e-45e1-84a5-0eb2aafbd3e8 81c46f66847a4a5aa388dee31a841be5 08835215c68540ffac5c24289a74daae - - default default] 10.0.0.225 "GET /v2.0/ports?device_id=2dd4aa6a-b272-4a19-8a04-f4bdbdb878ef HTTP/1.1" status: 200 len: 210 time: 0.0234070
2026-04-02 17:59:45.634 10 INFO neutron.notifiers.nova [-] Nova event matching ['req-fb311a49-f914-4de8-943f-3162ca2fc9c0'] response: {'server_uuid': '2dd4aa6a-b272-4a19-8a04-f4bdbdb878ef', 'name': 'network-vif-plugged', 'status': 'completed', 'tag': '274db1fc-e6b4-484e-8957-b69661f8d758', 'code': 200}
2026-04-02 17:59:45.634 10 INFO neutron.notifiers.nova [-] Nova event matching ['req-fb311a49-f914-4de8-943f-3162ca2fc9c0'] response: {'server_uuid': '2dd4aa6a-b272-4a19-8a04-f4bdbdb878ef', 'name': 'network-vif-deleted', 'tag': '274db1fc-e6b4-484e-8957-b69661f8d758', 'status': 'completed', 'code': 200}
2026-04-02 17:59:45.823 9 INFO neutron.wsgi [None req-f6128001-682b-43ef-8807-712e3b8eebea 81c46f66847a4a5aa388dee31a841be5 08835215c68540ffac5c24289a74daae - - default default] 10.0.0.116 "DELETE /v2.0/security-groups/f08b5c41-9ea6-4c23-b876-f27abc381151 HTTP/1.1" status: 204 len: 168 time: 0.1172998
2026-04-02 17:59:45.841 9 INFO neutron.api.v2.resource [None req-2f4259ee-51ce-40f7-9827-8476c875cece 81c46f66847a4a5aa388dee31a841be5 08835215c68540ffac5c24289a74daae - - default default] show failed (client error): The resource could not be found.
2026-04-02 17:59:45.842 9 INFO neutron.wsgi [None req-2f4259ee-51ce-40f7-9827-8476c875cece 81c46f66847a4a5aa388dee31a841be5 08835215c68540ffac5c24289a74daae - - default default] 10.0.0.116 "GET /v2.0/security-groups/f08b5c41-9ea6-4c23-b876-f27abc381151 HTTP/1.1" status: 404 len: 347 time: 0.0129707
2026-04-02 17:59:46.183 9 INFO neutron.wsgi [None req-0b0857ee-1641-417f-a544-ced1d73d7485 81c46f66847a4a5aa388dee31a841be5 08835215c68540ffac5c24289a74daae - - default default] 10.0.0.116 "DELETE /v2.0/floatingips/14f4f711-a39b-4b3c-8972-e28d6a125cab HTTP/1.1" status: 204 len: 168 time: 0.3363647
2026-04-02 17:59:46.311 9 INFO neutron.wsgi [None req-ea050ac4-7c2a-4de9-ab4f-6e090a778f9c 81c46f66847a4a5aa388dee31a841be5 08835215c68540ffac5c24289a74daae - - default default] 10.0.0.116 "DELETE /v2.0/security-groups/51fd0fa7-8610-42ee-910d-815fe371e470 HTTP/1.1" status: 204 len: 168 time: 0.1225426
2026-04-02 17:59:47.317 9 INFO neutron.wsgi [None req-e8119f91-ec19-417d-8cc4-b78ce2c673de 6e572a2ffe884536a3857dbc19fff1ad d15d84c3f8b144fca4d23055a52e6571 - - default default] 10.0.0.116 "PUT /v2.0/routers/3c56194e-4417-471d-88ce-3f00ba62f387/remove_router_interface HTTP/1.1" status: 200 len: 503 time: 0.9747443 /var/lib/openstack/lib/python3.10/site-packages/pycadf/identifier.py:71: UserWarning: Invalid uuid: neutron. To ensure interoperability, identifiers should be a valid uuid. warnings.warn(('Invalid uuid: %s. To ensure interoperability, '
2026-04-02 17:59:48.267 9 INFO neutron.wsgi [-] 10.0.0.220 "GET / HTTP/1.1" status: 200 len: 247 time: 0.0014937
2026-04-02 17:59:48.268 10 INFO neutron.wsgi [-] 10.0.0.220 "GET / HTTP/1.1" status: 200 len: 247 time: 0.0030077
2026-04-02 17:59:48.480 9 INFO neutron.wsgi [None req-3d340549-f149-4135-9dfc-19363c42925b 6e572a2ffe884536a3857dbc19fff1ad d15d84c3f8b144fca4d23055a52e6571 - - default default] 10.0.0.116 "DELETE /v2.0/routers/3c56194e-4417-471d-88ce-3f00ba62f387 HTTP/1.1" status: 204 len: 168 time: 1.1582506
2026-04-02 17:59:48.678 9 INFO neutron.wsgi [None req-489ce44a-aed1-4146-9cf9-f0d248b59360 6e572a2ffe884536a3857dbc19fff1ad d15d84c3f8b144fca4d23055a52e6571 - - default default] 10.0.0.116 "DELETE /v2.0/subnets/558d1384-889e-4a7e-9171-4dddb20b4a71 HTTP/1.1" status: 204 len: 168 time: 0.1932156
2026-04-02 17:59:49.016 9 INFO neutron.services.segments.plugin [-] Segment 258c4801-17d0-43e6-b68a-f3764e34a4dc resource provider aggregate not found
2026-04-02 17:59:49.022 9 INFO neutron.services.segments.plugin [-] Segment 258c4801-17d0-43e6-b68a-f3764e34a4dc resource provider aggregate not found
2026-04-02 17:59:49.039 9 INFO neutron.services.segments.plugin [-] Segment 258c4801-17d0-43e6-b68a-f3764e34a4dc resource provider not found; error: Placement Client Error (4xx): {"errors": [{"status": 404, "title": "Not Found", "detail": "The resource could not be found.\n\n No resource provider with uuid 258c4801-17d0-43e6-b68a-f3764e34a4dc found for delete ", "request_id": "req-b21a9578-cc28-4bd9-8be8-6bb63d2fb2a5"}]}
2026-04-02 17:59:49.042 9 INFO neutron.services.segments.plugin [-] Segment 258c4801-17d0-43e6-b68a-f3764e34a4dc resource provider not found; error: Placement Client Error (4xx): {"errors": [{"status": 404, "title": "Not Found", "detail": "The resource could not be found.\n\n No resource provider with uuid 258c4801-17d0-43e6-b68a-f3764e34a4dc found for delete ", "request_id": "req-ef8e2cd4-3f29-416c-a30b-bfade5937622"}]}
2026-04-02 17:59:49.063 9 INFO neutron.wsgi [None req-bc2027da-092e-40da-8c63-1fc2b9f9b744 6e572a2ffe884536a3857dbc19fff1ad d15d84c3f8b144fca4d23055a52e6571 - - default default] 10.0.0.116 "DELETE /v2.0/networks/476f8978-2aeb-4931-b03a-14cbc52755f6 HTTP/1.1" status: 204 len: 168 time: 0.3813541 /var/lib/openstack/lib/python3.10/site-packages/pycadf/identifier.py:71: UserWarning: Invalid uuid: neutron. To ensure interoperability, identifiers should be a valid uuid. warnings.warn(('Invalid uuid: %s. To ensure interoperability, '
2026-04-02 17:59:50.009 10 INFO neutron.wsgi [None req-778256c1-f32d-4190-85f0-4ebdbeb5699b 6e572a2ffe884536a3857dbc19fff1ad d15d84c3f8b144fca4d23055a52e6571 - - default default] 10.0.0.116 "PUT /v2.0/routers/6ae8536f-1427-4266-a6af-a6c99c26d76b/remove_router_interface HTTP/1.1" status: 200 len: 503 time: 0.9390478 /var/lib/openstack/lib/python3.10/site-packages/pycadf/identifier.py:71: UserWarning: Invalid uuid: neutron. To ensure interoperability, identifiers should be a valid uuid. warnings.warn(('Invalid uuid: %s. To ensure interoperability, '
2026-04-02 17:59:51.109 10 INFO neutron.wsgi [None req-fbbb2c75-9f2b-413b-83fc-d05e9134c503 6e572a2ffe884536a3857dbc19fff1ad d15d84c3f8b144fca4d23055a52e6571 - - default default] 10.0.0.116 "DELETE /v2.0/routers/6ae8536f-1427-4266-a6af-a6c99c26d76b HTTP/1.1" status: 204 len: 168 time: 1.0960240
2026-04-02 17:59:51.304 10 INFO neutron.wsgi [None req-afdca7b7-09ba-4542-8c01-5e4d461aa4a4 6e572a2ffe884536a3857dbc19fff1ad d15d84c3f8b144fca4d23055a52e6571 - - default default] 10.0.0.116 "DELETE /v2.0/subnets/f3f9b1b4-be63-4485-8fe3-477448c59669 HTTP/1.1" status: 204 len: 168 time: 0.1908784
2026-04-02 17:59:51.649 10 INFO neutron.services.segments.plugin [-] Segment 77f57cdf-6fce-4319-8a3a-5b49b673d6e9 resource provider aggregate not found
2026-04-02 17:59:51.654 10 INFO neutron.services.segments.plugin [-] Segment 77f57cdf-6fce-4319-8a3a-5b49b673d6e9 resource provider aggregate not found
2026-04-02 17:59:51.672 10 INFO neutron.services.segments.plugin [-] Segment 77f57cdf-6fce-4319-8a3a-5b49b673d6e9 resource provider not found; error: Placement Client Error (4xx): {"errors": [{"status": 404, "title": "Not Found", "detail": "The resource could not be found.\n\n No resource provider with uuid 77f57cdf-6fce-4319-8a3a-5b49b673d6e9 found for delete ", "request_id": "req-54bdbdcf-be2d-4dc6-a4aa-8166fd8c4284"}]}
2026-04-02 17:59:51.693 10 INFO neutron.wsgi [None req-b04ec50b-1f69-4c6e-81c9-e6fecc57d8b4 6e572a2ffe884536a3857dbc19fff1ad d15d84c3f8b144fca4d23055a52e6571 - - default default] 10.0.0.116 "DELETE /v2.0/networks/9d668423-4396-4beb-953c-810ac0c9fc75 HTTP/1.1" status: 204 len: 168 time: 0.3839366
2026-04-02 17:59:51.720 10 INFO neutron.services.segments.plugin [-] Segment 77f57cdf-6fce-4319-8a3a-5b49b673d6e9 resource provider not found; error: Placement Client Error (4xx): {"errors": [{"status": 404, "title": "Not Found", "detail": "The resource could not be found.\n\n No resource provider with uuid 77f57cdf-6fce-4319-8a3a-5b49b673d6e9 found for delete ", "request_id": "req-fb149851-f011-49cf-b04c-eb81fda4b596"}]}
2026-04-02 17:59:52.028 10 INFO neutron.wsgi [None req-dbadc875-8b19-4094-923d-eba0eeed50d0 6e572a2ffe884536a3857dbc19fff1ad d15d84c3f8b144fca4d23055a52e6571 - - default default] 10.0.0.116 "GET /v2.0/security-groups?tenant_id=08835215c68540ffac5c24289a74daae&name=default HTTP/1.1" status: 200 len: 2996 time: 0.0360067
2026-04-02 17:59:52.215 10 INFO neutron.wsgi [None req-13a94f3d-ed69-4264-ae6e-62046413ec91 6e572a2ffe884536a3857dbc19fff1ad d15d84c3f8b144fca4d23055a52e6571 - - default default] 10.0.0.116 "DELETE /v2.0/security-groups/c5afc504-03e3-4767-9e8d-9fed412e27bc HTTP/1.1" status: 204 len: 168 time: 0.1830688
2026-04-02 17:59:52.384 10 INFO neutron.wsgi [None req-6ac4cfc3-8fe8-4ec0-aed4-78dc639383a1 6e572a2ffe884536a3857dbc19fff1ad d15d84c3f8b144fca4d23055a52e6571 - - default default] 10.0.0.116 "GET /v2.0/security-groups?tenant_id=8d22e4f0d09c4e07acdc374390fff97c&name=default HTTP/1.1" status: 200 len: 2996 time: 0.0392234
2026-04-02 17:59:52.575 10 INFO neutron.wsgi [None req-768ab1db-fefd-49e2-acdb-f1cf240d3ace 6e572a2ffe884536a3857dbc19fff1ad d15d84c3f8b144fca4d23055a52e6571 - - default default] 10.0.0.116 "DELETE /v2.0/security-groups/f761d58d-f066-4b1c-bbfa-6d321b60b75e HTTP/1.1" status: 204 len: 168 time: 0.1866579
2026-04-02 18:00:01.728 9 WARNING neutron_lib.context [None req-1f54c5dd-5689-4648-b26b-f169ebad8315 01c2520ff2f3429a8c0a9029e04186b3 e01b506dbba54919b70a796d13b8c8b7 - - default default] Method 'is_advsvc' is deprecated since 2023.2 release (neutron-lib 3.8.0) and will be removed once support for the old RBAC API policies will be removed from Neutron. Please use method 'is_service_role' instead.
2026-04-02 18:00:01.877 9 INFO neutron.db.ovn_revision_numbers_db [None req-1f54c5dd-5689-4648-b26b-f169ebad8315 01c2520ff2f3429a8c0a9029e04186b3 e01b506dbba54919b70a796d13b8c8b7 - - default default] Successfully bumped revision number for resource e69629b0-d617-47e0-90e9-5665fa14a162 (type: security_groups) to 1
2026-04-02 18:00:01.892 9 INFO neutron.db.ovn_revision_numbers_db [None req-1f54c5dd-5689-4648-b26b-f169ebad8315 01c2520ff2f3429a8c0a9029e04186b3 e01b506dbba54919b70a796d13b8c8b7 - - default default] Successfully bumped revision number for resource 12966230-2a7d-49c2-9190-d9b193538fde (type: security_group_rules) to 0
2026-04-02 18:00:01.903 9 INFO neutron.db.ovn_revision_numbers_db [None req-1f54c5dd-5689-4648-b26b-f169ebad8315 01c2520ff2f3429a8c0a9029e04186b3 e01b506dbba54919b70a796d13b8c8b7 - - default default] Successfully bumped revision number for resource 3ef25fdc-71da-436a-b8f0-2b94f440e901 (type: security_group_rules) to 0
2026-04-02 18:00:01.918 9 INFO neutron.db.ovn_revision_numbers_db [None req-1f54c5dd-5689-4648-b26b-f169ebad8315 01c2520ff2f3429a8c0a9029e04186b3 e01b506dbba54919b70a796d13b8c8b7 - - default default] Successfully bumped revision number for resource aba835cd-003a-449a-9de9-9356e15bc3e1 (type: security_group_rules) to 0
2026-04-02 18:00:01.934 9 INFO neutron.db.ovn_revision_numbers_db [None req-1f54c5dd-5689-4648-b26b-f169ebad8315 01c2520ff2f3429a8c0a9029e04186b3 e01b506dbba54919b70a796d13b8c8b7 - - default default] Successfully bumped revision number for resource be8ccf13-97e0-4056-8a0d-5154a45bd09b (type: security_group_rules) to 0
2026-04-02 18:00:01.988 9 INFO neutron.db.segments_db [None req-1f54c5dd-5689-4648-b26b-f169ebad8315 01c2520ff2f3429a8c0a9029e04186b3 e01b506dbba54919b70a796d13b8c8b7 - - default default] Added segment 54df8e97-e54e-4784-806a-6f7db60b842a of type geneve for network 35a2c535-79d9-4a95-ba48-9063e5920bae
2026-04-02 18:00:02.164 9 INFO neutron.db.ovn_revision_numbers_db [None req-1f54c5dd-5689-4648-b26b-f169ebad8315 01c2520ff2f3429a8c0a9029e04186b3 e01b506dbba54919b70a796d13b8c8b7 - - default default] Successfully bumped revision number for resource 35a2c535-79d9-4a95-ba48-9063e5920bae (type: networks) to 1
2026-04-02 18:00:02.356 9 WARNING neutron.scheduler.dhcp_agent_scheduler [None req-1f54c5dd-5689-4648-b26b-f169ebad8315 01c2520ff2f3429a8c0a9029e04186b3 e01b506dbba54919b70a796d13b8c8b7 - - default default] No more DHCP agents
2026-04-02 18:00:02.359 9 WARNING neutron.api.rpc.agentnotifiers.dhcp_rpc_agent_api [None req-1f54c5dd-5689-4648-b26b-f169ebad8315 01c2520ff2f3429a8c0a9029e04186b3 e01b506dbba54919b70a796d13b8c8b7 - - default default] Unable to schedule network 35a2c535-79d9-4a95-ba48-9063e5920bae: no agents available; will retry on subsequent port and subnet creation events.
2026-04-02 18:00:02.448 9 INFO neutron.db.ovn_revision_numbers_db [None req-1f54c5dd-5689-4648-b26b-f169ebad8315 01c2520ff2f3429a8c0a9029e04186b3 e01b506dbba54919b70a796d13b8c8b7 - - default default] Successfully bumped revision number for resource 090be174-dc68-49fe-abcd-f483cfff2111 (type: ports) to 1
2026-04-02 18:00:02.480 9 INFO neutron.wsgi [None req-1f54c5dd-5689-4648-b26b-f169ebad8315 01c2520ff2f3429a8c0a9029e04186b3 e01b506dbba54919b70a796d13b8c8b7 - - default default] 10.0.0.116 "POST /v2.0/networks HTTP/1.1" status: 201 len: 838 time: 0.9587464
2026-04-02 18:00:02.492 10 WARNING neutron_lib.context [None req-26f39ae0-465d-4a11-b9e7-ebeebca2c751 01c2520ff2f3429a8c0a9029e04186b3 e01b506dbba54919b70a796d13b8c8b7 - - default default] Method 'is_advsvc' is deprecated since 2023.2 release (neutron-lib 3.8.0) and will be removed once support for the old RBAC API policies will be removed from Neutron. Please use method 'is_service_role' instead.
2026-04-02 18:00:02.742 10 WARNING neutron.scheduler.dhcp_agent_scheduler [None req-26f39ae0-465d-4a11-b9e7-ebeebca2c751 01c2520ff2f3429a8c0a9029e04186b3 e01b506dbba54919b70a796d13b8c8b7 - - default default] No more DHCP agents
2026-04-02 18:00:02.744 10 WARNING neutron.api.rpc.agentnotifiers.dhcp_rpc_agent_api [None req-26f39ae0-465d-4a11-b9e7-ebeebca2c751 01c2520ff2f3429a8c0a9029e04186b3 e01b506dbba54919b70a796d13b8c8b7 - - default default] Unable to schedule network 35a2c535-79d9-4a95-ba48-9063e5920bae: no agents available; will retry on subsequent port and subnet creation events.
2026-04-02 18:00:03.237 10 INFO neutron.db.ovn_revision_numbers_db [None req-26f39ae0-465d-4a11-b9e7-ebeebca2c751 01c2520ff2f3429a8c0a9029e04186b3 e01b506dbba54919b70a796d13b8c8b7 - - default default] Successfully bumped revision number for resource 090be174-dc68-49fe-abcd-f483cfff2111 (type: ports) to 2
2026-04-02 18:00:03.268 9 INFO neutron.wsgi [-] 10.0.0.220 "GET / HTTP/1.1" status: 200 len: 247 time: 0.0027568
2026-04-02 18:00:03.271 9 INFO neutron.wsgi [-] 10.0.0.220 "GET / HTTP/1.1" status: 200 len: 247 time: 0.0021105
2026-04-02 18:00:03.279 10 INFO neutron.db.ovn_revision_numbers_db [None req-26f39ae0-465d-4a11-b9e7-ebeebca2c751 01c2520ff2f3429a8c0a9029e04186b3 e01b506dbba54919b70a796d13b8c8b7 - - default default] Successfully bumped revision number for resource e74abf65-7619-4063-8d97-67194258d4df (type: subnets) to 0
2026-04-02 18:00:03.298 10 INFO neutron.wsgi [None req-26f39ae0-465d-4a11-b9e7-ebeebca2c751 01c2520ff2f3429a8c0a9029e04186b3 e01b506dbba54919b70a796d13b8c8b7 - - default default] 10.0.0.116 "POST /v2.0/subnets HTTP/1.1" status: 201 len: 833 time: 0.8113761
2026-04-02 18:00:03.357 10 INFO neutron.wsgi [None req-ca5120da-80e3-453c-9f0a-8d12b1fcf6ab e3b9df1d726c482f94da6f0ed132c25d 19de118398ed4a8b8eddd54bbabd2fbe - - default default] 10.0.0.116 "GET /v2.0/subnetpools?name=shared-default-subnetpool-v6 HTTP/1.1" status: 200 len: 212 time: 0.0541992
2026-04-02 18:00:03.369 10 WARNING neutron_lib.context [None req-7a37de80-f5b9-46d2-95c5-c22a5ebe5ca6 01c2520ff2f3429a8c0a9029e04186b3 e01b506dbba54919b70a796d13b8c8b7 - - default default] Method 'is_advsvc' is deprecated since 2023.2 release (neutron-lib 3.8.0) and will be removed once support for the old RBAC API policies will be removed from Neutron. Please use method 'is_service_role' instead.
2026-04-02 18:00:03.638 10 WARNING neutron.scheduler.dhcp_agent_scheduler [None req-7a37de80-f5b9-46d2-95c5-c22a5ebe5ca6 01c2520ff2f3429a8c0a9029e04186b3 e01b506dbba54919b70a796d13b8c8b7 - - default default] No more DHCP agents
2026-04-02 18:00:03.641 10 WARNING neutron.api.rpc.agentnotifiers.dhcp_rpc_agent_api [None req-7a37de80-f5b9-46d2-95c5-c22a5ebe5ca6 01c2520ff2f3429a8c0a9029e04186b3 e01b506dbba54919b70a796d13b8c8b7 - - default default] Unable to schedule network 35a2c535-79d9-4a95-ba48-9063e5920bae: no agents available; will retry on subsequent port and subnet creation events.
2026-04-02 18:00:03.681 10 INFO neutron.db.ovn_revision_numbers_db [None req-7a37de80-f5b9-46d2-95c5-c22a5ebe5ca6 01c2520ff2f3429a8c0a9029e04186b3 e01b506dbba54919b70a796d13b8c8b7 - - default default] Successfully bumped revision number for resource 5c66249f-bf7a-4836-9af6-be4d24198cd6 (type: subnets) to 0
2026-04-02 18:00:03.698 10 INFO neutron.wsgi [None req-7a37de80-f5b9-46d2-95c5-c22a5ebe5ca6 01c2520ff2f3429a8c0a9029e04186b3 e01b506dbba54919b70a796d13b8c8b7 - - default default] 10.0.0.116 "POST /v2.0/subnets HTTP/1.1" status: 201 len: 906 time: 0.3326833
2026-04-02 18:00:03.709 10 WARNING neutron_lib.context [None req-4186cc30-8e4c-4089-bafc-6dd619d884eb 01c2520ff2f3429a8c0a9029e04186b3 e01b506dbba54919b70a796d13b8c8b7 - - default default] Method 'is_advsvc' is deprecated since 2023.2 release (neutron-lib 3.8.0) and will be removed once support for the old RBAC API policies will be removed from Neutron. Please use method 'is_service_role' instead.
2026-04-02 18:00:03.785 10 INFO neutron.db.segments_db [None req-4186cc30-8e4c-4089-bafc-6dd619d884eb 01c2520ff2f3429a8c0a9029e04186b3 e01b506dbba54919b70a796d13b8c8b7 - - default default] Added segment 0d768a45-59f2-4c82-a3d2-373813417df5 of type geneve for network cacc5f21-a5c9-4304-a624-9d86d9b1cf21
2026-04-02 18:00:03.931 10 INFO neutron.db.ovn_revision_numbers_db [None req-4186cc30-8e4c-4089-bafc-6dd619d884eb 01c2520ff2f3429a8c0a9029e04186b3 e01b506dbba54919b70a796d13b8c8b7 - - default default] Successfully bumped revision number for resource cacc5f21-a5c9-4304-a624-9d86d9b1cf21 (type: networks) to 1
2026-04-02 18:00:04.106 10 WARNING neutron.scheduler.dhcp_agent_scheduler [None req-4186cc30-8e4c-4089-bafc-6dd619d884eb 01c2520ff2f3429a8c0a9029e04186b3 e01b506dbba54919b70a796d13b8c8b7 - - default default] No more DHCP agents
2026-04-02 18:00:04.107 10 WARNING neutron.api.rpc.agentnotifiers.dhcp_rpc_agent_api [None req-4186cc30-8e4c-4089-bafc-6dd619d884eb 01c2520ff2f3429a8c0a9029e04186b3 e01b506dbba54919b70a796d13b8c8b7 - - default default] Unable to schedule network cacc5f21-a5c9-4304-a624-9d86d9b1cf21: no agents available; will retry on subsequent port and subnet creation events.
2026-04-02 18:00:04.193 10 INFO neutron.db.ovn_revision_numbers_db [None req-4186cc30-8e4c-4089-bafc-6dd619d884eb 01c2520ff2f3429a8c0a9029e04186b3 e01b506dbba54919b70a796d13b8c8b7 - - default default] Successfully bumped revision number for resource c4ade784-ca01-4554-a825-f31bbf6fdffb (type: ports) to 1
2026-04-02 18:00:04.220 10 INFO neutron.wsgi [None req-4186cc30-8e4c-4089-bafc-6dd619d884eb 01c2520ff2f3429a8c0a9029e04186b3 e01b506dbba54919b70a796d13b8c8b7 - - default default] 10.0.0.116 "POST /v2.0/networks HTTP/1.1" status: 201 len: 836 time: 0.5159965
2026-04-02 18:00:04.231 10 WARNING neutron_lib.context [None req-8c5e4e47-2510-4a09-903e-8f10229705aa 01c2520ff2f3429a8c0a9029e04186b3 e01b506dbba54919b70a796d13b8c8b7 - - default default] Method 'is_advsvc' is deprecated since 2023.2 release (neutron-lib 3.8.0) and will be removed once support for the old RBAC API policies will be removed from Neutron. Please use method 'is_service_role' instead.
2026-04-02 18:00:04.477 10 WARNING neutron.scheduler.dhcp_agent_scheduler [None req-8c5e4e47-2510-4a09-903e-8f10229705aa 01c2520ff2f3429a8c0a9029e04186b3 e01b506dbba54919b70a796d13b8c8b7 - - default default] No more DHCP agents
2026-04-02 18:00:04.479 10 WARNING neutron.api.rpc.agentnotifiers.dhcp_rpc_agent_api [None req-8c5e4e47-2510-4a09-903e-8f10229705aa 01c2520ff2f3429a8c0a9029e04186b3 e01b506dbba54919b70a796d13b8c8b7 - - default default] Unable to schedule network cacc5f21-a5c9-4304-a624-9d86d9b1cf21: no agents available; will retry on subsequent port and subnet creation events.
2026-04-02 18:00:05.117 10 INFO neutron.db.ovn_revision_numbers_db [None req-8c5e4e47-2510-4a09-903e-8f10229705aa 01c2520ff2f3429a8c0a9029e04186b3 e01b506dbba54919b70a796d13b8c8b7 - - default default] Successfully bumped revision number for resource c4ade784-ca01-4554-a825-f31bbf6fdffb (type: ports) to 2
2026-04-02 18:00:05.156 10 INFO neutron.db.ovn_revision_numbers_db [None req-8c5e4e47-2510-4a09-903e-8f10229705aa 01c2520ff2f3429a8c0a9029e04186b3 e01b506dbba54919b70a796d13b8c8b7 - - default default] Successfully bumped revision number for resource cb455691-ad5b-4525-a632-885aca758ef2 (type: subnets) to 0
2026-04-02 18:00:05.174 10 INFO neutron.wsgi [None req-8c5e4e47-2510-4a09-903e-8f10229705aa 01c2520ff2f3429a8c0a9029e04186b3 e01b506dbba54919b70a796d13b8c8b7 - - default default] 10.0.0.116 "POST /v2.0/subnets HTTP/1.1" status: 201 len: 831 time: 0.9479749
2026-04-02 18:00:05.187 10 WARNING neutron_lib.context [None req-bff46336-4308-4fba-a351-328f399ea9b8 01c2520ff2f3429a8c0a9029e04186b3 e01b506dbba54919b70a796d13b8c8b7 - - default default] Method 'is_advsvc' is deprecated since 2023.2 release (neutron-lib 3.8.0) and will be removed once support for the old RBAC API policies will be removed from Neutron. Please use method 'is_service_role' instead.
2026-04-02 18:00:05.435 10 WARNING neutron.scheduler.dhcp_agent_scheduler [None req-bff46336-4308-4fba-a351-328f399ea9b8 01c2520ff2f3429a8c0a9029e04186b3 e01b506dbba54919b70a796d13b8c8b7 - - default default] No more DHCP agents
2026-04-02 18:00:05.439 10 WARNING neutron.api.rpc.agentnotifiers.dhcp_rpc_agent_api [None req-bff46336-4308-4fba-a351-328f399ea9b8 01c2520ff2f3429a8c0a9029e04186b3 e01b506dbba54919b70a796d13b8c8b7 - - default default] Unable to schedule network cacc5f21-a5c9-4304-a624-9d86d9b1cf21: no agents available; will retry on subsequent port and subnet creation events.
2026-04-02 18:00:05.468 10 INFO neutron.db.ovn_revision_numbers_db [None req-bff46336-4308-4fba-a351-328f399ea9b8 01c2520ff2f3429a8c0a9029e04186b3 e01b506dbba54919b70a796d13b8c8b7 - - default default] Successfully bumped revision number for resource 75f5036b-969f-45e8-bff9-8c991f4a2bd8 (type: subnets) to 0
2026-04-02 18:00:05.483 10 INFO neutron.wsgi [None req-bff46336-4308-4fba-a351-328f399ea9b8 01c2520ff2f3429a8c0a9029e04186b3 e01b506dbba54919b70a796d13b8c8b7 - - default default] 10.0.0.116 "POST /v2.0/subnets HTTP/1.1" status: 201 len: 901 time: 0.3037069
2026-04-02 18:00:05.494 10 WARNING neutron_lib.context [None req-bf001d22-e3c4-4e10-aa53-b94e9bb79783 01c2520ff2f3429a8c0a9029e04186b3 e01b506dbba54919b70a796d13b8c8b7 - - default default] Method 'is_advsvc' is deprecated since 2023.2 release (neutron-lib 3.8.0) and will be removed once support for the old RBAC API policies will be removed from Neutron. Please use method 'is_service_role' instead.
2026-04-02 18:00:05.579 10 INFO neutron.db.segments_db [None req-bf001d22-e3c4-4e10-aa53-b94e9bb79783 01c2520ff2f3429a8c0a9029e04186b3 e01b506dbba54919b70a796d13b8c8b7 - - default default] Added segment 05f46b51-eca5-4ac7-86cc-7dff6416ee93 of type geneve for network 665dd896-c4e0-44f9-a9dc-f2f933de4a73
2026-04-02 18:00:05.764 10 INFO neutron.db.ovn_revision_numbers_db [None req-bf001d22-e3c4-4e10-aa53-b94e9bb79783 01c2520ff2f3429a8c0a9029e04186b3 e01b506dbba54919b70a796d13b8c8b7 - - default default] Successfully bumped revision number for resource 665dd896-c4e0-44f9-a9dc-f2f933de4a73 (type: networks) to 1
2026-04-02 18:00:05.943 10 WARNING neutron.scheduler.dhcp_agent_scheduler [None req-bf001d22-e3c4-4e10-aa53-b94e9bb79783 01c2520ff2f3429a8c0a9029e04186b3 e01b506dbba54919b70a796d13b8c8b7 - - default default] No more DHCP agents
2026-04-02 18:00:05.947 10 WARNING neutron.api.rpc.agentnotifiers.dhcp_rpc_agent_api [None req-bf001d22-e3c4-4e10-aa53-b94e9bb79783 01c2520ff2f3429a8c0a9029e04186b3 e01b506dbba54919b70a796d13b8c8b7 - - default default] Unable to schedule network 665dd896-c4e0-44f9-a9dc-f2f933de4a73: no agents available; will retry on subsequent port and subnet creation events.
2026-04-02 18:00:06.041 10 INFO neutron.db.ovn_revision_numbers_db [None req-bf001d22-e3c4-4e10-aa53-b94e9bb79783 01c2520ff2f3429a8c0a9029e04186b3 e01b506dbba54919b70a796d13b8c8b7 - - default default] Successfully bumped revision number for resource 3f175776-aba9-4cce-a004-b66ae461bff7 (type: ports) to 1
2026-04-02 18:00:06.061 10 INFO neutron.wsgi [None req-bf001d22-e3c4-4e10-aa53-b94e9bb79783 01c2520ff2f3429a8c0a9029e04186b3 e01b506dbba54919b70a796d13b8c8b7 - - default default] 10.0.0.116 "POST /v2.0/networks HTTP/1.1" status: 201 len: 836 time: 0.5711513
2026-04-02 18:00:06.074 10 WARNING neutron_lib.context [None req-e724db8b-2b0f-4e2c-8f4c-d0f7cb80f439 01c2520ff2f3429a8c0a9029e04186b3 e01b506dbba54919b70a796d13b8c8b7 - - default default] Method 'is_advsvc' is deprecated since 2023.2 release (neutron-lib 3.8.0) and will be removed once support for the old RBAC API policies will be removed from Neutron. Please use method 'is_service_role' instead.
2026-04-02 18:00:06.522 10 WARNING neutron.scheduler.dhcp_agent_scheduler [None req-e724db8b-2b0f-4e2c-8f4c-d0f7cb80f439 01c2520ff2f3429a8c0a9029e04186b3 e01b506dbba54919b70a796d13b8c8b7 - - default default] No more DHCP agents
2026-04-02 18:00:06.524 10 WARNING neutron.api.rpc.agentnotifiers.dhcp_rpc_agent_api [None req-e724db8b-2b0f-4e2c-8f4c-d0f7cb80f439 01c2520ff2f3429a8c0a9029e04186b3 e01b506dbba54919b70a796d13b8c8b7 - - default default] Unable to schedule network 665dd896-c4e0-44f9-a9dc-f2f933de4a73: no agents available; will retry on subsequent port and subnet creation events.
2026-04-02 18:00:07.029 10 INFO neutron.db.ovn_revision_numbers_db [None req-e724db8b-2b0f-4e2c-8f4c-d0f7cb80f439 01c2520ff2f3429a8c0a9029e04186b3 e01b506dbba54919b70a796d13b8c8b7 - - default default] Successfully bumped revision number for resource 3f175776-aba9-4cce-a004-b66ae461bff7 (type: ports) to 2
2026-04-02 18:00:07.065 10 INFO neutron.db.ovn_revision_numbers_db [None req-e724db8b-2b0f-4e2c-8f4c-d0f7cb80f439 01c2520ff2f3429a8c0a9029e04186b3 e01b506dbba54919b70a796d13b8c8b7 - - default default] Successfully bumped revision number for resource b852712c-2c9c-46e8-bb2e-b4ba901a44b6 (type: subnets) to 0
2026-04-02 18:00:07.081 10 INFO neutron.wsgi [None req-e724db8b-2b0f-4e2c-8f4c-d0f7cb80f439 01c2520ff2f3429a8c0a9029e04186b3 e01b506dbba54919b70a796d13b8c8b7 - - default default] 10.0.0.116 "POST /v2.0/subnets HTTP/1.1" status: 201 len: 831 time: 1.0121245
2026-04-02 18:00:07.091 10 WARNING neutron_lib.context [None req-75b8e8d6-bebc-45fb-8b9b-2ed23b49a1dd 01c2520ff2f3429a8c0a9029e04186b3 e01b506dbba54919b70a796d13b8c8b7 - - default default] Method 'is_advsvc' is deprecated since 2023.2 release (neutron-lib 3.8.0) and will be removed once support for the old RBAC API policies will be removed from Neutron. Please use method 'is_service_role' instead.
2026-04-02 18:00:07.351 10 WARNING neutron.scheduler.dhcp_agent_scheduler [None req-75b8e8d6-bebc-45fb-8b9b-2ed23b49a1dd 01c2520ff2f3429a8c0a9029e04186b3 e01b506dbba54919b70a796d13b8c8b7 - - default default] No more DHCP agents
2026-04-02 18:00:07.356 10 WARNING neutron.api.rpc.agentnotifiers.dhcp_rpc_agent_api [None req-75b8e8d6-bebc-45fb-8b9b-2ed23b49a1dd 01c2520ff2f3429a8c0a9029e04186b3 e01b506dbba54919b70a796d13b8c8b7 - - default default] Unable to schedule network 665dd896-c4e0-44f9-a9dc-f2f933de4a73: no agents available; will retry on subsequent port and subnet creation events.
2026-04-02 18:00:07.393 10 INFO neutron.db.ovn_revision_numbers_db [None req-75b8e8d6-bebc-45fb-8b9b-2ed23b49a1dd 01c2520ff2f3429a8c0a9029e04186b3 e01b506dbba54919b70a796d13b8c8b7 - - default default] Successfully bumped revision number for resource a163649f-2e16-4da9-b39f-995ebf7d42c3 (type: subnets) to 0
2026-04-02 18:00:07.406 10 INFO neutron.wsgi [None req-75b8e8d6-bebc-45fb-8b9b-2ed23b49a1dd 01c2520ff2f3429a8c0a9029e04186b3 e01b506dbba54919b70a796d13b8c8b7 - - default default] 10.0.0.116 "POST /v2.0/subnets HTTP/1.1" status: 201 len: 905 time: 0.3195641
2026-04-02 18:00:07.413 10 WARNING neutron_lib.context [None req-1abfc549-6896-4a4a-898e-914f37ea4b90 01c2520ff2f3429a8c0a9029e04186b3 e01b506dbba54919b70a796d13b8c8b7 - - default default] Method 'is_advsvc' is deprecated since 2023.2 release (neutron-lib 3.8.0) and will be removed once support for the old RBAC API policies will be removed from Neutron. Please use method 'is_service_role' instead.
2026-04-02 18:00:07.902 10 WARNING neutron.scheduler.dhcp_agent_scheduler [None req-1abfc549-6896-4a4a-898e-914f37ea4b90 01c2520ff2f3429a8c0a9029e04186b3 e01b506dbba54919b70a796d13b8c8b7 - - default default] No more DHCP agents
2026-04-02 18:00:07.903 10 WARNING neutron.api.rpc.agentnotifiers.dhcp_rpc_agent_api [None req-1abfc549-6896-4a4a-898e-914f37ea4b90 01c2520ff2f3429a8c0a9029e04186b3 e01b506dbba54919b70a796d13b8c8b7 - - default default] Unable to schedule network 8134dd1c-f936-4b4a-8827-84d8f7e38382: no agents available; will retry on subsequent port and subnet creation events.
2026-04-02 18:00:08.060 10 INFO neutron.db.ovn_revision_numbers_db [None req-1abfc549-6896-4a4a-898e-914f37ea4b90 01c2520ff2f3429a8c0a9029e04186b3 e01b506dbba54919b70a796d13b8c8b7 - - default default] Successfully bumped revision number for resource 7e0b26e3-9d36-40bf-b46a-860c9f2df004 (type: ports) to 1
2026-04-02 18:00:08.698 10 INFO neutron.plugins.ml2.drivers.ovn.mech_driver.mech_driver [None req-723bc847-d115-40b4-a729-a180a8ccbf88 - - - - - -] OVN reports status up for port: 7e0b26e3-9d36-40bf-b46a-860c9f2df004
2026-04-02 18:00:08.718 10 INFO neutron.plugins.ml2.drivers.ovn.mech_driver.ovsdb.ovsdb_monitor [None req-00d24ac7-4577-444a-af61-05ee6a1eb406 - - - - - -] Router 1d751e4f-cc67-4041-8a2f-4c11903645d1 is bound to host instance
2026-04-02 18:00:08.724 10 INFO neutron.plugins.ml2.plugin [None req-723bc847-d115-40b4-a729-a180a8ccbf88 - - - - - -] Attempt 1 to provision port 7e0b26e3-9d36-40bf-b46a-860c9f2df004
2026-04-02 18:00:08.778 10 INFO neutron.db.ovn_revision_numbers_db [None req-1abfc549-6896-4a4a-898e-914f37ea4b90 01c2520ff2f3429a8c0a9029e04186b3 e01b506dbba54919b70a796d13b8c8b7 - - default default] Successfully bumped revision number for resource 7e0b26e3-9d36-40bf-b46a-860c9f2df004 (type: router_ports) to 1
2026-04-02 18:00:09.097 10 INFO neutron.db.ovn_revision_numbers_db [None req-1abfc549-6896-4a4a-898e-914f37ea4b90 01c2520ff2f3429a8c0a9029e04186b3 e01b506dbba54919b70a796d13b8c8b7 - - default default] Successfully bumped revision number for resource 1d751e4f-cc67-4041-8a2f-4c11903645d1 (type: routers) to 2
2026-04-02 18:00:09.133 10 INFO neutron.wsgi [None req-1abfc549-6896-4a4a-898e-914f37ea4b90 01c2520ff2f3429a8c0a9029e04186b3 e01b506dbba54919b70a796d13b8c8b7 - - default default] 10.0.0.116 "POST /v2.0/routers HTTP/1.1" status: 201 len: 865 time: 1.7225726
2026-04-02 18:00:09.502 10 INFO neutron.db.ovn_revision_numbers_db [None req-00d24ac7-4577-444a-af61-05ee6a1eb406 - - - - - -] Successfully bumped revision number for resource 7e0b26e3-9d36-40bf-b46a-860c9f2df004 (type: ports) to 1
2026-04-02 18:00:09.719 10 INFO neutron.db.ovn_revision_numbers_db [None req-00d24ac7-4577-444a-af61-05ee6a1eb406 - - - - - -] Successfully bumped revision number for resource 7e0b26e3-9d36-40bf-b46a-860c9f2df004 (type: router_ports) to 3
2026-04-02 18:00:09.832 9 WARNING neutron.scheduler.dhcp_agent_scheduler [None req-a13797e9-b317-4174-bb3e-23061925d998 01c2520ff2f3429a8c0a9029e04186b3 e01b506dbba54919b70a796d13b8c8b7 - - default default] No more DHCP agents
2026-04-02 18:00:09.836 9 WARNING neutron.api.rpc.agentnotifiers.dhcp_rpc_agent_api [None req-a13797e9-b317-4174-bb3e-23061925d998 01c2520ff2f3429a8c0a9029e04186b3 e01b506dbba54919b70a796d13b8c8b7 - - default default] Unable to schedule network 35a2c535-79d9-4a95-ba48-9063e5920bae: no agents available; will retry on subsequent port and subnet creation events.
2026-04-02 18:00:09.885 10 INFO neutron.db.ovn_revision_numbers_db [None req-00d24ac7-4577-444a-af61-05ee6a1eb406 - - - - - -] Successfully bumped revision number for resource 7e0b26e3-9d36-40bf-b46a-860c9f2df004 (type: ports) to 2
2026-04-02 18:00:10.046 9 INFO neutron.db.ovn_revision_numbers_db [None req-a13797e9-b317-4174-bb3e-23061925d998 01c2520ff2f3429a8c0a9029e04186b3 e01b506dbba54919b70a796d13b8c8b7 - - default default] Successfully bumped revision number for resource b9aa7a99-1fc8-4a22-8242-2cb655a95248 (type: ports) to 1
2026-04-02 18:00:10.191 10 INFO neutron.db.ovn_revision_numbers_db [None req-00d24ac7-4577-444a-af61-05ee6a1eb406 - - - - - -] Successfully bumped revision number for resource 7e0b26e3-9d36-40bf-b46a-860c9f2df004 (type: ports) to 4
2026-04-02 18:00:10.422 10 INFO neutron.db.ovn_revision_numbers_db [None req-00d24ac7-4577-444a-af61-05ee6a1eb406 - - - - - -] Successfully bumped revision number for resource 7e0b26e3-9d36-40bf-b46a-860c9f2df004 (type: router_ports) to 4
2026-04-02 18:00:10.555 9 INFO neutron.plugins.ml2.drivers.ovn.mech_driver.mech_driver [None req-b6c15372-2b8f-455d-8dd4-64462efef91e - - - - - -] OVN reports status up for port: b9aa7a99-1fc8-4a22-8242-2cb655a95248
2026-04-02 18:00:10.570 9 INFO neutron.plugins.ml2.plugin [None req-b6c15372-2b8f-455d-8dd4-64462efef91e - - - - - -] Attempt 1 to provision port b9aa7a99-1fc8-4a22-8242-2cb655a95248
2026-04-02 18:00:10.605 9 INFO neutron.db.ovn_revision_numbers_db [None req-a13797e9-b317-4174-bb3e-23061925d998 01c2520ff2f3429a8c0a9029e04186b3 e01b506dbba54919b70a796d13b8c8b7 - - default default] Successfully bumped revision number for resource b9aa7a99-1fc8-4a22-8242-2cb655a95248 (type: router_ports) to 1
