2026-04-02 17:58:03.545 9 WARNING neutron_lib.context [None req-6f187968-ea8f-4ca3-a5ff-166ea0dbf04e 61d54866c7f2488282d6773eba3127dc 86bba1648d9144d4a4d251a7a1ff174c - - default default] Method 'is_advsvc' is deprecated since 2023.2 release (neutron-lib 3.8.0) and will be removed once support for the old RBAC API policies will be removed from Neutron. Please use method 'is_service_role' instead.
2026-04-02 17:58:03.583 10 INFO neutron.db.ovn_revision_numbers_db [None req-eb025ce7-6d06-4e8d-8370-674f14139f3c 9149851bfe8445889924f7d4793a1bcd 7bede19088034a1a84a8645ab9d11eb4 - - default default] Successfully bumped revision number for resource 1fdbcfb4-6d9c-4145-ba23-3d6ceeda94f8 (type: ports) to 1
2026-04-02 17:58:03.781 9 WARNING neutron.scheduler.dhcp_agent_scheduler [None req-6f187968-ea8f-4ca3-a5ff-166ea0dbf04e 61d54866c7f2488282d6773eba3127dc 86bba1648d9144d4a4d251a7a1ff174c - - default default] No more DHCP agents
2026-04-02 17:58:03.784 9 WARNING neutron.api.rpc.agentnotifiers.dhcp_rpc_agent_api [None req-6f187968-ea8f-4ca3-a5ff-166ea0dbf04e 61d54866c7f2488282d6773eba3127dc 86bba1648d9144d4a4d251a7a1ff174c - - default default] Unable to schedule network 732bc3ca-b8d1-4944-a82b-5b055dc4d40c: no agents available; will retry on subsequent port and subnet creation events.
2026-04-02 17:58:03.870 9 INFO neutron.db.ovn_revision_numbers_db [None req-6f187968-ea8f-4ca3-a5ff-166ea0dbf04e 61d54866c7f2488282d6773eba3127dc 86bba1648d9144d4a4d251a7a1ff174c - - default default] Successfully bumped revision number for resource 6d3eed96-f07c-4c44-8b34-a92e7af0c65e (type: ports) to 1
2026-04-02 17:58:03.890 9 INFO neutron.wsgi [None req-6f187968-ea8f-4ca3-a5ff-166ea0dbf04e 61d54866c7f2488282d6773eba3127dc 86bba1648d9144d4a4d251a7a1ff174c - - default default] 10.0.0.116 "POST /v2.0/ports HTTP/1.1" status: 201 len: 974 time: 0.3503244 /var/lib/openstack/lib/python3.10/site-packages/pycadf/identifier.py:71: UserWarning: Invalid uuid: neutron. To ensure interoperability, identifiers should be a valid uuid. warnings.warn(('Invalid uuid: %s. To ensure interoperability, '
2026-04-02 17:58:03.898 9 WARNING neutron_lib.context [None req-4d2c0e47-cfcd-420b-b057-7404874f07c9 61d54866c7f2488282d6773eba3127dc 86bba1648d9144d4a4d251a7a1ff174c - - default default] Method 'is_advsvc' is deprecated since 2023.2 release (neutron-lib 3.8.0) and will be removed once support for the old RBAC API policies will be removed from Neutron. Please use method 'is_service_role' instead.
2026-04-02 17:58:03.976 9 INFO neutron.db.segments_db [None req-4d2c0e47-cfcd-420b-b057-7404874f07c9 61d54866c7f2488282d6773eba3127dc 86bba1648d9144d4a4d251a7a1ff174c - - default default] Added segment 696836ab-5b24-4e2e-9443-752742f15df8 of type geneve for network 753db3ea-3387-4166-8241-e472a22eeb0d
2026-04-02 17:58:04.050 9 INFO neutron.plugins.ml2.drivers.ovn.mech_driver.mech_driver [None req-b6c15372-2b8f-455d-8dd4-64462efef91e - - - - - -] OVN reports status up for port: 1fdbcfb4-6d9c-4145-ba23-3d6ceeda94f8
2026-04-02 17:58:04.063 9 INFO neutron.plugins.ml2.plugin [None req-b6c15372-2b8f-455d-8dd4-64462efef91e - - - - - -] Attempt 1 to provision port 1fdbcfb4-6d9c-4145-ba23-3d6ceeda94f8
2026-04-02 17:58:04.086 10 INFO neutron.db.ovn_revision_numbers_db [None req-eb025ce7-6d06-4e8d-8370-674f14139f3c 9149851bfe8445889924f7d4793a1bcd 7bede19088034a1a84a8645ab9d11eb4 - - default default] Successfully bumped revision number for resource 1fdbcfb4-6d9c-4145-ba23-3d6ceeda94f8 (type: router_ports) to 1
2026-04-02 17:58:04.138 9 INFO neutron.db.ovn_revision_numbers_db [None req-4d2c0e47-cfcd-420b-b057-7404874f07c9 61d54866c7f2488282d6773eba3127dc 86bba1648d9144d4a4d251a7a1ff174c - - default default] Successfully bumped revision number for resource 753db3ea-3387-4166-8241-e472a22eeb0d (type: networks) to 1
2026-04-02 17:58:04.356 9 WARNING neutron.scheduler.dhcp_agent_scheduler [None req-4d2c0e47-cfcd-420b-b057-7404874f07c9 61d54866c7f2488282d6773eba3127dc 86bba1648d9144d4a4d251a7a1ff174c - - default default] No more DHCP agents
2026-04-02 17:58:04.360 9 WARNING neutron.api.rpc.agentnotifiers.dhcp_rpc_agent_api [None req-4d2c0e47-cfcd-420b-b057-7404874f07c9 61d54866c7f2488282d6773eba3127dc 86bba1648d9144d4a4d251a7a1ff174c - - default default] Unable to schedule network 753db3ea-3387-4166-8241-e472a22eeb0d: no agents available; will retry on subsequent port and subnet creation events.
2026-04-02 17:58:04.451 9 WARNING neutron_lib.context [None req-5fe0252c-0acb-487e-8a14-c6452f958cd0 380e9d8e2d084e2eb171260008b3cc87 c2f43a9dacf74f5a94d54a9eeae07871 - - default default] Method 'is_advsvc' is deprecated since 2023.2 release (neutron-lib 3.8.0) and will be removed once support for the old RBAC API policies will be removed from Neutron. Please use method 'is_service_role' instead.
2026-04-02 17:58:04.453 9 INFO neutron.db.ovn_revision_numbers_db [None req-b6c15372-2b8f-455d-8dd4-64462efef91e - - - - - -] Successfully bumped revision number for resource 1fdbcfb4-6d9c-4145-ba23-3d6ceeda94f8 (type: ports) to 2
2026-04-02 17:58:04.468 10 INFO neutron.db.ovn_revision_numbers_db [None req-eb025ce7-6d06-4e8d-8370-674f14139f3c 9149851bfe8445889924f7d4793a1bcd 7bede19088034a1a84a8645ab9d11eb4 - - default default] Successfully bumped revision number for resource 1fdbcfb4-6d9c-4145-ba23-3d6ceeda94f8 (type: ports) to 1
2026-04-02 17:58:04.522 9 INFO neutron.db.ovn_revision_numbers_db [None req-4d2c0e47-cfcd-420b-b057-7404874f07c9 61d54866c7f2488282d6773eba3127dc 86bba1648d9144d4a4d251a7a1ff174c - - default default] Successfully bumped revision number for resource c1891d3e-59ff-4734-9139-ac7183fdd019 (type: ports) to 1
2026-04-02 17:58:04.536 10 WARNING neutron.scheduler.dhcp_agent_scheduler [None req-eb025ce7-6d06-4e8d-8370-674f14139f3c 9149851bfe8445889924f7d4793a1bcd 7bede19088034a1a84a8645ab9d11eb4 - - default default] No more DHCP agents
2026-04-02 17:58:04.537 10 WARNING neutron.api.rpc.agentnotifiers.dhcp_rpc_agent_api [None req-eb025ce7-6d06-4e8d-8370-674f14139f3c 9149851bfe8445889924f7d4793a1bcd 7bede19088034a1a84a8645ab9d11eb4 - - default default] Unable to schedule network 16c08355-6bbb-4751-9a95-0008416b3067: no agents available; will retry on subsequent port and subnet creation events.
2026-04-02 17:58:04.592 9 INFO neutron.wsgi [None req-4d2c0e47-cfcd-420b-b057-7404874f07c9 61d54866c7f2488282d6773eba3127dc 86bba1648d9144d4a4d251a7a1ff174c - - default default] 10.0.0.116 "POST /v2.0/networks HTTP/1.1" status: 201 len: 830 time: 0.6970887
2026-04-02 17:58:04.602 9 WARNING neutron_lib.context [None req-b0c29522-6145-44d3-ba41-8ebbf6ea8d7b 61d54866c7f2488282d6773eba3127dc 86bba1648d9144d4a4d251a7a1ff174c - - default default] Method 'is_advsvc' is deprecated since 2023.2 release (neutron-lib 3.8.0) and will be removed once support for the old RBAC API policies will be removed from Neutron. Please use method 'is_service_role' instead.
2026-04-02 17:58:04.633 9 INFO neutron.db.ovn_revision_numbers_db [None req-b6c15372-2b8f-455d-8dd4-64462efef91e - - - - - -] Successfully bumped revision number for resource 1fdbcfb4-6d9c-4145-ba23-3d6ceeda94f8 (type: router_ports) to 2
2026-04-02 17:58:04.686 9 INFO neutron.db.ovn_revision_numbers_db [None req-2a83b08c-2360-4e38-92b7-551e356fd0fa 6e572a2ffe884536a3857dbc19fff1ad d15d84c3f8b144fca4d23055a52e6571 - - default default] Successfully bumped revision number for resource e20b5cbf-f5d8-4c21-a0c6-0f25586b91f9 (type: security_groups) to 1
2026-04-02 17:58:04.715 9 INFO neutron.db.ovn_revision_numbers_db [None req-2a83b08c-2360-4e38-92b7-551e356fd0fa 6e572a2ffe884536a3857dbc19fff1ad d15d84c3f8b144fca4d23055a52e6571 - - default default] Successfully bumped revision number for resource 2ab413ac-ad8c-458f-ad86-c1959a38b9e6 (type: security_group_rules) to 0
2026-04-02 17:58:04.766 9 INFO neutron.db.ovn_revision_numbers_db [None req-2a83b08c-2360-4e38-92b7-551e356fd0fa 6e572a2ffe884536a3857dbc19fff1ad d15d84c3f8b144fca4d23055a52e6571 - - default default] Successfully bumped revision number for resource 45b037ff-b31c-4aec-b0d9-b74441b79689 (type: security_group_rules) to 0
2026-04-02 17:58:04.787 9 INFO neutron.db.ovn_revision_numbers_db [None req-5fe0252c-0acb-487e-8a14-c6452f958cd0 380e9d8e2d084e2eb171260008b3cc87 c2f43a9dacf74f5a94d54a9eeae07871 - - default default] Successfully bumped revision number for resource 1e982303-578d-4e52-9dfe-7b4556ca1e7b (type: security_groups) to 1
2026-04-02 17:58:04.798 9 INFO neutron.db.ovn_revision_numbers_db [None req-2a83b08c-2360-4e38-92b7-551e356fd0fa 6e572a2ffe884536a3857dbc19fff1ad d15d84c3f8b144fca4d23055a52e6571 - - default default] Successfully bumped revision number for resource 573e733b-807d-48e1-80e0-b94a52a7e8f7 (type: security_group_rules) to 0
2026-04-02 17:58:04.834 9 INFO neutron.db.ovn_revision_numbers_db [None req-2a83b08c-2360-4e38-92b7-551e356fd0fa 6e572a2ffe884536a3857dbc19fff1ad d15d84c3f8b144fca4d23055a52e6571 - - default default] Successfully bumped revision number for resource a368eea6-9459-40ad-bed8-7e9e922fd872 (type: security_group_rules) to 0
2026-04-02 17:58:04.834 10 INFO neutron.db.ovn_revision_numbers_db [None req-eb025ce7-6d06-4e8d-8370-674f14139f3c 9149851bfe8445889924f7d4793a1bcd 7bede19088034a1a84a8645ab9d11eb4 - - default default] Successfully bumped revision number for resource 1fdbcfb4-6d9c-4145-ba23-3d6ceeda94f8 (type: router_ports) to 2
2026-04-02 17:58:04.837 10 INFO neutron.wsgi [None req-eb025ce7-6d06-4e8d-8370-674f14139f3c 9149851bfe8445889924f7d4793a1bcd 7bede19088034a1a84a8645ab9d11eb4 - - default default] 10.0.0.116 "PUT /v2.0/routers/134605e2-028a-4e53-9c7c-c67c1e8245be/add_router_interface HTTP/1.1" status: 200 len: 503 time: 2.0602193
2026-04-02 17:58:04.848 9 INFO neutron.db.ovn_revision_numbers_db [None req-5fe0252c-0acb-487e-8a14-c6452f958cd0 380e9d8e2d084e2eb171260008b3cc87 c2f43a9dacf74f5a94d54a9eeae07871 - - default default] Successfully bumped revision number for resource 0985b63d-5067-4510-8438-02fee4fee00a (type: security_group_rules) to 0
2026-04-02 17:58:04.866 9 INFO neutron.wsgi [None req-2a83b08c-2360-4e38-92b7-551e356fd0fa 6e572a2ffe884536a3857dbc19fff1ad d15d84c3f8b144fca4d23055a52e6571 - - default default] 10.0.0.116 "GET /v2.0/security-groups?tenant_id=966fb9e267314c69a1c2d3366c98dbbe&name=default HTTP/1.1" status: 200 len: 2996 time: 0.5547857
2026-04-02 17:58:04.879 9 INFO neutron.db.ovn_revision_numbers_db [None req-5fe0252c-0acb-487e-8a14-c6452f958cd0 380e9d8e2d084e2eb171260008b3cc87 c2f43a9dacf74f5a94d54a9eeae07871 - - default default] Successfully bumped revision number for resource 3d2f17dc-f475-42df-a638-730b6f130254 (type: security_group_rules) to 0
2026-04-02 17:58:04.914 9 INFO neutron.db.ovn_revision_numbers_db [None req-5fe0252c-0acb-487e-8a14-c6452f958cd0 380e9d8e2d084e2eb171260008b3cc87 c2f43a9dacf74f5a94d54a9eeae07871 - - default default] Successfully bumped revision number for resource 5efdb1d5-0655-4fbd-b270-cac2276b0517 (type: security_group_rules) to 0
2026-04-02 17:58:04.936 10 INFO neutron.wsgi [None req-622cafd3-eb8c-439a-993f-3da683591f00 99f277e670554653b50cafc8356309bd a6cd72351e584026abe2a027d338eb20 - - default default] 10.0.0.116 "GET /v2.0/networks HTTP/1.1" status: 200 len: 4540 time: 0.0948515
2026-04-02 17:58:04.946 9 INFO neutron.db.ovn_revision_numbers_db [None req-5fe0252c-0acb-487e-8a14-c6452f958cd0 380e9d8e2d084e2eb171260008b3cc87 c2f43a9dacf74f5a94d54a9eeae07871 - - default default] Successfully bumped revision number for resource 5fd62561-1e73-4703-83bf-20ea9f0ea7bf (type: security_group_rules) to 0
2026-04-02 17:58:04.986 10 INFO neutron.wsgi [None req-6d51813f-f947-4d11-aa4a-c4fc59452498 99f277e670554653b50cafc8356309bd a6cd72351e584026abe2a027d338eb20 - - default default] 10.0.0.116 "GET /v2.0/subnets HTTP/1.1" status: 200 len: 2096 time: 0.0451226
2026-04-02 17:58:05.014 9 WARNING neutron.scheduler.dhcp_agent_scheduler [None req-b0c29522-6145-44d3-ba41-8ebbf6ea8d7b 61d54866c7f2488282d6773eba3127dc 86bba1648d9144d4a4d251a7a1ff174c - - default default] No more DHCP agents
2026-04-02 17:58:05.022 9 WARNING neutron.api.rpc.agentnotifiers.dhcp_rpc_agent_api [None req-b0c29522-6145-44d3-ba41-8ebbf6ea8d7b 61d54866c7f2488282d6773eba3127dc 86bba1648d9144d4a4d251a7a1ff174c - - default default] Unable to schedule network 753db3ea-3387-4166-8241-e472a22eeb0d: no agents available; will retry on subsequent port and subnet creation events.
2026-04-02 17:58:05.099 10 INFO neutron.wsgi [None req-30044a3c-b92d-40eb-8288-025be9df7e31 99f277e670554653b50cafc8356309bd a6cd72351e584026abe2a027d338eb20 - - default default] 10.0.0.116 "GET /v2.0/routers HTTP/1.1" status: 200 len: 877 time: 0.1070175
2026-04-02 17:58:05.167 10 WARNING neutron_lib.context [None req-48736fbf-9169-4f00-9d25-9b609b68b394 9149851bfe8445889924f7d4793a1bcd 7bede19088034a1a84a8645ab9d11eb4 - - default default] Method 'is_advsvc' is deprecated since 2023.2 release (neutron-lib 3.8.0) and will be removed once support for the old RBAC API policies will be removed from Neutron. Please use method 'is_service_role' instead.
2026-04-02 17:58:05.273 10 INFO neutron.db.ovn_revision_numbers_db [None req-48736fbf-9169-4f00-9d25-9b609b68b394 9149851bfe8445889924f7d4793a1bcd 7bede19088034a1a84a8645ab9d11eb4 - - default default] Successfully bumped revision number for resource 5cf56276-63a6-48a1-b785-d6d18436093d (type: security_groups) to 1
2026-04-02 17:58:05.288 10 INFO neutron.db.ovn_revision_numbers_db [None req-48736fbf-9169-4f00-9d25-9b609b68b394 9149851bfe8445889924f7d4793a1bcd 7bede19088034a1a84a8645ab9d11eb4 - - default default] Successfully bumped revision number for resource 06573b0f-ad63-4b0b-a8fd-e4af98234b5c (type: security_group_rules) to 0
2026-04-02 17:58:05.301 10 INFO neutron.db.ovn_revision_numbers_db [None req-48736fbf-9169-4f00-9d25-9b609b68b394 9149851bfe8445889924f7d4793a1bcd 7bede19088034a1a84a8645ab9d11eb4 - - default default] Successfully bumped revision number for resource bfc86a97-fb5d-4c3e-84ac-22d679222f6d (type: security_group_rules) to 0
2026-04-02 17:58:05.320 10 INFO neutron.wsgi [None req-48736fbf-9169-4f00-9d25-9b609b68b394 9149851bfe8445889924f7d4793a1bcd 7bede19088034a1a84a8645ab9d11eb4 - - default default] 10.0.0.116 "POST /v2.0/security-groups HTTP/1.1" status: 201 len: 1811 time: 0.1598229
2026-04-02 17:58:05.331 10 WARNING neutron_lib.context [None req-2e9e8029-91c5-46ad-836d-aed89b86c4fc 9149851bfe8445889924f7d4793a1bcd 7bede19088034a1a84a8645ab9d11eb4 - - default default] Method 'is_advsvc' is deprecated since 2023.2 release (neutron-lib 3.8.0) and will be removed once support for the old RBAC API policies will be removed from Neutron. Please use method 'is_service_role' instead.
2026-04-02 17:58:05.394 9 INFO neutron.db.ovn_revision_numbers_db [None req-5fe0252c-0acb-487e-8a14-c6452f958cd0 380e9d8e2d084e2eb171260008b3cc87 c2f43a9dacf74f5a94d54a9eeae07871 - - default default] Successfully bumped revision number for resource a3d71a56-3614-4b39-9c0f-279dfb19a066 (type: security_groups) to 1
2026-04-02 17:58:05.413 9 INFO neutron.db.ovn_revision_numbers_db [None req-5fe0252c-0acb-487e-8a14-c6452f958cd0 380e9d8e2d084e2eb171260008b3cc87 c2f43a9dacf74f5a94d54a9eeae07871 - - default default] Successfully bumped revision number for resource 87492654-fcf7-4bcc-a336-7f941c9cfc9d (type: security_group_rules) to 0
2026-04-02 17:58:05.449 9 INFO neutron.db.ovn_revision_numbers_db [None req-5fe0252c-0acb-487e-8a14-c6452f958cd0 380e9d8e2d084e2eb171260008b3cc87 c2f43a9dacf74f5a94d54a9eeae07871 - - default default] Successfully bumped revision number for resource b9293b9f-837a-4c27-a6a1-d3c98c810296 (type: security_group_rules) to 0
2026-04-02 17:58:05.459 10 INFO neutron.db.ovn_revision_numbers_db [None req-2e9e8029-91c5-46ad-836d-aed89b86c4fc 9149851bfe8445889924f7d4793a1bcd 7bede19088034a1a84a8645ab9d11eb4 - - default default] Successfully bumped revision number for resource 1e42f29a-b299-48ef-8db9-1098feb5458d (type: security_group_rules) to 0
2026-04-02 17:58:05.475 9 INFO neutron.wsgi [None req-5fe0252c-0acb-487e-8a14-c6452f958cd0 380e9d8e2d084e2eb171260008b3cc87 c2f43a9dacf74f5a94d54a9eeae07871 - - default default] 10.0.0.116 "POST /v2.0/security-groups HTTP/1.1" status: 201 len: 1737 time: 1.0809295
2026-04-02 17:58:05.484 10 INFO neutron.wsgi [None req-2e9e8029-91c5-46ad-836d-aed89b86c4fc 9149851bfe8445889924f7d4793a1bcd 7bede19088034a1a84a8645ab9d11eb4 - - default default] 10.0.0.116 "POST /v2.0/security-group-rules HTTP/1.1" status: 201 len: 764 time: 0.1592417
2026-04-02 17:58:05.495 9 WARNING neutron_lib.context [None req-9e263471-1cfc-4bfa-8f32-16fd6297108d 9149851bfe8445889924f7d4793a1bcd 7bede19088034a1a84a8645ab9d11eb4 - - default default] Method 'is_advsvc' is deprecated since 2023.2 release (neutron-lib 3.8.0) and will be removed once support for the old RBAC API policies will be removed from Neutron. Please use method 'is_service_role' instead.
2026-04-02 17:58:05.522 10 INFO neutron.wsgi [None req-7c2ec93c-4474-4438-bdc9-4b8140b23729 380e9d8e2d084e2eb171260008b3cc87 c2f43a9dacf74f5a94d54a9eeae07871 - - default default] 10.0.0.116 "PUT /v2.0/security-groups/a3d71a56-3614-4b39-9c0f-279dfb19a066/tags HTTP/1.1" status: 200 len: 218 time: 0.0366721
2026-04-02 17:58:05.536 9 INFO neutron.wsgi [None req-7da86cdd-4b5b-4b1f-b728-700cdf382ccb 6e572a2ffe884536a3857dbc19fff1ad d15d84c3f8b144fca4d23055a52e6571 - - default default] 10.0.0.116 "DELETE /v2.0/security-groups/e20b5cbf-f5d8-4c21-a0c6-0f25586b91f9 HTTP/1.1" status: 204 len: 168 time: 0.6644056
2026-04-02 17:58:05.561 10 INFO neutron.wsgi [None req-68270a77-47fe-45d3-96db-932ba93dd932 380e9d8e2d084e2eb171260008b3cc87 c2f43a9dacf74f5a94d54a9eeae07871 - - default default] 10.0.0.116 "GET /v2.0/security-groups/a3d71a56-3614-4b39-9c0f-279dfb19a066/tags HTTP/1.1" status: 200 len: 218 time: 0.0313354
2026-04-02 17:58:05.604 10 INFO neutron.wsgi [None req-3247b4f4-c3b1-4c04-9cfc-1467c93bfc28 380e9d8e2d084e2eb171260008b3cc87 c2f43a9dacf74f5a94d54a9eeae07871 - - default default] 10.0.0.116 "PUT /v2.0/security-groups/a3d71a56-3614-4b39-9c0f-279dfb19a066/tags/green HTTP/1.1" status: 201 len: 201 time: 0.0380487
2026-04-02 17:58:05.636 10 INFO neutron.wsgi [None req-f7f22b7e-46f0-49e7-a0b4-5dffc5f31445 380e9d8e2d084e2eb171260008b3cc87 c2f43a9dacf74f5a94d54a9eeae07871 - - default default] 10.0.0.116 "GET /v2.0/security-groups/a3d71a56-3614-4b39-9c0f-279dfb19a066/tags HTTP/1.1" status: 200 len: 227 time: 0.0270374
2026-04-02 17:58:05.687 10 INFO neutron.wsgi [None req-d15526b9-834c-46c9-8d47-0e86364a916e 380e9d8e2d084e2eb171260008b3cc87 c2f43a9dacf74f5a94d54a9eeae07871 - - default default] 10.0.0.116 "PUT /v2.0/security-groups/a3d71a56-3614-4b39-9c0f-279dfb19a066/tags/red HTTP/1.1" status: 201 len: 201 time: 0.0439847
2026-04-02 17:58:05.705 9 INFO neutron.db.ovn_revision_numbers_db [None req-9e263471-1cfc-4bfa-8f32-16fd6297108d 9149851bfe8445889924f7d4793a1bcd 7bede19088034a1a84a8645ab9d11eb4 - - default default] Successfully bumped revision number for resource 98f91503-7018-418c-97e6-8082c458bb7b (type: security_group_rules) to 0
2026-04-02 17:58:05.729 10 INFO neutron.wsgi [None req-0d0fba88-5975-4c50-a9f5-d9d9f0d5e082 380e9d8e2d084e2eb171260008b3cc87 c2f43a9dacf74f5a94d54a9eeae07871 - - default default] 10.0.0.116 "GET /v2.0/security-groups/a3d71a56-3614-4b39-9c0f-279dfb19a066/tags HTTP/1.1" status: 200 len: 227 time: 0.0341995
2026-04-02 17:58:05.742 9 INFO neutron.wsgi [None req-9e263471-1cfc-4bfa-8f32-16fd6297108d 9149851bfe8445889924f7d4793a1bcd 7bede19088034a1a84a8645ab9d11eb4 - - default default] 10.0.0.116 "POST /v2.0/security-group-rules HTTP/1.1" status: 201 len: 763 time: 0.2526193
2026-04-02 17:58:05.758 9 WARNING neutron_lib.context [None req-dbaf39d7-ea0b-4106-84ef-271ffb830bc5 9149851bfe8445889924f7d4793a1bcd 7bede19088034a1a84a8645ab9d11eb4 - - default default] Method 'is_advsvc' is deprecated since 2023.2 release (neutron-lib 3.8.0) and will be removed once support for the old RBAC API policies will be removed from Neutron. Please use method 'is_service_role' instead.
2026-04-02 17:58:05.770 10 INFO neutron.wsgi [None req-272ef8a6-2bfc-47b8-9ad6-2e3e332e012e 380e9d8e2d084e2eb171260008b3cc87 c2f43a9dacf74f5a94d54a9eeae07871 - - default default] 10.0.0.116 "PUT /v2.0/security-groups/a3d71a56-3614-4b39-9c0f-279dfb19a066/tags/black.or.white HTTP/1.1" status: 201 len: 201 time: 0.0352919
2026-04-02 17:58:05.795 10 INFO neutron.wsgi [None req-e7784c5c-52d7-4753-a0f6-79569551d1b9 380e9d8e2d084e2eb171260008b3cc87 c2f43a9dacf74f5a94d54a9eeae07871 - - default default] 10.0.0.116 "GET /v2.0/security-groups/a3d71a56-3614-4b39-9c0f-279dfb19a066/tags HTTP/1.1" status: 200 len: 245 time: 0.0197673
2026-04-02 17:58:05.833 10 INFO neutron.wsgi [None req-f731b3b8-e181-4ac1-9761-22401fb2d8b5 380e9d8e2d084e2eb171260008b3cc87 c2f43a9dacf74f5a94d54a9eeae07871 - - default default] 10.0.0.116 "PUT /v2.0/security-groups/a3d71a56-3614-4b39-9c0f-279dfb19a066/tags HTTP/1.1" status: 200 len: 230 time: 0.0331173
2026-04-02 17:58:05.860 10 INFO neutron.wsgi [None req-67c83fad-0765-411f-9420-74ec89322b80 380e9d8e2d084e2eb171260008b3cc87 c2f43a9dacf74f5a94d54a9eeae07871 - - default default] 10.0.0.116 "GET /v2.0/security-groups/a3d71a56-3614-4b39-9c0f-279dfb19a066/tags HTTP/1.1" status: 200 len: 230 time: 0.0214262
2026-04-02 17:58:05.891 10 INFO neutron.wsgi [None req-4fabdac2-b6ea-4052-bf04-d1a4dff504c4 380e9d8e2d084e2eb171260008b3cc87 c2f43a9dacf74f5a94d54a9eeae07871 - - default default] 10.0.0.116 "GET /v2.0/security-groups/a3d71a56-3614-4b39-9c0f-279dfb19a066/tags/red HTTP/1.1" status: 204 len: 168 time: 0.0253770
2026-04-02 17:58:05.910 9 INFO neutron.db.ovn_revision_numbers_db [None req-dbaf39d7-ea0b-4106-84ef-271ffb830bc5 9149851bfe8445889924f7d4793a1bcd 7bede19088034a1a84a8645ab9d11eb4 - - default default] Successfully bumped revision number for resource 43013f91-70ae-45b4-b5a4-637a827b8a6a (type: security_group_rules) to 0
2026-04-02 17:58:05.920 9 INFO neutron.db.ovn_revision_numbers_db [None req-b0c29522-6145-44d3-ba41-8ebbf6ea8d7b 61d54866c7f2488282d6773eba3127dc 86bba1648d9144d4a4d251a7a1ff174c - - default default] Successfully bumped revision number for resource c1891d3e-59ff-4734-9139-ac7183fdd019 (type: ports) to 2
2026-04-02 17:58:05.921 10 INFO neutron.api.v2.resource [None req-c8d2ed3c-527e-44a9-bc02-e6b045185ea2 380e9d8e2d084e2eb171260008b3cc87 c2f43a9dacf74f5a94d54a9eeae07871 - - default default] show failed (client error): The resource could not be found.
2026-04-02 17:58:05.923 10 INFO neutron.wsgi [None req-c8d2ed3c-527e-44a9-bc02-e6b045185ea2 380e9d8e2d084e2eb171260008b3cc87 c2f43a9dacf74f5a94d54a9eeae07871 - - default default] 10.0.0.116 "GET /v2.0/security-groups/a3d71a56-3614-4b39-9c0f-279dfb19a066/tags/green HTTP/1.1" status: 404 len: 299 time: 0.0259516
2026-04-02 17:58:05.945 9 INFO neutron.wsgi [None req-dbaf39d7-ea0b-4106-84ef-271ffb830bc5 9149851bfe8445889924f7d4793a1bcd 7bede19088034a1a84a8645ab9d11eb4 - - default default] 10.0.0.116 "POST /v2.0/security-group-rules HTTP/1.1" status: 201 len: 769 time: 0.1932485
2026-04-02 17:58:05.955 9 WARNING neutron_lib.context [None req-91d91a69-ea3d-41d9-891a-ed68a77cce65 9149851bfe8445889924f7d4793a1bcd 7bede19088034a1a84a8645ab9d11eb4 - - default default] Method 'is_advsvc' is deprecated since 2023.2 release (neutron-lib 3.8.0) and will be removed once support for the old RBAC API policies will be removed from Neutron. Please use method 'is_service_role' instead.
2026-04-02 17:58:05.962 9 INFO neutron.db.ovn_revision_numbers_db [None req-b0c29522-6145-44d3-ba41-8ebbf6ea8d7b 61d54866c7f2488282d6773eba3127dc 86bba1648d9144d4a4d251a7a1ff174c - - default default] Successfully bumped revision number for resource a723aa18-b43c-4f37-8741-26347a02dd46 (type: subnets) to 0
2026-04-02 17:58:05.974 10 INFO neutron.wsgi [None req-f02d2d8f-b3e1-41c5-86b9-d65ca6ec5d74 380e9d8e2d084e2eb171260008b3cc87 c2f43a9dacf74f5a94d54a9eeae07871 - - default default] 10.0.0.116 "DELETE /v2.0/security-groups/a3d71a56-3614-4b39-9c0f-279dfb19a066/tags/red HTTP/1.1" status: 204 len: 168 time: 0.0438747
2026-04-02 17:58:05.984 9 INFO neutron.wsgi [None req-b0c29522-6145-44d3-ba41-8ebbf6ea8d7b 61d54866c7f2488282d6773eba3127dc 86bba1648d9144d4a4d251a7a1ff174c - - default default] 10.0.0.116 "POST /v2.0/subnets HTTP/1.1" status: 201 len: 801 time: 1.3869412
2026-04-02 17:58:05.995 10 WARNING neutron_lib.context [None req-53123cd3-c148-4926-a55f-97353564d4f8 61d54866c7f2488282d6773eba3127dc 86bba1648d9144d4a4d251a7a1ff174c - - default default] Method 'is_advsvc' is deprecated since 2023.2 release (neutron-lib 3.8.0) and will be removed once support for the old RBAC API policies will be removed from Neutron. Please use method 'is_service_role' instead.
2026-04-02 17:58:06.012 10 INFO neutron.wsgi [None req-9c0e0d3f-a5b9-44b2-a52b-691488d96582 380e9d8e2d084e2eb171260008b3cc87 c2f43a9dacf74f5a94d54a9eeae07871 - - default default] 10.0.0.116 "GET /v2.0/security-groups/a3d71a56-3614-4b39-9c0f-279dfb19a066/tags HTTP/1.1" status: 200 len: 223 time: 0.0322375
2026-04-02 17:58:06.057 9 INFO neutron.api.v2.resource [None req-26c147ec-2527-4327-93bf-dab4ab618748 380e9d8e2d084e2eb171260008b3cc87 c2f43a9dacf74f5a94d54a9eeae07871 - - default default] delete failed (client error): The resource could not be found.
2026-04-02 17:58:06.059 9 INFO neutron.wsgi [None req-26c147ec-2527-4327-93bf-dab4ab618748 380e9d8e2d084e2eb171260008b3cc87 c2f43a9dacf74f5a94d54a9eeae07871 - - default default] 10.0.0.116 "DELETE /v2.0/security-groups/a3d71a56-3614-4b39-9c0f-279dfb19a066/tags/green HTTP/1.1" status: 404 len: 299 time: 0.0422335
2026-04-02 17:58:06.094 9 INFO neutron.db.ovn_revision_numbers_db [None req-91d91a69-ea3d-41d9-891a-ed68a77cce65 9149851bfe8445889924f7d4793a1bcd 7bede19088034a1a84a8645ab9d11eb4 - - default default] Successfully bumped revision number for resource 5dabbecd-2121-4b92-aee4-248b62f3be5d (type: security_group_rules) to 0
2026-04-02 17:58:06.101 9 INFO neutron.wsgi [None req-b6ee2959-7724-43cd-93f5-b6cb59c25955 380e9d8e2d084e2eb171260008b3cc87 c2f43a9dacf74f5a94d54a9eeae07871 - - default default] 10.0.0.116 "DELETE /v2.0/security-groups/a3d71a56-3614-4b39-9c0f-279dfb19a066/tags HTTP/1.1" status: 204 len: 168 time: 0.0373614
2026-04-02 17:58:06.121 9 INFO neutron.wsgi [None req-91d91a69-ea3d-41d9-891a-ed68a77cce65 9149851bfe8445889924f7d4793a1bcd 7bede19088034a1a84a8645ab9d11eb4 - - default default] 10.0.0.116 "POST /v2.0/security-group-rules HTTP/1.1" status: 201 len: 768 time: 0.1699901
2026-04-02 17:58:06.133 9 WARNING neutron_lib.context [None req-a723e94f-fc35-44ee-ba66-5a85a20caba4 9149851bfe8445889924f7d4793a1bcd 7bede19088034a1a84a8645ab9d11eb4 - - default default] Method 'is_advsvc' is deprecated since 2023.2 release (neutron-lib 3.8.0) and will be removed once support for the old RBAC API policies will be removed from Neutron. Please use method 'is_service_role' instead.
2026-04-02 17:58:06.144 9 INFO neutron.wsgi [None req-cb9b91ba-7d82-459e-9908-7aacfd19b45a 380e9d8e2d084e2eb171260008b3cc87 c2f43a9dacf74f5a94d54a9eeae07871 - - default default] 10.0.0.116 "GET /v2.0/security-groups/a3d71a56-3614-4b39-9c0f-279dfb19a066/tags HTTP/1.1" status: 200 len: 205 time: 0.0367827
2026-04-02 17:58:06.159 9 INFO neutron.db.securitygroups_db [None req-a723e94f-fc35-44ee-ba66-5a85a20caba4 9149851bfe8445889924f7d4793a1bcd 7bede19088034a1a84a8645ab9d11eb4 - - default default] Project 7bede19088034a1a84a8645ab9d11eb4 added a security group rule with legacy IPv6 ICMP protocol name icmp, ipv6-icmp should be used instead. It was automatically converted.
2026-04-02 17:58:06.280 9 INFO neutron.wsgi [None req-06f45a2d-93ec-4f1f-b8b2-bc490ec9f3bd 380e9d8e2d084e2eb171260008b3cc87 c2f43a9dacf74f5a94d54a9eeae07871 - - default default] 10.0.0.116 "DELETE /v2.0/security-groups/a3d71a56-3614-4b39-9c0f-279dfb19a066 HTTP/1.1" status: 204 len: 168 time: 0.1285932
2026-04-02 17:58:06.282 9 INFO neutron.db.ovn_revision_numbers_db [None req-a723e94f-fc35-44ee-ba66-5a85a20caba4 9149851bfe8445889924f7d4793a1bcd 7bede19088034a1a84a8645ab9d11eb4 - - default default] Successfully bumped revision number for resource e000bd3f-831b-4126-a309-53be4237c850 (type: security_group_rules) to 0
2026-04-02 17:58:06.303 9 INFO neutron.wsgi [None req-a723e94f-fc35-44ee-ba66-5a85a20caba4 9149851bfe8445889924f7d4793a1bcd 7bede19088034a1a84a8645ab9d11eb4 - - default default] 10.0.0.116 "POST /v2.0/security-group-rules HTTP/1.1" status: 201 len: 774 time: 0.1749246
2026-04-02 17:58:06.317 9 WARNING neutron_lib.context [None req-893cefb4-792e-4467-b123-5bd91058f4eb 9149851bfe8445889924f7d4793a1bcd 7bede19088034a1a84a8645ab9d11eb4 - - default default] Method 'is_advsvc' is deprecated since 2023.2 release (neutron-lib 3.8.0) and will be removed once support for the old RBAC API policies will be removed from Neutron. Please use method 'is_service_role' instead.
2026-04-02 17:58:06.333 9 INFO neutron.db.securitygroups_db [None req-893cefb4-792e-4467-b123-5bd91058f4eb 9149851bfe8445889924f7d4793a1bcd 7bede19088034a1a84a8645ab9d11eb4 - - default default] Project 7bede19088034a1a84a8645ab9d11eb4 added a security group rule with legacy IPv6 ICMP protocol name icmp, ipv6-icmp should be used instead. It was automatically converted.
2026-04-02 17:58:06.346 10 WARNING neutron.scheduler.dhcp_agent_scheduler [None req-53123cd3-c148-4926-a55f-97353564d4f8 61d54866c7f2488282d6773eba3127dc 86bba1648d9144d4a4d251a7a1ff174c - - default default] No more DHCP agents
2026-04-02 17:58:06.349 10 WARNING neutron.api.rpc.agentnotifiers.dhcp_rpc_agent_api [None req-53123cd3-c148-4926-a55f-97353564d4f8 61d54866c7f2488282d6773eba3127dc 86bba1648d9144d4a4d251a7a1ff174c - - default default] Unable to schedule network 753db3ea-3387-4166-8241-e472a22eeb0d: no agents available; will retry on subsequent port and subnet creation events.
2026-04-02 17:58:06.433 9 INFO neutron.db.ovn_revision_numbers_db [None req-893cefb4-792e-4467-b123-5bd91058f4eb 9149851bfe8445889924f7d4793a1bcd 7bede19088034a1a84a8645ab9d11eb4 - - default default] Successfully bumped revision number for resource afb40f94-9be6-4ff1-9e86-89ab2efde002 (type: security_group_rules) to 0
2026-04-02 17:58:06.457 9 INFO neutron.wsgi [None req-893cefb4-792e-4467-b123-5bd91058f4eb 9149851bfe8445889924f7d4793a1bcd 7bede19088034a1a84a8645ab9d11eb4 - - default default] 10.0.0.116 "POST /v2.0/security-group-rules HTTP/1.1" status: 201 len: 773 time: 0.1458769
2026-04-02 17:58:06.519 10 INFO neutron.db.ovn_revision_numbers_db [None req-53123cd3-c148-4926-a55f-97353564d4f8 61d54866c7f2488282d6773eba3127dc 86bba1648d9144d4a4d251a7a1ff174c - - default default] Successfully bumped revision number for resource 6d350238-1c90-4855-bce7-bf43e97b3772 (type: ports) to 1
2026-04-02 17:58:06.542 10 INFO neutron.wsgi [None req-53123cd3-c148-4926-a55f-97353564d4f8 61d54866c7f2488282d6773eba3127dc 86bba1648d9144d4a4d251a7a1ff174c - - default default] 10.0.0.116 "POST /v2.0/ports HTTP/1.1" status: 201 len: 1147 time: 0.5504789 /var/lib/openstack/lib/python3.10/site-packages/pycadf/identifier.py:71: UserWarning: Invalid uuid: neutron. To ensure interoperability, identifiers should be a valid uuid. warnings.warn(('Invalid uuid: %s. To ensure interoperability, '
2026-04-02 17:58:06.877 10 INFO neutron.wsgi [None req-2d07f8d8-fc2e-4626-9e73-5de23259c751 61d54866c7f2488282d6773eba3127dc 86bba1648d9144d4a4d251a7a1ff174c - - default default] 10.0.0.116 "DELETE /v2.0/ports/6d350238-1c90-4855-bce7-bf43e97b3772 HTTP/1.1" status: 204 len: 168 time: 0.3286259
2026-04-02 17:58:06.899 10 INFO neutron.pecan_wsgi.hooks.translation [None req-af9b81b3-fa81-481e-ad49-d12d166fed60 61d54866c7f2488282d6773eba3127dc 86bba1648d9144d4a4d251a7a1ff174c - - default default] DELETE failed (client error): The resource could not be found.
2026-04-02 17:58:06.901 10 INFO neutron.wsgi [None req-af9b81b3-fa81-481e-ad49-d12d166fed60 61d54866c7f2488282d6773eba3127dc 86bba1648d9144d4a4d251a7a1ff174c - - default default] 10.0.0.116 "DELETE /v2.0/ports/6d350238-1c90-4855-bce7-bf43e97b3772 HTTP/1.1" status: 404 len: 333 time: 0.0174267
2026-04-02 17:58:06.919 10 INFO neutron.pecan_wsgi.hooks.translation [None req-2a7f69b1-e48c-4fe9-86ba-ca3d360bf93d 61d54866c7f2488282d6773eba3127dc 86bba1648d9144d4a4d251a7a1ff174c - - default default] GET failed (client error): The resource could not be found.
2026-04-02 17:58:06.921 10 INFO neutron.wsgi [None req-2a7f69b1-e48c-4fe9-86ba-ca3d360bf93d 61d54866c7f2488282d6773eba3127dc 86bba1648d9144d4a4d251a7a1ff174c - - default default] 10.0.0.116 "GET /v2.0/ports/6d350238-1c90-4855-bce7-bf43e97b3772 HTTP/1.1" status: 404 len: 333 time: 0.0159750
2026-04-02 17:58:06.985 9 INFO neutron.wsgi [None req-f73d99fe-eb4f-47de-a1e6-a2807821c484 9149851bfe8445889924f7d4793a1bcd 7bede19088034a1a84a8645ab9d11eb4 - - default default] 10.0.0.116 "GET /v2.0/networks HTTP/1.1" status: 200 len: 1492 time: 0.1617498
2026-04-02 17:58:07.099 9 INFO neutron.wsgi [req-b5c085b8-61be-4532-bf32-f05b4fb14bb6 req-2f84a846-b012-4f69-8ed5-d68ba4e85e5a 9149851bfe8445889924f7d4793a1bcd 7bede19088034a1a84a8645ab9d11eb4 - - default default] 10.0.0.225 "GET /v2.0/security-groups?name=tempest-secgroup-smoke-2032055480&fields=id&tenant_id=7bede19088034a1a84a8645ab9d11eb4 HTTP/1.1" status: 200 len: 267 time: 0.0419476
2026-04-02 17:58:07.132 10 INFO neutron.wsgi [None req-206b2bc6-0606-466c-8c6c-578739eacf0c 61d54866c7f2488282d6773eba3127dc 86bba1648d9144d4a4d251a7a1ff174c - - default default] 10.0.0.116 "DELETE /v2.0/subnets/a723aa18-b43c-4f37-8741-26347a02dd46 HTTP/1.1" status: 204 len: 168 time: 0.2058687
2026-04-02 17:58:07.174 10 INFO neutron.wsgi [None req-787f73be-55dc-47d4-8654-e8c37c4fd9c8 6e572a2ffe884536a3857dbc19fff1ad d15d84c3f8b144fca4d23055a52e6571 - - default default] 10.0.0.116 "GET /v2.0/security-groups?tenant_id=c2f43a9dacf74f5a94d54a9eeae07871&name=default HTTP/1.1" status: 200 len: 2996 time: 0.2761042
2026-04-02 17:58:07.221 9 INFO neutron.wsgi [req-b5c085b8-61be-4532-bf32-f05b4fb14bb6 req-8eff6ed2-cd52-461c-a1fb-128c7dab4494 9149851bfe8445889924f7d4793a1bcd 7bede19088034a1a84a8645ab9d11eb4 - - default default] 10.0.0.225 "GET /v2.0/networks?id=16c08355-6bbb-4751-9a95-0008416b3067 HTTP/1.1" status: 200 len: 859 time: 0.1130879
2026-04-02 17:58:07.244 9 INFO neutron.wsgi [req-b5c085b8-61be-4532-bf32-f05b4fb14bb6 req-b4057136-7d8f-4748-98cd-350290098c4b 9149851bfe8445889924f7d4793a1bcd 7bede19088034a1a84a8645ab9d11eb4 - - default default] 10.0.0.225 "GET /v2.0/quotas/7bede19088034a1a84a8645ab9d11eb4 HTTP/1.1" status: 200 len: 386 time: 0.0148432
2026-04-02 17:58:07.379 9 INFO neutron.wsgi [req-b5c085b8-61be-4532-bf32-f05b4fb14bb6 req-89212d35-d680-4c65-8ef2-005baaf16621 9149851bfe8445889924f7d4793a1bcd 7bede19088034a1a84a8645ab9d11eb4 - - default default] 10.0.0.225 "GET /v2.0/ports?tenant_id=7bede19088034a1a84a8645ab9d11eb4&fields=id HTTP/1.1" status: 200 len: 302 time: 0.1271961
2026-04-02 17:58:07.381 10 INFO neutron.wsgi [None req-2fd1c79d-3626-4f60-a04c-a72313172424 6e572a2ffe884536a3857dbc19fff1ad d15d84c3f8b144fca4d23055a52e6571 - - default default] 10.0.0.116 "DELETE /v2.0/security-groups/1e982303-578d-4e52-9dfe-7b4556ca1e7b HTTP/1.1" status: 204 len: 168 time: 0.2029054
2026-04-02 17:58:07.483 9 INFO neutron.wsgi [req-b5c085b8-61be-4532-bf32-f05b4fb14bb6 req-ae20280e-1aa5-4798-b1b4-34bd7b5fe511 79db3ab00c1a4de2959a6231a9d52505 9f32f16e2d634a4e843a780e963d4603 - - 68f884a083bc4df4af06077f756a8e3a 68f884a083bc4df4af06077f756a8e3a] 10.0.0.225 "GET /v2.0/networks/16c08355-6bbb-4751-9a95-0008416b3067?fields=segments HTTP/1.1" status: 200 len: 212 time: 0.0894773
2026-04-02 17:58:07.583 10 INFO neutron.db.ovn_revision_numbers_db [None req-391d7175-375a-439a-ae87-444b6a086136 6e572a2ffe884536a3857dbc19fff1ad d15d84c3f8b144fca4d23055a52e6571 - - default default] Successfully bumped revision number for resource c2b3a421-1d05-4851-917f-816c080fcc73 (type: security_groups) to 1
2026-04-02 17:58:07.584 9 INFO neutron.wsgi [req-b5c085b8-61be-4532-bf32-f05b4fb14bb6 req-4fd42f19-6963-4dac-b651-512c9d04a723 79db3ab00c1a4de2959a6231a9d52505 9f32f16e2d634a4e843a780e963d4603 - - 68f884a083bc4df4af06077f756a8e3a 68f884a083bc4df4af06077f756a8e3a] 10.0.0.225 "GET /v2.0/networks/16c08355-6bbb-4751-9a95-0008416b3067?fields=provider%3Aphysical_network&fields=provider%3Anetwork_type HTTP/1.1" status: 200 len: 277 time: 0.0863731
2026-04-02 17:58:07.596 10 INFO neutron.db.ovn_revision_numbers_db [None req-391d7175-375a-439a-ae87-444b6a086136 6e572a2ffe884536a3857dbc19fff1ad d15d84c3f8b144fca4d23055a52e6571 - - default default] Successfully bumped revision number for resource 0379be19-5e02-45f1-94fa-c9d8c98d8b65 (type: security_group_rules) to 0
2026-04-02 17:58:07.615 9 INFO neutron.services.segments.plugin [-] Segment 696836ab-5b24-4e2e-9443-752742f15df8 resource provider aggregate not found
2026-04-02 17:58:07.621 9 INFO neutron.services.segments.plugin [-] Segment 696836ab-5b24-4e2e-9443-752742f15df8 resource provider aggregate not found
2026-04-02 17:58:07.623 10 INFO neutron.db.ovn_revision_numbers_db [None req-391d7175-375a-439a-ae87-444b6a086136 6e572a2ffe884536a3857dbc19fff1ad d15d84c3f8b144fca4d23055a52e6571 - - default default] Successfully bumped revision number for resource 1622b884-ff42-4b16-96e9-13c0c85a5b69 (type: security_group_rules) to 0
2026-04-02 17:58:07.636 9 INFO neutron.services.segments.plugin [-] Segment 696836ab-5b24-4e2e-9443-752742f15df8 resource provider not found; error: Placement Client Error (4xx): {"errors": [{"status": 404, "title": "Not Found", "detail": "The resource could not be found.\n\n No resource provider with uuid 696836ab-5b24-4e2e-9443-752742f15df8 found for delete ", "request_id": "req-eec79ddc-25b9-4857-9573-f2c329586bd8"}]}
2026-04-02 17:58:07.637 9 INFO neutron.services.segments.plugin [-] Segment 696836ab-5b24-4e2e-9443-752742f15df8 resource provider not found; error: Placement Client Error (4xx): {"errors": [{"status": 404, "title": "Not Found", "detail": "The resource could not be found.\n\n No resource provider with uuid 696836ab-5b24-4e2e-9443-752742f15df8 found for delete ", "request_id": "req-9c3f5579-736d-4090-9489-d6553b9f9d90"}]}
2026-04-02 17:58:07.646 10 INFO neutron.db.ovn_revision_numbers_db [None req-391d7175-375a-439a-ae87-444b6a086136 6e572a2ffe884536a3857dbc19fff1ad d15d84c3f8b144fca4d23055a52e6571 - - default default] Successfully bumped revision number for resource c4ea36ee-bdf4-4a49-82df-51751439eb1e (type: security_group_rules) to 0
2026-04-02 17:58:07.659 9 INFO neutron.wsgi [None req-b5e55845-fe75-4e51-a1c6-0e04fc57159f 61d54866c7f2488282d6773eba3127dc 86bba1648d9144d4a4d251a7a1ff174c - - default default] 10.0.0.116 "DELETE /v2.0/networks/753db3ea-3387-4166-8241-e472a22eeb0d HTTP/1.1" status: 204 len: 168 time: 0.5213115
2026-04-02 17:58:07.660 10 INFO neutron.db.ovn_revision_numbers_db [None req-391d7175-375a-439a-ae87-444b6a086136 6e572a2ffe884536a3857dbc19fff1ad d15d84c3f8b144fca4d23055a52e6571 - - default default] Successfully bumped revision number for resource e9205096-517e-47f1-8b1b-a814fe108a12 (type: security_group_rules) to 0
2026-04-02 17:58:07.669 9 WARNING neutron_lib.context [None req-8c9fc246-1d49-4617-ad41-e26f60a08b9a 61d54866c7f2488282d6773eba3127dc 86bba1648d9144d4a4d251a7a1ff174c - - default default] Method 'is_advsvc' is deprecated since 2023.2 release (neutron-lib 3.8.0) and will be removed once support for the old RBAC API policies will be removed from Neutron. Please use method 'is_service_role' instead.
2026-04-02 17:58:07.683 10 INFO neutron.wsgi [None req-391d7175-375a-439a-ae87-444b6a086136 6e572a2ffe884536a3857dbc19fff1ad d15d84c3f8b144fca4d23055a52e6571 - - default default] 10.0.0.116 "GET /v2.0/security-groups?tenant_id=e6c0c2d62ed6466192a6f1dc3ed7ca14&name=default HTTP/1.1" status: 200 len: 2996 time: 0.2119524
2026-04-02 17:58:07.717 9 INFO neutron.wsgi [req-c2f973a8-a078-47c9-a20b-cf952ae7171b req-81596867-209a-4535-8a59-4bbb0156c7d8 9149851bfe8445889924f7d4793a1bcd 7bede19088034a1a84a8645ab9d11eb4 - - default default] 10.0.0.225 "GET /v2.0/ports?device_id=ed34e38c-ddce-4243-b511-1e9372981f26 HTTP/1.1" status: 200 len: 210 time: 0.0224707
2026-04-02 17:58:07.752 9 INFO neutron.db.segments_db [None req-8c9fc246-1d49-4617-ad41-e26f60a08b9a 61d54866c7f2488282d6773eba3127dc 86bba1648d9144d4a4d251a7a1ff174c - - default default] Added segment 2f52e1a6-b178-4f0d-a7c7-7bf843b2868d of type geneve for network c566ab01-2414-4e7a-81a1-837504712fd5
2026-04-02 17:58:07.880 9 INFO neutron.db.ovn_revision_numbers_db [None req-8c9fc246-1d49-4617-ad41-e26f60a08b9a 61d54866c7f2488282d6773eba3127dc 86bba1648d9144d4a4d251a7a1ff174c - - default default] Successfully bumped revision number for resource c566ab01-2414-4e7a-81a1-837504712fd5 (type: networks) to 1
2026-04-02 17:58:07.885 10 INFO neutron.wsgi [None req-e52fbe7f-fa3c-4724-a129-26fdfdaac8a9 6e572a2ffe884536a3857dbc19fff1ad d15d84c3f8b144fca4d23055a52e6571 - - default default] 10.0.0.116 "DELETE /v2.0/security-groups/c2b3a421-1d05-4851-917f-816c080fcc73 HTTP/1.1" status: 204 len: 168 time: 0.1980245
2026-04-02 17:58:08.041 9 WARNING neutron.scheduler.dhcp_agent_scheduler [None req-8c9fc246-1d49-4617-ad41-e26f60a08b9a 61d54866c7f2488282d6773eba3127dc 86bba1648d9144d4a4d251a7a1ff174c - - default default] No more DHCP agents
2026-04-02 17:58:08.043 9 WARNING neutron.api.rpc.agentnotifiers.dhcp_rpc_agent_api [None req-8c9fc246-1d49-4617-ad41-e26f60a08b9a 61d54866c7f2488282d6773eba3127dc 86bba1648d9144d4a4d251a7a1ff174c - - default default] Unable to schedule network c566ab01-2414-4e7a-81a1-837504712fd5: no agents available; will retry on subsequent port and subnet creation events.
2026-04-02 17:58:08.118 9 INFO neutron.db.ovn_revision_numbers_db [None req-8c9fc246-1d49-4617-ad41-e26f60a08b9a 61d54866c7f2488282d6773eba3127dc 86bba1648d9144d4a4d251a7a1ff174c - - default default] Successfully bumped revision number for resource bd964e2a-15b1-4093-a5b7-bb5aa2e8ffe2 (type: ports) to 1
2026-04-02 17:58:08.139 9 INFO neutron.wsgi [None req-8c9fc246-1d49-4617-ad41-e26f60a08b9a 61d54866c7f2488282d6773eba3127dc 86bba1648d9144d4a4d251a7a1ff174c - - default default] 10.0.0.116 "POST /v2.0/networks HTTP/1.1" status: 201 len: 830 time: 0.4735188
2026-04-02 17:58:08.154 9 WARNING neutron_lib.context [None req-cecc8a14-afd7-4085-9737-09a5c0ac8ea1 61d54866c7f2488282d6773eba3127dc 86bba1648d9144d4a4d251a7a1ff174c - - default default] Method 'is_advsvc' is deprecated since 2023.2 release (neutron-lib 3.8.0) and will be removed once support for the old RBAC API policies will be removed from Neutron. Please use method 'is_service_role' instead.
2026-04-02 17:58:08.412 9 WARNING neutron.scheduler.dhcp_agent_scheduler [None req-cecc8a14-afd7-4085-9737-09a5c0ac8ea1 61d54866c7f2488282d6773eba3127dc 86bba1648d9144d4a4d251a7a1ff174c - - default default] No more DHCP agents
2026-04-02 17:58:08.413 9 WARNING neutron.api.rpc.agentnotifiers.dhcp_rpc_agent_api [None req-cecc8a14-afd7-4085-9737-09a5c0ac8ea1 61d54866c7f2488282d6773eba3127dc 86bba1648d9144d4a4d251a7a1ff174c - - default default] Unable to schedule network c566ab01-2414-4e7a-81a1-837504712fd5: no agents available; will retry on subsequent port and subnet creation events.
2026-04-02 17:58:08.473 10 INFO neutron.wsgi [req-b5c085b8-61be-4532-bf32-f05b4fb14bb6 req-5d04fd97-84a4-48f2-93f0-e14c33db844e 9149851bfe8445889924f7d4793a1bcd 7bede19088034a1a84a8645ab9d11eb4 - - default default] 199.204.45.33 "GET /v2.0/networks?id=16c08355-6bbb-4751-9a95-0008416b3067 HTTP/1.1" status: 200 len: 859 time: 0.0887752
2026-04-02 17:58:08.521 10 INFO neutron.wsgi [req-b5c085b8-61be-4532-bf32-f05b4fb14bb6 req-266a5546-5e76-4f5f-ac9a-bb3332654284 9149851bfe8445889924f7d4793a1bcd 7bede19088034a1a84a8645ab9d11eb4 - - default default] 199.204.45.33 "GET /v2.0/security-groups?fields=id&fields=name&tenant_id=7bede19088034a1a84a8645ab9d11eb4 HTTP/1.1" status: 200 len: 380 time: 0.0409429
2026-04-02 17:58:08.557 10 WARNING neutron_lib.context [req-b5c085b8-61be-4532-bf32-f05b4fb14bb6 req-f3e22a69-1ff0-4665-bc0f-9ef30f6641b2 9149851bfe8445889924f7d4793a1bcd 7bede19088034a1a84a8645ab9d11eb4 - - default default] Method 'is_advsvc' is deprecated since 2023.2 release (neutron-lib 3.8.0) and will be removed once support for the old RBAC API policies will be removed from Neutron. Please use method 'is_service_role' instead.
2026-04-02 17:58:08.795 9 INFO neutron.wsgi [req-d7f06a10-090c-460c-ab76-1233ffd68c19 req-ae8032af-99e5-4bb9-978e-bc21a404edbe 9149851bfe8445889924f7d4793a1bcd 7bede19088034a1a84a8645ab9d11eb4 - - default default] 10.0.0.225 "GET /v2.0/ports?device_id=ed34e38c-ddce-4243-b511-1e9372981f26 HTTP/1.1" status: 200 len: 210 time: 0.0200074
2026-04-02 17:58:08.880 10 WARNING neutron.scheduler.dhcp_agent_scheduler [req-b5c085b8-61be-4532-bf32-f05b4fb14bb6 req-f3e22a69-1ff0-4665-bc0f-9ef30f6641b2 9149851bfe8445889924f7d4793a1bcd 7bede19088034a1a84a8645ab9d11eb4 - - default default] No more DHCP agents
2026-04-02 17:58:08.882 10 WARNING neutron.api.rpc.agentnotifiers.dhcp_rpc_agent_api [req-b5c085b8-61be-4532-bf32-f05b4fb14bb6 req-f3e22a69-1ff0-4665-bc0f-9ef30f6641b2 9149851bfe8445889924f7d4793a1bcd 7bede19088034a1a84a8645ab9d11eb4 - - default default] Unable to schedule network 16c08355-6bbb-4751-9a95-0008416b3067: no agents available; will retry on subsequent port and subnet creation events.
2026-04-02 17:58:08.945 9 INFO neutron.db.ovn_revision_numbers_db [None req-cecc8a14-afd7-4085-9737-09a5c0ac8ea1 61d54866c7f2488282d6773eba3127dc 86bba1648d9144d4a4d251a7a1ff174c - - default default] Successfully bumped revision number for resource bd964e2a-15b1-4093-a5b7-bb5aa2e8ffe2 (type: ports) to 2 /var/lib/openstack/lib/python3.10/site-packages/pycadf/identifier.py:71: UserWarning: Invalid uuid: neutron. To ensure interoperability, identifiers should be a valid uuid. warnings.warn(('Invalid uuid: %s. To ensure interoperability, '
2026-04-02 17:58:08.968 10 INFO neutron.wsgi [None req-f51608da-2363-4521-954e-1f41082f924b 671b570b1a85470caffd80ce6b301ca3 3cc1a47b30bc4a6799f129eb82662671 - - default default] 10.0.0.22 "GET /v2.0/extensions HTTP/1.1" status: 200 len: 16980 time: 0.2400718
2026-04-02 17:58:08.984 9 INFO neutron.db.ovn_revision_numbers_db [None req-cecc8a14-afd7-4085-9737-09a5c0ac8ea1 61d54866c7f2488282d6773eba3127dc 86bba1648d9144d4a4d251a7a1ff174c - - default default] Successfully bumped revision number for resource dd9f7be4-8c9a-4c39-9168-1019eb300f66 (type: subnets) to 0
2026-04-02 17:58:09.003 9 INFO neutron.wsgi [None req-cecc8a14-afd7-4085-9737-09a5c0ac8ea1 61d54866c7f2488282d6773eba3127dc 86bba1648d9144d4a4d251a7a1ff174c - - default default] 10.0.0.116 "POST /v2.0/subnets HTTP/1.1" status: 201 len: 801 time: 0.8540163
2026-04-02 17:58:09.012 9 WARNING neutron_lib.context [None req-9143fe99-9416-474f-af16-038a22c157e7 61d54866c7f2488282d6773eba3127dc 86bba1648d9144d4a4d251a7a1ff174c - - default default] Method 'is_advsvc' is deprecated since 2023.2 release (neutron-lib 3.8.0) and will be removed once support for the old RBAC API policies will be removed from Neutron. Please use method 'is_service_role' instead.
2026-04-02 17:58:09.059 10 INFO neutron.db.ovn_revision_numbers_db [req-b5c085b8-61be-4532-bf32-f05b4fb14bb6 req-f3e22a69-1ff0-4665-bc0f-9ef30f6641b2 9149851bfe8445889924f7d4793a1bcd 7bede19088034a1a84a8645ab9d11eb4 - - default default] Successfully bumped revision number for resource 7f8bc207-2abd-4407-bdeb-c35cb3811977 (type: ports) to 1
2026-04-02 17:58:09.078 10 INFO neutron.wsgi [req-b5c085b8-61be-4532-bf32-f05b4fb14bb6 req-f3e22a69-1ff0-4665-bc0f-9ef30f6641b2 9149851bfe8445889924f7d4793a1bcd 7bede19088034a1a84a8645ab9d11eb4 - - default default] 199.204.45.33 "POST /v2.0/ports HTTP/1.1" status: 201 len: 1162 time: 0.5280612
2026-04-02 17:58:09.087 10 INFO neutron.wsgi [None req-cadc594f-35fe-4e68-b887-045062ae7083 671b570b1a85470caffd80ce6b301ca3 3cc1a47b30bc4a6799f129eb82662671 - - default default] 10.0.0.22 "GET /v2.0/quotas/3cc1a47b30bc4a6799f129eb82662671/details HTTP/1.1" status: 200 len: 756 time: 0.0994334
2026-04-02 17:58:09.299 9 WARNING neutron.scheduler.dhcp_agent_scheduler [None req-9143fe99-9416-474f-af16-038a22c157e7 61d54866c7f2488282d6773eba3127dc 86bba1648d9144d4a4d251a7a1ff174c - - default default] No more DHCP agents
2026-04-02 17:58:09.301 9 WARNING neutron.api.rpc.agentnotifiers.dhcp_rpc_agent_api [None req-9143fe99-9416-474f-af16-038a22c157e7 61d54866c7f2488282d6773eba3127dc 86bba1648d9144d4a4d251a7a1ff174c - - default default] Unable to schedule network c566ab01-2414-4e7a-81a1-837504712fd5: no agents available; will retry on subsequent port and subnet creation events.
2026-04-02 17:58:09.487 9 INFO neutron.db.ovn_revision_numbers_db [None req-9143fe99-9416-474f-af16-038a22c157e7 61d54866c7f2488282d6773eba3127dc 86bba1648d9144d4a4d251a7a1ff174c - - default default] Successfully bumped revision number for resource 5d99ab28-babb-477d-a1c0-774f4f4ebfc7 (type: ports) to 1
2026-04-02 17:58:09.507 9 INFO neutron.wsgi [None req-9143fe99-9416-474f-af16-038a22c157e7 61d54866c7f2488282d6773eba3127dc 86bba1648d9144d4a4d251a7a1ff174c - - default default] 10.0.0.116 "POST /v2.0/ports HTTP/1.1" status: 201 len: 1115 time: 0.4997137
2026-04-02 17:58:09.708 9 WARNING neutron.plugins.ml2.drivers.ovn.mech_driver.ovsdb.ovn_client [None req-b6c15372-2b8f-455d-8dd4-64462efef91e - - - - - -] No hosting information found for port 1fdbcfb4-6d9c-4145-ba23-3d6ceeda94f8: RuntimeError: No hosting information found for port 1fdbcfb4-6d9c-4145-ba23-3d6ceeda94f8
2026-04-02 17:58:09.810 10 INFO neutron.db.ovn_revision_numbers_db [req-b5c085b8-61be-4532-bf32-f05b4fb14bb6 req-b6aaad8e-1b11-414f-9aba-e2ac2ea5c49c 79db3ab00c1a4de2959a6231a9d52505 9f32f16e2d634a4e843a780e963d4603 - - 68f884a083bc4df4af06077f756a8e3a 68f884a083bc4df4af06077f756a8e3a] Successfully bumped revision number for resource 7f8bc207-2abd-4407-bdeb-c35cb3811977 (type: ports) to 2
