2026-04-02 17:56:05.965 9 INFO neutron.wsgi [req-c26771d3-6c3a-4575-84e9-897a454b8b7c req-6c2da8dc-dbd9-4e1b-913a-021c0597a16f 19554f8406584018887fea319d0942fd 20e2300f37f94ce3a217bf74a4bf7c56 - - default default] 10.0.0.225 "GET /v2.0/ports?tenant_id=20e2300f37f94ce3a217bf74a4bf7c56&fields=id HTTP/1.1" status: 200 len: 302 time: 0.1190138
2026-04-02 17:56:06.045 9 INFO neutron.wsgi [req-c26771d3-6c3a-4575-84e9-897a454b8b7c req-7033ea4d-c531-4789-9f39-d15e941062ae 79db3ab00c1a4de2959a6231a9d52505 9f32f16e2d634a4e843a780e963d4603 - - 68f884a083bc4df4af06077f756a8e3a 68f884a083bc4df4af06077f756a8e3a] 10.0.0.225 "GET /v2.0/networks/eed661db-5977-4446-add1-984c983143e5?fields=segments HTTP/1.1" status: 200 len: 212 time: 0.0677183
2026-04-02 17:56:06.105 9 INFO neutron.wsgi [req-c26771d3-6c3a-4575-84e9-897a454b8b7c req-add014fb-f4b1-4d1a-beaa-0f1c5a39aadc 79db3ab00c1a4de2959a6231a9d52505 9f32f16e2d634a4e843a780e963d4603 - - 68f884a083bc4df4af06077f756a8e3a 68f884a083bc4df4af06077f756a8e3a] 10.0.0.225 "GET /v2.0/networks/eed661db-5977-4446-add1-984c983143e5?fields=provider%3Aphysical_network&fields=provider%3Anetwork_type HTTP/1.1" status: 200 len: 277 time: 0.0524783
2026-04-02 17:56:06.243 9 INFO neutron.wsgi [req-b9e034e8-88cd-4905-8666-cc4f4cb5ea03 req-f99c837f-136e-4295-9695-d494f5472492 19554f8406584018887fea319d0942fd 20e2300f37f94ce3a217bf74a4bf7c56 - - default default] 10.0.0.225 "GET /v2.0/ports?device_id=50dd4cd4-5030-42be-81a4-a17836d0d0a9 HTTP/1.1" status: 200 len: 210 time: 0.0204809
2026-04-02 17:56:06.579 10 INFO neutron.wsgi [None req-f30af77c-b08f-4c16-87eb-f6e4126f42df 6e572a2ffe884536a3857dbc19fff1ad d15d84c3f8b144fca4d23055a52e6571 - - default default] 10.0.0.116 "PUT /v2.0/routers/2a44fa9c-ecd2-4b34-b317-40ad6ab95033/remove_router_interface HTTP/1.1" status: 200 len: 503 time: 1.2291594 /var/lib/openstack/lib/python3.10/site-packages/pycadf/identifier.py:71: UserWarning: Invalid uuid: neutron. To ensure interoperability, identifiers should be a valid uuid. warnings.warn(('Invalid uuid: %s. To ensure interoperability, '
2026-04-02 17:56:06.947 9 INFO neutron.wsgi [req-c26771d3-6c3a-4575-84e9-897a454b8b7c req-712d115c-9638-4198-9882-5195397c14ff 19554f8406584018887fea319d0942fd 20e2300f37f94ce3a217bf74a4bf7c56 - - default default] 199.204.45.33 "GET /v2.0/networks?id=eed661db-5977-4446-add1-984c983143e5 HTTP/1.1" status: 200 len: 882 time: 0.0772669
2026-04-02 17:56:07.001 9 INFO neutron.wsgi [req-c26771d3-6c3a-4575-84e9-897a454b8b7c req-18bbb561-c6d1-4ba6-998c-0ccef9e8f7d4 19554f8406584018887fea319d0942fd 20e2300f37f94ce3a217bf74a4bf7c56 - - default default] 199.204.45.33 "GET /v2.0/security-groups?fields=id&fields=name&tenant_id=20e2300f37f94ce3a217bf74a4bf7c56 HTTP/1.1" status: 200 len: 379 time: 0.0481615
2026-04-02 17:56:07.040 9 WARNING neutron_lib.context [req-c26771d3-6c3a-4575-84e9-897a454b8b7c req-e20eb55b-302c-4438-abc0-d59dfd2ccae2 19554f8406584018887fea319d0942fd 20e2300f37f94ce3a217bf74a4bf7c56 - - default default] Method 'is_advsvc' is deprecated since 2023.2 release (neutron-lib 3.8.0) and will be removed once support for the old RBAC API policies will be removed from Neutron. Please use method 'is_service_role' instead.
2026-04-02 17:56:07.077 9 INFO neutron.wsgi [req-b20e1557-d739-4eef-871b-e6d56bb742ba req-48ed8311-9556-48ff-aecf-db6ef89bcad0 6a72a752867e4e31ae390f17bd8c70f6 3c9871a99efa4cb4860997c273d91d99 - - default default] 10.0.0.225 "GET /v2.0/ports?device_id=b23cf812-c01e-477a-90af-05e2b56449f2 HTTP/1.1" status: 200 len: 1168 time: 0.0530062
2026-04-02 17:56:07.130 9 INFO neutron.wsgi [req-b20e1557-d739-4eef-871b-e6d56bb742ba req-ffd7769b-cfca-499a-99de-c4c2591970d3 6a72a752867e4e31ae390f17bd8c70f6 3c9871a99efa4cb4860997c273d91d99 - - default default] 10.0.0.225 "GET /v2.0/security-groups?id=82fab6cf-34a4-4bbb-8bfd-d393bd0078a7&fields=id&fields=name HTTP/1.1" status: 200 len: 312 time: 0.0445004
2026-04-02 17:56:07.351 9 INFO neutron.wsgi [req-178bec63-893c-4297-8269-2d24d82d5a95 req-323ef2a5-fa41-4756-80ac-c10567008ac7 19554f8406584018887fea319d0942fd 20e2300f37f94ce3a217bf74a4bf7c56 - - default default] 10.0.0.225 "GET /v2.0/ports?device_id=50dd4cd4-5030-42be-81a4-a17836d0d0a9 HTTP/1.1" status: 200 len: 210 time: 0.0339074
2026-04-02 17:56:07.433 9 WARNING neutron.scheduler.dhcp_agent_scheduler [req-c26771d3-6c3a-4575-84e9-897a454b8b7c req-e20eb55b-302c-4438-abc0-d59dfd2ccae2 19554f8406584018887fea319d0942fd 20e2300f37f94ce3a217bf74a4bf7c56 - - default default] No more DHCP agents
2026-04-02 17:56:07.436 9 WARNING neutron.api.rpc.agentnotifiers.dhcp_rpc_agent_api [req-c26771d3-6c3a-4575-84e9-897a454b8b7c req-e20eb55b-302c-4438-abc0-d59dfd2ccae2 19554f8406584018887fea319d0942fd 20e2300f37f94ce3a217bf74a4bf7c56 - - default default] Unable to schedule network eed661db-5977-4446-add1-984c983143e5: no agents available; will retry on subsequent port and subnet creation events.
2026-04-02 17:56:07.608 9 INFO neutron.db.ovn_revision_numbers_db [req-c26771d3-6c3a-4575-84e9-897a454b8b7c req-e20eb55b-302c-4438-abc0-d59dfd2ccae2 19554f8406584018887fea319d0942fd 20e2300f37f94ce3a217bf74a4bf7c56 - - default default] Successfully bumped revision number for resource 55fff1f5-78ab-4d43-887e-bd1b252822bd (type: ports) to 1
2026-04-02 17:56:07.619 10 INFO neutron.wsgi [None req-ee969fdf-f056-41e0-bc0a-3f983f213888 6e572a2ffe884536a3857dbc19fff1ad d15d84c3f8b144fca4d23055a52e6571 - - default default] 10.0.0.116 "DELETE /v2.0/routers/2a44fa9c-ecd2-4b34-b317-40ad6ab95033 HTTP/1.1" status: 204 len: 168 time: 1.0357289
2026-04-02 17:56:07.630 9 INFO neutron.wsgi [req-c26771d3-6c3a-4575-84e9-897a454b8b7c req-e20eb55b-302c-4438-abc0-d59dfd2ccae2 19554f8406584018887fea319d0942fd 20e2300f37f94ce3a217bf74a4bf7c56 - - default default] 199.204.45.33 "POST /v2.0/ports HTTP/1.1" status: 201 len: 1162 time: 0.5950079 /var/lib/openstack/lib/python3.10/site-packages/pycadf/identifier.py:71: UserWarning: Invalid uuid: neutron. To ensure interoperability, identifiers should be a valid uuid. warnings.warn(('Invalid uuid: %s. To ensure interoperability, '
2026-04-02 17:56:07.835 10 INFO neutron.wsgi [None req-6dad691b-7387-402d-b8a8-6ed2b68cbbc3 6e572a2ffe884536a3857dbc19fff1ad d15d84c3f8b144fca4d23055a52e6571 - - default default] 10.0.0.116 "DELETE /v2.0/subnets/cdb491ae-f011-4fee-a3af-369d7a0ecb2b HTTP/1.1" status: 204 len: 168 time: 0.2122378
2026-04-02 17:56:08.141 9 INFO neutron.db.ovn_revision_numbers_db [req-c26771d3-6c3a-4575-84e9-897a454b8b7c req-c09323f0-03f1-450b-a444-a21b06acdf93 79db3ab00c1a4de2959a6231a9d52505 9f32f16e2d634a4e843a780e963d4603 - - 68f884a083bc4df4af06077f756a8e3a 68f884a083bc4df4af06077f756a8e3a] Successfully bumped revision number for resource 55fff1f5-78ab-4d43-887e-bd1b252822bd (type: ports) to 2 /var/lib/openstack/lib/python3.10/site-packages/pycadf/identifier.py:71: UserWarning: Invalid uuid: neutron. To ensure interoperability, identifiers should be a valid uuid. warnings.warn(('Invalid uuid: %s. To ensure interoperability, '
2026-04-02 17:56:08.261 9 INFO neutron.wsgi [req-2e92409b-2acf-4b73-9c6c-89873d0f4fb8 req-6c6785a6-a111-40d5-83c1-5dd65390fc8a 6a72a752867e4e31ae390f17bd8c70f6 3c9871a99efa4cb4860997c273d91d99 - - default default] 10.0.0.225 "GET /v2.0/ports?device_id=b23cf812-c01e-477a-90af-05e2b56449f2 HTTP/1.1" status: 200 len: 1168 time: 0.0549698
2026-04-02 17:56:08.351 9 INFO neutron.services.segments.plugin [-] Segment 343dc537-07c4-4f92-831f-7bf57c181619 resource provider aggregate not found
2026-04-02 17:56:08.358 9 INFO neutron.services.segments.plugin [-] Segment 343dc537-07c4-4f92-831f-7bf57c181619 resource provider aggregate not found
2026-04-02 17:56:08.368 9 INFO neutron.services.segments.plugin [-] Segment 343dc537-07c4-4f92-831f-7bf57c181619 resource provider not found; error: Placement Client Error (4xx): {"errors": [{"status": 404, "title": "Not Found", "detail": "The resource could not be found.\n\n No resource provider with uuid 343dc537-07c4-4f92-831f-7bf57c181619 found for delete ", "request_id": "req-1ddcb963-1810-4e33-9152-d48545dfb546"}]}
2026-04-02 17:56:08.374 9 INFO neutron.wsgi [req-2e92409b-2acf-4b73-9c6c-89873d0f4fb8 req-bed1f72c-01ff-4ebe-89fb-e2d94557d48d 6a72a752867e4e31ae390f17bd8c70f6 3c9871a99efa4cb4860997c273d91d99 - - default default] 10.0.0.225 "GET /v2.0/security-groups?id=82fab6cf-34a4-4bbb-8bfd-d393bd0078a7&fields=id&fields=name HTTP/1.1" status: 200 len: 312 time: 0.1028118
2026-04-02 17:56:08.374 9 INFO neutron.services.segments.plugin [-] Segment 343dc537-07c4-4f92-831f-7bf57c181619 resource provider not found; error: Placement Client Error (4xx): {"errors": [{"status": 404, "title": "Not Found", "detail": "The resource could not be found.\n\n No resource provider with uuid 343dc537-07c4-4f92-831f-7bf57c181619 found for delete ", "request_id": "req-68c7b5ac-2fcd-4cdc-9b44-ee61a506de64"}]}
2026-04-02 17:56:08.417 9 INFO neutron.wsgi [None req-bc14b11c-c617-485c-b233-9b2d288624ff 6e572a2ffe884536a3857dbc19fff1ad d15d84c3f8b144fca4d23055a52e6571 - - default default] 10.0.0.116 "DELETE /v2.0/networks/2cf02df0-9ccf-473f-a7cf-a5d2999bce9f HTTP/1.1" status: 204 len: 168 time: 0.5735641 /var/lib/openstack/lib/python3.10/site-packages/pycadf/identifier.py:71: UserWarning: Invalid uuid: neutron. To ensure interoperability, identifiers should be a valid uuid. warnings.warn(('Invalid uuid: %s. To ensure interoperability, '
2026-04-02 17:56:08.473 9 INFO neutron.wsgi [req-35e5e65f-10d2-46f6-85e2-c2f6a3129c42 req-67d678f1-6a12-41e4-9f36-b3ea20ef7af2 19554f8406584018887fea319d0942fd 20e2300f37f94ce3a217bf74a4bf7c56 - - default default] 10.0.0.225 "GET /v2.0/ports?device_id=50dd4cd4-5030-42be-81a4-a17836d0d0a9 HTTP/1.1" status: 200 len: 1172 time: 0.0419929
2026-04-02 17:56:08.486 9 INFO neutron.db.ovn_revision_numbers_db [req-c26771d3-6c3a-4575-84e9-897a454b8b7c req-c09323f0-03f1-450b-a444-a21b06acdf93 79db3ab00c1a4de2959a6231a9d52505 9f32f16e2d634a4e843a780e963d4603 - - 68f884a083bc4df4af06077f756a8e3a 68f884a083bc4df4af06077f756a8e3a] Successfully bumped revision number for resource 55fff1f5-78ab-4d43-887e-bd1b252822bd (type: ports) to 2
2026-04-02 17:56:08.508 9 INFO neutron.wsgi [req-c26771d3-6c3a-4575-84e9-897a454b8b7c req-c09323f0-03f1-450b-a444-a21b06acdf93 79db3ab00c1a4de2959a6231a9d52505 9f32f16e2d634a4e843a780e963d4603 - - 68f884a083bc4df4af06077f756a8e3a 68f884a083bc4df4af06077f756a8e3a] 199.204.45.33 "PUT /v2.0/ports/55fff1f5-78ab-4d43-887e-bd1b252822bd HTTP/1.1" status: 200 len: 1380 time: 0.8703556
2026-04-02 17:56:08.521 9 INFO neutron.wsgi [req-35e5e65f-10d2-46f6-85e2-c2f6a3129c42 req-dfb57195-feb7-445d-a695-77569063b23f 19554f8406584018887fea319d0942fd 20e2300f37f94ce3a217bf74a4bf7c56 - - default default] 10.0.0.225 "GET /v2.0/security-groups?id=878b9163-4f10-422f-be0f-3d887c26f793&fields=id&fields=name HTTP/1.1" status: 200 len: 312 time: 0.0425141
2026-04-02 17:56:08.548 9 INFO neutron.notifiers.nova [-] Nova event matching ['req-42ba77a6-ce6c-49da-9ba0-657435dc3bc8'] response: {'name': 'network-changed', 'server_uuid': '50dd4cd4-5030-42be-81a4-a17836d0d0a9', 'tag': '55fff1f5-78ab-4d43-887e-bd1b252822bd', 'status': 'completed', 'code': 200}
2026-04-02 17:56:08.585 9 INFO neutron.wsgi [req-c26771d3-6c3a-4575-84e9-897a454b8b7c req-56ad5745-f656-41f7-ba8f-8e68ed7a2c6e 79db3ab00c1a4de2959a6231a9d52505 9f32f16e2d634a4e843a780e963d4603 - - 68f884a083bc4df4af06077f756a8e3a 68f884a083bc4df4af06077f756a8e3a] 199.204.45.33 "GET /v2.0/ports?tenant_id=20e2300f37f94ce3a217bf74a4bf7c56&device_id=50dd4cd4-5030-42be-81a4-a17836d0d0a9 HTTP/1.1" status: 200 len: 1411 time: 0.0366433
2026-04-02 17:56:08.588 9 INFO neutron.wsgi [None req-5ca93691-45d4-4126-afcb-a70c0cfcee12 6e572a2ffe884536a3857dbc19fff1ad d15d84c3f8b144fca4d23055a52e6571 - - default default] 10.0.0.116 "GET /v2.0/security-groups?tenant_id=c51030db3b5544959fb5556adaba940f&name=default HTTP/1.1" status: 200 len: 2992 time: 0.0531845
2026-04-02 17:56:08.611 9 INFO neutron.wsgi [req-c26771d3-6c3a-4575-84e9-897a454b8b7c req-76b8aad2-91e3-44a3-b9e7-51fb442b3165 79db3ab00c1a4de2959a6231a9d52505 9f32f16e2d634a4e843a780e963d4603 - - 68f884a083bc4df4af06077f756a8e3a 68f884a083bc4df4af06077f756a8e3a] 199.204.45.33 "GET /v2.0/floatingips?fixed_ip_address=10.100.0.13&port_id=55fff1f5-78ab-4d43-887e-bd1b252822bd HTTP/1.1" status: 200 len: 217 time: 0.0195279
2026-04-02 17:56:08.649 9 INFO neutron.wsgi [req-c26771d3-6c3a-4575-84e9-897a454b8b7c req-eb733365-350b-4989-adb0-e0e5e03a276a 79db3ab00c1a4de2959a6231a9d52505 9f32f16e2d634a4e843a780e963d4603 - - 68f884a083bc4df4af06077f756a8e3a 68f884a083bc4df4af06077f756a8e3a] 199.204.45.33 "GET /v2.0/subnets?id=5f9d1c9c-f5b6-485c-b35a-ad0fd7685084 HTTP/1.1" status: 200 len: 876 time: 0.0319560
2026-04-02 17:56:08.674 9 INFO neutron.wsgi [req-c26771d3-6c3a-4575-84e9-897a454b8b7c req-a95c39f0-4355-4495-bdc5-25c9b2e354e1 79db3ab00c1a4de2959a6231a9d52505 9f32f16e2d634a4e843a780e963d4603 - - 68f884a083bc4df4af06077f756a8e3a 68f884a083bc4df4af06077f756a8e3a] 199.204.45.33 "GET /v2.0/ports?network_id=eed661db-5977-4446-add1-984c983143e5&device_owner=network%3Adhcp HTTP/1.1" status: 200 len: 210 time: 0.0209227
2026-04-02 17:56:08.748 9 INFO neutron.wsgi [req-c26771d3-6c3a-4575-84e9-897a454b8b7c req-cca481cb-80f6-4adc-aaf0-a6b560d815d9 79db3ab00c1a4de2959a6231a9d52505 9f32f16e2d634a4e843a780e963d4603 - - 68f884a083bc4df4af06077f756a8e3a 68f884a083bc4df4af06077f756a8e3a] 199.204.45.33 "GET /v2.0/networks/eed661db-5977-4446-add1-984c983143e5?fields=segments HTTP/1.1" status: 200 len: 212 time: 0.0663092
2026-04-02 17:56:08.783 10 INFO neutron.wsgi [None req-a1f41b3d-09af-46c7-a85f-537646caedfb 6e572a2ffe884536a3857dbc19fff1ad d15d84c3f8b144fca4d23055a52e6571 - - default default] 10.0.0.116 "DELETE /v2.0/security-groups/0ace5cee-6779-489e-9f50-be8d8c790ef9 HTTP/1.1" status: 204 len: 168 time: 0.1887124
2026-04-02 17:56:08.821 9 INFO neutron.wsgi [req-c26771d3-6c3a-4575-84e9-897a454b8b7c req-fd35cbd0-c403-4faa-8dca-c92f35df04ca 79db3ab00c1a4de2959a6231a9d52505 9f32f16e2d634a4e843a780e963d4603 - - 68f884a083bc4df4af06077f756a8e3a 68f884a083bc4df4af06077f756a8e3a] 199.204.45.33 "GET /v2.0/networks/eed661db-5977-4446-add1-984c983143e5?fields=provider%3Aphysical_network&fields=provider%3Anetwork_type HTTP/1.1" status: 200 len: 277 time: 0.0655386
2026-04-02 17:56:08.912 9 INFO neutron.wsgi [req-ac8720ae-5854-47fb-a18b-3b9c2ee6438a req-0b2b3adc-7cf7-4975-9cff-c6d115d828cd 79db3ab00c1a4de2959a6231a9d52505 9f32f16e2d634a4e843a780e963d4603 - - 68f884a083bc4df4af06077f756a8e3a 68f884a083bc4df4af06077f756a8e3a] 199.204.45.33 "GET /v2.0/ports?tenant_id=20e2300f37f94ce3a217bf74a4bf7c56&device_id=50dd4cd4-5030-42be-81a4-a17836d0d0a9 HTTP/1.1" status: 200 len: 1411 time: 0.0511675
2026-04-02 17:56:09.007 9 INFO neutron.wsgi [req-ac8720ae-5854-47fb-a18b-3b9c2ee6438a req-99ad2b78-4e7a-40de-b1ea-5c9b1a0d18f5 79db3ab00c1a4de2959a6231a9d52505 9f32f16e2d634a4e843a780e963d4603 - - 68f884a083bc4df4af06077f756a8e3a 68f884a083bc4df4af06077f756a8e3a] 199.204.45.33 "GET /v2.0/networks?id=eed661db-5977-4446-add1-984c983143e5 HTTP/1.1" status: 200 len: 980 time: 0.0863521
2026-04-02 17:56:09.048 9 INFO neutron.wsgi [req-ac8720ae-5854-47fb-a18b-3b9c2ee6438a req-17b63c24-c123-479f-9015-19f43e9b98ca 79db3ab00c1a4de2959a6231a9d52505 9f32f16e2d634a4e843a780e963d4603 - - 68f884a083bc4df4af06077f756a8e3a 68f884a083bc4df4af06077f756a8e3a] 199.204.45.33 "GET /v2.0/floatingips?fixed_ip_address=10.100.0.13&port_id=55fff1f5-78ab-4d43-887e-bd1b252822bd HTTP/1.1" status: 200 len: 217 time: 0.0304632
2026-04-02 17:56:09.101 9 INFO neutron.wsgi [req-ac8720ae-5854-47fb-a18b-3b9c2ee6438a req-4f864f2f-86f5-4c33-9e57-98258d18666a 79db3ab00c1a4de2959a6231a9d52505 9f32f16e2d634a4e843a780e963d4603 - - 68f884a083bc4df4af06077f756a8e3a 68f884a083bc4df4af06077f756a8e3a] 199.204.45.33 "GET /v2.0/subnets?id=5f9d1c9c-f5b6-485c-b35a-ad0fd7685084 HTTP/1.1" status: 200 len: 876 time: 0.0485377
2026-04-02 17:56:09.125 9 INFO neutron.wsgi [req-ac8720ae-5854-47fb-a18b-3b9c2ee6438a req-ed8b64f0-d7b7-40e1-8683-5edbbe79e5fa 79db3ab00c1a4de2959a6231a9d52505 9f32f16e2d634a4e843a780e963d4603 - - 68f884a083bc4df4af06077f756a8e3a 68f884a083bc4df4af06077f756a8e3a] 199.204.45.33 "GET /v2.0/ports?network_id=eed661db-5977-4446-add1-984c983143e5&device_owner=network%3Adhcp HTTP/1.1" status: 200 len: 210 time: 0.0202291
2026-04-02 17:56:09.197 9 INFO neutron.wsgi [req-ac8720ae-5854-47fb-a18b-3b9c2ee6438a req-c1a6c60b-151a-467a-9f26-2aa655d87cad 79db3ab00c1a4de2959a6231a9d52505 9f32f16e2d634a4e843a780e963d4603 - - 68f884a083bc4df4af06077f756a8e3a 68f884a083bc4df4af06077f756a8e3a] 199.204.45.33 "GET /v2.0/networks/eed661db-5977-4446-add1-984c983143e5?fields=segments HTTP/1.1" status: 200 len: 212 time: 0.0600977
2026-04-02 17:56:09.261 9 INFO neutron.wsgi [req-ac8720ae-5854-47fb-a18b-3b9c2ee6438a req-ef4188b0-45c6-405a-ba85-cfdac2a68027 79db3ab00c1a4de2959a6231a9d52505 9f32f16e2d634a4e843a780e963d4603 - - 68f884a083bc4df4af06077f756a8e3a 68f884a083bc4df4af06077f756a8e3a] 199.204.45.33 "GET /v2.0/networks/eed661db-5977-4446-add1-984c983143e5?fields=provider%3Aphysical_network&fields=provider%3Anetwork_type HTTP/1.1" status: 200 len: 277 time: 0.0576150
2026-04-02 17:56:09.496 10 WARNING neutron.plugins.ml2.drivers.ovn.mech_driver.ovsdb.ovn_client [None req-723bc847-d115-40b4-a729-a180a8ccbf88 - - - - - -] No hosting information found for port 0e5339e1-569b-4462-937f-f0f38df9b1bc: RuntimeError: No hosting information found for port 0e5339e1-569b-4462-937f-f0f38df9b1bc
2026-04-02 17:56:09.496 9 INFO neutron.wsgi [req-88d79c6a-0e42-4417-81f2-dc279ca75ef4 req-ae3efaf9-9f2c-4635-8031-82619356ecab 6a72a752867e4e31ae390f17bd8c70f6 3c9871a99efa4cb4860997c273d91d99 - - default default] 10.0.0.225 "GET /v2.0/ports?device_id=b23cf812-c01e-477a-90af-05e2b56449f2 HTTP/1.1" status: 200 len: 1168 time: 0.0442014
2026-04-02 17:56:09.516 10 INFO neutron.plugins.ml2.drivers.ovn.mech_driver.mech_driver [None req-723bc847-d115-40b4-a729-a180a8ccbf88 - - - - - -] OVN reports status up for port: 7daeefa5-acbb-4fd5-8d16-0552da32658e
2026-04-02 17:56:09.534 10 INFO neutron.plugins.ml2.plugin [None req-723bc847-d115-40b4-a729-a180a8ccbf88 - - - - - -] Attempt 1 to provision port 7daeefa5-acbb-4fd5-8d16-0552da32658e
2026-04-02 17:56:09.549 9 INFO neutron.wsgi [req-88d79c6a-0e42-4417-81f2-dc279ca75ef4 req-dcd1469f-f191-4ad1-a01e-996ff0292afe 6a72a752867e4e31ae390f17bd8c70f6 3c9871a99efa4cb4860997c273d91d99 - - default default] 10.0.0.225 "GET /v2.0/security-groups?id=82fab6cf-34a4-4bbb-8bfd-d393bd0078a7&fields=id&fields=name HTTP/1.1" status: 200 len: 312 time: 0.0437348
2026-04-02 17:56:09.651 9 INFO neutron.wsgi [req-1cfe2ba1-7e68-44d8-b781-02d100eceedc req-fe73d994-cde5-4756-9515-ea20342c4a2a 19554f8406584018887fea319d0942fd 20e2300f37f94ce3a217bf74a4bf7c56 - - default default] 10.0.0.225 "GET /v2.0/ports?device_id=50dd4cd4-5030-42be-81a4-a17836d0d0a9 HTTP/1.1" status: 200 len: 1172 time: 0.0456834
2026-04-02 17:56:09.694 10 INFO neutron.notifiers.nova [-] Nova event matching ['req-ce373c67-3e35-47cb-8d13-25d14d733f5c'] response: {'server_uuid': 'b23cf812-c01e-477a-90af-05e2b56449f2', 'name': 'network-vif-plugged', 'status': 'completed', 'tag': '7daeefa5-acbb-4fd5-8d16-0552da32658e', 'code': 200}
2026-04-02 17:56:09.718 9 INFO neutron.wsgi [req-1cfe2ba1-7e68-44d8-b781-02d100eceedc req-c358bbd6-dba4-41cd-957b-eee71463ce8e 19554f8406584018887fea319d0942fd 20e2300f37f94ce3a217bf74a4bf7c56 - - default default] 10.0.0.225 "GET /v2.0/security-groups?id=878b9163-4f10-422f-be0f-3d887c26f793&fields=id&fields=name HTTP/1.1" status: 200 len: 312 time: 0.0592942
2026-04-02 17:56:09.859 10 INFO neutron.db.ovn_revision_numbers_db [None req-723bc847-d115-40b4-a729-a180a8ccbf88 - - - - - -] Successfully bumped revision number for resource 7daeefa5-acbb-4fd5-8d16-0552da32658e (type: ports) to 4
2026-04-02 17:56:09.917 10 INFO neutron.plugins.ml2.drivers.ovn.mech_driver.mech_driver [None req-723bc847-d115-40b4-a729-a180a8ccbf88 - - - - - -] OVN reports status up for port: 55fff1f5-78ab-4d43-887e-bd1b252822bd
2026-04-02 17:56:09.931 10 INFO neutron.plugins.ml2.plugin [None req-723bc847-d115-40b4-a729-a180a8ccbf88 - - - - - -] Attempt 1 to provision port 55fff1f5-78ab-4d43-887e-bd1b252822bd
2026-04-02 17:56:10.247 10 INFO neutron.db.ovn_revision_numbers_db [None req-723bc847-d115-40b4-a729-a180a8ccbf88 - - - - - -] Successfully bumped revision number for resource 55fff1f5-78ab-4d43-887e-bd1b252822bd (type: ports) to 4
2026-04-02 17:56:10.712 9 INFO neutron.wsgi [req-8006e765-9ba0-4200-a93a-5db60ec42ee3 req-e8838c99-8477-49dd-b423-15af9c6f6882 6a72a752867e4e31ae390f17bd8c70f6 3c9871a99efa4cb4860997c273d91d99 - - default default] 10.0.0.225 "GET /v2.0/ports?device_id=b23cf812-c01e-477a-90af-05e2b56449f2 HTTP/1.1" status: 200 len: 1170 time: 0.0831671
2026-04-02 17:56:10.755 9 INFO neutron.wsgi [req-8006e765-9ba0-4200-a93a-5db60ec42ee3 req-c0da4c4a-d331-46e6-bd23-061c2a7df9c8 6a72a752867e4e31ae390f17bd8c70f6 3c9871a99efa4cb4860997c273d91d99 - - default default] 10.0.0.225 "GET /v2.0/security-groups?id=82fab6cf-34a4-4bbb-8bfd-d393bd0078a7&fields=id&fields=name HTTP/1.1" status: 200 len: 312 time: 0.0382566
2026-04-02 17:56:10.866 9 INFO neutron.wsgi [req-83f7f067-a7c2-44ee-8777-18e42761e7c6 req-02aa023f-7504-481a-b3f5-a0ca3605780f 19554f8406584018887fea319d0942fd 20e2300f37f94ce3a217bf74a4bf7c56 - - default default] 10.0.0.225 "GET /v2.0/ports?device_id=50dd4cd4-5030-42be-81a4-a17836d0d0a9 HTTP/1.1" status: 200 len: 1174 time: 0.0579982
2026-04-02 17:56:10.872 9 INFO neutron.wsgi [req-2070a446-1d5b-464a-a42d-932de431e9c8 req-e8251885-9714-4786-b27d-845e92921dde 6a72a752867e4e31ae390f17bd8c70f6 3c9871a99efa4cb4860997c273d91d99 - - default default] 10.0.0.225 "GET /v2.0/ports?device_id=b23cf812-c01e-477a-90af-05e2b56449f2 HTTP/1.1" status: 200 len: 1170 time: 0.0536966 /var/lib/openstack/lib/python3.10/site-packages/pycadf/identifier.py:71: UserWarning: Invalid uuid: neutron. To ensure interoperability, identifiers should be a valid uuid. warnings.warn(('Invalid uuid: %s. To ensure interoperability, '
2026-04-02 17:56:10.911 9 INFO neutron.wsgi [req-83f7f067-a7c2-44ee-8777-18e42761e7c6 req-3f5e90a7-2e34-441f-8c39-3a9dc3001b5b 19554f8406584018887fea319d0942fd 20e2300f37f94ce3a217bf74a4bf7c56 - - default default] 10.0.0.225 "GET /v2.0/security-groups?id=878b9163-4f10-422f-be0f-3d887c26f793&fields=id&fields=name HTTP/1.1" status: 200 len: 312 time: 0.0391612
2026-04-02 17:56:11.160 10 INFO neutron.db.l3_db [None req-83b7aef6-b654-48fa-8b73-c82231f7ac3d 6a72a752867e4e31ae390f17bd8c70f6 3c9871a99efa4cb4860997c273d91d99 - - default default] Floating IP 4b228c8f-683d-4adf-a53f-68396b7faaf7 associated. External IP: 10.96.250.205, port: 7daeefa5-acbb-4fd5-8d16-0552da32658e.
2026-04-02 17:56:11.376 10 INFO neutron.db.ovn_revision_numbers_db [None req-83b7aef6-b654-48fa-8b73-c82231f7ac3d 6a72a752867e4e31ae390f17bd8c70f6 3c9871a99efa4cb4860997c273d91d99 - - default default] Successfully bumped revision number for resource 4b228c8f-683d-4adf-a53f-68396b7faaf7 (type: floatingips) to 1
2026-04-02 17:56:11.511 10 INFO neutron.db.ovn_revision_numbers_db [None req-83b7aef6-b654-48fa-8b73-c82231f7ac3d 6a72a752867e4e31ae390f17bd8c70f6 3c9871a99efa4cb4860997c273d91d99 - - default default] Successfully bumped revision number for resource 4b228c8f-683d-4adf-a53f-68396b7faaf7 (type: floatingips) to 2
2026-04-02 17:56:11.540 10 INFO neutron.wsgi [None req-83b7aef6-b654-48fa-8b73-c82231f7ac3d 6a72a752867e4e31ae390f17bd8c70f6 3c9871a99efa4cb4860997c273d91d99 - - default default] 10.0.0.116 "PUT /v2.0/floatingips/4b228c8f-683d-4adf-a53f-68396b7faaf7 HTTP/1.1" status: 200 len: 1049 time: 0.6581397 /var/lib/openstack/lib/python3.10/site-packages/pycadf/identifier.py:71: UserWarning: Invalid uuid: neutron. To ensure interoperability, identifiers should be a valid uuid. warnings.warn(('Invalid uuid: %s. To ensure interoperability, '
2026-04-02 17:56:11.629 9 INFO neutron.wsgi [req-8f7e55c7-6988-41fe-856b-4d626246d6cd req-ae88b65d-0c3a-4fb9-8348-f47ffabc4b0d 6a72a752867e4e31ae390f17bd8c70f6 3c9871a99efa4cb4860997c273d91d99 - - default default] 10.0.0.225 "GET /v2.0/ports?device_id=b23cf812-c01e-477a-90af-05e2b56449f2 HTTP/1.1" status: 200 len: 1170 time: 0.0437071
2026-04-02 17:56:11.671 9 INFO neutron.wsgi [req-8f7e55c7-6988-41fe-856b-4d626246d6cd req-6f4616bf-a75c-49a7-beee-b7d7c861bbe0 6a72a752867e4e31ae390f17bd8c70f6 3c9871a99efa4cb4860997c273d91d99 - - default default] 10.0.0.225 "GET /v2.0/security-groups?id=82fab6cf-34a4-4bbb-8bfd-d393bd0078a7&fields=id&fields=name HTTP/1.1" status: 200 len: 312 time: 0.0338991
2026-04-02 17:56:11.745 10 INFO neutron.notifiers.nova [-] Nova event matching ['req-52d1237d-d1e4-4e46-85c7-37fd11520348'] response: {'server_uuid': 'b23cf812-c01e-477a-90af-05e2b56449f2', 'name': 'network-vif-plugged', 'status': 'completed', 'tag': '7daeefa5-acbb-4fd5-8d16-0552da32658e', 'code': 200}
2026-04-02 17:56:11.746 10 INFO neutron.notifiers.nova [-] Nova event matching ['req-52d1237d-d1e4-4e46-85c7-37fd11520348'] response: {'server_uuid': '50dd4cd4-5030-42be-81a4-a17836d0d0a9', 'name': 'network-vif-plugged', 'status': 'completed', 'tag': '55fff1f5-78ab-4d43-887e-bd1b252822bd', 'code': 200}
2026-04-02 17:56:11.746 10 INFO neutron.notifiers.nova [-] Nova event matching ['req-52d1237d-d1e4-4e46-85c7-37fd11520348'] response: {'server_uuid': '50dd4cd4-5030-42be-81a4-a17836d0d0a9', 'name': 'network-vif-plugged', 'status': 'completed', 'tag': '55fff1f5-78ab-4d43-887e-bd1b252822bd', 'code': 200}
2026-04-02 17:56:11.746 10 INFO neutron.notifiers.nova [-] Nova event matching ['req-52d1237d-d1e4-4e46-85c7-37fd11520348'] response: {'name': 'network-changed', 'server_uuid': 'b23cf812-c01e-477a-90af-05e2b56449f2', 'tag': '7daeefa5-acbb-4fd5-8d16-0552da32658e', 'status': 'completed', 'code': 200}
2026-04-02 17:56:11.825 9 INFO neutron.wsgi [req-e0fc78e1-c905-46c3-a0de-2b06d336f583 req-27cc0d3c-3544-4cee-986e-4b9f1800bd2b 79db3ab00c1a4de2959a6231a9d52505 9f32f16e2d634a4e843a780e963d4603 - - 68f884a083bc4df4af06077f756a8e3a 68f884a083bc4df4af06077f756a8e3a] 199.204.45.33 "GET /v2.0/ports?tenant_id=3c9871a99efa4cb4860997c273d91d99&device_id=b23cf812-c01e-477a-90af-05e2b56449f2 HTTP/1.1" status: 200 len: 1409 time: 0.0533378
2026-04-02 17:56:11.890 9 INFO neutron.wsgi [req-e0fc78e1-c905-46c3-a0de-2b06d336f583 req-a380f6b0-6659-4268-ac56-5ebdb1dd5c9e 79db3ab00c1a4de2959a6231a9d52505 9f32f16e2d634a4e843a780e963d4603 - - 68f884a083bc4df4af06077f756a8e3a 68f884a083bc4df4af06077f756a8e3a] 199.204.45.33 "GET /v2.0/networks?id=13cb792c-a1f8-46b0-861f-e9c71ca4824d HTTP/1.1" status: 200 len: 968 time: 0.0539267
2026-04-02 17:56:11.954 9 INFO neutron.wsgi [req-e0fc78e1-c905-46c3-a0de-2b06d336f583 req-025998d1-a056-4cdb-bf8e-c925f8d8b0aa 79db3ab00c1a4de2959a6231a9d52505 9f32f16e2d634a4e843a780e963d4603 - - 68f884a083bc4df4af06077f756a8e3a 68f884a083bc4df4af06077f756a8e3a] 199.204.45.33 "GET /v2.0/floatingips?fixed_ip_address=10.100.0.9&port_id=7daeefa5-acbb-4fd5-8d16-0552da32658e HTTP/1.1" status: 200 len: 1059 time: 0.0516584
2026-04-02 17:56:12.011 9 INFO neutron.wsgi [req-e0fc78e1-c905-46c3-a0de-2b06d336f583 req-f9f18984-2855-465c-9f23-ea0b5c0b19d0 79db3ab00c1a4de2959a6231a9d52505 9f32f16e2d634a4e843a780e963d4603 - - 68f884a083bc4df4af06077f756a8e3a 68f884a083bc4df4af06077f756a8e3a] 199.204.45.33 "GET /v2.0/subnets?id=2e233d6d-8231-4e8e-aa6d-c0e0afbabe38 HTTP/1.1" status: 200 len: 863 time: 0.0478425
2026-04-02 17:56:12.055 9 INFO neutron.wsgi [req-e0fc78e1-c905-46c3-a0de-2b06d336f583 req-51282b09-5eff-4ea9-9513-c06b5cc74e0b 79db3ab00c1a4de2959a6231a9d52505 9f32f16e2d634a4e843a780e963d4603 - - 68f884a083bc4df4af06077f756a8e3a 68f884a083bc4df4af06077f756a8e3a] 199.204.45.33 "GET /v2.0/ports?network_id=13cb792c-a1f8-46b0-861f-e9c71ca4824d&device_owner=network%3Adhcp HTTP/1.1" status: 200 len: 210 time: 0.0322168
2026-04-02 17:56:12.063 9 INFO neutron.wsgi [req-c5e7a27c-1d67-4f04-a8b8-007d6e3d2dd4 req-81ff143b-b996-48bf-9e75-d8d0835b56ba 6a72a752867e4e31ae390f17bd8c70f6 3c9871a99efa4cb4860997c273d91d99 - - default default] 10.0.0.225 "GET /v2.0/ports?device_id=b23cf812-c01e-477a-90af-05e2b56449f2 HTTP/1.1" status: 200 len: 1170 time: 0.0568075
2026-04-02 17:56:12.070 10 INFO neutron.plugins.ml2.drivers.ovn.mech_driver.mech_driver [None req-723bc847-d115-40b4-a729-a180a8ccbf88 - - - - - -] OVN reports status down for port: 7daeefa5-acbb-4fd5-8d16-0552da32658e
2026-04-02 17:56:12.163 9 INFO neutron.wsgi [req-cb1b00cd-cd1f-4e76-8b00-48acaf9add9d req-16a3d101-8a0a-4d61-b6b1-02d549f33f52 19554f8406584018887fea319d0942fd 20e2300f37f94ce3a217bf74a4bf7c56 - - default default] 10.0.0.225 "GET /v2.0/ports?device_id=50dd4cd4-5030-42be-81a4-a17836d0d0a9 HTTP/1.1" status: 200 len: 1174 time: 0.1658463
2026-04-02 17:56:12.175 9 INFO neutron.wsgi [req-c5e7a27c-1d67-4f04-a8b8-007d6e3d2dd4 req-6bae1ad4-09e0-4ba1-a274-f83f91d4d13d 6a72a752867e4e31ae390f17bd8c70f6 3c9871a99efa4cb4860997c273d91d99 - - default default] 10.0.0.225 "GET /v2.0/security-groups?id=82fab6cf-34a4-4bbb-8bfd-d393bd0078a7&fields=id&fields=name HTTP/1.1" status: 200 len: 312 time: 0.0944407
2026-04-02 17:56:12.187 9 INFO neutron.wsgi [req-e0fc78e1-c905-46c3-a0de-2b06d336f583 req-5f04f24a-f785-4f68-a396-7865bcfab020 79db3ab00c1a4de2959a6231a9d52505 9f32f16e2d634a4e843a780e963d4603 - - 68f884a083bc4df4af06077f756a8e3a 68f884a083bc4df4af06077f756a8e3a] 199.204.45.33 "GET /v2.0/networks/13cb792c-a1f8-46b0-861f-e9c71ca4824d?fields=segments HTTP/1.1" status: 200 len: 212 time: 0.1168811
2026-04-02 17:56:12.242 9 INFO neutron.wsgi [req-cb1b00cd-cd1f-4e76-8b00-48acaf9add9d req-89edb861-f4a9-49bd-aca6-fd15bc243d3f 19554f8406584018887fea319d0942fd 20e2300f37f94ce3a217bf74a4bf7c56 - - default default] 10.0.0.225 "GET /v2.0/security-groups?id=878b9163-4f10-422f-be0f-3d887c26f793&fields=id&fields=name HTTP/1.1" status: 200 len: 312 time: 0.0651436
2026-04-02 17:56:12.277 9 INFO neutron.wsgi [req-e0fc78e1-c905-46c3-a0de-2b06d336f583 req-ede5ab6b-928b-4def-913e-bb27b2d80190 79db3ab00c1a4de2959a6231a9d52505 9f32f16e2d634a4e843a780e963d4603 - - 68f884a083bc4df4af06077f756a8e3a 68f884a083bc4df4af06077f756a8e3a] 199.204.45.33 "GET /v2.0/networks/13cb792c-a1f8-46b0-861f-e9c71ca4824d?fields=provider%3Aphysical_network&fields=provider%3Anetwork_type HTTP/1.1" status: 200 len: 277 time: 0.0841582
2026-04-02 17:56:12.362 10 WARNING keystonemiddleware.audit [None req-c9fac477-4018-4c2e-b9c0-f93658b623d1 - - - - - -] Skipping service tempest-service-1770544795 as it have no endpoints.
2026-04-02 17:56:12.378 9 INFO neutron.wsgi [req-a4d92f2a-7791-427a-b787-e63399bed9ec req-07239b8d-02be-4dc3-829d-043dee7b0fd2 19554f8406584018887fea319d0942fd 20e2300f37f94ce3a217bf74a4bf7c56 - - default default] 10.0.0.225 "GET /v2.0/ports?device_id=50dd4cd4-5030-42be-81a4-a17836d0d0a9 HTTP/1.1" status: 200 len: 1174 time: 0.0643880
2026-04-02 17:56:12.418 9 INFO neutron.wsgi [req-5be2a7f7-ea22-4947-ab03-13eaa3e86c32 req-f014c31f-1f58-4799-b237-e19c5163fae5 6a72a752867e4e31ae390f17bd8c70f6 3c9871a99efa4cb4860997c273d91d99 - - default default] 199.204.45.33 "GET /v2.0/ports?device_id=b23cf812-c01e-477a-90af-05e2b56449f2 HTTP/1.1" status: 200 len: 1168 time: 0.0546637
2026-04-02 17:56:12.433 10 INFO neutron.wsgi [req-762b4a80-4e6e-4d48-b1f9-2dc6506a5f7e req-dfe08116-ff01-431d-ab25-a60d521b110c 79db3ab00c1a4de2959a6231a9d52505 9f32f16e2d634a4e843a780e963d4603 - - 68f884a083bc4df4af06077f756a8e3a 68f884a083bc4df4af06077f756a8e3a] 10.0.0.21 "GET /v2.0/ports?device_id=ab556075-0502-4647-aee4-1e45694a0131 HTTP/1.1" status: 200 len: 1409 time: 0.2780979
2026-04-02 17:56:12.444 10 WARNING keystonemiddleware.audit [req-762b4a80-4e6e-4d48-b1f9-2dc6506a5f7e req-dfe08116-ff01-431d-ab25-a60d521b110c 79db3ab00c1a4de2959a6231a9d52505 9f32f16e2d634a4e843a780e963d4603 - - 68f884a083bc4df4af06077f756a8e3a 68f884a083bc4df4af06077f756a8e3a] Skipping service tempest-service-1770544795 as it have no endpoints.
2026-04-02 17:56:12.454 10 INFO neutron.db.ovn_revision_numbers_db [None req-723bc847-d115-40b4-a729-a180a8ccbf88 - - - - - -] Successfully bumped revision number for resource 7daeefa5-acbb-4fd5-8d16-0552da32658e (type: ports) to 5
2026-04-02 17:56:12.489 10 INFO neutron.wsgi [req-762b4a80-4e6e-4d48-b1f9-2dc6506a5f7e req-44fc4b5a-aa53-41a3-935b-86a16b2564a9 79db3ab00c1a4de2959a6231a9d52505 9f32f16e2d634a4e843a780e963d4603 - - 68f884a083bc4df4af06077f756a8e3a 68f884a083bc4df4af06077f756a8e3a] 10.0.0.21 "GET /v2.0/security-groups?id=3edec04d-bc4e-49d3-a4cc-f5cac253fc57&fields=id&fields=name HTTP/1.1" status: 200 len: 312 time: 0.0479333
2026-04-02 17:56:12.928 9 INFO neutron.db.l3_db [None req-1fa8a95d-d675-4c3e-9ebc-d2d65e094f8d 19554f8406584018887fea319d0942fd 20e2300f37f94ce3a217bf74a4bf7c56 - - default default] Floating IP 2e5ae68c-32c0-417b-bbdb-8ce8e2bea3a3 associated. External IP: 10.96.250.210, port: 55fff1f5-78ab-4d43-887e-bd1b252822bd.
2026-04-02 17:56:13.101 9 INFO neutron.db.l3_db [req-5be2a7f7-ea22-4947-ab03-13eaa3e86c32 req-351e2191-2730-4079-9c8e-f4d787edad8f 6a72a752867e4e31ae390f17bd8c70f6 3c9871a99efa4cb4860997c273d91d99 - - default default] Floating IP 4b228c8f-683d-4adf-a53f-68396b7faaf7 disassociated. External IP: 10.96.250.205, port: 7daeefa5-acbb-4fd5-8d16-0552da32658e.
2026-04-02 17:56:13.237 9 INFO neutron.db.ovn_revision_numbers_db [None req-1fa8a95d-d675-4c3e-9ebc-d2d65e094f8d 19554f8406584018887fea319d0942fd 20e2300f37f94ce3a217bf74a4bf7c56 - - default default] Successfully bumped revision number for resource 2e5ae68c-32c0-417b-bbdb-8ce8e2bea3a3 (type: floatingips) to 1 /var/lib/openstack/lib/python3.10/site-packages/pycadf/identifier.py:71: UserWarning: Invalid uuid: neutron. To ensure interoperability, identifiers should be a valid uuid. warnings.warn(('Invalid uuid: %s. To ensure interoperability, '
2026-04-02 17:56:13.337 9 INFO neutron.wsgi [req-25e74c47-30a0-444a-838e-351f779dd69c req-835df7d8-918e-42ad-8058-427ed994e5b9 6a72a752867e4e31ae390f17bd8c70f6 3c9871a99efa4cb4860997c273d91d99 - - default default] 10.0.0.225 "GET /v2.0/ports?device_id=b23cf812-c01e-477a-90af-05e2b56449f2 HTTP/1.1" status: 200 len: 1168 time: 0.0689321
2026-04-02 17:56:13.408 9 INFO neutron.wsgi [req-25e74c47-30a0-444a-838e-351f779dd69c req-1e2381e0-0b05-47b2-9224-423e79be12f3 6a72a752867e4e31ae390f17bd8c70f6 3c9871a99efa4cb4860997c273d91d99 - - default default] 10.0.0.225 "GET /v2.0/security-groups?id=82fab6cf-34a4-4bbb-8bfd-d393bd0078a7&fields=id&fields=name HTTP/1.1" status: 200 len: 312 time: 0.0636547
2026-04-02 17:56:13.420 9 INFO neutron.wsgi [req-5be2a7f7-ea22-4947-ab03-13eaa3e86c32 req-351e2191-2730-4079-9c8e-f4d787edad8f 6a72a752867e4e31ae390f17bd8c70f6 3c9871a99efa4cb4860997c273d91d99 - - default default] 199.204.45.33 "DELETE /v2.0/ports/7daeefa5-acbb-4fd5-8d16-0552da32658e HTTP/1.1" status: 204 len: 173 time: 0.9975531
2026-04-02 17:56:13.432 9 INFO neutron.db.ovn_revision_numbers_db [None req-1fa8a95d-d675-4c3e-9ebc-d2d65e094f8d 19554f8406584018887fea319d0942fd 20e2300f37f94ce3a217bf74a4bf7c56 - - default default] Successfully bumped revision number for resource 2e5ae68c-32c0-417b-bbdb-8ce8e2bea3a3 (type: floatingips) to 2
2026-04-02 17:56:13.452 9 INFO neutron.notifiers.nova [-] Nova event matching ['req-7765aabf-184b-49c3-a163-9c5bb9966b9e'] response: {'server_uuid': 'b23cf812-c01e-477a-90af-05e2b56449f2', 'name': 'network-vif-deleted', 'tag': '7daeefa5-acbb-4fd5-8d16-0552da32658e', 'status': 'completed', 'code': 200}
2026-04-02 17:56:13.470 9 INFO neutron.wsgi [None req-1fa8a95d-d675-4c3e-9ebc-d2d65e094f8d 19554f8406584018887fea319d0942fd 20e2300f37f94ce3a217bf74a4bf7c56 - - default default] 10.0.0.116 "PUT /v2.0/floatingips/2e5ae68c-32c0-417b-bbdb-8ce8e2bea3a3 HTTP/1.1" status: 200 len: 1050 time: 1.0802009
2026-04-02 17:56:13.564 9 INFO neutron.wsgi [req-f0bc7aa4-17fa-4f17-b0b6-34fb32b10227 req-736a66e1-e193-43a3-a1bf-96c4b6bdc1d0 19554f8406584018887fea319d0942fd 20e2300f37f94ce3a217bf74a4bf7c56 - - default default] 10.0.0.225 "GET /v2.0/ports?device_id=50dd4cd4-5030-42be-81a4-a17836d0d0a9 HTTP/1.1" status: 200 len: 1174 time: 0.0430987
2026-04-02 17:56:13.615 9 INFO neutron.wsgi [req-f0bc7aa4-17fa-4f17-b0b6-34fb32b10227 req-706e8e0a-e29c-4ccf-a77b-357551fe3918 19554f8406584018887fea319d0942fd 20e2300f37f94ce3a217bf74a4bf7c56 - - default default] 10.0.0.225 "GET /v2.0/security-groups?id=878b9163-4f10-422f-be0f-3d887c26f793&fields=id&fields=name HTTP/1.1" status: 200 len: 312 time: 0.0428174
2026-04-02 17:56:13.808 10 INFO neutron.notifiers.nova [-] Nova event matching ['req-050ba0d2-7a5a-4b45-adb4-4c785975683d'] response: {'server_uuid': 'b23cf812-c01e-477a-90af-05e2b56449f2', 'name': 'network-vif-unplugged', 'status': 'completed', 'tag': '7daeefa5-acbb-4fd5-8d16-0552da32658e', 'code': 200}
2026-04-02 17:56:13.808 10 INFO neutron.notifiers.nova [-] Nova event matching ['req-050ba0d2-7a5a-4b45-adb4-4c785975683d'] response: {'server_uuid': 'b23cf812-c01e-477a-90af-05e2b56449f2', 'name': 'network-vif-plugged', 'status': 'completed', 'tag': '7daeefa5-acbb-4fd5-8d16-0552da32658e', 'code': 200} /var/lib/openstack/lib/python3.10/site-packages/pycadf/identifier.py:71: UserWarning: Invalid uuid: neutron. To ensure interoperability, identifiers should be a valid uuid. warnings.warn(('Invalid uuid: %s. To ensure interoperability, '
2026-04-02 17:56:14.125 10 INFO neutron.db.ovn_revision_numbers_db [None req-e9d2cd37-8baf-40b3-9543-57612e89812c 6e572a2ffe884536a3857dbc19fff1ad d15d84c3f8b144fca4d23055a52e6571 - - default default] Successfully bumped revision number for resource 750b4e35-3b7b-4942-96df-368717edc949 (type: security_groups) to 1
2026-04-02 17:56:14.141 10 INFO neutron.db.ovn_revision_numbers_db [None req-e9d2cd37-8baf-40b3-9543-57612e89812c 6e572a2ffe884536a3857dbc19fff1ad d15d84c3f8b144fca4d23055a52e6571 - - default default] Successfully bumped revision number for resource 4be84777-218d-4bd5-8c8e-be7a803144c5 (type: security_group_rules) to 0
2026-04-02 17:56:14.155 10 INFO neutron.db.ovn_revision_numbers_db [None req-e9d2cd37-8baf-40b3-9543-57612e89812c 6e572a2ffe884536a3857dbc19fff1ad d15d84c3f8b144fca4d23055a52e6571 - - default default] Successfully bumped revision number for resource 7daf5fa0-3797-4927-b664-c71856a8bb93 (type: security_group_rules) to 0
2026-04-02 17:56:14.357 10 INFO neutron.db.ovn_revision_numbers_db [None req-e9d2cd37-8baf-40b3-9543-57612e89812c 6e572a2ffe884536a3857dbc19fff1ad d15d84c3f8b144fca4d23055a52e6571 - - default default] Successfully bumped revision number for resource a9d66751-205f-43bb-909d-d6b35798bcaa (type: security_group_rules) to 0
2026-04-02 17:56:14.374 10 INFO neutron.db.ovn_revision_numbers_db [None req-e9d2cd37-8baf-40b3-9543-57612e89812c 6e572a2ffe884536a3857dbc19fff1ad d15d84c3f8b144fca4d23055a52e6571 - - default default] Successfully bumped revision number for resource d3f6200f-acde-405b-bc99-1bfc1a49efe9 (type: security_group_rules) to 0
2026-04-02 17:56:14.407 10 INFO neutron.wsgi [None req-e9d2cd37-8baf-40b3-9543-57612e89812c 6e572a2ffe884536a3857dbc19fff1ad d15d84c3f8b144fca4d23055a52e6571 - - default default] 10.0.0.116 "GET /v2.0/security-groups?tenant_id=6f9ae7b21c5f4391af393580d35720b6&name=default HTTP/1.1" status: 200 len: 2996 time: 0.5339677
2026-04-02 17:56:14.616 10 INFO neutron.wsgi [None req-5afcb99a-2fea-4dc2-9311-dbb4b7fd1d02 6e572a2ffe884536a3857dbc19fff1ad d15d84c3f8b144fca4d23055a52e6571 - - default default] 10.0.0.116 "DELETE /v2.0/security-groups/750b4e35-3b7b-4942-96df-368717edc949 HTTP/1.1" status: 204 len: 168 time: 0.2031043
2026-04-02 17:56:14.669 10 INFO neutron.wsgi [None req-fa2f792d-6941-437d-8468-18a9af03ac44 6a72a752867e4e31ae390f17bd8c70f6 3c9871a99efa4cb4860997c273d91d99 - - default default] 10.0.0.116 "DELETE /v2.0/security-groups/82fab6cf-34a4-4bbb-8bfd-d393bd0078a7 HTTP/1.1" status: 204 len: 168 time: 0.1768801
2026-04-02 17:56:14.684 10 INFO neutron.api.v2.resource [None req-7523cec6-8ba0-4afa-a16f-000cacc73a61 6a72a752867e4e31ae390f17bd8c70f6 3c9871a99efa4cb4860997c273d91d99 - - default default] show failed (client error): The resource could not be found.
2026-04-02 17:56:14.686 10 INFO neutron.wsgi [None req-7523cec6-8ba0-4afa-a16f-000cacc73a61 6a72a752867e4e31ae390f17bd8c70f6 3c9871a99efa4cb4860997c273d91d99 - - default default] 10.0.0.116 "GET /v2.0/security-groups/82fab6cf-34a4-4bbb-8bfd-d393bd0078a7 HTTP/1.1" status: 404 len: 347 time: 0.0112474
2026-04-02 17:56:14.867 9 INFO neutron.db.ovn_revision_numbers_db [None req-1550cda6-8f84-4d7c-9da2-0009cc68b555 6e572a2ffe884536a3857dbc19fff1ad d15d84c3f8b144fca4d23055a52e6571 - - default default] Successfully bumped revision number for resource c42a4167-a453-4680-a6d6-b892bd0d521a (type: security_groups) to 1
2026-04-02 17:56:14.885 9 INFO neutron.db.ovn_revision_numbers_db [None req-1550cda6-8f84-4d7c-9da2-0009cc68b555 6e572a2ffe884536a3857dbc19fff1ad d15d84c3f8b144fca4d23055a52e6571 - - default default] Successfully bumped revision number for resource 094ceae2-714d-418b-9d66-8e524c5148a4 (type: security_group_rules) to 0
2026-04-02 17:56:14.899 9 INFO neutron.db.ovn_revision_numbers_db [None req-1550cda6-8f84-4d7c-9da2-0009cc68b555 6e572a2ffe884536a3857dbc19fff1ad d15d84c3f8b144fca4d23055a52e6571 - - default default] Successfully bumped revision number for resource 3591b914-2db8-4108-b0a1-ac1a70743620 (type: security_group_rules) to 0
2026-04-02 17:56:14.914 9 INFO neutron.db.ovn_revision_numbers_db [None req-1550cda6-8f84-4d7c-9da2-0009cc68b555 6e572a2ffe884536a3857dbc19fff1ad d15d84c3f8b144fca4d23055a52e6571 - - default default] Successfully bumped revision number for resource 891b1cd7-c04b-4b41-bf44-e5273abb23cb (type: security_group_rules) to 0
2026-04-02 17:56:14.929 9 INFO neutron.db.ovn_revision_numbers_db [None req-1550cda6-8f84-4d7c-9da2-0009cc68b555 6e572a2ffe884536a3857dbc19fff1ad d15d84c3f8b144fca4d23055a52e6571 - - default default] Successfully bumped revision number for resource a525f721-079c-4234-b01a-d2f445d53014 (type: security_group_rules) to 0
2026-04-02 17:56:14.953 9 INFO neutron.wsgi [None req-1550cda6-8f84-4d7c-9da2-0009cc68b555 6e572a2ffe884536a3857dbc19fff1ad d15d84c3f8b144fca4d23055a52e6571 - - default default] 10.0.0.116 "GET /v2.0/security-groups?tenant_id=64ff2752e0084f93b3b3f1ec045e7249&name=default HTTP/1.1" status: 200 len: 2996 time: 0.1996911
2026-04-02 17:56:15.067 10 INFO neutron.wsgi [None req-c6412a38-f240-46a4-b6a3-459ea041ccaf 6a72a752867e4e31ae390f17bd8c70f6 3c9871a99efa4cb4860997c273d91d99 - - default default] 10.0.0.116 "DELETE /v2.0/floatingips/4b228c8f-683d-4adf-a53f-68396b7faaf7 HTTP/1.1" status: 204 len: 168 time: 0.3767257
2026-04-02 17:56:15.165 9 INFO neutron.wsgi [None req-4f745fbe-c133-4dbe-b996-c6a7d6fe45c6 6e572a2ffe884536a3857dbc19fff1ad d15d84c3f8b144fca4d23055a52e6571 - - default default] 10.0.0.116 "DELETE /v2.0/security-groups/c42a4167-a453-4680-a6d6-b892bd0d521a HTTP/1.1" status: 204 len: 168 time: 0.2071607
2026-04-02 17:56:15.502 9 INFO neutron.notifiers.nova [-] Nova event matching ['req-31258f07-4950-43e0-8d94-92c54d9b9744'] response: {'name': 'network-changed', 'server_uuid': '50dd4cd4-5030-42be-81a4-a17836d0d0a9', 'tag': '55fff1f5-78ab-4d43-887e-bd1b252822bd', 'status': 'completed', 'code': 200}
2026-04-02 17:56:15.562 9 INFO neutron.wsgi [req-65d74811-93a6-4bf4-941b-b80e0cdc33db req-5068784e-1073-4fba-a857-28bcda165cca 79db3ab00c1a4de2959a6231a9d52505 9f32f16e2d634a4e843a780e963d4603 - - 68f884a083bc4df4af06077f756a8e3a 68f884a083bc4df4af06077f756a8e3a] 199.204.45.33 "GET /v2.0/ports?tenant_id=20e2300f37f94ce3a217bf74a4bf7c56&device_id=50dd4cd4-5030-42be-81a4-a17836d0d0a9 HTTP/1.1" status: 200 len: 1413 time: 0.0375867
2026-04-02 17:56:15.631 9 INFO neutron.wsgi [req-65d74811-93a6-4bf4-941b-b80e0cdc33db req-846ebbf2-515f-43a4-89b7-a423fc6f1448 79db3ab00c1a4de2959a6231a9d52505 9f32f16e2d634a4e843a780e963d4603 - - 68f884a083bc4df4af06077f756a8e3a 68f884a083bc4df4af06077f756a8e3a] 199.204.45.33 "GET /v2.0/networks?id=eed661db-5977-4446-add1-984c983143e5 HTTP/1.1" status: 200 len: 980 time: 0.0622470
2026-04-02 17:56:15.685 9 INFO neutron.wsgi [req-65d74811-93a6-4bf4-941b-b80e0cdc33db req-47b6acfa-0bbb-4030-b73b-0562668c6cdf 79db3ab00c1a4de2959a6231a9d52505 9f32f16e2d634a4e843a780e963d4603 - - 68f884a083bc4df4af06077f756a8e3a 68f884a083bc4df4af06077f756a8e3a] 199.204.45.33 "GET /v2.0/floatingips?fixed_ip_address=10.100.0.13&port_id=55fff1f5-78ab-4d43-887e-bd1b252822bd HTTP/1.1" status: 200 len: 1060 time: 0.0483992
2026-04-02 17:56:15.725 9 INFO neutron.wsgi [req-65d74811-93a6-4bf4-941b-b80e0cdc33db req-433a2d8c-23e5-437c-ab18-e3ace78347df 79db3ab00c1a4de2959a6231a9d52505 9f32f16e2d634a4e843a780e963d4603 - - 68f884a083bc4df4af06077f756a8e3a 68f884a083bc4df4af06077f756a8e3a] 199.204.45.33 "GET /v2.0/subnets?id=5f9d1c9c-f5b6-485c-b35a-ad0fd7685084 HTTP/1.1" status: 200 len: 876 time: 0.0322130
2026-04-02 17:56:15.752 9 INFO neutron.wsgi [req-65d74811-93a6-4bf4-941b-b80e0cdc33db req-0ad71d97-0b43-486d-be66-2e1b82d29e8e 79db3ab00c1a4de2959a6231a9d52505 9f32f16e2d634a4e843a780e963d4603 - - 68f884a083bc4df4af06077f756a8e3a 68f884a083bc4df4af06077f756a8e3a] 199.204.45.33 "GET /v2.0/ports?network_id=eed661db-5977-4446-add1-984c983143e5&device_owner=network%3Adhcp HTTP/1.1" status: 200 len: 210 time: 0.0201294
2026-04-02 17:56:15.818 9 INFO neutron.wsgi [req-65d74811-93a6-4bf4-941b-b80e0cdc33db req-2d04645e-1f2b-48fe-8f84-11fa6b387b02 79db3ab00c1a4de2959a6231a9d52505 9f32f16e2d634a4e843a780e963d4603 - - 68f884a083bc4df4af06077f756a8e3a 68f884a083bc4df4af06077f756a8e3a] 199.204.45.33 "GET /v2.0/networks/eed661db-5977-4446-add1-984c983143e5?fields=segments HTTP/1.1" status: 200 len: 212 time: 0.0583382
2026-04-02 17:56:15.882 9 INFO neutron.wsgi [req-65d74811-93a6-4bf4-941b-b80e0cdc33db req-196bd338-d33a-4ff8-a586-4af0083eb134 79db3ab00c1a4de2959a6231a9d52505 9f32f16e2d634a4e843a780e963d4603 - - 68f884a083bc4df4af06077f756a8e3a 68f884a083bc4df4af06077f756a8e3a] 199.204.45.33 "GET /v2.0/networks/eed661db-5977-4446-add1-984c983143e5?fields=provider%3Aphysical_network&fields=provider%3Anetwork_type HTTP/1.1" status: 200 len: 277 time: 0.0575972
2026-04-02 17:56:16.315 10 INFO neutron.wsgi [None req-c8254011-d4ee-425e-8e4f-0ef1e6734a93 6e572a2ffe884536a3857dbc19fff1ad d15d84c3f8b144fca4d23055a52e6571 - - default default] 10.0.0.116 "PUT /v2.0/routers/7a4f2e35-335c-46ef-b0ab-d036e700f590/remove_router_interface HTTP/1.1" status: 200 len: 503 time: 1.2432377 /var/lib/openstack/lib/python3.10/site-packages/pycadf/identifier.py:71: UserWarning: Invalid uuid: neutron. To ensure interoperability, identifiers should be a valid uuid. warnings.warn(('Invalid uuid: %s. To ensure interoperability, '
2026-04-02 17:56:17.104 10 WARNING neutron_lib.context [None req-24777051-9386-4924-92ce-68ae68d6d9e3 e3310fc4e86e478f82d8df957633130a b185cbe3db19465caf4ecac32172806d - - default default] Method 'is_advsvc' is deprecated since 2023.2 release (neutron-lib 3.8.0) and will be removed once support for the old RBAC API policies will be removed from Neutron. Please use method 'is_service_role' instead.
2026-04-02 17:56:17.143 9 INFO neutron.wsgi [None req-4e94babf-ae50-40fe-953b-a88e834e22c2 6e572a2ffe884536a3857dbc19fff1ad d15d84c3f8b144fca4d23055a52e6571 - - default default] 10.0.0.116 "DELETE /v2.0/routers/7a4f2e35-335c-46ef-b0ab-d036e700f590 HTTP/1.1" status: 204 len: 168 time: 0.8235328
2026-04-02 17:56:17.243 10 INFO neutron.db.ovn_revision_numbers_db [None req-24777051-9386-4924-92ce-68ae68d6d9e3 e3310fc4e86e478f82d8df957633130a b185cbe3db19465caf4ecac32172806d - - default default] Successfully bumped revision number for resource 4aa69c6e-7b98-4918-89a8-9f26fa71dd2b (type: security_groups) to 1
2026-04-02 17:56:17.256 10 INFO neutron.db.ovn_revision_numbers_db [None req-24777051-9386-4924-92ce-68ae68d6d9e3 e3310fc4e86e478f82d8df957633130a b185cbe3db19465caf4ecac32172806d - - default default] Successfully bumped revision number for resource 391d9c79-d6dc-4509-a562-cd90b79c6c0c (type: security_group_rules) to 0
2026-04-02 17:56:17.269 10 INFO neutron.db.ovn_revision_numbers_db [None req-24777051-9386-4924-92ce-68ae68d6d9e3 e3310fc4e86e478f82d8df957633130a b185cbe3db19465caf4ecac32172806d - - default default] Successfully bumped revision number for resource 503d0a75-4710-4046-b616-93a88e4354bc (type: security_group_rules) to 0
2026-04-02 17:56:17.283 10 INFO neutron.db.ovn_revision_numbers_db [None req-24777051-9386-4924-92ce-68ae68d6d9e3 e3310fc4e86e478f82d8df957633130a b185cbe3db19465caf4ecac32172806d - - default default] Successfully bumped revision number for resource 5c6a3737-4588-4f0a-a201-5e8de605d14b (type: security_group_rules) to 0
2026-04-02 17:56:17.297 10 INFO neutron.db.ovn_revision_numbers_db [None req-24777051-9386-4924-92ce-68ae68d6d9e3 e3310fc4e86e478f82d8df957633130a b185cbe3db19465caf4ecac32172806d - - default default] Successfully bumped revision number for resource 7edc504f-c954-44f2-854d-7fac994b2df6 (type: security_group_rules) to 0
2026-04-02 17:56:17.337 9 INFO neutron.wsgi [None req-b337b6f4-d06f-44fb-a458-4a2180a37d4d 6e572a2ffe884536a3857dbc19fff1ad d15d84c3f8b144fca4d23055a52e6571 - - default default] 10.0.0.116 "DELETE /v2.0/subnets/2e233d6d-8231-4e8e-aa6d-c0e0afbabe38 HTTP/1.1" status: 204 len: 168 time: 0.1896782
2026-04-02 17:56:17.348 10 INFO neutron.db.segments_db [None req-24777051-9386-4924-92ce-68ae68d6d9e3 e3310fc4e86e478f82d8df957633130a b185cbe3db19465caf4ecac32172806d - - default default] Added segment 342d9ffc-b0eb-4c45-bcfe-d720803b5b73 of type geneve for network 09101c23-a253-4877-93d3-2ecdfe316314
2026-04-02 17:56:17.504 10 INFO neutron.db.ovn_revision_numbers_db [None req-24777051-9386-4924-92ce-68ae68d6d9e3 e3310fc4e86e478f82d8df957633130a b185cbe3db19465caf4ecac32172806d - - default default] Successfully bumped revision number for resource 09101c23-a253-4877-93d3-2ecdfe316314 (type: networks) to 1
