2026-04-02 17:57:40.080 9 INFO neutron.wsgi [None req-0aca988b-520b-4f4e-96d2-287479083171 eec649cc195a4feb9b6ca2a8c5c5bc04 7dba373e32e84b3eac3c95e7a506456c - - default default] 10.0.0.116 "GET /v2.0/extensions/subnet-segmentid-writable HTTP/1.1" status: 200 len: 421 time: 0.0045550
2026-04-02 17:57:40.090 9 INFO neutron.wsgi [None req-4f572469-92d1-4e37-945d-56d31887fda1 eec649cc195a4feb9b6ca2a8c5c5bc04 7dba373e32e84b3eac3c95e7a506456c - - default default] 10.0.0.116 "GET /v2.0/extensions/subnet-service-types HTTP/1.1" status: 200 len: 400 time: 0.0065536
2026-04-02 17:57:40.097 9 INFO neutron.wsgi [None req-1e9e5d9e-9259-4427-adc0-bc0ff0907207 eec649cc195a4feb9b6ca2a8c5c5bc04 7dba373e32e84b3eac3c95e7a506456c - - default default] 10.0.0.116 "GET /v2.0/extensions/subnet_allocation HTTP/1.1" status: 200 len: 388 time: 0.0041192
2026-04-02 17:57:40.106 9 INFO neutron.wsgi [None req-7ec467e1-378e-4c60-a426-52059b00350b eec649cc195a4feb9b6ca2a8c5c5bc04 7dba373e32e84b3eac3c95e7a506456c - - default default] 10.0.0.116 "GET /v2.0/extensions/subnetpool-prefix-ops HTTP/1.1" status: 200 len: 418 time: 0.0031197
2026-04-02 17:57:40.115 9 INFO neutron.wsgi [None req-7cfa97c7-5f4f-4ef9-a120-a7d44c05fad7 eec649cc195a4feb9b6ca2a8c5c5bc04 7dba373e32e84b3eac3c95e7a506456c - - default default] 10.0.0.116 "GET /v2.0/extensions/standard-attr-tag HTTP/1.1" status: 200 len: 537 time: 0.0040960
2026-04-02 17:57:40.123 9 INFO neutron.wsgi [None req-9f0adf37-a086-4096-8e16-3f6207ef301e eec649cc195a4feb9b6ca2a8c5c5bc04 7dba373e32e84b3eac3c95e7a506456c - - default default] 10.0.0.116 "GET /v2.0/extensions/standard-attr-timestamp HTTP/1.1" status: 200 len: 449 time: 0.0038655
2026-04-02 17:57:40.130 9 INFO neutron.wsgi [None req-392a47e9-afa6-4b4e-ad6a-1a489c0bf87d eec649cc195a4feb9b6ca2a8c5c5bc04 7dba373e32e84b3eac3c95e7a506456c - - default default] 10.0.0.116 "GET /v2.0/extensions/trunk HTTP/1.1" status: 200 len: 358 time: 0.0043142
2026-04-02 17:57:40.139 9 INFO neutron.wsgi [None req-3e4c1956-02b6-40ef-a0c8-3c2389078c6f eec649cc195a4feb9b6ca2a8c5c5bc04 7dba373e32e84b3eac3c95e7a506456c - - default default] 10.0.0.116 "GET /v2.0/extensions/trunk-details HTTP/1.1" status: 200 len: 362 time: 0.0062976
2026-04-02 17:57:40.235 10 INFO neutron.services.segments.plugin [-] Segment d1d3b122-ce42-4471-93d0-86be8fb29a58 resource provider aggregate not found
2026-04-02 17:57:40.246 10 INFO neutron.services.segments.plugin [-] Segment d1d3b122-ce42-4471-93d0-86be8fb29a58 resource provider aggregate not found
2026-04-02 17:57:40.255 10 INFO neutron.services.segments.plugin [-] Segment d1d3b122-ce42-4471-93d0-86be8fb29a58 resource provider not found; error: Placement Client Error (4xx): {"errors": [{"status": 404, "title": "Not Found", "detail": "The resource could not be found.\n\n No resource provider with uuid d1d3b122-ce42-4471-93d0-86be8fb29a58 found for delete ", "request_id": "req-b2bd07a6-e3cd-48e0-a3b8-66c4063fe7ff"}]}
2026-04-02 17:57:40.266 10 INFO neutron.services.segments.plugin [-] Segment d1d3b122-ce42-4471-93d0-86be8fb29a58 resource provider not found; error: Placement Client Error (4xx): {"errors": [{"status": 404, "title": "Not Found", "detail": "The resource could not be found.\n\n No resource provider with uuid d1d3b122-ce42-4471-93d0-86be8fb29a58 found for delete ", "request_id": "req-0a68c85a-514a-4bf8-81c2-905504b68e6f"}]}
2026-04-02 17:57:40.282 10 INFO neutron.wsgi [None req-25c5f207-1f39-4b83-83e8-27fa2b589bf1 1ce16c7ce8f44d77a814167cbbb6e570 199121cf72074ab9a012b294338ad5e5 - - default default] 10.0.0.116 "DELETE /v2.0/networks/300c7c39-06c8-4876-bc9a-6755d5cbde55 HTTP/1.1" status: 204 len: 168 time: 0.4666293
2026-04-02 17:57:40.298 10 WARNING neutron_lib.context [None req-e170bc6c-f526-4ed5-810a-95142452b40b 1ce16c7ce8f44d77a814167cbbb6e570 199121cf72074ab9a012b294338ad5e5 - - default default] Method 'is_advsvc' is deprecated since 2023.2 release (neutron-lib 3.8.0) and will be removed once support for the old RBAC API policies will be removed from Neutron. Please use method 'is_service_role' instead.
2026-04-02 17:57:40.379 10 INFO neutron.db.segments_db [None req-e170bc6c-f526-4ed5-810a-95142452b40b 1ce16c7ce8f44d77a814167cbbb6e570 199121cf72074ab9a012b294338ad5e5 - - default default] Added segment 33c0568a-d4c8-4245-927c-5700d70c8bf4 of type geneve for network 3220312e-0c96-467d-aa03-20e303e64c1b
2026-04-02 17:57:40.528 10 INFO neutron.db.ovn_revision_numbers_db [None req-e170bc6c-f526-4ed5-810a-95142452b40b 1ce16c7ce8f44d77a814167cbbb6e570 199121cf72074ab9a012b294338ad5e5 - - default default] Successfully bumped revision number for resource 3220312e-0c96-467d-aa03-20e303e64c1b (type: networks) to 1
2026-04-02 17:57:40.716 10 WARNING neutron.scheduler.dhcp_agent_scheduler [None req-e170bc6c-f526-4ed5-810a-95142452b40b 1ce16c7ce8f44d77a814167cbbb6e570 199121cf72074ab9a012b294338ad5e5 - - default default] No more DHCP agents
2026-04-02 17:57:40.719 10 WARNING neutron.api.rpc.agentnotifiers.dhcp_rpc_agent_api [None req-e170bc6c-f526-4ed5-810a-95142452b40b 1ce16c7ce8f44d77a814167cbbb6e570 199121cf72074ab9a012b294338ad5e5 - - default default] Unable to schedule network 3220312e-0c96-467d-aa03-20e303e64c1b: no agents available; will retry on subsequent port and subnet creation events.
2026-04-02 17:57:40.805 10 INFO neutron.db.ovn_revision_numbers_db [None req-e170bc6c-f526-4ed5-810a-95142452b40b 1ce16c7ce8f44d77a814167cbbb6e570 199121cf72074ab9a012b294338ad5e5 - - default default] Successfully bumped revision number for resource 9327f53d-f4c4-4354-9af0-0955110758e2 (type: ports) to 1
2026-04-02 17:57:40.833 10 INFO neutron.wsgi [None req-e170bc6c-f526-4ed5-810a-95142452b40b 1ce16c7ce8f44d77a814167cbbb6e570 199121cf72074ab9a012b294338ad5e5 - - default default] 10.0.0.116 "POST /v2.0/networks HTTP/1.1" status: 201 len: 828 time: 0.5389361
2026-04-02 17:57:40.847 9 WARNING neutron_lib.context [None req-ca9fcae1-fc08-43b3-874d-6c6f99338752 1ce16c7ce8f44d77a814167cbbb6e570 199121cf72074ab9a012b294338ad5e5 - - default default] Method 'is_advsvc' is deprecated since 2023.2 release (neutron-lib 3.8.0) and will be removed once support for the old RBAC API policies will be removed from Neutron. Please use method 'is_service_role' instead.
2026-04-02 17:57:40.921 10 INFO neutron.db.ovn_revision_numbers_db [None req-fe893cd9-0237-4355-9608-75e41137d698 6e572a2ffe884536a3857dbc19fff1ad d15d84c3f8b144fca4d23055a52e6571 - - default default] Successfully bumped revision number for resource c6642076-839a-4d11-92d3-4525436bc409 (type: security_groups) to 1
2026-04-02 17:57:40.934 10 INFO neutron.db.ovn_revision_numbers_db [None req-fe893cd9-0237-4355-9608-75e41137d698 6e572a2ffe884536a3857dbc19fff1ad d15d84c3f8b144fca4d23055a52e6571 - - default default] Successfully bumped revision number for resource 1234b0bd-54c5-4f54-b53a-5d9cf931ed65 (type: security_group_rules) to 0
2026-04-02 17:57:40.945 9 INFO neutron.db.ovn_revision_numbers_db [None req-d3e3a0ad-6bbe-4563-8721-8e3f849a6bde 6e572a2ffe884536a3857dbc19fff1ad d15d84c3f8b144fca4d23055a52e6571 - - default default] Successfully bumped revision number for resource 600fda47-1770-4bc6-b95f-2e310b5d2a4d (type: security_groups) to 1
2026-04-02 17:57:40.952 10 INFO neutron.db.ovn_revision_numbers_db [None req-fe893cd9-0237-4355-9608-75e41137d698 6e572a2ffe884536a3857dbc19fff1ad d15d84c3f8b144fca4d23055a52e6571 - - default default] Successfully bumped revision number for resource 73ba4bdc-53be-43ad-bfac-a5241146ab8b (type: security_group_rules) to 0
2026-04-02 17:57:40.967 10 INFO neutron.db.ovn_revision_numbers_db [None req-fe893cd9-0237-4355-9608-75e41137d698 6e572a2ffe884536a3857dbc19fff1ad d15d84c3f8b144fca4d23055a52e6571 - - default default] Successfully bumped revision number for resource be964879-4765-49e8-84ae-d1777da4fdac (type: security_group_rules) to 0
2026-04-02 17:57:40.975 9 INFO neutron.db.ovn_revision_numbers_db [None req-d3e3a0ad-6bbe-4563-8721-8e3f849a6bde 6e572a2ffe884536a3857dbc19fff1ad d15d84c3f8b144fca4d23055a52e6571 - - default default] Successfully bumped revision number for resource 1d5119b0-bda0-4eff-86a5-60d04a07decb (type: security_group_rules) to 0
2026-04-02 17:57:40.979 10 INFO neutron.db.ovn_revision_numbers_db [None req-fe893cd9-0237-4355-9608-75e41137d698 6e572a2ffe884536a3857dbc19fff1ad d15d84c3f8b144fca4d23055a52e6571 - - default default] Successfully bumped revision number for resource cd6fb5ec-a589-4016-bc0b-e7fa1d02b11d (type: security_group_rules) to 0
2026-04-02 17:57:41.003 10 INFO neutron.wsgi [None req-fe893cd9-0237-4355-9608-75e41137d698 6e572a2ffe884536a3857dbc19fff1ad d15d84c3f8b144fca4d23055a52e6571 - - default default] 10.0.0.116 "GET /v2.0/security-groups?tenant_id=7dba373e32e84b3eac3c95e7a506456c&name=default HTTP/1.1" status: 200 len: 2996 time: 0.3273113
2026-04-02 17:57:41.004 9 INFO neutron.db.ovn_revision_numbers_db [None req-d3e3a0ad-6bbe-4563-8721-8e3f849a6bde 6e572a2ffe884536a3857dbc19fff1ad d15d84c3f8b144fca4d23055a52e6571 - - default default] Successfully bumped revision number for resource 5308dd66-769c-4ef0-9fe5-c1319c8dd0de (type: security_group_rules) to 0
2026-04-02 17:57:41.022 9 INFO neutron.db.ovn_revision_numbers_db [None req-d3e3a0ad-6bbe-4563-8721-8e3f849a6bde 6e572a2ffe884536a3857dbc19fff1ad d15d84c3f8b144fca4d23055a52e6571 - - default default] Successfully bumped revision number for resource d2212af4-4ca7-4573-9e48-3c5220d733a8 (type: security_group_rules) to 0
2026-04-02 17:57:41.047 9 INFO neutron.db.ovn_revision_numbers_db [None req-d3e3a0ad-6bbe-4563-8721-8e3f849a6bde 6e572a2ffe884536a3857dbc19fff1ad d15d84c3f8b144fca4d23055a52e6571 - - default default] Successfully bumped revision number for resource f0e7737a-243c-4df5-9372-319faa5495ca (type: security_group_rules) to 0
2026-04-02 17:57:41.082 9 INFO neutron.wsgi [None req-d3e3a0ad-6bbe-4563-8721-8e3f849a6bde 6e572a2ffe884536a3857dbc19fff1ad d15d84c3f8b144fca4d23055a52e6571 - - default default] 10.0.0.116 "GET /v2.0/security-groups?tenant_id=d8bb3ac0f1b8443783f4bdd879e91936&name=default HTTP/1.1" status: 200 len: 2996 time: 0.4489033
2026-04-02 17:57:41.115 9 WARNING neutron.scheduler.dhcp_agent_scheduler [None req-ca9fcae1-fc08-43b3-874d-6c6f99338752 1ce16c7ce8f44d77a814167cbbb6e570 199121cf72074ab9a012b294338ad5e5 - - default default] No more DHCP agents
2026-04-02 17:57:41.117 9 WARNING neutron.api.rpc.agentnotifiers.dhcp_rpc_agent_api [None req-ca9fcae1-fc08-43b3-874d-6c6f99338752 1ce16c7ce8f44d77a814167cbbb6e570 199121cf72074ab9a012b294338ad5e5 - - default default] Unable to schedule network 3220312e-0c96-467d-aa03-20e303e64c1b: no agents available; will retry on subsequent port and subnet creation events.
2026-04-02 17:57:41.242 10 INFO neutron.wsgi [None req-c09db1ff-3a74-406c-ba9d-c276ae6cee3c 6e572a2ffe884536a3857dbc19fff1ad d15d84c3f8b144fca4d23055a52e6571 - - default default] 10.0.0.116 "DELETE /v2.0/security-groups/c6642076-839a-4d11-92d3-4525436bc409 HTTP/1.1" status: 204 len: 168 time: 0.2301900
2026-04-02 17:57:41.307 10 INFO neutron.wsgi [None req-49a7eca5-ee44-4642-b981-6eb310d95e51 6e572a2ffe884536a3857dbc19fff1ad d15d84c3f8b144fca4d23055a52e6571 - - default default] 10.0.0.116 "DELETE /v2.0/security-groups/600fda47-1770-4bc6-b95f-2e310b5d2a4d HTTP/1.1" status: 204 len: 168 time: 0.2185278
2026-04-02 17:57:41.563 9 INFO neutron.db.ovn_revision_numbers_db [None req-ca9fcae1-fc08-43b3-874d-6c6f99338752 1ce16c7ce8f44d77a814167cbbb6e570 199121cf72074ab9a012b294338ad5e5 - - default default] Successfully bumped revision number for resource 9327f53d-f4c4-4354-9af0-0955110758e2 (type: ports) to 2
2026-04-02 17:57:41.601 9 INFO neutron.db.ovn_revision_numbers_db [None req-ca9fcae1-fc08-43b3-874d-6c6f99338752 1ce16c7ce8f44d77a814167cbbb6e570 199121cf72074ab9a012b294338ad5e5 - - default default] Successfully bumped revision number for resource a5678d58-f405-48c5-a9ce-4acec7240665 (type: subnets) to 0
2026-04-02 17:57:41.620 9 INFO neutron.wsgi [None req-ca9fcae1-fc08-43b3-874d-6c6f99338752 1ce16c7ce8f44d77a814167cbbb6e570 199121cf72074ab9a012b294338ad5e5 - - default default] 10.0.0.116 "POST /v2.0/subnets HTTP/1.1" status: 201 len: 801 time: 0.7790358
2026-04-02 17:57:41.628 9 WARNING neutron_lib.context [None req-9591d53a-d000-44b1-b83f-44151769181f 1ce16c7ce8f44d77a814167cbbb6e570 199121cf72074ab9a012b294338ad5e5 - - default default] Method 'is_advsvc' is deprecated since 2023.2 release (neutron-lib 3.8.0) and will be removed once support for the old RBAC API policies will be removed from Neutron. Please use method 'is_service_role' instead.
2026-04-02 17:57:41.783 9 INFO neutron.db.ovn_revision_numbers_db [None req-9591d53a-d000-44b1-b83f-44151769181f 1ce16c7ce8f44d77a814167cbbb6e570 199121cf72074ab9a012b294338ad5e5 - - default default] Successfully bumped revision number for resource dcd952a2-c2f8-4d72-a6ed-349782a3780a (type: routers) to 1
2026-04-02 17:57:41.796 9 INFO neutron.wsgi [None req-9591d53a-d000-44b1-b83f-44151769181f 1ce16c7ce8f44d77a814167cbbb6e570 199121cf72074ab9a012b294338ad5e5 - - default default] 10.0.0.116 "POST /v2.0/routers HTTP/1.1" status: 201 len: 687 time: 0.1717174
2026-04-02 17:57:42.265 9 WARNING neutron.scheduler.dhcp_agent_scheduler [None req-c3a6bbf6-a65a-416b-a48e-f0b8f895d5e2 1ce16c7ce8f44d77a814167cbbb6e570 199121cf72074ab9a012b294338ad5e5 - - default default] No more DHCP agents
2026-04-02 17:57:42.269 9 WARNING neutron.api.rpc.agentnotifiers.dhcp_rpc_agent_api [None req-c3a6bbf6-a65a-416b-a48e-f0b8f895d5e2 1ce16c7ce8f44d77a814167cbbb6e570 199121cf72074ab9a012b294338ad5e5 - - default default] Unable to schedule network 3220312e-0c96-467d-aa03-20e303e64c1b: no agents available; will retry on subsequent port and subnet creation events.
2026-04-02 17:57:42.441 10 INFO neutron.db.ovn_revision_numbers_db [None req-119db2cc-efd9-4aa1-a1e4-5c4c2beb2de0 6e572a2ffe884536a3857dbc19fff1ad d15d84c3f8b144fca4d23055a52e6571 - - default default] Successfully bumped revision number for resource 6bfc8195-24ef-489f-9d74-67b0bff298c6 (type: security_groups) to 1
2026-04-02 17:57:42.455 10 INFO neutron.db.ovn_revision_numbers_db [None req-119db2cc-efd9-4aa1-a1e4-5c4c2beb2de0 6e572a2ffe884536a3857dbc19fff1ad d15d84c3f8b144fca4d23055a52e6571 - - default default] Successfully bumped revision number for resource 0bbbb2fb-337b-4fec-82a0-846350846dea (type: security_group_rules) to 0
2026-04-02 17:57:42.460 9 INFO neutron.db.ovn_revision_numbers_db [None req-c3a6bbf6-a65a-416b-a48e-f0b8f895d5e2 1ce16c7ce8f44d77a814167cbbb6e570 199121cf72074ab9a012b294338ad5e5 - - default default] Successfully bumped revision number for resource 413f5752-7bdb-4cec-812e-5e7ab60d1594 (type: ports) to 1
2026-04-02 17:57:42.470 10 INFO neutron.db.ovn_revision_numbers_db [None req-119db2cc-efd9-4aa1-a1e4-5c4c2beb2de0 6e572a2ffe884536a3857dbc19fff1ad d15d84c3f8b144fca4d23055a52e6571 - - default default] Successfully bumped revision number for resource 0bc44ae8-18d2-44e5-9434-34bda6e8e8bc (type: security_group_rules) to 0
2026-04-02 17:57:42.484 10 INFO neutron.db.ovn_revision_numbers_db [None req-119db2cc-efd9-4aa1-a1e4-5c4c2beb2de0 6e572a2ffe884536a3857dbc19fff1ad d15d84c3f8b144fca4d23055a52e6571 - - default default] Successfully bumped revision number for resource cb263553-443f-4dcb-a8cf-ef2881268427 (type: security_group_rules) to 0
2026-04-02 17:57:42.499 10 INFO neutron.db.ovn_revision_numbers_db [None req-119db2cc-efd9-4aa1-a1e4-5c4c2beb2de0 6e572a2ffe884536a3857dbc19fff1ad d15d84c3f8b144fca4d23055a52e6571 - - default default] Successfully bumped revision number for resource e9f91586-08e3-43a9-9779-156ad65d1d10 (type: security_group_rules) to 0
2026-04-02 17:57:42.521 10 INFO neutron.wsgi [None req-119db2cc-efd9-4aa1-a1e4-5c4c2beb2de0 6e572a2ffe884536a3857dbc19fff1ad d15d84c3f8b144fca4d23055a52e6571 - - default default] 10.0.0.116 "GET /v2.0/security-groups?tenant_id=40b1cd8e160f4574ac11a3805b09d93e&name=default HTTP/1.1" status: 200 len: 2996 time: 0.3946266
2026-04-02 17:57:42.729 10 INFO neutron.wsgi [None req-07aafd30-afb3-438d-a10d-c16d12e8989e 6e572a2ffe884536a3857dbc19fff1ad d15d84c3f8b144fca4d23055a52e6571 - - default default] 10.0.0.116 "DELETE /v2.0/security-groups/6bfc8195-24ef-489f-9d74-67b0bff298c6 HTTP/1.1" status: 204 len: 168 time: 0.1941984
2026-04-02 17:57:42.825 9 INFO neutron.db.ovn_revision_numbers_db [None req-c3a6bbf6-a65a-416b-a48e-f0b8f895d5e2 1ce16c7ce8f44d77a814167cbbb6e570 199121cf72074ab9a012b294338ad5e5 - - default default] Successfully bumped revision number for resource 413f5752-7bdb-4cec-812e-5e7ab60d1594 (type: router_ports) to 1
2026-04-02 17:57:42.904 10 WARNING neutron.plugins.ml2.drivers.ovn.mech_driver.ovsdb.ovn_client [None req-723bc847-d115-40b4-a729-a180a8ccbf88 - - - - - -] No port found with ID 6992e300-9afc-4203-81df-9fd02d274667: RuntimeError: No port found with ID 6992e300-9afc-4203-81df-9fd02d274667
2026-04-02 17:57:42.904 10 INFO neutron.plugins.ml2.drivers.ovn.mech_driver.mech_driver [None req-723bc847-d115-40b4-a729-a180a8ccbf88 - - - - - -] OVN reports status up for port: 413f5752-7bdb-4cec-812e-5e7ab60d1594
2026-04-02 17:57:42.914 10 INFO neutron.plugins.ml2.plugin [None req-723bc847-d115-40b4-a729-a180a8ccbf88 - - - - - -] Attempt 1 to provision port 413f5752-7bdb-4cec-812e-5e7ab60d1594
2026-04-02 17:57:43.016 9 INFO neutron.db.ovn_revision_numbers_db [None req-c3a6bbf6-a65a-416b-a48e-f0b8f895d5e2 1ce16c7ce8f44d77a814167cbbb6e570 199121cf72074ab9a012b294338ad5e5 - - default default] Successfully bumped revision number for resource 413f5752-7bdb-4cec-812e-5e7ab60d1594 (type: ports) to 1
2026-04-02 17:57:43.091 9 WARNING neutron.scheduler.dhcp_agent_scheduler [None req-c3a6bbf6-a65a-416b-a48e-f0b8f895d5e2 1ce16c7ce8f44d77a814167cbbb6e570 199121cf72074ab9a012b294338ad5e5 - - default default] No more DHCP agents
2026-04-02 17:57:43.092 9 WARNING neutron.api.rpc.agentnotifiers.dhcp_rpc_agent_api [None req-c3a6bbf6-a65a-416b-a48e-f0b8f895d5e2 1ce16c7ce8f44d77a814167cbbb6e570 199121cf72074ab9a012b294338ad5e5 - - default default] Unable to schedule network 3220312e-0c96-467d-aa03-20e303e64c1b: no agents available; will retry on subsequent port and subnet creation events.
2026-04-02 17:57:43.143 9 WARNING neutron_lib.context [None req-a1728f30-2327-41ab-956e-4042c65dfcee add0b10da88e4bfb921631bf29839673 0fd159c328ee4cbca3b990fc774abe86 - - default default] Method 'is_advsvc' is deprecated since 2023.2 release (neutron-lib 3.8.0) and will be removed once support for the old RBAC API policies will be removed from Neutron. Please use method 'is_service_role' instead.
2026-04-02 17:57:43.220 10 INFO neutron.db.ovn_revision_numbers_db [None req-723bc847-d115-40b4-a729-a180a8ccbf88 - - - - - -] Successfully bumped revision number for resource 413f5752-7bdb-4cec-812e-5e7ab60d1594 (type: ports) to 2
2026-04-02 17:57:43.280 9 INFO neutron.db.ovn_revision_numbers_db [None req-c3a6bbf6-a65a-416b-a48e-f0b8f895d5e2 1ce16c7ce8f44d77a814167cbbb6e570 199121cf72074ab9a012b294338ad5e5 - - default default] Successfully bumped revision number for resource 413f5752-7bdb-4cec-812e-5e7ab60d1594 (type: router_ports) to 2
2026-04-02 17:57:43.283 9 INFO neutron.wsgi [None req-c3a6bbf6-a65a-416b-a48e-f0b8f895d5e2 1ce16c7ce8f44d77a814167cbbb6e570 199121cf72074ab9a012b294338ad5e5 - - default default] 10.0.0.116 "PUT /v2.0/routers/dcd952a2-c2f8-4d72-a6ed-349782a3780a/add_router_interface HTTP/1.1" status: 200 len: 503 time: 1.4813905
2026-04-02 17:57:43.361 9 INFO neutron.db.ovn_revision_numbers_db [None req-a1728f30-2327-41ab-956e-4042c65dfcee add0b10da88e4bfb921631bf29839673 0fd159c328ee4cbca3b990fc774abe86 - - default default] Successfully bumped revision number for resource b2b50df6-a089-4d35-bd62-edfd8daa92a0 (type: security_groups) to 1
2026-04-02 17:57:43.377 9 INFO neutron.db.ovn_revision_numbers_db [None req-a1728f30-2327-41ab-956e-4042c65dfcee add0b10da88e4bfb921631bf29839673 0fd159c328ee4cbca3b990fc774abe86 - - default default] Successfully bumped revision number for resource 07ab4f76-b555-4ff1-9e95-1e808aff1645 (type: security_group_rules) to 0
2026-04-02 17:57:43.382 10 INFO neutron.wsgi [None req-b55fd918-fa98-414f-9dac-e2a09b6a039c 1ce16c7ce8f44d77a814167cbbb6e570 199121cf72074ab9a012b294338ad5e5 - - default default] 10.0.0.116 "GET /v2.0/ports/413f5752-7bdb-4cec-812e-5e7ab60d1594 HTTP/1.1" status: 200 len: 1137 time: 0.0916996
2026-04-02 17:57:43.394 9 INFO neutron.db.ovn_revision_numbers_db [None req-a1728f30-2327-41ab-956e-4042c65dfcee add0b10da88e4bfb921631bf29839673 0fd159c328ee4cbca3b990fc774abe86 - - default default] Successfully bumped revision number for resource 22d08807-c2b7-4a57-b15e-88c3c703b05f (type: security_group_rules) to 0
2026-04-02 17:57:43.407 9 INFO neutron.db.ovn_revision_numbers_db [None req-a1728f30-2327-41ab-956e-4042c65dfcee add0b10da88e4bfb921631bf29839673 0fd159c328ee4cbca3b990fc774abe86 - - default default] Successfully bumped revision number for resource 708a913b-9c10-4013-a3bf-f3f4a997e640 (type: security_group_rules) to 0
2026-04-02 17:57:43.423 9 INFO neutron.db.ovn_revision_numbers_db [None req-a1728f30-2327-41ab-956e-4042c65dfcee add0b10da88e4bfb921631bf29839673 0fd159c328ee4cbca3b990fc774abe86 - - default default] Successfully bumped revision number for resource 7f0c2f93-e955-4c9a-afee-b7afc1591c30 (type: security_group_rules) to 0
2026-04-02 17:57:43.427 10 INFO neutron.wsgi [None req-654ad55a-ddcf-408f-84f3-8f579a5baec5 1ce16c7ce8f44d77a814167cbbb6e570 199121cf72074ab9a012b294338ad5e5 - - default default] 10.0.0.116 "GET /v2.0/ports/413f5752-7bdb-4cec-812e-5e7ab60d1594 HTTP/1.1" status: 200 len: 1137 time: 0.0398180
2026-04-02 17:57:43.480 9 INFO neutron.db.segments_db [None req-a1728f30-2327-41ab-956e-4042c65dfcee add0b10da88e4bfb921631bf29839673 0fd159c328ee4cbca3b990fc774abe86 - - default default] Added segment 4e578465-8c60-4b66-b05b-103652dbef82 of type geneve for network ff96e660-bda9-45c6-a0da-4040862eedc7
2026-04-02 17:57:43.620 9 INFO neutron.db.ovn_revision_numbers_db [None req-a1728f30-2327-41ab-956e-4042c65dfcee add0b10da88e4bfb921631bf29839673 0fd159c328ee4cbca3b990fc774abe86 - - default default] Successfully bumped revision number for resource ff96e660-bda9-45c6-a0da-4040862eedc7 (type: networks) to 1
2026-04-02 17:57:43.792 9 WARNING neutron.scheduler.dhcp_agent_scheduler [None req-a1728f30-2327-41ab-956e-4042c65dfcee add0b10da88e4bfb921631bf29839673 0fd159c328ee4cbca3b990fc774abe86 - - default default] No more DHCP agents
2026-04-02 17:57:43.794 9 WARNING neutron.api.rpc.agentnotifiers.dhcp_rpc_agent_api [None req-a1728f30-2327-41ab-956e-4042c65dfcee add0b10da88e4bfb921631bf29839673 0fd159c328ee4cbca3b990fc774abe86 - - default default] Unable to schedule network ff96e660-bda9-45c6-a0da-4040862eedc7: no agents available; will retry on subsequent port and subnet creation events.
2026-04-02 17:57:43.882 9 INFO neutron.db.ovn_revision_numbers_db [None req-a1728f30-2327-41ab-956e-4042c65dfcee add0b10da88e4bfb921631bf29839673 0fd159c328ee4cbca3b990fc774abe86 - - default default] Successfully bumped revision number for resource d44e4fe0-890c-4bbd-86ca-d0be925e96fe (type: ports) to 1
2026-04-02 17:57:43.905 9 INFO neutron.wsgi [None req-a1728f30-2327-41ab-956e-4042c65dfcee add0b10da88e4bfb921631bf29839673 0fd159c328ee4cbca3b990fc774abe86 - - default default] 10.0.0.116 "POST /v2.0/networks HTTP/1.1" status: 201 len: 842 time: 0.8621554
2026-04-02 17:57:43.950 9 WARNING neutron_lib.context [None req-802d6fff-7365-4da7-b868-ac6162c4c794 add0b10da88e4bfb921631bf29839673 0fd159c328ee4cbca3b990fc774abe86 - - default default] Method 'is_advsvc' is deprecated since 2023.2 release (neutron-lib 3.8.0) and will be removed once support for the old RBAC API policies will be removed from Neutron. Please use method 'is_service_role' instead.
2026-04-02 17:57:44.118 10 INFO neutron.wsgi [None req-cbf69001-441f-4362-a5fd-a716ba309b11 1ce16c7ce8f44d77a814167cbbb6e570 199121cf72074ab9a012b294338ad5e5 - - default default] 10.0.0.116 "PUT /v2.0/routers/dcd952a2-c2f8-4d72-a6ed-349782a3780a/remove_router_interface HTTP/1.1" status: 200 len: 503 time: 0.6855869 /var/lib/openstack/lib/python3.10/site-packages/pycadf/identifier.py:71: UserWarning: Invalid uuid: neutron. To ensure interoperability, identifiers should be a valid uuid. warnings.warn(('Invalid uuid: %s. To ensure interoperability, '
2026-04-02 17:57:44.152 10 INFO neutron.wsgi [None req-e39e3054-44a2-4c90-aed0-41863cf8dfc3 1ce16c7ce8f44d77a814167cbbb6e570 199121cf72074ab9a012b294338ad5e5 - - default default] 10.0.0.116 "GET /v2.0/ports?device_id=dcd952a2-c2f8-4d72-a6ed-349782a3780a HTTP/1.1" status: 200 len: 205 time: 0.0284996
2026-04-02 17:57:44.238 9 WARNING neutron.scheduler.dhcp_agent_scheduler [None req-802d6fff-7365-4da7-b868-ac6162c4c794 add0b10da88e4bfb921631bf29839673 0fd159c328ee4cbca3b990fc774abe86 - - default default] No more DHCP agents
2026-04-02 17:57:44.241 9 WARNING neutron.api.rpc.agentnotifiers.dhcp_rpc_agent_api [None req-802d6fff-7365-4da7-b868-ac6162c4c794 add0b10da88e4bfb921631bf29839673 0fd159c328ee4cbca3b990fc774abe86 - - default default] Unable to schedule network ff96e660-bda9-45c6-a0da-4040862eedc7: no agents available; will retry on subsequent port and subnet creation events.
2026-04-02 17:57:44.414 10 INFO neutron.wsgi [None req-119e4ad7-1cc3-4bf2-9718-af096f022c5b 1ce16c7ce8f44d77a814167cbbb6e570 199121cf72074ab9a012b294338ad5e5 - - default default] 10.0.0.116 "DELETE /v2.0/routers/dcd952a2-c2f8-4d72-a6ed-349782a3780a HTTP/1.1" status: 204 len: 168 time: 0.2566812
2026-04-02 17:57:44.618 10 INFO neutron.wsgi [None req-26e2218e-f843-4cc0-a477-132c2d54f488 1ce16c7ce8f44d77a814167cbbb6e570 199121cf72074ab9a012b294338ad5e5 - - default default] 10.0.0.116 "DELETE /v2.0/subnets/a5678d58-f405-48c5-a9ce-4acec7240665 HTTP/1.1" status: 204 len: 168 time: 0.1984942
2026-04-02 17:57:44.772 9 INFO neutron.db.ovn_revision_numbers_db [None req-802d6fff-7365-4da7-b868-ac6162c4c794 add0b10da88e4bfb921631bf29839673 0fd159c328ee4cbca3b990fc774abe86 - - default default] Successfully bumped revision number for resource d44e4fe0-890c-4bbd-86ca-d0be925e96fe (type: ports) to 2
2026-04-02 17:57:44.825 9 INFO neutron.db.ovn_revision_numbers_db [None req-802d6fff-7365-4da7-b868-ac6162c4c794 add0b10da88e4bfb921631bf29839673 0fd159c328ee4cbca3b990fc774abe86 - - default default] Successfully bumped revision number for resource 27feee39-ff5a-4b15-a115-7261b0f55935 (type: subnets) to 0
2026-04-02 17:57:44.851 9 INFO neutron.wsgi [None req-802d6fff-7365-4da7-b868-ac6162c4c794 add0b10da88e4bfb921631bf29839673 0fd159c328ee4cbca3b990fc774abe86 - - default default] 10.0.0.116 "POST /v2.0/subnets HTTP/1.1" status: 201 len: 816 time: 0.9097106
2026-04-02 17:57:44.866 10 WARNING neutron_lib.context [None req-e3f042ec-ab96-4024-954a-c563239d6ca1 add0b10da88e4bfb921631bf29839673 0fd159c328ee4cbca3b990fc774abe86 - - default default] Method 'is_advsvc' is deprecated since 2023.2 release (neutron-lib 3.8.0) and will be removed once support for the old RBAC API policies will be removed from Neutron. Please use method 'is_service_role' instead.
2026-04-02 17:57:44.942 10 INFO neutron.db.segments_db [None req-e3f042ec-ab96-4024-954a-c563239d6ca1 add0b10da88e4bfb921631bf29839673 0fd159c328ee4cbca3b990fc774abe86 - - default default] Added segment 7eeccbdf-e9cc-4383-b49f-b2d3cda2121a of type geneve for network 7553bc2d-fcc1-4439-a2ac-aa217b3a9bc5
2026-04-02 17:57:45.031 9 INFO neutron.services.segments.plugin [-] Segment 33c0568a-d4c8-4245-927c-5700d70c8bf4 resource provider aggregate not found
2026-04-02 17:57:45.036 9 INFO neutron.services.segments.plugin [-] Segment 33c0568a-d4c8-4245-927c-5700d70c8bf4 resource provider aggregate not found
2026-04-02 17:57:45.053 9 INFO neutron.services.segments.plugin [-] Segment 33c0568a-d4c8-4245-927c-5700d70c8bf4 resource provider not found; error: Placement Client Error (4xx): {"errors": [{"status": 404, "title": "Not Found", "detail": "The resource could not be found.\n\n No resource provider with uuid 33c0568a-d4c8-4245-927c-5700d70c8bf4 found for delete ", "request_id": "req-020442bc-341f-42a5-af35-8b320b3a41f0"}]}
2026-04-02 17:57:45.055 9 INFO neutron.services.segments.plugin [-] Segment 33c0568a-d4c8-4245-927c-5700d70c8bf4 resource provider not found; error: Placement Client Error (4xx): {"errors": [{"status": 404, "title": "Not Found", "detail": "The resource could not be found.\n\n No resource provider with uuid 33c0568a-d4c8-4245-927c-5700d70c8bf4 found for delete ", "request_id": "req-b2a47ab9-fbc7-4d2d-a179-bd8dcdaaa3b7"}]}
2026-04-02 17:57:45.076 9 INFO neutron.wsgi [None req-3c274d9b-d8a8-4251-aefe-02166a0e933d 1ce16c7ce8f44d77a814167cbbb6e570 199121cf72074ab9a012b294338ad5e5 - - default default] 10.0.0.116 "DELETE /v2.0/networks/3220312e-0c96-467d-aa03-20e303e64c1b HTTP/1.1" status: 204 len: 168 time: 0.4516876
2026-04-02 17:57:45.087 10 WARNING neutron_lib.context [None req-454ab7da-8f51-4a9a-bd08-ce063bd064ae 1ce16c7ce8f44d77a814167cbbb6e570 199121cf72074ab9a012b294338ad5e5 - - default default] Method 'is_advsvc' is deprecated since 2023.2 release (neutron-lib 3.8.0) and will be removed once support for the old RBAC API policies will be removed from Neutron. Please use method 'is_service_role' instead.
2026-04-02 17:57:45.091 10 INFO neutron.db.ovn_revision_numbers_db [None req-e3f042ec-ab96-4024-954a-c563239d6ca1 add0b10da88e4bfb921631bf29839673 0fd159c328ee4cbca3b990fc774abe86 - - default default] Successfully bumped revision number for resource 7553bc2d-fcc1-4439-a2ac-aa217b3a9bc5 (type: networks) to 1
2026-04-02 17:57:45.536 10 WARNING neutron.scheduler.dhcp_agent_scheduler [None req-e3f042ec-ab96-4024-954a-c563239d6ca1 add0b10da88e4bfb921631bf29839673 0fd159c328ee4cbca3b990fc774abe86 - - default default] No more DHCP agents
2026-04-02 17:57:45.542 10 WARNING neutron.api.rpc.agentnotifiers.dhcp_rpc_agent_api [None req-e3f042ec-ab96-4024-954a-c563239d6ca1 add0b10da88e4bfb921631bf29839673 0fd159c328ee4cbca3b990fc774abe86 - - default default] Unable to schedule network 7553bc2d-fcc1-4439-a2ac-aa217b3a9bc5: no agents available; will retry on subsequent port and subnet creation events.
2026-04-02 17:57:45.646 10 INFO neutron.db.ovn_revision_numbers_db [None req-e3f042ec-ab96-4024-954a-c563239d6ca1 add0b10da88e4bfb921631bf29839673 0fd159c328ee4cbca3b990fc774abe86 - - default default] Successfully bumped revision number for resource e067653f-2d89-4b20-a530-f5f9e79655a4 (type: ports) to 1
2026-04-02 17:57:45.674 10 INFO neutron.wsgi [None req-e3f042ec-ab96-4024-954a-c563239d6ca1 add0b10da88e4bfb921631bf29839673 0fd159c328ee4cbca3b990fc774abe86 - - default default] 10.0.0.116 "POST /v2.0/networks HTTP/1.1" status: 201 len: 843 time: 0.8172407
2026-04-02 17:57:45.826 10 WARNING neutron.scheduler.dhcp_agent_scheduler [None req-454ab7da-8f51-4a9a-bd08-ce063bd064ae 1ce16c7ce8f44d77a814167cbbb6e570 199121cf72074ab9a012b294338ad5e5 - - default default] No more DHCP agents
2026-04-02 17:57:45.834 10 WARNING neutron.api.rpc.agentnotifiers.dhcp_rpc_agent_api [None req-454ab7da-8f51-4a9a-bd08-ce063bd064ae 1ce16c7ce8f44d77a814167cbbb6e570 199121cf72074ab9a012b294338ad5e5 - - default default] Unable to schedule network 8134dd1c-f936-4b4a-8827-84d8f7e38382: no agents available; will retry on subsequent port and subnet creation events.
2026-04-02 17:57:45.923 10 INFO neutron.db.ovn_revision_numbers_db [None req-28eedfc0-cd71-4916-8455-63f91aca1973 add0b10da88e4bfb921631bf29839673 0fd159c328ee4cbca3b990fc774abe86 - - default default] Successfully bumped revision number for resource 7553bc2d-fcc1-4439-a2ac-aa217b3a9bc5 (type: networks) to 2
2026-04-02 17:57:45.926 10 INFO neutron.wsgi [None req-28eedfc0-cd71-4916-8455-63f91aca1973 add0b10da88e4bfb921631bf29839673 0fd159c328ee4cbca3b990fc774abe86 - - default default] 10.0.0.116 "PUT /v2.0/networks/7553bc2d-fcc1-4439-a2ac-aa217b3a9bc5 HTTP/1.1" status: 200 len: 792 time: 0.2461452
2026-04-02 17:57:45.937 10 WARNING neutron_lib.context [None req-0d185e80-c1ca-44e3-8b73-478e93b73038 add0b10da88e4bfb921631bf29839673 0fd159c328ee4cbca3b990fc774abe86 - - default default] Method 'is_advsvc' is deprecated since 2023.2 release (neutron-lib 3.8.0) and will be removed once support for the old RBAC API policies will be removed from Neutron. Please use method 'is_service_role' instead.
2026-04-02 17:57:45.981 9 INFO neutron.db.ovn_revision_numbers_db [None req-f14ab68a-c216-4b4c-bbae-666fcc118913 6e572a2ffe884536a3857dbc19fff1ad d15d84c3f8b144fca4d23055a52e6571 - - default default] Successfully bumped revision number for resource 20c72f64-c60d-4cd7-8ac6-aa9a8d11ac72 (type: security_groups) to 1
2026-04-02 17:57:45.999 9 INFO neutron.db.ovn_revision_numbers_db [None req-f14ab68a-c216-4b4c-bbae-666fcc118913 6e572a2ffe884536a3857dbc19fff1ad d15d84c3f8b144fca4d23055a52e6571 - - default default] Successfully bumped revision number for resource 3c4f4716-7db8-499d-9146-b0e2bbb45024 (type: security_group_rules) to 0
2026-04-02 17:57:46.014 9 INFO neutron.db.ovn_revision_numbers_db [None req-f14ab68a-c216-4b4c-bbae-666fcc118913 6e572a2ffe884536a3857dbc19fff1ad d15d84c3f8b144fca4d23055a52e6571 - - default default] Successfully bumped revision number for resource 710fad49-7da5-447e-869e-6dafaa1550fc (type: security_group_rules) to 0
2026-04-02 17:57:46.034 9 INFO neutron.db.ovn_revision_numbers_db [None req-f14ab68a-c216-4b4c-bbae-666fcc118913 6e572a2ffe884536a3857dbc19fff1ad d15d84c3f8b144fca4d23055a52e6571 - - default default] Successfully bumped revision number for resource 7601a4fe-ce6e-4e80-8141-c5704be68c27 (type: security_group_rules) to 0
2026-04-02 17:57:46.048 9 INFO neutron.db.ovn_revision_numbers_db [None req-f14ab68a-c216-4b4c-bbae-666fcc118913 6e572a2ffe884536a3857dbc19fff1ad d15d84c3f8b144fca4d23055a52e6571 - - default default] Successfully bumped revision number for resource 8f44426d-2fe2-451f-8051-cda2467c9a7b (type: security_group_rules) to 0
2026-04-02 17:57:46.070 10 INFO neutron.db.ovn_revision_numbers_db [None req-454ab7da-8f51-4a9a-bd08-ce063bd064ae 1ce16c7ce8f44d77a814167cbbb6e570 199121cf72074ab9a012b294338ad5e5 - - default default] Successfully bumped revision number for resource 70d20499-86cb-46f7-8989-2c87dc407dd6 (type: ports) to 1
2026-04-02 17:57:46.074 9 INFO neutron.wsgi [None req-f14ab68a-c216-4b4c-bbae-666fcc118913 6e572a2ffe884536a3857dbc19fff1ad d15d84c3f8b144fca4d23055a52e6571 - - default default] 10.0.0.116 "GET /v2.0/security-groups?tenant_id=df1c82b12d8645bd935a5a51c52bf76b&name=default HTTP/1.1" status: 200 len: 2996 time: 0.3935082
2026-04-02 17:57:46.255 9 INFO neutron.wsgi [None req-24686a72-5c62-4581-959f-50ddac992318 6e572a2ffe884536a3857dbc19fff1ad d15d84c3f8b144fca4d23055a52e6571 - - default default] 10.0.0.116 "DELETE /v2.0/security-groups/20c72f64-c60d-4cd7-8ac6-aa9a8d11ac72 HTTP/1.1" status: 204 len: 168 time: 0.1749566
2026-04-02 17:57:46.288 10 WARNING neutron.scheduler.dhcp_agent_scheduler [None req-0d185e80-c1ca-44e3-8b73-478e93b73038 add0b10da88e4bfb921631bf29839673 0fd159c328ee4cbca3b990fc774abe86 - - default default] No more DHCP agents
2026-04-02 17:57:46.292 10 WARNING neutron.api.rpc.agentnotifiers.dhcp_rpc_agent_api [None req-0d185e80-c1ca-44e3-8b73-478e93b73038 add0b10da88e4bfb921631bf29839673 0fd159c328ee4cbca3b990fc774abe86 - - default default] Unable to schedule network 7553bc2d-fcc1-4439-a2ac-aa217b3a9bc5: no agents available; will retry on subsequent port and subnet creation events.
2026-04-02 17:57:46.754 9 INFO neutron.plugins.ml2.drivers.ovn.mech_driver.mech_driver [None req-b6c15372-2b8f-455d-8dd4-64462efef91e - - - - - -] OVN reports status up for port: 70d20499-86cb-46f7-8989-2c87dc407dd6
2026-04-02 17:57:46.761 9 INFO neutron.plugins.ml2.plugin [None req-b6c15372-2b8f-455d-8dd4-64462efef91e - - - - - -] Attempt 1 to provision port 70d20499-86cb-46f7-8989-2c87dc407dd6
2026-04-02 17:57:46.788 10 INFO neutron.db.ovn_revision_numbers_db [None req-454ab7da-8f51-4a9a-bd08-ce063bd064ae 1ce16c7ce8f44d77a814167cbbb6e570 199121cf72074ab9a012b294338ad5e5 - - default default] Successfully bumped revision number for resource 70d20499-86cb-46f7-8989-2c87dc407dd6 (type: router_ports) to 1
2026-04-02 17:57:47.032 9 WARNING neutron_lib.context [None req-9f362af2-7e2d-4526-8b6e-5089a6b24761 7068e87b94dd4dd7a6b49dae01544ead 7e172452fe9d4aa9ac1ae3338eeef94f - - default default] Method 'is_advsvc' is deprecated since 2023.2 release (neutron-lib 3.8.0) and will be removed once support for the old RBAC API policies will be removed from Neutron. Please use method 'is_service_role' instead.
2026-04-02 17:57:47.094 10 INFO neutron.db.ovn_revision_numbers_db [None req-454ab7da-8f51-4a9a-bd08-ce063bd064ae 1ce16c7ce8f44d77a814167cbbb6e570 199121cf72074ab9a012b294338ad5e5 - - default default] Successfully bumped revision number for resource bad010e7-8b3f-45ca-99de-83550e0f3b50 (type: routers) to 2
2026-04-02 17:57:47.109 10 INFO neutron.wsgi [None req-454ab7da-8f51-4a9a-bd08-ce063bd064ae 1ce16c7ce8f44d77a814167cbbb6e570 199121cf72074ab9a012b294338ad5e5 - - default default] 10.0.0.116 "POST /v2.0/routers HTTP/1.1" status: 201 len: 867 time: 2.0262761
2026-04-02 17:57:47.110 10 INFO neutron.db.ovn_revision_numbers_db [None req-0d185e80-c1ca-44e3-8b73-478e93b73038 add0b10da88e4bfb921631bf29839673 0fd159c328ee4cbca3b990fc774abe86 - - default default] Successfully bumped revision number for resource e067653f-2d89-4b20-a530-f5f9e79655a4 (type: ports) to 2
2026-04-02 17:57:47.159 9 INFO neutron.db.ovn_revision_numbers_db [None req-9f362af2-7e2d-4526-8b6e-5089a6b24761 7068e87b94dd4dd7a6b49dae01544ead 7e172452fe9d4aa9ac1ae3338eeef94f - - default default] Successfully bumped revision number for resource 6b0baeea-0def-4f88-9b84-8758b598529d (type: security_groups) to 1
2026-04-02 17:57:47.170 10 INFO neutron.db.ovn_revision_numbers_db [None req-0d185e80-c1ca-44e3-8b73-478e93b73038 add0b10da88e4bfb921631bf29839673 0fd159c328ee4cbca3b990fc774abe86 - - default default] Successfully bumped revision number for resource 9efbe6bc-c20b-4cdf-b730-5ac2fdd6062a (type: subnets) to 0
2026-04-02 17:57:47.172 9 INFO neutron.db.ovn_revision_numbers_db [None req-9f362af2-7e2d-4526-8b6e-5089a6b24761 7068e87b94dd4dd7a6b49dae01544ead 7e172452fe9d4aa9ac1ae3338eeef94f - - default default] Successfully bumped revision number for resource 589e8939-d914-4b2a-8075-7c309ceae825 (type: security_group_rules) to 0
2026-04-02 17:57:47.184 10 INFO neutron.wsgi [None req-0d185e80-c1ca-44e3-8b73-478e93b73038 add0b10da88e4bfb921631bf29839673 0fd159c328ee4cbca3b990fc774abe86 - - default default] 10.0.0.116 "POST /v2.0/subnets HTTP/1.1" status: 201 len: 801 time: 1.2520759
2026-04-02 17:57:47.191 9 INFO neutron.db.ovn_revision_numbers_db [None req-9f362af2-7e2d-4526-8b6e-5089a6b24761 7068e87b94dd4dd7a6b49dae01544ead 7e172452fe9d4aa9ac1ae3338eeef94f - - default default] Successfully bumped revision number for resource 7e59004e-f714-4ee4-9b0f-fe1e1387aaeb (type: security_group_rules) to 0
2026-04-02 17:57:47.194 10 INFO neutron.wsgi [None req-a2eb7d3c-34ae-4251-a5cd-62a638a122e2 1ce16c7ce8f44d77a814167cbbb6e570 199121cf72074ab9a012b294338ad5e5 - - default default] 10.0.0.116 "GET /v2.0/routers/bad010e7-8b3f-45ca-99de-83550e0f3b50 HTTP/1.1" status: 200 len: 868 time: 0.0786803
2026-04-02 17:57:47.227 9 INFO neutron.db.ovn_revision_numbers_db [None req-9f362af2-7e2d-4526-8b6e-5089a6b24761 7068e87b94dd4dd7a6b49dae01544ead 7e172452fe9d4aa9ac1ae3338eeef94f - - default default] Successfully bumped revision number for resource ed9b9118-b4c3-415c-9fa6-822770db606f (type: security_group_rules) to 0
2026-04-02 17:57:47.252 9 INFO neutron.db.ovn_revision_numbers_db [None req-9f362af2-7e2d-4526-8b6e-5089a6b24761 7068e87b94dd4dd7a6b49dae01544ead 7e172452fe9d4aa9ac1ae3338eeef94f - - default default] Successfully bumped revision number for resource fce034f6-68c7-4b3f-a2a3-b6c2681208fa (type: security_group_rules) to 0
2026-04-02 17:57:47.271 10 INFO neutron.wsgi [None req-062918f0-e758-4275-a424-c4b8e0b87cab 1ce16c7ce8f44d77a814167cbbb6e570 199121cf72074ab9a012b294338ad5e5 - - default default] 10.0.0.116 "GET /v2.0/routers HTTP/1.1" status: 200 len: 871 time: 0.0726185
2026-04-02 17:57:47.310 9 INFO neutron.db.segments_db [None req-9f362af2-7e2d-4526-8b6e-5089a6b24761 7068e87b94dd4dd7a6b49dae01544ead 7e172452fe9d4aa9ac1ae3338eeef94f - - default default] Added segment e70c1036-b0e1-4706-a502-75ad9e74384e of type geneve for network 85b6ccd4-66f5-4f37-994a-af7e7c722b84
2026-04-02 17:57:47.729 10 INFO neutron.db.ovn_revision_numbers_db [None req-34e39ae7-5634-4354-90e4-40963f0fefca 1ce16c7ce8f44d77a814167cbbb6e570 199121cf72074ab9a012b294338ad5e5 - - default default] Successfully bumped revision number for resource bad010e7-8b3f-45ca-99de-83550e0f3b50 (type: routers) to 3
2026-04-02 17:57:47.733 10 INFO neutron.wsgi [None req-34e39ae7-5634-4354-90e4-40963f0fefca 1ce16c7ce8f44d77a814167cbbb6e570 199121cf72074ab9a012b294338ad5e5 - - default default] 10.0.0.116 "PUT /v2.0/routers/bad010e7-8b3f-45ca-99de-83550e0f3b50 HTTP/1.1" status: 200 len: 875 time: 0.4577930
2026-04-02 17:57:47.745 9 INFO neutron.db.ovn_revision_numbers_db [None req-9f362af2-7e2d-4526-8b6e-5089a6b24761 7068e87b94dd4dd7a6b49dae01544ead 7e172452fe9d4aa9ac1ae3338eeef94f - - default default] Successfully bumped revision number for resource 85b6ccd4-66f5-4f37-994a-af7e7c722b84 (type: networks) to 1
2026-04-02 17:57:47.808 10 WARNING neutron.plugins.ml2.drivers.ovn.mech_driver.ovsdb.ovn_client [None req-723bc847-d115-40b4-a729-a180a8ccbf88 - - - - - -] No port found with ID 413f5752-7bdb-4cec-812e-5e7ab60d1594: RuntimeError: No port found with ID 413f5752-7bdb-4cec-812e-5e7ab60d1594
2026-04-02 17:57:47.811 10 INFO neutron.wsgi [None req-6b40c98c-ffa7-4171-a5cc-b9a1b92e382b 1ce16c7ce8f44d77a814167cbbb6e570 199121cf72074ab9a012b294338ad5e5 - - default default] 10.0.0.116 "GET /v2.0/routers/bad010e7-8b3f-45ca-99de-83550e0f3b50 HTTP/1.1" status: 200 len: 875 time: 0.0720079
2026-04-02 17:57:47.823 9 INFO neutron.db.ovn_revision_numbers_db [None req-b5de4f39-1fb1-4a4b-b70f-83890f5a7dc2 add0b10da88e4bfb921631bf29839673 0fd159c328ee4cbca3b990fc774abe86 - - default default] Successfully bumped revision number for resource 9efbe6bc-c20b-4cdf-b730-5ac2fdd6062a (type: subnets) to 1
2026-04-02 17:57:47.826 9 INFO neutron.wsgi [None req-b5de4f39-1fb1-4a4b-b70f-83890f5a7dc2 add0b10da88e4bfb921631bf29839673 0fd159c328ee4cbca3b990fc774abe86 - - default default] 10.0.0.116 "PUT /v2.0/subnets/9efbe6bc-c20b-4cdf-b730-5ac2fdd6062a HTTP/1.1" status: 200 len: 806 time: 0.6359968
2026-04-02 17:57:47.835 10 INFO neutron.wsgi [None req-4c5d59f1-0c22-45aa-b3c4-cbf92a560274 1ce16c7ce8f44d77a814167cbbb6e570 199121cf72074ab9a012b294338ad5e5 - - default default] 10.0.0.116 "GET /v2.0/ports?device_id=bad010e7-8b3f-45ca-99de-83550e0f3b50 HTTP/1.1" status: 200 len: 205 time: 0.0189657
2026-04-02 17:57:47.955 9 WARNING neutron.scheduler.dhcp_agent_scheduler [None req-9f362af2-7e2d-4526-8b6e-5089a6b24761 7068e87b94dd4dd7a6b49dae01544ead 7e172452fe9d4aa9ac1ae3338eeef94f - - default default] No more DHCP agents
2026-04-02 17:57:47.960 9 WARNING neutron.api.rpc.agentnotifiers.dhcp_rpc_agent_api [None req-9f362af2-7e2d-4526-8b6e-5089a6b24761 7068e87b94dd4dd7a6b49dae01544ead 7e172452fe9d4aa9ac1ae3338eeef94f - - default default] Unable to schedule network 85b6ccd4-66f5-4f37-994a-af7e7c722b84: no agents available; will retry on subsequent port and subnet creation events.
2026-04-02 17:57:48.072 9 INFO neutron.db.ovn_revision_numbers_db [None req-9f362af2-7e2d-4526-8b6e-5089a6b24761 7068e87b94dd4dd7a6b49dae01544ead 7e172452fe9d4aa9ac1ae3338eeef94f - - default default] Successfully bumped revision number for resource 14d8733f-6f09-41f8-bf8c-58259a3b010f (type: ports) to 1
2026-04-02 17:57:48.103 9 INFO neutron.wsgi [None req-9f362af2-7e2d-4526-8b6e-5089a6b24761 7068e87b94dd4dd7a6b49dae01544ead 7e172452fe9d4aa9ac1ae3338eeef94f - - default default] 10.0.0.116 "POST /v2.0/networks HTTP/1.1" status: 201 len: 831 time: 1.2005293
2026-04-02 17:57:48.112 9 WARNING neutron_lib.context [None req-2dbf2fe7-4f43-4100-be21-df849478c882 7068e87b94dd4dd7a6b49dae01544ead 7e172452fe9d4aa9ac1ae3338eeef94f - - default default] Method 'is_advsvc' is deprecated since 2023.2 release (neutron-lib 3.8.0) and will be removed once support for the old RBAC API policies will be removed from Neutron. Please use method 'is_service_role' instead.
2026-04-02 17:57:48.174 10 WARNING neutron_lib.context [None req-1d268279-9c86-450e-8b07-ed8bac31f3bd b0abb704a96244a5b72e778a0940d372 fbdc65f8c75042ae84a2a1bf3b11caa8 - - default default] Method 'is_advsvc' is deprecated since 2023.2 release (neutron-lib 3.8.0) and will be removed once support for the old RBAC API policies will be removed from Neutron. Please use method 'is_service_role' instead.
2026-04-02 17:57:48.175 10 WARNING neutron_lib.context [None req-1d268279-9c86-450e-8b07-ed8bac31f3bd b0abb704a96244a5b72e778a0940d372 fbdc65f8c75042ae84a2a1bf3b11caa8 - - default default] Method 'is_advsvc' is deprecated since 2023.2 release (neutron-lib 3.8.0) and will be removed once support for the old RBAC API policies will be removed from Neutron. Please use method 'is_service_role' instead.
2026-04-02 17:57:48.266 10 INFO neutron.wsgi [-] 10.0.0.220 "GET / HTTP/1.1" status: 200 len: 247 time: 0.0012078
2026-04-02 17:57:48.267 10 INFO neutron.wsgi [-] 10.0.0.220 "GET / HTTP/1.1" status: 200 len: 247 time: 0.0008683
2026-04-02 17:57:48.359 10 INFO neutron.db.ovn_revision_numbers_db [None req-1d268279-9c86-450e-8b07-ed8bac31f3bd b0abb704a96244a5b72e778a0940d372 fbdc65f8c75042ae84a2a1bf3b11caa8 - - default default] Successfully bumped revision number for resource f0379939-38f8-422a-bbdf-ed74de8ecb62 (type: security_groups) to 1
2026-04-02 17:57:48.382 10 INFO neutron.db.ovn_revision_numbers_db [None req-1d268279-9c86-450e-8b07-ed8bac31f3bd b0abb704a96244a5b72e778a0940d372 fbdc65f8c75042ae84a2a1bf3b11caa8 - - default default] Successfully bumped revision number for resource 0d30a888-2650-4286-a09d-0422f8cb66cb (type: security_group_rules) to 0
2026-04-02 17:57:48.398 10 INFO neutron.db.ovn_revision_numbers_db [None req-1d268279-9c86-450e-8b07-ed8bac31f3bd b0abb704a96244a5b72e778a0940d372 fbdc65f8c75042ae84a2a1bf3b11caa8 - - default default] Successfully bumped revision number for resource 0d457e79-202f-4eae-b6ed-a1cf889dbb24 (type: security_group_rules) to 0
2026-04-02 17:57:48.406 9 WARNING neutron.scheduler.dhcp_agent_scheduler [None req-2dbf2fe7-4f43-4100-be21-df849478c882 7068e87b94dd4dd7a6b49dae01544ead 7e172452fe9d4aa9ac1ae3338eeef94f - - default default] No more DHCP agents
2026-04-02 17:57:48.411 9 WARNING neutron.api.rpc.agentnotifiers.dhcp_rpc_agent_api [None req-2dbf2fe7-4f43-4100-be21-df849478c882 7068e87b94dd4dd7a6b49dae01544ead 7e172452fe9d4aa9ac1ae3338eeef94f - - default default] Unable to schedule network 85b6ccd4-66f5-4f37-994a-af7e7c722b84: no agents available; will retry on subsequent port and subnet creation events.
2026-04-02 17:57:48.429 10 INFO neutron.db.ovn_revision_numbers_db [None req-1d268279-9c86-450e-8b07-ed8bac31f3bd b0abb704a96244a5b72e778a0940d372 fbdc65f8c75042ae84a2a1bf3b11caa8 - - default default] Successfully bumped revision number for resource 4d1e507b-814e-45a9-9307-cafb47bd4f57 (type: security_group_rules) to 0
2026-04-02 17:57:48.447 10 INFO neutron.db.ovn_revision_numbers_db [None req-1d268279-9c86-450e-8b07-ed8bac31f3bd b0abb704a96244a5b72e778a0940d372 fbdc65f8c75042ae84a2a1bf3b11caa8 - - default default] Successfully bumped revision number for resource c7fcb794-301d-42e1-a88f-a6a0b53d6248 (type: security_group_rules) to 0
2026-04-02 17:57:48.531 9 INFO neutron.db.ovn_revision_numbers_db [None req-2dbf2fe7-4f43-4100-be21-df849478c882 7068e87b94dd4dd7a6b49dae01544ead 7e172452fe9d4aa9ac1ae3338eeef94f - - default default] Successfully bumped revision number for resource 9e29dd96-4ec2-42c7-8335-11546f47bcb9 (type: ports) to 1
2026-04-02 17:57:48.531 10 INFO neutron.db.segments_db [None req-1d268279-9c86-450e-8b07-ed8bac31f3bd b0abb704a96244a5b72e778a0940d372 fbdc65f8c75042ae84a2a1bf3b11caa8 - - default default] Added segment 4328a1e1-703a-4e01-ba37-da444cf83a60 of type geneve for network 88b6bf90-5d03-4c8d-873a-3195da37d7cb
2026-04-02 17:57:48.547 9 INFO neutron.services.segments.plugin [-] Segment 7eeccbdf-e9cc-4383-b49f-b2d3cda2121a resource provider aggregate not found
2026-04-02 17:57:48.551 9 INFO neutron.services.segments.plugin [-] Segment 7eeccbdf-e9cc-4383-b49f-b2d3cda2121a resource provider aggregate not found
2026-04-02 17:57:48.572 9 INFO neutron.services.segments.plugin [-] Segment 7eeccbdf-e9cc-4383-b49f-b2d3cda2121a resource provider not found; error: Placement Client Error (4xx): {"errors": [{"status": 404, "title": "Not Found", "detail": "The resource could not be found.\n\n No resource provider with uuid 7eeccbdf-e9cc-4383-b49f-b2d3cda2121a found for delete ", "request_id": "req-693b82ad-aa5c-444b-8df6-115027b5851f"}]}
2026-04-02 17:57:48.578 9 INFO neutron.services.segments.plugin [-] Segment 7eeccbdf-e9cc-4383-b49f-b2d3cda2121a resource provider not found; error: Placement Client Error (4xx): {"errors": [{"status": 404, "title": "Not Found", "detail": "The resource could not be found.\n\n No resource provider with uuid 7eeccbdf-e9cc-4383-b49f-b2d3cda2121a found for delete ", "request_id": "req-1b472597-b166-40df-8e12-f27ced88b13a"}]}
2026-04-02 17:57:48.582 9 INFO neutron.wsgi [None req-2dbf2fe7-4f43-4100-be21-df849478c882 7068e87b94dd4dd7a6b49dae01544ead 7e172452fe9d4aa9ac1ae3338eeef94f - - default default] 10.0.0.116 "POST /v2.0/ports HTTP/1.1" status: 201 len: 942 time: 0.4741390 /var/lib/openstack/lib/python3.10/site-packages/pycadf/identifier.py:71: UserWarning: Invalid uuid: neutron. To ensure interoperability, identifiers should be a valid uuid. warnings.warn(('Invalid uuid: %s. To ensure interoperability, '
