2026-04-02 17:57:20.269 9 INFO neutron.wsgi [None req-621bc1d4-0b90-4e23-b864-c6f4074ef544 1702c2b68bd74c168718499b33572e72 7931e2f0c04f479b8bf1498d7442bc74 - - default default] 10.0.0.116 "DELETE /v2.0/subnets/02914e36-52fa-43b0-afc6-740ce196848e HTTP/1.1" status: 404 len: 337 time: 0.0185995
2026-04-02 17:57:20.287 10 INFO neutron.pecan_wsgi.hooks.translation [None req-390adc6d-5d52-4c84-9a4b-c0432d940fb2 1702c2b68bd74c168718499b33572e72 7931e2f0c04f479b8bf1498d7442bc74 - - default default] DELETE failed (client error): The resource could not be found.
2026-04-02 17:57:20.289 10 INFO neutron.wsgi [None req-390adc6d-5d52-4c84-9a4b-c0432d940fb2 1702c2b68bd74c168718499b33572e72 7931e2f0c04f479b8bf1498d7442bc74 - - default default] 10.0.0.116 "DELETE /v2.0/subnets/0999ba55-27d0-419e-80ec-551c4e5cef4d HTTP/1.1" status: 404 len: 337 time: 0.0159624
2026-04-02 17:57:20.354 9 INFO neutron.wsgi [None req-16451659-99d4-4ee7-9471-9c170ada7c8d 5e67595194694b23bd945152f32f6c14 a9b2d9fdb10a4e3ca93ce4bfc2260b23 - - default default] 10.0.0.116 "DELETE /v2.0/security-groups/9c5eaf79-0b84-4dda-b775-5798050fd6bc HTTP/1.1" status: 204 len: 168 time: 0.1136234
2026-04-02 17:57:20.395 9 INFO neutron.wsgi [None req-df88038a-9547-4a01-8381-b031b07a6492 5e67595194694b23bd945152f32f6c14 a9b2d9fdb10a4e3ca93ce4bfc2260b23 - - default default] 10.0.0.116 "GET /v2.0/security-groups HTTP/1.1" status: 200 len: 2996 time: 0.0366490
2026-04-02 17:57:20.423 10 INFO neutron.services.segments.plugin [-] Segment 5ea71e8d-d722-467d-bd34-ce31bb90d870 resource provider aggregate not found
2026-04-02 17:57:20.429 10 INFO neutron.services.segments.plugin [-] Segment 5ea71e8d-d722-467d-bd34-ce31bb90d870 resource provider aggregate not found
2026-04-02 17:57:20.442 9 INFO neutron.wsgi [None req-8332bcea-4afe-4084-948e-d046ab339b3a 5e67595194694b23bd945152f32f6c14 a9b2d9fdb10a4e3ca93ce4bfc2260b23 - - default default] 10.0.0.116 "GET /v2.0/security-groups HTTP/1.1" status: 200 len: 2996 time: 0.0373619
2026-04-02 17:57:20.443 10 INFO neutron.services.segments.plugin [-] Segment 5ea71e8d-d722-467d-bd34-ce31bb90d870 resource provider not found; error: Placement Client Error (4xx): {"errors": [{"status": 404, "title": "Not Found", "detail": "The resource could not be found.\n\n No resource provider with uuid 5ea71e8d-d722-467d-bd34-ce31bb90d870 found for delete ", "request_id": "req-dc685219-fe1a-496f-8a12-b50cebf07820"}]}
2026-04-02 17:57:20.443 10 INFO neutron.services.segments.plugin [-] Segment 5ea71e8d-d722-467d-bd34-ce31bb90d870 resource provider not found; error: Placement Client Error (4xx): {"errors": [{"status": 404, "title": "Not Found", "detail": "The resource could not be found.\n\n No resource provider with uuid 5ea71e8d-d722-467d-bd34-ce31bb90d870 found for delete ", "request_id": "req-b3c2b32c-d0cc-48fc-97ff-ceced9ac5089"}]}
2026-04-02 17:57:20.463 10 INFO neutron.wsgi [None req-ee78af0c-c7bb-4ffa-94b3-af3e17569480 6e572a2ffe884536a3857dbc19fff1ad d15d84c3f8b144fca4d23055a52e6571 - - default default] 10.0.0.116 "DELETE /v2.0/networks/ed657c27-2a21-4873-84d9-2a8d3c9f4531 HTTP/1.1" status: 204 len: 168 time: 0.4365454
2026-04-02 17:57:20.661 10 INFO neutron.wsgi [None req-c9256045-6c96-470c-8845-7752461fc123 6e572a2ffe884536a3857dbc19fff1ad d15d84c3f8b144fca4d23055a52e6571 - - default default] 10.0.0.116 "GET /v2.0/security-groups?tenant_id=b270f4341dba4160a82b3283cac519ff&name=default HTTP/1.1" status: 200 len: 2996 time: 0.0323732
2026-04-02 17:57:20.867 10 INFO neutron.wsgi [None req-b2c83490-1bad-4549-a146-58b9787cfbdb 6e572a2ffe884536a3857dbc19fff1ad d15d84c3f8b144fca4d23055a52e6571 - - default default] 10.0.0.116 "DELETE /v2.0/security-groups/7dba26fc-9754-443c-b612-3f86fae7dc96 HTTP/1.1" status: 204 len: 168 time: 0.2010317
2026-04-02 17:57:20.872 9 INFO neutron.wsgi [None req-1d955bb0-586f-44a9-b9cd-fe5479efab7b fe35d2f35696485e955b21a3399f2523 3afc2af0fbe5407e8d1a0ce075d4a8fd - - default default] 10.0.0.116 "DELETE /v2.0/security-groups/20642da3-9f90-444f-80b9-7ea94fd11600 HTTP/1.1" status: 204 len: 168 time: 0.1103957
2026-04-02 17:57:20.887 9 INFO neutron.api.v2.resource [None req-4f677807-43f1-409b-b683-7fd5b65fa611 fe35d2f35696485e955b21a3399f2523 3afc2af0fbe5407e8d1a0ce075d4a8fd - - default default] show failed (client error): The resource could not be found.
2026-04-02 17:57:20.888 9 INFO neutron.wsgi [None req-4f677807-43f1-409b-b683-7fd5b65fa611 fe35d2f35696485e955b21a3399f2523 3afc2af0fbe5407e8d1a0ce075d4a8fd - - default default] 10.0.0.116 "GET /v2.0/security-groups/20642da3-9f90-444f-80b9-7ea94fd11600 HTTP/1.1" status: 404 len: 347 time: 0.0093324
2026-04-02 17:57:21.027 10 INFO neutron.wsgi [None req-d096ec6a-1cb1-4613-8606-7993a7635fc7 6e572a2ffe884536a3857dbc19fff1ad d15d84c3f8b144fca4d23055a52e6571 - - default default] 10.0.0.116 "GET /v2.0/security-groups?tenant_id=7931e2f0c04f479b8bf1498d7442bc74&name=default HTTP/1.1" status: 200 len: 2996 time: 0.2082527
2026-04-02 17:57:21.183 10 INFO neutron.wsgi [None req-1ceb0181-195c-412b-8a56-546c9cd013fb 6e572a2ffe884536a3857dbc19fff1ad d15d84c3f8b144fca4d23055a52e6571 - - default default] 10.0.0.116 "GET /v2.0/security-groups?tenant_id=a9b2d9fdb10a4e3ca93ce4bfc2260b23&name=default HTTP/1.1" status: 200 len: 2996 time: 0.2576215
2026-04-02 17:57:21.268 9 INFO neutron.wsgi [None req-f7a7550c-fa02-4095-8e7f-cd18eaeb4ae9 fe35d2f35696485e955b21a3399f2523 3afc2af0fbe5407e8d1a0ce075d4a8fd - - default default] 10.0.0.116 "DELETE /v2.0/floatingips/33a0bdad-d732-4e7d-8734-d1a8199f087b HTTP/1.1" status: 204 len: 168 time: 0.3730204
2026-04-02 17:57:21.355 9 INFO neutron.wsgi [None req-fe17895b-b975-4d0c-80a3-d8cc5c52c8ba 6e572a2ffe884536a3857dbc19fff1ad d15d84c3f8b144fca4d23055a52e6571 - - default default] 10.0.0.116 "DELETE /v2.0/security-groups/71cbf3ac-b978-414f-90cf-026bfcc9dbea HTTP/1.1" status: 204 len: 168 time: 0.3151042
2026-04-02 17:57:21.405 10 INFO neutron.wsgi [None req-35d08990-81a6-4ff8-a3e6-fb229793b371 6e572a2ffe884536a3857dbc19fff1ad d15d84c3f8b144fca4d23055a52e6571 - - default default] 10.0.0.116 "DELETE /v2.0/security-groups/7f4f94b7-5a9d-4171-81e6-d501f1ce64e2 HTTP/1.1" status: 204 len: 168 time: 0.2176318
2026-04-02 17:57:22.297 9 INFO neutron.wsgi [None req-799b109f-8cdc-4e87-95eb-d236c4a9f63f 6e572a2ffe884536a3857dbc19fff1ad d15d84c3f8b144fca4d23055a52e6571 - - default default] 10.0.0.116 "PUT /v2.0/routers/74e3377f-b80b-49bd-9ea1-02634b0ca840/remove_router_interface HTTP/1.1" status: 200 len: 503 time: 1.0245037
2026-04-02 17:57:22.879 10 WARNING neutron.plugins.ml2.drivers.ovn.mech_driver.ovsdb.ovn_client [None req-723bc847-d115-40b4-a729-a180a8ccbf88 - - - - - -] No port found with ID 4e25db06-bd77-4f52-8bad-0e0c6b9890e0: RuntimeError: No port found with ID 4e25db06-bd77-4f52-8bad-0e0c6b9890e0
2026-04-02 17:57:22.879 10 INFO neutron.plugins.ml2.drivers.ovn.mech_driver.mech_driver [None req-723bc847-d115-40b4-a729-a180a8ccbf88 - - - - - -] OVN reports status down for port: 427745a9-c75e-4fdb-aab3-fdb7263b95b7
2026-04-02 17:57:23.164 10 INFO neutron.wsgi [None req-71a721bd-b8a5-4894-8ba1-e761bd97b3a3 6e572a2ffe884536a3857dbc19fff1ad d15d84c3f8b144fca4d23055a52e6571 - - default default] 10.0.0.116 "DELETE /v2.0/routers/74e3377f-b80b-49bd-9ea1-02634b0ca840 HTTP/1.1" status: 204 len: 168 time: 0.8594365
2026-04-02 17:57:23.253 9 INFO neutron.wsgi [-] 10.0.0.116 "GET / HTTP/1.1" status: 200 len: 279 time: 0.0033407
2026-04-02 17:57:23.381 10 INFO neutron.wsgi [None req-c3490491-d42f-40b9-9d20-29ac239589a6 6e572a2ffe884536a3857dbc19fff1ad d15d84c3f8b144fca4d23055a52e6571 - - default default] 10.0.0.116 "DELETE /v2.0/subnets/15708e1f-43b7-4848-bcea-697806e52d3b HTTP/1.1" status: 204 len: 168 time: 0.2104948 /var/lib/openstack/lib/python3.10/site-packages/pycadf/identifier.py:71: UserWarning: Invalid uuid: neutron. To ensure interoperability, identifiers should be a valid uuid. warnings.warn(('Invalid uuid: %s. To ensure interoperability, '
2026-04-02 17:57:23.408 9 WARNING neutron_lib.context [None req-53c1dfb4-7f24-48df-895e-fe9e785d5a4f 1ce16c7ce8f44d77a814167cbbb6e570 199121cf72074ab9a012b294338ad5e5 - - default default] Method 'is_advsvc' is deprecated since 2023.2 release (neutron-lib 3.8.0) and will be removed once support for the old RBAC API policies will be removed from Neutron. Please use method 'is_service_role' instead.
2026-04-02 17:57:23.510 9 INFO neutron.wsgi [None req-3ead4f62-93bd-475d-a933-311b0e7bc869 13fb0d8d180b4b3dbb925ceb134a9d61 3bd54ca89eba4bbeaf7fd06df905be54 - - default default] 10.0.0.116 "GET /v2.0/ HTTP/1.1" status: 200 len: 826 time: 0.2515047
2026-04-02 17:57:23.598 9 INFO neutron.db.ovn_revision_numbers_db [None req-53c1dfb4-7f24-48df-895e-fe9e785d5a4f 1ce16c7ce8f44d77a814167cbbb6e570 199121cf72074ab9a012b294338ad5e5 - - default default] Successfully bumped revision number for resource b81d7683-94fe-40e6-b260-6a0f196ead30 (type: security_groups) to 1
2026-04-02 17:57:23.611 9 INFO neutron.db.ovn_revision_numbers_db [None req-53c1dfb4-7f24-48df-895e-fe9e785d5a4f 1ce16c7ce8f44d77a814167cbbb6e570 199121cf72074ab9a012b294338ad5e5 - - default default] Successfully bumped revision number for resource 6887c8e9-6596-4613-9979-27c87cd62773 (type: security_group_rules) to 0
2026-04-02 17:57:23.625 9 INFO neutron.db.ovn_revision_numbers_db [None req-53c1dfb4-7f24-48df-895e-fe9e785d5a4f 1ce16c7ce8f44d77a814167cbbb6e570 199121cf72074ab9a012b294338ad5e5 - - default default] Successfully bumped revision number for resource 80cbc75d-a121-4064-bbdf-bac96fa4f382 (type: security_group_rules) to 0
2026-04-02 17:57:23.650 9 INFO neutron.db.ovn_revision_numbers_db [None req-53c1dfb4-7f24-48df-895e-fe9e785d5a4f 1ce16c7ce8f44d77a814167cbbb6e570 199121cf72074ab9a012b294338ad5e5 - - default default] Successfully bumped revision number for resource b6eec43f-389c-4aa8-8512-0ad64ce6c79d (type: security_group_rules) to 0
2026-04-02 17:57:23.672 9 INFO neutron.db.ovn_revision_numbers_db [None req-53c1dfb4-7f24-48df-895e-fe9e785d5a4f 1ce16c7ce8f44d77a814167cbbb6e570 199121cf72074ab9a012b294338ad5e5 - - default default] Successfully bumped revision number for resource f7e6a9c4-10ee-4600-ba69-69c1e59cb1f1 (type: security_group_rules) to 0
2026-04-02 17:57:23.737 9 INFO neutron.db.segments_db [None req-53c1dfb4-7f24-48df-895e-fe9e785d5a4f 1ce16c7ce8f44d77a814167cbbb6e570 199121cf72074ab9a012b294338ad5e5 - - default default] Added segment 22afbb23-4f19-4c3f-9094-94ceccd883e0 of type geneve for network 2dbe8f6e-6ce8-4d6d-9660-bbf20951413b
2026-04-02 17:57:23.769 9 INFO neutron.services.segments.plugin [-] Segment fca3d61f-8884-49a5-a63d-653a1fe29f27 resource provider aggregate not found
2026-04-02 17:57:23.778 9 INFO neutron.services.segments.plugin [-] Segment fca3d61f-8884-49a5-a63d-653a1fe29f27 resource provider aggregate not found
2026-04-02 17:57:23.786 9 INFO neutron.services.segments.plugin [-] Segment fca3d61f-8884-49a5-a63d-653a1fe29f27 resource provider not found; error: Placement Client Error (4xx): {"errors": [{"status": 404, "title": "Not Found", "detail": "The resource could not be found.\n\n No resource provider with uuid fca3d61f-8884-49a5-a63d-653a1fe29f27 found for delete ", "request_id": "req-ea6322e0-3ca5-4cb1-9351-3019c3e7ce77"}]}
2026-04-02 17:57:23.795 9 INFO neutron.services.segments.plugin [-] Segment fca3d61f-8884-49a5-a63d-653a1fe29f27 resource provider not found; error: Placement Client Error (4xx): {"errors": [{"status": 404, "title": "Not Found", "detail": "The resource could not be found.\n\n No resource provider with uuid fca3d61f-8884-49a5-a63d-653a1fe29f27 found for delete ", "request_id": "req-07805e92-6196-45fb-9bf7-7a021c7cd8a7"}]}
2026-04-02 17:57:23.818 9 INFO neutron.wsgi [None req-cc562734-8e1b-427b-a2eb-03feda8ee6b8 6e572a2ffe884536a3857dbc19fff1ad d15d84c3f8b144fca4d23055a52e6571 - - default default] 10.0.0.116 "DELETE /v2.0/networks/c398dde2-0973-42cc-ac22-cb2c9c39e11f HTTP/1.1" status: 204 len: 168 time: 0.4337187
2026-04-02 17:57:23.925 9 INFO neutron.db.ovn_revision_numbers_db [None req-53c1dfb4-7f24-48df-895e-fe9e785d5a4f 1ce16c7ce8f44d77a814167cbbb6e570 199121cf72074ab9a012b294338ad5e5 - - default default] Successfully bumped revision number for resource 2dbe8f6e-6ce8-4d6d-9660-bbf20951413b (type: networks) to 1
2026-04-02 17:57:24.090 10 INFO neutron.wsgi [None req-f9e6f698-c861-40f8-a59c-d267b7f6c48c 6e572a2ffe884536a3857dbc19fff1ad d15d84c3f8b144fca4d23055a52e6571 - - default default] 10.0.0.116 "GET /v2.0/security-groups?tenant_id=3afc2af0fbe5407e8d1a0ce075d4a8fd&name=default HTTP/1.1" status: 200 len: 2996 time: 0.0455630
2026-04-02 17:57:24.152 9 WARNING neutron.scheduler.dhcp_agent_scheduler [None req-53c1dfb4-7f24-48df-895e-fe9e785d5a4f 1ce16c7ce8f44d77a814167cbbb6e570 199121cf72074ab9a012b294338ad5e5 - - default default] No more DHCP agents
2026-04-02 17:57:24.154 9 WARNING neutron.api.rpc.agentnotifiers.dhcp_rpc_agent_api [None req-53c1dfb4-7f24-48df-895e-fe9e785d5a4f 1ce16c7ce8f44d77a814167cbbb6e570 199121cf72074ab9a012b294338ad5e5 - - default default] Unable to schedule network 2dbe8f6e-6ce8-4d6d-9660-bbf20951413b: no agents available; will retry on subsequent port and subnet creation events.
2026-04-02 17:57:24.241 9 INFO neutron.db.ovn_revision_numbers_db [None req-53c1dfb4-7f24-48df-895e-fe9e785d5a4f 1ce16c7ce8f44d77a814167cbbb6e570 199121cf72074ab9a012b294338ad5e5 - - default default] Successfully bumped revision number for resource 21851312-e845-46cf-a884-85ec374810c7 (type: ports) to 1
2026-04-02 17:57:24.262 9 INFO neutron.wsgi [None req-53c1dfb4-7f24-48df-895e-fe9e785d5a4f 1ce16c7ce8f44d77a814167cbbb6e570 199121cf72074ab9a012b294338ad5e5 - - default default] 10.0.0.116 "POST /v2.0/networks HTTP/1.1" status: 201 len: 828 time: 1.0626228
2026-04-02 17:57:24.272 9 WARNING neutron_lib.context [None req-45fec669-72de-44c4-8d3f-199fc8907946 1ce16c7ce8f44d77a814167cbbb6e570 199121cf72074ab9a012b294338ad5e5 - - default default] Method 'is_advsvc' is deprecated since 2023.2 release (neutron-lib 3.8.0) and will be removed once support for the old RBAC API policies will be removed from Neutron. Please use method 'is_service_role' instead.
2026-04-02 17:57:24.303 10 INFO neutron.wsgi [None req-872a014a-c949-4e7d-9629-48f67918bbd7 6e572a2ffe884536a3857dbc19fff1ad d15d84c3f8b144fca4d23055a52e6571 - - default default] 10.0.0.116 "DELETE /v2.0/security-groups/3ce12dea-5a22-4e78-875a-8420ecf69dac HTTP/1.1" status: 204 len: 168 time: 0.2088115
2026-04-02 17:57:24.325 9 INFO neutron.db.ovn_revision_numbers_db [None req-d7e2a8bd-db53-4baa-983d-0ccc208f35eb 6e572a2ffe884536a3857dbc19fff1ad d15d84c3f8b144fca4d23055a52e6571 - - default default] Successfully bumped revision number for resource 72cdd65c-094d-47ae-a4a7-48434771931a (type: security_groups) to 1
2026-04-02 17:57:24.336 9 INFO neutron.db.ovn_revision_numbers_db [None req-d7e2a8bd-db53-4baa-983d-0ccc208f35eb 6e572a2ffe884536a3857dbc19fff1ad d15d84c3f8b144fca4d23055a52e6571 - - default default] Successfully bumped revision number for resource 029ea5d8-1613-4e45-816c-5275d373f324 (type: security_group_rules) to 0
2026-04-02 17:57:24.346 9 INFO neutron.db.ovn_revision_numbers_db [None req-d7e2a8bd-db53-4baa-983d-0ccc208f35eb 6e572a2ffe884536a3857dbc19fff1ad d15d84c3f8b144fca4d23055a52e6571 - - default default] Successfully bumped revision number for resource 0e9c8080-25b8-442c-961d-231701a57110 (type: security_group_rules) to 0
2026-04-02 17:57:24.358 9 INFO neutron.db.segments_db [None req-45fec669-72de-44c4-8d3f-199fc8907946 1ce16c7ce8f44d77a814167cbbb6e570 199121cf72074ab9a012b294338ad5e5 - - default default] Added segment e4acb543-5875-45b4-8ed1-8d2f0bd21293 of type geneve for network 14796741-643e-4ba5-a5bd-4e16f69d17d3
2026-04-02 17:57:24.362 9 INFO neutron.db.ovn_revision_numbers_db [None req-d7e2a8bd-db53-4baa-983d-0ccc208f35eb 6e572a2ffe884536a3857dbc19fff1ad d15d84c3f8b144fca4d23055a52e6571 - - default default] Successfully bumped revision number for resource 466a2ab8-4dce-4dd2-ae0c-8fb3eb507e24 (type: security_group_rules) to 0
2026-04-02 17:57:24.380 9 INFO neutron.db.ovn_revision_numbers_db [None req-d7e2a8bd-db53-4baa-983d-0ccc208f35eb 6e572a2ffe884536a3857dbc19fff1ad d15d84c3f8b144fca4d23055a52e6571 - - default default] Successfully bumped revision number for resource 4f0ca683-43ec-409b-b9ee-83de7880726b (type: security_group_rules) to 0
2026-04-02 17:57:24.419 9 INFO neutron.wsgi [None req-d7e2a8bd-db53-4baa-983d-0ccc208f35eb 6e572a2ffe884536a3857dbc19fff1ad d15d84c3f8b144fca4d23055a52e6571 - - default default] 10.0.0.116 "GET /v2.0/security-groups?tenant_id=3bd54ca89eba4bbeaf7fd06df905be54&name=default HTTP/1.1" status: 200 len: 2996 time: 0.4418106
2026-04-02 17:57:24.498 9 INFO neutron.db.ovn_revision_numbers_db [None req-45fec669-72de-44c4-8d3f-199fc8907946 1ce16c7ce8f44d77a814167cbbb6e570 199121cf72074ab9a012b294338ad5e5 - - default default] Successfully bumped revision number for resource 14796741-643e-4ba5-a5bd-4e16f69d17d3 (type: networks) to 1
2026-04-02 17:57:24.629 10 INFO neutron.wsgi [None req-3f5ffb9d-dddb-4318-ae78-c93d704450a5 6e572a2ffe884536a3857dbc19fff1ad d15d84c3f8b144fca4d23055a52e6571 - - default default] 10.0.0.116 "DELETE /v2.0/security-groups/72cdd65c-094d-47ae-a4a7-48434771931a HTTP/1.1" status: 204 len: 168 time: 0.2026465
2026-04-02 17:57:24.681 9 WARNING neutron.scheduler.dhcp_agent_scheduler [None req-45fec669-72de-44c4-8d3f-199fc8907946 1ce16c7ce8f44d77a814167cbbb6e570 199121cf72074ab9a012b294338ad5e5 - - default default] No more DHCP agents
2026-04-02 17:57:24.683 9 WARNING neutron.api.rpc.agentnotifiers.dhcp_rpc_agent_api [None req-45fec669-72de-44c4-8d3f-199fc8907946 1ce16c7ce8f44d77a814167cbbb6e570 199121cf72074ab9a012b294338ad5e5 - - default default] Unable to schedule network 14796741-643e-4ba5-a5bd-4e16f69d17d3: no agents available; will retry on subsequent port and subnet creation events.
2026-04-02 17:57:24.760 9 INFO neutron.db.ovn_revision_numbers_db [None req-45fec669-72de-44c4-8d3f-199fc8907946 1ce16c7ce8f44d77a814167cbbb6e570 199121cf72074ab9a012b294338ad5e5 - - default default] Successfully bumped revision number for resource 1e07fc4a-34ab-47b6-bc98-a01aa8dafd52 (type: ports) to 1
2026-04-02 17:57:24.785 9 INFO neutron.wsgi [None req-45fec669-72de-44c4-8d3f-199fc8907946 1ce16c7ce8f44d77a814167cbbb6e570 199121cf72074ab9a012b294338ad5e5 - - default default] 10.0.0.116 "POST /v2.0/networks HTTP/1.1" status: 201 len: 828 time: 0.5178528
2026-04-02 17:57:24.796 9 WARNING neutron_lib.context [None req-5b91e7a3-0a80-43d1-8451-094bcd4e2dee 1ce16c7ce8f44d77a814167cbbb6e570 199121cf72074ab9a012b294338ad5e5 - - default default] Method 'is_advsvc' is deprecated since 2023.2 release (neutron-lib 3.8.0) and will be removed once support for the old RBAC API policies will be removed from Neutron. Please use method 'is_service_role' instead.
2026-04-02 17:57:25.019 9 WARNING neutron.scheduler.dhcp_agent_scheduler [None req-5b91e7a3-0a80-43d1-8451-094bcd4e2dee 1ce16c7ce8f44d77a814167cbbb6e570 199121cf72074ab9a012b294338ad5e5 - - default default] No more DHCP agents
2026-04-02 17:57:25.021 9 WARNING neutron.api.rpc.agentnotifiers.dhcp_rpc_agent_api [None req-5b91e7a3-0a80-43d1-8451-094bcd4e2dee 1ce16c7ce8f44d77a814167cbbb6e570 199121cf72074ab9a012b294338ad5e5 - - default default] Unable to schedule network 2dbe8f6e-6ce8-4d6d-9660-bbf20951413b: no agents available; will retry on subsequent port and subnet creation events.
2026-04-02 17:57:25.469 9 INFO neutron.db.ovn_revision_numbers_db [None req-5b91e7a3-0a80-43d1-8451-094bcd4e2dee 1ce16c7ce8f44d77a814167cbbb6e570 199121cf72074ab9a012b294338ad5e5 - - default default] Successfully bumped revision number for resource 21851312-e845-46cf-a884-85ec374810c7 (type: ports) to 2
2026-04-02 17:57:25.502 9 INFO neutron.db.ovn_revision_numbers_db [None req-5b91e7a3-0a80-43d1-8451-094bcd4e2dee 1ce16c7ce8f44d77a814167cbbb6e570 199121cf72074ab9a012b294338ad5e5 - - default default] Successfully bumped revision number for resource 0c78189f-f95d-454c-80ca-8ebdb4eb8420 (type: subnets) to 0
2026-04-02 17:57:25.518 9 INFO neutron.wsgi [None req-5b91e7a3-0a80-43d1-8451-094bcd4e2dee 1ce16c7ce8f44d77a814167cbbb6e570 199121cf72074ab9a012b294338ad5e5 - - default default] 10.0.0.116 "POST /v2.0/subnets HTTP/1.1" status: 201 len: 801 time: 0.7263446
2026-04-02 17:57:25.528 9 WARNING neutron_lib.context [None req-4a4bcb08-c34e-450f-8588-6fafd0c4e064 1ce16c7ce8f44d77a814167cbbb6e570 199121cf72074ab9a012b294338ad5e5 - - default default] Method 'is_advsvc' is deprecated since 2023.2 release (neutron-lib 3.8.0) and will be removed once support for the old RBAC API policies will be removed from Neutron. Please use method 'is_service_role' instead.
2026-04-02 17:57:25.773 9 WARNING neutron.scheduler.dhcp_agent_scheduler [None req-4a4bcb08-c34e-450f-8588-6fafd0c4e064 1ce16c7ce8f44d77a814167cbbb6e570 199121cf72074ab9a012b294338ad5e5 - - default default] No more DHCP agents
2026-04-02 17:57:25.776 9 WARNING neutron.api.rpc.agentnotifiers.dhcp_rpc_agent_api [None req-4a4bcb08-c34e-450f-8588-6fafd0c4e064 1ce16c7ce8f44d77a814167cbbb6e570 199121cf72074ab9a012b294338ad5e5 - - default default] Unable to schedule network 14796741-643e-4ba5-a5bd-4e16f69d17d3: no agents available; will retry on subsequent port and subnet creation events.
2026-04-02 17:57:26.497 9 INFO neutron.db.ovn_revision_numbers_db [None req-4a4bcb08-c34e-450f-8588-6fafd0c4e064 1ce16c7ce8f44d77a814167cbbb6e570 199121cf72074ab9a012b294338ad5e5 - - default default] Successfully bumped revision number for resource 1e07fc4a-34ab-47b6-bc98-a01aa8dafd52 (type: ports) to 2
2026-04-02 17:57:26.528 9 INFO neutron.db.ovn_revision_numbers_db [None req-4a4bcb08-c34e-450f-8588-6fafd0c4e064 1ce16c7ce8f44d77a814167cbbb6e570 199121cf72074ab9a012b294338ad5e5 - - default default] Successfully bumped revision number for resource a7ea4b90-6ac8-4627-b246-1a3dc6aa3f72 (type: subnets) to 0
2026-04-02 17:57:26.553 9 INFO neutron.wsgi [None req-4a4bcb08-c34e-450f-8588-6fafd0c4e064 1ce16c7ce8f44d77a814167cbbb6e570 199121cf72074ab9a012b294338ad5e5 - - default default] 10.0.0.116 "POST /v2.0/subnets HTTP/1.1" status: 201 len: 801 time: 1.0306406
2026-04-02 17:57:26.564 9 WARNING neutron_lib.context [None req-415fbacd-5f0f-4d20-9765-e51b34ec5581 1ce16c7ce8f44d77a814167cbbb6e570 199121cf72074ab9a012b294338ad5e5 - - default default] Method 'is_advsvc' is deprecated since 2023.2 release (neutron-lib 3.8.0) and will be removed once support for the old RBAC API policies will be removed from Neutron. Please use method 'is_service_role' instead.
2026-04-02 17:57:26.700 9 INFO neutron.db.ovn_revision_numbers_db [None req-415fbacd-5f0f-4d20-9765-e51b34ec5581 1ce16c7ce8f44d77a814167cbbb6e570 199121cf72074ab9a012b294338ad5e5 - - default default] Successfully bumped revision number for resource d2bab077-341b-444a-a795-9bba76791516 (type: routers) to 1
2026-04-02 17:57:26.715 9 INFO neutron.wsgi [None req-415fbacd-5f0f-4d20-9765-e51b34ec5581 1ce16c7ce8f44d77a814167cbbb6e570 199121cf72074ab9a012b294338ad5e5 - - default default] 10.0.0.116 "POST /v2.0/routers HTTP/1.1" status: 201 len: 687 time: 0.1558197
2026-04-02 17:57:27.130 9 WARNING neutron.scheduler.dhcp_agent_scheduler [None req-1fe93918-a843-4d71-83ef-fecba56236a7 1ce16c7ce8f44d77a814167cbbb6e570 199121cf72074ab9a012b294338ad5e5 - - default default] No more DHCP agents
2026-04-02 17:57:27.133 9 WARNING neutron.api.rpc.agentnotifiers.dhcp_rpc_agent_api [None req-1fe93918-a843-4d71-83ef-fecba56236a7 1ce16c7ce8f44d77a814167cbbb6e570 199121cf72074ab9a012b294338ad5e5 - - default default] Unable to schedule network 2dbe8f6e-6ce8-4d6d-9660-bbf20951413b: no agents available; will retry on subsequent port and subnet creation events.
2026-04-02 17:57:27.319 9 INFO neutron.db.ovn_revision_numbers_db [None req-1fe93918-a843-4d71-83ef-fecba56236a7 1ce16c7ce8f44d77a814167cbbb6e570 199121cf72074ab9a012b294338ad5e5 - - default default] Successfully bumped revision number for resource 9e7571f6-c5ca-4246-b934-a3cb1159ca0d (type: ports) to 1
2026-04-02 17:57:27.647 9 INFO neutron.plugins.ml2.drivers.ovn.mech_driver.mech_driver [None req-b6c15372-2b8f-455d-8dd4-64462efef91e - - - - - -] OVN reports status up for port: 9e7571f6-c5ca-4246-b934-a3cb1159ca0d
2026-04-02 17:57:27.669 9 INFO neutron.plugins.ml2.plugin [None req-b6c15372-2b8f-455d-8dd4-64462efef91e - - - - - -] Attempt 1 to provision port 9e7571f6-c5ca-4246-b934-a3cb1159ca0d
2026-04-02 17:57:27.687 9 INFO neutron.db.ovn_revision_numbers_db [None req-1fe93918-a843-4d71-83ef-fecba56236a7 1ce16c7ce8f44d77a814167cbbb6e570 199121cf72074ab9a012b294338ad5e5 - - default default] Successfully bumped revision number for resource 9e7571f6-c5ca-4246-b934-a3cb1159ca0d (type: router_ports) to 1
2026-04-02 17:57:27.893 10 INFO neutron.db.ovn_revision_numbers_db [None req-b3852976-8b9b-4003-bad6-220f7a033851 6e572a2ffe884536a3857dbc19fff1ad d15d84c3f8b144fca4d23055a52e6571 - - default default] Successfully bumped revision number for resource ed6abbe8-a4d9-4505-9a3d-4a2283564b10 (type: security_groups) to 1
2026-04-02 17:57:27.910 9 INFO neutron.db.ovn_revision_numbers_db [None req-1fe93918-a843-4d71-83ef-fecba56236a7 1ce16c7ce8f44d77a814167cbbb6e570 199121cf72074ab9a012b294338ad5e5 - - default default] Successfully bumped revision number for resource 9e7571f6-c5ca-4246-b934-a3cb1159ca0d (type: ports) to 1
2026-04-02 17:57:27.914 10 INFO neutron.db.ovn_revision_numbers_db [None req-b3852976-8b9b-4003-bad6-220f7a033851 6e572a2ffe884536a3857dbc19fff1ad d15d84c3f8b144fca4d23055a52e6571 - - default default] Successfully bumped revision number for resource 195263c5-fb09-4381-9c44-0a90eb0a45ee (type: security_group_rules) to 0
2026-04-02 17:57:27.932 10 INFO neutron.db.ovn_revision_numbers_db [None req-b3852976-8b9b-4003-bad6-220f7a033851 6e572a2ffe884536a3857dbc19fff1ad d15d84c3f8b144fca4d23055a52e6571 - - default default] Successfully bumped revision number for resource 5d119c11-2caf-47eb-869e-0e3f5869ccd0 (type: security_group_rules) to 0
2026-04-02 17:57:27.949 10 INFO neutron.db.ovn_revision_numbers_db [None req-b3852976-8b9b-4003-bad6-220f7a033851 6e572a2ffe884536a3857dbc19fff1ad d15d84c3f8b144fca4d23055a52e6571 - - default default] Successfully bumped revision number for resource 7537ad4f-e18f-4c2f-bbef-cff7c2d78782 (type: security_group_rules) to 0
2026-04-02 17:57:27.962 10 INFO neutron.db.ovn_revision_numbers_db [None req-b3852976-8b9b-4003-bad6-220f7a033851 6e572a2ffe884536a3857dbc19fff1ad d15d84c3f8b144fca4d23055a52e6571 - - default default] Successfully bumped revision number for resource 91871788-69ce-4920-a04e-d983c0f14f76 (type: security_group_rules) to 0
2026-04-02 17:57:27.984 10 INFO neutron.wsgi [None req-b3852976-8b9b-4003-bad6-220f7a033851 6e572a2ffe884536a3857dbc19fff1ad d15d84c3f8b144fca4d23055a52e6571 - - default default] 10.0.0.116 "GET /v2.0/security-groups?tenant_id=ce4629890efd4f2692371a5e7fed6859&name=default HTTP/1.1" status: 200 len: 2996 time: 0.4589481
2026-04-02 17:57:28.002 9 WARNING neutron.scheduler.dhcp_agent_scheduler [None req-1fe93918-a843-4d71-83ef-fecba56236a7 1ce16c7ce8f44d77a814167cbbb6e570 199121cf72074ab9a012b294338ad5e5 - - default default] No more DHCP agents
2026-04-02 17:57:28.005 9 WARNING neutron.api.rpc.agentnotifiers.dhcp_rpc_agent_api [None req-1fe93918-a843-4d71-83ef-fecba56236a7 1ce16c7ce8f44d77a814167cbbb6e570 199121cf72074ab9a012b294338ad5e5 - - default default] Unable to schedule network 2dbe8f6e-6ce8-4d6d-9660-bbf20951413b: no agents available; will retry on subsequent port and subnet creation events.
2026-04-02 17:57:28.021 9 INFO neutron.db.ovn_revision_numbers_db [None req-b6c15372-2b8f-455d-8dd4-64462efef91e - - - - - -] Successfully bumped revision number for resource 9e7571f6-c5ca-4246-b934-a3cb1159ca0d (type: ports) to 2
2026-04-02 17:57:28.126 9 INFO neutron.db.ovn_revision_numbers_db [None req-b6c15372-2b8f-455d-8dd4-64462efef91e - - - - - -] Successfully bumped revision number for resource 9e7571f6-c5ca-4246-b934-a3cb1159ca0d (type: router_ports) to 2
2026-04-02 17:57:28.168 9 INFO neutron.db.ovn_revision_numbers_db [None req-1fe93918-a843-4d71-83ef-fecba56236a7 1ce16c7ce8f44d77a814167cbbb6e570 199121cf72074ab9a012b294338ad5e5 - - default default] Successfully bumped revision number for resource 9e7571f6-c5ca-4246-b934-a3cb1159ca0d (type: router_ports) to 2
2026-04-02 17:57:28.171 9 INFO neutron.wsgi [None req-1fe93918-a843-4d71-83ef-fecba56236a7 1ce16c7ce8f44d77a814167cbbb6e570 199121cf72074ab9a012b294338ad5e5 - - default default] 10.0.0.116 "PUT /v2.0/routers/d2bab077-341b-444a-a795-9bba76791516/add_router_interface HTTP/1.1" status: 200 len: 503 time: 1.4506748
2026-04-02 17:57:28.186 10 INFO neutron.wsgi [None req-ab973a61-93d1-4fbb-a6a1-9d7812c2c2e2 6e572a2ffe884536a3857dbc19fff1ad d15d84c3f8b144fca4d23055a52e6571 - - default default] 10.0.0.116 "DELETE /v2.0/security-groups/ed6abbe8-a4d9-4505-9a3d-4a2283564b10 HTTP/1.1" status: 204 len: 168 time: 0.1963258
2026-04-02 17:57:28.212 9 INFO neutron.wsgi [None req-7426b1c3-4245-44dd-88a8-4e6da3938200 1ce16c7ce8f44d77a814167cbbb6e570 199121cf72074ab9a012b294338ad5e5 - - default default] 10.0.0.116 "GET /v2.0/ports/9e7571f6-c5ca-4246-b934-a3cb1159ca0d HTTP/1.1" status: 200 len: 1137 time: 0.0353062
2026-04-02 17:57:28.515 10 INFO neutron.db.ovn_revision_numbers_db [None req-73354bdf-96ad-4cf2-977b-4c1867bf8d5a 6e572a2ffe884536a3857dbc19fff1ad d15d84c3f8b144fca4d23055a52e6571 - - default default] Successfully bumped revision number for resource 24c70cdf-1fc7-4a93-80a9-9b1105e0f6b0 (type: security_groups) to 1
2026-04-02 17:57:28.534 10 INFO neutron.db.ovn_revision_numbers_db [None req-73354bdf-96ad-4cf2-977b-4c1867bf8d5a 6e572a2ffe884536a3857dbc19fff1ad d15d84c3f8b144fca4d23055a52e6571 - - default default] Successfully bumped revision number for resource 40b8a538-1e84-4702-b167-57acdc4785f1 (type: security_group_rules) to 0
2026-04-02 17:57:28.551 10 INFO neutron.db.ovn_revision_numbers_db [None req-73354bdf-96ad-4cf2-977b-4c1867bf8d5a 6e572a2ffe884536a3857dbc19fff1ad d15d84c3f8b144fca4d23055a52e6571 - - default default] Successfully bumped revision number for resource 98de148c-28f3-4eb3-99e9-2facfc428133 (type: security_group_rules) to 0
2026-04-02 17:57:28.565 10 INFO neutron.db.ovn_revision_numbers_db [None req-73354bdf-96ad-4cf2-977b-4c1867bf8d5a 6e572a2ffe884536a3857dbc19fff1ad d15d84c3f8b144fca4d23055a52e6571 - - default default] Successfully bumped revision number for resource a7398651-d99a-411b-b314-27d0ff939b40 (type: security_group_rules) to 0
2026-04-02 17:57:28.583 10 INFO neutron.db.ovn_revision_numbers_db [None req-73354bdf-96ad-4cf2-977b-4c1867bf8d5a 6e572a2ffe884536a3857dbc19fff1ad d15d84c3f8b144fca4d23055a52e6571 - - default default] Successfully bumped revision number for resource c75980ce-268b-4516-8cc3-186924fe9fbd (type: security_group_rules) to 0
2026-04-02 17:57:28.614 10 INFO neutron.wsgi [None req-73354bdf-96ad-4cf2-977b-4c1867bf8d5a 6e572a2ffe884536a3857dbc19fff1ad d15d84c3f8b144fca4d23055a52e6571 - - default default] 10.0.0.116 "GET /v2.0/security-groups?tenant_id=dd23f1e85b6043ebabffced5dc67f01f&name=default HTTP/1.1" status: 200 len: 2996 time: 0.2234223
2026-04-02 17:57:28.722 9 WARNING neutron.scheduler.dhcp_agent_scheduler [None req-80209345-a60b-44f1-995d-352cb7973607 1ce16c7ce8f44d77a814167cbbb6e570 199121cf72074ab9a012b294338ad5e5 - - default default] No more DHCP agents
2026-04-02 17:57:28.727 9 WARNING neutron.api.rpc.agentnotifiers.dhcp_rpc_agent_api [None req-80209345-a60b-44f1-995d-352cb7973607 1ce16c7ce8f44d77a814167cbbb6e570 199121cf72074ab9a012b294338ad5e5 - - default default] Unable to schedule network 14796741-643e-4ba5-a5bd-4e16f69d17d3: no agents available; will retry on subsequent port and subnet creation events.
2026-04-02 17:57:28.858 10 INFO neutron.wsgi [None req-26f988e9-6938-45a9-81e5-f5c3944784c3 6e572a2ffe884536a3857dbc19fff1ad d15d84c3f8b144fca4d23055a52e6571 - - default default] 10.0.0.116 "DELETE /v2.0/security-groups/24c70cdf-1fc7-4a93-80a9-9b1105e0f6b0 HTTP/1.1" status: 204 len: 168 time: 0.2374694
2026-04-02 17:57:28.968 9 INFO neutron.db.ovn_revision_numbers_db [None req-80209345-a60b-44f1-995d-352cb7973607 1ce16c7ce8f44d77a814167cbbb6e570 199121cf72074ab9a012b294338ad5e5 - - default default] Successfully bumped revision number for resource ce8cfa19-9915-4bc4-8b34-789ce6f39369 (type: ports) to 1
2026-04-02 17:57:29.408 10 INFO neutron.plugins.ml2.drivers.ovn.mech_driver.mech_driver [None req-723bc847-d115-40b4-a729-a180a8ccbf88 - - - - - -] OVN reports status up for port: ce8cfa19-9915-4bc4-8b34-789ce6f39369
2026-04-02 17:57:29.419 10 INFO neutron.plugins.ml2.plugin [None req-723bc847-d115-40b4-a729-a180a8ccbf88 - - - - - -] Attempt 1 to provision port ce8cfa19-9915-4bc4-8b34-789ce6f39369
2026-04-02 17:57:29.430 9 INFO neutron.db.ovn_revision_numbers_db [None req-80209345-a60b-44f1-995d-352cb7973607 1ce16c7ce8f44d77a814167cbbb6e570 199121cf72074ab9a012b294338ad5e5 - - default default] Successfully bumped revision number for resource ce8cfa19-9915-4bc4-8b34-789ce6f39369 (type: router_ports) to 1
2026-04-02 17:57:29.782 10 INFO neutron.db.ovn_revision_numbers_db [None req-723bc847-d115-40b4-a729-a180a8ccbf88 - - - - - -] Successfully bumped revision number for resource ce8cfa19-9915-4bc4-8b34-789ce6f39369 (type: ports) to 2
2026-04-02 17:57:29.823 9 ERROR ovsdbapp.backend.ovs_idl.transaction [None req-80209345-a60b-44f1-995d-352cb7973607 1ce16c7ce8f44d77a814167cbbb6e570 199121cf72074ab9a012b294338ad5e5 - - default default]
Traceback (most recent call last): File "/var/lib/openstack/lib/python3.10/site-packages/ovsdbapp/backend/ovs_idl/connection.py", line 118, in run txn.results.put(txn.do_commit())
File "/var/lib/openstack/lib/python3.10/site-packages/ovsdbapp/backend/ovs_idl/transaction.py", line 92, in do_commit command.run_idl(txn)
File "/var/lib/openstack/lib/python3.10/site-packages/neutron/plugins/ml2/drivers/ovn/mech_driver/ovsdb/commands.py", line 823, in run_idl raise ovn_exc.RevisionConflict( neutron.common.ovn.exceptions.RevisionConflict: OVN revision number for ce8cfa19-9915-4bc4-8b34-789ce6f39369 (type: ports) is higher than the given resource. Skipping update 
2026-04-02 17:57:29.823 9 INFO neutron.plugins.ml2.drivers.ovn.mech_driver.ovsdb.impl_idl_ovn [None req-80209345-a60b-44f1-995d-352cb7973607 1ce16c7ce8f44d77a814167cbbb6e570 199121cf72074ab9a012b294338ad5e5 - - default default] Transaction aborted. Reason: OVN revision number for ce8cfa19-9915-4bc4-8b34-789ce6f39369 (type: ports) is higher than the given resource. Skipping update
2026-04-02 17:57:29.909 10 INFO neutron.db.ovn_revision_numbers_db [None req-723bc847-d115-40b4-a729-a180a8ccbf88 - - - - - -] Successfully bumped revision number for resource ce8cfa19-9915-4bc4-8b34-789ce6f39369 (type: router_ports) to 2
2026-04-02 17:57:29.912 9 WARNING neutron.scheduler.dhcp_agent_scheduler [None req-80209345-a60b-44f1-995d-352cb7973607 1ce16c7ce8f44d77a814167cbbb6e570 199121cf72074ab9a012b294338ad5e5 - - default default] No more DHCP agents
2026-04-02 17:57:29.914 9 WARNING neutron.api.rpc.agentnotifiers.dhcp_rpc_agent_api [None req-80209345-a60b-44f1-995d-352cb7973607 1ce16c7ce8f44d77a814167cbbb6e570 199121cf72074ab9a012b294338ad5e5 - - default default] Unable to schedule network 14796741-643e-4ba5-a5bd-4e16f69d17d3: no agents available; will retry on subsequent port and subnet creation events.
2026-04-02 17:57:30.083 9 INFO neutron.wsgi [None req-3a423139-4e1e-401e-ac31-368105d98e7f 6e572a2ffe884536a3857dbc19fff1ad d15d84c3f8b144fca4d23055a52e6571 - - default default] 10.0.0.152 "GET /v2.0/routers HTTP/1.1" status: 200 len: 672 time: 0.3695872
2026-04-02 17:57:30.102 9 INFO neutron.wsgi [None req-1a2434ac-01e7-44d2-94fd-c2de3f8527ac 6e572a2ffe884536a3857dbc19fff1ad d15d84c3f8b144fca4d23055a52e6571 - - default default] 10.0.0.152 "GET /v2.0/agents?binary=ovn-controller HTTP/1.1" status: 200 len: 591 time: 0.0179360
2026-04-02 17:57:30.146 10 INFO neutron.db.ovn_revision_numbers_db [None req-30521a71-94ff-4940-b5b1-affc0799a4d2 6e572a2ffe884536a3857dbc19fff1ad d15d84c3f8b144fca4d23055a52e6571 - - default default] Successfully bumped revision number for resource 074d59e6-2a98-4c01-8017-31818735fd8c (type: security_groups) to 1
2026-04-02 17:57:30.150 9 INFO neutron.db.ovn_revision_numbers_db [None req-80209345-a60b-44f1-995d-352cb7973607 1ce16c7ce8f44d77a814167cbbb6e570 199121cf72074ab9a012b294338ad5e5 - - default default] Successfully bumped revision number for resource ce8cfa19-9915-4bc4-8b34-789ce6f39369 (type: router_ports) to 2
2026-04-02 17:57:30.152 9 INFO neutron.wsgi [None req-80209345-a60b-44f1-995d-352cb7973607 1ce16c7ce8f44d77a814167cbbb6e570 199121cf72074ab9a012b294338ad5e5 - - default default] 10.0.0.116 "PUT /v2.0/routers/d2bab077-341b-444a-a795-9bba76791516/add_router_interface HTTP/1.1" status: 200 len: 503 time: 1.9336424
2026-04-02 17:57:30.169 10 INFO neutron.db.ovn_revision_numbers_db [None req-30521a71-94ff-4940-b5b1-affc0799a4d2 6e572a2ffe884536a3857dbc19fff1ad d15d84c3f8b144fca4d23055a52e6571 - - default default] Successfully bumped revision number for resource 10108ff8-c51d-4c6a-a3f7-4be73c280416 (type: security_group_rules) to 0
2026-04-02 17:57:30.195 10 INFO neutron.db.ovn_revision_numbers_db [None req-30521a71-94ff-4940-b5b1-affc0799a4d2 6e572a2ffe884536a3857dbc19fff1ad d15d84c3f8b144fca4d23055a52e6571 - - default default] Successfully bumped revision number for resource 18ccd7c4-d015-4387-ae7e-3f6fc11ca637 (type: security_group_rules) to 0
2026-04-02 17:57:30.198 9 INFO neutron.wsgi [None req-175d58d9-0d67-4206-a7c0-bf6a1ab84a5f 6e572a2ffe884536a3857dbc19fff1ad d15d84c3f8b144fca4d23055a52e6571 - - default default] 10.0.0.152 "GET /v2.0/ports HTTP/1.1" status: 200 len: 9563 time: 0.0860014
2026-04-02 17:57:30.215 10 INFO neutron.db.ovn_revision_numbers_db [None req-30521a71-94ff-4940-b5b1-affc0799a4d2 6e572a2ffe884536a3857dbc19fff1ad d15d84c3f8b144fca4d23055a52e6571 - - default default] Successfully bumped revision number for resource 25f7e290-9081-4b51-902e-459e0d45674f (type: security_group_rules) to 0
2026-04-02 17:57:30.234 9 INFO neutron.wsgi [None req-06c5c5b2-5533-4ecb-a793-debe65b63911 6e572a2ffe884536a3857dbc19fff1ad d15d84c3f8b144fca4d23055a52e6571 - - default default] 10.0.0.152 "GET /v2.0/floatingips HTTP/1.1" status: 200 len: 193 time: 0.0300717
2026-04-02 17:57:30.247 10 INFO neutron.db.ovn_revision_numbers_db [None req-30521a71-94ff-4940-b5b1-affc0799a4d2 6e572a2ffe884536a3857dbc19fff1ad d15d84c3f8b144fca4d23055a52e6571 - - default default] Successfully bumped revision number for resource 746631ce-3c85-4773-923c-ae90581f1919 (type: security_group_rules) to 0
2026-04-02 17:57:30.271 9 INFO neutron.wsgi [None req-6c9fe0aa-863d-436e-b6d3-9f553544638f 6e572a2ffe884536a3857dbc19fff1ad d15d84c3f8b144fca4d23055a52e6571 - - default default] 10.0.0.152 "GET /v2.0/subnets HTTP/1.1" status: 200 len: 2657 time: 0.0358703
2026-04-02 17:57:30.284 9 INFO neutron.wsgi [None req-8286ddb1-eff3-4e30-abc0-2287b26dfd46 6e572a2ffe884536a3857dbc19fff1ad d15d84c3f8b144fca4d23055a52e6571 - - default default] 10.0.0.152 "GET /v2.0/agents HTTP/1.1" status: 200 len: 997 time: 0.0116270
2026-04-02 17:57:30.301 9 INFO neutron.wsgi [None req-6e1fdce2-cc2f-4872-968c-852d60bd16e1 6e572a2ffe884536a3857dbc19fff1ad d15d84c3f8b144fca4d23055a52e6571 - - default default] 10.0.0.152 "GET /v2.0/network-ip-availabilities HTTP/1.1" status: 200 len: 2104 time: 0.0153253
2026-04-02 17:57:30.342 9 INFO neutron.wsgi [None req-974fc8ff-f40a-4572-87b4-ba8bf227704e 6e572a2ffe884536a3857dbc19fff1ad d15d84c3f8b144fca4d23055a52e6571 - - default default] 10.0.0.152 "GET /v2.0/subnets HTTP/1.1" status: 200 len: 2657 time: 0.0398638
2026-04-02 17:57:30.358 9 INFO neutron.wsgi [None req-9fb9dcb7-b031-4b85-9544-8aca05ec7f50 6e572a2ffe884536a3857dbc19fff1ad d15d84c3f8b144fca4d23055a52e6571 - - default default] 10.0.0.152 "GET /v2.0/subnetpools HTTP/1.1" status: 200 len: 193 time: 0.0110683
2026-04-02 17:57:30.458 9 INFO neutron.wsgi [None req-26d671ef-158c-42a5-bf15-a12abf7518dd 6e572a2ffe884536a3857dbc19fff1ad d15d84c3f8b144fca4d23055a52e6571 - - default default] 10.0.0.152 "GET /v2.0/networks HTTP/1.1" status: 200 len: 3833 time: 0.0978851
2026-04-02 17:57:30.490 10 INFO neutron.wsgi [None req-30521a71-94ff-4940-b5b1-affc0799a4d2 6e572a2ffe884536a3857dbc19fff1ad d15d84c3f8b144fca4d23055a52e6571 - - default default] 10.0.0.116 "GET /v2.0/security-groups?tenant_id=0843431112b240e0b39eb62816662c4f&name=default HTTP/1.1" status: 200 len: 2996 time: 0.5105095
2026-04-02 17:57:30.495 10 INFO neutron.wsgi [None req-d7ff9d59-6795-463a-870b-b2feac7814f2 1ce16c7ce8f44d77a814167cbbb6e570 199121cf72074ab9a012b294338ad5e5 - - default default] 10.0.0.116 "GET /v2.0/ports/ce8cfa19-9915-4bc4-8b34-789ce6f39369 HTTP/1.1" status: 200 len: 1137 time: 0.3367059
2026-04-02 17:57:30.545 10 INFO neutron.wsgi [None req-69e17c00-a42c-411b-a4eb-a2eba00be8dd 1ce16c7ce8f44d77a814167cbbb6e570 199121cf72074ab9a012b294338ad5e5 - - default default] 10.0.0.116 "GET /v2.0/ports/ce8cfa19-9915-4bc4-8b34-789ce6f39369 HTTP/1.1" status: 200 len: 1137 time: 0.0467017
2026-04-02 17:57:30.573 9 INFO neutron.wsgi [None req-f3d4f9de-7892-4d6c-b9e3-dcb8bdd8a743 6e572a2ffe884536a3857dbc19fff1ad d15d84c3f8b144fca4d23055a52e6571 - - default default] 10.0.0.152 "GET /v2.0/security-groups HTTP/1.1" status: 200 len: 22363 time: 0.1090772
2026-04-02 17:57:30.591 9 INFO neutron.db.ovn_revision_numbers_db [None req-23a619ca-e253-42c0-a01d-a121ee6b9552 6e572a2ffe884536a3857dbc19fff1ad d15d84c3f8b144fca4d23055a52e6571 - - default default] Successfully bumped revision number for resource 41563b85-b20d-45f2-8716-1a883df91db4 (type: security_groups) to 1
2026-04-02 17:57:30.607 9 INFO neutron.db.ovn_revision_numbers_db [None req-23a619ca-e253-42c0-a01d-a121ee6b9552 6e572a2ffe884536a3857dbc19fff1ad d15d84c3f8b144fca4d23055a52e6571 - - default default] Successfully bumped revision number for resource 0ff7054c-0c94-4ef4-9348-c08240c09f76 (type: security_group_rules) to 0
2026-04-02 17:57:30.622 9 INFO neutron.db.ovn_revision_numbers_db [None req-23a619ca-e253-42c0-a01d-a121ee6b9552 6e572a2ffe884536a3857dbc19fff1ad d15d84c3f8b144fca4d23055a52e6571 - - default default] Successfully bumped revision number for resource 1377f7dc-4013-4d72-9ac0-1abff78ca33a (type: security_group_rules) to 0
2026-04-02 17:57:30.643 9 INFO neutron.db.ovn_revision_numbers_db [None req-23a619ca-e253-42c0-a01d-a121ee6b9552 6e572a2ffe884536a3857dbc19fff1ad d15d84c3f8b144fca4d23055a52e6571 - - default default] Successfully bumped revision number for resource 71cfbe44-d5be-4998-bcf0-790c7d77ff3e (type: security_group_rules) to 0
2026-04-02 17:57:30.659 9 INFO neutron.db.ovn_revision_numbers_db [None req-23a619ca-e253-42c0-a01d-a121ee6b9552 6e572a2ffe884536a3857dbc19fff1ad d15d84c3f8b144fca4d23055a52e6571 - - default default] Successfully bumped revision number for resource c723eccd-7692-4009-ab85-097ae05a339f (type: security_group_rules) to 0
2026-04-02 17:57:30.695 9 INFO neutron.wsgi [None req-23a619ca-e253-42c0-a01d-a121ee6b9552 6e572a2ffe884536a3857dbc19fff1ad d15d84c3f8b144fca4d23055a52e6571 - - default default] 10.0.0.116 "GET /v2.0/security-groups?tenant_id=b0fb73c55de84d7e9d12278f428b578d&name=default HTTP/1.1" status: 200 len: 2996 time: 0.4950836
2026-04-02 17:57:30.863 10 INFO neutron.wsgi [None req-2bd976eb-8c0d-4e18-9dd5-5fc7f61c6e8f 6e572a2ffe884536a3857dbc19fff1ad d15d84c3f8b144fca4d23055a52e6571 - - default default] 10.0.0.116 "DELETE /v2.0/security-groups/074d59e6-2a98-4c01-8017-31818735fd8c HTTP/1.1" status: 204 len: 168 time: 0.3656113
2026-04-02 17:57:30.894 9 INFO neutron.wsgi [None req-f98c0eb1-d6a8-4b1a-99fe-b22b23cc7a3a 6e572a2ffe884536a3857dbc19fff1ad d15d84c3f8b144fca4d23055a52e6571 - - default default] 10.0.0.116 "DELETE /v2.0/security-groups/41563b85-b20d-45f2-8716-1a883df91db4 HTTP/1.1" status: 204 len: 168 time: 0.1955810
2026-04-02 17:57:31.150 9 INFO neutron.db.ovn_revision_numbers_db [None req-c43cdd77-2e4b-4d85-9da8-152c29e91693 6e572a2ffe884536a3857dbc19fff1ad d15d84c3f8b144fca4d23055a52e6571 - - default default] Successfully bumped revision number for resource ea676854-b465-43d6-9d37-6c0ff47925db (type: security_groups) to 1
2026-04-02 17:57:31.173 9 INFO neutron.db.ovn_revision_numbers_db [None req-c43cdd77-2e4b-4d85-9da8-152c29e91693 6e572a2ffe884536a3857dbc19fff1ad d15d84c3f8b144fca4d23055a52e6571 - - default default] Successfully bumped revision number for resource 6246c72d-a07a-44c2-8bd4-cd56bb76a977 (type: security_group_rules) to 0
2026-04-02 17:57:31.181 10 INFO neutron.db.ovn_revision_numbers_db [None req-3cd227ff-cb9b-4cb8-98f8-9888dcf998dc 6e572a2ffe884536a3857dbc19fff1ad d15d84c3f8b144fca4d23055a52e6571 - - default default] Successfully bumped revision number for resource dced6d33-e13f-4692-8e4a-5e29bdb78399 (type: security_groups) to 1
2026-04-02 17:57:31.192 9 INFO neutron.db.ovn_revision_numbers_db [None req-c43cdd77-2e4b-4d85-9da8-152c29e91693 6e572a2ffe884536a3857dbc19fff1ad d15d84c3f8b144fca4d23055a52e6571 - - default default] Successfully bumped revision number for resource 81b21f88-fe33-4f43-85e1-73974017b7bf (type: security_group_rules) to 0
2026-04-02 17:57:31.194 10 INFO neutron.db.ovn_revision_numbers_db [None req-3cd227ff-cb9b-4cb8-98f8-9888dcf998dc 6e572a2ffe884536a3857dbc19fff1ad d15d84c3f8b144fca4d23055a52e6571 - - default default] Successfully bumped revision number for resource 01a71445-40fa-4d7c-963c-0fed8f9b36b4 (type: security_group_rules) to 0
2026-04-02 17:57:31.204 9 INFO neutron.db.ovn_revision_numbers_db [None req-c43cdd77-2e4b-4d85-9da8-152c29e91693 6e572a2ffe884536a3857dbc19fff1ad d15d84c3f8b144fca4d23055a52e6571 - - default default] Successfully bumped revision number for resource b92f5c38-9a87-4288-b98b-5d86cba2d5f5 (type: security_group_rules) to 0
2026-04-02 17:57:31.218 9 INFO neutron.db.ovn_revision_numbers_db [None req-c43cdd77-2e4b-4d85-9da8-152c29e91693 6e572a2ffe884536a3857dbc19fff1ad d15d84c3f8b144fca4d23055a52e6571 - - default default] Successfully bumped revision number for resource c165bf4c-5d12-4d47-99fb-f1ab3177fc8d (type: security_group_rules) to 0
2026-04-02 17:57:31.230 10 INFO neutron.db.ovn_revision_numbers_db [None req-3cd227ff-cb9b-4cb8-98f8-9888dcf998dc 6e572a2ffe884536a3857dbc19fff1ad d15d84c3f8b144fca4d23055a52e6571 - - default default] Successfully bumped revision number for resource 4c37a8ab-8623-424d-a96e-febadcf3552f (type: security_group_rules) to 0
2026-04-02 17:57:31.241 9 INFO neutron.wsgi [None req-c43cdd77-2e4b-4d85-9da8-152c29e91693 6e572a2ffe884536a3857dbc19fff1ad d15d84c3f8b144fca4d23055a52e6571 - - default default] 10.0.0.116 "GET /v2.0/security-groups?tenant_id=5d654b84105c44b48bbcca4cd4280b00&name=default HTTP/1.1" status: 200 len: 2996 time: 0.2043445
2026-04-02 17:57:31.245 10 INFO neutron.db.ovn_revision_numbers_db [None req-3cd227ff-cb9b-4cb8-98f8-9888dcf998dc 6e572a2ffe884536a3857dbc19fff1ad d15d84c3f8b144fca4d23055a52e6571 - - default default] Successfully bumped revision number for resource 87f80d72-0ee9-46f7-8fa4-e544902479ae (type: security_group_rules) to 0
2026-04-02 17:57:31.287 10 INFO neutron.db.ovn_revision_numbers_db [None req-3cd227ff-cb9b-4cb8-98f8-9888dcf998dc 6e572a2ffe884536a3857dbc19fff1ad d15d84c3f8b144fca4d23055a52e6571 - - default default] Successfully bumped revision number for resource c1984694-d6b2-4a8f-91c4-ddd61518687a (type: security_group_rules) to 0
2026-04-02 17:57:31.321 10 INFO neutron.wsgi [None req-3cd227ff-cb9b-4cb8-98f8-9888dcf998dc 6e572a2ffe884536a3857dbc19fff1ad d15d84c3f8b144fca4d23055a52e6571 - - default default] 10.0.0.116 "GET /v2.0/security-groups?tenant_id=34604ab513f04dacb2a2387a23f4bf22&name=default HTTP/1.1" status: 200 len: 2996 time: 0.2751884
2026-04-02 17:57:31.379 10 INFO neutron.wsgi [None req-6058455f-1a3e-46c0-852b-19ca09621eb2 1ce16c7ce8f44d77a814167cbbb6e570 199121cf72074ab9a012b294338ad5e5 - - default default] 10.0.0.116 "PUT /v2.0/routers/d2bab077-341b-444a-a795-9bba76791516/remove_router_interface HTTP/1.1" status: 200 len: 503 time: 0.8276560
2026-04-02 17:57:31.492 9 INFO neutron.wsgi [None req-09ec8839-b682-48cb-984c-a6be0edc5c5f 1ce16c7ce8f44d77a814167cbbb6e570 199121cf72074ab9a012b294338ad5e5 - - default default] 10.0.0.116 "GET /v2.0/ports/9e7571f6-c5ca-4246-b934-a3cb1159ca0d HTTP/1.1" status: 200 len: 1137 time: 0.1064439
2026-04-02 17:57:31.540 10 INFO neutron.wsgi [None req-4dac4dd8-1980-46d4-a75f-3ee4ae11ab2b 6e572a2ffe884536a3857dbc19fff1ad d15d84c3f8b144fca4d23055a52e6571 - - default default] 10.0.0.116 "DELETE /v2.0/security-groups/ea676854-b465-43d6-9d37-6c0ff47925db HTTP/1.1" status: 204 len: 168 time: 0.2932227
2026-04-02 17:57:31.627 9 INFO neutron.wsgi [None req-476d4804-e564-4760-a1ae-747be5401bbb 6e572a2ffe884536a3857dbc19fff1ad d15d84c3f8b144fca4d23055a52e6571 - - default default] 10.0.0.116 "DELETE /v2.0/security-groups/dced6d33-e13f-4692-8e4a-5e29bdb78399 HTTP/1.1" status: 204 len: 168 time: 0.3014190
2026-04-02 17:57:32.161 9 INFO neutron.wsgi [None req-7d02a6e8-ddaa-43e9-945e-c373a6395b24 1ce16c7ce8f44d77a814167cbbb6e570 199121cf72074ab9a012b294338ad5e5 - - default default] 10.0.0.116 "PUT /v2.0/routers/d2bab077-341b-444a-a795-9bba76791516/remove_router_interface HTTP/1.1" status: 200 len: 503 time: 0.6624441 /var/lib/openstack/lib/python3.10/site-packages/pycadf/identifier.py:71: UserWarning: Invalid uuid: neutron. To ensure interoperability, identifiers should be a valid uuid. warnings.warn(('Invalid uuid: %s. To ensure interoperability, '
2026-04-02 17:57:32.206 10 INFO neutron.wsgi [None req-3644327a-8950-4c35-a79d-5bc19c0f26d7 1ce16c7ce8f44d77a814167cbbb6e570 199121cf72074ab9a012b294338ad5e5 - - default default] 10.0.0.116 "GET /v2.0/ports?device_id=d2bab077-341b-444a-a795-9bba76791516 HTTP/1.1" status: 200 len: 205 time: 0.0358872
