2026-04-02 17:59:03.226 10 INFO neutron.db.ovn_revision_numbers_db [None req-ff575204-5c32-4f8b-8cb6-c2b93d05d0c3 6e572a2ffe884536a3857dbc19fff1ad d15d84c3f8b144fca4d23055a52e6571 - - default default] Successfully bumped revision number for resource 476f8978-2aeb-4931-b03a-14cbc52755f6 (type: networks) to 1
2026-04-02 17:59:03.269 9 INFO neutron.wsgi [-] 10.0.0.220 "GET / HTTP/1.1" status: 200 len: 247 time: 0.0031686
2026-04-02 17:59:03.272 9 INFO neutron.wsgi [-] 10.0.0.220 "GET / HTTP/1.1" status: 200 len: 247 time: 0.0020504
2026-04-02 17:59:03.396 10 WARNING neutron.scheduler.dhcp_agent_scheduler [None req-ff575204-5c32-4f8b-8cb6-c2b93d05d0c3 6e572a2ffe884536a3857dbc19fff1ad d15d84c3f8b144fca4d23055a52e6571 - - default default] No more DHCP agents
2026-04-02 17:59:03.398 10 WARNING neutron.api.rpc.agentnotifiers.dhcp_rpc_agent_api [None req-ff575204-5c32-4f8b-8cb6-c2b93d05d0c3 6e572a2ffe884536a3857dbc19fff1ad d15d84c3f8b144fca4d23055a52e6571 - - default default] Unable to schedule network 476f8978-2aeb-4931-b03a-14cbc52755f6: no agents available; will retry on subsequent port and subnet creation events.
2026-04-02 17:59:03.483 10 INFO neutron.db.ovn_revision_numbers_db [None req-ff575204-5c32-4f8b-8cb6-c2b93d05d0c3 6e572a2ffe884536a3857dbc19fff1ad d15d84c3f8b144fca4d23055a52e6571 - - default default] Successfully bumped revision number for resource 73817757-40ff-471d-a834-414c2e373976 (type: ports) to 1
2026-04-02 17:59:03.505 10 INFO neutron.wsgi [None req-ff575204-5c32-4f8b-8cb6-c2b93d05d0c3 6e572a2ffe884536a3857dbc19fff1ad d15d84c3f8b144fca4d23055a52e6571 - - default default] 10.0.0.116 "POST /v2.0/networks HTTP/1.1" status: 201 len: 942 time: 0.8024583
2026-04-02 17:59:03.662 10 WARNING neutron.scheduler.dhcp_agent_scheduler [None req-d5cd61e3-d441-4fe3-ae9a-57e8670d81d2 6e572a2ffe884536a3857dbc19fff1ad d15d84c3f8b144fca4d23055a52e6571 - - default default] No more DHCP agents
2026-04-02 17:59:03.665 10 WARNING neutron.api.rpc.agentnotifiers.dhcp_rpc_agent_api [None req-d5cd61e3-d441-4fe3-ae9a-57e8670d81d2 6e572a2ffe884536a3857dbc19fff1ad d15d84c3f8b144fca4d23055a52e6571 - - default default] Unable to schedule network 476f8978-2aeb-4931-b03a-14cbc52755f6: no agents available; will retry on subsequent port and subnet creation events.
2026-04-02 17:59:04.433 10 INFO neutron.db.ovn_revision_numbers_db [None req-d5cd61e3-d441-4fe3-ae9a-57e8670d81d2 6e572a2ffe884536a3857dbc19fff1ad d15d84c3f8b144fca4d23055a52e6571 - - default default] Successfully bumped revision number for resource 73817757-40ff-471d-a834-414c2e373976 (type: ports) to 2
2026-04-02 17:59:04.466 10 INFO neutron.db.ovn_revision_numbers_db [None req-d5cd61e3-d441-4fe3-ae9a-57e8670d81d2 6e572a2ffe884536a3857dbc19fff1ad d15d84c3f8b144fca4d23055a52e6571 - - default default] Successfully bumped revision number for resource 558d1384-889e-4a7e-9171-4dddb20b4a71 (type: subnets) to 0
2026-04-02 17:59:04.479 10 INFO neutron.wsgi [None req-d5cd61e3-d441-4fe3-ae9a-57e8670d81d2 6e572a2ffe884536a3857dbc19fff1ad d15d84c3f8b144fca4d23055a52e6571 - - default default] 10.0.0.116 "POST /v2.0/subnets HTTP/1.1" status: 201 len: 862 time: 0.9679875
2026-04-02 17:59:04.946 10 WARNING neutron.scheduler.dhcp_agent_scheduler [None req-bff3b4b7-e5fe-4cc4-b96f-f4303d3dc5d7 6e572a2ffe884536a3857dbc19fff1ad d15d84c3f8b144fca4d23055a52e6571 - - default default] No more DHCP agents
2026-04-02 17:59:04.949 10 WARNING neutron.api.rpc.agentnotifiers.dhcp_rpc_agent_api [None req-bff3b4b7-e5fe-4cc4-b96f-f4303d3dc5d7 6e572a2ffe884536a3857dbc19fff1ad d15d84c3f8b144fca4d23055a52e6571 - - default default] Unable to schedule network 8134dd1c-f936-4b4a-8827-84d8f7e38382: no agents available; will retry on subsequent port and subnet creation events.
2026-04-02 17:59:05.097 10 INFO neutron.db.ovn_revision_numbers_db [None req-bff3b4b7-e5fe-4cc4-b96f-f4303d3dc5d7 6e572a2ffe884536a3857dbc19fff1ad d15d84c3f8b144fca4d23055a52e6571 - - default default] Successfully bumped revision number for resource 29edfe4f-713d-4359-b2b6-651788d1d04c (type: ports) to 1
2026-04-02 17:59:05.478 10 WARNING neutron_lib.context [None req-76328cf6-11fc-447b-a5bf-5cb25b8db8cd 12c5b368b37140d0be559eec0380a096 350a905bbc384e2190d3e833eedd0953 - - default default] Method 'is_advsvc' is deprecated since 2023.2 release (neutron-lib 3.8.0) and will be removed once support for the old RBAC API policies will be removed from Neutron. Please use method 'is_service_role' instead.
2026-04-02 17:59:05.713 10 INFO neutron.plugins.ml2.drivers.ovn.mech_driver.mech_driver [None req-723bc847-d115-40b4-a729-a180a8ccbf88 - - - - - -] OVN reports status up for port: 29edfe4f-713d-4359-b2b6-651788d1d04c
2026-04-02 17:59:05.714 9 INFO neutron.wsgi [None req-d337cbba-4d58-4037-a039-120f21156697 7deca624a4ec402f86314a18e8634374 c840e1ea8d8e4b3fb7a989f17d6da841 - - default default] 10.0.0.116 "POST /v2.0/qos/policies HTTP/1.1" status: 201 len: 558 time: 0.1084082
2026-04-02 17:59:05.725 10 INFO neutron.plugins.ml2.drivers.ovn.mech_driver.ovsdb.ovsdb_monitor [None req-00d24ac7-4577-444a-af61-05ee6a1eb406 - - - - - -] Router 3c56194e-4417-471d-88ce-3f00ba62f387 is bound to host instance
2026-04-02 17:59:05.755 9 INFO neutron.wsgi [None req-4b633576-bb9c-4e06-97ea-ae8734d8fa3a 7deca624a4ec402f86314a18e8634374 c840e1ea8d8e4b3fb7a989f17d6da841 - - default default] 10.0.0.116 "PUT /v2.0/policies/4826cf62-12c4-4b59-8a37-d3f0005c09ca/tags HTTP/1.1" status: 200 len: 218 time: 0.0348651
2026-04-02 17:59:05.761 10 INFO neutron.plugins.ml2.plugin [None req-723bc847-d115-40b4-a729-a180a8ccbf88 - - - - - -] Attempt 1 to provision port 29edfe4f-713d-4359-b2b6-651788d1d04c
2026-04-02 17:59:05.788 9 INFO neutron.wsgi [None req-051ae1ea-9062-4fb2-acd8-16b1baabbe82 7deca624a4ec402f86314a18e8634374 c840e1ea8d8e4b3fb7a989f17d6da841 - - default default] 10.0.0.116 "GET /v2.0/policies/4826cf62-12c4-4b59-8a37-d3f0005c09ca/tags HTTP/1.1" status: 200 len: 218 time: 0.0208235
2026-04-02 17:59:05.814 10 INFO neutron.db.ovn_revision_numbers_db [None req-bff3b4b7-e5fe-4cc4-b96f-f4303d3dc5d7 6e572a2ffe884536a3857dbc19fff1ad d15d84c3f8b144fca4d23055a52e6571 - - default default] Successfully bumped revision number for resource 29edfe4f-713d-4359-b2b6-651788d1d04c (type: router_ports) to 1
2026-04-02 17:59:05.823 9 INFO neutron.wsgi [None req-4e471cf9-0390-4fda-b3b7-e53caa979d2c 7deca624a4ec402f86314a18e8634374 c840e1ea8d8e4b3fb7a989f17d6da841 - - default default] 10.0.0.116 "PUT /v2.0/policies/4826cf62-12c4-4b59-8a37-d3f0005c09ca/tags/green HTTP/1.1" status: 201 len: 201 time: 0.0303717
2026-04-02 17:59:05.846 9 INFO neutron.wsgi [None req-05d59964-6a53-4cf4-a94f-aa8bb4b6178f 7deca624a4ec402f86314a18e8634374 c840e1ea8d8e4b3fb7a989f17d6da841 - - default default] 10.0.0.116 "GET /v2.0/policies/4826cf62-12c4-4b59-8a37-d3f0005c09ca/tags HTTP/1.1" status: 200 len: 227 time: 0.0174677
2026-04-02 17:59:05.872 9 INFO neutron.wsgi [None req-8a0d0227-4f9c-441b-aaf4-247cf0b49ac5 7deca624a4ec402f86314a18e8634374 c840e1ea8d8e4b3fb7a989f17d6da841 - - default default] 10.0.0.116 "PUT /v2.0/policies/4826cf62-12c4-4b59-8a37-d3f0005c09ca/tags/red HTTP/1.1" status: 201 len: 201 time: 0.0218742
2026-04-02 17:59:05.893 9 INFO neutron.wsgi [None req-8f4ba091-e890-446a-bff0-fa2f9bf4fc2b 7deca624a4ec402f86314a18e8634374 c840e1ea8d8e4b3fb7a989f17d6da841 - - default default] 10.0.0.116 "GET /v2.0/policies/4826cf62-12c4-4b59-8a37-d3f0005c09ca/tags HTTP/1.1" status: 200 len: 227 time: 0.0171437
2026-04-02 17:59:05.897 10 WARNING neutron.scheduler.dhcp_agent_scheduler [None req-76328cf6-11fc-447b-a5bf-5cb25b8db8cd 12c5b368b37140d0be559eec0380a096 350a905bbc384e2190d3e833eedd0953 - - default default] No more DHCP agents
2026-04-02 17:59:05.915 10 WARNING neutron.api.rpc.agentnotifiers.dhcp_rpc_agent_api [None req-76328cf6-11fc-447b-a5bf-5cb25b8db8cd 12c5b368b37140d0be559eec0380a096 350a905bbc384e2190d3e833eedd0953 - - default default] Unable to schedule network 8134dd1c-f936-4b4a-8827-84d8f7e38382: no agents available; will retry on subsequent port and subnet creation events.
2026-04-02 17:59:05.929 9 INFO neutron.wsgi [None req-86a123c5-5ca8-4ed6-af72-d84b825ac78d 7deca624a4ec402f86314a18e8634374 c840e1ea8d8e4b3fb7a989f17d6da841 - - default default] 10.0.0.116 "PUT /v2.0/policies/4826cf62-12c4-4b59-8a37-d3f0005c09ca/tags/black.or.white HTTP/1.1" status: 201 len: 201 time: 0.0319750
2026-04-02 17:59:05.952 9 INFO neutron.wsgi [None req-ac56db42-43db-406f-a435-a4ab658e80ff 7deca624a4ec402f86314a18e8634374 c840e1ea8d8e4b3fb7a989f17d6da841 - - default default] 10.0.0.116 "GET /v2.0/policies/4826cf62-12c4-4b59-8a37-d3f0005c09ca/tags HTTP/1.1" status: 200 len: 245 time: 0.0184214
2026-04-02 17:59:05.981 10 INFO neutron.db.ovn_revision_numbers_db [None req-bff3b4b7-e5fe-4cc4-b96f-f4303d3dc5d7 6e572a2ffe884536a3857dbc19fff1ad d15d84c3f8b144fca4d23055a52e6571 - - default default] Successfully bumped revision number for resource 3c56194e-4417-471d-88ce-3f00ba62f387 (type: routers) to 2
2026-04-02 17:59:05.988 9 INFO neutron.wsgi [None req-7d8e07a7-193c-428a-b566-ff74c2e693e8 7deca624a4ec402f86314a18e8634374 c840e1ea8d8e4b3fb7a989f17d6da841 - - default default] 10.0.0.116 "PUT /v2.0/policies/4826cf62-12c4-4b59-8a37-d3f0005c09ca/tags HTTP/1.1" status: 200 len: 230 time: 0.0310504
2026-04-02 17:59:06.003 10 INFO neutron.wsgi [None req-bff3b4b7-e5fe-4cc4-b96f-f4303d3dc5d7 6e572a2ffe884536a3857dbc19fff1ad d15d84c3f8b144fca4d23055a52e6571 - - default default] 10.0.0.116 "POST /v2.0/routers HTTP/1.1" status: 201 len: 873 time: 1.5169911
2026-04-02 17:59:06.020 9 INFO neutron.wsgi [None req-d5ce4b32-f396-4c93-ad46-fbfbba1fa6be 7deca624a4ec402f86314a18e8634374 c840e1ea8d8e4b3fb7a989f17d6da841 - - default default] 10.0.0.116 "GET /v2.0/policies/4826cf62-12c4-4b59-8a37-d3f0005c09ca/tags HTTP/1.1" status: 200 len: 230 time: 0.0263844
2026-04-02 17:59:06.067 10 INFO neutron.wsgi [None req-08ffa8ec-6baf-4a37-aca8-0395170a009f 7deca624a4ec402f86314a18e8634374 c840e1ea8d8e4b3fb7a989f17d6da841 - - default default] 10.0.0.116 "GET /v2.0/policies/4826cf62-12c4-4b59-8a37-d3f0005c09ca/tags/red HTTP/1.1" status: 204 len: 168 time: 0.0417373
2026-04-02 17:59:06.099 9 INFO neutron.api.v2.resource [None req-860c4b2e-1127-44a6-9f6e-a766f8d8aa3c 7deca624a4ec402f86314a18e8634374 c840e1ea8d8e4b3fb7a989f17d6da841 - - default default] show failed (client error): The resource could not be found.
2026-04-02 17:59:06.101 9 INFO neutron.wsgi [None req-860c4b2e-1127-44a6-9f6e-a766f8d8aa3c 7deca624a4ec402f86314a18e8634374 c840e1ea8d8e4b3fb7a989f17d6da841 - - default default] 10.0.0.116 "GET /v2.0/policies/4826cf62-12c4-4b59-8a37-d3f0005c09ca/tags/green HTTP/1.1" status: 404 len: 299 time: 0.0283048
2026-04-02 17:59:06.184 10 INFO neutron.wsgi [None req-dbc448b9-5f05-4c96-b369-c8bfabe1b718 7deca624a4ec402f86314a18e8634374 c840e1ea8d8e4b3fb7a989f17d6da841 - - default default] 10.0.0.116 "DELETE /v2.0/policies/4826cf62-12c4-4b59-8a37-d3f0005c09ca/tags/red HTTP/1.1" status: 204 len: 168 time: 0.0707741
2026-04-02 17:59:06.212 9 INFO neutron.wsgi [None req-c93d9a94-d3e0-46f4-a5de-1173e8797a1e 7deca624a4ec402f86314a18e8634374 c840e1ea8d8e4b3fb7a989f17d6da841 - - default default] 10.0.0.116 "GET /v2.0/policies/4826cf62-12c4-4b59-8a37-d3f0005c09ca/tags HTTP/1.1" status: 200 len: 223 time: 0.0224161
2026-04-02 17:59:06.258 9 INFO neutron.api.v2.resource [None req-b562a103-ac60-46d0-a3ec-8b5e7a4fc1d9 7deca624a4ec402f86314a18e8634374 c840e1ea8d8e4b3fb7a989f17d6da841 - - default default] delete failed (client error): The resource could not be found.
2026-04-02 17:59:06.259 9 INFO neutron.wsgi [None req-b562a103-ac60-46d0-a3ec-8b5e7a4fc1d9 7deca624a4ec402f86314a18e8634374 c840e1ea8d8e4b3fb7a989f17d6da841 - - default default] 10.0.0.116 "DELETE /v2.0/policies/4826cf62-12c4-4b59-8a37-d3f0005c09ca/tags/green HTTP/1.1" status: 404 len: 299 time: 0.0423710
2026-04-02 17:59:06.311 9 INFO neutron.wsgi [None req-5146404c-f030-46d4-a6df-e4126122c1a6 7deca624a4ec402f86314a18e8634374 c840e1ea8d8e4b3fb7a989f17d6da841 - - default default] 10.0.0.116 "DELETE /v2.0/policies/4826cf62-12c4-4b59-8a37-d3f0005c09ca/tags HTTP/1.1" status: 204 len: 168 time: 0.0464323
2026-04-02 17:59:06.341 9 INFO neutron.wsgi [None req-a64d035e-d8b9-417a-9dca-72d5e59527fc 7deca624a4ec402f86314a18e8634374 c840e1ea8d8e4b3fb7a989f17d6da841 - - default default] 10.0.0.116 "GET /v2.0/policies/4826cf62-12c4-4b59-8a37-d3f0005c09ca/tags HTTP/1.1" status: 200 len: 205 time: 0.0255377
2026-04-02 17:59:06.430 9 INFO neutron.wsgi [None req-d68f95fe-14e9-4a69-a493-dfe4c48de071 7deca624a4ec402f86314a18e8634374 c840e1ea8d8e4b3fb7a989f17d6da841 - - default default] 10.0.0.116 "DELETE /v2.0/qos/policies/4826cf62-12c4-4b59-8a37-d3f0005c09ca HTTP/1.1" status: 204 len: 168 time: 0.0793142
2026-04-02 17:59:06.511 9 WARNING neutron.scheduler.dhcp_agent_scheduler [None req-5a0fcce1-6d39-415a-a798-448a932de3e8 6e572a2ffe884536a3857dbc19fff1ad d15d84c3f8b144fca4d23055a52e6571 - - default default] No more DHCP agents
2026-04-02 17:59:06.514 9 WARNING neutron.api.rpc.agentnotifiers.dhcp_rpc_agent_api [None req-5a0fcce1-6d39-415a-a798-448a932de3e8 6e572a2ffe884536a3857dbc19fff1ad d15d84c3f8b144fca4d23055a52e6571 - - default default] Unable to schedule network 476f8978-2aeb-4931-b03a-14cbc52755f6: no agents available; will retry on subsequent port and subnet creation events.
2026-04-02 17:59:06.614 10 INFO neutron.db.ovn_revision_numbers_db [None req-76328cf6-11fc-447b-a5bf-5cb25b8db8cd 12c5b368b37140d0be559eec0380a096 350a905bbc384e2190d3e833eedd0953 - - default default] Successfully bumped revision number for resource 301d913a-a172-42ab-8af6-bff36168aa6d (type: floatingips) to 0
2026-04-02 17:59:06.634 10 INFO neutron.wsgi [None req-76328cf6-11fc-447b-a5bf-5cb25b8db8cd 12c5b368b37140d0be559eec0380a096 350a905bbc384e2190d3e833eedd0953 - - default default] 10.0.0.116 "POST /v2.0/floatingips HTTP/1.1" status: 201 len: 751 time: 1.3421838
2026-04-02 17:59:06.682 9 INFO neutron.db.ovn_revision_numbers_db [None req-5a0fcce1-6d39-415a-a798-448a932de3e8 6e572a2ffe884536a3857dbc19fff1ad d15d84c3f8b144fca4d23055a52e6571 - - default default] Successfully bumped revision number for resource 39bf80dd-7dd1-4dca-8431-4cf94c5d6055 (type: ports) to 1
2026-04-02 17:59:06.690 9 INFO neutron.wsgi [None req-5abda8f3-a1f5-4325-9b05-e11524b836bb 12c5b368b37140d0be559eec0380a096 350a905bbc384e2190d3e833eedd0953 - - default default] 10.0.0.116 "PUT /v2.0/floatingips/301d913a-a172-42ab-8af6-bff36168aa6d/tags HTTP/1.1" status: 200 len: 218 time: 0.0510375
2026-04-02 17:59:06.724 10 INFO neutron.db.ovn_revision_numbers_db [None req-00d24ac7-4577-444a-af61-05ee6a1eb406 - - - - - -] Successfully bumped revision number for resource 29edfe4f-713d-4359-b2b6-651788d1d04c (type: ports) to 1
2026-04-02 17:59:06.731 10 INFO neutron.wsgi [None req-b657600d-2391-4843-b987-be5add18466f 12c5b368b37140d0be559eec0380a096 350a905bbc384e2190d3e833eedd0953 - - default default] 10.0.0.116 "GET /v2.0/floatingips/301d913a-a172-42ab-8af6-bff36168aa6d/tags HTTP/1.1" status: 200 len: 218 time: 0.0324249
2026-04-02 17:59:06.783 10 INFO neutron.wsgi [None req-5c2a7241-2a96-4a82-94a2-9a378ee20a76 12c5b368b37140d0be559eec0380a096 350a905bbc384e2190d3e833eedd0953 - - default default] 10.0.0.116 "PUT /v2.0/floatingips/301d913a-a172-42ab-8af6-bff36168aa6d/tags/green HTTP/1.1" status: 201 len: 201 time: 0.0469265
2026-04-02 17:59:06.818 10 INFO neutron.wsgi [None req-5dc287aa-7095-4c64-a01d-c8067361bfc1 12c5b368b37140d0be559eec0380a096 350a905bbc384e2190d3e833eedd0953 - - default default] 10.0.0.116 "GET /v2.0/floatingips/301d913a-a172-42ab-8af6-bff36168aa6d/tags HTTP/1.1" status: 200 len: 227 time: 0.0304234
2026-04-02 17:59:06.869 10 INFO neutron.wsgi [None req-38ca55fc-20ba-4c6d-83ea-5d3dd1e277b5 12c5b368b37140d0be559eec0380a096 350a905bbc384e2190d3e833eedd0953 - - default default] 10.0.0.116 "PUT /v2.0/floatingips/301d913a-a172-42ab-8af6-bff36168aa6d/tags/red HTTP/1.1" status: 201 len: 201 time: 0.0469289
2026-04-02 17:59:06.918 9 INFO neutron.wsgi [None req-5ddb9d13-9fe8-4c37-9be3-eaedb45fef5b 12c5b368b37140d0be559eec0380a096 350a905bbc384e2190d3e833eedd0953 - - default default] 10.0.0.116 "GET /v2.0/floatingips/301d913a-a172-42ab-8af6-bff36168aa6d/tags HTTP/1.1" status: 200 len: 227 time: 0.0435655
2026-04-02 17:59:06.965 10 INFO neutron.wsgi [None req-b7117ce4-a25d-4bd5-9341-a60de89b8379 12c5b368b37140d0be559eec0380a096 350a905bbc384e2190d3e833eedd0953 - - default default] 10.0.0.116 "PUT /v2.0/floatingips/301d913a-a172-42ab-8af6-bff36168aa6d/tags/black.or.white HTTP/1.1" status: 201 len: 201 time: 0.0422118
2026-04-02 17:59:06.999 9 INFO neutron.wsgi [None req-9326c675-286d-4c23-91ca-713435a47bd5 12c5b368b37140d0be559eec0380a096 350a905bbc384e2190d3e833eedd0953 - - default default] 10.0.0.116 "GET /v2.0/floatingips/301d913a-a172-42ab-8af6-bff36168aa6d/tags HTTP/1.1" status: 200 len: 245 time: 0.0301096
2026-04-02 17:59:07.056 10 INFO neutron.wsgi [None req-1f257016-4b9e-4f0e-b4ed-e76c93d06829 12c5b368b37140d0be559eec0380a096 350a905bbc384e2190d3e833eedd0953 - - default default] 10.0.0.116 "PUT /v2.0/floatingips/301d913a-a172-42ab-8af6-bff36168aa6d/tags HTTP/1.1" status: 200 len: 230 time: 0.0526993
2026-04-02 17:59:07.065 10 INFO neutron.db.ovn_revision_numbers_db [None req-00d24ac7-4577-444a-af61-05ee6a1eb406 - - - - - -] Successfully bumped revision number for resource 29edfe4f-713d-4359-b2b6-651788d1d04c (type: router_ports) to 3
2026-04-02 17:59:07.095 10 INFO neutron.wsgi [None req-501c4402-8be1-401e-b182-626f66b6c082 12c5b368b37140d0be559eec0380a096 350a905bbc384e2190d3e833eedd0953 - - default default] 10.0.0.116 "GET /v2.0/floatingips/301d913a-a172-42ab-8af6-bff36168aa6d/tags HTTP/1.1" status: 200 len: 230 time: 0.0336196
2026-04-02 17:59:07.105 9 INFO neutron.plugins.ml2.drivers.ovn.mech_driver.mech_driver [None req-b6c15372-2b8f-455d-8dd4-64462efef91e - - - - - -] OVN reports status up for port: 39bf80dd-7dd1-4dca-8431-4cf94c5d6055
2026-04-02 17:59:07.119 9 INFO neutron.plugins.ml2.plugin [None req-b6c15372-2b8f-455d-8dd4-64462efef91e - - - - - -] Attempt 1 to provision port 39bf80dd-7dd1-4dca-8431-4cf94c5d6055
2026-04-02 17:59:07.137 9 INFO neutron.db.ovn_revision_numbers_db [None req-5a0fcce1-6d39-415a-a798-448a932de3e8 6e572a2ffe884536a3857dbc19fff1ad d15d84c3f8b144fca4d23055a52e6571 - - default default] Successfully bumped revision number for resource 39bf80dd-7dd1-4dca-8431-4cf94c5d6055 (type: router_ports) to 1
2026-04-02 17:59:07.148 10 INFO neutron.wsgi [None req-7ac90d00-fa80-47c6-aa66-2488a708dc8d 12c5b368b37140d0be559eec0380a096 350a905bbc384e2190d3e833eedd0953 - - default default] 10.0.0.116 "GET /v2.0/floatingips/301d913a-a172-42ab-8af6-bff36168aa6d/tags/red HTTP/1.1" status: 204 len: 168 time: 0.0488257
2026-04-02 17:59:07.187 10 INFO neutron.api.v2.resource [None req-3bba6b25-e886-4a32-8568-0b7700f31dbe 12c5b368b37140d0be559eec0380a096 350a905bbc384e2190d3e833eedd0953 - - default default] show failed (client error): The resource could not be found.
2026-04-02 17:59:07.188 10 INFO neutron.wsgi [None req-3bba6b25-e886-4a32-8568-0b7700f31dbe 12c5b368b37140d0be559eec0380a096 350a905bbc384e2190d3e833eedd0953 - - default default] 10.0.0.116 "GET /v2.0/floatingips/301d913a-a172-42ab-8af6-bff36168aa6d/tags/green HTTP/1.1" status: 404 len: 299 time: 0.0333574
2026-04-02 17:59:07.257 10 INFO neutron.db.ovn_revision_numbers_db [None req-00d24ac7-4577-444a-af61-05ee6a1eb406 - - - - - -] Successfully bumped revision number for resource 29edfe4f-713d-4359-b2b6-651788d1d04c (type: ports) to 2
2026-04-02 17:59:07.267 9 INFO neutron.wsgi [None req-9ec36a91-ae72-46eb-992c-d621e53ddcde 12c5b368b37140d0be559eec0380a096 350a905bbc384e2190d3e833eedd0953 - - default default] 10.0.0.116 "DELETE /v2.0/floatingips/301d913a-a172-42ab-8af6-bff36168aa6d/tags/red HTTP/1.1" status: 204 len: 168 time: 0.0739832
2026-04-02 17:59:07.320 10 INFO neutron.wsgi [None req-59ba1771-43b9-4534-a771-39fe03a8f4fd 12c5b368b37140d0be559eec0380a096 350a905bbc384e2190d3e833eedd0953 - - default default] 10.0.0.116 "GET /v2.0/floatingips/301d913a-a172-42ab-8af6-bff36168aa6d/tags HTTP/1.1" status: 200 len: 223 time: 0.0470960
2026-04-02 17:59:07.362 9 INFO neutron.db.ovn_revision_numbers_db [None req-5a0fcce1-6d39-415a-a798-448a932de3e8 6e572a2ffe884536a3857dbc19fff1ad d15d84c3f8b144fca4d23055a52e6571 - - default default] Successfully bumped revision number for resource 39bf80dd-7dd1-4dca-8431-4cf94c5d6055 (type: ports) to 1
2026-04-02 17:59:07.376 9 INFO neutron.api.v2.resource [None req-16d96c8d-2379-4a73-83d1-7aa5c5eec99f 12c5b368b37140d0be559eec0380a096 350a905bbc384e2190d3e833eedd0953 - - default default] delete failed (client error): The resource could not be found.
2026-04-02 17:59:07.377 9 INFO neutron.wsgi [None req-16d96c8d-2379-4a73-83d1-7aa5c5eec99f 12c5b368b37140d0be559eec0380a096 350a905bbc384e2190d3e833eedd0953 - - default default] 10.0.0.116 "DELETE /v2.0/floatingips/301d913a-a172-42ab-8af6-bff36168aa6d/tags/green HTTP/1.1" status: 404 len: 299 time: 0.0502024
2026-04-02 17:59:07.396 10 INFO neutron.db.ovn_revision_numbers_db [None req-89800211-baf9-4155-9a50-dea9452fa901 6e572a2ffe884536a3857dbc19fff1ad d15d84c3f8b144fca4d23055a52e6571 - - default default] Successfully bumped revision number for resource 94abb114-312e-42c8-99dc-cd44888e7b0f (type: security_groups) to 1
2026-04-02 17:59:07.422 10 INFO neutron.db.ovn_revision_numbers_db [None req-89800211-baf9-4155-9a50-dea9452fa901 6e572a2ffe884536a3857dbc19fff1ad d15d84c3f8b144fca4d23055a52e6571 - - default default] Successfully bumped revision number for resource 012fc307-06ec-4a9e-9442-bcaccf08ea49 (type: security_group_rules) to 0
2026-04-02 17:59:07.439 10 INFO neutron.db.ovn_revision_numbers_db [None req-89800211-baf9-4155-9a50-dea9452fa901 6e572a2ffe884536a3857dbc19fff1ad d15d84c3f8b144fca4d23055a52e6571 - - default default] Successfully bumped revision number for resource 15ab9c61-f2c0-4e9e-b918-df83827566ec (type: security_group_rules) to 0
2026-04-02 17:59:07.453 10 INFO neutron.db.ovn_revision_numbers_db [None req-89800211-baf9-4155-9a50-dea9452fa901 6e572a2ffe884536a3857dbc19fff1ad d15d84c3f8b144fca4d23055a52e6571 - - default default] Successfully bumped revision number for resource 587e571c-81a5-42cd-9322-86e000858739 (type: security_group_rules) to 0
2026-04-02 17:59:07.478 10 INFO neutron.db.ovn_revision_numbers_db [None req-89800211-baf9-4155-9a50-dea9452fa901 6e572a2ffe884536a3857dbc19fff1ad d15d84c3f8b144fca4d23055a52e6571 - - default default] Successfully bumped revision number for resource 937d922d-f4d4-4f25-a361-cc826bff0497 (type: security_group_rules) to 0
2026-04-02 17:59:07.511 10 INFO neutron.wsgi [None req-89800211-baf9-4155-9a50-dea9452fa901 6e572a2ffe884536a3857dbc19fff1ad d15d84c3f8b144fca4d23055a52e6571 - - default default] 10.0.0.116 "GET /v2.0/security-groups?tenant_id=aa3f149d4d3a4e299902abfbd7bc4c08&name=default HTTP/1.1" status: 200 len: 2996 time: 0.3971040
2026-04-02 17:59:07.560 10 INFO neutron.db.ovn_revision_numbers_db [None req-00d24ac7-4577-444a-af61-05ee6a1eb406 - - - - - -] Successfully bumped revision number for resource 29edfe4f-713d-4359-b2b6-651788d1d04c (type: ports) to 4
2026-04-02 17:59:07.688 9 INFO neutron.wsgi [None req-d541f477-87ac-43ff-b121-6751af5c0c8f 12c5b368b37140d0be559eec0380a096 350a905bbc384e2190d3e833eedd0953 - - default default] 10.0.0.116 "DELETE /v2.0/floatingips/301d913a-a172-42ab-8af6-bff36168aa6d/tags HTTP/1.1" status: 204 len: 168 time: 0.3049312
2026-04-02 17:59:07.694 9 WARNING neutron.scheduler.dhcp_agent_scheduler [None req-5a0fcce1-6d39-415a-a798-448a932de3e8 6e572a2ffe884536a3857dbc19fff1ad d15d84c3f8b144fca4d23055a52e6571 - - default default] No more DHCP agents
2026-04-02 17:59:07.695 9 WARNING neutron.api.rpc.agentnotifiers.dhcp_rpc_agent_api [None req-5a0fcce1-6d39-415a-a798-448a932de3e8 6e572a2ffe884536a3857dbc19fff1ad d15d84c3f8b144fca4d23055a52e6571 - - default default] Unable to schedule network 476f8978-2aeb-4931-b03a-14cbc52755f6: no agents available; will retry on subsequent port and subnet creation events.
2026-04-02 17:59:07.739 10 INFO neutron.wsgi [None req-7dd1024b-9883-4c2a-a56f-c60a092b2e93 12c5b368b37140d0be559eec0380a096 350a905bbc384e2190d3e833eedd0953 - - default default] 10.0.0.116 "GET /v2.0/floatingips/301d913a-a172-42ab-8af6-bff36168aa6d/tags HTTP/1.1" status: 200 len: 205 time: 0.0442233
2026-04-02 17:59:07.761 9 INFO neutron.db.ovn_revision_numbers_db [None req-b6c15372-2b8f-455d-8dd4-64462efef91e - - - - - -] Successfully bumped revision number for resource 39bf80dd-7dd1-4dca-8431-4cf94c5d6055 (type: ports) to 2
2026-04-02 17:59:07.824 10 INFO neutron.db.ovn_revision_numbers_db [None req-00d24ac7-4577-444a-af61-05ee6a1eb406 - - - - - -] Successfully bumped revision number for resource 29edfe4f-713d-4359-b2b6-651788d1d04c (type: router_ports) to 4
2026-04-02 17:59:07.839 10 INFO neutron.wsgi [None req-bd7497f3-802c-4f2c-a632-c60df8201472 6e572a2ffe884536a3857dbc19fff1ad d15d84c3f8b144fca4d23055a52e6571 - - default default] 10.0.0.116 "DELETE /v2.0/security-groups/94abb114-312e-42c8-99dc-cd44888e7b0f HTTP/1.1" status: 204 len: 168 time: 0.3227119
2026-04-02 17:59:07.934 9 INFO neutron.db.ovn_revision_numbers_db [None req-b6c15372-2b8f-455d-8dd4-64462efef91e - - - - - -] Successfully bumped revision number for resource 39bf80dd-7dd1-4dca-8431-4cf94c5d6055 (type: router_ports) to 2
2026-04-02 17:59:08.044 10 INFO neutron.db.ovn_revision_numbers_db [None req-c060e75f-1c55-4fbf-9b90-21bdce4ff866 6e572a2ffe884536a3857dbc19fff1ad d15d84c3f8b144fca4d23055a52e6571 - - default default] Successfully bumped revision number for resource d90ea2bf-fe4a-4fda-ba6e-9053bf305b1a (type: security_groups) to 1
2026-04-02 17:59:08.061 10 INFO neutron.db.ovn_revision_numbers_db [None req-c060e75f-1c55-4fbf-9b90-21bdce4ff866 6e572a2ffe884536a3857dbc19fff1ad d15d84c3f8b144fca4d23055a52e6571 - - default default] Successfully bumped revision number for resource 4450f0b9-b983-46fb-9711-5f0162221546 (type: security_group_rules) to 0
2026-04-02 17:59:08.075 10 INFO neutron.db.ovn_revision_numbers_db [None req-c060e75f-1c55-4fbf-9b90-21bdce4ff866 6e572a2ffe884536a3857dbc19fff1ad d15d84c3f8b144fca4d23055a52e6571 - - default default] Successfully bumped revision number for resource 7532e07c-2c72-46b6-8fea-f20d89c35a0b (type: security_group_rules) to 0
2026-04-02 17:59:08.089 10 INFO neutron.db.ovn_revision_numbers_db [None req-c060e75f-1c55-4fbf-9b90-21bdce4ff866 6e572a2ffe884536a3857dbc19fff1ad d15d84c3f8b144fca4d23055a52e6571 - - default default] Successfully bumped revision number for resource d8897a2c-397d-4873-a26b-0f73198e34ba (type: security_group_rules) to 0
2026-04-02 17:59:08.101 10 INFO neutron.db.ovn_revision_numbers_db [None req-c060e75f-1c55-4fbf-9b90-21bdce4ff866 6e572a2ffe884536a3857dbc19fff1ad d15d84c3f8b144fca4d23055a52e6571 - - default default] Successfully bumped revision number for resource fcadedb4-36f8-4210-b2bf-5d157b1338a2 (type: security_group_rules) to 0
2026-04-02 17:59:08.126 10 INFO neutron.wsgi [None req-c060e75f-1c55-4fbf-9b90-21bdce4ff866 6e572a2ffe884536a3857dbc19fff1ad d15d84c3f8b144fca4d23055a52e6571 - - default default] 10.0.0.116 "GET /v2.0/security-groups?tenant_id=c840e1ea8d8e4b3fb7a989f17d6da841&name=default HTTP/1.1" status: 200 len: 2996 time: 0.1942894
2026-04-02 17:59:08.303 9 INFO neutron.wsgi [None req-067d66bf-145b-422a-8494-2eecbe0b32bc 12c5b368b37140d0be559eec0380a096 350a905bbc384e2190d3e833eedd0953 - - default default] 10.0.0.116 "DELETE /v2.0/floatingips/301d913a-a172-42ab-8af6-bff36168aa6d HTTP/1.1" status: 204 len: 168 time: 0.5572603
2026-04-02 17:59:08.311 9 INFO neutron.db.ovn_revision_numbers_db [None req-5a0fcce1-6d39-415a-a798-448a932de3e8 6e572a2ffe884536a3857dbc19fff1ad d15d84c3f8b144fca4d23055a52e6571 - - default default] Successfully bumped revision number for resource 39bf80dd-7dd1-4dca-8431-4cf94c5d6055 (type: router_ports) to 2
2026-04-02 17:59:08.313 9 INFO neutron.wsgi [None req-5a0fcce1-6d39-415a-a798-448a932de3e8 6e572a2ffe884536a3857dbc19fff1ad d15d84c3f8b144fca4d23055a52e6571 - - default default] 10.0.0.116 "PUT /v2.0/routers/3c56194e-4417-471d-88ce-3f00ba62f387/add_router_interface HTTP/1.1" status: 200 len: 503 time: 2.3047750
2026-04-02 17:59:08.325 10 INFO neutron.wsgi [None req-8fb45dd8-07a8-4667-8e80-06e9aa75cd20 6e572a2ffe884536a3857dbc19fff1ad d15d84c3f8b144fca4d23055a52e6571 - - default default] 10.0.0.116 "DELETE /v2.0/security-groups/d90ea2bf-fe4a-4fda-ba6e-9053bf305b1a HTTP/1.1" status: 204 len: 168 time: 0.1941714
2026-04-02 17:59:09.239 9 INFO neutron.db.ovn_revision_numbers_db [None req-32715b2d-3d59-4098-8cbb-964a79c16859 6e572a2ffe884536a3857dbc19fff1ad d15d84c3f8b144fca4d23055a52e6571 - - default default] Successfully bumped revision number for resource 4b0ebc58-2d29-4579-b1bf-5539c8986554 (type: security_groups) to 1
2026-04-02 17:59:09.254 9 INFO neutron.db.ovn_revision_numbers_db [None req-32715b2d-3d59-4098-8cbb-964a79c16859 6e572a2ffe884536a3857dbc19fff1ad d15d84c3f8b144fca4d23055a52e6571 - - default default] Successfully bumped revision number for resource 25f1143e-1306-4ad1-8d99-ed95a1ec5f87 (type: security_group_rules) to 0
2026-04-02 17:59:09.266 9 INFO neutron.db.ovn_revision_numbers_db [None req-32715b2d-3d59-4098-8cbb-964a79c16859 6e572a2ffe884536a3857dbc19fff1ad d15d84c3f8b144fca4d23055a52e6571 - - default default] Successfully bumped revision number for resource 30dfa18f-42f3-4221-8b76-f1f354453fd7 (type: security_group_rules) to 0
2026-04-02 17:59:09.281 9 INFO neutron.db.ovn_revision_numbers_db [None req-32715b2d-3d59-4098-8cbb-964a79c16859 6e572a2ffe884536a3857dbc19fff1ad d15d84c3f8b144fca4d23055a52e6571 - - default default] Successfully bumped revision number for resource 6ef215c7-4434-4017-b47b-2b608aa95c67 (type: security_group_rules) to 0
2026-04-02 17:59:09.296 9 INFO neutron.db.ovn_revision_numbers_db [None req-32715b2d-3d59-4098-8cbb-964a79c16859 6e572a2ffe884536a3857dbc19fff1ad d15d84c3f8b144fca4d23055a52e6571 - - default default] Successfully bumped revision number for resource 96fea730-3eea-4199-8c96-dd5a2a06ad9c (type: security_group_rules) to 0
2026-04-02 17:59:09.319 9 INFO neutron.wsgi [None req-32715b2d-3d59-4098-8cbb-964a79c16859 6e572a2ffe884536a3857dbc19fff1ad d15d84c3f8b144fca4d23055a52e6571 - - default default] 10.0.0.116 "GET /v2.0/security-groups?tenant_id=350a905bbc384e2190d3e833eedd0953&name=default HTTP/1.1" status: 200 len: 2996 time: 0.3530452
2026-04-02 17:59:09.552 9 INFO neutron.wsgi [None req-4df87d37-2c83-4ed8-bf28-17da7350bd30 6e572a2ffe884536a3857dbc19fff1ad d15d84c3f8b144fca4d23055a52e6571 - - default default] 10.0.0.116 "DELETE /v2.0/security-groups/4b0ebc58-2d29-4579-b1bf-5539c8986554 HTTP/1.1" status: 204 len: 168 time: 0.2271953
2026-04-02 17:59:09.653 9 INFO neutron.db.ovn_revision_numbers_db [None req-216309e8-6599-4379-b644-e8c993440fc7 6e572a2ffe884536a3857dbc19fff1ad d15d84c3f8b144fca4d23055a52e6571 - - default default] Successfully bumped revision number for resource f761d58d-f066-4b1c-bbfa-6d321b60b75e (type: security_groups) to 1
2026-04-02 17:59:09.671 9 INFO neutron.db.ovn_revision_numbers_db [None req-216309e8-6599-4379-b644-e8c993440fc7 6e572a2ffe884536a3857dbc19fff1ad d15d84c3f8b144fca4d23055a52e6571 - - default default] Successfully bumped revision number for resource 1e21cad8-3211-4027-b950-7e419c1e8758 (type: security_group_rules) to 0
2026-04-02 17:59:09.685 9 INFO neutron.db.ovn_revision_numbers_db [None req-216309e8-6599-4379-b644-e8c993440fc7 6e572a2ffe884536a3857dbc19fff1ad d15d84c3f8b144fca4d23055a52e6571 - - default default] Successfully bumped revision number for resource 273d759b-eff6-442e-8556-e3239b42e831 (type: security_group_rules) to 0
2026-04-02 17:59:09.709 9 INFO neutron.db.ovn_revision_numbers_db [None req-216309e8-6599-4379-b644-e8c993440fc7 6e572a2ffe884536a3857dbc19fff1ad d15d84c3f8b144fca4d23055a52e6571 - - default default] Successfully bumped revision number for resource bcb27628-bafc-4ad8-93e6-eff0bb9be7ab (type: security_group_rules) to 0
2026-04-02 17:59:09.722 9 INFO neutron.db.ovn_revision_numbers_db [None req-216309e8-6599-4379-b644-e8c993440fc7 6e572a2ffe884536a3857dbc19fff1ad d15d84c3f8b144fca4d23055a52e6571 - - default default] Successfully bumped revision number for resource dfd7ec0b-0af8-4857-8dd3-0c73a585d08c (type: security_group_rules) to 0
2026-04-02 17:59:09.777 9 INFO neutron.db.segments_db [None req-216309e8-6599-4379-b644-e8c993440fc7 6e572a2ffe884536a3857dbc19fff1ad d15d84c3f8b144fca4d23055a52e6571 - - default default] Added segment 77f57cdf-6fce-4319-8a3a-5b49b673d6e9 of type geneve for network 9d668423-4396-4beb-953c-810ac0c9fc75
2026-04-02 17:59:09.872 10 INFO neutron.db.ovn_revision_numbers_db [None req-6f2e9d74-d85f-4a97-99bd-d84a59017881 6e572a2ffe884536a3857dbc19fff1ad d15d84c3f8b144fca4d23055a52e6571 - - default default] Successfully bumped revision number for resource a7d70905-a508-432d-a689-545fd5129c36 (type: security_groups) to 1
2026-04-02 17:59:09.892 10 INFO neutron.db.ovn_revision_numbers_db [None req-6f2e9d74-d85f-4a97-99bd-d84a59017881 6e572a2ffe884536a3857dbc19fff1ad d15d84c3f8b144fca4d23055a52e6571 - - default default] Successfully bumped revision number for resource 03331974-1ca5-4416-98c8-ddc624801429 (type: security_group_rules) to 0
2026-04-02 17:59:09.913 10 INFO neutron.db.ovn_revision_numbers_db [None req-6f2e9d74-d85f-4a97-99bd-d84a59017881 6e572a2ffe884536a3857dbc19fff1ad d15d84c3f8b144fca4d23055a52e6571 - - default default] Successfully bumped revision number for resource 17218cd9-28f3-4993-aa7c-8defd427b491 (type: security_group_rules) to 0
2026-04-02 17:59:09.929 10 INFO neutron.db.ovn_revision_numbers_db [None req-6f2e9d74-d85f-4a97-99bd-d84a59017881 6e572a2ffe884536a3857dbc19fff1ad d15d84c3f8b144fca4d23055a52e6571 - - default default] Successfully bumped revision number for resource 546fc6c2-38fe-41f7-aae2-3f23f625b544 (type: security_group_rules) to 0
2026-04-02 17:59:09.943 10 INFO neutron.db.ovn_revision_numbers_db [None req-6f2e9d74-d85f-4a97-99bd-d84a59017881 6e572a2ffe884536a3857dbc19fff1ad d15d84c3f8b144fca4d23055a52e6571 - - default default] Successfully bumped revision number for resource 88416143-3b97-4b58-8eee-84c80ce43079 (type: security_group_rules) to 0
2026-04-02 17:59:09.964 10 INFO neutron.wsgi [None req-6f2e9d74-d85f-4a97-99bd-d84a59017881 6e572a2ffe884536a3857dbc19fff1ad d15d84c3f8b144fca4d23055a52e6571 - - default default] 10.0.0.116 "GET /v2.0/security-groups?tenant_id=b8572d1ce864420bb86949b6c7415100&name=default HTTP/1.1" status: 200 len: 2996 time: 0.2335696
2026-04-02 17:59:09.965 9 INFO neutron.db.ovn_revision_numbers_db [None req-216309e8-6599-4379-b644-e8c993440fc7 6e572a2ffe884536a3857dbc19fff1ad d15d84c3f8b144fca4d23055a52e6571 - - default default] Successfully bumped revision number for resource 9d668423-4396-4beb-953c-810ac0c9fc75 (type: networks) to 1
2026-04-02 17:59:10.150 9 WARNING neutron.scheduler.dhcp_agent_scheduler [None req-216309e8-6599-4379-b644-e8c993440fc7 6e572a2ffe884536a3857dbc19fff1ad d15d84c3f8b144fca4d23055a52e6571 - - default default] No more DHCP agents
2026-04-02 17:59:10.153 9 WARNING neutron.api.rpc.agentnotifiers.dhcp_rpc_agent_api [None req-216309e8-6599-4379-b644-e8c993440fc7 6e572a2ffe884536a3857dbc19fff1ad d15d84c3f8b144fca4d23055a52e6571 - - default default] Unable to schedule network 9d668423-4396-4beb-953c-810ac0c9fc75: no agents available; will retry on subsequent port and subnet creation events.
2026-04-02 17:59:10.170 10 INFO neutron.wsgi [None req-131f0548-437a-4eb4-b38e-b1297f1ee1fb 6e572a2ffe884536a3857dbc19fff1ad d15d84c3f8b144fca4d23055a52e6571 - - default default] 10.0.0.116 "DELETE /v2.0/security-groups/a7d70905-a508-432d-a689-545fd5129c36 HTTP/1.1" status: 204 len: 168 time: 0.2010331
2026-04-02 17:59:10.248 9 INFO neutron.db.ovn_revision_numbers_db [None req-216309e8-6599-4379-b644-e8c993440fc7 6e572a2ffe884536a3857dbc19fff1ad d15d84c3f8b144fca4d23055a52e6571 - - default default] Successfully bumped revision number for resource 16b3f27e-c26f-4f11-9f6c-db8ad4c31271 (type: ports) to 1
2026-04-02 17:59:10.269 9 INFO neutron.wsgi [None req-216309e8-6599-4379-b644-e8c993440fc7 6e572a2ffe884536a3857dbc19fff1ad d15d84c3f8b144fca4d23055a52e6571 - - default default] 10.0.0.116 "POST /v2.0/networks HTTP/1.1" status: 201 len: 942 time: 0.7608392
2026-04-02 17:59:10.460 9 WARNING neutron.scheduler.dhcp_agent_scheduler [None req-1102302b-84bc-450a-82a4-8a3e0dd9fcd0 6e572a2ffe884536a3857dbc19fff1ad d15d84c3f8b144fca4d23055a52e6571 - - default default] No more DHCP agents
2026-04-02 17:59:10.463 9 WARNING neutron.api.rpc.agentnotifiers.dhcp_rpc_agent_api [None req-1102302b-84bc-450a-82a4-8a3e0dd9fcd0 6e572a2ffe884536a3857dbc19fff1ad d15d84c3f8b144fca4d23055a52e6571 - - default default] Unable to schedule network 9d668423-4396-4beb-953c-810ac0c9fc75: no agents available; will retry on subsequent port and subnet creation events.
2026-04-02 17:59:10.984 9 INFO neutron.db.ovn_revision_numbers_db [None req-1102302b-84bc-450a-82a4-8a3e0dd9fcd0 6e572a2ffe884536a3857dbc19fff1ad d15d84c3f8b144fca4d23055a52e6571 - - default default] Successfully bumped revision number for resource 16b3f27e-c26f-4f11-9f6c-db8ad4c31271 (type: ports) to 2
2026-04-02 17:59:11.045 9 INFO neutron.db.ovn_revision_numbers_db [None req-1102302b-84bc-450a-82a4-8a3e0dd9fcd0 6e572a2ffe884536a3857dbc19fff1ad d15d84c3f8b144fca4d23055a52e6571 - - default default] Successfully bumped revision number for resource f3f9b1b4-be63-4485-8fe3-477448c59669 (type: subnets) to 0
2026-04-02 17:59:11.069 9 INFO neutron.wsgi [None req-1102302b-84bc-450a-82a4-8a3e0dd9fcd0 6e572a2ffe884536a3857dbc19fff1ad d15d84c3f8b144fca4d23055a52e6571 - - default default] 10.0.0.116 "POST /v2.0/subnets HTTP/1.1" status: 201 len: 863 time: 0.7959862
2026-04-02 17:59:11.518 9 WARNING neutron.scheduler.dhcp_agent_scheduler [None req-d6fdc6b4-e1ef-442f-84eb-27c311e59775 6e572a2ffe884536a3857dbc19fff1ad d15d84c3f8b144fca4d23055a52e6571 - - default default] No more DHCP agents
2026-04-02 17:59:11.521 9 WARNING neutron.api.rpc.agentnotifiers.dhcp_rpc_agent_api [None req-d6fdc6b4-e1ef-442f-84eb-27c311e59775 6e572a2ffe884536a3857dbc19fff1ad d15d84c3f8b144fca4d23055a52e6571 - - default default] Unable to schedule network 8134dd1c-f936-4b4a-8827-84d8f7e38382: no agents available; will retry on subsequent port and subnet creation events.
2026-04-02 17:59:11.708 9 INFO neutron.db.ovn_revision_numbers_db [None req-d6fdc6b4-e1ef-442f-84eb-27c311e59775 6e572a2ffe884536a3857dbc19fff1ad d15d84c3f8b144fca4d23055a52e6571 - - default default] Successfully bumped revision number for resource cdfcd1d4-5848-43c9-bda4-21ff334cff00 (type: ports) to 1
2026-04-02 17:59:11.806 9 WARNING neutron_lib.context [None req-f1be543b-6b3d-4ea3-96b7-fb9ca025665b 98d85460c90e417dba4ee94636db0050 fcbe6e2eb8454e9d864d758a1f838cf3 - - default default] Method 'is_advsvc' is deprecated since 2023.2 release (neutron-lib 3.8.0) and will be removed once support for the old RBAC API policies will be removed from Neutron. Please use method 'is_service_role' instead.
2026-04-02 17:59:12.241 9 INFO neutron.db.ovn_revision_numbers_db [None req-f1be543b-6b3d-4ea3-96b7-fb9ca025665b 98d85460c90e417dba4ee94636db0050 fcbe6e2eb8454e9d864d758a1f838cf3 - - default default] Successfully bumped revision number for resource 7cb2f257-91df-47f7-81b2-b18309753efb (type: security_groups) to 1
2026-04-02 17:59:12.268 9 INFO neutron.db.ovn_revision_numbers_db [None req-f1be543b-6b3d-4ea3-96b7-fb9ca025665b 98d85460c90e417dba4ee94636db0050 fcbe6e2eb8454e9d864d758a1f838cf3 - - default default] Successfully bumped revision number for resource 1bfbe71a-8165-4c20-ba02-be9a4f1acd8d (type: security_group_rules) to 0
2026-04-02 17:59:12.293 9 INFO neutron.db.ovn_revision_numbers_db [None req-f1be543b-6b3d-4ea3-96b7-fb9ca025665b 98d85460c90e417dba4ee94636db0050 fcbe6e2eb8454e9d864d758a1f838cf3 - - default default] Successfully bumped revision number for resource 5d47c942-f257-4551-923c-a693e415dcc9 (type: security_group_rules) to 0
2026-04-02 17:59:12.313 9 INFO neutron.db.ovn_revision_numbers_db [None req-f1be543b-6b3d-4ea3-96b7-fb9ca025665b 98d85460c90e417dba4ee94636db0050 fcbe6e2eb8454e9d864d758a1f838cf3 - - default default] Successfully bumped revision number for resource 807b0504-296b-4d51-9e4b-0ddf17954277 (type: security_group_rules) to 0
2026-04-02 17:59:12.338 9 INFO neutron.db.ovn_revision_numbers_db [None req-f1be543b-6b3d-4ea3-96b7-fb9ca025665b 98d85460c90e417dba4ee94636db0050 fcbe6e2eb8454e9d864d758a1f838cf3 - - default default] Successfully bumped revision number for resource e6db3f1b-4d13-4211-9472-5a327dbff849 (type: security_group_rules) to 0
2026-04-02 17:59:12.412 9 INFO neutron.db.segments_db [None req-f1be543b-6b3d-4ea3-96b7-fb9ca025665b 98d85460c90e417dba4ee94636db0050 fcbe6e2eb8454e9d864d758a1f838cf3 - - default default] Added segment f64b0f8c-5151-4e47-93d5-1fe71d3af785 of type geneve for network c9198d13-4285-45c0-a8fb-0a9c914e3cfa
2026-04-02 17:59:12.614 9 INFO neutron.plugins.ml2.drivers.ovn.mech_driver.ovsdb.ovsdb_monitor [None req-2be94451-20a5-41b4-9e4a-ebbf19651491 - - - - - -] Router 6ae8536f-1427-4266-a6af-a6c99c26d76b is bound to host instance
2026-04-02 17:59:12.623 9 INFO neutron.db.ovn_revision_numbers_db [None req-f1be543b-6b3d-4ea3-96b7-fb9ca025665b 98d85460c90e417dba4ee94636db0050 fcbe6e2eb8454e9d864d758a1f838cf3 - - default default] Successfully bumped revision number for resource c9198d13-4285-45c0-a8fb-0a9c914e3cfa (type: networks) to 1
2026-04-02 17:59:12.673 9 INFO neutron.db.ovn_revision_numbers_db [None req-d6fdc6b4-e1ef-442f-84eb-27c311e59775 6e572a2ffe884536a3857dbc19fff1ad d15d84c3f8b144fca4d23055a52e6571 - - default default] Successfully bumped revision number for resource cdfcd1d4-5848-43c9-bda4-21ff334cff00 (type: router_ports) to 1
2026-04-02 17:59:12.830 9 INFO neutron.db.ovn_revision_numbers_db [None req-d6fdc6b4-e1ef-442f-84eb-27c311e59775 6e572a2ffe884536a3857dbc19fff1ad d15d84c3f8b144fca4d23055a52e6571 - - default default] Successfully bumped revision number for resource 6ae8536f-1427-4266-a6af-a6c99c26d76b (type: routers) to 2
2026-04-02 17:59:12.853 9 INFO neutron.wsgi [None req-d6fdc6b4-e1ef-442f-84eb-27c311e59775 6e572a2ffe884536a3857dbc19fff1ad d15d84c3f8b144fca4d23055a52e6571 - - default default] 10.0.0.116 "POST /v2.0/routers HTTP/1.1" status: 201 len: 874 time: 1.7783289
2026-04-02 17:59:12.941 9 WARNING neutron.scheduler.dhcp_agent_scheduler [None req-f1be543b-6b3d-4ea3-96b7-fb9ca025665b 98d85460c90e417dba4ee94636db0050 fcbe6e2eb8454e9d864d758a1f838cf3 - - default default] No more DHCP agents
2026-04-02 17:59:12.947 9 WARNING neutron.api.rpc.agentnotifiers.dhcp_rpc_agent_api [None req-f1be543b-6b3d-4ea3-96b7-fb9ca025665b 98d85460c90e417dba4ee94636db0050 fcbe6e2eb8454e9d864d758a1f838cf3 - - default default] Unable to schedule network c9198d13-4285-45c0-a8fb-0a9c914e3cfa: no agents available; will retry on subsequent port and subnet creation events.
2026-04-02 17:59:13.058 9 INFO neutron.db.ovn_revision_numbers_db [None req-f1be543b-6b3d-4ea3-96b7-fb9ca025665b 98d85460c90e417dba4ee94636db0050 fcbe6e2eb8454e9d864d758a1f838cf3 - - default default] Successfully bumped revision number for resource 1ad34304-a456-4b2e-8559-3420a3900999 (type: ports) to 1
2026-04-02 17:59:13.106 9 INFO neutron.wsgi [None req-f1be543b-6b3d-4ea3-96b7-fb9ca025665b 98d85460c90e417dba4ee94636db0050 fcbe6e2eb8454e9d864d758a1f838cf3 - - default default] 10.0.0.116 "POST /v2.0/networks HTTP/1.1" status: 201 len: 830 time: 1.4220762
2026-04-02 17:59:13.115 9 WARNING neutron_lib.context [None req-28d003d5-aa6d-4360-81c4-2e899a238f2a 98d85460c90e417dba4ee94636db0050 fcbe6e2eb8454e9d864d758a1f838cf3 - - default default] Method 'is_advsvc' is deprecated since 2023.2 release (neutron-lib 3.8.0) and will be removed once support for the old RBAC API policies will be removed from Neutron. Please use method 'is_service_role' instead.
2026-04-02 17:59:13.278 10 WARNING neutron.scheduler.dhcp_agent_scheduler [None req-771e9707-cc21-4822-b801-92ff0ac0026f 6e572a2ffe884536a3857dbc19fff1ad d15d84c3f8b144fca4d23055a52e6571 - - default default] No more DHCP agents
2026-04-02 17:59:13.281 10 WARNING neutron.api.rpc.agentnotifiers.dhcp_rpc_agent_api [None req-771e9707-cc21-4822-b801-92ff0ac0026f 6e572a2ffe884536a3857dbc19fff1ad d15d84c3f8b144fca4d23055a52e6571 - - default default] Unable to schedule network 9d668423-4396-4beb-953c-810ac0c9fc75: no agents available; will retry on subsequent port and subnet creation events.
2026-04-02 17:59:13.329 9 WARNING neutron.plugins.ml2.drivers.ovn.mech_driver.ovsdb.ovn_client [None req-b6c15372-2b8f-455d-8dd4-64462efef91e - - - - - -] No hosting information found for port 39bf80dd-7dd1-4dca-8431-4cf94c5d6055: RuntimeError: No hosting information found for port 39bf80dd-7dd1-4dca-8431-4cf94c5d6055
2026-04-02 17:59:13.330 9 INFO neutron.plugins.ml2.drivers.ovn.mech_driver.mech_driver [None req-b6c15372-2b8f-455d-8dd4-64462efef91e - - - - - -] OVN reports status up for port: cdfcd1d4-5848-43c9-bda4-21ff334cff00
2026-04-02 17:59:13.361 9 INFO neutron.plugins.ml2.plugin [None req-b6c15372-2b8f-455d-8dd4-64462efef91e - - - - - -] Attempt 1 to provision port cdfcd1d4-5848-43c9-bda4-21ff334cff00
2026-04-02 17:59:13.385 9 INFO neutron.db.ovn_revision_numbers_db [None req-2be94451-20a5-41b4-9e4a-ebbf19651491 - - - - - -] Successfully bumped revision number for resource cdfcd1d4-5848-43c9-bda4-21ff334cff00 (type: ports) to 1
2026-04-02 17:59:13.438 10 INFO neutron.db.ovn_revision_numbers_db [None req-771e9707-cc21-4822-b801-92ff0ac0026f 6e572a2ffe884536a3857dbc19fff1ad d15d84c3f8b144fca4d23055a52e6571 - - default default] Successfully bumped revision number for resource 904d6e6e-6d0e-4d1a-897a-439aeee208b0 (type: ports) to 1
2026-04-02 17:59:13.447 9 WARNING neutron.scheduler.dhcp_agent_scheduler [None req-28d003d5-aa6d-4360-81c4-2e899a238f2a 98d85460c90e417dba4ee94636db0050 fcbe6e2eb8454e9d864d758a1f838cf3 - - default default] No more DHCP agents
2026-04-02 17:59:13.452 9 WARNING neutron.api.rpc.agentnotifiers.dhcp_rpc_agent_api [None req-28d003d5-aa6d-4360-81c4-2e899a238f2a 98d85460c90e417dba4ee94636db0050 fcbe6e2eb8454e9d864d758a1f838cf3 - - default default] Unable to schedule network c9198d13-4285-45c0-a8fb-0a9c914e3cfa: no agents available; will retry on subsequent port and subnet creation events.
2026-04-02 17:59:13.477 10 WARNING neutron_lib.context [None req-7ce787a5-9b02-4b34-a55f-438c7fc74895 01ca530adc864533b9af1c282d2c43dc 572c0efe50d7439fa0e720fc0d1ab6d6 - - default default] Method 'is_advsvc' is deprecated since 2023.2 release (neutron-lib 3.8.0) and will be removed once support for the old RBAC API policies will be removed from Neutron. Please use method 'is_service_role' instead.
2026-04-02 17:59:13.628 10 INFO neutron.db.ovn_revision_numbers_db [None req-7ce787a5-9b02-4b34-a55f-438c7fc74895 01ca530adc864533b9af1c282d2c43dc 572c0efe50d7439fa0e720fc0d1ab6d6 - - default default] Successfully bumped revision number for resource b2856654-8e47-4e19-b1ee-fbe680d60a23 (type: security_groups) to 1
2026-04-02 17:59:13.646 10 INFO neutron.db.ovn_revision_numbers_db [None req-7ce787a5-9b02-4b34-a55f-438c7fc74895 01ca530adc864533b9af1c282d2c43dc 572c0efe50d7439fa0e720fc0d1ab6d6 - - default default] Successfully bumped revision number for resource 1b4ca5cd-1b36-404b-9835-12d85c557cda (type: security_group_rules) to 0
2026-04-02 17:59:13.662 10 INFO neutron.db.ovn_revision_numbers_db [None req-7ce787a5-9b02-4b34-a55f-438c7fc74895 01ca530adc864533b9af1c282d2c43dc 572c0efe50d7439fa0e720fc0d1ab6d6 - - default default] Successfully bumped revision number for resource 373a3fc0-dec6-4fc8-b5b4-651df1666e85 (type: security_group_rules) to 0
2026-04-02 17:59:13.680 10 INFO neutron.db.ovn_revision_numbers_db [None req-7ce787a5-9b02-4b34-a55f-438c7fc74895 01ca530adc864533b9af1c282d2c43dc 572c0efe50d7439fa0e720fc0d1ab6d6 - - default default] Successfully bumped revision number for resource 3a16d848-78b6-4125-b531-452f2334b6f5 (type: security_group_rules) to 0
2026-04-02 17:59:13.698 10 INFO neutron.db.ovn_revision_numbers_db [None req-7ce787a5-9b02-4b34-a55f-438c7fc74895 01ca530adc864533b9af1c282d2c43dc 572c0efe50d7439fa0e720fc0d1ab6d6 - - default default] Successfully bumped revision number for resource f7df3970-8a45-463d-b28d-c057dd6f340f (type: security_group_rules) to 0
2026-04-02 17:59:13.756 10 INFO neutron.db.segments_db [None req-7ce787a5-9b02-4b34-a55f-438c7fc74895 01ca530adc864533b9af1c282d2c43dc 572c0efe50d7439fa0e720fc0d1ab6d6 - - default default] Added segment 41368b24-7c5e-440e-b893-0c409186272f of type geneve for network 11dfb098-1da5-4fca-b420-5a0ddb5b3462
2026-04-02 17:59:13.837 9 INFO neutron.plugins.ml2.drivers.ovn.mech_driver.mech_driver [None req-b6c15372-2b8f-455d-8dd4-64462efef91e - - - - - -] OVN reports status up for port: 904d6e6e-6d0e-4d1a-897a-439aeee208b0
2026-04-02 17:59:13.867 9 INFO neutron.plugins.ml2.plugin [None req-b6c15372-2b8f-455d-8dd4-64462efef91e - - - - - -] Attempt 1 to provision port 904d6e6e-6d0e-4d1a-897a-439aeee208b0
2026-04-02 17:59:13.877 10 INFO neutron.db.ovn_revision_numbers_db [None req-771e9707-cc21-4822-b801-92ff0ac0026f 6e572a2ffe884536a3857dbc19fff1ad d15d84c3f8b144fca4d23055a52e6571 - - default default] Successfully bumped revision number for resource 904d6e6e-6d0e-4d1a-897a-439aeee208b0 (type: router_ports) to 1
2026-04-02 17:59:13.944 10 INFO neutron.db.ovn_revision_numbers_db [None req-7ce787a5-9b02-4b34-a55f-438c7fc74895 01ca530adc864533b9af1c282d2c43dc 572c0efe50d7439fa0e720fc0d1ab6d6 - - default default] Successfully bumped revision number for resource 11dfb098-1da5-4fca-b420-5a0ddb5b3462 (type: networks) to 1
2026-04-02 17:59:14.075 9 INFO neutron.db.ovn_revision_numbers_db [None req-2be94451-20a5-41b4-9e4a-ebbf19651491 - - - - - -] Successfully bumped revision number for resource cdfcd1d4-5848-43c9-bda4-21ff334cff00 (type: router_ports) to 3
