2026-04-02 17:55:58.760 10 INFO neutron.db.ovn_revision_numbers_db [None req-659b72ea-cae8-4bcd-86b6-291a9b59309f 6e572a2ffe884536a3857dbc19fff1ad d15d84c3f8b144fca4d23055a52e6571 - - default default] Successfully bumped revision number for resource 5f9d1c9c-f5b6-485c-b35a-ad0fd7685084 (type: subnets) to 0
2026-04-02 17:55:58.786 10 INFO neutron.wsgi [None req-659b72ea-cae8-4bcd-86b6-291a9b59309f 6e572a2ffe884536a3857dbc19fff1ad d15d84c3f8b144fca4d23055a52e6571 - - default default] 10.0.0.116 "POST /v2.0/subnets HTTP/1.1" status: 201 len: 873 time: 0.7460318
2026-04-02 17:55:58.877 9 INFO neutron.notifiers.nova [-] Nova event matching ['req-816410af-6959-4743-8df8-05e636149b6b'] response: {'server_uuid': 'b246dfaa-6214-4294-8d6a-c103f46ed8d0', 'name': 'network-vif-plugged', 'status': 'completed', 'tag': '061f432e-aa61-4199-985e-6d2a34f64772', 'code': 200}
2026-04-02 17:55:58.969 9 INFO neutron.db.ovn_revision_numbers_db [None req-b6c15372-2b8f-455d-8dd4-64462efef91e - - - - - -] Successfully bumped revision number for resource 061f432e-aa61-4199-985e-6d2a34f64772 (type: ports) to 4
2026-04-02 17:55:59.020 9 INFO neutron.plugins.ml2.drivers.ovn.mech_driver.mech_driver [None req-b6c15372-2b8f-455d-8dd4-64462efef91e - - - - - -] OVN reports status up for port: 994c60e1-671e-4640-8294-590b6b93a5f9
2026-04-02 17:55:59.043 9 INFO neutron.plugins.ml2.plugin [None req-b6c15372-2b8f-455d-8dd4-64462efef91e - - - - - -] Attempt 1 to provision port 994c60e1-671e-4640-8294-590b6b93a5f9 /var/lib/openstack/lib/python3.10/site-packages/pycadf/identifier.py:71: UserWarning: Invalid uuid: neutron. To ensure interoperability, identifiers should be a valid uuid. warnings.warn(('Invalid uuid: %s. To ensure interoperability, '
2026-04-02 17:55:59.165 9 INFO neutron.wsgi [req-14fe8e3f-bffe-4dc2-b568-c04a8304807d req-8ecdfc30-8aed-479c-8d00-d8e30a78fd43 6a72a752867e4e31ae390f17bd8c70f6 3c9871a99efa4cb4860997c273d91d99 - - default default] 10.0.0.225 "GET /v2.0/security-groups?name=tempest-securitygroup--608263797&fields=id&tenant_id=3c9871a99efa4cb4860997c273d91d99 HTTP/1.1" status: 200 len: 267 time: 0.0540345
2026-04-02 17:55:59.252 9 INFO neutron.wsgi [req-14fe8e3f-bffe-4dc2-b568-c04a8304807d req-27b20628-78f2-483b-b34a-f84e87cccc9c 6a72a752867e4e31ae390f17bd8c70f6 3c9871a99efa4cb4860997c273d91d99 - - default default] 10.0.0.225 "GET /v2.0/networks?id=13cb792c-a1f8-46b0-861f-e9c71ca4824d HTTP/1.1" status: 200 len: 869 time: 0.0768368
2026-04-02 17:55:59.273 9 INFO neutron.wsgi [req-14fe8e3f-bffe-4dc2-b568-c04a8304807d req-92ed62ef-1713-42ae-9298-53c118ded37c 6a72a752867e4e31ae390f17bd8c70f6 3c9871a99efa4cb4860997c273d91d99 - - default default] 10.0.0.225 "GET /v2.0/quotas/3c9871a99efa4cb4860997c273d91d99 HTTP/1.1" status: 200 len: 386 time: 0.0115860
2026-04-02 17:55:59.335 10 WARNING neutron.scheduler.dhcp_agent_scheduler [None req-9dcb9486-95ca-467b-b4d6-ce84931842a2 6e572a2ffe884536a3857dbc19fff1ad d15d84c3f8b144fca4d23055a52e6571 - - default default] No more DHCP agents
2026-04-02 17:55:59.337 10 WARNING neutron.api.rpc.agentnotifiers.dhcp_rpc_agent_api [None req-9dcb9486-95ca-467b-b4d6-ce84931842a2 6e572a2ffe884536a3857dbc19fff1ad d15d84c3f8b144fca4d23055a52e6571 - - default default] Unable to schedule network 8134dd1c-f936-4b4a-8827-84d8f7e38382: no agents available; will retry on subsequent port and subnet creation events.
2026-04-02 17:55:59.403 9 INFO neutron.wsgi [req-b7fb0f27-e9b7-4f5f-832b-68a3fd37ec6a req-86b0d3f5-956a-4abe-859c-06c0e1c7deed 00cc6f4b48d0426da0a2d4147cc95975 8fe259ddff534c13be2f7769e886314e - - default default] 10.0.0.225 "GET /v2.0/ports?device_id=ab556075-0502-4647-aee4-1e45694a0131 HTTP/1.1" status: 200 len: 1170 time: 0.0537701
2026-04-02 17:55:59.407 9 INFO neutron.wsgi [req-14fe8e3f-bffe-4dc2-b568-c04a8304807d req-c72c431c-bfbd-4c70-a310-1999f079b48a 6a72a752867e4e31ae390f17bd8c70f6 3c9871a99efa4cb4860997c273d91d99 - - default default] 10.0.0.225 "GET /v2.0/ports?tenant_id=3c9871a99efa4cb4860997c273d91d99&fields=id HTTP/1.1" status: 200 len: 302 time: 0.1290767
2026-04-02 17:55:59.433 9 INFO neutron.db.ovn_revision_numbers_db [None req-b6c15372-2b8f-455d-8dd4-64462efef91e - - - - - -] Successfully bumped revision number for resource 994c60e1-671e-4640-8294-590b6b93a5f9 (type: ports) to 4
2026-04-02 17:55:59.487 9 INFO neutron.wsgi [req-b7fb0f27-e9b7-4f5f-832b-68a3fd37ec6a req-a914978e-2013-4151-bbfd-ba5875f6a600 00cc6f4b48d0426da0a2d4147cc95975 8fe259ddff534c13be2f7769e886314e - - default default] 10.0.0.225 "GET /v2.0/security-groups?id=3edec04d-bc4e-49d3-a4cc-f5cac253fc57&fields=id&fields=name HTTP/1.1" status: 200 len: 312 time: 0.0798261
2026-04-02 17:55:59.501 10 INFO neutron.db.ovn_revision_numbers_db [None req-9dcb9486-95ca-467b-b4d6-ce84931842a2 6e572a2ffe884536a3857dbc19fff1ad d15d84c3f8b144fca4d23055a52e6571 - - default default] Successfully bumped revision number for resource b14d206f-9d85-4bc1-b373-f0eb66149805 (type: ports) to 1
2026-04-02 17:55:59.509 9 INFO neutron.wsgi [req-14fe8e3f-bffe-4dc2-b568-c04a8304807d req-a0b7404f-7bae-4dcb-bdde-e7f2653649a0 79db3ab00c1a4de2959a6231a9d52505 9f32f16e2d634a4e843a780e963d4603 - - 68f884a083bc4df4af06077f756a8e3a 68f884a083bc4df4af06077f756a8e3a] 10.0.0.225 "GET /v2.0/networks/13cb792c-a1f8-46b0-861f-e9c71ca4824d?fields=segments HTTP/1.1" status: 200 len: 212 time: 0.0863993 /var/lib/openstack/lib/python3.10/site-packages/pycadf/identifier.py:71: UserWarning: Invalid uuid: neutron. To ensure interoperability, identifiers should be a valid uuid. warnings.warn(('Invalid uuid: %s. To ensure interoperability, '
2026-04-02 17:55:59.607 9 INFO neutron.wsgi [req-5c86776f-1720-4e30-b628-c82f8b276024 req-990502c2-16d6-4e5e-9cdc-17b41e3fa833 7787a83c8b4249569b357884e483e7cc c51030db3b5544959fb5556adaba940f - - default default] 10.0.0.225 "GET /v2.0/ports?device_id=b246dfaa-6214-4294-8d6a-c103f46ed8d0 HTTP/1.1" status: 200 len: 1174 time: 0.0424399
2026-04-02 17:55:59.631 9 INFO neutron.wsgi [req-14fe8e3f-bffe-4dc2-b568-c04a8304807d req-85a01761-bfff-4ea5-bf0a-1f50e0f8afe1 79db3ab00c1a4de2959a6231a9d52505 9f32f16e2d634a4e843a780e963d4603 - - 68f884a083bc4df4af06077f756a8e3a 68f884a083bc4df4af06077f756a8e3a] 10.0.0.225 "GET /v2.0/networks/13cb792c-a1f8-46b0-861f-e9c71ca4824d?fields=provider%3Aphysical_network&fields=provider%3Anetwork_type HTTP/1.1" status: 200 len: 277 time: 0.1162138
2026-04-02 17:55:59.660 9 INFO neutron.wsgi [req-5c86776f-1720-4e30-b628-c82f8b276024 req-9771c21f-826a-44ad-8905-120bcf2c7d2b 7787a83c8b4249569b357884e483e7cc c51030db3b5544959fb5556adaba940f - - default default] 10.0.0.225 "GET /v2.0/security-groups?id=c4a581b0-a122-462d-86b0-9d9cf7a2c954&fields=id&fields=name HTTP/1.1" status: 200 len: 313 time: 0.0483851
2026-04-02 17:55:59.809 9 INFO neutron.wsgi [req-6ee8ff42-48e0-429a-97ac-76905124ce5d req-66332bbe-1b67-43ea-b5f7-5de374e1b7ad 7787a83c8b4249569b357884e483e7cc c51030db3b5544959fb5556adaba940f - - default default] 10.0.0.225 "GET /v2.0/ports?device_id=b246dfaa-6214-4294-8d6a-c103f46ed8d0 HTTP/1.1" status: 200 len: 1174 time: 0.0586560
2026-04-02 17:55:59.869 9 INFO neutron.wsgi [req-dde02e4f-a410-471b-9efa-de6a76626f52 req-705044d6-5dd5-4c6c-801b-2348b4b96b4b 6a72a752867e4e31ae390f17bd8c70f6 3c9871a99efa4cb4860997c273d91d99 - - default default] 10.0.0.225 "GET /v2.0/ports?device_id=b23cf812-c01e-477a-90af-05e2b56449f2 HTTP/1.1" status: 200 len: 210 time: 0.0582840
2026-04-02 17:56:00.388 9 INFO neutron.db.l3_db [None req-35c60ad3-36c1-4c54-968b-3906798d6a0a 7787a83c8b4249569b357884e483e7cc c51030db3b5544959fb5556adaba940f - - default default] Floating IP 5ad13c8f-4ef4-4980-ab5e-da8062dacf13 associated. External IP: 10.96.250.204, port: 061f432e-aa61-4199-985e-6d2a34f64772.
2026-04-02 17:56:00.406 9 INFO neutron.plugins.ml2.drivers.ovn.mech_driver.mech_driver [None req-b6c15372-2b8f-455d-8dd4-64462efef91e - - - - - -] OVN reports status up for port: b14d206f-9d85-4bc1-b373-f0eb66149805
2026-04-02 17:56:00.437 10 INFO neutron.db.ovn_revision_numbers_db [None req-9dcb9486-95ca-467b-b4d6-ce84931842a2 6e572a2ffe884536a3857dbc19fff1ad d15d84c3f8b144fca4d23055a52e6571 - - default default] Successfully bumped revision number for resource b14d206f-9d85-4bc1-b373-f0eb66149805 (type: router_ports) to 1
2026-04-02 17:56:00.469 9 INFO neutron.plugins.ml2.drivers.ovn.mech_driver.ovsdb.ovsdb_monitor [None req-2be94451-20a5-41b4-9e4a-ebbf19651491 - - - - - -] Router 1f295500-3902-49bd-990d-12888f20e6a8 is bound to host instance
2026-04-02 17:56:00.474 9 INFO neutron.plugins.ml2.plugin [None req-b6c15372-2b8f-455d-8dd4-64462efef91e - - - - - -] Attempt 1 to provision port b14d206f-9d85-4bc1-b373-f0eb66149805
2026-04-02 17:56:00.527 10 INFO neutron.db.ovn_revision_numbers_db [None req-9dcb9486-95ca-467b-b4d6-ce84931842a2 6e572a2ffe884536a3857dbc19fff1ad d15d84c3f8b144fca4d23055a52e6571 - - default default] Successfully bumped revision number for resource 1f295500-3902-49bd-990d-12888f20e6a8 (type: routers) to 2
2026-04-02 17:56:00.551 10 INFO neutron.wsgi [None req-9dcb9486-95ca-467b-b4d6-ce84931842a2 6e572a2ffe884536a3857dbc19fff1ad d15d84c3f8b144fca4d23055a52e6571 - - default default] 10.0.0.116 "POST /v2.0/routers HTTP/1.1" status: 201 len: 884 time: 1.7586451
2026-04-02 17:56:00.643 9 INFO neutron.wsgi [req-b48cfffb-d871-470c-b58e-059182b9f914 req-a0717723-e378-496f-a0c2-3a5b16773eb1 00cc6f4b48d0426da0a2d4147cc95975 8fe259ddff534c13be2f7769e886314e - - default default] 10.0.0.225 "GET /v2.0/ports?device_id=ab556075-0502-4647-aee4-1e45694a0131 HTTP/1.1" status: 200 len: 1170 time: 0.0776193
2026-04-02 17:56:00.760 9 INFO neutron.wsgi [req-b48cfffb-d871-470c-b58e-059182b9f914 req-42abe1c9-165d-4d51-9e8d-a7a16eb3dc8a 00cc6f4b48d0426da0a2d4147cc95975 8fe259ddff534c13be2f7769e886314e - - default default] 10.0.0.225 "GET /v2.0/security-groups?id=3edec04d-bc4e-49d3-a4cc-f5cac253fc57&fields=id&fields=name HTTP/1.1" status: 200 len: 312 time: 0.0986645
2026-04-02 17:56:00.792 9 INFO neutron.wsgi [req-14fe8e3f-bffe-4dc2-b568-c04a8304807d req-c7c5e0da-e070-4a38-a3a4-7085654d8dea 6a72a752867e4e31ae390f17bd8c70f6 3c9871a99efa4cb4860997c273d91d99 - - default default] 199.204.45.33 "GET /v2.0/networks?id=13cb792c-a1f8-46b0-861f-e9c71ca4824d HTTP/1.1" status: 200 len: 869 time: 0.1699595
2026-04-02 17:56:00.936 9 INFO neutron.wsgi [req-14fe8e3f-bffe-4dc2-b568-c04a8304807d req-395d9fa5-1bfd-4e4f-a806-06e75f57e61e 6a72a752867e4e31ae390f17bd8c70f6 3c9871a99efa4cb4860997c273d91d99 - - default default] 199.204.45.33 "GET /v2.0/security-groups?fields=id&fields=name&tenant_id=3c9871a99efa4cb4860997c273d91d99 HTTP/1.1" status: 200 len: 379 time: 0.1196837
2026-04-02 17:56:00.941 9 INFO neutron.notifiers.nova [-] Nova event matching ['req-7644e1b0-e9e6-427d-8bf7-653cd66e7dea'] response: {'server_uuid': 'b246dfaa-6214-4294-8d6a-c103f46ed8d0', 'name': 'network-vif-plugged', 'status': 'completed', 'tag': '061f432e-aa61-4199-985e-6d2a34f64772', 'code': 200}
2026-04-02 17:56:00.941 9 INFO neutron.notifiers.nova [-] Nova event matching ['req-7644e1b0-e9e6-427d-8bf7-653cd66e7dea'] response: {'server_uuid': 'ab556075-0502-4647-aee4-1e45694a0131', 'name': 'network-vif-plugged', 'status': 'completed', 'tag': '994c60e1-671e-4640-8294-590b6b93a5f9', 'code': 200}
2026-04-02 17:56:00.941 9 INFO neutron.notifiers.nova [-] Nova event matching ['req-7644e1b0-e9e6-427d-8bf7-653cd66e7dea'] response: {'server_uuid': 'ab556075-0502-4647-aee4-1e45694a0131', 'name': 'network-vif-plugged', 'status': 'completed', 'tag': '994c60e1-671e-4640-8294-590b6b93a5f9', 'code': 200}
2026-04-02 17:56:00.955 9 WARNING neutron_lib.context [req-14fe8e3f-bffe-4dc2-b568-c04a8304807d req-5d06eb28-e9d6-4c5b-b115-6687b64ed75a 6a72a752867e4e31ae390f17bd8c70f6 3c9871a99efa4cb4860997c273d91d99 - - default default] Method 'is_advsvc' is deprecated since 2023.2 release (neutron-lib 3.8.0) and will be removed once support for the old RBAC API policies will be removed from Neutron. Please use method 'is_service_role' instead.
2026-04-02 17:56:00.985 9 INFO neutron.wsgi [req-628688fc-0bdf-4bce-af81-3f28e094a6bf req-59ea7343-ffa3-4b57-af1d-d56c4ef4a967 6a72a752867e4e31ae390f17bd8c70f6 3c9871a99efa4cb4860997c273d91d99 - - default default] 10.0.0.225 "GET /v2.0/ports?device_id=b23cf812-c01e-477a-90af-05e2b56449f2 HTTP/1.1" status: 200 len: 210 time: 0.0351403
2026-04-02 17:56:01.011 9 INFO neutron.db.ovn_revision_numbers_db [None req-35c60ad3-36c1-4c54-968b-3906798d6a0a 7787a83c8b4249569b357884e483e7cc c51030db3b5544959fb5556adaba940f - - default default] Successfully bumped revision number for resource 5ad13c8f-4ef4-4980-ab5e-da8062dacf13 (type: floatingips) to 1
2026-04-02 17:56:01.165 10 WARNING neutron.scheduler.dhcp_agent_scheduler [None req-3900a6a2-a8bb-458d-8144-2fc21b9eaf8a 6e572a2ffe884536a3857dbc19fff1ad d15d84c3f8b144fca4d23055a52e6571 - - default default] No more DHCP agents
2026-04-02 17:56:01.167 10 WARNING neutron.api.rpc.agentnotifiers.dhcp_rpc_agent_api [None req-3900a6a2-a8bb-458d-8144-2fc21b9eaf8a 6e572a2ffe884536a3857dbc19fff1ad d15d84c3f8b144fca4d23055a52e6571 - - default default] Unable to schedule network eed661db-5977-4446-add1-984c983143e5: no agents available; will retry on subsequent port and subnet creation events.
2026-04-02 17:56:01.209 9 INFO neutron.db.ovn_revision_numbers_db [None req-35c60ad3-36c1-4c54-968b-3906798d6a0a 7787a83c8b4249569b357884e483e7cc c51030db3b5544959fb5556adaba940f - - default default] Successfully bumped revision number for resource 5ad13c8f-4ef4-4980-ab5e-da8062dacf13 (type: floatingips) to 2
2026-04-02 17:56:01.255 9 INFO neutron.wsgi [None req-35c60ad3-36c1-4c54-968b-3906798d6a0a 7787a83c8b4249569b357884e483e7cc c51030db3b5544959fb5556adaba940f - - default default] 10.0.0.116 "PUT /v2.0/floatingips/5ad13c8f-4ef4-4980-ab5e-da8062dacf13 HTTP/1.1" status: 200 len: 1050 time: 1.4326174
2026-04-02 17:56:01.340 10 INFO neutron.db.ovn_revision_numbers_db [None req-3900a6a2-a8bb-458d-8144-2fc21b9eaf8a 6e572a2ffe884536a3857dbc19fff1ad d15d84c3f8b144fca4d23055a52e6571 - - default default] Successfully bumped revision number for resource 0e5339e1-569b-4462-937f-f0f38df9b1bc (type: ports) to 1
2026-04-02 17:56:01.374 9 INFO neutron.wsgi [req-67a8b702-16b9-41da-adeb-0121542a790b req-908a012e-9eb1-424d-bdfa-6f8396abbb92 7787a83c8b4249569b357884e483e7cc c51030db3b5544959fb5556adaba940f - - default default] 10.0.0.225 "GET /v2.0/ports?device_id=b246dfaa-6214-4294-8d6a-c103f46ed8d0 HTTP/1.1" status: 200 len: 1174 time: 0.0629814
2026-04-02 17:56:01.655 9 INFO neutron.wsgi [req-67a8b702-16b9-41da-adeb-0121542a790b req-932b76c3-e28e-429a-958a-1adaee313ac2 7787a83c8b4249569b357884e483e7cc c51030db3b5544959fb5556adaba940f - - default default] 10.0.0.225 "GET /v2.0/security-groups?id=c4a581b0-a122-462d-86b0-9d9cf7a2c954&fields=id&fields=name HTTP/1.1" status: 200 len: 313 time: 0.2742364
2026-04-02 17:56:01.715 10 INFO neutron.db.ovn_revision_numbers_db [None req-3900a6a2-a8bb-458d-8144-2fc21b9eaf8a 6e572a2ffe884536a3857dbc19fff1ad d15d84c3f8b144fca4d23055a52e6571 - - default default] Successfully bumped revision number for resource 0e5339e1-569b-4462-937f-f0f38df9b1bc (type: router_ports) to 1
2026-04-02 17:56:01.730 9 WARNING neutron.scheduler.dhcp_agent_scheduler [req-14fe8e3f-bffe-4dc2-b568-c04a8304807d req-5d06eb28-e9d6-4c5b-b115-6687b64ed75a 6a72a752867e4e31ae390f17bd8c70f6 3c9871a99efa4cb4860997c273d91d99 - - default default] No more DHCP agents
2026-04-02 17:56:01.737 9 INFO neutron.db.ovn_revision_numbers_db [None req-2be94451-20a5-41b4-9e4a-ebbf19651491 - - - - - -] Successfully bumped revision number for resource b14d206f-9d85-4bc1-b373-f0eb66149805 (type: ports) to 1
2026-04-02 17:56:01.738 9 WARNING neutron.api.rpc.agentnotifiers.dhcp_rpc_agent_api [req-14fe8e3f-bffe-4dc2-b568-c04a8304807d req-5d06eb28-e9d6-4c5b-b115-6687b64ed75a 6a72a752867e4e31ae390f17bd8c70f6 3c9871a99efa4cb4860997c273d91d99 - - default default] Unable to schedule network 13cb792c-a1f8-46b0-861f-e9c71ca4824d: no agents available; will retry on subsequent port and subnet creation events. /var/lib/openstack/lib/python3.10/site-packages/pycadf/identifier.py:71: UserWarning: Invalid uuid: neutron. To ensure interoperability, identifiers should be a valid uuid. warnings.warn(('Invalid uuid: %s. To ensure interoperability, '
2026-04-02 17:56:01.879 10 INFO neutron.db.ovn_revision_numbers_db [None req-3900a6a2-a8bb-458d-8144-2fc21b9eaf8a 6e572a2ffe884536a3857dbc19fff1ad d15d84c3f8b144fca4d23055a52e6571 - - default default] Successfully bumped revision number for resource 0e5339e1-569b-4462-937f-f0f38df9b1bc (type: ports) to 1
2026-04-02 17:56:01.946 10 WARNING neutron.scheduler.dhcp_agent_scheduler [None req-3900a6a2-a8bb-458d-8144-2fc21b9eaf8a 6e572a2ffe884536a3857dbc19fff1ad d15d84c3f8b144fca4d23055a52e6571 - - default default] No more DHCP agents
2026-04-02 17:56:01.947 10 WARNING neutron.api.rpc.agentnotifiers.dhcp_rpc_agent_api [None req-3900a6a2-a8bb-458d-8144-2fc21b9eaf8a 6e572a2ffe884536a3857dbc19fff1ad d15d84c3f8b144fca4d23055a52e6571 - - default default] Unable to schedule network eed661db-5977-4446-add1-984c983143e5: no agents available; will retry on subsequent port and subnet creation events.
2026-04-02 17:56:02.021 9 INFO neutron.wsgi [req-04e39b68-6fdc-4c2d-8ca2-581092e6676d req-13d028a8-21c3-4300-a159-2a1a4d0f356d 00cc6f4b48d0426da0a2d4147cc95975 8fe259ddff534c13be2f7769e886314e - - default default] 10.0.0.225 "GET /v2.0/ports?device_id=ab556075-0502-4647-aee4-1e45694a0131 HTTP/1.1" status: 200 len: 1170 time: 0.1703498
2026-04-02 17:56:02.067 9 INFO neutron.db.ovn_revision_numbers_db [req-14fe8e3f-bffe-4dc2-b568-c04a8304807d req-5d06eb28-e9d6-4c5b-b115-6687b64ed75a 6a72a752867e4e31ae390f17bd8c70f6 3c9871a99efa4cb4860997c273d91d99 - - default default] Successfully bumped revision number for resource 7daeefa5-acbb-4fd5-8d16-0552da32658e (type: ports) to 1
2026-04-02 17:56:02.107 9 INFO neutron.wsgi [req-04e39b68-6fdc-4c2d-8ca2-581092e6676d req-754bf7d6-84be-4f04-a1f8-a97d24a1782c 00cc6f4b48d0426da0a2d4147cc95975 8fe259ddff534c13be2f7769e886314e - - default default] 10.0.0.225 "GET /v2.0/security-groups?id=3edec04d-bc4e-49d3-a4cc-f5cac253fc57&fields=id&fields=name HTTP/1.1" status: 200 len: 312 time: 0.0753999
2026-04-02 17:56:02.129 9 INFO neutron.wsgi [req-f61e874f-853c-4bb7-b432-c6fd4a709bcf req-c5f949fb-6429-42e5-aa8e-c8f27424ff1d 6a72a752867e4e31ae390f17bd8c70f6 3c9871a99efa4cb4860997c273d91d99 - - default default] 10.0.0.225 "GET /v2.0/ports?device_id=b23cf812-c01e-477a-90af-05e2b56449f2 HTTP/1.1" status: 200 len: 1156 time: 0.0510323
2026-04-02 17:56:02.133 9 INFO neutron.wsgi [req-14fe8e3f-bffe-4dc2-b568-c04a8304807d req-5d06eb28-e9d6-4c5b-b115-6687b64ed75a 6a72a752867e4e31ae390f17bd8c70f6 3c9871a99efa4cb4860997c273d91d99 - - default default] 199.204.45.33 "POST /v2.0/ports HTTP/1.1" status: 201 len: 1158 time: 1.1866782
2026-04-02 17:56:02.238 9 INFO neutron.db.ovn_revision_numbers_db [None req-2be94451-20a5-41b4-9e4a-ebbf19651491 - - - - - -] Successfully bumped revision number for resource b14d206f-9d85-4bc1-b373-f0eb66149805 (type: router_ports) to 3
2026-04-02 17:56:02.244 9 INFO neutron.wsgi [req-f61e874f-853c-4bb7-b432-c6fd4a709bcf req-cd6651be-fe95-499b-b42b-5c180659b276 6a72a752867e4e31ae390f17bd8c70f6 3c9871a99efa4cb4860997c273d91d99 - - default default] 10.0.0.225 "GET /v2.0/security-groups?id=82fab6cf-34a4-4bbb-8bfd-d393bd0078a7&fields=id&fields=name HTTP/1.1" status: 200 len: 312 time: 0.0987248
2026-04-02 17:56:02.375 9 INFO neutron.wsgi [req-b5b29862-6308-4471-ac87-3af7cd5033e8 req-fdd16139-e7a3-4040-a0f0-f20ac547195e 00cc6f4b48d0426da0a2d4147cc95975 8fe259ddff534c13be2f7769e886314e - - default default] 10.0.0.225 "GET /v2.0/ports?device_id=ab556075-0502-4647-aee4-1e45694a0131 HTTP/1.1" status: 200 len: 1170 time: 0.0645158
2026-04-02 17:56:02.384 9 INFO neutron.wsgi [req-b59e1ec8-ff60-4c02-b0d4-bd132958d844 req-5b5a22ac-4049-4ac6-92dd-acee7a19de25 7787a83c8b4249569b357884e483e7cc c51030db3b5544959fb5556adaba940f - - default default] 10.0.0.225 "GET /v2.0/ports?device_id=b246dfaa-6214-4294-8d6a-c103f46ed8d0 HTTP/1.1" status: 200 len: 1174 time: 0.2040763
2026-04-02 17:56:02.487 9 INFO neutron.wsgi [req-744999c6-6e65-4c8c-a995-f525b9011f03 req-493426dd-0a3f-454b-bd2b-c010b0090e16 7787a83c8b4249569b357884e483e7cc c51030db3b5544959fb5556adaba940f - - default default] 199.204.45.33 "GET /v2.0/ports?device_id=b246dfaa-6214-4294-8d6a-c103f46ed8d0 HTTP/1.1" status: 200 len: 1174 time: 0.0645390
2026-04-02 17:56:02.491 9 INFO neutron.wsgi [req-b59e1ec8-ff60-4c02-b0d4-bd132958d844 req-9b49c000-dc11-45a5-a506-3fe6823c310e 7787a83c8b4249569b357884e483e7cc c51030db3b5544959fb5556adaba940f - - default default] 10.0.0.225 "GET /v2.0/security-groups?id=c4a581b0-a122-462d-86b0-9d9cf7a2c954&fields=id&fields=name HTTP/1.1" status: 200 len: 313 time: 0.0929279
2026-04-02 17:56:02.581 9 INFO neutron.db.ovn_revision_numbers_db [None req-2be94451-20a5-41b4-9e4a-ebbf19651491 - - - - - -] Successfully bumped revision number for resource b14d206f-9d85-4bc1-b373-f0eb66149805 (type: ports) to 2
2026-04-02 17:56:02.916 10 INFO neutron.db.l3_db [None req-d09b4d57-7706-4ab4-8c3b-4f0f51e796a1 00cc6f4b48d0426da0a2d4147cc95975 8fe259ddff534c13be2f7769e886314e - - default default] Floating IP b0a611a2-1b22-4b77-9a3e-d6a2f53ae430 associated. External IP: 10.96.250.203, port: 994c60e1-671e-4640-8294-590b6b93a5f9.
2026-04-02 17:56:02.980 9 INFO neutron.notifiers.nova [-] Nova event matching ['req-a3b375c5-c42e-48bf-b2f3-8d09fb54adc3'] response: {'name': 'network-changed', 'server_uuid': 'b246dfaa-6214-4294-8d6a-c103f46ed8d0', 'tag': '061f432e-aa61-4199-985e-6d2a34f64772', 'status': 'completed', 'code': 200}
2026-04-02 17:56:03.078 9 INFO neutron.db.ovn_revision_numbers_db [req-14fe8e3f-bffe-4dc2-b568-c04a8304807d req-98bdae3b-9a96-4ad5-a4a9-d073ca09829e 79db3ab00c1a4de2959a6231a9d52505 9f32f16e2d634a4e843a780e963d4603 - - 68f884a083bc4df4af06077f756a8e3a 68f884a083bc4df4af06077f756a8e3a] Successfully bumped revision number for resource 7daeefa5-acbb-4fd5-8d16-0552da32658e (type: ports) to 2
2026-04-02 17:56:03.078 10 INFO neutron.wsgi [req-1f2552d3-d532-4168-8a83-00f5b9983939 req-c54792c5-6cbb-4875-bcf0-9e73dcd6142a 79db3ab00c1a4de2959a6231a9d52505 9f32f16e2d634a4e843a780e963d4603 - - 68f884a083bc4df4af06077f756a8e3a 68f884a083bc4df4af06077f756a8e3a] 199.204.45.33 "GET /v2.0/ports?tenant_id=c51030db3b5544959fb5556adaba940f&device_id=b246dfaa-6214-4294-8d6a-c103f46ed8d0 HTTP/1.1" status: 200 len: 1413 time: 0.0769055
2026-04-02 17:56:03.196 9 INFO neutron.db.l3_db [req-744999c6-6e65-4c8c-a995-f525b9011f03 req-d7833c60-62ac-4da1-8ca6-a37b44494e1f 7787a83c8b4249569b357884e483e7cc c51030db3b5544959fb5556adaba940f - - default default] Floating IP 5ad13c8f-4ef4-4980-ab5e-da8062dacf13 disassociated. External IP: 10.96.250.204, port: 061f432e-aa61-4199-985e-6d2a34f64772.
2026-04-02 17:56:03.207 10 INFO neutron.wsgi [req-1f2552d3-d532-4168-8a83-00f5b9983939 req-5538e873-83c7-4374-96af-297605d97683 79db3ab00c1a4de2959a6231a9d52505 9f32f16e2d634a4e843a780e963d4603 - - 68f884a083bc4df4af06077f756a8e3a 68f884a083bc4df4af06077f756a8e3a] 199.204.45.33 "GET /v2.0/networks?id=2cf02df0-9ccf-473f-a7cf-a5d2999bce9f HTTP/1.1" status: 200 len: 973 time: 0.1125548
2026-04-02 17:56:03.258 9 INFO neutron.db.ovn_revision_numbers_db [None req-2be94451-20a5-41b4-9e4a-ebbf19651491 - - - - - -] Successfully bumped revision number for resource b14d206f-9d85-4bc1-b373-f0eb66149805 (type: ports) to 4
2026-04-02 17:56:03.267 9 INFO neutron.wsgi [-] 10.0.0.220 "GET / HTTP/1.1" status: 200 len: 247 time: 0.0015152
2026-04-02 17:56:03.269 9 INFO neutron.wsgi [-] 10.0.0.220 "GET / HTTP/1.1" status: 200 len: 247 time: 0.0009077
2026-04-02 17:56:03.312 10 INFO neutron.db.ovn_revision_numbers_db [None req-3900a6a2-a8bb-458d-8144-2fc21b9eaf8a 6e572a2ffe884536a3857dbc19fff1ad d15d84c3f8b144fca4d23055a52e6571 - - default default] Successfully bumped revision number for resource 0e5339e1-569b-4462-937f-f0f38df9b1bc (type: router_ports) to 1
2026-04-02 17:56:03.315 10 INFO neutron.wsgi [None req-3900a6a2-a8bb-458d-8144-2fc21b9eaf8a 6e572a2ffe884536a3857dbc19fff1ad d15d84c3f8b144fca4d23055a52e6571 - - default default] 10.0.0.116 "PUT /v2.0/routers/1f295500-3902-49bd-990d-12888f20e6a8/add_router_interface HTTP/1.1" status: 200 len: 503 time: 2.7530756
2026-04-02 17:56:03.319 10 INFO neutron.wsgi [req-1f2552d3-d532-4168-8a83-00f5b9983939 req-56ac8c4c-6409-4b0b-8ee0-1556f2de12ca 79db3ab00c1a4de2959a6231a9d52505 9f32f16e2d634a4e843a780e963d4603 - - 68f884a083bc4df4af06077f756a8e3a 68f884a083bc4df4af06077f756a8e3a] 199.204.45.33 "GET /v2.0/floatingips?fixed_ip_address=10.100.0.13&port_id=061f432e-aa61-4199-985e-6d2a34f64772 HTTP/1.1" status: 200 len: 1060 time: 0.1041896 /var/lib/openstack/lib/python3.10/site-packages/pycadf/identifier.py:71: UserWarning: Invalid uuid: neutron. To ensure interoperability, identifiers should be a valid uuid. warnings.warn(('Invalid uuid: %s. To ensure interoperability, '
2026-04-02 17:56:03.359 10 INFO neutron.db.ovn_revision_numbers_db [None req-d09b4d57-7706-4ab4-8c3b-4f0f51e796a1 00cc6f4b48d0426da0a2d4147cc95975 8fe259ddff534c13be2f7769e886314e - - default default] Successfully bumped revision number for resource b0a611a2-1b22-4b77-9a3e-d6a2f53ae430 (type: floatingips) to 1
2026-04-02 17:56:03.415 9 INFO neutron.wsgi [req-edf0e827-5bd5-4ef0-b2bd-751fce5fee01 req-b11fbef0-8c39-4016-b1ac-db9110e5a28d 6a72a752867e4e31ae390f17bd8c70f6 3c9871a99efa4cb4860997c273d91d99 - - default default] 10.0.0.225 "GET /v2.0/ports?device_id=b23cf812-c01e-477a-90af-05e2b56449f2 HTTP/1.1" status: 200 len: 1168 time: 0.0864966 /var/lib/openstack/lib/python3.10/site-packages/pycadf/identifier.py:71: UserWarning: Invalid uuid: neutron. To ensure interoperability, identifiers should be a valid uuid. warnings.warn(('Invalid uuid: %s. To ensure interoperability, '
2026-04-02 17:56:03.528 9 INFO neutron.wsgi [req-edf0e827-5bd5-4ef0-b2bd-751fce5fee01 req-0e606d82-017d-4d0c-b784-86b6d38e2758 6a72a752867e4e31ae390f17bd8c70f6 3c9871a99efa4cb4860997c273d91d99 - - default default] 10.0.0.225 "GET /v2.0/security-groups?id=82fab6cf-34a4-4bbb-8bfd-d393bd0078a7&fields=id&fields=name HTTP/1.1" status: 200 len: 312 time: 0.1005585
2026-04-02 17:56:03.551 10 INFO neutron.wsgi [req-1f2552d3-d532-4168-8a83-00f5b9983939 req-f55f7979-df47-401d-a855-d8563c9be45f 79db3ab00c1a4de2959a6231a9d52505 9f32f16e2d634a4e843a780e963d4603 - - 68f884a083bc4df4af06077f756a8e3a 68f884a083bc4df4af06077f756a8e3a] 199.204.45.33 "GET /v2.0/subnets?id=cdb491ae-f011-4fee-a3af-369d7a0ecb2b HTTP/1.1" status: 200 len: 868 time: 0.2257955
2026-04-02 17:56:03.602 10 WARNING neutron.plugins.ml2.drivers.ovn.mech_driver.ovsdb.ovn_client [None req-723bc847-d115-40b4-a729-a180a8ccbf88 - - - - - -] No hosting information found for port 37ae74bc-016d-475d-bd4b-9a1ca06aabaf: RuntimeError: No hosting information found for port 37ae74bc-016d-475d-bd4b-9a1ca06aabaf
2026-04-02 17:56:03.602 10 INFO neutron.plugins.ml2.drivers.ovn.mech_driver.mech_driver [None req-723bc847-d115-40b4-a729-a180a8ccbf88 - - - - - -] OVN reports status up for port: 0e5339e1-569b-4462-937f-f0f38df9b1bc
2026-04-02 17:56:03.606 10 INFO neutron.wsgi [req-1f2552d3-d532-4168-8a83-00f5b9983939 req-93641f3f-21b4-4c73-b08a-7198f9b9c236 79db3ab00c1a4de2959a6231a9d52505 9f32f16e2d634a4e843a780e963d4603 - - 68f884a083bc4df4af06077f756a8e3a 68f884a083bc4df4af06077f756a8e3a] 199.204.45.33 "GET /v2.0/ports?network_id=2cf02df0-9ccf-473f-a7cf-a5d2999bce9f&device_owner=network%3Adhcp HTTP/1.1" status: 200 len: 210 time: 0.0471468
2026-04-02 17:56:03.628 10 INFO neutron.plugins.ml2.plugin [None req-723bc847-d115-40b4-a729-a180a8ccbf88 - - - - - -] Attempt 1 to provision port 0e5339e1-569b-4462-937f-f0f38df9b1bc
2026-04-02 17:56:03.638 9 INFO neutron.wsgi [req-8338a018-f171-4bcf-a7f7-51f67d639cc9 req-231884de-ffc0-48f1-9f47-e91fa74f08f0 7787a83c8b4249569b357884e483e7cc c51030db3b5544959fb5556adaba940f - - default default] 10.0.0.225 "GET /v2.0/ports?device_id=b246dfaa-6214-4294-8d6a-c103f46ed8d0 HTTP/1.1" status: 200 len: 210 time: 0.0740790
2026-04-02 17:56:03.643 9 INFO neutron.plugins.ml2.drivers.ovn.mech_driver.mech_driver [None req-b6c15372-2b8f-455d-8dd4-64462efef91e - - - - - -] OVN reports status down for port: 061f432e-aa61-4199-985e-6d2a34f64772
2026-04-02 17:56:03.647 9 INFO neutron.db.ovn_revision_numbers_db [req-14fe8e3f-bffe-4dc2-b568-c04a8304807d req-98bdae3b-9a96-4ad5-a4a9-d073ca09829e 79db3ab00c1a4de2959a6231a9d52505 9f32f16e2d634a4e843a780e963d4603 - - 68f884a083bc4df4af06077f756a8e3a 68f884a083bc4df4af06077f756a8e3a] Successfully bumped revision number for resource 7daeefa5-acbb-4fd5-8d16-0552da32658e (type: ports) to 2
2026-04-02 17:56:03.717 9 INFO neutron.wsgi [req-14fe8e3f-bffe-4dc2-b568-c04a8304807d req-98bdae3b-9a96-4ad5-a4a9-d073ca09829e 79db3ab00c1a4de2959a6231a9d52505 9f32f16e2d634a4e843a780e963d4603 - - 68f884a083bc4df4af06077f756a8e3a 68f884a083bc4df4af06077f756a8e3a] 199.204.45.33 "PUT /v2.0/ports/7daeefa5-acbb-4fd5-8d16-0552da32658e HTTP/1.1" status: 200 len: 1376 time: 1.5778980
2026-04-02 17:56:03.720 10 INFO neutron.wsgi [req-1f2552d3-d532-4168-8a83-00f5b9983939 req-c39bfb1c-1f5b-4e9d-9a46-6b5a41cad246 79db3ab00c1a4de2959a6231a9d52505 9f32f16e2d634a4e843a780e963d4603 - - 68f884a083bc4df4af06077f756a8e3a 68f884a083bc4df4af06077f756a8e3a] 199.204.45.33 "GET /v2.0/networks/2cf02df0-9ccf-473f-a7cf-a5d2999bce9f?fields=segments HTTP/1.1" status: 200 len: 212 time: 0.1035438
2026-04-02 17:56:03.733 10 INFO neutron.db.ovn_revision_numbers_db [None req-d09b4d57-7706-4ab4-8c3b-4f0f51e796a1 00cc6f4b48d0426da0a2d4147cc95975 8fe259ddff534c13be2f7769e886314e - - default default] Successfully bumped revision number for resource b0a611a2-1b22-4b77-9a3e-d6a2f53ae430 (type: floatingips) to 2
2026-04-02 17:56:03.739 9 INFO neutron.wsgi [req-744999c6-6e65-4c8c-a995-f525b9011f03 req-d7833c60-62ac-4da1-8ca6-a37b44494e1f 7787a83c8b4249569b357884e483e7cc c51030db3b5544959fb5556adaba940f - - default default] 199.204.45.33 "DELETE /v2.0/ports/061f432e-aa61-4199-985e-6d2a34f64772 HTTP/1.1" status: 204 len: 173 time: 1.2456288 /var/lib/openstack/lib/python3.10/site-packages/pycadf/identifier.py:71: UserWarning: Invalid uuid: neutron. To ensure interoperability, identifiers should be a valid uuid. warnings.warn(('Invalid uuid: %s. To ensure interoperability, '
2026-04-02 17:56:03.787 9 INFO neutron.db.ovn_revision_numbers_db [None req-2be94451-20a5-41b4-9e4a-ebbf19651491 - - - - - -] Successfully bumped revision number for resource b14d206f-9d85-4bc1-b373-f0eb66149805 (type: router_ports) to 4
2026-04-02 17:56:03.791 10 INFO neutron.wsgi [None req-d09b4d57-7706-4ab4-8c3b-4f0f51e796a1 00cc6f4b48d0426da0a2d4147cc95975 8fe259ddff534c13be2f7769e886314e - - default default] 10.0.0.116 "PUT /v2.0/floatingips/b0a611a2-1b22-4b77-9a3e-d6a2f53ae430 HTTP/1.1" status: 200 len: 1049 time: 1.4022534
2026-04-02 17:56:03.813 9 INFO neutron.wsgi [req-14fe8e3f-bffe-4dc2-b568-c04a8304807d req-2fe3dfab-f27b-4a18-86d6-f53fc591b1b9 79db3ab00c1a4de2959a6231a9d52505 9f32f16e2d634a4e843a780e963d4603 - - 68f884a083bc4df4af06077f756a8e3a 68f884a083bc4df4af06077f756a8e3a] 199.204.45.33 "GET /v2.0/ports?tenant_id=3c9871a99efa4cb4860997c273d91d99&device_id=b23cf812-c01e-477a-90af-05e2b56449f2 HTTP/1.1" status: 200 len: 1407 time: 0.0515366
2026-04-02 17:56:03.825 10 INFO neutron.wsgi [req-1f2552d3-d532-4168-8a83-00f5b9983939 req-4792389f-6dcc-4ce4-b605-b80e1652efa7 79db3ab00c1a4de2959a6231a9d52505 9f32f16e2d634a4e843a780e963d4603 - - 68f884a083bc4df4af06077f756a8e3a 68f884a083bc4df4af06077f756a8e3a] 199.204.45.33 "GET /v2.0/networks/2cf02df0-9ccf-473f-a7cf-a5d2999bce9f?fields=provider%3Aphysical_network&fields=provider%3Anetwork_type HTTP/1.1" status: 200 len: 277 time: 0.0984409
2026-04-02 17:56:03.853 9 INFO neutron.wsgi [req-14fe8e3f-bffe-4dc2-b568-c04a8304807d req-630b8679-5fd3-465d-a143-df74935b0031 79db3ab00c1a4de2959a6231a9d52505 9f32f16e2d634a4e843a780e963d4603 - - 68f884a083bc4df4af06077f756a8e3a 68f884a083bc4df4af06077f756a8e3a] 199.204.45.33 "GET /v2.0/floatingips?fixed_ip_address=10.100.0.9&port_id=7daeefa5-acbb-4fd5-8d16-0552da32658e HTTP/1.1" status: 200 len: 217 time: 0.0332510
2026-04-02 17:56:03.853 10 WARNING neutron_lib.context [None req-3e3abd12-6f2d-4f2a-bfec-2c13e731a132 19554f8406584018887fea319d0942fd 20e2300f37f94ce3a217bf74a4bf7c56 - - default default] Method 'is_advsvc' is deprecated since 2023.2 release (neutron-lib 3.8.0) and will be removed once support for the old RBAC API policies will be removed from Neutron. Please use method 'is_service_role' instead.
2026-04-02 17:56:03.897 9 INFO neutron.wsgi [req-14fe8e3f-bffe-4dc2-b568-c04a8304807d req-ef076c1f-8620-4053-8140-4d8dd92c3939 79db3ab00c1a4de2959a6231a9d52505 9f32f16e2d634a4e843a780e963d4603 - - 68f884a083bc4df4af06077f756a8e3a 68f884a083bc4df4af06077f756a8e3a] 199.204.45.33 "GET /v2.0/subnets?id=2e233d6d-8231-4e8e-aa6d-c0e0afbabe38 HTTP/1.1" status: 200 len: 863 time: 0.0385652
2026-04-02 17:56:03.936 9 INFO neutron.wsgi [req-14fe8e3f-bffe-4dc2-b568-c04a8304807d req-fc4d4f19-c6e9-44f3-b068-8e15b2c23883 79db3ab00c1a4de2959a6231a9d52505 9f32f16e2d634a4e843a780e963d4603 - - 68f884a083bc4df4af06077f756a8e3a 68f884a083bc4df4af06077f756a8e3a] 199.204.45.33 "GET /v2.0/ports?network_id=13cb792c-a1f8-46b0-861f-e9c71ca4824d&device_owner=network%3Adhcp HTTP/1.1" status: 200 len: 210 time: 0.0204020
2026-04-02 17:56:04.014 9 INFO neutron.wsgi [req-14fe8e3f-bffe-4dc2-b568-c04a8304807d req-98dea88d-5337-40cb-bffd-f6ebced6275a 79db3ab00c1a4de2959a6231a9d52505 9f32f16e2d634a4e843a780e963d4603 - - 68f884a083bc4df4af06077f756a8e3a 68f884a083bc4df4af06077f756a8e3a] 199.204.45.33 "GET /v2.0/networks/13cb792c-a1f8-46b0-861f-e9c71ca4824d?fields=segments HTTP/1.1" status: 200 len: 212 time: 0.0716255
2026-04-02 17:56:04.018 10 INFO neutron.db.ovn_revision_numbers_db [None req-3e3abd12-6f2d-4f2a-bfec-2c13e731a132 19554f8406584018887fea319d0942fd 20e2300f37f94ce3a217bf74a4bf7c56 - - default default] Successfully bumped revision number for resource 878b9163-4f10-422f-be0f-3d887c26f793 (type: security_groups) to 1
2026-04-02 17:56:04.045 10 INFO neutron.db.ovn_revision_numbers_db [None req-3e3abd12-6f2d-4f2a-bfec-2c13e731a132 19554f8406584018887fea319d0942fd 20e2300f37f94ce3a217bf74a4bf7c56 - - default default] Successfully bumped revision number for resource 6275e134-0e1c-411e-9ab2-af22c56ce08d (type: security_group_rules) to 0
2026-04-02 17:56:04.055 10 INFO neutron.db.ovn_revision_numbers_db [None req-723bc847-d115-40b4-a729-a180a8ccbf88 - - - - - -] Successfully bumped revision number for resource 0e5339e1-569b-4462-937f-f0f38df9b1bc (type: ports) to 2
2026-04-02 17:56:04.060 10 INFO neutron.db.ovn_revision_numbers_db [None req-3e3abd12-6f2d-4f2a-bfec-2c13e731a132 19554f8406584018887fea319d0942fd 20e2300f37f94ce3a217bf74a4bf7c56 - - default default] Successfully bumped revision number for resource 68d46470-a9d1-4eae-bef8-ca2961009cc9 (type: security_group_rules) to 0
2026-04-02 17:56:04.094 9 INFO neutron.wsgi [req-14fe8e3f-bffe-4dc2-b568-c04a8304807d req-eb10ccbf-61e3-4b1e-85d5-e220a41f2234 79db3ab00c1a4de2959a6231a9d52505 9f32f16e2d634a4e843a780e963d4603 - - 68f884a083bc4df4af06077f756a8e3a 68f884a083bc4df4af06077f756a8e3a] 199.204.45.33 "GET /v2.0/networks/13cb792c-a1f8-46b0-861f-e9c71ca4824d?fields=provider%3Aphysical_network&fields=provider%3Anetwork_type HTTP/1.1" status: 200 len: 277 time: 0.0712304
2026-04-02 17:56:04.095 10 INFO neutron.wsgi [None req-3e3abd12-6f2d-4f2a-bfec-2c13e731a132 19554f8406584018887fea319d0942fd 20e2300f37f94ce3a217bf74a4bf7c56 - - default default] 10.0.0.116 "POST /v2.0/security-groups HTTP/1.1" status: 201 len: 1795 time: 0.2469180
2026-04-02 17:56:04.111 9 WARNING neutron_lib.context [None req-e5391827-efb6-4421-8825-76233add9cee 19554f8406584018887fea319d0942fd 20e2300f37f94ce3a217bf74a4bf7c56 - - default default] Method 'is_advsvc' is deprecated since 2023.2 release (neutron-lib 3.8.0) and will be removed once support for the old RBAC API policies will be removed from Neutron. Please use method 'is_service_role' instead.
2026-04-02 17:56:04.160 10 INFO neutron.db.ovn_revision_numbers_db [None req-723bc847-d115-40b4-a729-a180a8ccbf88 - - - - - -] Successfully bumped revision number for resource 0e5339e1-569b-4462-937f-f0f38df9b1bc (type: router_ports) to 2
2026-04-02 17:56:04.230 10 INFO neutron.notifiers.nova [-] Nova event matching ['req-ec978de4-54a3-4735-abe6-f8c4fdfa8f71'] response: {'name': 'network-changed', 'server_uuid': 'ab556075-0502-4647-aee4-1e45694a0131', 'tag': '994c60e1-671e-4640-8294-590b6b93a5f9', 'status': 'completed', 'code': 200}
2026-04-02 17:56:04.291 9 INFO neutron.wsgi [req-2bef4121-a9b2-45b3-a844-e7a78a8a007b req-65c3d430-4473-4a33-8650-06d245de24a0 79db3ab00c1a4de2959a6231a9d52505 9f32f16e2d634a4e843a780e963d4603 - - 68f884a083bc4df4af06077f756a8e3a 68f884a083bc4df4af06077f756a8e3a] 199.204.45.33 "GET /v2.0/ports?tenant_id=8fe259ddff534c13be2f7769e886314e&device_id=ab556075-0502-4647-aee4-1e45694a0131 HTTP/1.1" status: 200 len: 1409 time: 0.0428796
2026-04-02 17:56:04.298 9 INFO neutron.db.ovn_revision_numbers_db [None req-e5391827-efb6-4421-8825-76233add9cee 19554f8406584018887fea319d0942fd 20e2300f37f94ce3a217bf74a4bf7c56 - - default default] Successfully bumped revision number for resource a821c002-c72b-4f72-b83d-c3e87ba6c5f2 (type: security_group_rules) to 0
2026-04-02 17:56:04.359 9 INFO neutron.wsgi [None req-e5391827-efb6-4421-8825-76233add9cee 19554f8406584018887fea319d0942fd 20e2300f37f94ce3a217bf74a4bf7c56 - - default default] 10.0.0.116 "POST /v2.0/security-group-rules HTTP/1.1" status: 201 len: 764 time: 0.2521119
2026-04-02 17:56:04.368 9 INFO neutron.wsgi [req-2bef4121-a9b2-45b3-a844-e7a78a8a007b req-9f3e0afc-dc1c-4426-ace3-5f1d27637fcd 79db3ab00c1a4de2959a6231a9d52505 9f32f16e2d634a4e843a780e963d4603 - - 68f884a083bc4df4af06077f756a8e3a 68f884a083bc4df4af06077f756a8e3a] 199.204.45.33 "GET /v2.0/networks?id=fa1047db-fdd3-4ee9-a91c-463150807f7e HTTP/1.1" status: 200 len: 973 time: 0.0717115
2026-04-02 17:56:04.374 10 WARNING neutron_lib.context [None req-f51c9636-5b07-41c9-bf28-a6709e62e200 19554f8406584018887fea319d0942fd 20e2300f37f94ce3a217bf74a4bf7c56 - - default default] Method 'is_advsvc' is deprecated since 2023.2 release (neutron-lib 3.8.0) and will be removed once support for the old RBAC API policies will be removed from Neutron. Please use method 'is_service_role' instead.
2026-04-02 17:56:04.451 9 INFO neutron.wsgi [req-2bef4121-a9b2-45b3-a844-e7a78a8a007b req-9f6d25cc-506c-480e-959b-18dcf8e80780 79db3ab00c1a4de2959a6231a9d52505 9f32f16e2d634a4e843a780e963d4603 - - 68f884a083bc4df4af06077f756a8e3a 68f884a083bc4df4af06077f756a8e3a] 199.204.45.33 "GET /v2.0/floatingips?fixed_ip_address=10.100.0.7&port_id=994c60e1-671e-4640-8294-590b6b93a5f9 HTTP/1.1" status: 200 len: 1059 time: 0.0754797
2026-04-02 17:56:04.491 9 INFO neutron.wsgi [req-2bef4121-a9b2-45b3-a844-e7a78a8a007b req-e09a31ab-72f8-4187-b447-6cb7d7a55465 79db3ab00c1a4de2959a6231a9d52505 9f32f16e2d634a4e843a780e963d4603 - - 68f884a083bc4df4af06077f756a8e3a 68f884a083bc4df4af06077f756a8e3a] 199.204.45.33 "GET /v2.0/subnets?id=7ac5e004-a3f0-4ad8-88bb-879ca70bd0a9 HTTP/1.1" status: 200 len: 868 time: 0.0336733
2026-04-02 17:56:04.524 9 INFO neutron.wsgi [req-2bef4121-a9b2-45b3-a844-e7a78a8a007b req-42571866-2a63-4bbb-ab26-375eda7ea24c 79db3ab00c1a4de2959a6231a9d52505 9f32f16e2d634a4e843a780e963d4603 - - 68f884a083bc4df4af06077f756a8e3a 68f884a083bc4df4af06077f756a8e3a] 199.204.45.33 "GET /v2.0/ports?network_id=fa1047db-fdd3-4ee9-a91c-463150807f7e&device_owner=network%3Adhcp HTTP/1.1" status: 200 len: 210 time: 0.0237882
2026-04-02 17:56:04.543 10 INFO neutron.db.ovn_revision_numbers_db [None req-f51c9636-5b07-41c9-bf28-a6709e62e200 19554f8406584018887fea319d0942fd 20e2300f37f94ce3a217bf74a4bf7c56 - - default default] Successfully bumped revision number for resource c5d02183-98ab-46c4-ac9a-f88111046ef5 (type: security_group_rules) to 0
2026-04-02 17:56:04.588 10 INFO neutron.wsgi [None req-f51c9636-5b07-41c9-bf28-a6709e62e200 19554f8406584018887fea319d0942fd 20e2300f37f94ce3a217bf74a4bf7c56 - - default default] 10.0.0.116 "POST /v2.0/security-group-rules HTTP/1.1" status: 201 len: 769 time: 0.2185738
2026-04-02 17:56:04.600 10 WARNING neutron_lib.context [None req-bd167f0d-1342-4a3c-926c-f632e08da18b 19554f8406584018887fea319d0942fd 20e2300f37f94ce3a217bf74a4bf7c56 - - default default] Method 'is_advsvc' is deprecated since 2023.2 release (neutron-lib 3.8.0) and will be removed once support for the old RBAC API policies will be removed from Neutron. Please use method 'is_service_role' instead.
2026-04-02 17:56:04.609 9 INFO neutron.wsgi [req-2bef4121-a9b2-45b3-a844-e7a78a8a007b req-08be6c24-6762-46d6-98ee-dc4ef80ae75b 79db3ab00c1a4de2959a6231a9d52505 9f32f16e2d634a4e843a780e963d4603 - - 68f884a083bc4df4af06077f756a8e3a 68f884a083bc4df4af06077f756a8e3a] 199.204.45.33 "GET /v2.0/networks/fa1047db-fdd3-4ee9-a91c-463150807f7e?fields=segments HTTP/1.1" status: 200 len: 212 time: 0.0788198
2026-04-02 17:56:04.714 9 INFO neutron.wsgi [req-21b41144-1549-4f46-8926-68bf3396d777 req-9a433e18-d19b-4644-9ffa-0f03a703cb88 6a72a752867e4e31ae390f17bd8c70f6 3c9871a99efa4cb4860997c273d91d99 - - default default] 10.0.0.225 "GET /v2.0/ports?device_id=b23cf812-c01e-477a-90af-05e2b56449f2 HTTP/1.1" status: 200 len: 1168 time: 0.1162236
2026-04-02 17:56:04.717 9 INFO neutron.wsgi [req-2bef4121-a9b2-45b3-a844-e7a78a8a007b req-7890c8da-13a3-4965-adee-0bfd04375894 79db3ab00c1a4de2959a6231a9d52505 9f32f16e2d634a4e843a780e963d4603 - - 68f884a083bc4df4af06077f756a8e3a 68f884a083bc4df4af06077f756a8e3a] 199.204.45.33 "GET /v2.0/networks/fa1047db-fdd3-4ee9-a91c-463150807f7e?fields=provider%3Aphysical_network&fields=provider%3Anetwork_type HTTP/1.1" status: 200 len: 277 time: 0.0963984
2026-04-02 17:56:04.779 9 INFO neutron.wsgi [req-21b41144-1549-4f46-8926-68bf3396d777 req-14668613-563c-49c3-a4ba-086cd309bea2 6a72a752867e4e31ae390f17bd8c70f6 3c9871a99efa4cb4860997c273d91d99 - - default default] 10.0.0.225 "GET /v2.0/security-groups?id=82fab6cf-34a4-4bbb-8bfd-d393bd0078a7&fields=id&fields=name HTTP/1.1" status: 200 len: 312 time: 0.0477207
2026-04-02 17:56:04.877 10 WARNING neutron.scheduler.dhcp_agent_scheduler [None req-bd167f0d-1342-4a3c-926c-f632e08da18b 19554f8406584018887fea319d0942fd 20e2300f37f94ce3a217bf74a4bf7c56 - - default default] No more DHCP agents
2026-04-02 17:56:04.879 10 WARNING neutron.api.rpc.agentnotifiers.dhcp_rpc_agent_api [None req-bd167f0d-1342-4a3c-926c-f632e08da18b 19554f8406584018887fea319d0942fd 20e2300f37f94ce3a217bf74a4bf7c56 - - default default] Unable to schedule network 8134dd1c-f936-4b4a-8827-84d8f7e38382: no agents available; will retry on subsequent port and subnet creation events.
2026-04-02 17:56:04.891 9 INFO neutron.wsgi [None req-950666ce-5b60-45d9-9761-c95c89d1e933 7787a83c8b4249569b357884e483e7cc c51030db3b5544959fb5556adaba940f - - default default] 10.0.0.116 "DELETE /v2.0/security-groups/c4a581b0-a122-462d-86b0-9d9cf7a2c954 HTTP/1.1" status: 204 len: 168 time: 0.1674705
2026-04-02 17:56:04.914 10 INFO neutron.api.v2.resource [None req-fc635171-4779-430c-8bde-1a08a7e7c81c 7787a83c8b4249569b357884e483e7cc c51030db3b5544959fb5556adaba940f - - default default] show failed (client error): The resource could not be found.
2026-04-02 17:56:04.915 10 INFO neutron.wsgi [None req-fc635171-4779-430c-8bde-1a08a7e7c81c 7787a83c8b4249569b357884e483e7cc c51030db3b5544959fb5556adaba940f - - default default] 10.0.0.116 "GET /v2.0/security-groups/c4a581b0-a122-462d-86b0-9d9cf7a2c954 HTTP/1.1" status: 404 len: 347 time: 0.0165083
2026-04-02 17:56:05.035 9 INFO neutron.notifiers.nova [-] Nova event matching ['req-b60efc47-9f16-418d-8dc0-8905c4baac90'] response: {'name': 'network-changed', 'server_uuid': 'b23cf812-c01e-477a-90af-05e2b56449f2', 'tag': '7daeefa5-acbb-4fd5-8d16-0552da32658e', 'status': 'completed', 'code': 200}
2026-04-02 17:56:05.036 9 INFO neutron.notifiers.nova [-] Nova event matching ['req-b60efc47-9f16-418d-8dc0-8905c4baac90'] response: {'server_uuid': 'b246dfaa-6214-4294-8d6a-c103f46ed8d0', 'name': 'network-vif-deleted', 'tag': '061f432e-aa61-4199-985e-6d2a34f64772', 'status': 'completed', 'code': 200}
2026-04-02 17:56:05.123 9 INFO neutron.wsgi [req-35762cfb-7b8a-44f3-aab5-273637c939c3 req-3b569463-6c1d-41d4-af86-1c1e4515c4aa 79db3ab00c1a4de2959a6231a9d52505 9f32f16e2d634a4e843a780e963d4603 - - 68f884a083bc4df4af06077f756a8e3a 68f884a083bc4df4af06077f756a8e3a] 199.204.45.33 "GET /v2.0/ports?tenant_id=3c9871a99efa4cb4860997c273d91d99&device_id=b23cf812-c01e-477a-90af-05e2b56449f2 HTTP/1.1" status: 200 len: 1407 time: 0.0649965
2026-04-02 17:56:05.188 9 INFO neutron.wsgi [req-35762cfb-7b8a-44f3-aab5-273637c939c3 req-5e4ba807-17a0-4597-b659-f73056deab96 79db3ab00c1a4de2959a6231a9d52505 9f32f16e2d634a4e843a780e963d4603 - - 68f884a083bc4df4af06077f756a8e3a 68f884a083bc4df4af06077f756a8e3a] 199.204.45.33 "GET /v2.0/networks?id=13cb792c-a1f8-46b0-861f-e9c71ca4824d HTTP/1.1" status: 200 len: 968 time: 0.0611384
2026-04-02 17:56:05.215 9 INFO neutron.wsgi [req-35762cfb-7b8a-44f3-aab5-273637c939c3 req-71389556-bd7e-4f1e-922c-f99de18f4303 79db3ab00c1a4de2959a6231a9d52505 9f32f16e2d634a4e843a780e963d4603 - - 68f884a083bc4df4af06077f756a8e3a 68f884a083bc4df4af06077f756a8e3a] 199.204.45.33 "GET /v2.0/floatingips?fixed_ip_address=10.100.0.9&port_id=7daeefa5-acbb-4fd5-8d16-0552da32658e HTTP/1.1" status: 200 len: 217 time: 0.0201082
2026-04-02 17:56:05.259 9 INFO neutron.wsgi [req-35762cfb-7b8a-44f3-aab5-273637c939c3 req-ecdb4fad-3a20-4add-8199-5ba557a0ab7e 79db3ab00c1a4de2959a6231a9d52505 9f32f16e2d634a4e843a780e963d4603 - - 68f884a083bc4df4af06077f756a8e3a 68f884a083bc4df4af06077f756a8e3a] 199.204.45.33 "GET /v2.0/subnets?id=2e233d6d-8231-4e8e-aa6d-c0e0afbabe38 HTTP/1.1" status: 200 len: 863 time: 0.0352006
2026-04-02 17:56:05.291 10 INFO neutron.db.ovn_revision_numbers_db [None req-bd167f0d-1342-4a3c-926c-f632e08da18b 19554f8406584018887fea319d0942fd 20e2300f37f94ce3a217bf74a4bf7c56 - - default default] Successfully bumped revision number for resource 2e5ae68c-32c0-417b-bbdb-8ce8e2bea3a3 (type: floatingips) to 0
2026-04-02 17:56:05.316 10 INFO neutron.wsgi [None req-bd167f0d-1342-4a3c-926c-f632e08da18b 19554f8406584018887fea319d0942fd 20e2300f37f94ce3a217bf74a4bf7c56 - - default default] 10.0.0.116 "POST /v2.0/floatingips HTTP/1.1" status: 201 len: 751 time: 0.7230237
2026-04-02 17:56:05.344 10 INFO neutron.wsgi [None req-0ac1da0e-36ff-4cb7-91a5-3aa913aa2768 7787a83c8b4249569b357884e483e7cc c51030db3b5544959fb5556adaba940f - - default default] 10.0.0.116 "DELETE /v2.0/floatingips/5ad13c8f-4ef4-4980-ab5e-da8062dacf13 HTTP/1.1" status: 204 len: 168 time: 0.4228694
2026-04-02 17:56:05.574 9 INFO neutron.wsgi [req-35762cfb-7b8a-44f3-aab5-273637c939c3 req-44b4e485-8bff-4ada-bec1-3bcc2ca40208 79db3ab00c1a4de2959a6231a9d52505 9f32f16e2d634a4e843a780e963d4603 - - 68f884a083bc4df4af06077f756a8e3a 68f884a083bc4df4af06077f756a8e3a] 199.204.45.33 "GET /v2.0/ports?network_id=13cb792c-a1f8-46b0-861f-e9c71ca4824d&device_owner=network%3Adhcp HTTP/1.1" status: 200 len: 210 time: 0.3101099
2026-04-02 17:56:05.643 9 INFO neutron.wsgi [req-35762cfb-7b8a-44f3-aab5-273637c939c3 req-a3990681-0ac2-46b2-8d26-67aeba2aa4d4 79db3ab00c1a4de2959a6231a9d52505 9f32f16e2d634a4e843a780e963d4603 - - 68f884a083bc4df4af06077f756a8e3a 68f884a083bc4df4af06077f756a8e3a] 199.204.45.33 "GET /v2.0/networks/13cb792c-a1f8-46b0-861f-e9c71ca4824d?fields=segments HTTP/1.1" status: 200 len: 212 time: 0.0611684
2026-04-02 17:56:05.748 9 INFO neutron.wsgi [req-35762cfb-7b8a-44f3-aab5-273637c939c3 req-7009d47c-b8fd-4a98-bbde-748e53fda761 79db3ab00c1a4de2959a6231a9d52505 9f32f16e2d634a4e843a780e963d4603 - - 68f884a083bc4df4af06077f756a8e3a 68f884a083bc4df4af06077f756a8e3a] 199.204.45.33 "GET /v2.0/networks/13cb792c-a1f8-46b0-861f-e9c71ca4824d?fields=provider%3Aphysical_network&fields=provider%3Anetwork_type HTTP/1.1" status: 200 len: 277 time: 0.0933058
2026-04-02 17:56:05.751 9 INFO neutron.wsgi [req-c26771d3-6c3a-4575-84e9-897a454b8b7c req-bfb2b6b0-5d8b-468e-8b98-209b5509540b 19554f8406584018887fea319d0942fd 20e2300f37f94ce3a217bf74a4bf7c56 - - default default] 10.0.0.225 "GET /v2.0/security-groups?name=tempest-securitygroup--114290267&fields=id&tenant_id=20e2300f37f94ce3a217bf74a4bf7c56 HTTP/1.1" status: 200 len: 267 time: 0.0527375
2026-04-02 17:56:05.822 9 INFO neutron.wsgi [req-c26771d3-6c3a-4575-84e9-897a454b8b7c req-3a763913-a675-4a39-bcd9-a9fee43ac439 19554f8406584018887fea319d0942fd 20e2300f37f94ce3a217bf74a4bf7c56 - - default default] 10.0.0.225 "GET /v2.0/networks?id=eed661db-5977-4446-add1-984c983143e5 HTTP/1.1" status: 200 len: 882 time: 0.0661378
2026-04-02 17:56:05.839 9 INFO neutron.wsgi [req-c26771d3-6c3a-4575-84e9-897a454b8b7c req-146eb066-f698-4c24-ae14-9084d0cbbf18 19554f8406584018887fea319d0942fd 20e2300f37f94ce3a217bf74a4bf7c56 - - default default] 10.0.0.225 "GET /v2.0/quotas/20e2300f37f94ce3a217bf74a4bf7c56 HTTP/1.1" status: 200 len: 386 time: 0.0088170
2026-04-02 17:56:05.905 9 INFO neutron.wsgi [req-108e40a4-2f35-452d-af1f-890aae747455 req-7e852801-89f7-42e1-9e18-934d3028ed9f 6a72a752867e4e31ae390f17bd8c70f6 3c9871a99efa4cb4860997c273d91d99 - - default default] 10.0.0.225 "GET /v2.0/ports?device_id=b23cf812-c01e-477a-90af-05e2b56449f2 HTTP/1.1" status: 200 len: 1168 time: 0.0475848
2026-04-02 17:56:05.963 9 INFO neutron.wsgi [req-108e40a4-2f35-452d-af1f-890aae747455 req-33400cc1-b24a-4f1b-9d90-4110d7897755 6a72a752867e4e31ae390f17bd8c70f6 3c9871a99efa4cb4860997c273d91d99 - - default default] 10.0.0.225 "GET /v2.0/security-groups?id=82fab6cf-34a4-4bbb-8bfd-d393bd0078a7&fields=id&fields=name HTTP/1.1" status: 200 len: 312 time: 0.0492618
