2026-04-02 18:01:53.480 9 INFO neutron.wsgi [None req-4d5aaeed-f876-46dd-824d-84a7ca79514a 6e572a2ffe884536a3857dbc19fff1ad d15d84c3f8b144fca4d23055a52e6571 - - default default] 199.204.45.33 "GET /v2.0/security-group-rules?security_group_id=2c543b26-9f2a-45b3-a841-14772d587243 HTTP/1.1" status: 200 len: 1318 time: 0.0296640
2026-04-02 18:01:53.599 9 INFO neutron.db.ovn_revision_numbers_db [None req-845d1d1f-ef60-4d33-a879-1614b887371d 6e572a2ffe884536a3857dbc19fff1ad d15d84c3f8b144fca4d23055a52e6571 - - default default] Successfully bumped revision number for resource 05432473-669b-4c94-b9be-e64599fb5243 (type: security_group_rules) to 0
2026-04-02 18:01:53.634 9 INFO neutron.wsgi [None req-845d1d1f-ef60-4d33-a879-1614b887371d 6e572a2ffe884536a3857dbc19fff1ad d15d84c3f8b144fca4d23055a52e6571 - - default default] 199.204.45.33 "POST /v2.0/security-group-rules HTTP/1.1" status: 201 len: 773 time: 0.1441815
2026-04-02 18:01:53.768 9 INFO neutron.db.ovn_revision_numbers_db [None req-94980730-37c8-459a-a840-dcd9587c24d6 6e572a2ffe884536a3857dbc19fff1ad d15d84c3f8b144fca4d23055a52e6571 - - default default] Successfully bumped revision number for resource 4d1cc0e6-a30f-44e6-98da-5149d3cf470c (type: security_group_rules) to 0
2026-04-02 18:01:53.791 9 INFO neutron.wsgi [None req-94980730-37c8-459a-a840-dcd9587c24d6 6e572a2ffe884536a3857dbc19fff1ad d15d84c3f8b144fca4d23055a52e6571 - - default default] 199.204.45.33 "POST /v2.0/security-group-rules HTTP/1.1" status: 201 len: 769 time: 0.1480322
2026-04-02 18:02:00.115 9 INFO neutron.wsgi [None req-38a42c1a-6a5f-4933-aef6-d02d4f962d2a 6e572a2ffe884536a3857dbc19fff1ad d15d84c3f8b144fca4d23055a52e6571 - - default default] 10.0.0.19 "GET /v2.0/extensions/security-group HTTP/1.1" status: 200 len: 369 time: 0.0089605
2026-04-02 18:02:00.124 9 INFO neutron.wsgi [None req-52e9b148-9a24-4837-8388-608c46c0ea65 6e572a2ffe884536a3857dbc19fff1ad d15d84c3f8b144fca4d23055a52e6571 - - default default] 10.0.0.19 "GET /v2.0/extensions/dns-integration HTTP/1.1" status: 200 len: 371 time: 0.0029948
2026-04-02 18:02:00.132 9 INFO neutron.wsgi [None req-9744fe89-d777-41bf-8c83-98be2f9bce28 6e572a2ffe884536a3857dbc19fff1ad d15d84c3f8b144fca4d23055a52e6571 - - default default] 10.0.0.19 "GET /v2.0/extensions/qos HTTP/1.1" status: 200 len: 365 time: 0.0039194
2026-04-02 18:02:00.140 9 INFO neutron.wsgi [None req-5fed9042-0151-45d8-a14e-e2c78fb3033f 6e572a2ffe884536a3857dbc19fff1ad d15d84c3f8b144fca4d23055a52e6571 - - default default] 10.0.0.19 "GET /v2.0/extensions/allowed-address-pairs HTTP/1.1" status: 200 len: 383 time: 0.0039725
2026-04-02 18:02:00.471 10 INFO neutron.wsgi [-] 10.0.0.19 "GET / HTTP/1.1" status: 200 len: 284 time: 0.0043437 /var/lib/openstack/lib/python3.10/site-packages/pycadf/identifier.py:71: UserWarning: Invalid uuid: neutron. To ensure interoperability, identifiers should be a valid uuid. warnings.warn(('Invalid uuid: %s. To ensure interoperability, '
2026-04-02 18:02:00.549 10 INFO neutron.wsgi [None req-76727a64-b4cd-46b5-bf60-3b28894027bf 01c2520ff2f3429a8c0a9029e04186b3 e01b506dbba54919b70a796d13b8c8b7 - - default default] 10.0.0.19 "GET /v2.0/subnets/cb455691-ad5b-4525-a632-885aca758ef2 HTTP/1.1" status: 200 len: 831 time: 0.0474257
2026-04-02 18:02:01.422 9 INFO neutron.wsgi [None req-94bb457f-3977-44b8-a6f0-0df7142bc43e 6e572a2ffe884536a3857dbc19fff1ad d15d84c3f8b144fca4d23055a52e6571 - - default default] 199.204.45.33 "GET /v2.0/extensions/security-group HTTP/1.1" status: 200 len: 369 time: 0.0086350
2026-04-02 18:02:01.430 9 INFO neutron.wsgi [None req-b4a0856a-94ae-4f58-a7ca-0dc156478972 6e572a2ffe884536a3857dbc19fff1ad d15d84c3f8b144fca4d23055a52e6571 - - default default] 199.204.45.33 "GET /v2.0/extensions/dns-integration HTTP/1.1" status: 200 len: 371 time: 0.0033128
2026-04-02 18:02:01.439 9 INFO neutron.wsgi [None req-1909f393-ae1e-4aaf-8832-86ec63670b70 6e572a2ffe884536a3857dbc19fff1ad d15d84c3f8b144fca4d23055a52e6571 - - default default] 199.204.45.33 "GET /v2.0/extensions/qos HTTP/1.1" status: 200 len: 365 time: 0.0044370
2026-04-02 18:02:01.447 9 INFO neutron.wsgi [None req-4b3a20ff-15bb-46b6-875b-93ccd8897097 6e572a2ffe884536a3857dbc19fff1ad d15d84c3f8b144fca4d23055a52e6571 - - default default] 199.204.45.33 "GET /v2.0/extensions/allowed-address-pairs HTTP/1.1" status: 200 len: 383 time: 0.0043898
2026-04-02 18:02:01.487 9 INFO neutron.wsgi [None req-16217951-11e1-4138-8cee-501cdcfab9a3 6e572a2ffe884536a3857dbc19fff1ad d15d84c3f8b144fca4d23055a52e6571 - - default default] 199.204.45.33 "GET /v2.0/subnets/cb455691-ad5b-4525-a632-885aca758ef2 HTTP/1.1" status: 200 len: 849 time: 0.0348029
2026-04-02 18:02:01.534 9 INFO neutron.wsgi [None req-994c47f5-f829-4eb9-b714-8cee6321407c 6e572a2ffe884536a3857dbc19fff1ad d15d84c3f8b144fca4d23055a52e6571 - - default default] 199.204.45.33 "GET /v2.0/ports?device_id=cf1347c5-9d75-4f86-a9c2-687aa8fa8aa4 HTTP/1.1" status: 200 len: 2723 time: 0.0426478
2026-04-02 18:02:01.676 9 INFO neutron.wsgi [None req-5c2492d2-9527-491d-9019-edc39e8a1759 6e572a2ffe884536a3857dbc19fff1ad d15d84c3f8b144fca4d23055a52e6571 - - default default] 199.204.45.33 "GET /v2.0/extensions/security-group HTTP/1.1" status: 200 len: 369 time: 0.0088320
2026-04-02 18:02:01.683 9 INFO neutron.wsgi [None req-d4d8e9ca-f314-4284-84a6-2bef02e33e48 6e572a2ffe884536a3857dbc19fff1ad d15d84c3f8b144fca4d23055a52e6571 - - default default] 199.204.45.33 "GET /v2.0/extensions/dns-integration HTTP/1.1" status: 200 len: 371 time: 0.0032091
2026-04-02 18:02:01.691 9 INFO neutron.wsgi [None req-0f50da35-4134-4b43-8032-c17d0f6053e7 6e572a2ffe884536a3857dbc19fff1ad d15d84c3f8b144fca4d23055a52e6571 - - default default] 199.204.45.33 "GET /v2.0/extensions/qos HTTP/1.1" status: 200 len: 365 time: 0.0041144
2026-04-02 18:02:01.699 9 INFO neutron.wsgi [None req-bcd2f1bd-40f4-4945-9d8b-f1be559f2d67 6e572a2ffe884536a3857dbc19fff1ad d15d84c3f8b144fca4d23055a52e6571 - - default default] 199.204.45.33 "GET /v2.0/extensions/allowed-address-pairs HTTP/1.1" status: 200 len: 383 time: 0.0040512
2026-04-02 18:02:02.246 10 INFO neutron.wsgi [req-9a21e85e-f62f-45a9-8b8e-a0e6f412e0d4 req-f3007d37-715e-4bd1-8e3f-92cd6530ad90 79db3ab00c1a4de2959a6231a9d52505 9f32f16e2d634a4e843a780e963d4603 - - 68f884a083bc4df4af06077f756a8e3a 68f884a083bc4df4af06077f756a8e3a] 199.204.45.33 "GET /v2.0/networks/cacc5f21-a5c9-4304-a624-9d86d9b1cf21?fields=segments HTTP/1.1" status: 200 len: 212 time: 0.0621343
2026-04-02 18:02:02.318 10 INFO neutron.wsgi [req-9a21e85e-f62f-45a9-8b8e-a0e6f412e0d4 req-e43bced3-dc00-4fd2-841d-9a49d22a7346 79db3ab00c1a4de2959a6231a9d52505 9f32f16e2d634a4e843a780e963d4603 - - 68f884a083bc4df4af06077f756a8e3a 68f884a083bc4df4af06077f756a8e3a] 199.204.45.33 "GET /v2.0/networks/cacc5f21-a5c9-4304-a624-9d86d9b1cf21?fields=provider%3Aphysical_network&fields=provider%3Anetwork_type HTTP/1.1" status: 200 len: 277 time: 0.0622914
2026-04-02 18:02:02.406 10 INFO neutron.wsgi [req-9a21e85e-f62f-45a9-8b8e-a0e6f412e0d4 req-3060d377-033f-4182-81d5-869f1976e7ae 6e572a2ffe884536a3857dbc19fff1ad d15d84c3f8b144fca4d23055a52e6571 - - default default] 199.204.45.33 "GET /v2.0/networks?id=cacc5f21-a5c9-4304-a624-9d86d9b1cf21 HTTP/1.1" status: 200 len: 1002 time: 0.0679324
2026-04-02 18:02:02.706 10 WARNING neutron.scheduler.dhcp_agent_scheduler [req-9a21e85e-f62f-45a9-8b8e-a0e6f412e0d4 req-df5f891b-5f1f-4aa1-bb32-ce43c9321280 6e572a2ffe884536a3857dbc19fff1ad d15d84c3f8b144fca4d23055a52e6571 - - default default] No more DHCP agents
2026-04-02 18:02:02.708 10 WARNING neutron.api.rpc.agentnotifiers.dhcp_rpc_agent_api [req-9a21e85e-f62f-45a9-8b8e-a0e6f412e0d4 req-df5f891b-5f1f-4aa1-bb32-ce43c9321280 6e572a2ffe884536a3857dbc19fff1ad d15d84c3f8b144fca4d23055a52e6571 - - default default] Unable to schedule network cacc5f21-a5c9-4304-a624-9d86d9b1cf21: no agents available; will retry on subsequent port and subnet creation events.
2026-04-02 18:02:02.884 10 INFO neutron.db.ovn_revision_numbers_db [req-9a21e85e-f62f-45a9-8b8e-a0e6f412e0d4 req-df5f891b-5f1f-4aa1-bb32-ce43c9321280 6e572a2ffe884536a3857dbc19fff1ad d15d84c3f8b144fca4d23055a52e6571 - - default default] Successfully bumped revision number for resource 2bc2d943-65cf-4a86-aa2a-0738ddb5df43 (type: ports) to 1
2026-04-02 18:02:02.907 10 INFO neutron.wsgi [req-9a21e85e-f62f-45a9-8b8e-a0e6f412e0d4 req-df5f891b-5f1f-4aa1-bb32-ce43c9321280 6e572a2ffe884536a3857dbc19fff1ad d15d84c3f8b144fca4d23055a52e6571 - - default default] 199.204.45.33 "POST /v2.0/ports HTTP/1.1" status: 201 len: 1504 time: 0.4966094 /var/lib/openstack/lib/python3.10/site-packages/pycadf/identifier.py:71: UserWarning: Invalid uuid: neutron. To ensure interoperability, identifiers should be a valid uuid. warnings.warn(('Invalid uuid: %s. To ensure interoperability, '
2026-04-02 18:02:03.266 10 INFO neutron.wsgi [-] 10.0.0.220 "GET / HTTP/1.1" status: 200 len: 247 time: 0.0014968
2026-04-02 18:02:03.268 9 INFO neutron.wsgi [-] 10.0.0.220 "GET / HTTP/1.1" status: 200 len: 247 time: 0.0030909
2026-04-02 18:02:03.365 10 INFO neutron.db.ovn_revision_numbers_db [req-9a21e85e-f62f-45a9-8b8e-a0e6f412e0d4 req-b0be2de3-e02e-4950-bba3-f49cc399abe6 79db3ab00c1a4de2959a6231a9d52505 9f32f16e2d634a4e843a780e963d4603 - - 68f884a083bc4df4af06077f756a8e3a 68f884a083bc4df4af06077f756a8e3a] Successfully bumped revision number for resource 2bc2d943-65cf-4a86-aa2a-0738ddb5df43 (type: ports) to 2
2026-04-02 18:02:03.553 10 INFO neutron.db.ovn_revision_numbers_db [req-9a21e85e-f62f-45a9-8b8e-a0e6f412e0d4 req-b0be2de3-e02e-4950-bba3-f49cc399abe6 79db3ab00c1a4de2959a6231a9d52505 9f32f16e2d634a4e843a780e963d4603 - - 68f884a083bc4df4af06077f756a8e3a 68f884a083bc4df4af06077f756a8e3a] Successfully bumped revision number for resource 2bc2d943-65cf-4a86-aa2a-0738ddb5df43 (type: ports) to 2
2026-04-02 18:02:03.573 10 INFO neutron.wsgi [req-9a21e85e-f62f-45a9-8b8e-a0e6f412e0d4 req-b0be2de3-e02e-4950-bba3-f49cc399abe6 79db3ab00c1a4de2959a6231a9d52505 9f32f16e2d634a4e843a780e963d4603 - - 68f884a083bc4df4af06077f756a8e3a 68f884a083bc4df4af06077f756a8e3a] 199.204.45.33 "PUT /v2.0/ports/2bc2d943-65cf-4a86-aa2a-0738ddb5df43 HTTP/1.1" status: 200 len: 1601 time: 0.6601160 /var/lib/openstack/lib/python3.10/site-packages/pycadf/identifier.py:71: UserWarning: Invalid uuid: neutron. To ensure interoperability, identifiers should be a valid uuid. warnings.warn(('Invalid uuid: %s. To ensure interoperability, '
2026-04-02 18:02:03.623 10 INFO neutron.notifiers.nova [-] Nova event matching ['req-d7686907-342e-4aa4-b76b-569b5441ae3e'] response: {'name': 'network-changed', 'server_uuid': 'cf1347c5-9d75-4f86-a9c2-687aa8fa8aa4', 'tag': '2bc2d943-65cf-4a86-aa2a-0738ddb5df43', 'status': 'completed', 'code': 200}
2026-04-02 18:02:03.659 10 INFO neutron.wsgi [req-9a21e85e-f62f-45a9-8b8e-a0e6f412e0d4 req-9df3cef6-b4e6-4da0-bf3c-73050b5b22fd 79db3ab00c1a4de2959a6231a9d52505 9f32f16e2d634a4e843a780e963d4603 - - 68f884a083bc4df4af06077f756a8e3a 68f884a083bc4df4af06077f756a8e3a] 199.204.45.33 "GET /v2.0/ports?tenant_id=d15d84c3f8b144fca4d23055a52e6571&device_id=cf1347c5-9d75-4f86-a9c2-687aa8fa8aa4 HTTP/1.1" status: 200 len: 4144 time: 0.0478432
2026-04-02 18:02:03.692 10 INFO neutron.wsgi [req-9a21e85e-f62f-45a9-8b8e-a0e6f412e0d4 req-a30111d7-465c-407f-a36f-7ccba8cc69f6 79db3ab00c1a4de2959a6231a9d52505 9f32f16e2d634a4e843a780e963d4603 - - 68f884a083bc4df4af06077f756a8e3a 68f884a083bc4df4af06077f756a8e3a] 199.204.45.33 "GET /v2.0/floatingips?fixed_ip_address=172.24.2.146&port_id=ab1e0bf0-66e8-43bb-b2c4-fd14f9067eb8 HTTP/1.1" status: 200 len: 217 time: 0.0252059
2026-04-02 18:02:03.741 10 INFO neutron.wsgi [req-9a21e85e-f62f-45a9-8b8e-a0e6f412e0d4 req-8e1567de-ef66-4563-bab3-0393b004f10a 79db3ab00c1a4de2959a6231a9d52505 9f32f16e2d634a4e843a780e963d4603 - - 68f884a083bc4df4af06077f756a8e3a 68f884a083bc4df4af06077f756a8e3a] 199.204.45.33 "GET /v2.0/subnets?id=d0afd967-476c-48f0-9a65-53f8b21016ac HTTP/1.1" status: 200 len: 829 time: 0.0414691
2026-04-02 18:02:03.986 10 INFO neutron.wsgi [req-9a21e85e-f62f-45a9-8b8e-a0e6f412e0d4 req-e79bba8f-e87b-444d-a8ed-e9b7b098abb0 79db3ab00c1a4de2959a6231a9d52505 9f32f16e2d634a4e843a780e963d4603 - - 68f884a083bc4df4af06077f756a8e3a 68f884a083bc4df4af06077f756a8e3a] 199.204.45.33 "GET /v2.0/ports?network_id=361694a2-9c5c-47b9-bd13-ef510b3d66b2&device_owner=network%3Adhcp HTTP/1.1" status: 200 len: 210 time: 0.2361217
2026-04-02 18:02:04.046 10 INFO neutron.wsgi [req-9a21e85e-f62f-45a9-8b8e-a0e6f412e0d4 req-15296833-8877-48b1-9404-9d76a2ee49c1 79db3ab00c1a4de2959a6231a9d52505 9f32f16e2d634a4e843a780e963d4603 - - 68f884a083bc4df4af06077f756a8e3a 68f884a083bc4df4af06077f756a8e3a] 199.204.45.33 "GET /v2.0/networks/361694a2-9c5c-47b9-bd13-ef510b3d66b2?fields=segments HTTP/1.1" status: 200 len: 212 time: 0.0532155
2026-04-02 18:02:04.101 10 INFO neutron.wsgi [req-9a21e85e-f62f-45a9-8b8e-a0e6f412e0d4 req-07ed2a3a-c5cf-411a-ad9d-2961e5a8e855 79db3ab00c1a4de2959a6231a9d52505 9f32f16e2d634a4e843a780e963d4603 - - 68f884a083bc4df4af06077f756a8e3a 68f884a083bc4df4af06077f756a8e3a] 199.204.45.33 "GET /v2.0/networks/361694a2-9c5c-47b9-bd13-ef510b3d66b2?fields=provider%3Aphysical_network&fields=provider%3Anetwork_type HTTP/1.1" status: 200 len: 277 time: 0.0482550
2026-04-02 18:02:04.124 10 INFO neutron.wsgi [req-9a21e85e-f62f-45a9-8b8e-a0e6f412e0d4 req-646ca963-d8ac-423c-885d-e246ac1f672d 79db3ab00c1a4de2959a6231a9d52505 9f32f16e2d634a4e843a780e963d4603 - - 68f884a083bc4df4af06077f756a8e3a 68f884a083bc4df4af06077f756a8e3a] 199.204.45.33 "GET /v2.0/floatingips?fixed_ip_address=10.1.1.80&port_id=a7988c56-a0df-491b-a51a-6ddcca6120e7 HTTP/1.1" status: 200 len: 217 time: 0.0172045
2026-04-02 18:02:04.158 10 INFO neutron.wsgi [req-9a21e85e-f62f-45a9-8b8e-a0e6f412e0d4 req-1e4221a6-3b9b-42ee-a07e-b6a2cf3c89d3 79db3ab00c1a4de2959a6231a9d52505 9f32f16e2d634a4e843a780e963d4603 - - 68f884a083bc4df4af06077f756a8e3a 68f884a083bc4df4af06077f756a8e3a] 199.204.45.33 "GET /v2.0/subnets?id=e74abf65-7619-4063-8d97-67194258d4df HTTP/1.1" status: 200 len: 854 time: 0.0268791
2026-04-02 18:02:04.177 10 INFO neutron.wsgi [req-9a21e85e-f62f-45a9-8b8e-a0e6f412e0d4 req-fc3e5f21-5256-4805-bd12-8effc3a30c4a 79db3ab00c1a4de2959a6231a9d52505 9f32f16e2d634a4e843a780e963d4603 - - 68f884a083bc4df4af06077f756a8e3a 68f884a083bc4df4af06077f756a8e3a] 199.204.45.33 "GET /v2.0/ports?network_id=35a2c535-79d9-4a95-ba48-9063e5920bae&device_owner=network%3Adhcp HTTP/1.1" status: 200 len: 210 time: 0.0150657
2026-04-02 18:02:04.239 10 INFO neutron.wsgi [req-9a21e85e-f62f-45a9-8b8e-a0e6f412e0d4 req-e7d61e64-1faf-4e2f-856b-c76eb4bd5415 79db3ab00c1a4de2959a6231a9d52505 9f32f16e2d634a4e843a780e963d4603 - - 68f884a083bc4df4af06077f756a8e3a 68f884a083bc4df4af06077f756a8e3a] 199.204.45.33 "GET /v2.0/networks/35a2c535-79d9-4a95-ba48-9063e5920bae?fields=segments HTTP/1.1" status: 200 len: 212 time: 0.0579081
2026-04-02 18:02:04.307 10 INFO neutron.wsgi [req-9a21e85e-f62f-45a9-8b8e-a0e6f412e0d4 req-deae2ef5-3942-4e53-beb5-e0118472fba9 79db3ab00c1a4de2959a6231a9d52505 9f32f16e2d634a4e843a780e963d4603 - - 68f884a083bc4df4af06077f756a8e3a 68f884a083bc4df4af06077f756a8e3a] 199.204.45.33 "GET /v2.0/networks/35a2c535-79d9-4a95-ba48-9063e5920bae?fields=provider%3Aphysical_network&fields=provider%3Anetwork_type HTTP/1.1" status: 200 len: 277 time: 0.0640340
2026-04-02 18:02:04.342 10 INFO neutron.wsgi [req-9a21e85e-f62f-45a9-8b8e-a0e6f412e0d4 req-c7abbc45-bd5c-44f6-9b79-03fd3daec254 79db3ab00c1a4de2959a6231a9d52505 9f32f16e2d634a4e843a780e963d4603 - - 68f884a083bc4df4af06077f756a8e3a 68f884a083bc4df4af06077f756a8e3a] 199.204.45.33 "GET /v2.0/floatingips?fixed_ip_address=10.2.1.190&port_id=2bc2d943-65cf-4a86-aa2a-0738ddb5df43 HTTP/1.1" status: 200 len: 217 time: 0.0272837
2026-04-02 18:02:04.370 10 INFO neutron.wsgi [req-9a21e85e-f62f-45a9-8b8e-a0e6f412e0d4 req-05164a8e-fbf0-4e9f-b0a5-4645d4695a9d 79db3ab00c1a4de2959a6231a9d52505 9f32f16e2d634a4e843a780e963d4603 - - 68f884a083bc4df4af06077f756a8e3a 68f884a083bc4df4af06077f756a8e3a] 199.204.45.33 "GET /v2.0/floatingips?fixed_ip_address=fd7b%3Af9f7%3Afff%3A4eca%3A%3A35&port_id=2bc2d943-65cf-4a86-aa2a-0738ddb5df43 HTTP/1.1" status: 200 len: 217 time: 0.0207138
2026-04-02 18:02:04.410 10 INFO neutron.wsgi [req-9a21e85e-f62f-45a9-8b8e-a0e6f412e0d4 req-32c31f9a-c2a0-4536-8c01-48cc631b22d6 79db3ab00c1a4de2959a6231a9d52505 9f32f16e2d634a4e843a780e963d4603 - - 68f884a083bc4df4af06077f756a8e3a 68f884a083bc4df4af06077f756a8e3a] 199.204.45.33 "GET /v2.0/subnets?id=cb455691-ad5b-4525-a632-885aca758ef2&id=75f5036b-969f-45e8-bff9-8c991f4a2bd8 HTTP/1.1" status: 200 len: 1563 time: 0.0336409
2026-04-02 18:02:04.437 10 INFO neutron.wsgi [req-9a21e85e-f62f-45a9-8b8e-a0e6f412e0d4 req-0513b01b-6e4a-4b99-9afb-582d831ebe4e 79db3ab00c1a4de2959a6231a9d52505 9f32f16e2d634a4e843a780e963d4603 - - 68f884a083bc4df4af06077f756a8e3a 68f884a083bc4df4af06077f756a8e3a] 199.204.45.33 "GET /v2.0/ports?network_id=cacc5f21-a5c9-4304-a624-9d86d9b1cf21&device_owner=network%3Adhcp HTTP/1.1" status: 200 len: 210 time: 0.0191555
2026-04-02 18:02:04.463 10 INFO neutron.wsgi [req-9a21e85e-f62f-45a9-8b8e-a0e6f412e0d4 req-eadd9461-86db-4a14-8bd2-f33d28e2fab2 79db3ab00c1a4de2959a6231a9d52505 9f32f16e2d634a4e843a780e963d4603 - - 68f884a083bc4df4af06077f756a8e3a 68f884a083bc4df4af06077f756a8e3a] 199.204.45.33 "GET /v2.0/ports?network_id=cacc5f21-a5c9-4304-a624-9d86d9b1cf21&device_owner=network%3Adhcp HTTP/1.1" status: 200 len: 210 time: 0.0217209
2026-04-02 18:02:04.524 10 INFO neutron.wsgi [req-9a21e85e-f62f-45a9-8b8e-a0e6f412e0d4 req-e44df0ed-1c57-43b5-b24d-d7985bbcc26f 79db3ab00c1a4de2959a6231a9d52505 9f32f16e2d634a4e843a780e963d4603 - - 68f884a083bc4df4af06077f756a8e3a 68f884a083bc4df4af06077f756a8e3a] 199.204.45.33 "GET /v2.0/networks/cacc5f21-a5c9-4304-a624-9d86d9b1cf21?fields=segments HTTP/1.1" status: 200 len: 212 time: 0.0558662
2026-04-02 18:02:04.591 10 INFO neutron.wsgi [req-9a21e85e-f62f-45a9-8b8e-a0e6f412e0d4 req-3caa703a-a890-4f73-9955-24a527188831 79db3ab00c1a4de2959a6231a9d52505 9f32f16e2d634a4e843a780e963d4603 - - 68f884a083bc4df4af06077f756a8e3a 68f884a083bc4df4af06077f756a8e3a] 199.204.45.33 "GET /v2.0/networks/cacc5f21-a5c9-4304-a624-9d86d9b1cf21?fields=provider%3Aphysical_network&fields=provider%3Anetwork_type HTTP/1.1" status: 200 len: 277 time: 0.0593967
2026-04-02 18:02:04.698 10 INFO neutron.wsgi [req-a2fae185-1889-4636-a873-fc508ced42c9 req-f540ebda-90e8-4a56-a5b2-239faac54a85 79db3ab00c1a4de2959a6231a9d52505 9f32f16e2d634a4e843a780e963d4603 - - 68f884a083bc4df4af06077f756a8e3a 68f884a083bc4df4af06077f756a8e3a] 199.204.45.33 "GET /v2.0/ports?tenant_id=d15d84c3f8b144fca4d23055a52e6571&device_id=cf1347c5-9d75-4f86-a9c2-687aa8fa8aa4 HTTP/1.1" status: 200 len: 4144 time: 0.0511672
2026-04-02 18:02:04.704 9 INFO neutron.plugins.ml2.drivers.ovn.mech_driver.mech_driver [None req-b6c15372-2b8f-455d-8dd4-64462efef91e - - - - - -] OVN reports status up for port: 2bc2d943-65cf-4a86-aa2a-0738ddb5df43
2026-04-02 18:02:04.741 9 INFO neutron.plugins.ml2.plugin [None req-b6c15372-2b8f-455d-8dd4-64462efef91e - - - - - -] Attempt 1 to provision port 2bc2d943-65cf-4a86-aa2a-0738ddb5df43
2026-04-02 18:02:04.769 10 INFO neutron.wsgi [req-a2fae185-1889-4636-a873-fc508ced42c9 req-00eb2311-906c-43c2-b088-ee1db7a55207 79db3ab00c1a4de2959a6231a9d52505 9f32f16e2d634a4e843a780e963d4603 - - 68f884a083bc4df4af06077f756a8e3a 68f884a083bc4df4af06077f756a8e3a] 199.204.45.33 "GET /v2.0/networks?id=cacc5f21-a5c9-4304-a624-9d86d9b1cf21 HTTP/1.1" status: 200 len: 1002 time: 0.0648654
2026-04-02 18:02:04.814 10 INFO neutron.wsgi [req-a2fae185-1889-4636-a873-fc508ced42c9 req-ffa252e4-9730-4251-bf52-e0194dbaad46 79db3ab00c1a4de2959a6231a9d52505 9f32f16e2d634a4e843a780e963d4603 - - 68f884a083bc4df4af06077f756a8e3a 68f884a083bc4df4af06077f756a8e3a] 199.204.45.33 "GET /v2.0/floatingips?fixed_ip_address=10.2.1.190&port_id=2bc2d943-65cf-4a86-aa2a-0738ddb5df43 HTTP/1.1" status: 200 len: 217 time: 0.0338445
2026-04-02 18:02:04.844 10 INFO neutron.wsgi [req-a2fae185-1889-4636-a873-fc508ced42c9 req-0f800554-043c-4bd9-bdec-4aef7a25c670 79db3ab00c1a4de2959a6231a9d52505 9f32f16e2d634a4e843a780e963d4603 - - 68f884a083bc4df4af06077f756a8e3a 68f884a083bc4df4af06077f756a8e3a] 199.204.45.33 "GET /v2.0/floatingips?fixed_ip_address=fd7b%3Af9f7%3Afff%3A4eca%3A%3A35&port_id=2bc2d943-65cf-4a86-aa2a-0738ddb5df43 HTTP/1.1" status: 200 len: 217 time: 0.0211949
2026-04-02 18:02:04.888 10 INFO neutron.wsgi [req-a2fae185-1889-4636-a873-fc508ced42c9 req-754864b5-3e00-436e-9e4d-3c1ab7c21f3d 79db3ab00c1a4de2959a6231a9d52505 9f32f16e2d634a4e843a780e963d4603 - - 68f884a083bc4df4af06077f756a8e3a 68f884a083bc4df4af06077f756a8e3a] 199.204.45.33 "GET /v2.0/subnets?id=cb455691-ad5b-4525-a632-885aca758ef2&id=75f5036b-969f-45e8-bff9-8c991f4a2bd8 HTTP/1.1" status: 200 len: 1563 time: 0.0385697
2026-04-02 18:02:04.894 9 INFO neutron.notifiers.nova [-] Nova event matching ['req-78b4abff-533d-42ae-80d0-31e0292102e0'] response: {'server_uuid': 'cf1347c5-9d75-4f86-a9c2-687aa8fa8aa4', 'name': 'network-vif-plugged', 'status': 'completed', 'tag': '2bc2d943-65cf-4a86-aa2a-0738ddb5df43', 'code': 200}
2026-04-02 18:02:04.920 10 INFO neutron.wsgi [req-a2fae185-1889-4636-a873-fc508ced42c9 req-b992357d-6690-4336-aed8-1ba851f95822 79db3ab00c1a4de2959a6231a9d52505 9f32f16e2d634a4e843a780e963d4603 - - 68f884a083bc4df4af06077f756a8e3a 68f884a083bc4df4af06077f756a8e3a] 199.204.45.33 "GET /v2.0/ports?network_id=cacc5f21-a5c9-4304-a624-9d86d9b1cf21&device_owner=network%3Adhcp HTTP/1.1" status: 200 len: 210 time: 0.0226612
2026-04-02 18:02:04.937 9 INFO neutron.wsgi [req-9a21e85e-f62f-45a9-8b8e-a0e6f412e0d4 req-8f890359-aa99-4708-82b9-5bba29ebf8d7 6e572a2ffe884536a3857dbc19fff1ad d15d84c3f8b144fca4d23055a52e6571 - - default default] 10.0.0.225 "GET /v2.0/ports/2bc2d943-65cf-4a86-aa2a-0738ddb5df43 HTTP/1.1" status: 200 len: 1631 time: 0.0542543
2026-04-02 18:02:04.950 10 INFO neutron.wsgi [req-a2fae185-1889-4636-a873-fc508ced42c9 req-9a3b6e9e-c198-4143-afdd-41e865456358 79db3ab00c1a4de2959a6231a9d52505 9f32f16e2d634a4e843a780e963d4603 - - 68f884a083bc4df4af06077f756a8e3a 68f884a083bc4df4af06077f756a8e3a] 199.204.45.33 "GET /v2.0/ports?network_id=cacc5f21-a5c9-4304-a624-9d86d9b1cf21&device_owner=network%3Adhcp HTTP/1.1" status: 200 len: 210 time: 0.0218492
2026-04-02 18:02:04.988 9 INFO neutron.wsgi [None req-c7b9e04b-15f1-4e19-972d-eff06f2bd277 6e572a2ffe884536a3857dbc19fff1ad d15d84c3f8b144fca4d23055a52e6571 - - default default] 199.204.45.33 "GET /v2.0/ports/2bc2d943-65cf-4a86-aa2a-0738ddb5df43 HTTP/1.1" status: 200 len: 1631 time: 0.0385137
2026-04-02 18:02:05.019 10 INFO neutron.wsgi [req-a2fae185-1889-4636-a873-fc508ced42c9 req-f69fd015-f3c5-4686-925d-4abf9dc1cee8 79db3ab00c1a4de2959a6231a9d52505 9f32f16e2d634a4e843a780e963d4603 - - 68f884a083bc4df4af06077f756a8e3a 68f884a083bc4df4af06077f756a8e3a] 199.204.45.33 "GET /v2.0/networks/cacc5f21-a5c9-4304-a624-9d86d9b1cf21?fields=segments HTTP/1.1" status: 200 len: 212 time: 0.0609581
2026-04-02 18:02:05.044 9 INFO neutron.wsgi [None req-4b942612-783e-40aa-89d7-ca79a1f57d02 6e572a2ffe884536a3857dbc19fff1ad d15d84c3f8b144fca4d23055a52e6571 - - default default] 199.204.45.33 "GET /v2.0/ports/2bc2d943-65cf-4a86-aa2a-0738ddb5df43 HTTP/1.1" status: 200 len: 1631 time: 0.0464582
2026-04-02 18:02:05.086 10 INFO neutron.wsgi [req-a2fae185-1889-4636-a873-fc508ced42c9 req-ddc42d0b-cb3f-4bc0-9881-54324ab1a27e 79db3ab00c1a4de2959a6231a9d52505 9f32f16e2d634a4e843a780e963d4603 - - 68f884a083bc4df4af06077f756a8e3a 68f884a083bc4df4af06077f756a8e3a] 199.204.45.33 "GET /v2.0/networks/cacc5f21-a5c9-4304-a624-9d86d9b1cf21?fields=provider%3Aphysical_network&fields=provider%3Anetwork_type HTTP/1.1" status: 200 len: 277 time: 0.0593424
2026-04-02 18:02:05.148 9 INFO neutron.db.ovn_revision_numbers_db [None req-b6c15372-2b8f-455d-8dd4-64462efef91e - - - - - -] Successfully bumped revision number for resource 2bc2d943-65cf-4a86-aa2a-0738ddb5df43 (type: ports) to 4
2026-04-02 18:02:05.508 9 INFO neutron.db.ovn_revision_numbers_db [None req-a72ed90a-d972-4842-b2d8-8d2805dcf6f9 6e572a2ffe884536a3857dbc19fff1ad d15d84c3f8b144fca4d23055a52e6571 - - default default] Successfully bumped revision number for resource 2bc2d943-65cf-4a86-aa2a-0738ddb5df43 (type: ports) to 5
2026-04-02 18:02:05.521 9 INFO neutron.wsgi [None req-a72ed90a-d972-4842-b2d8-8d2805dcf6f9 6e572a2ffe884536a3857dbc19fff1ad d15d84c3f8b144fca4d23055a52e6571 - - default default] 199.204.45.33 "PUT /v2.0/ports/2bc2d943-65cf-4a86-aa2a-0738ddb5df43 HTTP/1.1" status: 200 len: 1378 time: 0.4665511 /var/lib/openstack/lib/python3.10/site-packages/pycadf/identifier.py:71: UserWarning: Invalid uuid: neutron. To ensure interoperability, identifiers should be a valid uuid. warnings.warn(('Invalid uuid: %s. To ensure interoperability, '
2026-04-02 18:02:05.588 9 INFO neutron.wsgi [None req-247f821f-39ea-4318-9dc7-e14bf4e25a90 6e572a2ffe884536a3857dbc19fff1ad d15d84c3f8b144fca4d23055a52e6571 - - default default] 199.204.45.33 "GET /v2.0/networks/cacc5f21-a5c9-4304-a624-9d86d9b1cf21 HTTP/1.1" status: 200 len: 999 time: 0.0593650
2026-04-02 18:02:05.637 9 INFO neutron.wsgi [None req-57524dcc-d7a2-48dc-8beb-390347f24e6d 6e572a2ffe884536a3857dbc19fff1ad d15d84c3f8b144fca4d23055a52e6571 - - default default] 199.204.45.33 "GET /v2.0/subnets/cb455691-ad5b-4525-a632-885aca758ef2 HTTP/1.1" status: 200 len: 849 time: 0.0405347
2026-04-02 18:02:05.751 9 INFO neutron.wsgi [None req-d6149f00-24e7-40ae-a65a-d710e9ca1132 6e572a2ffe884536a3857dbc19fff1ad d15d84c3f8b144fca4d23055a52e6571 - - default default] 199.204.45.33 "GET /v2.0/extensions/security-group HTTP/1.1" status: 200 len: 369 time: 0.0069969
2026-04-02 18:02:05.759 9 INFO neutron.wsgi [None req-96732f2a-9d3e-4d07-9688-43ad304b35cf 6e572a2ffe884536a3857dbc19fff1ad d15d84c3f8b144fca4d23055a52e6571 - - default default] 199.204.45.33 "GET /v2.0/extensions/dns-integration HTTP/1.1" status: 200 len: 371 time: 0.0044351
2026-04-02 18:02:05.765 9 INFO neutron.wsgi [None req-a89c7692-04e7-4e49-b225-f1a2028de8c3 6e572a2ffe884536a3857dbc19fff1ad d15d84c3f8b144fca4d23055a52e6571 - - default default] 199.204.45.33 "GET /v2.0/extensions/qos HTTP/1.1" status: 200 len: 365 time: 0.0042784
2026-04-02 18:02:05.773 9 INFO neutron.wsgi [None req-8328ad8b-dd7d-4a34-9906-d9a541634c58 6e572a2ffe884536a3857dbc19fff1ad d15d84c3f8b144fca4d23055a52e6571 - - default default] 199.204.45.33 "GET /v2.0/extensions/allowed-address-pairs HTTP/1.1" status: 200 len: 383 time: 0.0041208
2026-04-02 18:02:05.813 9 INFO neutron.wsgi [None req-a9233de7-9182-4474-ac6f-b86ef7b0110b 6e572a2ffe884536a3857dbc19fff1ad d15d84c3f8b144fca4d23055a52e6571 - - default default] 199.204.45.33 "GET /v2.0/subnets/e74abf65-7619-4063-8d97-67194258d4df HTTP/1.1" status: 200 len: 851 time: 0.0328844
2026-04-02 18:02:05.859 9 INFO neutron.wsgi [None req-8459b48a-027c-49cb-b619-3bf9832f2d0f 6e572a2ffe884536a3857dbc19fff1ad d15d84c3f8b144fca4d23055a52e6571 - - default default] 199.204.45.33 "GET /v2.0/ports/79feb65b-c90b-45a5-b6f0-e05fe4fafe10 HTTP/1.1" status: 200 len: 1336 time: 0.0385022
2026-04-02 18:02:05.892 9 INFO neutron.wsgi [None req-e5b3acad-d7fd-4933-bbc1-ba07c0e8e79e 6e572a2ffe884536a3857dbc19fff1ad d15d84c3f8b144fca4d23055a52e6571 - - default default] 199.204.45.33 "GET /v2.0/ports/a7988c56-a0df-491b-a51a-6ddcca6120e7 HTTP/1.1" status: 200 len: 1514 time: 0.0279300
2026-04-02 18:02:05.941 9 INFO neutron.wsgi [None req-72812a39-a1f4-4678-a501-0cfbbfa55585 6e572a2ffe884536a3857dbc19fff1ad d15d84c3f8b144fca4d23055a52e6571 - - default default] 199.204.45.33 "GET /v2.0/subnets/e74abf65-7619-4063-8d97-67194258d4df HTTP/1.1" status: 200 len: 851 time: 0.0387948
2026-04-02 18:02:06.004 9 INFO neutron.wsgi [None req-7d44a869-c270-48e8-a295-55e192691a58 6e572a2ffe884536a3857dbc19fff1ad d15d84c3f8b144fca4d23055a52e6571 - - default default] 199.204.45.33 "GET /v2.0/networks/35a2c535-79d9-4a95-ba48-9063e5920bae HTTP/1.1" status: 200 len: 1001 time: 0.0566151
2026-04-02 18:02:06.042 9 INFO neutron.wsgi [None req-37f36741-c640-4be6-98c7-1d23b80ee4cd 6e572a2ffe884536a3857dbc19fff1ad d15d84c3f8b144fca4d23055a52e6571 - - default default] 199.204.45.33 "GET /v2.0/ports/79feb65b-c90b-45a5-b6f0-e05fe4fafe10 HTTP/1.1" status: 200 len: 1336 time: 0.0294974
2026-04-02 18:02:06.081 9 INFO neutron.wsgi [None req-d8fb5239-da69-48e7-a341-e6b62cea9c28 6e572a2ffe884536a3857dbc19fff1ad d15d84c3f8b144fca4d23055a52e6571 - - default default] 199.204.45.33 "GET /v2.0/subnets/e74abf65-7619-4063-8d97-67194258d4df HTTP/1.1" status: 200 len: 851 time: 0.0315518
2026-04-02 18:02:06.930 9 INFO neutron.notifiers.nova [-] Nova event matching ['req-9a761308-dbf8-43e0-abb8-a0ef1b898864'] response: {'server_uuid': 'cf1347c5-9d75-4f86-a9c2-687aa8fa8aa4', 'name': 'network-vif-plugged', 'status': 'completed', 'tag': '2bc2d943-65cf-4a86-aa2a-0738ddb5df43', 'code': 200}
2026-04-02 18:02:06.930 9 INFO neutron.notifiers.nova [-] Nova event matching ['req-9a761308-dbf8-43e0-abb8-a0ef1b898864'] response: {'name': 'network-changed', 'server_uuid': 'cf1347c5-9d75-4f86-a9c2-687aa8fa8aa4', 'tag': '2bc2d943-65cf-4a86-aa2a-0738ddb5df43', 'status': 'completed', 'code': 200}
2026-04-02 18:02:06.998 10 INFO neutron.wsgi [req-3101194d-1d03-48c5-9e03-ca1dbd4cb767 req-ee6b2580-3dd0-43ce-99c5-87b206db453e 79db3ab00c1a4de2959a6231a9d52505 9f32f16e2d634a4e843a780e963d4603 - - 68f884a083bc4df4af06077f756a8e3a 68f884a083bc4df4af06077f756a8e3a] 199.204.45.33 "GET /v2.0/ports?tenant_id=d15d84c3f8b144fca4d23055a52e6571&device_id=cf1347c5-9d75-4f86-a9c2-687aa8fa8aa4 HTTP/1.1" status: 200 len: 3921 time: 0.0480340
2026-04-02 18:02:07.057 10 INFO neutron.wsgi [req-3101194d-1d03-48c5-9e03-ca1dbd4cb767 req-83b75933-e8e2-4c80-9fc3-03803be4dbc3 79db3ab00c1a4de2959a6231a9d52505 9f32f16e2d634a4e843a780e963d4603 - - 68f884a083bc4df4af06077f756a8e3a 68f884a083bc4df4af06077f756a8e3a] 199.204.45.33 "GET /v2.0/networks?id=cacc5f21-a5c9-4304-a624-9d86d9b1cf21 HTTP/1.1" status: 200 len: 1002 time: 0.0514917
2026-04-02 18:02:07.086 10 INFO neutron.wsgi [req-3101194d-1d03-48c5-9e03-ca1dbd4cb767 req-19970309-08c0-4c42-a89d-7898301a4959 79db3ab00c1a4de2959a6231a9d52505 9f32f16e2d634a4e843a780e963d4603 - - 68f884a083bc4df4af06077f756a8e3a 68f884a083bc4df4af06077f756a8e3a] 199.204.45.33 "GET /v2.0/floatingips?fixed_ip_address=10.2.1.190&port_id=2bc2d943-65cf-4a86-aa2a-0738ddb5df43 HTTP/1.1" status: 200 len: 217 time: 0.0225492
2026-04-02 18:02:07.134 10 INFO neutron.wsgi [req-3101194d-1d03-48c5-9e03-ca1dbd4cb767 req-5d948b79-cf54-4467-93da-a3f40f2de7e8 79db3ab00c1a4de2959a6231a9d52505 9f32f16e2d634a4e843a780e963d4603 - - 68f884a083bc4df4af06077f756a8e3a 68f884a083bc4df4af06077f756a8e3a] 199.204.45.33 "GET /v2.0/subnets?id=cb455691-ad5b-4525-a632-885aca758ef2 HTTP/1.1" status: 200 len: 852 time: 0.0417039
2026-04-02 18:02:07.159 10 INFO neutron.wsgi [req-3101194d-1d03-48c5-9e03-ca1dbd4cb767 req-10c6af9a-aa24-48b0-a7ba-eb478a9f597c 79db3ab00c1a4de2959a6231a9d52505 9f32f16e2d634a4e843a780e963d4603 - - 68f884a083bc4df4af06077f756a8e3a 68f884a083bc4df4af06077f756a8e3a] 199.204.45.33 "GET /v2.0/ports?network_id=cacc5f21-a5c9-4304-a624-9d86d9b1cf21&device_owner=network%3Adhcp HTTP/1.1" status: 200 len: 210 time: 0.0203829
2026-04-02 18:02:07.217 10 INFO neutron.wsgi [req-3101194d-1d03-48c5-9e03-ca1dbd4cb767 req-4cb07a46-62d2-4d84-8226-d0eecd080144 79db3ab00c1a4de2959a6231a9d52505 9f32f16e2d634a4e843a780e963d4603 - - 68f884a083bc4df4af06077f756a8e3a 68f884a083bc4df4af06077f756a8e3a] 199.204.45.33 "GET /v2.0/networks/cacc5f21-a5c9-4304-a624-9d86d9b1cf21?fields=segments HTTP/1.1" status: 200 len: 212 time: 0.0514185
2026-04-02 18:02:07.283 10 INFO neutron.wsgi [req-3101194d-1d03-48c5-9e03-ca1dbd4cb767 req-17879659-fb44-44d2-816c-63267cdefb30 79db3ab00c1a4de2959a6231a9d52505 9f32f16e2d634a4e843a780e963d4603 - - 68f884a083bc4df4af06077f756a8e3a 68f884a083bc4df4af06077f756a8e3a] 199.204.45.33 "GET /v2.0/networks/cacc5f21-a5c9-4304-a624-9d86d9b1cf21?fields=provider%3Aphysical_network&fields=provider%3Anetwork_type HTTP/1.1" status: 200 len: 277 time: 0.0593102
2026-04-02 18:02:11.983 9 INFO neutron.wsgi [None req-616a9bed-cb6c-4e95-a114-2493dbffc9ca 6e572a2ffe884536a3857dbc19fff1ad d15d84c3f8b144fca4d23055a52e6571 - - default default] 10.0.0.19 "GET /v2.0/extensions/security-group HTTP/1.1" status: 200 len: 369 time: 0.0533652
2026-04-02 18:02:11.998 9 INFO neutron.wsgi [None req-28dffc2a-96f1-48c8-b982-d0056b2e70d4 6e572a2ffe884536a3857dbc19fff1ad d15d84c3f8b144fca4d23055a52e6571 - - default default] 10.0.0.19 "GET /v2.0/extensions/dns-integration HTTP/1.1" status: 200 len: 371 time: 0.0068944
2026-04-02 18:02:12.008 9 INFO neutron.wsgi [None req-bcc2a56f-32c7-432e-90e9-b86fdbc523d5 6e572a2ffe884536a3857dbc19fff1ad d15d84c3f8b144fca4d23055a52e6571 - - default default] 10.0.0.19 "GET /v2.0/extensions/qos HTTP/1.1" status: 200 len: 365 time: 0.0058033
2026-04-02 18:02:12.023 9 INFO neutron.wsgi [None req-b49edc95-8b8a-4ae1-8561-402b9c57326b 6e572a2ffe884536a3857dbc19fff1ad d15d84c3f8b144fca4d23055a52e6571 - - default default] 10.0.0.19 "GET /v2.0/extensions/allowed-address-pairs HTTP/1.1" status: 200 len: 383 time: 0.0088418
2026-04-02 18:02:12.495 9 INFO neutron.wsgi [-] 10.0.0.19 "GET / HTTP/1.1" status: 200 len: 284 time: 0.0018530
2026-04-02 18:02:12.546 10 INFO neutron.wsgi [None req-eaf01322-f90f-4d35-b59e-e18b82d9f1c8 01c2520ff2f3429a8c0a9029e04186b3 e01b506dbba54919b70a796d13b8c8b7 - - default default] 10.0.0.19 "GET /v2.0/subnets/b852712c-2c9c-46e8-bb2e-b4ba901a44b6 HTTP/1.1" status: 200 len: 831 time: 0.0346117
2026-04-02 18:02:13.564 9 INFO neutron.wsgi [None req-ed91e1dc-e037-4837-a0ed-804e08514272 6e572a2ffe884536a3857dbc19fff1ad d15d84c3f8b144fca4d23055a52e6571 - - default default] 199.204.45.33 "GET /v2.0/extensions/security-group HTTP/1.1" status: 200 len: 369 time: 0.0059710
2026-04-02 18:02:13.576 9 INFO neutron.wsgi [None req-e98c29ba-382f-488d-b29a-a5df5d5b0c1f 6e572a2ffe884536a3857dbc19fff1ad d15d84c3f8b144fca4d23055a52e6571 - - default default] 199.204.45.33 "GET /v2.0/extensions/dns-integration HTTP/1.1" status: 200 len: 371 time: 0.0049953
2026-04-02 18:02:13.585 9 INFO neutron.wsgi [None req-37915d46-fc16-4a16-bcee-252925538d33 6e572a2ffe884536a3857dbc19fff1ad d15d84c3f8b144fca4d23055a52e6571 - - default default] 199.204.45.33 "GET /v2.0/extensions/qos HTTP/1.1" status: 200 len: 365 time: 0.0051577
2026-04-02 18:02:13.594 9 INFO neutron.wsgi [None req-4733ef26-5e0d-45e3-bc27-d2b4350bc1bc 6e572a2ffe884536a3857dbc19fff1ad d15d84c3f8b144fca4d23055a52e6571 - - default default] 199.204.45.33 "GET /v2.0/extensions/allowed-address-pairs HTTP/1.1" status: 200 len: 383 time: 0.0048873
2026-04-02 18:02:13.634 9 INFO neutron.wsgi [None req-6aff2b3f-90f8-403f-8f26-6d9622ac2a0d 6e572a2ffe884536a3857dbc19fff1ad d15d84c3f8b144fca4d23055a52e6571 - - default default] 199.204.45.33 "GET /v2.0/subnets/cb455691-ad5b-4525-a632-885aca758ef2 HTTP/1.1" status: 200 len: 849 time: 0.0357015
2026-04-02 18:02:13.680 9 INFO neutron.wsgi [None req-cf2a4c2b-37fa-4c33-af71-b4be39068e26 6e572a2ffe884536a3857dbc19fff1ad d15d84c3f8b144fca4d23055a52e6571 - - default default] 199.204.45.33 "GET /v2.0/subnets/b852712c-2c9c-46e8-bb2e-b4ba901a44b6 HTTP/1.1" status: 200 len: 849 time: 0.0372782
2026-04-02 18:02:13.737 9 INFO neutron.wsgi [None req-d7703081-3d66-45e5-bc13-41fb810280cf 6e572a2ffe884536a3857dbc19fff1ad d15d84c3f8b144fca4d23055a52e6571 - - default default] 199.204.45.33 "GET /v2.0/ports?device_id=cf1347c5-9d75-4f86-a9c2-687aa8fa8aa4 HTTP/1.1" status: 200 len: 3921 time: 0.0502205
2026-04-02 18:02:13.880 9 INFO neutron.wsgi [None req-fda2c9df-5e3d-402f-b83b-a49bde39bbdd 6e572a2ffe884536a3857dbc19fff1ad d15d84c3f8b144fca4d23055a52e6571 - - default default] 199.204.45.33 "GET /v2.0/extensions/security-group HTTP/1.1" status: 200 len: 369 time: 0.0076454
2026-04-02 18:02:13.891 9 INFO neutron.wsgi [None req-f2087668-e480-4e13-983f-3beb316276f2 6e572a2ffe884536a3857dbc19fff1ad d15d84c3f8b144fca4d23055a52e6571 - - default default] 199.204.45.33 "GET /v2.0/extensions/dns-integration HTTP/1.1" status: 200 len: 371 time: 0.0042965
2026-04-02 18:02:13.899 9 INFO neutron.wsgi [None req-08e20ea5-e368-4175-aedb-6b89dbfc0de9 6e572a2ffe884536a3857dbc19fff1ad d15d84c3f8b144fca4d23055a52e6571 - - default default] 199.204.45.33 "GET /v2.0/extensions/qos HTTP/1.1" status: 200 len: 365 time: 0.0040638
2026-04-02 18:02:13.908 9 INFO neutron.wsgi [None req-773e1cdf-bcf2-4553-9601-d743f72df6a7 6e572a2ffe884536a3857dbc19fff1ad d15d84c3f8b144fca4d23055a52e6571 - - default default] 199.204.45.33 "GET /v2.0/extensions/allowed-address-pairs HTTP/1.1" status: 200 len: 383 time: 0.0048649
2026-04-02 18:02:14.091 10 INFO neutron.wsgi [req-5085dabd-0bfc-41ee-b515-5ede2f76965c req-a0b42a05-9f11-4215-aae5-78734b9cf537 79db3ab00c1a4de2959a6231a9d52505 9f32f16e2d634a4e843a780e963d4603 - - 68f884a083bc4df4af06077f756a8e3a 68f884a083bc4df4af06077f756a8e3a] 199.204.45.33 "GET /v2.0/networks/665dd896-c4e0-44f9-a9dc-f2f933de4a73?fields=segments HTTP/1.1" status: 200 len: 212 time: 0.0681338
2026-04-02 18:02:14.157 10 INFO neutron.wsgi [req-5085dabd-0bfc-41ee-b515-5ede2f76965c req-73762c63-3938-41d6-9a70-1bab681a7e18 79db3ab00c1a4de2959a6231a9d52505 9f32f16e2d634a4e843a780e963d4603 - - 68f884a083bc4df4af06077f756a8e3a 68f884a083bc4df4af06077f756a8e3a] 199.204.45.33 "GET /v2.0/networks/665dd896-c4e0-44f9-a9dc-f2f933de4a73?fields=provider%3Aphysical_network&fields=provider%3Anetwork_type HTTP/1.1" status: 200 len: 277 time: 0.0590947
2026-04-02 18:02:14.235 10 INFO neutron.wsgi [req-5085dabd-0bfc-41ee-b515-5ede2f76965c req-b2ceaad9-28b7-4ff6-b4f0-fde67da59146 6e572a2ffe884536a3857dbc19fff1ad d15d84c3f8b144fca4d23055a52e6571 - - default default] 199.204.45.33 "GET /v2.0/networks?id=665dd896-c4e0-44f9-a9dc-f2f933de4a73 HTTP/1.1" status: 200 len: 1001 time: 0.0606532
2026-04-02 18:02:14.549 10 WARNING neutron.scheduler.dhcp_agent_scheduler [req-5085dabd-0bfc-41ee-b515-5ede2f76965c req-ccc801d8-a1c7-447b-a3a8-1830025e9d7e 6e572a2ffe884536a3857dbc19fff1ad d15d84c3f8b144fca4d23055a52e6571 - - default default] No more DHCP agents
2026-04-02 18:02:14.551 10 WARNING neutron.api.rpc.agentnotifiers.dhcp_rpc_agent_api [req-5085dabd-0bfc-41ee-b515-5ede2f76965c req-ccc801d8-a1c7-447b-a3a8-1830025e9d7e 6e572a2ffe884536a3857dbc19fff1ad d15d84c3f8b144fca4d23055a52e6571 - - default default] Unable to schedule network 665dd896-c4e0-44f9-a9dc-f2f933de4a73: no agents available; will retry on subsequent port and subnet creation events.
2026-04-02 18:02:14.732 10 INFO neutron.db.ovn_revision_numbers_db [req-5085dabd-0bfc-41ee-b515-5ede2f76965c req-ccc801d8-a1c7-447b-a3a8-1830025e9d7e 6e572a2ffe884536a3857dbc19fff1ad d15d84c3f8b144fca4d23055a52e6571 - - default default] Successfully bumped revision number for resource d1d3766f-1099-4331-8815-fe8925967bc0 (type: ports) to 1
2026-04-02 18:02:14.753 10 INFO neutron.wsgi [req-5085dabd-0bfc-41ee-b515-5ede2f76965c req-ccc801d8-a1c7-447b-a3a8-1830025e9d7e 6e572a2ffe884536a3857dbc19fff1ad d15d84c3f8b144fca4d23055a52e6571 - - default default] 199.204.45.33 "POST /v2.0/ports HTTP/1.1" status: 201 len: 1512 time: 0.5130172 /var/lib/openstack/lib/python3.10/site-packages/pycadf/identifier.py:71: UserWarning: Invalid uuid: neutron. To ensure interoperability, identifiers should be a valid uuid. warnings.warn(('Invalid uuid: %s. To ensure interoperability, '
2026-04-02 18:02:15.181 10 INFO neutron.db.ovn_revision_numbers_db [req-5085dabd-0bfc-41ee-b515-5ede2f76965c req-dd8397ad-1c4b-471e-a0a5-07b67f1f932b 79db3ab00c1a4de2959a6231a9d52505 9f32f16e2d634a4e843a780e963d4603 - - 68f884a083bc4df4af06077f756a8e3a 68f884a083bc4df4af06077f756a8e3a] Successfully bumped revision number for resource d1d3766f-1099-4331-8815-fe8925967bc0 (type: ports) to 2
2026-04-02 18:02:15.299 15 INFO neutron.db.ovn_revision_numbers_db [None req-aeb77fa1-1401-4323-b8f0-f3435ed1ee60 - - - - - -] Successfully bumped revision number for resource 35a2c535-79d9-4a95-ba48-9063e5920bae (type: networks) to 3
2026-04-02 18:02:15.378 10 INFO neutron.db.ovn_revision_numbers_db [req-5085dabd-0bfc-41ee-b515-5ede2f76965c req-dd8397ad-1c4b-471e-a0a5-07b67f1f932b 79db3ab00c1a4de2959a6231a9d52505 9f32f16e2d634a4e843a780e963d4603 - - 68f884a083bc4df4af06077f756a8e3a 68f884a083bc4df4af06077f756a8e3a] Successfully bumped revision number for resource d1d3766f-1099-4331-8815-fe8925967bc0 (type: ports) to 2
2026-04-02 18:02:15.398 10 INFO neutron.wsgi [req-5085dabd-0bfc-41ee-b515-5ede2f76965c req-dd8397ad-1c4b-471e-a0a5-07b67f1f932b 79db3ab00c1a4de2959a6231a9d52505 9f32f16e2d634a4e843a780e963d4603 - - 68f884a083bc4df4af06077f756a8e3a 68f884a083bc4df4af06077f756a8e3a] 199.204.45.33 "PUT /v2.0/ports/d1d3766f-1099-4331-8815-fe8925967bc0 HTTP/1.1" status: 200 len: 1609 time: 0.6386380
2026-04-02 18:02:15.412 15 INFO neutron.db.ovn_revision_numbers_db [None req-aeb77fa1-1401-4323-b8f0-f3435ed1ee60 - - - - - -] Successfully bumped revision number for resource cacc5f21-a5c9-4304-a624-9d86d9b1cf21 (type: networks) to 3 /var/lib/openstack/lib/python3.10/site-packages/pycadf/identifier.py:71: UserWarning: Invalid uuid: neutron. To ensure interoperability, identifiers should be a valid uuid. warnings.warn(('Invalid uuid: %s. To ensure interoperability, '
2026-04-02 18:02:15.442 10 INFO neutron.notifiers.nova [-] Nova event matching ['req-03c044d2-f74a-4aa4-a109-6a27cc1650f0'] response: {'name': 'network-changed', 'server_uuid': 'cf1347c5-9d75-4f86-a9c2-687aa8fa8aa4', 'tag': 'd1d3766f-1099-4331-8815-fe8925967bc0', 'status': 'completed', 'code': 200}
2026-04-02 18:02:15.494 10 INFO neutron.wsgi [req-5085dabd-0bfc-41ee-b515-5ede2f76965c req-48c9ed33-21d7-4ead-ac53-a391f4da8693 79db3ab00c1a4de2959a6231a9d52505 9f32f16e2d634a4e843a780e963d4603 - - 68f884a083bc4df4af06077f756a8e3a 68f884a083bc4df4af06077f756a8e3a] 199.204.45.33 "GET /v2.0/ports?tenant_id=d15d84c3f8b144fca4d23055a52e6571&device_id=cf1347c5-9d75-4f86-a9c2-687aa8fa8aa4 HTTP/1.1" status: 200 len: 5350 time: 0.0662558
2026-04-02 18:02:15.518 15 INFO neutron.db.ovn_revision_numbers_db [None req-aeb77fa1-1401-4323-b8f0-f3435ed1ee60 - - - - - -] Successfully bumped revision number for resource 665dd896-c4e0-44f9-a9dc-f2f933de4a73 (type: networks) to 3
2026-04-02 18:02:15.524 10 INFO neutron.wsgi [req-5085dabd-0bfc-41ee-b515-5ede2f76965c req-50e6efb0-7ff5-47df-8e87-a219a6d9e376 79db3ab00c1a4de2959a6231a9d52505 9f32f16e2d634a4e843a780e963d4603 - - 68f884a083bc4df4af06077f756a8e3a 68f884a083bc4df4af06077f756a8e3a] 199.204.45.33 "GET /v2.0/floatingips?fixed_ip_address=172.24.2.146&port_id=ab1e0bf0-66e8-43bb-b2c4-fd14f9067eb8 HTTP/1.1" status: 200 len: 217 time: 0.0223472
2026-04-02 18:02:15.571 15 INFO neutron.db.ovn_revision_numbers_db [None req-aeb77fa1-1401-4323-b8f0-f3435ed1ee60 - - - - - -] Successfully bumped revision number for resource a37ebf90-0f91-4d99-a3c2-bec0ffa6bfc0 (type: security_groups) to 12
2026-04-02 18:02:15.573 10 INFO neutron.wsgi [req-5085dabd-0bfc-41ee-b515-5ede2f76965c req-3e6da6a9-cab3-422b-b60b-3f2d736c86d6 79db3ab00c1a4de2959a6231a9d52505 9f32f16e2d634a4e843a780e963d4603 - - 68f884a083bc4df4af06077f756a8e3a 68f884a083bc4df4af06077f756a8e3a] 199.204.45.33 "GET /v2.0/subnets?id=d0afd967-476c-48f0-9a65-53f8b21016ac HTTP/1.1" status: 200 len: 829 time: 0.0428391
2026-04-02 18:02:15.601 10 INFO neutron.wsgi [req-5085dabd-0bfc-41ee-b515-5ede2f76965c req-d6636b92-0da3-4039-a0cc-cedc43f158e5 79db3ab00c1a4de2959a6231a9d52505 9f32f16e2d634a4e843a780e963d4603 - - 68f884a083bc4df4af06077f756a8e3a 68f884a083bc4df4af06077f756a8e3a] 199.204.45.33 "GET /v2.0/ports?network_id=361694a2-9c5c-47b9-bd13-ef510b3d66b2&device_owner=network%3Adhcp HTTP/1.1" status: 200 len: 210 time: 0.0204439
2026-04-02 18:02:15.617 15 INFO neutron.db.ovn_revision_numbers_db [None req-aeb77fa1-1401-4323-b8f0-f3435ed1ee60 - - - - - -] Successfully bumped revision number for resource 2c543b26-9f2a-45b3-a841-14772d587243 (type: security_groups) to 3
2026-04-02 18:02:15.677 10 INFO neutron.wsgi [req-5085dabd-0bfc-41ee-b515-5ede2f76965c req-d9ea854b-a349-4694-991a-2038f9ee5d80 79db3ab00c1a4de2959a6231a9d52505 9f32f16e2d634a4e843a780e963d4603 - - 68f884a083bc4df4af06077f756a8e3a 68f884a083bc4df4af06077f756a8e3a] 199.204.45.33 "GET /v2.0/networks/361694a2-9c5c-47b9-bd13-ef510b3d66b2?fields=segments HTTP/1.1" status: 200 len: 212 time: 0.0695837
2026-04-02 18:02:15.743 10 INFO neutron.wsgi [req-5085dabd-0bfc-41ee-b515-5ede2f76965c req-afad38db-76e0-425e-9a51-894b15440094 79db3ab00c1a4de2959a6231a9d52505 9f32f16e2d634a4e843a780e963d4603 - - 68f884a083bc4df4af06077f756a8e3a 68f884a083bc4df4af06077f756a8e3a] 199.204.45.33 "GET /v2.0/networks/361694a2-9c5c-47b9-bd13-ef510b3d66b2?fields=provider%3Aphysical_network&fields=provider%3Anetwork_type HTTP/1.1" status: 200 len: 277 time: 0.0611877
2026-04-02 18:02:15.768 10 INFO neutron.wsgi [req-5085dabd-0bfc-41ee-b515-5ede2f76965c req-634a9de9-fe34-44de-a256-c73507ccf6b7 79db3ab00c1a4de2959a6231a9d52505 9f32f16e2d634a4e843a780e963d4603 - - 68f884a083bc4df4af06077f756a8e3a 68f884a083bc4df4af06077f756a8e3a] 199.204.45.33 "GET /v2.0/floatingips?fixed_ip_address=10.1.1.80&port_id=a7988c56-a0df-491b-a51a-6ddcca6120e7 HTTP/1.1" status: 200 len: 217 time: 0.0174806
2026-04-02 18:02:15.806 10 INFO neutron.wsgi [req-5085dabd-0bfc-41ee-b515-5ede2f76965c req-53d7a8a8-775c-4345-9134-1d8f9f7fca13 79db3ab00c1a4de2959a6231a9d52505 9f32f16e2d634a4e843a780e963d4603 - - 68f884a083bc4df4af06077f756a8e3a 68f884a083bc4df4af06077f756a8e3a] 199.204.45.33 "GET /v2.0/subnets?id=e74abf65-7619-4063-8d97-67194258d4df HTTP/1.1" status: 200 len: 854 time: 0.0310783
2026-04-02 18:02:15.835 10 INFO neutron.wsgi [req-5085dabd-0bfc-41ee-b515-5ede2f76965c req-1402c15e-ac8b-4d35-821a-4eb8ad7645de 79db3ab00c1a4de2959a6231a9d52505 9f32f16e2d634a4e843a780e963d4603 - - 68f884a083bc4df4af06077f756a8e3a 68f884a083bc4df4af06077f756a8e3a] 199.204.45.33 "GET /v2.0/ports?network_id=35a2c535-79d9-4a95-ba48-9063e5920bae&device_owner=network%3Adhcp HTTP/1.1" status: 200 len: 210 time: 0.0235116
2026-04-02 18:02:15.909 10 INFO neutron.wsgi [req-5085dabd-0bfc-41ee-b515-5ede2f76965c req-65274e5c-f36d-4523-ae3d-dd3d8b34a8af 79db3ab00c1a4de2959a6231a9d52505 9f32f16e2d634a4e843a780e963d4603 - - 68f884a083bc4df4af06077f756a8e3a 68f884a083bc4df4af06077f756a8e3a] 199.204.45.33 "GET /v2.0/networks/35a2c535-79d9-4a95-ba48-9063e5920bae?fields=segments HTTP/1.1" status: 200 len: 212 time: 0.0664349
2026-04-02 18:02:15.972 15 INFO neutron.db.ovn_revision_numbers_db [None req-aeb77fa1-1401-4323-b8f0-f3435ed1ee60 - - - - - -] Successfully bumped revision number for resource 1d751e4f-cc67-4041-8a2f-4c11903645d1 (type: routers) to 5
2026-04-02 18:02:15.973 10 INFO neutron.wsgi [req-5085dabd-0bfc-41ee-b515-5ede2f76965c req-5fe47d4a-3f59-4d5b-a062-4ba06747032c 79db3ab00c1a4de2959a6231a9d52505 9f32f16e2d634a4e843a780e963d4603 - - 68f884a083bc4df4af06077f756a8e3a 68f884a083bc4df4af06077f756a8e3a] 199.204.45.33 "GET /v2.0/networks/35a2c535-79d9-4a95-ba48-9063e5920bae?fields=provider%3Aphysical_network&fields=provider%3Anetwork_type HTTP/1.1" status: 200 len: 277 time: 0.0578516
2026-04-02 18:02:16.000 10 INFO neutron.wsgi [req-5085dabd-0bfc-41ee-b515-5ede2f76965c req-6b003b0b-2eab-46a0-9d4c-a9b1c96ba596 79db3ab00c1a4de2959a6231a9d52505 9f32f16e2d634a4e843a780e963d4603 - - 68f884a083bc4df4af06077f756a8e3a 68f884a083bc4df4af06077f756a8e3a] 199.204.45.33 "GET /v2.0/floatingips?fixed_ip_address=10.2.1.190&port_id=2bc2d943-65cf-4a86-aa2a-0738ddb5df43 HTTP/1.1" status: 200 len: 217 time: 0.0211253
2026-04-02 18:02:16.038 10 INFO neutron.wsgi [req-5085dabd-0bfc-41ee-b515-5ede2f76965c req-0825bb5b-5686-42d3-be43-c3e92a57a5f9 79db3ab00c1a4de2959a6231a9d52505 9f32f16e2d634a4e843a780e963d4603 - - 68f884a083bc4df4af06077f756a8e3a 68f884a083bc4df4af06077f756a8e3a] 199.204.45.33 "GET /v2.0/subnets?id=cb455691-ad5b-4525-a632-885aca758ef2 HTTP/1.1" status: 200 len: 852 time: 0.0319090
2026-04-02 18:02:16.064 10 INFO neutron.wsgi [req-5085dabd-0bfc-41ee-b515-5ede2f76965c req-1a8a25ce-6114-4681-9b17-92415967470a 79db3ab00c1a4de2959a6231a9d52505 9f32f16e2d634a4e843a780e963d4603 - - 68f884a083bc4df4af06077f756a8e3a 68f884a083bc4df4af06077f756a8e3a] 199.204.45.33 "GET /v2.0/ports?network_id=cacc5f21-a5c9-4304-a624-9d86d9b1cf21&device_owner=network%3Adhcp HTTP/1.1" status: 200 len: 210 time: 0.0194247
2026-04-02 18:02:16.127 10 INFO neutron.wsgi [req-5085dabd-0bfc-41ee-b515-5ede2f76965c req-1dda9c4c-2203-4c23-958c-53d90097a755 79db3ab00c1a4de2959a6231a9d52505 9f32f16e2d634a4e843a780e963d4603 - - 68f884a083bc4df4af06077f756a8e3a 68f884a083bc4df4af06077f756a8e3a] 199.204.45.33 "GET /v2.0/networks/cacc5f21-a5c9-4304-a624-9d86d9b1cf21?fields=segments HTTP/1.1" status: 200 len: 212 time: 0.0550702
2026-04-02 18:02:16.191 10 INFO neutron.wsgi [req-5085dabd-0bfc-41ee-b515-5ede2f76965c req-d38916fc-2a27-40ca-8fc7-054f9a4cf795 79db3ab00c1a4de2959a6231a9d52505 9f32f16e2d634a4e843a780e963d4603 - - 68f884a083bc4df4af06077f756a8e3a 68f884a083bc4df4af06077f756a8e3a] 199.204.45.33 "GET /v2.0/networks/cacc5f21-a5c9-4304-a624-9d86d9b1cf21?fields=provider%3Aphysical_network&fields=provider%3Anetwork_type HTTP/1.1" status: 200 len: 277 time: 0.0563419
2026-04-02 18:02:16.223 10 INFO neutron.wsgi [req-5085dabd-0bfc-41ee-b515-5ede2f76965c req-0540f384-0a4b-41ec-aa32-8facd2d91417 79db3ab00c1a4de2959a6231a9d52505 9f32f16e2d634a4e843a780e963d4603 - - 68f884a083bc4df4af06077f756a8e3a 68f884a083bc4df4af06077f756a8e3a] 199.204.45.33 "GET /v2.0/floatingips?fixed_ip_address=10.2.2.118&port_id=d1d3766f-1099-4331-8815-fe8925967bc0 HTTP/1.1" status: 200 len: 217 time: 0.0274794
2026-04-02 18:02:16.259 10 INFO neutron.wsgi [req-5085dabd-0bfc-41ee-b515-5ede2f76965c req-67e12a94-ece7-4df2-97f8-92a0ddc527dd 79db3ab00c1a4de2959a6231a9d52505 9f32f16e2d634a4e843a780e963d4603 - - 68f884a083bc4df4af06077f756a8e3a 68f884a083bc4df4af06077f756a8e3a] 199.204.45.33 "GET /v2.0/floatingips?fixed_ip_address=fd77%3A1457%3A4cf0%3A26a8%3A%3A2f0&port_id=d1d3766f-1099-4331-8815-fe8925967bc0 HTTP/1.1" status: 200 len: 217 time: 0.0280468
