2026-04-02 17:37:18.268 9 INFO neutron.wsgi [-] 10.0.0.220 "GET / HTTP/1.1" status: 200 len: 247 time: 0.0026569
2026-04-02 17:37:18.270 9 INFO neutron.wsgi [-] 10.0.0.220 "GET / HTTP/1.1" status: 200 len: 247 time: 0.0013843
2026-04-02 17:37:18.563 9 INFO neutron.wsgi [None req-63a02439-f0eb-45c9-b050-9024a5037441 6e572a2ffe884536a3857dbc19fff1ad d15d84c3f8b144fca4d23055a52e6571 - - default default] 199.204.45.33,10.0.0.220 "GET /v2.0/security-groups/3c79c004-73ee-47c7-9632-45ba0fa9a62a?project_id=9f32f16e2d634a4e843a780e963d4603 HTTP/1.1" status: 200 len: 1736 time: 0.0728099
2026-04-02 17:37:18.606 9 INFO neutron.wsgi [None req-c7a814ed-10f9-4f35-8743-34fc7622df16 6e572a2ffe884536a3857dbc19fff1ad d15d84c3f8b144fca4d23055a52e6571 - - default default] 199.204.45.33,10.0.0.220 "GET /v2.0/security-groups/3c79c004-73ee-47c7-9632-45ba0fa9a62a HTTP/1.1" status: 200 len: 1736 time: 0.0354328
2026-04-02 17:37:18.721 9 INFO neutron.wsgi [None req-a9272f5c-596b-4d67-8dd5-e4460cedacdf 6e572a2ffe884536a3857dbc19fff1ad d15d84c3f8b144fca4d23055a52e6571 - - default default] 199.204.45.33,10.0.0.220 "GET /v2.0/security-groups/3c79c004-73ee-47c7-9632-45ba0fa9a62a?project_id=9f32f16e2d634a4e843a780e963d4603 HTTP/1.1" status: 200 len: 1736 time: 0.0332010
2026-04-02 17:37:18.842 9 INFO neutron.db.ovn_revision_numbers_db [None req-5391c6f2-33e6-4d7c-ba10-12f9a4d5c0a5 6e572a2ffe884536a3857dbc19fff1ad d15d84c3f8b144fca4d23055a52e6571 - - default default] Successfully bumped revision number for resource fff1e8f7-abec-43ca-8273-bd6cedc18902 (type: security_group_rules) to 0
2026-04-02 17:37:18.879 9 INFO neutron.wsgi [None req-5391c6f2-33e6-4d7c-ba10-12f9a4d5c0a5 6e572a2ffe884536a3857dbc19fff1ad d15d84c3f8b144fca4d23055a52e6571 - - default default] 199.204.45.33,10.0.0.220 "POST /v2.0/security-group-rules HTTP/1.1" status: 201 len: 745 time: 0.1528022
2026-04-02 17:37:19.844 9 INFO neutron.wsgi [None req-32fbd9a1-2566-44c1-8801-742921856376 6e572a2ffe884536a3857dbc19fff1ad d15d84c3f8b144fca4d23055a52e6571 - - default default] 199.204.45.33,10.0.0.220 "GET /v2.0/security-groups/3c79c004-73ee-47c7-9632-45ba0fa9a62a?project_id=9f32f16e2d634a4e843a780e963d4603 HTTP/1.1" status: 200 len: 2314 time: 0.0742180
2026-04-02 17:37:19.882 9 INFO neutron.wsgi [None req-42ae2d7d-ba82-411b-823f-b50aa2827848 6e572a2ffe884536a3857dbc19fff1ad d15d84c3f8b144fca4d23055a52e6571 - - default default] 199.204.45.33,10.0.0.220 "GET /v2.0/security-groups/3c79c004-73ee-47c7-9632-45ba0fa9a62a HTTP/1.1" status: 200 len: 2314 time: 0.0338037
2026-04-02 17:37:19.978 9 INFO neutron.wsgi [None req-06da2d4e-7b26-4a90-8907-90768ae7ef04 6e572a2ffe884536a3857dbc19fff1ad d15d84c3f8b144fca4d23055a52e6571 - - default default] 199.204.45.33,10.0.0.220 "GET /v2.0/security-groups/3c79c004-73ee-47c7-9632-45ba0fa9a62a?project_id=9f32f16e2d634a4e843a780e963d4603 HTTP/1.1" status: 200 len: 2314 time: 0.0234952
2026-04-02 17:37:20.107 9 INFO neutron.db.ovn_revision_numbers_db [None req-93a9f6be-c81f-4738-af0b-61dbdbcfa0fd 6e572a2ffe884536a3857dbc19fff1ad d15d84c3f8b144fca4d23055a52e6571 - - default default] Successfully bumped revision number for resource d31bfb74-2e23-4635-9791-a26f3de9d7de (type: security_group_rules) to 0
2026-04-02 17:37:20.131 9 INFO neutron.wsgi [None req-93a9f6be-c81f-4738-af0b-61dbdbcfa0fd 6e572a2ffe884536a3857dbc19fff1ad d15d84c3f8b144fca4d23055a52e6571 - - default default] 199.204.45.33,10.0.0.220 "POST /v2.0/security-group-rules HTTP/1.1" status: 201 len: 747 time: 0.1486447
2026-04-02 17:37:21.096 9 INFO neutron.wsgi [None req-0be67c86-4c48-41c0-ba1a-317a356492e3 6e572a2ffe884536a3857dbc19fff1ad d15d84c3f8b144fca4d23055a52e6571 - - default default] 199.204.45.33,10.0.0.220 "GET /v2.0/security-groups/3c79c004-73ee-47c7-9632-45ba0fa9a62a?project_id=9f32f16e2d634a4e843a780e963d4603 HTTP/1.1" status: 200 len: 2894 time: 0.0762854
2026-04-02 17:37:21.129 9 INFO neutron.wsgi [None req-bded43d1-7c98-4207-9717-4e51224196aa 6e572a2ffe884536a3857dbc19fff1ad d15d84c3f8b144fca4d23055a52e6571 - - default default] 199.204.45.33,10.0.0.220 "GET /v2.0/security-groups/3c79c004-73ee-47c7-9632-45ba0fa9a62a HTTP/1.1" status: 200 len: 2894 time: 0.0263302
2026-04-02 17:37:21.238 9 INFO neutron.wsgi [None req-019dec0b-d987-47d8-8e74-feedbc15b9cc 6e572a2ffe884536a3857dbc19fff1ad d15d84c3f8b144fca4d23055a52e6571 - - default default] 199.204.45.33,10.0.0.220 "GET /v2.0/security-groups/3c79c004-73ee-47c7-9632-45ba0fa9a62a?project_id=9f32f16e2d634a4e843a780e963d4603 HTTP/1.1" status: 200 len: 2894 time: 0.0354800
2026-04-02 17:37:21.383 9 INFO neutron.db.ovn_revision_numbers_db [None req-8390575e-4031-4e84-b770-ffc47a344207 6e572a2ffe884536a3857dbc19fff1ad d15d84c3f8b144fca4d23055a52e6571 - - default default] Successfully bumped revision number for resource 0ef343ab-a1e6-4a9f-8f22-925427ea47e0 (type: security_group_rules) to 0
2026-04-02 17:37:21.406 9 INFO neutron.wsgi [None req-8390575e-4031-4e84-b770-ffc47a344207 6e572a2ffe884536a3857dbc19fff1ad d15d84c3f8b144fca4d23055a52e6571 - - default default] 199.204.45.33,10.0.0.220 "POST /v2.0/security-group-rules HTTP/1.1" status: 201 len: 749 time: 0.1603782
2026-04-02 17:37:22.440 9 INFO neutron.wsgi [None req-89107373-8c9a-4c18-ae53-8b4d074f5e1c 6e572a2ffe884536a3857dbc19fff1ad d15d84c3f8b144fca4d23055a52e6571 - - default default] 199.204.45.33,10.0.0.220 "GET /v2.0/security-groups/3c79c004-73ee-47c7-9632-45ba0fa9a62a?project_id=9f32f16e2d634a4e843a780e963d4603 HTTP/1.1" status: 200 len: 3476 time: 0.0690544
2026-04-02 17:37:22.490 9 INFO neutron.wsgi [None req-fec7803d-5a74-488e-b9a2-a5352b92c36f 6e572a2ffe884536a3857dbc19fff1ad d15d84c3f8b144fca4d23055a52e6571 - - default default] 199.204.45.33,10.0.0.220 "GET /v2.0/security-groups/3c79c004-73ee-47c7-9632-45ba0fa9a62a HTTP/1.1" status: 200 len: 3476 time: 0.0413916
2026-04-02 17:37:22.603 9 INFO neutron.wsgi [None req-344f8036-66a4-40d7-a4c0-1411d72f3375 6e572a2ffe884536a3857dbc19fff1ad d15d84c3f8b144fca4d23055a52e6571 - - default default] 199.204.45.33,10.0.0.220 "GET /v2.0/security-groups/3c79c004-73ee-47c7-9632-45ba0fa9a62a?project_id=9f32f16e2d634a4e843a780e963d4603 HTTP/1.1" status: 200 len: 3476 time: 0.0399456
2026-04-02 17:37:22.721 9 INFO neutron.db.ovn_revision_numbers_db [None req-6cfd441b-9724-46cd-80c2-0d8c6179e053 6e572a2ffe884536a3857dbc19fff1ad d15d84c3f8b144fca4d23055a52e6571 - - default default] Successfully bumped revision number for resource a8d0a26f-cf57-4027-84b2-03aae3b101f4 (type: security_group_rules) to 0
2026-04-02 17:37:22.746 9 INFO neutron.wsgi [None req-6cfd441b-9724-46cd-80c2-0d8c6179e053 6e572a2ffe884536a3857dbc19fff1ad d15d84c3f8b144fca4d23055a52e6571 - - default default] 199.204.45.33,10.0.0.220 "POST /v2.0/security-group-rules HTTP/1.1" status: 201 len: 750 time: 0.1346524
2026-04-02 17:37:33.267 10 INFO neutron.wsgi [-] 10.0.0.220 "GET / HTTP/1.1" status: 200 len: 247 time: 0.0018170
2026-04-02 17:37:33.273 9 INFO neutron.wsgi [-] 10.0.0.220 "GET / HTTP/1.1" status: 200 len: 247 time: 0.0030084
2026-04-02 17:37:48.267 9 INFO neutron.wsgi [-] 10.0.0.220 "GET / HTTP/1.1" status: 200 len: 247 time: 0.0016887
2026-04-02 17:37:48.271 10 INFO neutron.wsgi [-] 10.0.0.220 "GET / HTTP/1.1" status: 200 len: 247 time: 0.0044723
2026-04-02 17:38:03.269 10 INFO neutron.wsgi [-] 10.0.0.220 "GET / HTTP/1.1" status: 200 len: 247 time: 0.0029683
2026-04-02 17:38:03.269 9 INFO neutron.wsgi [-] 10.0.0.220 "GET / HTTP/1.1" status: 200 len: 247 time: 0.0033383
2026-04-02 17:38:18.267 10 INFO neutron.wsgi [-] 10.0.0.220 "GET / HTTP/1.1" status: 200 len: 247 time: 0.0023570
2026-04-02 17:38:18.268 9 INFO neutron.wsgi [-] 10.0.0.220 "GET / HTTP/1.1" status: 200 len: 247 time: 0.0028265
2026-04-02 17:38:33.266 9 INFO neutron.wsgi [-] 10.0.0.220 "GET / HTTP/1.1" status: 200 len: 247 time: 0.0014403
2026-04-02 17:38:33.268 9 INFO neutron.wsgi [-] 10.0.0.220 "GET / HTTP/1.1" status: 200 len: 247 time: 0.0013809
2026-04-02 17:38:48.269 9 INFO neutron.wsgi [-] 10.0.0.220 "GET / HTTP/1.1" status: 200 len: 247 time: 0.0030615
2026-04-02 17:38:48.270 10 INFO neutron.wsgi [-] 10.0.0.220 "GET / HTTP/1.1" status: 200 len: 247 time: 0.0041258
2026-04-02 17:39:03.268 10 INFO neutron.wsgi [-] 10.0.0.220 "GET / HTTP/1.1" status: 200 len: 247 time: 0.0023518
2026-04-02 17:39:03.268 9 INFO neutron.wsgi [-] 10.0.0.220 "GET / HTTP/1.1" status: 200 len: 247 time: 0.0023470
2026-04-02 17:39:18.267 10 INFO neutron.wsgi [-] 10.0.0.220 "GET / HTTP/1.1" status: 200 len: 247 time: 0.0019064
2026-04-02 17:39:18.268 9 INFO neutron.wsgi [-] 10.0.0.220 "GET / HTTP/1.1" status: 200 len: 247 time: 0.0029979
2026-04-02 17:39:33.267 9 INFO neutron.wsgi [-] 10.0.0.220 "GET / HTTP/1.1" status: 200 len: 247 time: 0.0017643
2026-04-02 17:39:33.268 10 INFO neutron.wsgi [-] 10.0.0.220 "GET / HTTP/1.1" status: 200 len: 247 time: 0.0024354
2026-04-02 17:39:48.268 9 INFO neutron.wsgi [-] 10.0.0.220 "GET / HTTP/1.1" status: 200 len: 247 time: 0.0027628
2026-04-02 17:39:48.270 10 INFO neutron.wsgi [-] 10.0.0.220 "GET / HTTP/1.1" status: 200 len: 247 time: 0.0040889
2026-04-02 17:40:03.268 9 INFO neutron.wsgi [-] 10.0.0.220 "GET / HTTP/1.1" status: 200 len: 247 time: 0.0032191
2026-04-02 17:40:03.272 9 INFO neutron.wsgi [-] 10.0.0.220 "GET / HTTP/1.1" status: 200 len: 247 time: 0.0020094
2026-04-02 17:40:18.268 9 INFO neutron.wsgi [-] 10.0.0.220 "GET / HTTP/1.1" status: 200 len: 247 time: 0.0027080
2026-04-02 17:40:18.271 9 INFO neutron.wsgi [-] 10.0.0.220 "GET / HTTP/1.1" status: 200 len: 247 time: 0.0017903
2026-04-02 17:40:33.268 9 INFO neutron.wsgi [-] 10.0.0.220 "GET / HTTP/1.1" status: 200 len: 247 time: 0.0022280
2026-04-02 17:40:33.269 10 INFO neutron.wsgi [-] 10.0.0.220 "GET / HTTP/1.1" status: 200 len: 247 time: 0.0032265
2026-04-02 17:40:48.267 10 INFO neutron.wsgi [-] 10.0.0.220 "GET / HTTP/1.1" status: 200 len: 247 time: 0.0020862
2026-04-02 17:40:48.268 9 INFO neutron.wsgi [-] 10.0.0.220 "GET / HTTP/1.1" status: 200 len: 247 time: 0.0033829 /var/lib/openstack/lib/python3.10/site-packages/pycadf/identifier.py:71: UserWarning: Invalid uuid: neutron. To ensure interoperability, identifiers should be a valid uuid. warnings.warn(('Invalid uuid: %s. To ensure interoperability, '
2026-04-02 17:40:56.359 10 INFO neutron.wsgi [None req-92a5d33d-e17e-4103-849b-414fb1dd7dbe 79a1563535464838b1791920c7bb3b48 9f32f16e2d634a4e843a780e963d4603 - - 68f884a083bc4df4af06077f756a8e3a 68f884a083bc4df4af06077f756a8e3a] 199.204.45.33 "GET /v2.0/networks?tenant_id=9f32f16e2d634a4e843a780e963d4603&shared=False HTTP/1.1" status: 200 len: 213 time: 0.1526794
2026-04-02 17:40:56.456 10 INFO neutron.db.segments_db [None req-dab68815-b094-49f4-9da3-119dd3917632 79a1563535464838b1791920c7bb3b48 9f32f16e2d634a4e843a780e963d4603 - - 68f884a083bc4df4af06077f756a8e3a 68f884a083bc4df4af06077f756a8e3a] Added segment aba87633-54ac-466a-a5cd-56a5651d1ada of type geneve for network 004317af-ba12-45b2-bdc6-d05868f32a31
2026-04-02 17:40:56.726 10 INFO neutron.db.ovn_revision_numbers_db [None req-dab68815-b094-49f4-9da3-119dd3917632 79a1563535464838b1791920c7bb3b48 9f32f16e2d634a4e843a780e963d4603 - - 68f884a083bc4df4af06077f756a8e3a 68f884a083bc4df4af06077f756a8e3a] Successfully bumped revision number for resource 004317af-ba12-45b2-bdc6-d05868f32a31 (type: networks) to 1
2026-04-02 17:40:56.896 10 WARNING neutron.scheduler.dhcp_agent_scheduler [None req-dab68815-b094-49f4-9da3-119dd3917632 79a1563535464838b1791920c7bb3b48 9f32f16e2d634a4e843a780e963d4603 - - 68f884a083bc4df4af06077f756a8e3a 68f884a083bc4df4af06077f756a8e3a] No more DHCP agents
2026-04-02 17:40:56.900 10 WARNING neutron.api.rpc.agentnotifiers.dhcp_rpc_agent_api [None req-dab68815-b094-49f4-9da3-119dd3917632 79a1563535464838b1791920c7bb3b48 9f32f16e2d634a4e843a780e963d4603 - - 68f884a083bc4df4af06077f756a8e3a 68f884a083bc4df4af06077f756a8e3a] Unable to schedule network 004317af-ba12-45b2-bdc6-d05868f32a31: no agents available; will retry on subsequent port and subnet creation events.
2026-04-02 17:40:56.993 10 INFO neutron.db.ovn_revision_numbers_db [None req-dab68815-b094-49f4-9da3-119dd3917632 79a1563535464838b1791920c7bb3b48 9f32f16e2d634a4e843a780e963d4603 - - 68f884a083bc4df4af06077f756a8e3a 68f884a083bc4df4af06077f756a8e3a] Successfully bumped revision number for resource 4796fe11-dc28-4f38-bdd0-c36639887c34 (type: ports) to 1
2026-04-02 17:40:57.017 10 INFO neutron.wsgi [None req-dab68815-b094-49f4-9da3-119dd3917632 79a1563535464838b1791920c7bb3b48 9f32f16e2d634a4e843a780e963d4603 - - 68f884a083bc4df4af06077f756a8e3a 68f884a083bc4df4af06077f756a8e3a] 199.204.45.33 "POST /v2.0/networks HTTP/1.1" status: 201 len: 925 time: 0.6490285
2026-04-02 17:40:57.060 10 INFO neutron.wsgi [None req-321e8a8d-ca7d-4cda-a9ee-74f9b6037d5b 79a1563535464838b1791920c7bb3b48 9f32f16e2d634a4e843a780e963d4603 - - 68f884a083bc4df4af06077f756a8e3a 68f884a083bc4df4af06077f756a8e3a] 199.204.45.33 "GET /v2.0/ports?device_id=manila-share&binding%3Ahost_id=instance HTTP/1.1" status: 200 len: 210 time: 0.0332925
2026-04-02 17:40:57.078 10 INFO neutron.wsgi [None req-dc99f533-4c49-4da6-ab54-7625b246fcc7 79a1563535464838b1791920c7bb3b48 9f32f16e2d634a4e843a780e963d4603 - - 68f884a083bc4df4af06077f756a8e3a 68f884a083bc4df4af06077f756a8e3a] 199.204.45.33 "GET /v2.0/extensions HTTP/1.1" status: 200 len: 16980 time: 0.0098622
2026-04-02 17:40:57.318 10 WARNING neutron.scheduler.dhcp_agent_scheduler [None req-196c93b5-e196-43f6-8034-2620973b2800 79a1563535464838b1791920c7bb3b48 9f32f16e2d634a4e843a780e963d4603 - - 68f884a083bc4df4af06077f756a8e3a 68f884a083bc4df4af06077f756a8e3a] No more DHCP agents
2026-04-02 17:40:57.320 10 WARNING neutron.api.rpc.agentnotifiers.dhcp_rpc_agent_api [None req-196c93b5-e196-43f6-8034-2620973b2800 79a1563535464838b1791920c7bb3b48 9f32f16e2d634a4e843a780e963d4603 - - 68f884a083bc4df4af06077f756a8e3a 68f884a083bc4df4af06077f756a8e3a] Unable to schedule network 004317af-ba12-45b2-bdc6-d05868f32a31: no agents available; will retry on subsequent port and subnet creation events.
2026-04-02 17:40:57.407 10 INFO neutron.db.ovn_revision_numbers_db [None req-196c93b5-e196-43f6-8034-2620973b2800 79a1563535464838b1791920c7bb3b48 9f32f16e2d634a4e843a780e963d4603 - - 68f884a083bc4df4af06077f756a8e3a 68f884a083bc4df4af06077f756a8e3a] Successfully bumped revision number for resource 1909db74-c558-45b6-863c-d886cb49ac89 (type: ports) to 1
2026-04-02 17:40:57.563 10 INFO neutron.db.ovn_revision_numbers_db [None req-196c93b5-e196-43f6-8034-2620973b2800 79a1563535464838b1791920c7bb3b48 9f32f16e2d634a4e843a780e963d4603 - - 68f884a083bc4df4af06077f756a8e3a 68f884a083bc4df4af06077f756a8e3a] Successfully bumped revision number for resource 1909db74-c558-45b6-863c-d886cb49ac89 (type: ports) to 1
2026-04-02 17:40:57.594 10 INFO neutron.wsgi [None req-196c93b5-e196-43f6-8034-2620973b2800 79a1563535464838b1791920c7bb3b48 9f32f16e2d634a4e843a780e963d4603 - - 68f884a083bc4df4af06077f756a8e3a 68f884a083bc4df4af06077f756a8e3a] 199.204.45.33 "POST /v2.0/ports HTTP/1.1" status: 201 len: 1144 time: 0.5093646
2026-04-02 17:40:57.656 10 INFO neutron.wsgi [None req-eaef8767-272f-464d-b927-e4ae564c94e6 79a1563535464838b1791920c7bb3b48 9f32f16e2d634a4e843a780e963d4603 - - 68f884a083bc4df4af06077f756a8e3a 68f884a083bc4df4af06077f756a8e3a] 199.204.45.33 "GET /v2.0/networks/004317af-ba12-45b2-bdc6-d05868f32a31 HTTP/1.1" status: 200 len: 907 time: 0.0525362
2026-04-02 17:40:58.509 9 INFO neutron.plugins.ml2.drivers.ovn.mech_driver.mech_driver [None req-b6c15372-2b8f-455d-8dd4-64462efef91e - - - - - -] OVN reports status up for port: 1909db74-c558-45b6-863c-d886cb49ac89
2026-04-02 17:40:58.523 9 INFO neutron.plugins.ml2.plugin [None req-b6c15372-2b8f-455d-8dd4-64462efef91e - - - - - -] Attempt 1 to provision port 1909db74-c558-45b6-863c-d886cb49ac89
2026-04-02 17:40:58.772 9 INFO neutron.db.ovn_revision_numbers_db [None req-b6c15372-2b8f-455d-8dd4-64462efef91e - - - - - -] Successfully bumped revision number for resource 1909db74-c558-45b6-863c-d886cb49ac89 (type: ports) to 3
2026-04-02 17:41:00.235 10 INFO neutron.wsgi [None req-232ed1e8-7eb4-4488-8249-ca9c099df20c 79a1563535464838b1791920c7bb3b48 9f32f16e2d634a4e843a780e963d4603 - - 68f884a083bc4df4af06077f756a8e3a 68f884a083bc4df4af06077f756a8e3a] 199.204.45.33 "GET /v2.0/ports?device_id=manila-share&binding%3Ahost_id=instance HTTP/1.1" status: 200 len: 1172 time: 0.0541496
2026-04-02 17:41:00.292 10 INFO neutron.wsgi [None req-ed902655-67cc-465d-abbe-db37bc42b922 79a1563535464838b1791920c7bb3b48 9f32f16e2d634a4e843a780e963d4603 - - 68f884a083bc4df4af06077f756a8e3a 68f884a083bc4df4af06077f756a8e3a] 199.204.45.33 "GET /v2.0/networks/004317af-ba12-45b2-bdc6-d05868f32a31 HTTP/1.1" status: 200 len: 907 time: 0.0483670
2026-04-02 17:41:03.266 10 INFO neutron.wsgi [-] 10.0.0.220 "GET / HTTP/1.1" status: 200 len: 247 time: 0.0017123
2026-04-02 17:41:03.268 10 INFO neutron.wsgi [-] 10.0.0.220 "GET / HTTP/1.1" status: 200 len: 247 time: 0.0013282
2026-04-02 17:41:10.556 9 INFO neutron.wsgi [None req-90d4ab26-df7f-479f-8773-6572acb83345 6e572a2ffe884536a3857dbc19fff1ad d15d84c3f8b144fca4d23055a52e6571 - - default default] 199.204.45.33,10.0.0.220 "GET /v2.0/quotas/9f32f16e2d634a4e843a780e963d4603 HTTP/1.1" status: 200 len: 362 time: 0.0152824 /var/lib/openstack/lib/python3.10/site-packages/neutron/extensions/quotasv2.py:139: UserWarning: Neutron quota engine will require "--force" parameter to set a quota limit without checking the resource usage. warnings.warn('Neutron quota engine will require "--force" '
2026-04-02 17:41:11.029 9 INFO neutron.wsgi [None req-a6280b1f-fea6-4d75-9de1-98e0d1ead1e0 6e572a2ffe884536a3857dbc19fff1ad d15d84c3f8b144fca4d23055a52e6571 - - default default] 199.204.45.33,10.0.0.220 "PUT /v2.0/quotas/9f32f16e2d634a4e843a780e963d4603 HTTP/1.1" status: 200 len: 361 time: 0.0389519
2026-04-02 17:41:18.267 10 INFO neutron.wsgi [-] 10.0.0.220 "GET / HTTP/1.1" status: 200 len: 247 time: 0.0023685
2026-04-02 17:41:18.268 9 INFO neutron.wsgi [-] 10.0.0.220 "GET / HTTP/1.1" status: 200 len: 247 time: 0.0027361
2026-04-02 17:41:33.266 9 INFO neutron.wsgi [-] 10.0.0.220 "GET / HTTP/1.1" status: 200 len: 247 time: 0.0012817
2026-04-02 17:41:33.268 10 INFO neutron.wsgi [-] 10.0.0.220 "GET / HTTP/1.1" status: 200 len: 247 time: 0.0026493
2026-04-02 17:41:48.267 9 INFO neutron.wsgi [-] 10.0.0.220 "GET / HTTP/1.1" status: 200 len: 247 time: 0.0017374
2026-04-02 17:41:48.268 10 INFO neutron.wsgi [-] 10.0.0.220 "GET / HTTP/1.1" status: 200 len: 247 time: 0.0023925
2026-04-02 17:42:03.268 10 INFO neutron.wsgi [-] 10.0.0.220 "GET / HTTP/1.1" status: 200 len: 247 time: 0.0024660
2026-04-02 17:42:03.273 10 INFO neutron.wsgi [-] 10.0.0.220 "GET / HTTP/1.1" status: 200 len: 247 time: 0.0041702
2026-04-02 17:42:15.164 15 INFO neutron.db.ovn_revision_numbers_db [None req-aeb77fa1-1401-4323-b8f0-f3435ed1ee60 - - - - - -] Successfully bumped revision number for resource 3c79c004-73ee-47c7-9632-45ba0fa9a62a (type: security_groups) to 5
2026-04-02 17:42:15.165 15 INFO neutron.plugins.ml2.drivers.ovn.mech_driver.ovsdb.maintenance [None req-aeb77fa1-1401-4323-b8f0-f3435ed1ee60 - - - - - -] Maintenance task: Synchronization finished (took 0.05 seconds)
2026-04-02 17:42:18.267 9 INFO neutron.wsgi [-] 10.0.0.220 "GET / HTTP/1.1" status: 200 len: 247 time: 0.0019813
2026-04-02 17:42:18.269 10 INFO neutron.wsgi [-] 10.0.0.220 "GET / HTTP/1.1" status: 200 len: 247 time: 0.0036657 /var/lib/openstack/lib/python3.10/site-packages/pycadf/identifier.py:71: UserWarning: Invalid uuid: neutron. To ensure interoperability, identifiers should be a valid uuid. warnings.warn(('Invalid uuid: %s. To ensure interoperability, '
2026-04-02 17:42:29.481 9 INFO neutron.wsgi [None req-87e58806-a6fe-438a-b473-c89d6e87cfef 6e572a2ffe884536a3857dbc19fff1ad d15d84c3f8b144fca4d23055a52e6571 - - default default] 10.0.0.152 "GET /v2.0/network-ip-availabilities HTTP/1.1" status: 200 len: 1280 time: 0.0756779
2026-04-02 17:42:29.540 9 INFO neutron.wsgi [None req-378d8604-1526-4f6c-ae77-1ce01ac791aa 6e572a2ffe884536a3857dbc19fff1ad d15d84c3f8b144fca4d23055a52e6571 - - default default] 10.0.0.152 "GET /v2.0/security-groups HTTP/1.1" status: 200 len: 16803 time: 0.0544779
2026-04-02 17:42:29.599 9 INFO neutron.wsgi [None req-b24a09b9-1fb2-463b-8e83-29be2233f51f 6e572a2ffe884536a3857dbc19fff1ad d15d84c3f8b144fca4d23055a52e6571 - - default default] 10.0.0.152 "GET /v2.0/agents HTTP/1.1" status: 200 len: 997 time: 0.0474725
2026-04-02 17:42:29.654 9 INFO neutron.wsgi [None req-4cbad35d-0b3c-479c-ae4b-671193dedff7 6e572a2ffe884536a3857dbc19fff1ad d15d84c3f8b144fca4d23055a52e6571 - - default default] 10.0.0.152 "GET /v2.0/ports HTTP/1.1" status: 200 len: 5351 time: 0.0535779
2026-04-02 17:42:29.701 9 INFO neutron.wsgi [None req-5eab756f-e975-47f2-b2f5-b76203ced813 6e572a2ffe884536a3857dbc19fff1ad d15d84c3f8b144fca4d23055a52e6571 - - default default] 10.0.0.152 "GET /v2.0/subnets HTTP/1.1" status: 200 len: 1437 time: 0.0439906
2026-04-02 17:42:29.740 9 INFO neutron.wsgi [None req-7828ef55-dd03-4bfd-82db-0fcdb6fb1053 6e572a2ffe884536a3857dbc19fff1ad d15d84c3f8b144fca4d23055a52e6571 - - default default] 10.0.0.152 "GET /v2.0/routers HTTP/1.1" status: 200 len: 189 time: 0.0376661
2026-04-02 17:42:29.757 9 INFO neutron.wsgi [None req-ad2645c6-c1f1-42d0-8a72-c49c64c5582c 6e572a2ffe884536a3857dbc19fff1ad d15d84c3f8b144fca4d23055a52e6571 - - default default] 10.0.0.152 "GET /v2.0/agents?binary=ovn-controller HTTP/1.1" status: 200 len: 591 time: 0.0133069
2026-04-02 17:42:29.801 9 INFO neutron.wsgi [None req-c9c1eacf-dfa7-420e-8592-edeb35617eca 6e572a2ffe884536a3857dbc19fff1ad d15d84c3f8b144fca4d23055a52e6571 - - default default] 10.0.0.152 "GET /v2.0/floatingips HTTP/1.1" status: 200 len: 193 time: 0.0432997
2026-04-02 17:42:29.930 9 INFO neutron.wsgi [None req-718311a3-56a9-4eb9-82a8-5467177c3e19 6e572a2ffe884536a3857dbc19fff1ad d15d84c3f8b144fca4d23055a52e6571 - - default default] 10.0.0.152 "GET /v2.0/networks HTTP/1.1" status: 200 len: 2350 time: 0.1277909
2026-04-02 17:42:29.974 9 INFO neutron.wsgi [None req-1afebdcb-5ce2-4067-91ee-808bd84e46fb 6e572a2ffe884536a3857dbc19fff1ad d15d84c3f8b144fca4d23055a52e6571 - - default default] 10.0.0.152 "GET /v2.0/subnets HTTP/1.1" status: 200 len: 1437 time: 0.0425799
2026-04-02 17:42:29.994 9 INFO neutron.wsgi [None req-54ea4b5c-178f-4f37-86fc-455646fec274 6e572a2ffe884536a3857dbc19fff1ad d15d84c3f8b144fca4d23055a52e6571 - - default default] 10.0.0.152 "GET /v2.0/subnetpools HTTP/1.1" status: 200 len: 193 time: 0.0160828
2026-04-02 17:42:33.268 10 INFO neutron.wsgi [-] 10.0.0.220 "GET / HTTP/1.1" status: 200 len: 247 time: 0.0023708
2026-04-02 17:42:33.268 9 INFO neutron.wsgi [-] 10.0.0.220 "GET / HTTP/1.1" status: 200 len: 247 time: 0.0026431
2026-04-02 17:42:48.268 10 INFO neutron.wsgi [-] 10.0.0.220 "GET / HTTP/1.1" status: 200 len: 247 time: 0.0024185
2026-04-02 17:42:48.268 9 INFO neutron.wsgi [-] 10.0.0.220 "GET / HTTP/1.1" status: 200 len: 247 time: 0.0028152
2026-04-02 17:43:03.268 10 INFO neutron.wsgi [-] 10.0.0.220 "GET / HTTP/1.1" status: 200 len: 247 time: 0.0027182
2026-04-02 17:43:03.268 9 INFO neutron.wsgi [-] 10.0.0.220 "GET / HTTP/1.1" status: 200 len: 247 time: 0.0033159
2026-04-02 17:43:18.268 9 INFO neutron.wsgi [-] 10.0.0.220 "GET / HTTP/1.1" status: 200 len: 247 time: 0.0027118
2026-04-02 17:43:18.272 10 INFO neutron.wsgi [-] 10.0.0.220 "GET / HTTP/1.1" status: 200 len: 247 time: 0.0015500
2026-04-02 17:43:29.449 9 INFO neutron.wsgi [None req-9f8fe2e1-088c-4192-9b8d-55b2164aa233 6e572a2ffe884536a3857dbc19fff1ad d15d84c3f8b144fca4d23055a52e6571 - - default default] 10.0.0.152 "GET /v2.0/subnets HTTP/1.1" status: 200 len: 1437 time: 0.0937777
2026-04-02 17:43:29.463 9 INFO neutron.wsgi [None req-73387d17-1c6f-4e2a-92e5-659f07ffa7b0 6e572a2ffe884536a3857dbc19fff1ad d15d84c3f8b144fca4d23055a52e6571 - - default default] 10.0.0.152 "GET /v2.0/network-ip-availabilities HTTP/1.1" status: 200 len: 1280 time: 0.0128665
2026-04-02 17:43:29.534 9 INFO neutron.wsgi [None req-2a245fce-1332-4293-a9ab-b1729a1daee7 6e572a2ffe884536a3857dbc19fff1ad d15d84c3f8b144fca4d23055a52e6571 - - default default] 10.0.0.152 "GET /v2.0/networks HTTP/1.1" status: 200 len: 2350 time: 0.0707877
2026-04-02 17:43:29.588 9 INFO neutron.wsgi [None req-8a149688-36d3-4fda-af2d-675b370a0010 6e572a2ffe884536a3857dbc19fff1ad d15d84c3f8b144fca4d23055a52e6571 - - default default] 10.0.0.152 "GET /v2.0/subnets HTTP/1.1" status: 200 len: 1437 time: 0.0487099
2026-04-02 17:43:29.601 9 INFO neutron.wsgi [None req-9eb915db-ebc8-4e96-bc5e-0646b1d3e4b1 6e572a2ffe884536a3857dbc19fff1ad d15d84c3f8b144fca4d23055a52e6571 - - default default] 10.0.0.152 "GET /v2.0/subnetpools HTTP/1.1" status: 200 len: 193 time: 0.0113652
2026-04-02 17:43:29.627 9 INFO neutron.wsgi [None req-6f823b30-9482-4842-90ef-304a83677129 6e572a2ffe884536a3857dbc19fff1ad d15d84c3f8b144fca4d23055a52e6571 - - default default] 10.0.0.152 "GET /v2.0/floatingips HTTP/1.1" status: 200 len: 193 time: 0.0223804
2026-04-02 17:43:29.673 9 INFO neutron.wsgi [None req-d9b57e2f-7c43-4126-8ab0-cd39af34876e 6e572a2ffe884536a3857dbc19fff1ad d15d84c3f8b144fca4d23055a52e6571 - - default default] 10.0.0.152 "GET /v2.0/security-groups HTTP/1.1" status: 200 len: 16803 time: 0.0447268
2026-04-02 17:43:29.759 9 INFO neutron.wsgi [None req-cc154340-0fc3-4c36-a742-f602818ab37d 6e572a2ffe884536a3857dbc19fff1ad d15d84c3f8b144fca4d23055a52e6571 - - default default] 10.0.0.152 "GET /v2.0/ports HTTP/1.1" status: 200 len: 5351 time: 0.0793893
2026-04-02 17:43:29.781 9 INFO neutron.wsgi [None req-02c8f901-1de7-48ed-bb0a-5b4a97bd5360 6e572a2ffe884536a3857dbc19fff1ad d15d84c3f8b144fca4d23055a52e6571 - - default default] 10.0.0.152 "GET /v2.0/routers HTTP/1.1" status: 200 len: 189 time: 0.0179510
2026-04-02 17:43:29.838 9 INFO neutron.wsgi [None req-41bb8cec-206f-4a31-91a4-64b6626d16dd 6e572a2ffe884536a3857dbc19fff1ad d15d84c3f8b144fca4d23055a52e6571 - - default default] 10.0.0.152 "GET /v2.0/agents?binary=ovn-controller HTTP/1.1" status: 200 len: 591 time: 0.0561504
2026-04-02 17:43:29.848 9 INFO neutron.wsgi [None req-649f4754-027f-4a7a-9638-0d54df8fa0e0 6e572a2ffe884536a3857dbc19fff1ad d15d84c3f8b144fca4d23055a52e6571 - - default default] 10.0.0.152 "GET /v2.0/agents HTTP/1.1" status: 200 len: 997 time: 0.0093367
2026-04-02 17:43:33.267 10 INFO neutron.wsgi [-] 10.0.0.220 "GET / HTTP/1.1" status: 200 len: 247 time: 0.0019467
2026-04-02 17:43:33.268 9 INFO neutron.wsgi [-] 10.0.0.220 "GET / HTTP/1.1" status: 200 len: 247 time: 0.0030322
2026-04-02 17:43:48.268 10 INFO neutron.wsgi [-] 10.0.0.220 "GET / HTTP/1.1" status: 200 len: 247 time: 0.0023506
2026-04-02 17:43:48.268 9 INFO neutron.wsgi [-] 10.0.0.220 "GET / HTTP/1.1" status: 200 len: 247 time: 0.0023775
2026-04-02 17:44:03.269 10 INFO neutron.wsgi [-] 10.0.0.220 "GET / HTTP/1.1" status: 200 len: 247 time: 0.0034301
2026-04-02 17:44:03.271 9 INFO neutron.wsgi [-] 10.0.0.220 "GET / HTTP/1.1" status: 200 len: 247 time: 0.0053642
2026-04-02 17:44:18.268 10 INFO neutron.wsgi [-] 10.0.0.220 "GET / HTTP/1.1" status: 200 len: 247 time: 0.0021122
2026-04-02 17:44:18.271 10 INFO neutron.wsgi [-] 10.0.0.220 "GET / HTTP/1.1" status: 200 len: 247 time: 0.0019977
2026-04-02 17:44:29.667 9 INFO neutron.wsgi [None req-cfcd39c0-7522-499c-a509-c0d7b22545e7 6e572a2ffe884536a3857dbc19fff1ad d15d84c3f8b144fca4d23055a52e6571 - - default default] 10.0.0.152 "GET /v2.0/floatingips HTTP/1.1" status: 200 len: 193 time: 0.1628966
2026-04-02 17:44:29.689 9 INFO neutron.wsgi [None req-3c7765b5-e741-4842-a92a-af3de0d3fc97 6e572a2ffe884536a3857dbc19fff1ad d15d84c3f8b144fca4d23055a52e6571 - - default default] 10.0.0.152 "GET /v2.0/routers HTTP/1.1" status: 200 len: 189 time: 0.0207217
2026-04-02 17:44:29.735 9 INFO neutron.wsgi [None req-5fff2ce7-f5c4-4474-8cab-daa249ba46a6 6e572a2ffe884536a3857dbc19fff1ad d15d84c3f8b144fca4d23055a52e6571 - - default default] 10.0.0.152 "GET /v2.0/agents?binary=ovn-controller HTTP/1.1" status: 200 len: 591 time: 0.0452974
2026-04-02 17:44:29.748 9 INFO neutron.wsgi [None req-01d1b8e5-db52-4bc1-abc8-6688684b158e 6e572a2ffe884536a3857dbc19fff1ad d15d84c3f8b144fca4d23055a52e6571 - - default default] 10.0.0.152 "GET /v2.0/network-ip-availabilities HTTP/1.1" status: 200 len: 1280 time: 0.0118926
2026-04-02 17:44:29.851 9 INFO neutron.wsgi [None req-075c321b-561b-41f8-9bd4-21ca56a5fd93 6e572a2ffe884536a3857dbc19fff1ad d15d84c3f8b144fca4d23055a52e6571 - - default default] 10.0.0.152 "GET /v2.0/networks HTTP/1.1" status: 200 len: 2350 time: 0.1025057
2026-04-02 17:44:29.886 9 INFO neutron.wsgi [None req-b66569a1-d3da-44c0-a1ce-96b0a347510c 6e572a2ffe884536a3857dbc19fff1ad d15d84c3f8b144fca4d23055a52e6571 - - default default] 10.0.0.152 "GET /v2.0/subnets HTTP/1.1" status: 200 len: 1437 time: 0.0323043
2026-04-02 17:44:29.909 9 INFO neutron.wsgi [None req-990aa0e8-bdbf-4b94-92ab-2ae8546674c5 6e572a2ffe884536a3857dbc19fff1ad d15d84c3f8b144fca4d23055a52e6571 - - default default] 10.0.0.152 "GET /v2.0/agents HTTP/1.1" status: 200 len: 997 time: 0.0221419
2026-04-02 17:44:29.965 9 INFO neutron.wsgi [None req-780863df-1454-47c0-ba31-1534480d7d31 6e572a2ffe884536a3857dbc19fff1ad d15d84c3f8b144fca4d23055a52e6571 - - default default] 10.0.0.152 "GET /v2.0/security-groups HTTP/1.1" status: 200 len: 16803 time: 0.0511806
2026-04-02 17:44:30.007 9 INFO neutron.wsgi [None req-6d7e178a-e13b-4b61-96d0-7d18f255c571 6e572a2ffe884536a3857dbc19fff1ad d15d84c3f8b144fca4d23055a52e6571 - - default default] 10.0.0.152 "GET /v2.0/subnets HTTP/1.1" status: 200 len: 1437 time: 0.0381811
2026-04-02 17:44:30.016 9 INFO neutron.wsgi [None req-942bb88a-7e45-4c9f-9bbf-bfdc3e6cd060 6e572a2ffe884536a3857dbc19fff1ad d15d84c3f8b144fca4d23055a52e6571 - - default default] 10.0.0.152 "GET /v2.0/subnetpools HTTP/1.1" status: 200 len: 193 time: 0.0078807
2026-04-02 17:44:30.081 9 INFO neutron.wsgi [None req-f342ef95-e57d-48dd-b98a-8af3033b02a8 6e572a2ffe884536a3857dbc19fff1ad d15d84c3f8b144fca4d23055a52e6571 - - default default] 10.0.0.152 "GET /v2.0/ports HTTP/1.1" status: 200 len: 5351 time: 0.0616961
2026-04-02 17:44:33.266 10 INFO neutron.wsgi [-] 10.0.0.220 "GET / HTTP/1.1" status: 200 len: 247 time: 0.0017667
2026-04-02 17:44:33.268 9 INFO neutron.wsgi [-] 10.0.0.220 "GET / HTTP/1.1" status: 200 len: 247 time: 0.0025001
2026-04-02 17:44:48.268 9 INFO neutron.wsgi [-] 10.0.0.220 "GET / HTTP/1.1" status: 200 len: 247 time: 0.0024612
2026-04-02 17:44:48.268 10 INFO neutron.wsgi [-] 10.0.0.220 "GET / HTTP/1.1" status: 200 len: 247 time: 0.0029027
2026-04-02 17:45:03.267 10 INFO neutron.wsgi [-] 10.0.0.220 "GET / HTTP/1.1" status: 200 len: 247 time: 0.0016930
2026-04-02 17:45:03.269 9 INFO neutron.wsgi [-] 10.0.0.220 "GET / HTTP/1.1" status: 200 len: 247 time: 0.0039020
2026-04-02 17:45:18.267 10 INFO neutron.wsgi [-] 10.0.0.220 "GET / HTTP/1.1" status: 200 len: 247 time: 0.0024087
2026-04-02 17:45:18.267 9 INFO neutron.wsgi [-] 10.0.0.220 "GET / HTTP/1.1" status: 200 len: 247 time: 0.0023785
2026-04-02 17:45:29.468 9 INFO neutron.wsgi [None req-8f42d83d-7eda-43ec-a32b-eba4f8b4167c 6e572a2ffe884536a3857dbc19fff1ad d15d84c3f8b144fca4d23055a52e6571 - - default default] 10.0.0.152 "GET /v2.0/security-groups HTTP/1.1" status: 200 len: 16803 time: 0.1040485
2026-04-02 17:45:29.558 9 INFO neutron.wsgi [None req-6b76eb25-f2fa-4513-9ef8-ade50a22190b 6e572a2ffe884536a3857dbc19fff1ad d15d84c3f8b144fca4d23055a52e6571 - - default default] 10.0.0.152 "GET /v2.0/ports HTTP/1.1" status: 200 len: 5351 time: 0.0748434
2026-04-02 17:45:29.585 9 INFO neutron.wsgi [None req-e3c534be-3a78-48f2-ab4b-3c1f3b5318c8 6e572a2ffe884536a3857dbc19fff1ad d15d84c3f8b144fca4d23055a52e6571 - - default default] 10.0.0.152 "GET /v2.0/network-ip-availabilities HTTP/1.1" status: 200 len: 1280 time: 0.0235248
2026-04-02 17:45:29.608 9 INFO neutron.wsgi [None req-819dc699-9525-407f-951f-db6a58f97328 6e572a2ffe884536a3857dbc19fff1ad d15d84c3f8b144fca4d23055a52e6571 - - default default] 10.0.0.152 "GET /v2.0/floatingips HTTP/1.1" status: 200 len: 193 time: 0.0214443
2026-04-02 17:45:29.647 9 INFO neutron.wsgi [None req-94b44a23-ef33-4f12-aeb8-ca1ba56358d4 6e572a2ffe884536a3857dbc19fff1ad d15d84c3f8b144fca4d23055a52e6571 - - default default] 10.0.0.152 "GET /v2.0/subnets HTTP/1.1" status: 200 len: 1437 time: 0.0379193
2026-04-02 17:45:29.691 9 INFO neutron.wsgi [None req-0c18741a-807a-43d1-b6a9-7bb1bacbb2e2 6e572a2ffe884536a3857dbc19fff1ad d15d84c3f8b144fca4d23055a52e6571 - - default default] 10.0.0.152 "GET /v2.0/agents HTTP/1.1" status: 200 len: 997 time: 0.0422013
2026-04-02 17:45:29.717 9 INFO neutron.wsgi [None req-7dcbc2fc-1494-4fca-ad3e-9a4962b66dfb 6e572a2ffe884536a3857dbc19fff1ad d15d84c3f8b144fca4d23055a52e6571 - - default default] 10.0.0.152 "GET /v2.0/routers HTTP/1.1" status: 200 len: 189 time: 0.0237908
2026-04-02 17:45:29.726 9 INFO neutron.wsgi [None req-aff5e837-e287-4c14-8996-8275bf5762b7 6e572a2ffe884536a3857dbc19fff1ad d15d84c3f8b144fca4d23055a52e6571 - - default default] 10.0.0.152 "GET /v2.0/agents?binary=ovn-controller HTTP/1.1" status: 200 len: 591 time: 0.0085430
2026-04-02 17:45:29.767 9 INFO neutron.wsgi [None req-21a7e8a7-da39-4128-8198-645079eaf358 6e572a2ffe884536a3857dbc19fff1ad d15d84c3f8b144fca4d23055a52e6571 - - default default] 10.0.0.152 "GET /v2.0/subnets HTTP/1.1" status: 200 len: 1437 time: 0.0338242
2026-04-02 17:45:29.780 9 INFO neutron.wsgi [None req-1b5c3a9a-fcb6-4173-b356-65f712e1430d 6e572a2ffe884536a3857dbc19fff1ad d15d84c3f8b144fca4d23055a52e6571 - - default default] 10.0.0.152 "GET /v2.0/subnetpools HTTP/1.1" status: 200 len: 193 time: 0.0115945
2026-04-02 17:45:29.842 9 INFO neutron.wsgi [None req-8ce1ed83-9235-436c-a0e4-d8813ae2030c 6e572a2ffe884536a3857dbc19fff1ad d15d84c3f8b144fca4d23055a52e6571 - - default default] 10.0.0.152 "GET /v2.0/networks HTTP/1.1" status: 200 len: 2350 time: 0.0594599
2026-04-02 17:45:33.267 10 INFO neutron.wsgi [-] 10.0.0.220 "GET / HTTP/1.1" status: 200 len: 247 time: 0.0013182
2026-04-02 17:45:33.268 9 INFO neutron.wsgi [-] 10.0.0.220 "GET / HTTP/1.1" status: 200 len: 247 time: 0.0025489
2026-04-02 17:45:48.268 9 INFO neutron.wsgi [-] 10.0.0.220 "GET / HTTP/1.1" status: 200 len: 247 time: 0.0025480
2026-04-02 17:45:48.271 9 INFO neutron.wsgi [-] 10.0.0.220 "GET / HTTP/1.1" status: 200 len: 247 time: 0.0021389
2026-04-02 17:46:03.267 10 INFO neutron.wsgi [-] 10.0.0.220 "GET / HTTP/1.1" status: 200 len: 247 time: 0.0023005
2026-04-02 17:46:03.269 9 INFO neutron.wsgi [-] 10.0.0.220 "GET / HTTP/1.1" status: 200 len: 247 time: 0.0024388
2026-04-02 17:46:18.267 9 INFO neutron.wsgi [-] 10.0.0.220 "GET / HTTP/1.1" status: 200 len: 247 time: 0.0023851
2026-04-02 17:46:18.269 10 INFO neutron.wsgi [-] 10.0.0.220 "GET / HTTP/1.1" status: 200 len: 247 time: 0.0030801
2026-04-02 17:46:29.496 9 INFO neutron.wsgi [None req-6368521f-d4c8-4b78-94d1-e9322a8d2c93 6e572a2ffe884536a3857dbc19fff1ad d15d84c3f8b144fca4d23055a52e6571 - - default default] 10.0.0.152 "GET /v2.0/networks HTTP/1.1" status: 200 len: 2350 time: 0.1305037
2026-04-02 17:46:29.539 9 INFO neutron.wsgi [None req-007dab9b-c71c-4b36-ae14-bf47f03aa566 6e572a2ffe884536a3857dbc19fff1ad d15d84c3f8b144fca4d23055a52e6571 - - default default] 10.0.0.152 "GET /v2.0/ports HTTP/1.1" status: 200 len: 5351 time: 0.0414560
2026-04-02 17:46:29.559 9 INFO neutron.wsgi [None req-012feb29-3b22-480f-a732-5a8c9a990bf9 6e572a2ffe884536a3857dbc19fff1ad d15d84c3f8b144fca4d23055a52e6571 - - default default] 10.0.0.152 "GET /v2.0/network-ip-availabilities HTTP/1.1" status: 200 len: 1280 time: 0.0174546
2026-04-02 17:46:29.579 9 INFO neutron.wsgi [None req-dc78a8e8-1300-46d5-b8b2-eb94c9b0d4b9 6e572a2ffe884536a3857dbc19fff1ad d15d84c3f8b144fca4d23055a52e6571 - - default default] 10.0.0.152 "GET /v2.0/floatingips HTTP/1.1" status: 200 len: 193 time: 0.0196760
2026-04-02 17:46:29.634 9 INFO neutron.wsgi [None req-8d75e011-88e2-4880-b322-969f76f7f9ac 6e572a2ffe884536a3857dbc19fff1ad d15d84c3f8b144fca4d23055a52e6571 - - default default] 10.0.0.152 "GET /v2.0/subnets HTTP/1.1" status: 200 len: 1437 time: 0.0477788
2026-04-02 17:46:29.653 9 INFO neutron.wsgi [None req-d60fa1bf-05a0-44fb-b898-f1015ddf6d27 6e572a2ffe884536a3857dbc19fff1ad d15d84c3f8b144fca4d23055a52e6571 - - default default] 10.0.0.152 "GET /v2.0/routers HTTP/1.1" status: 200 len: 189 time: 0.0185471
2026-04-02 17:46:29.708 9 INFO neutron.wsgi [None req-eb6f9ed6-d470-4c06-876b-d5162ed2043d 6e572a2ffe884536a3857dbc19fff1ad d15d84c3f8b144fca4d23055a52e6571 - - default default] 10.0.0.152 "GET /v2.0/agents?binary=ovn-controller HTTP/1.1" status: 200 len: 591 time: 0.0538461
2026-04-02 17:46:29.767 9 INFO neutron.wsgi [None req-740289c4-f5dd-4a54-a3a4-1647f2577b0f 6e572a2ffe884536a3857dbc19fff1ad d15d84c3f8b144fca4d23055a52e6571 - - default default] 10.0.0.152 "GET /v2.0/security-groups HTTP/1.1" status: 200 len: 16803 time: 0.0578649
2026-04-02 17:46:29.802 9 INFO neutron.wsgi [None req-eed4a516-58eb-460f-9421-c9d756875285 6e572a2ffe884536a3857dbc19fff1ad d15d84c3f8b144fca4d23055a52e6571 - - default default] 10.0.0.152 "GET /v2.0/agents HTTP/1.1" status: 200 len: 997 time: 0.0264955
2026-04-02 17:46:29.838 9 INFO neutron.wsgi [None req-fbc4d6ea-a5d4-472a-b4bf-c1f5ce460772 6e572a2ffe884536a3857dbc19fff1ad d15d84c3f8b144fca4d23055a52e6571 - - default default] 10.0.0.152 "GET /v2.0/subnets HTTP/1.1" status: 200 len: 1437 time: 0.0349019
2026-04-02 17:46:29.856 9 INFO neutron.wsgi [None req-0e5efd58-cea4-452b-9847-df083c233294 6e572a2ffe884536a3857dbc19fff1ad d15d84c3f8b144fca4d23055a52e6571 - - default default] 10.0.0.152 "GET /v2.0/subnetpools HTTP/1.1" status: 200 len: 193 time: 0.0173628
2026-04-02 17:46:33.267 9 INFO neutron.wsgi [-] 10.0.0.220 "GET / HTTP/1.1" status: 200 len: 247 time: 0.0018163
2026-04-02 17:46:33.268 10 INFO neutron.wsgi [-] 10.0.0.220 "GET / HTTP/1.1" status: 200 len: 247 time: 0.0029385
2026-04-02 17:46:48.268 10 INFO neutron.wsgi [-] 10.0.0.220 "GET / HTTP/1.1" status: 200 len: 247 time: 0.0026190
2026-04-02 17:46:48.271 10 INFO neutron.wsgi [-] 10.0.0.220 "GET / HTTP/1.1" status: 200 len: 247 time: 0.0021229
2026-04-02 17:47:03.268 10 INFO neutron.wsgi [-] 10.0.0.220 "GET / HTTP/1.1" status: 200 len: 247 time: 0.0029986
2026-04-02 17:47:03.269 9 INFO neutron.wsgi [-] 10.0.0.220 "GET / HTTP/1.1" status: 200 len: 247 time: 0.0046570
2026-04-02 17:47:18.267 9 INFO neutron.wsgi [-] 10.0.0.220 "GET / HTTP/1.1" status: 200 len: 247 time: 0.0014546
2026-04-02 17:47:18.268 10 INFO neutron.wsgi [-] 10.0.0.220 "GET / HTTP/1.1" status: 200 len: 247 time: 0.0025713
2026-04-02 17:47:29.557 9 INFO neutron.wsgi [None req-9c5c8da2-c535-46ec-b658-40b7fd1d9e33 6e572a2ffe884536a3857dbc19fff1ad d15d84c3f8b144fca4d23055a52e6571 - - default default] 10.0.0.152 "GET /v2.0/networks HTTP/1.1" status: 200 len: 2350 time: 0.1728666
2026-04-02 17:47:29.597 9 INFO neutron.wsgi [None req-0a97d2a5-cfb0-49c5-823b-7a5e625df64b 6e572a2ffe884536a3857dbc19fff1ad d15d84c3f8b144fca4d23055a52e6571 - - default default] 10.0.0.152 "GET /v2.0/floatingips HTTP/1.1" status: 200 len: 193 time: 0.0373926
2026-04-02 17:47:29.650 9 INFO neutron.wsgi [None req-592763d1-2339-4651-9ea2-50ff59d0306c 6e572a2ffe884536a3857dbc19fff1ad d15d84c3f8b144fca4d23055a52e6571 - - default default] 10.0.0.152 "GET /v2.0/ports HTTP/1.1" status: 200 len: 5351 time: 0.0525503
2026-04-02 17:47:29.675 9 INFO neutron.wsgi [None req-47716305-fa10-46ea-af83-a833e6b13649 6e572a2ffe884536a3857dbc19fff1ad d15d84c3f8b144fca4d23055a52e6571 - - default default] 10.0.0.152 "GET /v2.0/routers HTTP/1.1" status: 200 len: 189 time: 0.0219145
2026-04-02 17:47:29.717 9 INFO neutron.wsgi [None req-3afd523b-5d81-47e1-804c-c086baff9617 6e572a2ffe884536a3857dbc19fff1ad d15d84c3f8b144fca4d23055a52e6571 - - default default] 10.0.0.152 "GET /v2.0/agents?binary=ovn-controller HTTP/1.1" status: 200 len: 591 time: 0.0422494
2026-04-02 17:47:29.771 9 INFO neutron.wsgi [None req-45a0a14e-cf3b-4ed6-9a27-d70a097167e9 6e572a2ffe884536a3857dbc19fff1ad d15d84c3f8b144fca4d23055a52e6571 - - default default] 10.0.0.152 "GET /v2.0/security-groups HTTP/1.1" status: 200 len: 16803 time: 0.0501835
2026-04-02 17:47:29.815 9 INFO neutron.wsgi [None req-fcf2b0bc-8a23-45ff-afd0-bbc0e661366f 6e572a2ffe884536a3857dbc19fff1ad d15d84c3f8b144fca4d23055a52e6571 - - default default] 10.0.0.152 "GET /v2.0/subnets HTTP/1.1" status: 200 len: 1437 time: 0.0357692
2026-04-02 17:47:29.827 9 INFO neutron.wsgi [None req-d2cbe29b-e12a-49d8-88c9-54e1ba3cc1be 6e572a2ffe884536a3857dbc19fff1ad d15d84c3f8b144fca4d23055a52e6571 - - default default] 10.0.0.152 "GET /v2.0/agents HTTP/1.1" status: 200 len: 997 time: 0.0106134
2026-04-02 17:47:29.840 9 INFO neutron.wsgi [None req-e9549e18-21ee-47a5-9351-d403766aac42 6e572a2ffe884536a3857dbc19fff1ad d15d84c3f8b144fca4d23055a52e6571 - - default default] 10.0.0.152 "GET /v2.0/network-ip-availabilities HTTP/1.1" status: 200 len: 1280 time: 0.0123205
2026-04-02 17:47:29.880 9 INFO neutron.wsgi [None req-d91d7543-e434-4ee8-967e-ba6219439aef 6e572a2ffe884536a3857dbc19fff1ad d15d84c3f8b144fca4d23055a52e6571 - - default default] 10.0.0.152 "GET /v2.0/subnets HTTP/1.1" status: 200 len: 1437 time: 0.0377862
2026-04-02 17:47:29.891 9 INFO neutron.wsgi [None req-f1a36f2e-7f14-4ce4-b957-8e80b374f08a 6e572a2ffe884536a3857dbc19fff1ad d15d84c3f8b144fca4d23055a52e6571 - - default default] 10.0.0.152 "GET /v2.0/subnetpools HTTP/1.1" status: 200 len: 193 time: 0.0099719
2026-04-02 17:47:33.269 10 INFO neutron.wsgi [-] 10.0.0.220 "GET / HTTP/1.1" status: 200 len: 247 time: 0.0028920
2026-04-02 17:47:33.270 9 INFO neutron.wsgi [-] 10.0.0.220 "GET / HTTP/1.1" status: 200 len: 247 time: 0.0033278
2026-04-02 17:47:48.268 9 INFO neutron.wsgi [-] 10.0.0.220 "GET / HTTP/1.1" status: 200 len: 247 time: 0.0037730
2026-04-02 17:47:48.268 10 INFO neutron.wsgi [-] 10.0.0.220 "GET / HTTP/1.1" status: 200 len: 247 time: 0.0035844
2026-04-02 17:48:03.267 10 INFO neutron.wsgi [-] 10.0.0.220 "GET / HTTP/1.1" status: 200 len: 247 time: 0.0017533
2026-04-02 17:48:03.268 9 INFO neutron.wsgi [-] 10.0.0.220 "GET / HTTP/1.1" status: 200 len: 247 time: 0.0026729
2026-04-02 17:48:18.268 10 INFO neutron.wsgi [-] 10.0.0.220 "GET / HTTP/1.1" status: 200 len: 247 time: 0.0024037
2026-04-02 17:48:18.269 9 INFO neutron.wsgi [-] 10.0.0.220 "GET / HTTP/1.1" status: 200 len: 247 time: 0.0034971
2026-04-02 17:48:29.550 9 INFO neutron.wsgi [None req-9b4f7548-327d-4572-8924-7c2c057a4f6a 6e572a2ffe884536a3857dbc19fff1ad d15d84c3f8b144fca4d23055a52e6571 - - default default] 10.0.0.152 "GET /v2.0/subnets HTTP/1.1" status: 200 len: 1437 time: 0.1159599
2026-04-02 17:48:29.558 9 INFO neutron.wsgi [None req-cbe0bf38-4bdb-44a6-a33b-149ee8d337c5 6e572a2ffe884536a3857dbc19fff1ad d15d84c3f8b144fca4d23055a52e6571 - - default default] 10.0.0.152 "GET /v2.0/subnetpools HTTP/1.1" status: 200 len: 193 time: 0.0072608
2026-04-02 17:48:29.608 9 INFO neutron.wsgi [None req-51f9e444-9521-4f6a-afa5-55a0f7e638c7 6e572a2ffe884536a3857dbc19fff1ad d15d84c3f8b144fca4d23055a52e6571 - - default default] 10.0.0.152 "GET /v2.0/networks HTTP/1.1" status: 200 len: 2350 time: 0.0494857
2026-04-02 17:48:29.651 9 INFO neutron.wsgi [None req-4739e7bc-fdbc-4b75-9a10-02bc9a68ffe9 6e572a2ffe884536a3857dbc19fff1ad d15d84c3f8b144fca4d23055a52e6571 - - default default] 10.0.0.152 "GET /v2.0/security-groups HTTP/1.1" status: 200 len: 16803 time: 0.0407317
2026-04-02 17:48:29.702 9 INFO neutron.wsgi [None req-4417d3b2-e6ef-406f-88da-1a5470c0fbf1 6e572a2ffe884536a3857dbc19fff1ad d15d84c3f8b144fca4d23055a52e6571 - - default default] 10.0.0.152 "GET /v2.0/subnets HTTP/1.1" status: 200 len: 1437 time: 0.0425112
2026-04-02 17:48:29.723 9 INFO neutron.wsgi [None req-6a8e8e84-5df6-4fee-85ed-5051849f2d33 6e572a2ffe884536a3857dbc19fff1ad d15d84c3f8b144fca4d23055a52e6571 - - default default] 10.0.0.152 "GET /v2.0/network-ip-availabilities HTTP/1.1" status: 200 len: 1280 time: 0.0196986
2026-04-02 17:48:29.762 9 INFO neutron.wsgi [None req-a16fcd7f-5142-4a05-a2a7-aa389c9e0645 6e572a2ffe884536a3857dbc19fff1ad d15d84c3f8b144fca4d23055a52e6571 - - default default] 10.0.0.152 "GET /v2.0/agents HTTP/1.1" status: 200 len: 997 time: 0.0375240
2026-04-02 17:48:29.779 9 INFO neutron.wsgi [None req-f662704c-dfdc-40c7-be42-1ab7f64ffe7f 6e572a2ffe884536a3857dbc19fff1ad d15d84c3f8b144fca4d23055a52e6571 - - default default] 10.0.0.152 "GET /v2.0/floatingips HTTP/1.1" status: 200 len: 193 time: 0.0162673
2026-04-02 17:48:29.820 9 INFO neutron.wsgi [None req-47523c1e-1344-42e1-9103-16f4d6f357a5 6e572a2ffe884536a3857dbc19fff1ad d15d84c3f8b144fca4d23055a52e6571 - - default default] 10.0.0.152 "GET /v2.0/ports HTTP/1.1" status: 200 len: 5351 time: 0.0398231
2026-04-02 17:48:29.842 9 INFO neutron.wsgi [None req-154bea6e-2f68-451f-947c-70e981253911 6e572a2ffe884536a3857dbc19fff1ad d15d84c3f8b144fca4d23055a52e6571 - - default default] 10.0.0.152 "GET /v2.0/routers HTTP/1.1" status: 200 len: 189 time: 0.0181978
2026-04-02 17:48:29.851 9 INFO neutron.wsgi [None req-c62a2f01-85ad-48a1-8ea3-e534971922e5 6e572a2ffe884536a3857dbc19fff1ad d15d84c3f8b144fca4d23055a52e6571 - - default default] 10.0.0.152 "GET /v2.0/agents?binary=ovn-controller HTTP/1.1" status: 200 len: 591 time: 0.0086074
2026-04-02 17:48:33.268 9 INFO neutron.wsgi [-] 10.0.0.220 "GET / HTTP/1.1" status: 200 len: 247 time: 0.0023973
2026-04-02 17:48:33.268 10 INFO neutron.wsgi [-] 10.0.0.220 "GET / HTTP/1.1" status: 200 len: 247 time: 0.0023746
2026-04-02 17:48:48.268 10 INFO neutron.wsgi [-] 10.0.0.220 "GET / HTTP/1.1" status: 200 len: 247 time: 0.0023403
2026-04-02 17:48:48.268 9 INFO neutron.wsgi [-] 10.0.0.220 "GET / HTTP/1.1" status: 200 len: 247 time: 0.0024447
2026-04-02 17:49:03.271 10 INFO neutron.wsgi [-] 10.0.0.220 "GET / HTTP/1.1" status: 200 len: 247 time: 0.0056856
2026-04-02 17:49:03.274 10 INFO neutron.wsgi [-] 10.0.0.220 "GET / HTTP/1.1" status: 200 len: 247 time: 0.0020428
2026-04-02 17:49:18.266 9 INFO neutron.wsgi [-] 10.0.0.220 "GET / HTTP/1.1" status: 200 len: 247 time: 0.0016658
2026-04-02 17:49:18.268 9 INFO neutron.wsgi [-] 10.0.0.220 "GET / HTTP/1.1" status: 200 len: 247 time: 0.0012958
2026-04-02 17:49:29.458 9 INFO neutron.wsgi [None req-922b6935-2fae-4d30-b919-ae93b875f1b9 6e572a2ffe884536a3857dbc19fff1ad d15d84c3f8b144fca4d23055a52e6571 - - default default] 10.0.0.152 "GET /v2.0/routers HTTP/1.1" status: 200 len: 189 time: 0.0780261
2026-04-02 17:49:29.516 9 INFO neutron.wsgi [None req-43b3f0ce-f570-4167-a7c4-ab71193f3660 6e572a2ffe884536a3857dbc19fff1ad d15d84c3f8b144fca4d23055a52e6571 - - default default] 10.0.0.152 "GET /v2.0/agents?binary=ovn-controller HTTP/1.1" status: 200 len: 591 time: 0.0566266
2026-04-02 17:49:29.559 9 INFO neutron.wsgi [None req-1df912a6-0741-491a-8c7a-ee0a1e7712f9 6e572a2ffe884536a3857dbc19fff1ad d15d84c3f8b144fca4d23055a52e6571 - - default default] 10.0.0.152 "GET /v2.0/floatingips HTTP/1.1" status: 200 len: 193 time: 0.0420566
2026-04-02 17:49:29.655 9 INFO neutron.wsgi [None req-068f6557-85ea-4ee6-90ff-10931fb5cbde 6e572a2ffe884536a3857dbc19fff1ad d15d84c3f8b144fca4d23055a52e6571 - - default default] 10.0.0.152 "GET /v2.0/networks HTTP/1.1" status: 200 len: 2350 time: 0.0953908
2026-04-02 17:49:29.725 9 INFO neutron.wsgi [None req-b57ef2aa-9bd1-4b57-a272-0839eb55ecc4 6e572a2ffe884536a3857dbc19fff1ad d15d84c3f8b144fca4d23055a52e6571 - - default default] 10.0.0.152 "GET /v2.0/security-groups HTTP/1.1" status: 200 len: 16803 time: 0.0682573
2026-04-02 17:49:29.754 9 INFO neutron.wsgi [None req-d1a23b19-7bc2-4d65-b37f-c18d93154687 6e572a2ffe884536a3857dbc19fff1ad d15d84c3f8b144fca4d23055a52e6571 - - default default] 10.0.0.152 "GET /v2.0/network-ip-availabilities HTTP/1.1" status: 200 len: 1280 time: 0.0226557
2026-04-02 17:49:29.792 9 INFO neutron.wsgi [None req-b363efd8-dfc4-4643-ac5e-796b31177920 6e572a2ffe884536a3857dbc19fff1ad d15d84c3f8b144fca4d23055a52e6571 - - default default] 10.0.0.152 "GET /v2.0/subnets HTTP/1.1" status: 200 len: 1437 time: 0.0375626
2026-04-02 17:49:29.806 9 INFO neutron.wsgi [None req-9434ff3e-210c-45c4-8b05-753d64d280c9 6e572a2ffe884536a3857dbc19fff1ad d15d84c3f8b144fca4d23055a52e6571 - - default default] 10.0.0.152 "GET /v2.0/agents HTTP/1.1" status: 200 len: 997 time: 0.0121455
2026-04-02 17:49:29.862 9 INFO neutron.wsgi [None req-cbfe4d0b-f2f5-4a77-b065-243412aa001f 6e572a2ffe884536a3857dbc19fff1ad d15d84c3f8b144fca4d23055a52e6571 - - default default] 10.0.0.152 "GET /v2.0/ports HTTP/1.1" status: 200 len: 5351 time: 0.0554121
2026-04-02 17:49:29.895 9 INFO neutron.wsgi [None req-81159716-acc2-4aa2-aa1f-a32d37a3d532 6e572a2ffe884536a3857dbc19fff1ad d15d84c3f8b144fca4d23055a52e6571 - - default default] 10.0.0.152 "GET /v2.0/subnets HTTP/1.1" status: 200 len: 1437 time: 0.0286500
2026-04-02 17:49:29.909 9 INFO neutron.wsgi [None req-430e7d60-348d-4ffc-a205-93b6ae632775 6e572a2ffe884536a3857dbc19fff1ad d15d84c3f8b144fca4d23055a52e6571 - - default default] 10.0.0.152 "GET /v2.0/subnetpools HTTP/1.1" status: 200 len: 193 time: 0.0130672
2026-04-02 17:49:33.269 9 INFO neutron.wsgi [-] 10.0.0.220 "GET / HTTP/1.1" status: 200 len: 247 time: 0.0038867
2026-04-02 17:49:33.270 10 INFO neutron.wsgi [-] 10.0.0.220 "GET / HTTP/1.1" status: 200 len: 247 time: 0.0048461
2026-04-02 17:49:48.267 10 INFO neutron.wsgi [-] 10.0.0.220 "GET / HTTP/1.1" status: 200 len: 247 time: 0.0023220
2026-04-02 17:49:48.269 9 INFO neutron.wsgi [-] 10.0.0.220 "GET / HTTP/1.1" status: 200 len: 247 time: 0.0039430
2026-04-02 17:50:03.268 9 INFO neutron.wsgi [-] 10.0.0.220 "GET / HTTP/1.1" status: 200 len: 247 time: 0.0026195
2026-04-02 17:50:03.270 10 INFO neutron.wsgi [-] 10.0.0.220 "GET / HTTP/1.1" status: 200 len: 247 time: 0.0041847
2026-04-02 17:50:18.267 10 INFO neutron.wsgi [-] 10.0.0.220 "GET / HTTP/1.1" status: 200 len: 247 time: 0.0025477
2026-04-02 17:50:18.268 9 INFO neutron.wsgi [-] 10.0.0.220 "GET / HTTP/1.1" status: 200 len: 247 time: 0.0025907
