2026-04-02 17:56:17.714 10 WARNING neutron.scheduler.dhcp_agent_scheduler [None req-24777051-9386-4924-92ce-68ae68d6d9e3 e3310fc4e86e478f82d8df957633130a b185cbe3db19465caf4ecac32172806d - - default default] No more DHCP agents
2026-04-02 17:56:17.716 10 WARNING neutron.api.rpc.agentnotifiers.dhcp_rpc_agent_api [None req-24777051-9386-4924-92ce-68ae68d6d9e3 e3310fc4e86e478f82d8df957633130a b185cbe3db19465caf4ecac32172806d - - default default] Unable to schedule network 09101c23-a253-4877-93d3-2ecdfe316314: no agents available; will retry on subsequent port and subnet creation events.
2026-04-02 17:56:17.803 10 INFO neutron.db.ovn_revision_numbers_db [None req-24777051-9386-4924-92ce-68ae68d6d9e3 e3310fc4e86e478f82d8df957633130a b185cbe3db19465caf4ecac32172806d - - default default] Successfully bumped revision number for resource cedceca7-409c-482c-9acf-d74bc8a37c31 (type: ports) to 1
2026-04-02 17:56:17.829 10 INFO neutron.wsgi [None req-24777051-9386-4924-92ce-68ae68d6d9e3 e3310fc4e86e478f82d8df957633130a b185cbe3db19465caf4ecac32172806d - - default default] 10.0.0.116 "POST /v2.0/networks HTTP/1.1" status: 201 len: 849 time: 0.8902659
2026-04-02 17:56:17.839 10 WARNING neutron_lib.context [None req-7eb4c2aa-1508-4d71-875f-d65c0b9f4b68 e3310fc4e86e478f82d8df957633130a b185cbe3db19465caf4ecac32172806d - - default default] Method 'is_advsvc' is deprecated since 2023.2 release (neutron-lib 3.8.0) and will be removed once support for the old RBAC API policies will be removed from Neutron. Please use method 'is_service_role' instead.
2026-04-02 17:56:17.852 9 INFO neutron.services.segments.plugin [-] Segment 0826fcec-adba-4a4b-9259-4b36a74e79b2 resource provider aggregate not found
2026-04-02 17:56:17.857 9 INFO neutron.services.segments.plugin [-] Segment 0826fcec-adba-4a4b-9259-4b36a74e79b2 resource provider aggregate not found
2026-04-02 17:56:17.877 9 INFO neutron.services.segments.plugin [-] Segment 0826fcec-adba-4a4b-9259-4b36a74e79b2 resource provider not found; error: Placement Client Error (4xx): {"errors": [{"status": 404, "title": "Not Found", "detail": "The resource could not be found.\n\n No resource provider with uuid 0826fcec-adba-4a4b-9259-4b36a74e79b2 found for delete ", "request_id": "req-3dc585f5-4b99-4eaf-804e-b68ffa60f809"}]}
2026-04-02 17:56:17.878 9 INFO neutron.services.segments.plugin [-] Segment 0826fcec-adba-4a4b-9259-4b36a74e79b2 resource provider not found; error: Placement Client Error (4xx): {"errors": [{"status": 404, "title": "Not Found", "detail": "The resource could not be found.\n\n No resource provider with uuid 0826fcec-adba-4a4b-9259-4b36a74e79b2 found for delete ", "request_id": "req-85034086-0dbc-4b46-9eab-f469c07307f4"}]}
2026-04-02 17:56:17.914 9 INFO neutron.wsgi [None req-53087bdc-9eb6-4431-9006-a6369b0e0bd8 6e572a2ffe884536a3857dbc19fff1ad d15d84c3f8b144fca4d23055a52e6571 - - default default] 10.0.0.116 "DELETE /v2.0/networks/13cb792c-a1f8-46b0-861f-e9c71ca4824d HTTP/1.1" status: 204 len: 168 time: 0.5712616
2026-04-02 17:56:18.108 10 WARNING neutron.scheduler.dhcp_agent_scheduler [None req-7eb4c2aa-1508-4d71-875f-d65c0b9f4b68 e3310fc4e86e478f82d8df957633130a b185cbe3db19465caf4ecac32172806d - - default default] No more DHCP agents
2026-04-02 17:56:18.110 10 WARNING neutron.api.rpc.agentnotifiers.dhcp_rpc_agent_api [None req-7eb4c2aa-1508-4d71-875f-d65c0b9f4b68 e3310fc4e86e478f82d8df957633130a b185cbe3db19465caf4ecac32172806d - - default default] Unable to schedule network 09101c23-a253-4877-93d3-2ecdfe316314: no agents available; will retry on subsequent port and subnet creation events.
2026-04-02 17:56:18.137 10 INFO neutron.db.ovn_revision_numbers_db [None req-7eb4c2aa-1508-4d71-875f-d65c0b9f4b68 e3310fc4e86e478f82d8df957633130a b185cbe3db19465caf4ecac32172806d - - default default] Successfully bumped revision number for resource af5192c4-c7a1-46ef-9ca5-c6c3fbf63c84 (type: subnets) to 0
2026-04-02 17:56:18.154 10 INFO neutron.wsgi [None req-7eb4c2aa-1508-4d71-875f-d65c0b9f4b68 e3310fc4e86e478f82d8df957633130a b185cbe3db19465caf4ecac32172806d - - default default] 10.0.0.116 "POST /v2.0/subnets HTTP/1.1" status: 201 len: 802 time: 0.3199730
2026-04-02 17:56:18.158 9 INFO neutron.wsgi [None req-6c116000-a529-41fb-99a8-44c11a9dd173 6e572a2ffe884536a3857dbc19fff1ad d15d84c3f8b144fca4d23055a52e6571 - - default default] 10.0.0.116 "GET /v2.0/security-groups?tenant_id=3c9871a99efa4cb4860997c273d91d99&name=default HTTP/1.1" status: 200 len: 2996 time: 0.0405436
2026-04-02 17:56:18.166 9 WARNING neutron_lib.context [None req-96e274fb-06eb-4726-8c28-264e3b3a5b45 e3310fc4e86e478f82d8df957633130a b185cbe3db19465caf4ecac32172806d - - default default] Method 'is_advsvc' is deprecated since 2023.2 release (neutron-lib 3.8.0) and will be removed once support for the old RBAC API policies will be removed from Neutron. Please use method 'is_service_role' instead.
2026-04-02 17:56:18.267 10 INFO neutron.wsgi [-] 10.0.0.220 "GET / HTTP/1.1" status: 200 len: 247 time: 0.0017204
2026-04-02 17:56:18.269 10 INFO neutron.wsgi [-] 10.0.0.220 "GET / HTTP/1.1" status: 200 len: 247 time: 0.0013320
2026-04-02 17:56:18.359 10 INFO neutron.wsgi [None req-b68fa4a2-c105-49f6-b6c2-c2dc73f5f259 6e572a2ffe884536a3857dbc19fff1ad d15d84c3f8b144fca4d23055a52e6571 - - default default] 10.0.0.116 "DELETE /v2.0/security-groups/0d73df93-2084-42b3-9df3-313a206c1c71 HTTP/1.1" status: 204 len: 168 time: 0.1936786
2026-04-02 17:56:18.648 9 WARNING neutron.scheduler.dhcp_agent_scheduler [None req-96e274fb-06eb-4726-8c28-264e3b3a5b45 e3310fc4e86e478f82d8df957633130a b185cbe3db19465caf4ecac32172806d - - default default] No more DHCP agents
2026-04-02 17:56:18.650 9 WARNING neutron.api.rpc.agentnotifiers.dhcp_rpc_agent_api [None req-96e274fb-06eb-4726-8c28-264e3b3a5b45 e3310fc4e86e478f82d8df957633130a b185cbe3db19465caf4ecac32172806d - - default default] Unable to schedule network 8134dd1c-f936-4b4a-8827-84d8f7e38382: no agents available; will retry on subsequent port and subnet creation events.
2026-04-02 17:56:18.834 9 INFO neutron.db.ovn_revision_numbers_db [None req-96e274fb-06eb-4726-8c28-264e3b3a5b45 e3310fc4e86e478f82d8df957633130a b185cbe3db19465caf4ecac32172806d - - default default] Successfully bumped revision number for resource 4fa2daf9-c0cd-4d78-9099-99b4d3063de5 (type: ports) to 1
2026-04-02 17:56:19.465 10 INFO neutron.plugins.ml2.drivers.ovn.mech_driver.mech_driver [None req-723bc847-d115-40b4-a729-a180a8ccbf88 - - - - - -] OVN reports status up for port: 4fa2daf9-c0cd-4d78-9099-99b4d3063de5
2026-04-02 17:56:19.471 10 INFO neutron.plugins.ml2.plugin [None req-723bc847-d115-40b4-a729-a180a8ccbf88 - - - - - -] Attempt 1 to provision port 4fa2daf9-c0cd-4d78-9099-99b4d3063de5
2026-04-02 17:56:19.486 9 INFO neutron.wsgi [req-2fd9e437-4f80-4654-b23b-a6efdbdcbe4e req-4a54ef7e-3dc5-409c-84c4-3b2cca624abf 00cc6f4b48d0426da0a2d4147cc95975 8fe259ddff534c13be2f7769e886314e - - default default] 10.0.0.225 "GET /v2.0/ports?device_id=ab556075-0502-4647-aee4-1e45694a0131 HTTP/1.1" status: 200 len: 1170 time: 0.1157289
2026-04-02 17:56:19.489 9 INFO neutron.db.ovn_revision_numbers_db [None req-96e274fb-06eb-4726-8c28-264e3b3a5b45 e3310fc4e86e478f82d8df957633130a b185cbe3db19465caf4ecac32172806d - - default default] Successfully bumped revision number for resource 4fa2daf9-c0cd-4d78-9099-99b4d3063de5 (type: router_ports) to 1
2026-04-02 17:56:19.552 9 INFO neutron.wsgi [req-2fd9e437-4f80-4654-b23b-a6efdbdcbe4e req-536192bd-59d3-4ffc-ad34-9ae5acbf35c3 00cc6f4b48d0426da0a2d4147cc95975 8fe259ddff534c13be2f7769e886314e - - default default] 10.0.0.225 "GET /v2.0/security-groups?id=3edec04d-bc4e-49d3-a4cc-f5cac253fc57&fields=id&fields=name HTTP/1.1" status: 200 len: 312 time: 0.0452187
2026-04-02 17:56:19.570 9 INFO neutron.db.ovn_revision_numbers_db [None req-96e274fb-06eb-4726-8c28-264e3b3a5b45 e3310fc4e86e478f82d8df957633130a b185cbe3db19465caf4ecac32172806d - - default default] Successfully bumped revision number for resource 5b11ec20-e40c-45e2-a93d-4195ceec4699 (type: routers) to 2
2026-04-02 17:56:19.594 9 INFO neutron.wsgi [None req-96e274fb-06eb-4726-8c28-264e3b3a5b45 e3310fc4e86e478f82d8df957633130a b185cbe3db19465caf4ecac32172806d - - default default] 10.0.0.116 "POST /v2.0/routers HTTP/1.1" status: 201 len: 875 time: 1.4319782
2026-04-02 17:56:19.654 9 INFO neutron.wsgi [req-45b1c5d0-75b5-4a78-949a-b7bd1cbfdc3c req-223a3e74-a2b0-4a1a-81bf-60bee84afeff 00cc6f4b48d0426da0a2d4147cc95975 8fe259ddff534c13be2f7769e886314e - - default default] 10.0.0.225 "GET /v2.0/ports?device_id=ab556075-0502-4647-aee4-1e45694a0131 HTTP/1.1" status: 200 len: 1170 time: 0.0395358
2026-04-02 17:56:19.693 9 INFO neutron.wsgi [req-45b1c5d0-75b5-4a78-949a-b7bd1cbfdc3c req-b32b505e-e805-4583-aefd-704cbf42324b 00cc6f4b48d0426da0a2d4147cc95975 8fe259ddff534c13be2f7769e886314e - - default default] 10.0.0.225 "GET /v2.0/security-groups?id=3edec04d-bc4e-49d3-a4cc-f5cac253fc57&fields=id&fields=name HTTP/1.1" status: 200 len: 312 time: 0.0316541
2026-04-02 17:56:20.100 9 INFO neutron.wsgi [req-910f3f9f-e981-43f7-a87a-44b5b726e0ca req-46469aca-a696-4d43-849d-7e2ea0beeeb9 00cc6f4b48d0426da0a2d4147cc95975 8fe259ddff534c13be2f7769e886314e - - default default] 10.0.0.225 "GET /v2.0/ports?device_id=ab556075-0502-4647-aee4-1e45694a0131 HTTP/1.1" status: 200 len: 1170 time: 0.0475693
2026-04-02 17:56:20.142 9 INFO neutron.wsgi [req-910f3f9f-e981-43f7-a87a-44b5b726e0ca req-61d279e3-ac39-4987-9795-7e00ffcad957 00cc6f4b48d0426da0a2d4147cc95975 8fe259ddff534c13be2f7769e886314e - - default default] 10.0.0.225 "GET /v2.0/security-groups?id=3edec04d-bc4e-49d3-a4cc-f5cac253fc57&fields=id&fields=name HTTP/1.1" status: 200 len: 312 time: 0.0348306
2026-04-02 17:56:20.211 9 INFO neutron.wsgi [req-c1aaf927-8752-4590-8f75-fe27bdb844fe req-cd4344a1-543e-4c49-bb26-dc13ccbac6e5 79db3ab00c1a4de2959a6231a9d52505 9f32f16e2d634a4e843a780e963d4603 - - 68f884a083bc4df4af06077f756a8e3a 68f884a083bc4df4af06077f756a8e3a] 199.204.45.33 "GET /v2.0/ports?tenant_id=8fe259ddff534c13be2f7769e886314e&device_id=ab556075-0502-4647-aee4-1e45694a0131 HTTP/1.1" status: 200 len: 1409 time: 0.0556068
2026-04-02 17:56:20.277 9 INFO neutron.wsgi [req-c1aaf927-8752-4590-8f75-fe27bdb844fe req-e30cd909-d36c-4526-a84c-f744843cf601 79db3ab00c1a4de2959a6231a9d52505 9f32f16e2d634a4e843a780e963d4603 - - 68f884a083bc4df4af06077f756a8e3a 68f884a083bc4df4af06077f756a8e3a] 199.204.45.33 "GET /v2.0/networks?id=fa1047db-fdd3-4ee9-a91c-463150807f7e HTTP/1.1" status: 200 len: 973 time: 0.0603046
2026-04-02 17:56:20.326 9 INFO neutron.wsgi [req-c1aaf927-8752-4590-8f75-fe27bdb844fe req-6914b67f-da43-4dbd-b053-72f38643140b 79db3ab00c1a4de2959a6231a9d52505 9f32f16e2d634a4e843a780e963d4603 - - 68f884a083bc4df4af06077f756a8e3a 68f884a083bc4df4af06077f756a8e3a] 199.204.45.33 "GET /v2.0/floatingips?fixed_ip_address=10.100.0.7&port_id=994c60e1-671e-4640-8294-590b6b93a5f9 HTTP/1.1" status: 200 len: 1059 time: 0.0439169
2026-04-02 17:56:20.370 9 INFO neutron.wsgi [req-c1aaf927-8752-4590-8f75-fe27bdb844fe req-fc38ff00-88f1-4137-b5bc-08205b20752e 79db3ab00c1a4de2959a6231a9d52505 9f32f16e2d634a4e843a780e963d4603 - - 68f884a083bc4df4af06077f756a8e3a 68f884a083bc4df4af06077f756a8e3a] 199.204.45.33 "GET /v2.0/subnets?id=7ac5e004-a3f0-4ad8-88bb-879ca70bd0a9 HTTP/1.1" status: 200 len: 868 time: 0.0358438
2026-04-02 17:56:20.396 9 INFO neutron.wsgi [req-c1aaf927-8752-4590-8f75-fe27bdb844fe req-040fd092-407c-4af5-8f77-680e16130c21 79db3ab00c1a4de2959a6231a9d52505 9f32f16e2d634a4e843a780e963d4603 - - 68f884a083bc4df4af06077f756a8e3a 68f884a083bc4df4af06077f756a8e3a] 199.204.45.33 "GET /v2.0/ports?network_id=fa1047db-fdd3-4ee9-a91c-463150807f7e&device_owner=network%3Adhcp HTTP/1.1" status: 200 len: 210 time: 0.0186644
2026-04-02 17:56:20.410 10 WARNING neutron.scheduler.dhcp_agent_scheduler [None req-851538a7-e94c-47f5-bf7d-46ad90a7f231 e3310fc4e86e478f82d8df957633130a b185cbe3db19465caf4ecac32172806d - - default default] No more DHCP agents
2026-04-02 17:56:20.412 10 WARNING neutron.api.rpc.agentnotifiers.dhcp_rpc_agent_api [None req-851538a7-e94c-47f5-bf7d-46ad90a7f231 e3310fc4e86e478f82d8df957633130a b185cbe3db19465caf4ecac32172806d - - default default] Unable to schedule network 09101c23-a253-4877-93d3-2ecdfe316314: no agents available; will retry on subsequent port and subnet creation events.
2026-04-02 17:56:20.465 9 INFO neutron.wsgi [req-c1aaf927-8752-4590-8f75-fe27bdb844fe req-af37d6e8-b6e8-41ae-a304-1cd3ae03ccc2 79db3ab00c1a4de2959a6231a9d52505 9f32f16e2d634a4e843a780e963d4603 - - 68f884a083bc4df4af06077f756a8e3a 68f884a083bc4df4af06077f756a8e3a] 199.204.45.33 "GET /v2.0/networks/fa1047db-fdd3-4ee9-a91c-463150807f7e?fields=segments HTTP/1.1" status: 200 len: 212 time: 0.0595415
2026-04-02 17:56:20.530 9 INFO neutron.wsgi [req-c1aaf927-8752-4590-8f75-fe27bdb844fe req-de710553-3df6-4f49-99e4-26785575020b 79db3ab00c1a4de2959a6231a9d52505 9f32f16e2d634a4e843a780e963d4603 - - 68f884a083bc4df4af06077f756a8e3a 68f884a083bc4df4af06077f756a8e3a] 199.204.45.33 "GET /v2.0/networks/fa1047db-fdd3-4ee9-a91c-463150807f7e?fields=provider%3Aphysical_network&fields=provider%3Anetwork_type HTTP/1.1" status: 200 len: 277 time: 0.0575845
2026-04-02 17:56:20.596 10 INFO neutron.db.ovn_revision_numbers_db [None req-851538a7-e94c-47f5-bf7d-46ad90a7f231 e3310fc4e86e478f82d8df957633130a b185cbe3db19465caf4ecac32172806d - - default default] Successfully bumped revision number for resource 3e0b077f-aeaa-40b7-a3da-f457d27a6eba (type: ports) to 1
2026-04-02 17:56:20.756 9 INFO neutron.plugins.ml2.drivers.ovn.mech_driver.mech_driver [None req-b6c15372-2b8f-455d-8dd4-64462efef91e - - - - - -] OVN reports status down for port: 994c60e1-671e-4640-8294-590b6b93a5f9
2026-04-02 17:56:20.900 9 INFO neutron.notifiers.nova [-] Nova event matching ['req-b291bb39-cf18-4be1-9d13-8a0961aa55f6'] response: {'server_uuid': 'ab556075-0502-4647-aee4-1e45694a0131', 'name': 'network-vif-unplugged', 'status': 'completed', 'tag': '994c60e1-671e-4640-8294-590b6b93a5f9', 'code': 200}
2026-04-02 17:56:21.072 10 INFO neutron.db.ovn_revision_numbers_db [None req-851538a7-e94c-47f5-bf7d-46ad90a7f231 e3310fc4e86e478f82d8df957633130a b185cbe3db19465caf4ecac32172806d - - default default] Successfully bumped revision number for resource 3e0b077f-aeaa-40b7-a3da-f457d27a6eba (type: router_ports) to 1
2026-04-02 17:56:21.075 9 INFO neutron.db.ovn_revision_numbers_db [None req-b6c15372-2b8f-455d-8dd4-64462efef91e - - - - - -] Successfully bumped revision number for resource 994c60e1-671e-4640-8294-590b6b93a5f9 (type: ports) to 5 /var/lib/openstack/lib/python3.10/site-packages/pycadf/identifier.py:71: UserWarning: Invalid uuid: neutron. To ensure interoperability, identifiers should be a valid uuid. warnings.warn(('Invalid uuid: %s. To ensure interoperability, '
2026-04-02 17:56:21.253 9 INFO neutron.wsgi [req-729d04ec-396c-46bb-915d-736451f10b2f req-8a352ddc-ca64-4b6c-98d7-5ad224cfdfbc 00cc6f4b48d0426da0a2d4147cc95975 8fe259ddff534c13be2f7769e886314e - - default default] 10.0.0.225 "GET /v2.0/ports?device_id=ab556075-0502-4647-aee4-1e45694a0131 HTTP/1.1" status: 200 len: 1168 time: 0.0481129
2026-04-02 17:56:21.276 10 INFO neutron.db.ovn_revision_numbers_db [None req-851538a7-e94c-47f5-bf7d-46ad90a7f231 e3310fc4e86e478f82d8df957633130a b185cbe3db19465caf4ecac32172806d - - default default] Successfully bumped revision number for resource 3e0b077f-aeaa-40b7-a3da-f457d27a6eba (type: ports) to 1
2026-04-02 17:56:21.298 9 INFO neutron.wsgi [req-729d04ec-396c-46bb-915d-736451f10b2f req-9e4ff8f3-252e-4679-a74c-6deb2d58d767 00cc6f4b48d0426da0a2d4147cc95975 8fe259ddff534c13be2f7769e886314e - - default default] 10.0.0.225 "GET /v2.0/security-groups?id=3edec04d-bc4e-49d3-a4cc-f5cac253fc57&fields=id&fields=name HTTP/1.1" status: 200 len: 312 time: 0.0376410
2026-04-02 17:56:21.345 10 WARNING neutron.scheduler.dhcp_agent_scheduler [None req-851538a7-e94c-47f5-bf7d-46ad90a7f231 e3310fc4e86e478f82d8df957633130a b185cbe3db19465caf4ecac32172806d - - default default] No more DHCP agents
2026-04-02 17:56:21.346 10 WARNING neutron.api.rpc.agentnotifiers.dhcp_rpc_agent_api [None req-851538a7-e94c-47f5-bf7d-46ad90a7f231 e3310fc4e86e478f82d8df957633130a b185cbe3db19465caf4ecac32172806d - - default default] Unable to schedule network 09101c23-a253-4877-93d3-2ecdfe316314: no agents available; will retry on subsequent port and subnet creation events.
2026-04-02 17:56:21.410 9 INFO neutron.plugins.ml2.drivers.ovn.mech_driver.mech_driver [None req-b6c15372-2b8f-455d-8dd4-64462efef91e - - - - - -] OVN reports status up for port: 994c60e1-671e-4640-8294-590b6b93a5f9
2026-04-02 17:56:21.436 9 INFO neutron.plugins.ml2.plugin [None req-b6c15372-2b8f-455d-8dd4-64462efef91e - - - - - -] Attempt 1 to provision port 994c60e1-671e-4640-8294-590b6b93a5f9
2026-04-02 17:56:21.622 9 INFO neutron.db.ovn_revision_numbers_db [None req-ec290df3-9a9f-4419-9775-55db12d984a1 6e572a2ffe884536a3857dbc19fff1ad d15d84c3f8b144fca4d23055a52e6571 - - default default] Successfully bumped revision number for resource 1323063c-bfd4-4f0e-ba26-ec4273d7961e (type: security_groups) to 1
2026-04-02 17:56:21.643 9 INFO neutron.db.ovn_revision_numbers_db [None req-ec290df3-9a9f-4419-9775-55db12d984a1 6e572a2ffe884536a3857dbc19fff1ad d15d84c3f8b144fca4d23055a52e6571 - - default default] Successfully bumped revision number for resource 4f42ca46-6c8e-4c3e-9768-55835f2ba350 (type: security_group_rules) to 0
2026-04-02 17:56:21.652 10 INFO neutron.db.ovn_revision_numbers_db [None req-851538a7-e94c-47f5-bf7d-46ad90a7f231 e3310fc4e86e478f82d8df957633130a b185cbe3db19465caf4ecac32172806d - - default default] Successfully bumped revision number for resource 3e0b077f-aeaa-40b7-a3da-f457d27a6eba (type: router_ports) to 1
2026-04-02 17:56:21.655 10 INFO neutron.wsgi [None req-851538a7-e94c-47f5-bf7d-46ad90a7f231 e3310fc4e86e478f82d8df957633130a b185cbe3db19465caf4ecac32172806d - - default default] 10.0.0.116 "PUT /v2.0/routers/5b11ec20-e40c-45e2-a93d-4195ceec4699/add_router_interface HTTP/1.1" status: 200 len: 503 time: 2.0552363
2026-04-02 17:56:21.668 9 INFO neutron.db.ovn_revision_numbers_db [None req-ec290df3-9a9f-4419-9775-55db12d984a1 6e572a2ffe884536a3857dbc19fff1ad d15d84c3f8b144fca4d23055a52e6571 - - default default] Successfully bumped revision number for resource af73d4f4-d372-486c-b49e-34938565ad96 (type: security_group_rules) to 0
2026-04-02 17:56:21.671 10 WARNING neutron_lib.context [None req-3b9dad5a-278f-43ca-8f46-b42adafe03b4 e3310fc4e86e478f82d8df957633130a b185cbe3db19465caf4ecac32172806d - - default default] Method 'is_advsvc' is deprecated since 2023.2 release (neutron-lib 3.8.0) and will be removed once support for the old RBAC API policies will be removed from Neutron. Please use method 'is_service_role' instead.
2026-04-02 17:56:21.686 9 INFO neutron.db.ovn_revision_numbers_db [None req-ec290df3-9a9f-4419-9775-55db12d984a1 6e572a2ffe884536a3857dbc19fff1ad d15d84c3f8b144fca4d23055a52e6571 - - default default] Successfully bumped revision number for resource e8ff27e5-b965-40ad-a43c-6a2df8105f9c (type: security_group_rules) to 0
2026-04-02 17:56:21.716 9 INFO neutron.db.ovn_revision_numbers_db [None req-ec290df3-9a9f-4419-9775-55db12d984a1 6e572a2ffe884536a3857dbc19fff1ad d15d84c3f8b144fca4d23055a52e6571 - - default default] Successfully bumped revision number for resource f2e6800a-2085-4b26-84e3-30c5ab4119d3 (type: security_group_rules) to 0
2026-04-02 17:56:21.749 9 INFO neutron.wsgi [None req-ec290df3-9a9f-4419-9775-55db12d984a1 6e572a2ffe884536a3857dbc19fff1ad d15d84c3f8b144fca4d23055a52e6571 - - default default] 10.0.0.116 "GET /v2.0/security-groups?tenant_id=0be3160255dd476b990351ce1c37ef13&name=default HTTP/1.1" status: 200 len: 2996 time: 0.4821250
2026-04-02 17:56:21.750 9 INFO neutron.db.ovn_revision_numbers_db [None req-b6c15372-2b8f-455d-8dd4-64462efef91e - - - - - -] Successfully bumped revision number for resource 994c60e1-671e-4640-8294-590b6b93a5f9 (type: ports) to 6
2026-04-02 17:56:21.945 10 WARNING keystonemiddleware.audit [req-762b4a80-4e6e-4d48-b1f9-2dc6506a5f7e req-44fc4b5a-aa53-41a3-935b-86a16b2564a9 79db3ab00c1a4de2959a6231a9d52505 9f32f16e2d634a4e843a780e963d4603 - - 68f884a083bc4df4af06077f756a8e3a 68f884a083bc4df4af06077f756a8e3a] Skipping service tempest-service-1770544795 as it have no endpoints.
2026-04-02 17:56:21.984 10 INFO neutron.wsgi [req-4dcf74dd-2863-4dfc-98bd-c08f08d4232f req-9d57ebd2-3348-4d29-b914-40e1e03f8981 79db3ab00c1a4de2959a6231a9d52505 9f32f16e2d634a4e843a780e963d4603 - - 68f884a083bc4df4af06077f756a8e3a 68f884a083bc4df4af06077f756a8e3a] 10.0.0.21 "GET /v2.0/ports?device_id=50dd4cd4-5030-42be-81a4-a17836d0d0a9 HTTP/1.1" status: 200 len: 1413 time: 0.0484989
2026-04-02 17:56:21.996 10 WARNING keystonemiddleware.audit [req-4dcf74dd-2863-4dfc-98bd-c08f08d4232f req-9d57ebd2-3348-4d29-b914-40e1e03f8981 79db3ab00c1a4de2959a6231a9d52505 9f32f16e2d634a4e843a780e963d4603 - - 68f884a083bc4df4af06077f756a8e3a 68f884a083bc4df4af06077f756a8e3a] Skipping service tempest-service-1770544795 as it have no endpoints.
2026-04-02 17:56:22.040 10 INFO neutron.wsgi [req-4dcf74dd-2863-4dfc-98bd-c08f08d4232f req-cbfdfcb1-a5ed-483a-ab36-86ecca1d5389 79db3ab00c1a4de2959a6231a9d52505 9f32f16e2d634a4e843a780e963d4603 - - 68f884a083bc4df4af06077f756a8e3a 68f884a083bc4df4af06077f756a8e3a] 10.0.0.21 "GET /v2.0/security-groups?id=878b9163-4f10-422f-be0f-3d887c26f793&fields=id&fields=name HTTP/1.1" status: 200 len: 312 time: 0.0483472
2026-04-02 17:56:22.069 10 WARNING neutron.scheduler.dhcp_agent_scheduler [None req-3b9dad5a-278f-43ca-8f46-b42adafe03b4 e3310fc4e86e478f82d8df957633130a b185cbe3db19465caf4ecac32172806d - - default default] No more DHCP agents
2026-04-02 17:56:22.072 10 WARNING neutron.api.rpc.agentnotifiers.dhcp_rpc_agent_api [None req-3b9dad5a-278f-43ca-8f46-b42adafe03b4 e3310fc4e86e478f82d8df957633130a b185cbe3db19465caf4ecac32172806d - - default default] Unable to schedule network 09101c23-a253-4877-93d3-2ecdfe316314: no agents available; will retry on subsequent port and subnet creation events.
2026-04-02 17:56:22.076 10 INFO neutron.wsgi [None req-dc6c850b-4806-4198-97c5-2b7c14ab41c5 6e572a2ffe884536a3857dbc19fff1ad d15d84c3f8b144fca4d23055a52e6571 - - default default] 10.0.0.116 "DELETE /v2.0/security-groups/1323063c-bfd4-4f0e-ba26-ec4273d7961e HTTP/1.1" status: 204 len: 168 time: 0.3219430
2026-04-02 17:56:22.267 10 INFO neutron.db.ovn_revision_numbers_db [None req-3b9dad5a-278f-43ca-8f46-b42adafe03b4 e3310fc4e86e478f82d8df957633130a b185cbe3db19465caf4ecac32172806d - - default default] Successfully bumped revision number for resource 2c798a99-bbe5-412a-a051-2717543a0e46 (type: ports) to 1
2026-04-02 17:56:22.309 10 INFO neutron.wsgi [None req-3b9dad5a-278f-43ca-8f46-b42adafe03b4 e3310fc4e86e478f82d8df957633130a b185cbe3db19465caf4ecac32172806d - - default default] 10.0.0.116 "POST /v2.0/ports HTTP/1.1" status: 201 len: 1153 time: 0.6448858 /var/lib/openstack/lib/python3.10/site-packages/pycadf/identifier.py:71: UserWarning: Invalid uuid: neutron. To ensure interoperability, identifiers should be a valid uuid. warnings.warn(('Invalid uuid: %s. To ensure interoperability, '
2026-04-02 17:56:22.334 9 WARNING neutron_lib.context [None req-23f23675-a7a3-48c9-ab59-dd053d049137 e3310fc4e86e478f82d8df957633130a b185cbe3db19465caf4ecac32172806d - - default default] Method 'is_advsvc' is deprecated since 2023.2 release (neutron-lib 3.8.0) and will be removed once support for the old RBAC API policies will be removed from Neutron. Please use method 'is_service_role' instead.
2026-04-02 17:56:22.429 9 INFO neutron.wsgi [req-ae29e393-c001-48c7-aa80-845e96bbc298 req-982cff4e-4027-4aaa-b83c-dc59c66b4a51 00cc6f4b48d0426da0a2d4147cc95975 8fe259ddff534c13be2f7769e886314e - - default default] 10.0.0.225 "GET /v2.0/ports?device_id=ab556075-0502-4647-aee4-1e45694a0131 HTTP/1.1" status: 200 len: 1170 time: 0.0480971
2026-04-02 17:56:22.478 9 INFO neutron.wsgi [req-ae29e393-c001-48c7-aa80-845e96bbc298 req-1d81555e-aa76-41fd-b820-35736bf9d0d1 00cc6f4b48d0426da0a2d4147cc95975 8fe259ddff534c13be2f7769e886314e - - default default] 10.0.0.225 "GET /v2.0/security-groups?id=3edec04d-bc4e-49d3-a4cc-f5cac253fc57&fields=id&fields=name HTTP/1.1" status: 200 len: 312 time: 0.0432169
2026-04-02 17:56:22.696 9 WARNING neutron.scheduler.dhcp_agent_scheduler [None req-23f23675-a7a3-48c9-ab59-dd053d049137 e3310fc4e86e478f82d8df957633130a b185cbe3db19465caf4ecac32172806d - - default default] No more DHCP agents
2026-04-02 17:56:22.699 9 WARNING neutron.api.rpc.agentnotifiers.dhcp_rpc_agent_api [None req-23f23675-a7a3-48c9-ab59-dd053d049137 e3310fc4e86e478f82d8df957633130a b185cbe3db19465caf4ecac32172806d - - default default] Unable to schedule network 09101c23-a253-4877-93d3-2ecdfe316314: no agents available; will retry on subsequent port and subnet creation events.
2026-04-02 17:56:22.850 9 INFO neutron.db.ovn_revision_numbers_db [None req-23f23675-a7a3-48c9-ab59-dd053d049137 e3310fc4e86e478f82d8df957633130a b185cbe3db19465caf4ecac32172806d - - default default] Successfully bumped revision number for resource 159bb4fe-1c96-4fca-8e4e-9781abedb88f (type: ports) to 1
2026-04-02 17:56:22.874 9 INFO neutron.wsgi [None req-23f23675-a7a3-48c9-ab59-dd053d049137 e3310fc4e86e478f82d8df957633130a b185cbe3db19465caf4ecac32172806d - - default default] 10.0.0.116 "POST /v2.0/ports HTTP/1.1" status: 201 len: 1153 time: 0.5465305 /var/lib/openstack/lib/python3.10/site-packages/pycadf/identifier.py:71: UserWarning: Invalid uuid: neutron. To ensure interoperability, identifiers should be a valid uuid. warnings.warn(('Invalid uuid: %s. To ensure interoperability, '
2026-04-02 17:56:22.883 9 WARNING neutron_lib.context [None req-ba6bf8af-ec18-48a4-b2d2-05eae98716f0 e3310fc4e86e478f82d8df957633130a b185cbe3db19465caf4ecac32172806d - - default default] Method 'is_advsvc' is deprecated since 2023.2 release (neutron-lib 3.8.0) and will be removed once support for the old RBAC API policies will be removed from Neutron. Please use method 'is_service_role' instead.
2026-04-02 17:56:22.947 9 INFO neutron.notifiers.nova [-] Nova event matching ['req-e46d2757-2982-47eb-b93e-4b5d73fdbb5d'] response: {'server_uuid': 'ab556075-0502-4647-aee4-1e45694a0131', 'name': 'network-vif-plugged', 'status': 'completed', 'tag': '994c60e1-671e-4640-8294-590b6b93a5f9', 'code': 200}
2026-04-02 17:56:22.947 9 INFO neutron.notifiers.nova [-] Nova event matching ['req-e46d2757-2982-47eb-b93e-4b5d73fdbb5d'] response: {'server_uuid': 'ab556075-0502-4647-aee4-1e45694a0131', 'name': 'network-vif-plugged', 'status': 'completed', 'tag': '994c60e1-671e-4640-8294-590b6b93a5f9', 'code': 200}
2026-04-02 17:56:22.947 9 INFO neutron.notifiers.nova [-] Nova event matching ['req-e46d2757-2982-47eb-b93e-4b5d73fdbb5d'] response: {'server_uuid': 'ab556075-0502-4647-aee4-1e45694a0131', 'name': 'network-vif-plugged', 'status': 'completed', 'tag': '994c60e1-671e-4640-8294-590b6b93a5f9', 'code': 200}
2026-04-02 17:56:23.141 9 WARNING neutron.scheduler.dhcp_agent_scheduler [None req-ba6bf8af-ec18-48a4-b2d2-05eae98716f0 e3310fc4e86e478f82d8df957633130a b185cbe3db19465caf4ecac32172806d - - default default] No more DHCP agents
2026-04-02 17:56:23.143 9 WARNING neutron.api.rpc.agentnotifiers.dhcp_rpc_agent_api [None req-ba6bf8af-ec18-48a4-b2d2-05eae98716f0 e3310fc4e86e478f82d8df957633130a b185cbe3db19465caf4ecac32172806d - - default default] Unable to schedule network 8134dd1c-f936-4b4a-8827-84d8f7e38382: no agents available; will retry on subsequent port and subnet creation events.
2026-04-02 17:56:23.565 9 INFO neutron.db.l3_db [None req-ba6bf8af-ec18-48a4-b2d2-05eae98716f0 e3310fc4e86e478f82d8df957633130a b185cbe3db19465caf4ecac32172806d - - default default] Floating IP 8f53955b-6927-4282-a6c1-899891e812a4 associated. External IP: 10.96.250.205, port: 159bb4fe-1c96-4fca-8e4e-9781abedb88f.
2026-04-02 17:56:23.756 9 INFO neutron.db.ovn_revision_numbers_db [None req-ba6bf8af-ec18-48a4-b2d2-05eae98716f0 e3310fc4e86e478f82d8df957633130a b185cbe3db19465caf4ecac32172806d - - default default] Successfully bumped revision number for resource 8f53955b-6927-4282-a6c1-899891e812a4 (type: floatingips) to 0
2026-04-02 17:56:23.873 9 INFO neutron.db.ovn_revision_numbers_db [None req-ba6bf8af-ec18-48a4-b2d2-05eae98716f0 e3310fc4e86e478f82d8df957633130a b185cbe3db19465caf4ecac32172806d - - default default] Successfully bumped revision number for resource 8f53955b-6927-4282-a6c1-899891e812a4 (type: floatingips) to 1
2026-04-02 17:56:23.917 9 INFO neutron.wsgi [None req-ba6bf8af-ec18-48a4-b2d2-05eae98716f0 e3310fc4e86e478f82d8df957633130a b185cbe3db19465caf4ecac32172806d - - default default] 10.0.0.116 "POST /v2.0/floatingips HTTP/1.1" status: 201 len: 1040 time: 1.0380249
2026-04-02 17:56:24.079 9 INFO neutron.db.l3_db [None req-cb03e584-8449-4711-b9fb-9f5baba89832 e3310fc4e86e478f82d8df957633130a b185cbe3db19465caf4ecac32172806d - - default default] Floating IP 8f53955b-6927-4282-a6c1-899891e812a4 disassociated. External IP: 10.96.250.205, port: 159bb4fe-1c96-4fca-8e4e-9781abedb88f.
2026-04-02 17:56:24.113 9 INFO neutron.db.ovn_revision_numbers_db [None req-cb03e584-8449-4711-b9fb-9f5baba89832 e3310fc4e86e478f82d8df957633130a b185cbe3db19465caf4ecac32172806d - - default default] Successfully bumped revision number for resource 8f53955b-6927-4282-a6c1-899891e812a4 (type: floatingips) to 2
2026-04-02 17:56:24.185 9 INFO neutron.wsgi [None req-cb03e584-8449-4711-b9fb-9f5baba89832 e3310fc4e86e478f82d8df957633130a b185cbe3db19465caf4ecac32172806d - - default default] 10.0.0.116 "PUT /v2.0/floatingips/8f53955b-6927-4282-a6c1-899891e812a4 HTTP/1.1" status: 200 len: 748 time: 0.2596505
2026-04-02 17:56:24.358 10 WARNING neutron.plugins.ml2.drivers.ovn.mech_driver.ovsdb.ovn_client [None req-723bc847-d115-40b4-a729-a180a8ccbf88 - - - - - -] No hosting information found for port 4fa2daf9-c0cd-4d78-9099-99b4d3063de5: RuntimeError: No hosting information found for port 4fa2daf9-c0cd-4d78-9099-99b4d3063de5
2026-04-02 17:56:24.358 10 INFO neutron.plugins.ml2.drivers.ovn.mech_driver.mech_driver [None req-723bc847-d115-40b4-a729-a180a8ccbf88 - - - - - -] OVN reports status up for port: 3e0b077f-aeaa-40b7-a3da-f457d27a6eba
2026-04-02 17:56:24.366 10 INFO neutron.plugins.ml2.plugin [None req-723bc847-d115-40b4-a729-a180a8ccbf88 - - - - - -] Attempt 1 to provision port 3e0b077f-aeaa-40b7-a3da-f457d27a6eba
2026-04-02 17:56:24.527 9 INFO neutron.wsgi [None req-7f69004a-e94b-44c0-a58d-fec4a85455da e3310fc4e86e478f82d8df957633130a b185cbe3db19465caf4ecac32172806d - - default default] 10.0.0.116 "DELETE /v2.0/floatingips/8f53955b-6927-4282-a6c1-899891e812a4 HTTP/1.1" status: 204 len: 168 time: 0.3361475
2026-04-02 17:56:24.540 9 WARNING neutron_lib.context [None req-46fecbbe-64d0-4cb5-a4e8-1706cccae997 e3310fc4e86e478f82d8df957633130a b185cbe3db19465caf4ecac32172806d - - default default] Method 'is_advsvc' is deprecated since 2023.2 release (neutron-lib 3.8.0) and will be removed once support for the old RBAC API policies will be removed from Neutron. Please use method 'is_service_role' instead.
2026-04-02 17:56:24.630 10 INFO neutron.db.ovn_revision_numbers_db [None req-723bc847-d115-40b4-a729-a180a8ccbf88 - - - - - -] Successfully bumped revision number for resource 3e0b077f-aeaa-40b7-a3da-f457d27a6eba (type: ports) to 2
2026-04-02 17:56:24.708 10 INFO neutron.db.ovn_revision_numbers_db [None req-723bc847-d115-40b4-a729-a180a8ccbf88 - - - - - -] Successfully bumped revision number for resource 3e0b077f-aeaa-40b7-a3da-f457d27a6eba (type: router_ports) to 2
2026-04-02 17:56:24.818 9 WARNING neutron.scheduler.dhcp_agent_scheduler [None req-46fecbbe-64d0-4cb5-a4e8-1706cccae997 e3310fc4e86e478f82d8df957633130a b185cbe3db19465caf4ecac32172806d - - default default] No more DHCP agents
2026-04-02 17:56:24.821 9 WARNING neutron.api.rpc.agentnotifiers.dhcp_rpc_agent_api [None req-46fecbbe-64d0-4cb5-a4e8-1706cccae997 e3310fc4e86e478f82d8df957633130a b185cbe3db19465caf4ecac32172806d - - default default] Unable to schedule network 8134dd1c-f936-4b4a-8827-84d8f7e38382: no agents available; will retry on subsequent port and subnet creation events.
2026-04-02 17:56:25.246 9 INFO neutron.db.l3_db [None req-46fecbbe-64d0-4cb5-a4e8-1706cccae997 e3310fc4e86e478f82d8df957633130a b185cbe3db19465caf4ecac32172806d - - default default] Floating IP aeb65bf5-095d-472a-bcb7-6be1f480c602 associated. External IP: 10.96.250.215, port: 2c798a99-bbe5-412a-a051-2717543a0e46.
2026-04-02 17:56:25.447 9 INFO neutron.db.ovn_revision_numbers_db [None req-46fecbbe-64d0-4cb5-a4e8-1706cccae997 e3310fc4e86e478f82d8df957633130a b185cbe3db19465caf4ecac32172806d - - default default] Successfully bumped revision number for resource aeb65bf5-095d-472a-bcb7-6be1f480c602 (type: floatingips) to 0
2026-04-02 17:56:25.591 9 INFO neutron.db.ovn_revision_numbers_db [None req-46fecbbe-64d0-4cb5-a4e8-1706cccae997 e3310fc4e86e478f82d8df957633130a b185cbe3db19465caf4ecac32172806d - - default default] Successfully bumped revision number for resource aeb65bf5-095d-472a-bcb7-6be1f480c602 (type: floatingips) to 1
2026-04-02 17:56:25.636 9 INFO neutron.wsgi [None req-46fecbbe-64d0-4cb5-a4e8-1706cccae997 e3310fc4e86e478f82d8df957633130a b185cbe3db19465caf4ecac32172806d - - default default] 10.0.0.116 "POST /v2.0/floatingips HTTP/1.1" status: 201 len: 1040 time: 1.1007917
2026-04-02 17:56:25.692 9 INFO neutron.wsgi [None req-c6312966-d32f-490d-aabb-f8fd6ad9a195 e3310fc4e86e478f82d8df957633130a b185cbe3db19465caf4ecac32172806d - - default default] 10.0.0.116 "GET /v2.0/floatingips/aeb65bf5-095d-472a-bcb7-6be1f480c602 HTTP/1.1" status: 200 len: 1037 time: 0.0507877
2026-04-02 17:56:25.753 9 INFO neutron.wsgi [None req-c9df1232-dcb2-43ee-a256-1cf05177840d e3310fc4e86e478f82d8df957633130a b185cbe3db19465caf4ecac32172806d - - default default] 10.0.0.116 "GET /v2.0/floatingips HTTP/1.1" status: 200 len: 1040 time: 0.0569258
2026-04-02 17:56:26.040 9 INFO neutron.db.l3_db [None req-1bb08572-5980-4b7e-8a6a-da472c36dce3 e3310fc4e86e478f82d8df957633130a b185cbe3db19465caf4ecac32172806d - - default default] Floating IP aeb65bf5-095d-472a-bcb7-6be1f480c602 associated. External IP: 10.96.250.215, port: 2c798a99-bbe5-412a-a051-2717543a0e46.
2026-04-02 17:56:26.235 9 INFO neutron.db.ovn_revision_numbers_db [None req-1bb08572-5980-4b7e-8a6a-da472c36dce3 e3310fc4e86e478f82d8df957633130a b185cbe3db19465caf4ecac32172806d - - default default] Successfully bumped revision number for resource aeb65bf5-095d-472a-bcb7-6be1f480c602 (type: floatingips) to 2
2026-04-02 17:56:26.351 9 INFO neutron.db.ovn_revision_numbers_db [None req-1bb08572-5980-4b7e-8a6a-da472c36dce3 e3310fc4e86e478f82d8df957633130a b185cbe3db19465caf4ecac32172806d - - default default] Successfully bumped revision number for resource aeb65bf5-095d-472a-bcb7-6be1f480c602 (type: floatingips) to 2 /var/lib/openstack/lib/python3.10/site-packages/pycadf/identifier.py:71: UserWarning: Invalid uuid: neutron. To ensure interoperability, identifiers should be a valid uuid. warnings.warn(('Invalid uuid: %s. To ensure interoperability, '
2026-04-02 17:56:26.577 10 INFO neutron.db.ovn_revision_numbers_db [None req-75488795-9a19-4cbb-a317-6a986c1b3749 6e572a2ffe884536a3857dbc19fff1ad d15d84c3f8b144fca4d23055a52e6571 - - default default] Successfully bumped revision number for resource 8d70810b-6eb7-4d12-b977-95376b058b7f (type: security_groups) to 1
2026-04-02 17:56:26.589 9 INFO neutron.wsgi [None req-1bb08572-5980-4b7e-8a6a-da472c36dce3 e3310fc4e86e478f82d8df957633130a b185cbe3db19465caf4ecac32172806d - - default default] 10.0.0.116 "PUT /v2.0/floatingips/aeb65bf5-095d-472a-bcb7-6be1f480c602 HTTP/1.1" status: 200 len: 1037 time: 0.8289311
2026-04-02 17:56:26.592 10 INFO neutron.db.ovn_revision_numbers_db [None req-75488795-9a19-4cbb-a317-6a986c1b3749 6e572a2ffe884536a3857dbc19fff1ad d15d84c3f8b144fca4d23055a52e6571 - - default default] Successfully bumped revision number for resource 21edc71b-cee6-469c-9c72-9fee2f09f989 (type: security_group_rules) to 0
2026-04-02 17:56:26.609 10 INFO neutron.db.ovn_revision_numbers_db [None req-75488795-9a19-4cbb-a317-6a986c1b3749 6e572a2ffe884536a3857dbc19fff1ad d15d84c3f8b144fca4d23055a52e6571 - - default default] Successfully bumped revision number for resource 8a772003-6539-41b0-bb27-a8279a5778da (type: security_group_rules) to 0
2026-04-02 17:56:26.623 10 INFO neutron.db.ovn_revision_numbers_db [None req-75488795-9a19-4cbb-a317-6a986c1b3749 6e572a2ffe884536a3857dbc19fff1ad d15d84c3f8b144fca4d23055a52e6571 - - default default] Successfully bumped revision number for resource 98dcc404-6af7-49c5-8e59-c547e2de4c61 (type: security_group_rules) to 0
2026-04-02 17:56:26.639 10 INFO neutron.db.ovn_revision_numbers_db [None req-75488795-9a19-4cbb-a317-6a986c1b3749 6e572a2ffe884536a3857dbc19fff1ad d15d84c3f8b144fca4d23055a52e6571 - - default default] Successfully bumped revision number for resource e963913f-953b-48c4-97e7-f4e896018f4b (type: security_group_rules) to 0
2026-04-02 17:56:26.664 10 INFO neutron.wsgi [None req-75488795-9a19-4cbb-a317-6a986c1b3749 6e572a2ffe884536a3857dbc19fff1ad d15d84c3f8b144fca4d23055a52e6571 - - default default] 10.0.0.116 "GET /v2.0/security-groups?tenant_id=1d1943e83593458aac6543d8751aa2c6&name=default HTTP/1.1" status: 200 len: 2996 time: 0.3295012
2026-04-02 17:56:26.732 9 INFO neutron.db.l3_db [None req-a8c3ebb2-9c01-4742-887a-2fd1480ae320 e3310fc4e86e478f82d8df957633130a b185cbe3db19465caf4ecac32172806d - - default default] Floating IP aeb65bf5-095d-472a-bcb7-6be1f480c602 disassociated. External IP: 10.96.250.215, port: 159bb4fe-1c96-4fca-8e4e-9781abedb88f.
2026-04-02 17:56:26.769 9 INFO neutron.db.ovn_revision_numbers_db [None req-a8c3ebb2-9c01-4742-887a-2fd1480ae320 e3310fc4e86e478f82d8df957633130a b185cbe3db19465caf4ecac32172806d - - default default] Successfully bumped revision number for resource aeb65bf5-095d-472a-bcb7-6be1f480c602 (type: floatingips) to 3
2026-04-02 17:56:26.837 9 INFO neutron.wsgi [None req-a8c3ebb2-9c01-4742-887a-2fd1480ae320 e3310fc4e86e478f82d8df957633130a b185cbe3db19465caf4ecac32172806d - - default default] 10.0.0.116 "PUT /v2.0/floatingips/aeb65bf5-095d-472a-bcb7-6be1f480c602 HTTP/1.1" status: 200 len: 748 time: 0.2430887
2026-04-02 17:56:26.877 10 INFO neutron.wsgi [None req-7312d7c1-a8fb-458a-a844-51da8f92ca4e 6e572a2ffe884536a3857dbc19fff1ad d15d84c3f8b144fca4d23055a52e6571 - - default default] 10.0.0.116 "DELETE /v2.0/security-groups/8d70810b-6eb7-4d12-b977-95376b058b7f HTTP/1.1" status: 204 len: 168 time: 0.2084837
2026-04-02 17:56:27.091 9 INFO neutron.db.ovn_revision_numbers_db [None req-57296c68-f13e-44c1-9574-969618e6bc6d 6e572a2ffe884536a3857dbc19fff1ad d15d84c3f8b144fca4d23055a52e6571 - - default default] Successfully bumped revision number for resource 6f60df0f-86b3-4f01-9143-1301a838f5bb (type: security_groups) to 1
2026-04-02 17:56:27.106 9 INFO neutron.db.ovn_revision_numbers_db [None req-57296c68-f13e-44c1-9574-969618e6bc6d 6e572a2ffe884536a3857dbc19fff1ad d15d84c3f8b144fca4d23055a52e6571 - - default default] Successfully bumped revision number for resource 036d4d87-ddfd-47ed-a434-e67daf628a0d (type: security_group_rules) to 0
2026-04-02 17:56:27.122 9 INFO neutron.db.ovn_revision_numbers_db [None req-57296c68-f13e-44c1-9574-969618e6bc6d 6e572a2ffe884536a3857dbc19fff1ad d15d84c3f8b144fca4d23055a52e6571 - - default default] Successfully bumped revision number for resource 2c52462c-b481-4535-9269-c1eb8bfd2e28 (type: security_group_rules) to 0
2026-04-02 17:56:27.136 9 INFO neutron.db.ovn_revision_numbers_db [None req-57296c68-f13e-44c1-9574-969618e6bc6d 6e572a2ffe884536a3857dbc19fff1ad d15d84c3f8b144fca4d23055a52e6571 - - default default] Successfully bumped revision number for resource b50ad665-8b1a-445e-a0de-53a2f9dface7 (type: security_group_rules) to 0
2026-04-02 17:56:27.147 9 INFO neutron.db.ovn_revision_numbers_db [None req-57296c68-f13e-44c1-9574-969618e6bc6d 6e572a2ffe884536a3857dbc19fff1ad d15d84c3f8b144fca4d23055a52e6571 - - default default] Successfully bumped revision number for resource c49c59d5-3136-4db2-a4db-b586c28a9765 (type: security_group_rules) to 0
2026-04-02 17:56:27.165 10 INFO neutron.wsgi [None req-7f70f89d-f663-45ea-9901-16f9b9715328 e3310fc4e86e478f82d8df957633130a b185cbe3db19465caf4ecac32172806d - - default default] 10.0.0.116 "DELETE /v2.0/floatingips/aeb65bf5-095d-472a-bcb7-6be1f480c602 HTTP/1.1" status: 204 len: 168 time: 0.3225670
2026-04-02 17:56:27.170 9 INFO neutron.wsgi [None req-57296c68-f13e-44c1-9574-969618e6bc6d 6e572a2ffe884536a3857dbc19fff1ad d15d84c3f8b144fca4d23055a52e6571 - - default default] 10.0.0.116 "GET /v2.0/security-groups?tenant_id=494b8fc273114789b4208fbf449d65fc&name=default HTTP/1.1" status: 200 len: 2996 time: 0.1964333
2026-04-02 17:56:27.191 10 INFO neutron.api.v2.resource [None req-7a1e77e8-a3cb-4124-9ad0-dabc0ce32f84 e3310fc4e86e478f82d8df957633130a b185cbe3db19465caf4ecac32172806d - - default default] delete failed (client error): The resource could not be found.
2026-04-02 17:56:27.192 10 INFO neutron.wsgi [None req-7a1e77e8-a3cb-4124-9ad0-dabc0ce32f84 e3310fc4e86e478f82d8df957633130a b185cbe3db19465caf4ecac32172806d - - default default] 10.0.0.116 "DELETE /v2.0/floatingips/aeb65bf5-095d-472a-bcb7-6be1f480c602 HTTP/1.1" status: 404 len: 345 time: 0.0210059
2026-04-02 17:56:27.380 9 INFO neutron.wsgi [None req-e626711d-f6b7-43db-8261-791ffee56bdf 6e572a2ffe884536a3857dbc19fff1ad d15d84c3f8b144fca4d23055a52e6571 - - default default] 10.0.0.116 "DELETE /v2.0/security-groups/6f60df0f-86b3-4f01-9143-1301a838f5bb HTTP/1.1" status: 204 len: 168 time: 0.2043555
2026-04-02 17:56:27.508 10 INFO neutron.wsgi [None req-7cfebfe4-7e06-49a7-a831-418226841ccd e3310fc4e86e478f82d8df957633130a b185cbe3db19465caf4ecac32172806d - - default default] 10.0.0.116 "DELETE /v2.0/ports/159bb4fe-1c96-4fca-8e4e-9781abedb88f HTTP/1.1" status: 204 len: 168 time: 0.3105590
2026-04-02 17:56:27.834 10 INFO neutron.wsgi [None req-7ebed066-e726-46f7-aa65-fa0d7062a654 e3310fc4e86e478f82d8df957633130a b185cbe3db19465caf4ecac32172806d - - default default] 10.0.0.116 "DELETE /v2.0/ports/2c798a99-bbe5-412a-a051-2717543a0e46 HTTP/1.1" status: 204 len: 168 time: 0.3217006
2026-04-02 17:56:27.950 10 INFO neutron.wsgi [None req-a5f9a9e6-e27f-421e-92d5-c04564adf457 e3310fc4e86e478f82d8df957633130a b185cbe3db19465caf4ecac32172806d - - default default] 10.0.0.116 "GET /v2.0/ports?device_id=5b11ec20-e40c-45e2-a93d-4195ceec4699 HTTP/1.1" status: 200 len: 1140 time: 0.1094158
2026-04-02 17:56:28.975 10 INFO neutron.wsgi [None req-ec0192c4-2343-4e3a-a8c8-bfd362b3a87a e3310fc4e86e478f82d8df957633130a b185cbe3db19465caf4ecac32172806d - - default default] 10.0.0.116 "PUT /v2.0/routers/5b11ec20-e40c-45e2-a93d-4195ceec4699/remove_router_interface HTTP/1.1" status: 200 len: 503 time: 1.0181525 /var/lib/openstack/lib/python3.10/site-packages/pycadf/identifier.py:71: UserWarning: Invalid uuid: neutron. To ensure interoperability, identifiers should be a valid uuid. warnings.warn(('Invalid uuid: %s. To ensure interoperability, '
2026-04-02 17:56:29.150 9 INFO neutron.wsgi [req-afab6790-4c9f-45a2-96c1-f6b1e4fe57e7 req-e7e3e001-6275-43d5-b933-536ac734f33a 19554f8406584018887fea319d0942fd 20e2300f37f94ce3a217bf74a4bf7c56 - - default default] 10.0.0.225 "GET /v2.0/ports?device_id=50dd4cd4-5030-42be-81a4-a17836d0d0a9 HTTP/1.1" status: 200 len: 1174 time: 0.1002481
2026-04-02 17:56:29.275 9 INFO neutron.wsgi [req-8eea1aaf-d753-42d0-8bb4-3eafb1cdffe2 req-b8105483-53ba-42cb-af08-afd7cf8367ec 19554f8406584018887fea319d0942fd 20e2300f37f94ce3a217bf74a4bf7c56 - - default default] 10.0.0.225 "GET /v2.0/ports/55fff1f5-78ab-4d43-887e-bd1b252822bd HTTP/1.1" status: 200 len: 1171 time: 0.0470002
2026-04-02 17:56:29.483 9 INFO neutron.wsgi [req-847c4f85-f281-476a-b03b-eba824306198 req-830e9579-08a1-4db1-ab44-76dbc96cc613 19554f8406584018887fea319d0942fd 20e2300f37f94ce3a217bf74a4bf7c56 - - default default] 199.204.45.33 "GET /v2.0/subnets?network_id=eed661db-5977-4446-add1-984c983143e5 HTTP/1.1" status: 200 len: 858 time: 0.0611222
2026-04-02 17:56:29.553 9 INFO neutron.wsgi [req-847c4f85-f281-476a-b03b-eba824306198 req-99b1ac54-4391-4702-9217-3b416b0859fd 19554f8406584018887fea319d0942fd 20e2300f37f94ce3a217bf74a4bf7c56 - - default default] 199.204.45.33 "GET /v2.0/ports?device_id=50dd4cd4-5030-42be-81a4-a17836d0d0a9&device_owner=compute%3Anova&network_id=eed661db-5977-4446-add1-984c983143e5 HTTP/1.1" status: 200 len: 1174 time: 0.0649931
2026-04-02 17:56:29.650 9 INFO neutron.wsgi [None req-6b20e12c-8742-4248-b079-d636ee5d7789 6e572a2ffe884536a3857dbc19fff1ad d15d84c3f8b144fca4d23055a52e6571 - - default default] 10.0.0.152 "GET /v2.0/security-groups HTTP/1.1" status: 200 len: 30620 time: 0.2001836
2026-04-02 17:56:29.690 9 INFO neutron.wsgi [None req-98e12525-453f-4681-8996-30099ecee510 6e572a2ffe884536a3857dbc19fff1ad d15d84c3f8b144fca4d23055a52e6571 - - default default] 10.0.0.152 "GET /v2.0/agents HTTP/1.1" status: 200 len: 997 time: 0.0318799
2026-04-02 17:56:29.781 9 INFO neutron.wsgi [None req-b4daec66-311e-45c6-9356-746b17ba3701 6e572a2ffe884536a3857dbc19fff1ad d15d84c3f8b144fca4d23055a52e6571 - - default default] 10.0.0.152 "GET /v2.0/ports HTTP/1.1" status: 200 len: 17066 time: 0.0888882
2026-04-02 17:56:29.887 9 INFO neutron.wsgi [None req-cba0188e-a9e2-4c3d-968e-4b294e6cf515 6e572a2ffe884536a3857dbc19fff1ad d15d84c3f8b144fca4d23055a52e6571 - - default default] 10.0.0.152 "GET /v2.0/floatingips HTTP/1.1" status: 200 len: 1880 time: 0.0959561
2026-04-02 17:56:29.905 10 INFO neutron.wsgi [None req-69f63f30-415e-4e61-8001-e71e3a07da76 e3310fc4e86e478f82d8df957633130a b185cbe3db19465caf4ecac32172806d - - default default] 10.0.0.116 "DELETE /v2.0/routers/5b11ec20-e40c-45e2-a93d-4195ceec4699 HTTP/1.1" status: 204 len: 168 time: 0.9237647
2026-04-02 17:56:30.050 9 INFO neutron.wsgi [None req-c5742fee-7c05-42ac-83dc-80f27d7669ab 6e572a2ffe884536a3857dbc19fff1ad d15d84c3f8b144fca4d23055a52e6571 - - default default] 10.0.0.152 "GET /v2.0/networks HTTP/1.1" status: 200 len: 4640 time: 0.1548617
2026-04-02 17:56:30.110 9 INFO neutron.wsgi [None req-1fa4fc40-1eaa-417c-b44f-2991517d28bc 6e572a2ffe884536a3857dbc19fff1ad d15d84c3f8b144fca4d23055a52e6571 - - default default] 10.0.0.152 "GET /v2.0/subnets HTTP/1.1" status: 200 len: 3368 time: 0.0561562
2026-04-02 17:56:30.119 10 INFO neutron.wsgi [None req-19e86c82-f0da-4c08-ae5a-ca6286bdf974 e3310fc4e86e478f82d8df957633130a b185cbe3db19465caf4ecac32172806d - - default default] 10.0.0.116 "DELETE /v2.0/subnets/af5192c4-c7a1-46ef-9ca5-c6c3fbf63c84 HTTP/1.1" status: 204 len: 168 time: 0.2099392
2026-04-02 17:56:30.131 9 INFO neutron.wsgi [None req-5cd69ca9-cdc2-4d75-bc3f-4aadd0cc3e8b 6e572a2ffe884536a3857dbc19fff1ad d15d84c3f8b144fca4d23055a52e6571 - - default default] 10.0.0.152 "GET /v2.0/network-ip-availabilities HTTP/1.1" status: 200 len: 2534 time: 0.0187743
2026-04-02 17:56:30.256 9 INFO neutron.wsgi [None req-97d20953-32f2-465e-8ccb-1d3bacc8bc3b 6e572a2ffe884536a3857dbc19fff1ad d15d84c3f8b144fca4d23055a52e6571 - - default default] 10.0.0.152 "GET /v2.0/routers HTTP/1.1" status: 200 len: 1543 time: 0.1224110
2026-04-02 17:56:30.277 9 INFO neutron.wsgi [None req-73b14bfa-de59-455b-a2d3-43cb21c4fc49 6e572a2ffe884536a3857dbc19fff1ad d15d84c3f8b144fca4d23055a52e6571 - - default default] 10.0.0.152 "GET /v2.0/agents?binary=ovn-controller HTTP/1.1" status: 200 len: 591 time: 0.0193744
2026-04-02 17:56:30.333 9 INFO neutron.wsgi [None req-89ff3872-ac79-48a6-9c3d-b1687228ab57 6e572a2ffe884536a3857dbc19fff1ad d15d84c3f8b144fca4d23055a52e6571 - - default default] 10.0.0.152 "GET /v2.0/subnets HTTP/1.1" status: 200 len: 2757 time: 0.0510905 /var/lib/openstack/lib/python3.10/site-packages/pycadf/identifier.py:71: UserWarning: Invalid uuid: neutron. To ensure interoperability, identifiers should be a valid uuid. warnings.warn(('Invalid uuid: %s. To ensure interoperability, '
2026-04-02 17:56:30.347 9 INFO neutron.wsgi [None req-6e7e7ffd-0983-4da9-82cc-f000302a38f8 6e572a2ffe884536a3857dbc19fff1ad d15d84c3f8b144fca4d23055a52e6571 - - default default] 10.0.0.152 "GET /v2.0/subnetpools HTTP/1.1" status: 200 len: 193 time: 0.0114212
2026-04-02 17:56:30.446 9 INFO neutron.db.ovn_revision_numbers_db [req-847c4f85-f281-476a-b03b-eba824306198 req-8ad7c192-0142-423b-8df4-e4763c60bfe9 19554f8406584018887fea319d0942fd 20e2300f37f94ce3a217bf74a4bf7c56 - - default default] Successfully bumped revision number for resource 55fff1f5-78ab-4d43-887e-bd1b252822bd (type: ports) to 5
2026-04-02 17:56:30.461 9 INFO neutron.wsgi [req-847c4f85-f281-476a-b03b-eba824306198 req-8ad7c192-0142-423b-8df4-e4763c60bfe9 19554f8406584018887fea319d0942fd 20e2300f37f94ce3a217bf74a4bf7c56 - - default default] 199.204.45.33 "PUT /v2.0/ports/55fff1f5-78ab-4d43-887e-bd1b252822bd HTTP/1.1" status: 200 len: 1349 time: 0.9036779
2026-04-02 17:56:30.483 10 WARNING neutron.plugins.ml2.drivers.ovn.mech_driver.ovsdb.ovn_client [None req-723bc847-d115-40b4-a729-a180a8ccbf88 - - - - - -] No port found with ID 3e0b077f-aeaa-40b7-a3da-f457d27a6eba: RuntimeError: No port found with ID 3e0b077f-aeaa-40b7-a3da-f457d27a6eba
2026-04-02 17:56:30.519 9 INFO neutron.notifiers.nova [-] Nova event matching ['req-a48bc808-ae03-4acc-ab70-22968c3fadbb'] response: {'name': 'network-changed', 'server_uuid': '50dd4cd4-5030-42be-81a4-a17836d0d0a9', 'tag': '55fff1f5-78ab-4d43-887e-bd1b252822bd', 'status': 'completed', 'code': 200}
2026-04-02 17:56:30.538 9 INFO neutron.wsgi [req-847c4f85-f281-476a-b03b-eba824306198 req-83346d91-f40c-47c9-98e1-d70335cb7e80 79db3ab00c1a4de2959a6231a9d52505 9f32f16e2d634a4e843a780e963d4603 - - 68f884a083bc4df4af06077f756a8e3a 68f884a083bc4df4af06077f756a8e3a] 199.204.45.33 "GET /v2.0/ports?tenant_id=20e2300f37f94ce3a217bf74a4bf7c56&device_id=50dd4cd4-5030-42be-81a4-a17836d0d0a9 HTTP/1.1" status: 200 len: 1590 time: 0.0552120
