2026-04-02 17:58:36.715 9 INFO neutron.wsgi [req-e1bc5e09-6e4d-4aa4-92b3-d33dd2ef3f78 req-38028ca5-993c-4785-ad76-9b0297054cff cde2b112dbb3406c8ac6fddad7457457 748858f4982c40cfaad3b59ae8fc735b - - default default] 10.0.0.225 "GET /v2.0/quotas/748858f4982c40cfaad3b59ae8fc735b HTTP/1.1" status: 200 len: 386 time: 0.0199010
2026-04-02 17:58:36.742 10 INFO neutron.notifiers.nova [-] Nova event matching ['req-a9552b6d-9895-43ed-9527-69322b0c0f37'] response: {'server_uuid': '944a3294-5931-47df-9814-9a4a7a5cb7c3', 'name': 'network-vif-plugged', 'status': 'completed', 'tag': '02aa8f9e-2fc5-46a4-b1c8-3a6192b88e44', 'code': 200}
2026-04-02 17:58:36.742 10 INFO neutron.notifiers.nova [-] Nova event matching ['req-a9552b6d-9895-43ed-9527-69322b0c0f37'] response: {'server_uuid': '944a3294-5931-47df-9814-9a4a7a5cb7c3', 'name': 'network-vif-plugged', 'status': 'completed', 'tag': '02aa8f9e-2fc5-46a4-b1c8-3a6192b88e44', 'code': 200}
2026-04-02 17:58:37.104 9 INFO neutron.wsgi [req-e1bc5e09-6e4d-4aa4-92b3-d33dd2ef3f78 req-2fb057db-76d5-482a-970d-222eb39cc9b1 cde2b112dbb3406c8ac6fddad7457457 748858f4982c40cfaad3b59ae8fc735b - - default default] 10.0.0.225 "GET /v2.0/ports?tenant_id=748858f4982c40cfaad3b59ae8fc735b&fields=id HTTP/1.1" status: 200 len: 302 time: 0.3798401
2026-04-02 17:58:37.138 9 INFO neutron.db.ovn_revision_numbers_db [None req-dadc5e75-0ecc-4185-82c3-ac7a45bd6413 eb572a1308414dfca207be35b9e3821f 16dda1f80ad34ba49d4b61a89f666745 - - default default] Successfully bumped revision number for resource b4562d67-cb21-463d-be0b-6d902a3a5436 (type: floatingips) to 0
2026-04-02 17:58:37.167 9 INFO neutron.wsgi [None req-dadc5e75-0ecc-4185-82c3-ac7a45bd6413 eb572a1308414dfca207be35b9e3821f 16dda1f80ad34ba49d4b61a89f666745 - - default default] 10.0.0.116 "POST /v2.0/floatingips HTTP/1.1" status: 201 len: 751 time: 1.0418863
2026-04-02 17:58:37.179 9 WARNING neutron_lib.context [None req-76ad48fe-32be-451b-848f-07eb0a357b29 eb572a1308414dfca207be35b9e3821f 16dda1f80ad34ba49d4b61a89f666745 - - default default] Method 'is_advsvc' is deprecated since 2023.2 release (neutron-lib 3.8.0) and will be removed once support for the old RBAC API policies will be removed from Neutron. Please use method 'is_service_role' instead.
2026-04-02 17:58:37.189 9 INFO neutron.wsgi [req-e1bc5e09-6e4d-4aa4-92b3-d33dd2ef3f78 req-68da7f38-6a78-4ffe-a513-bc186c510631 79db3ab00c1a4de2959a6231a9d52505 9f32f16e2d634a4e843a780e963d4603 - - 68f884a083bc4df4af06077f756a8e3a 68f884a083bc4df4af06077f756a8e3a] 10.0.0.225 "GET /v2.0/networks/b0a25788-8fcb-445d-ab88-1637ce6e0a5c?fields=segments HTTP/1.1" status: 200 len: 212 time: 0.0726297
2026-04-02 17:58:37.269 9 INFO neutron.wsgi [req-e1bc5e09-6e4d-4aa4-92b3-d33dd2ef3f78 req-7c8f8523-fd41-4133-b8ce-766867972844 79db3ab00c1a4de2959a6231a9d52505 9f32f16e2d634a4e843a780e963d4603 - - 68f884a083bc4df4af06077f756a8e3a 68f884a083bc4df4af06077f756a8e3a] 10.0.0.225 "GET /v2.0/networks/b0a25788-8fcb-445d-ab88-1637ce6e0a5c?fields=provider%3Aphysical_network&fields=provider%3Anetwork_type HTTP/1.1" status: 200 len: 277 time: 0.0739782
2026-04-02 17:58:37.432 9 INFO neutron.wsgi [req-5cfb9607-f387-4a47-b182-4932136fe4f7 req-8d33caad-0cbb-43ed-82fe-7ff252dff006 cde2b112dbb3406c8ac6fddad7457457 748858f4982c40cfaad3b59ae8fc735b - - default default] 10.0.0.225 "GET /v2.0/ports?device_id=54d499d6-06e6-4fd3-8b9e-e666f45ec000 HTTP/1.1" status: 200 len: 210 time: 0.0320945
2026-04-02 17:58:37.487 9 WARNING neutron.scheduler.dhcp_agent_scheduler [None req-76ad48fe-32be-451b-848f-07eb0a357b29 eb572a1308414dfca207be35b9e3821f 16dda1f80ad34ba49d4b61a89f666745 - - default default] No more DHCP agents
2026-04-02 17:58:37.491 9 WARNING neutron.api.rpc.agentnotifiers.dhcp_rpc_agent_api [None req-76ad48fe-32be-451b-848f-07eb0a357b29 eb572a1308414dfca207be35b9e3821f 16dda1f80ad34ba49d4b61a89f666745 - - default default] Unable to schedule network 8134dd1c-f936-4b4a-8827-84d8f7e38382: no agents available; will retry on subsequent port and subnet creation events.
2026-04-02 17:58:37.815 9 INFO neutron.db.ovn_revision_numbers_db [None req-76ad48fe-32be-451b-848f-07eb0a357b29 eb572a1308414dfca207be35b9e3821f 16dda1f80ad34ba49d4b61a89f666745 - - default default] Successfully bumped revision number for resource c9cb451a-714b-4994-8a89-5fc20f55551f (type: floatingips) to 0
2026-04-02 17:58:37.829 9 INFO neutron.wsgi [None req-76ad48fe-32be-451b-848f-07eb0a357b29 eb572a1308414dfca207be35b9e3821f 16dda1f80ad34ba49d4b61a89f666745 - - default default] 10.0.0.116 "POST /v2.0/floatingips HTTP/1.1" status: 201 len: 751 time: 0.6549718 /var/lib/openstack/lib/python3.10/site-packages/pycadf/identifier.py:71: UserWarning: Invalid uuid: neutron. To ensure interoperability, identifiers should be a valid uuid. warnings.warn(('Invalid uuid: %s. To ensure interoperability, '
2026-04-02 17:58:37.837 9 INFO neutron.wsgi [req-3e4efd68-a6e3-4bbb-9b89-e2da0a52ad60 req-8537af14-7e3b-4d82-9556-dba3350b04a0 9149851bfe8445889924f7d4793a1bcd 7bede19088034a1a84a8645ab9d11eb4 - - default default] 10.0.0.225 "GET /v2.0/ports?device_id=944a3294-5931-47df-9814-9a4a7a5cb7c3 HTTP/1.1" status: 200 len: 1170 time: 0.0586772
2026-04-02 17:58:37.896 9 INFO neutron.wsgi [req-3e4efd68-a6e3-4bbb-9b89-e2da0a52ad60 req-677f2b08-11cc-4f3f-a635-c7dbb915b7f3 9149851bfe8445889924f7d4793a1bcd 7bede19088034a1a84a8645ab9d11eb4 - - default default] 10.0.0.225 "GET /v2.0/security-groups?id=ecb1fbd4-abcd-41b0-8f1a-43943db74007&fields=id&fields=name HTTP/1.1" status: 200 len: 312 time: 0.0516670
2026-04-02 17:58:37.903 10 INFO neutron.wsgi [None req-a073ee23-dd9f-4184-afab-e9395e1df8a8 eb572a1308414dfca207be35b9e3821f 16dda1f80ad34ba49d4b61a89f666745 - - default default] 10.0.0.116 "PUT /v2.0/floatingips/50d1703c-aa5a-4b4d-be84-9c444f2975d2/tags HTTP/1.1" status: 200 len: 210 time: 0.0677762
2026-04-02 17:58:37.980 10 INFO neutron.wsgi [None req-b1eca4f6-4f07-47f9-a308-589b66d889f0 eb572a1308414dfca207be35b9e3821f 16dda1f80ad34ba49d4b61a89f666745 - - default default] 10.0.0.116 "PUT /v2.0/floatingips/5731c3e9-c345-43af-8904-063afd6008c0/tags HTTP/1.1" status: 200 len: 218 time: 0.0688739
2026-04-02 17:58:38.042 10 INFO neutron.wsgi [None req-4ccf9bc3-96c7-470e-b6db-6404e8343fd4 eb572a1308414dfca207be35b9e3821f 16dda1f80ad34ba49d4b61a89f666745 - - default default] 10.0.0.116 "PUT /v2.0/floatingips/e6d6b7de-2b7f-4855-ab41-5cc2f360bd8a/tags HTTP/1.1" status: 200 len: 227 time: 0.0526404
2026-04-02 17:58:38.045 9 INFO neutron.wsgi [req-600620f7-9778-44f7-a3e7-239261396efe req-99d4e939-7428-4ce3-86c2-008d7674183b 9149851bfe8445889924f7d4793a1bcd 7bede19088034a1a84a8645ab9d11eb4 - - default default] 10.0.0.225 "GET /v2.0/ports?device_id=944a3294-5931-47df-9814-9a4a7a5cb7c3 HTTP/1.1" status: 200 len: 1170 time: 0.0505164
2026-04-02 17:58:38.110 9 INFO neutron.wsgi [req-600620f7-9778-44f7-a3e7-239261396efe req-5ffa5a92-48eb-4923-b702-ea10a02bb003 9149851bfe8445889924f7d4793a1bcd 7bede19088034a1a84a8645ab9d11eb4 - - default default] 10.0.0.225 "GET /v2.0/security-groups?id=ecb1fbd4-abcd-41b0-8f1a-43943db74007&fields=id&fields=name HTTP/1.1" status: 200 len: 312 time: 0.0554731
2026-04-02 17:58:38.148 10 INFO neutron.wsgi [None req-19c77c88-930c-4102-bc80-839318b72f48 eb572a1308414dfca207be35b9e3821f 16dda1f80ad34ba49d4b61a89f666745 - - default default] 10.0.0.116 "PUT /v2.0/floatingips/b4562d67-cb21-463d-be0b-6d902a3a5436/tags HTTP/1.1" status: 200 len: 212 time: 0.0826421
2026-04-02 17:58:38.205 9 INFO neutron.wsgi [None req-2d910e20-33b2-45a5-bd2c-45e351ad0d61 99f277e670554653b50cafc8356309bd a6cd72351e584026abe2a027d338eb20 - - default default] 10.0.0.116 "GET /v2.0/ports?device_id=944a3294-5931-47df-9814-9a4a7a5cb7c3 HTTP/1.1" status: 200 len: 1404 time: 0.0517089
2026-04-02 17:58:38.218 10 INFO neutron.wsgi [None req-0587ed3a-a498-4378-b788-50d70f39d003 eb572a1308414dfca207be35b9e3821f 16dda1f80ad34ba49d4b61a89f666745 - - default default] 10.0.0.116 "GET /v2.0/floatingips?tags=red HTTP/1.1" status: 200 len: 1866 time: 0.0584874
2026-04-02 17:58:38.278 10 INFO neutron.wsgi [None req-6a7e8229-11e1-4e48-9b66-3859fdf6241a eb572a1308414dfca207be35b9e3821f 16dda1f80ad34ba49d4b61a89f666745 - - default default] 10.0.0.116 "GET /v2.0/floatingips?tags=red%2Cblue HTTP/1.1" status: 200 len: 1323 time: 0.0504098
2026-04-02 17:58:38.283 10 INFO neutron.wsgi [req-e1bc5e09-6e4d-4aa4-92b3-d33dd2ef3f78 req-c9dbca0b-e487-420a-aa9f-5e380e74c244 cde2b112dbb3406c8ac6fddad7457457 748858f4982c40cfaad3b59ae8fc735b - - default default] 199.204.45.33 "GET /v2.0/networks?id=b0a25788-8fcb-445d-ab88-1637ce6e0a5c HTTP/1.1" status: 200 len: 872 time: 0.1446974
2026-04-02 17:58:38.305 10 WARNING neutron_lib.context [req-e1bc5e09-6e4d-4aa4-92b3-d33dd2ef3f78 req-3f3457a0-4942-462a-b8a1-6f5f840a3e60 cde2b112dbb3406c8ac6fddad7457457 748858f4982c40cfaad3b59ae8fc735b - - default default] Method 'is_advsvc' is deprecated since 2023.2 release (neutron-lib 3.8.0) and will be removed once support for the old RBAC API policies will be removed from Neutron. Please use method 'is_service_role' instead.
2026-04-02 17:58:38.338 10 INFO neutron.wsgi [None req-ac4dcd16-4c84-447c-ad62-51e075967c79 eb572a1308414dfca207be35b9e3821f 16dda1f80ad34ba49d4b61a89f666745 - - default default] 10.0.0.116 "GET /v2.0/floatingips?tags-any=blue HTTP/1.1" status: 200 len: 1323 time: 0.0548553
2026-04-02 17:58:38.376 10 INFO neutron.wsgi [None req-7daa7e78-e630-45cb-ad0e-3795fce92609 eb572a1308414dfca207be35b9e3821f 16dda1f80ad34ba49d4b61a89f666745 - - default default] 10.0.0.116 "GET /v2.0/floatingips?tags-any=red%2Cblue HTTP/1.1" status: 200 len: 1866 time: 0.0304685
2026-04-02 17:58:38.431 9 INFO neutron.wsgi [None req-a5711b52-a2e1-49fe-a2e9-330b7e0b749c eb572a1308414dfca207be35b9e3821f 16dda1f80ad34ba49d4b61a89f666745 - - default default] 10.0.0.116 "GET /v2.0/floatingips?not-tags=red HTTP/1.1" status: 200 len: 1295 time: 0.0485628
2026-04-02 17:58:38.494 9 INFO neutron.wsgi [None req-815615e4-7bfb-45ba-8225-74a7586d1968 eb572a1308414dfca207be35b9e3821f 16dda1f80ad34ba49d4b61a89f666745 - - default default] 10.0.0.116 "GET /v2.0/floatingips?not-tags=red%2Cblue HTTP/1.1" status: 200 len: 1838 time: 0.0571504
2026-04-02 17:58:38.530 9 INFO neutron.wsgi [req-739c2e9c-2467-46f6-bf71-76b546b6a537 req-ef4c68ab-b2e1-4ceb-a097-a39f4ffdcffa cde2b112dbb3406c8ac6fddad7457457 748858f4982c40cfaad3b59ae8fc735b - - default default] 10.0.0.225 "GET /v2.0/ports?device_id=54d499d6-06e6-4fd3-8b9e-e666f45ec000 HTTP/1.1" status: 200 len: 210 time: 0.0200236
2026-04-02 17:58:38.539 9 INFO neutron.db.l3_db [None req-cc22642f-337e-416b-ba4d-992fe6850150 9149851bfe8445889924f7d4793a1bcd 7bede19088034a1a84a8645ab9d11eb4 - - default default] Floating IP 2ac86988-799d-47cd-ae67-fb355345b11b associated. External IP: 10.96.250.210, port: 02aa8f9e-2fc5-46a4-b1c8-3a6192b88e44.
2026-04-02 17:58:38.546 10 INFO neutron.wsgi [None req-4d4c907b-a992-4c5e-ab99-e7c303524a2f eb572a1308414dfca207be35b9e3821f 16dda1f80ad34ba49d4b61a89f666745 - - default default] 10.0.0.116 "GET /v2.0/floatingips?not-tags-any=blue HTTP/1.1" status: 200 len: 1838 time: 0.0422814
2026-04-02 17:58:38.578 10 INFO neutron.wsgi [None req-9ba90c65-2bb7-40fe-bee6-de9afab44e2a eb572a1308414dfca207be35b9e3821f 16dda1f80ad34ba49d4b61a89f666745 - - default default] 10.0.0.116 "GET /v2.0/floatingips?not-tags-any=red%2Cblue HTTP/1.1" status: 200 len: 1295 time: 0.0278835
2026-04-02 17:58:38.726 10 WARNING neutron.scheduler.dhcp_agent_scheduler [req-e1bc5e09-6e4d-4aa4-92b3-d33dd2ef3f78 req-3f3457a0-4942-462a-b8a1-6f5f840a3e60 cde2b112dbb3406c8ac6fddad7457457 748858f4982c40cfaad3b59ae8fc735b - - default default] No more DHCP agents
2026-04-02 17:58:38.728 10 WARNING neutron.api.rpc.agentnotifiers.dhcp_rpc_agent_api [req-e1bc5e09-6e4d-4aa4-92b3-d33dd2ef3f78 req-3f3457a0-4942-462a-b8a1-6f5f840a3e60 cde2b112dbb3406c8ac6fddad7457457 748858f4982c40cfaad3b59ae8fc735b - - default default] Unable to schedule network b0a25788-8fcb-445d-ab88-1637ce6e0a5c: no agents available; will retry on subsequent port and subnet creation events.
2026-04-02 17:58:38.933 10 INFO neutron.db.ovn_revision_numbers_db [req-e1bc5e09-6e4d-4aa4-92b3-d33dd2ef3f78 req-3f3457a0-4942-462a-b8a1-6f5f840a3e60 cde2b112dbb3406c8ac6fddad7457457 748858f4982c40cfaad3b59ae8fc735b - - default default] Successfully bumped revision number for resource 49cfdfe1-04e7-4c31-bd79-c1a0f98e720d (type: ports) to 1
2026-04-02 17:58:38.962 10 INFO neutron.wsgi [req-e1bc5e09-6e4d-4aa4-92b3-d33dd2ef3f78 req-3f3457a0-4942-462a-b8a1-6f5f840a3e60 cde2b112dbb3406c8ac6fddad7457457 748858f4982c40cfaad3b59ae8fc735b - - default default] 199.204.45.33 "POST /v2.0/ports HTTP/1.1" status: 201 len: 1162 time: 0.6720212 /var/lib/openstack/lib/python3.10/site-packages/pycadf/identifier.py:71: UserWarning: Invalid uuid: neutron. To ensure interoperability, identifiers should be a valid uuid. warnings.warn(('Invalid uuid: %s. To ensure interoperability, '
2026-04-02 17:58:39.030 9 INFO neutron.db.ovn_revision_numbers_db [None req-cc22642f-337e-416b-ba4d-992fe6850150 9149851bfe8445889924f7d4793a1bcd 7bede19088034a1a84a8645ab9d11eb4 - - default default] Successfully bumped revision number for resource 2ac86988-799d-47cd-ae67-fb355345b11b (type: floatingips) to 4
2026-04-02 17:58:39.164 9 INFO neutron.db.ovn_revision_numbers_db [None req-cc22642f-337e-416b-ba4d-992fe6850150 9149851bfe8445889924f7d4793a1bcd 7bede19088034a1a84a8645ab9d11eb4 - - default default] Successfully bumped revision number for resource 2ac86988-799d-47cd-ae67-fb355345b11b (type: floatingips) to 5
2026-04-02 17:58:39.197 9 INFO neutron.wsgi [None req-cc22642f-337e-416b-ba4d-992fe6850150 9149851bfe8445889924f7d4793a1bcd 7bede19088034a1a84a8645ab9d11eb4 - - default default] 10.0.0.116 "PUT /v2.0/floatingips/2ac86988-799d-47cd-ae67-fb355345b11b HTTP/1.1" status: 200 len: 1049 time: 0.9868643
2026-04-02 17:58:39.230 9 INFO neutron.wsgi [None req-fe5ad463-40bf-4658-bce2-5b56803e853d eb572a1308414dfca207be35b9e3821f 16dda1f80ad34ba49d4b61a89f666745 - - default default] 10.0.0.116 "DELETE /v2.0/floatingips/50d1703c-aa5a-4b4d-be84-9c444f2975d2 HTTP/1.1" status: 204 len: 168 time: 0.6422427
2026-04-02 17:58:39.232 9 INFO neutron.notifiers.nova [-] Nova event matching ['req-7cc51f7b-60ed-4186-a003-4ae439558441'] response: {'name': 'network-changed', 'server_uuid': '944a3294-5931-47df-9814-9a4a7a5cb7c3', 'tag': '02aa8f9e-2fc5-46a4-b1c8-3a6192b88e44', 'status': 'completed', 'code': 200}
2026-04-02 17:58:39.272 10 INFO neutron.wsgi [None req-c0f2bafa-9383-46a5-bf4d-8512d1212277 9149851bfe8445889924f7d4793a1bcd 7bede19088034a1a84a8645ab9d11eb4 - - default default] 10.0.0.116 "GET /v2.0/floatingips/2ac86988-799d-47cd-ae67-fb355345b11b HTTP/1.1" status: 200 len: 1051 time: 0.0705788
2026-04-02 17:58:39.314 9 INFO neutron.wsgi [req-0c58c7af-9734-4870-9581-3a39afa0f99e req-80658f3f-aa39-47fa-b0ee-af8652d005c7 79db3ab00c1a4de2959a6231a9d52505 9f32f16e2d634a4e843a780e963d4603 - - 68f884a083bc4df4af06077f756a8e3a 68f884a083bc4df4af06077f756a8e3a] 199.204.45.33 "GET /v2.0/ports?tenant_id=7bede19088034a1a84a8645ab9d11eb4&device_id=944a3294-5931-47df-9814-9a4a7a5cb7c3 HTTP/1.1" status: 200 len: 1409 time: 0.0586245
2026-04-02 17:58:39.410 9 INFO neutron.wsgi [req-0c58c7af-9734-4870-9581-3a39afa0f99e req-16b13f51-7fc9-467a-8964-d8d61798a615 79db3ab00c1a4de2959a6231a9d52505 9f32f16e2d634a4e843a780e963d4603 - - 68f884a083bc4df4af06077f756a8e3a 68f884a083bc4df4af06077f756a8e3a] 199.204.45.33 "GET /v2.0/networks?id=16c08355-6bbb-4751-9a95-0008416b3067 HTTP/1.1" status: 200 len: 958 time: 0.0905101
2026-04-02 17:58:39.440 10 INFO neutron.db.ovn_revision_numbers_db [req-e1bc5e09-6e4d-4aa4-92b3-d33dd2ef3f78 req-609025a6-3387-4a7f-945c-7a7ae4ad1728 79db3ab00c1a4de2959a6231a9d52505 9f32f16e2d634a4e843a780e963d4603 - - 68f884a083bc4df4af06077f756a8e3a 68f884a083bc4df4af06077f756a8e3a] Successfully bumped revision number for resource 49cfdfe1-04e7-4c31-bd79-c1a0f98e720d (type: ports) to 2
2026-04-02 17:58:39.484 9 INFO neutron.wsgi [req-0c58c7af-9734-4870-9581-3a39afa0f99e req-94787448-d245-4d36-8a08-040baf13f017 79db3ab00c1a4de2959a6231a9d52505 9f32f16e2d634a4e843a780e963d4603 - - 68f884a083bc4df4af06077f756a8e3a 68f884a083bc4df4af06077f756a8e3a] 199.204.45.33 "GET /v2.0/floatingips?fixed_ip_address=10.100.0.5&port_id=02aa8f9e-2fc5-46a4-b1c8-3a6192b88e44 HTTP/1.1" status: 200 len: 1059 time: 0.0654356
2026-04-02 17:58:39.540 9 INFO neutron.wsgi [req-0c58c7af-9734-4870-9581-3a39afa0f99e req-8fbce77a-104e-4580-ab50-8d7c183de98b 79db3ab00c1a4de2959a6231a9d52505 9f32f16e2d634a4e843a780e963d4603 - - 68f884a083bc4df4af06077f756a8e3a 68f884a083bc4df4af06077f756a8e3a] 199.204.45.33 "GET /v2.0/subnets?id=5f7ab5d9-a2ac-4176-8d1b-823a729a800e HTTP/1.1" status: 200 len: 852 time: 0.0456197
2026-04-02 17:58:39.574 9 INFO neutron.wsgi [req-0c58c7af-9734-4870-9581-3a39afa0f99e req-637483aa-488e-4a6c-9740-e05e43777b39 79db3ab00c1a4de2959a6231a9d52505 9f32f16e2d634a4e843a780e963d4603 - - 68f884a083bc4df4af06077f756a8e3a 68f884a083bc4df4af06077f756a8e3a] 199.204.45.33 "GET /v2.0/ports?network_id=16c08355-6bbb-4751-9a95-0008416b3067&device_owner=network%3Adhcp HTTP/1.1" status: 200 len: 210 time: 0.0252252
2026-04-02 17:58:39.685 9 WARNING neutron.plugins.ml2.drivers.ovn.mech_driver.ovsdb.ovn_client [None req-b6c15372-2b8f-455d-8dd4-64462efef91e - - - - - -] No hosting information found for port b46e48c4-f08f-4e7b-ab34-a77df9ea2691: RuntimeError: No hosting information found for port b46e48c4-f08f-4e7b-ab34-a77df9ea2691
2026-04-02 17:58:39.687 10 INFO neutron.db.ovn_revision_numbers_db [req-e1bc5e09-6e4d-4aa4-92b3-d33dd2ef3f78 req-609025a6-3387-4a7f-945c-7a7ae4ad1728 79db3ab00c1a4de2959a6231a9d52505 9f32f16e2d634a4e843a780e963d4603 - - 68f884a083bc4df4af06077f756a8e3a 68f884a083bc4df4af06077f756a8e3a] Successfully bumped revision number for resource 49cfdfe1-04e7-4c31-bd79-c1a0f98e720d (type: ports) to 2
2026-04-02 17:58:39.706 9 INFO neutron.wsgi [req-0c58c7af-9734-4870-9581-3a39afa0f99e req-31532f5a-5cae-46d2-af8b-be138e96269e 79db3ab00c1a4de2959a6231a9d52505 9f32f16e2d634a4e843a780e963d4603 - - 68f884a083bc4df4af06077f756a8e3a 68f884a083bc4df4af06077f756a8e3a] 199.204.45.33 "GET /v2.0/networks/16c08355-6bbb-4751-9a95-0008416b3067?fields=segments HTTP/1.1" status: 200 len: 212 time: 0.1234987
2026-04-02 17:58:39.707 10 INFO neutron.wsgi [req-e1bc5e09-6e4d-4aa4-92b3-d33dd2ef3f78 req-609025a6-3387-4a7f-945c-7a7ae4ad1728 79db3ab00c1a4de2959a6231a9d52505 9f32f16e2d634a4e843a780e963d4603 - - 68f884a083bc4df4af06077f756a8e3a 68f884a083bc4df4af06077f756a8e3a] 199.204.45.33 "PUT /v2.0/ports/49cfdfe1-04e7-4c31-bd79-c1a0f98e720d HTTP/1.1" status: 200 len: 1380 time: 0.7382469
2026-04-02 17:58:39.715 9 INFO neutron.wsgi [req-5d01dc49-06de-48b7-ba2d-c4a2ee6708bd req-2c8b4a49-e60d-4ebd-a24a-7d42220fda60 cde2b112dbb3406c8ac6fddad7457457 748858f4982c40cfaad3b59ae8fc735b - - default default] 10.0.0.225 "GET /v2.0/ports?device_id=54d499d6-06e6-4fd3-8b9e-e666f45ec000 HTTP/1.1" status: 200 len: 1172 time: 0.0877647 /var/lib/openstack/lib/python3.10/site-packages/pycadf/identifier.py:71: UserWarning: Invalid uuid: neutron. To ensure interoperability, identifiers should be a valid uuid. warnings.warn(('Invalid uuid: %s. To ensure interoperability, '
2026-04-02 17:58:39.770 10 INFO neutron.notifiers.nova [-] Nova event matching ['req-bf97c8ae-bed0-45ee-b772-a9d3fb52dd5f'] response: {'name': 'network-changed', 'server_uuid': '54d499d6-06e6-4fd3-8b9e-e666f45ec000', 'tag': '49cfdfe1-04e7-4c31-bd79-c1a0f98e720d', 'status': 'completed', 'code': 200}
2026-04-02 17:58:39.799 9 INFO neutron.wsgi [req-5d01dc49-06de-48b7-ba2d-c4a2ee6708bd req-e0605686-daef-49ab-83e1-804f4b806212 cde2b112dbb3406c8ac6fddad7457457 748858f4982c40cfaad3b59ae8fc735b - - default default] 10.0.0.225 "GET /v2.0/security-groups?id=0db37ecd-b26a-4f6c-896a-57f6a6ac7bf7&fields=id&fields=name HTTP/1.1" status: 200 len: 286 time: 0.0616734
2026-04-02 17:58:39.810 9 INFO neutron.wsgi [req-0c58c7af-9734-4870-9581-3a39afa0f99e req-7da18d2f-b24a-4f21-8ca1-86830d8ffc4a 79db3ab00c1a4de2959a6231a9d52505 9f32f16e2d634a4e843a780e963d4603 - - 68f884a083bc4df4af06077f756a8e3a 68f884a083bc4df4af06077f756a8e3a] 199.204.45.33 "GET /v2.0/networks/16c08355-6bbb-4751-9a95-0008416b3067?fields=provider%3Aphysical_network&fields=provider%3Anetwork_type HTTP/1.1" status: 200 len: 277 time: 0.0930848
2026-04-02 17:58:39.825 10 INFO neutron.wsgi [req-e1bc5e09-6e4d-4aa4-92b3-d33dd2ef3f78 req-64c23b34-ac8e-45bd-871b-9a0abd9c9ed9 79db3ab00c1a4de2959a6231a9d52505 9f32f16e2d634a4e843a780e963d4603 - - 68f884a083bc4df4af06077f756a8e3a 68f884a083bc4df4af06077f756a8e3a] 199.204.45.33 "GET /v2.0/ports?tenant_id=748858f4982c40cfaad3b59ae8fc735b&device_id=54d499d6-06e6-4fd3-8b9e-e666f45ec000 HTTP/1.1" status: 200 len: 1411 time: 0.0680606
2026-04-02 17:58:39.835 9 INFO neutron.wsgi [None req-829b1a62-7597-4574-9c1f-22257a8b4d70 eb572a1308414dfca207be35b9e3821f 16dda1f80ad34ba49d4b61a89f666745 - - default default] 10.0.0.116 "DELETE /v2.0/floatingips/5731c3e9-c345-43af-8904-063afd6008c0 HTTP/1.1" status: 204 len: 168 time: 0.5999007
2026-04-02 17:58:39.888 10 INFO neutron.wsgi [req-e1bc5e09-6e4d-4aa4-92b3-d33dd2ef3f78 req-f358b22c-c0df-4225-80b4-121870564d82 79db3ab00c1a4de2959a6231a9d52505 9f32f16e2d634a4e843a780e963d4603 - - 68f884a083bc4df4af06077f756a8e3a 68f884a083bc4df4af06077f756a8e3a] 199.204.45.33 "GET /v2.0/floatingips?fixed_ip_address=10.100.0.13&port_id=49cfdfe1-04e7-4c31-bd79-c1a0f98e720d HTTP/1.1" status: 200 len: 217 time: 0.0579567
2026-04-02 17:58:39.948 10 INFO neutron.wsgi [req-e1bc5e09-6e4d-4aa4-92b3-d33dd2ef3f78 req-52f52757-a8d7-4117-9c30-3e753c8def1f 79db3ab00c1a4de2959a6231a9d52505 9f32f16e2d634a4e843a780e963d4603 - - 68f884a083bc4df4af06077f756a8e3a 68f884a083bc4df4af06077f756a8e3a] 199.204.45.33 "GET /v2.0/subnets?id=c6d623ba-6f39-4a17-991a-4fe4d6c82b93 HTTP/1.1" status: 200 len: 866 time: 0.0526648
2026-04-02 17:58:39.985 10 INFO neutron.wsgi [req-e1bc5e09-6e4d-4aa4-92b3-d33dd2ef3f78 req-383fdc79-ef4c-4310-9b0e-56df23218631 79db3ab00c1a4de2959a6231a9d52505 9f32f16e2d634a4e843a780e963d4603 - - 68f884a083bc4df4af06077f756a8e3a 68f884a083bc4df4af06077f756a8e3a] 199.204.45.33 "GET /v2.0/ports?network_id=b0a25788-8fcb-445d-ab88-1637ce6e0a5c&device_owner=network%3Adhcp HTTP/1.1" status: 200 len: 210 time: 0.0290277
2026-04-02 17:58:40.076 10 INFO neutron.wsgi [req-e1bc5e09-6e4d-4aa4-92b3-d33dd2ef3f78 req-fd0da872-5da3-4f82-a28d-dfcc0fd6a4be 79db3ab00c1a4de2959a6231a9d52505 9f32f16e2d634a4e843a780e963d4603 - - 68f884a083bc4df4af06077f756a8e3a 68f884a083bc4df4af06077f756a8e3a] 199.204.45.33 "GET /v2.0/networks/b0a25788-8fcb-445d-ab88-1637ce6e0a5c?fields=segments HTTP/1.1" status: 200 len: 212 time: 0.0820787
2026-04-02 17:58:40.180 10 INFO neutron.wsgi [req-e1bc5e09-6e4d-4aa4-92b3-d33dd2ef3f78 req-398e4ed5-a0b7-4a3f-8ac6-29fab73084f9 79db3ab00c1a4de2959a6231a9d52505 9f32f16e2d634a4e843a780e963d4603 - - 68f884a083bc4df4af06077f756a8e3a 68f884a083bc4df4af06077f756a8e3a] 199.204.45.33 "GET /v2.0/networks/b0a25788-8fcb-445d-ab88-1637ce6e0a5c?fields=provider%3Aphysical_network&fields=provider%3Anetwork_type HTTP/1.1" status: 200 len: 277 time: 0.0921659
2026-04-02 17:58:40.311 10 INFO neutron.wsgi [req-22479ee6-265a-4659-8d6f-df5a6bc8804d req-26311ed8-9fca-48d5-a300-1c8fa1b711af 79db3ab00c1a4de2959a6231a9d52505 9f32f16e2d634a4e843a780e963d4603 - - 68f884a083bc4df4af06077f756a8e3a 68f884a083bc4df4af06077f756a8e3a] 199.204.45.33 "GET /v2.0/ports?tenant_id=748858f4982c40cfaad3b59ae8fc735b&device_id=54d499d6-06e6-4fd3-8b9e-e666f45ec000 HTTP/1.1" status: 200 len: 1411 time: 0.0494692
2026-04-02 17:58:40.381 10 INFO neutron.wsgi [None req-1c816322-842d-418e-b4be-35ebb77a45ea eb572a1308414dfca207be35b9e3821f 16dda1f80ad34ba49d4b61a89f666745 - - default default] 10.0.0.116 "DELETE /v2.0/floatingips/e6d6b7de-2b7f-4855-ab41-5cc2f360bd8a HTTP/1.1" status: 204 len: 168 time: 0.5398748
2026-04-02 17:58:40.417 10 INFO neutron.wsgi [req-22479ee6-265a-4659-8d6f-df5a6bc8804d req-115fd7f9-8915-484f-8199-05d0d25023a9 79db3ab00c1a4de2959a6231a9d52505 9f32f16e2d634a4e843a780e963d4603 - - 68f884a083bc4df4af06077f756a8e3a 68f884a083bc4df4af06077f756a8e3a] 199.204.45.33 "GET /v2.0/networks?id=b0a25788-8fcb-445d-ab88-1637ce6e0a5c HTTP/1.1" status: 200 len: 971 time: 0.1002114
2026-04-02 17:58:40.418 9 INFO neutron.plugins.ml2.drivers.ovn.mech_driver.mech_driver [None req-b6c15372-2b8f-455d-8dd4-64462efef91e - - - - - -] OVN reports status up for port: 49cfdfe1-04e7-4c31-bd79-c1a0f98e720d
2026-04-02 17:58:40.452 10 INFO neutron.wsgi [req-22479ee6-265a-4659-8d6f-df5a6bc8804d req-3323d54c-74b4-401b-9a7a-e410ff251f71 79db3ab00c1a4de2959a6231a9d52505 9f32f16e2d634a4e843a780e963d4603 - - 68f884a083bc4df4af06077f756a8e3a 68f884a083bc4df4af06077f756a8e3a] 199.204.45.33 "GET /v2.0/floatingips?fixed_ip_address=10.100.0.13&port_id=49cfdfe1-04e7-4c31-bd79-c1a0f98e720d HTTP/1.1" status: 200 len: 217 time: 0.0284758
2026-04-02 17:58:40.461 9 INFO neutron.plugins.ml2.plugin [None req-b6c15372-2b8f-455d-8dd4-64462efef91e - - - - - -] Attempt 1 to provision port 49cfdfe1-04e7-4c31-bd79-c1a0f98e720d
2026-04-02 17:58:40.499 10 INFO neutron.wsgi [req-22479ee6-265a-4659-8d6f-df5a6bc8804d req-0459dbb0-e08f-440b-b5eb-1bf06c8d4d32 79db3ab00c1a4de2959a6231a9d52505 9f32f16e2d634a4e843a780e963d4603 - - 68f884a083bc4df4af06077f756a8e3a 68f884a083bc4df4af06077f756a8e3a] 199.204.45.33 "GET /v2.0/subnets?id=c6d623ba-6f39-4a17-991a-4fe4d6c82b93 HTTP/1.1" status: 200 len: 866 time: 0.0422938
2026-04-02 17:58:40.534 10 INFO neutron.wsgi [req-22479ee6-265a-4659-8d6f-df5a6bc8804d req-ccc4c10b-7da6-4b6a-b281-9c3deb21545e 79db3ab00c1a4de2959a6231a9d52505 9f32f16e2d634a4e843a780e963d4603 - - 68f884a083bc4df4af06077f756a8e3a 68f884a083bc4df4af06077f756a8e3a] 199.204.45.33 "GET /v2.0/ports?network_id=b0a25788-8fcb-445d-ab88-1637ce6e0a5c&device_owner=network%3Adhcp HTTP/1.1" status: 200 len: 210 time: 0.0294564
2026-04-02 17:58:40.607 10 INFO neutron.wsgi [req-22479ee6-265a-4659-8d6f-df5a6bc8804d req-d5eba07b-5a2f-42c6-96ce-7d79b2e90d20 79db3ab00c1a4de2959a6231a9d52505 9f32f16e2d634a4e843a780e963d4603 - - 68f884a083bc4df4af06077f756a8e3a 68f884a083bc4df4af06077f756a8e3a] 199.204.45.33 "GET /v2.0/networks/b0a25788-8fcb-445d-ab88-1637ce6e0a5c?fields=segments HTTP/1.1" status: 200 len: 212 time: 0.0655847
2026-04-02 17:58:40.687 10 INFO neutron.wsgi [req-22479ee6-265a-4659-8d6f-df5a6bc8804d req-9358770e-f6c6-42bf-8bde-d26579bb928e 79db3ab00c1a4de2959a6231a9d52505 9f32f16e2d634a4e843a780e963d4603 - - 68f884a083bc4df4af06077f756a8e3a 68f884a083bc4df4af06077f756a8e3a] 199.204.45.33 "GET /v2.0/networks/b0a25788-8fcb-445d-ab88-1637ce6e0a5c?fields=provider%3Aphysical_network&fields=provider%3Anetwork_type HTTP/1.1" status: 200 len: 277 time: 0.0737479
2026-04-02 17:58:40.823 9 INFO neutron.db.ovn_revision_numbers_db [None req-b6c15372-2b8f-455d-8dd4-64462efef91e - - - - - -] Successfully bumped revision number for resource 49cfdfe1-04e7-4c31-bd79-c1a0f98e720d (type: ports) to 4
2026-04-02 17:58:41.147 9 INFO neutron.wsgi [req-187a44a1-b399-41c1-a6c8-858061c92d46 req-c8cd309c-46ba-4083-8247-aae32f14e117 cde2b112dbb3406c8ac6fddad7457457 748858f4982c40cfaad3b59ae8fc735b - - default default] 10.0.0.225 "GET /v2.0/ports?device_id=54d499d6-06e6-4fd3-8b9e-e666f45ec000 HTTP/1.1" status: 200 len: 1174 time: 0.0520775 /var/lib/openstack/lib/python3.10/site-packages/pycadf/identifier.py:71: UserWarning: Invalid uuid: neutron. To ensure interoperability, identifiers should be a valid uuid. warnings.warn(('Invalid uuid: %s. To ensure interoperability, '
2026-04-02 17:58:41.163 9 INFO neutron.wsgi [None req-20d5ffdd-7b19-407e-8191-ed1feaa6d2e1 eb572a1308414dfca207be35b9e3821f 16dda1f80ad34ba49d4b61a89f666745 - - default default] 10.0.0.116 "DELETE /v2.0/floatingips/b4562d67-cb21-463d-be0b-6d902a3a5436 HTTP/1.1" status: 204 len: 168 time: 0.7742014
2026-04-02 17:58:41.188 9 INFO neutron.wsgi [req-187a44a1-b399-41c1-a6c8-858061c92d46 req-b4453354-c259-4fd1-aa44-22b2ddb7d315 cde2b112dbb3406c8ac6fddad7457457 748858f4982c40cfaad3b59ae8fc735b - - default default] 10.0.0.225 "GET /v2.0/security-groups?id=0db37ecd-b26a-4f6c-896a-57f6a6ac7bf7&fields=id&fields=name HTTP/1.1" status: 200 len: 286 time: 0.0332739
2026-04-02 17:58:41.267 9 INFO neutron.notifiers.nova [-] Nova event matching ['req-58e373f0-9d64-4b14-9ce6-ea521e54207a'] response: {'server_uuid': '54d499d6-06e6-4fd3-8b9e-e666f45ec000', 'name': 'network-vif-plugged', 'status': 'completed', 'tag': '49cfdfe1-04e7-4c31-bd79-c1a0f98e720d', 'code': 200}
2026-04-02 17:58:41.267 9 INFO neutron.notifiers.nova [-] Nova event matching ['req-58e373f0-9d64-4b14-9ce6-ea521e54207a'] response: {'server_uuid': '54d499d6-06e6-4fd3-8b9e-e666f45ec000', 'name': 'network-vif-plugged', 'status': 'completed', 'tag': '49cfdfe1-04e7-4c31-bd79-c1a0f98e720d', 'code': 200}
2026-04-02 17:58:41.764 10 INFO neutron.wsgi [None req-00eba844-8490-4c37-abc5-7cba461d14af eb572a1308414dfca207be35b9e3821f 16dda1f80ad34ba49d4b61a89f666745 - - default default] 10.0.0.116 "DELETE /v2.0/floatingips/c9cb451a-714b-4994-8a89-5fc20f55551f HTTP/1.1" status: 204 len: 168 time: 0.5960157
2026-04-02 17:58:42.372 9 INFO neutron.wsgi [req-8d780768-227f-4e4e-9d39-ec04cda33980 req-3a697337-bde4-4acb-ba2e-7f2af73d3249 cde2b112dbb3406c8ac6fddad7457457 748858f4982c40cfaad3b59ae8fc735b - - default default] 10.0.0.225 "GET /v2.0/ports?device_id=54d499d6-06e6-4fd3-8b9e-e666f45ec000 HTTP/1.1" status: 200 len: 1174 time: 0.1074913
2026-04-02 17:58:42.418 9 INFO neutron.wsgi [req-8d780768-227f-4e4e-9d39-ec04cda33980 req-c5f3664d-30dc-42c2-8b93-d6206a99e19b cde2b112dbb3406c8ac6fddad7457457 748858f4982c40cfaad3b59ae8fc735b - - default default] 10.0.0.225 "GET /v2.0/security-groups?id=0db37ecd-b26a-4f6c-896a-57f6a6ac7bf7&fields=id&fields=name HTTP/1.1" status: 200 len: 286 time: 0.0375757
2026-04-02 17:58:42.865 9 INFO neutron.db.ovn_revision_numbers_db [None req-46aa8b51-3304-4af0-8a40-93753ff28dce 6e572a2ffe884536a3857dbc19fff1ad d15d84c3f8b144fca4d23055a52e6571 - - default default] Successfully bumped revision number for resource 2b8e2feb-b1ac-48f5-8240-683cb4c745c2 (type: security_groups) to 1
2026-04-02 17:58:42.877 9 INFO neutron.db.ovn_revision_numbers_db [None req-46aa8b51-3304-4af0-8a40-93753ff28dce 6e572a2ffe884536a3857dbc19fff1ad d15d84c3f8b144fca4d23055a52e6571 - - default default] Successfully bumped revision number for resource 1c0a1bd6-eb57-492e-af62-8929a79d74ce (type: security_group_rules) to 0
2026-04-02 17:58:42.890 9 INFO neutron.db.ovn_revision_numbers_db [None req-46aa8b51-3304-4af0-8a40-93753ff28dce 6e572a2ffe884536a3857dbc19fff1ad d15d84c3f8b144fca4d23055a52e6571 - - default default] Successfully bumped revision number for resource 252f082c-4c6a-461f-8a0f-d737abfa65fc (type: security_group_rules) to 0
2026-04-02 17:58:42.939 9 INFO neutron.plugins.ml2.drivers.ovn.mech_driver.mech_driver [None req-b6c15372-2b8f-455d-8dd4-64462efef91e - - - - - -] OVN reports status down for port: 49cfdfe1-04e7-4c31-bd79-c1a0f98e720d
2026-04-02 17:58:42.942 9 INFO neutron.db.ovn_revision_numbers_db [None req-46aa8b51-3304-4af0-8a40-93753ff28dce 6e572a2ffe884536a3857dbc19fff1ad d15d84c3f8b144fca4d23055a52e6571 - - default default] Successfully bumped revision number for resource 91382bb0-4950-48e9-bf9b-91a1a375639f (type: security_group_rules) to 0
2026-04-02 17:58:42.964 9 INFO neutron.wsgi [req-378a1e15-3e92-4266-a1db-80dc7ee1f96d req-1b955c0b-d1cb-4186-8918-86d81ce6deca cde2b112dbb3406c8ac6fddad7457457 748858f4982c40cfaad3b59ae8fc735b - - default default] 10.0.0.225 "GET /v2.0/ports?device_id=54d499d6-06e6-4fd3-8b9e-e666f45ec000 HTTP/1.1" status: 200 len: 1174 time: 0.0680285
2026-04-02 17:58:42.978 9 INFO neutron.db.ovn_revision_numbers_db [None req-46aa8b51-3304-4af0-8a40-93753ff28dce 6e572a2ffe884536a3857dbc19fff1ad d15d84c3f8b144fca4d23055a52e6571 - - default default] Successfully bumped revision number for resource f8696720-52e6-45b9-8f31-5ae5bc2724b4 (type: security_group_rules) to 0
2026-04-02 17:58:43.015 9 INFO neutron.wsgi [None req-46aa8b51-3304-4af0-8a40-93753ff28dce 6e572a2ffe884536a3857dbc19fff1ad d15d84c3f8b144fca4d23055a52e6571 - - default default] 10.0.0.116 "GET /v2.0/security-groups?tenant_id=8f42d84d7b8e48fb99b625fa3021440e&name=default HTTP/1.1" status: 200 len: 2996 time: 0.4468148
2026-04-02 17:58:43.027 9 INFO neutron.wsgi [req-378a1e15-3e92-4266-a1db-80dc7ee1f96d req-f3e9ce69-a691-41d4-b60b-b0dabe775fa6 cde2b112dbb3406c8ac6fddad7457457 748858f4982c40cfaad3b59ae8fc735b - - default default] 10.0.0.225 "GET /v2.0/security-groups?id=0db37ecd-b26a-4f6c-896a-57f6a6ac7bf7&fields=id&fields=name HTTP/1.1" status: 200 len: 286 time: 0.0554931
2026-04-02 17:58:43.260 10 INFO neutron.wsgi [None req-10ade7cd-7e13-408c-b282-b04e485db60b 6e572a2ffe884536a3857dbc19fff1ad d15d84c3f8b144fca4d23055a52e6571 - - default default] 10.0.0.116 "DELETE /v2.0/security-groups/2b8e2feb-b1ac-48f5-8240-683cb4c745c2 HTTP/1.1" status: 204 len: 168 time: 0.2361510
2026-04-02 17:58:43.284 9 INFO neutron.db.ovn_revision_numbers_db [None req-b6c15372-2b8f-455d-8dd4-64462efef91e - - - - - -] Successfully bumped revision number for resource 49cfdfe1-04e7-4c31-bd79-c1a0f98e720d (type: ports) to 5
2026-04-02 17:58:43.320 9 INFO neutron.notifiers.nova [-] Nova event matching ['req-8c88e912-d57a-448f-95a2-01bc0d3b460e'] response: {'server_uuid': '54d499d6-06e6-4fd3-8b9e-e666f45ec000', 'name': 'network-vif-unplugged', 'status': 'completed', 'tag': '49cfdfe1-04e7-4c31-bd79-c1a0f98e720d', 'code': 200}
2026-04-02 17:58:43.366 10 INFO neutron.wsgi [req-ce5cbac3-1b15-48cf-85de-1b3c4d072bcd req-f10976e9-b573-48d8-8ef7-b08c7db20e68 cde2b112dbb3406c8ac6fddad7457457 748858f4982c40cfaad3b59ae8fc735b - - default default] 199.204.45.33 "GET /v2.0/ports?device_id=54d499d6-06e6-4fd3-8b9e-e666f45ec000 HTTP/1.1" status: 200 len: 1172 time: 0.1409938 /var/lib/openstack/lib/python3.10/site-packages/pycadf/identifier.py:71: UserWarning: Invalid uuid: neutron. To ensure interoperability, identifiers should be a valid uuid. warnings.warn(('Invalid uuid: %s. To ensure interoperability, '
2026-04-02 17:58:43.518 9 INFO neutron.db.ovn_revision_numbers_db [None req-b041d084-38bd-4ce5-8b0e-f5576ebf5361 6e572a2ffe884536a3857dbc19fff1ad d15d84c3f8b144fca4d23055a52e6571 - - default default] Successfully bumped revision number for resource 6a60d659-94f7-4f78-90c0-2f7736a47542 (type: security_groups) to 1
2026-04-02 17:58:43.535 9 INFO neutron.db.ovn_revision_numbers_db [None req-b041d084-38bd-4ce5-8b0e-f5576ebf5361 6e572a2ffe884536a3857dbc19fff1ad d15d84c3f8b144fca4d23055a52e6571 - - default default] Successfully bumped revision number for resource 577a7e4e-3795-4ecc-98c3-ccb23fb751ec (type: security_group_rules) to 0
2026-04-02 17:58:43.549 9 INFO neutron.db.ovn_revision_numbers_db [None req-b041d084-38bd-4ce5-8b0e-f5576ebf5361 6e572a2ffe884536a3857dbc19fff1ad d15d84c3f8b144fca4d23055a52e6571 - - default default] Successfully bumped revision number for resource 61a516bd-76df-41a3-8c03-f49768a1f8cc (type: security_group_rules) to 0
2026-04-02 17:58:43.566 9 INFO neutron.db.ovn_revision_numbers_db [None req-b041d084-38bd-4ce5-8b0e-f5576ebf5361 6e572a2ffe884536a3857dbc19fff1ad d15d84c3f8b144fca4d23055a52e6571 - - default default] Successfully bumped revision number for resource 8a722de9-e9c1-4fb3-a5d9-4c62de36443b (type: security_group_rules) to 0
2026-04-02 17:58:43.581 9 INFO neutron.db.ovn_revision_numbers_db [None req-b041d084-38bd-4ce5-8b0e-f5576ebf5361 6e572a2ffe884536a3857dbc19fff1ad d15d84c3f8b144fca4d23055a52e6571 - - default default] Successfully bumped revision number for resource a61a01f0-892d-489f-9363-012847d05dbe (type: security_group_rules) to 0
2026-04-02 17:58:43.603 9 INFO neutron.wsgi [None req-b041d084-38bd-4ce5-8b0e-f5576ebf5361 6e572a2ffe884536a3857dbc19fff1ad d15d84c3f8b144fca4d23055a52e6571 - - default default] 10.0.0.116 "GET /v2.0/security-groups?tenant_id=16dda1f80ad34ba49d4b61a89f666745&name=default HTTP/1.1" status: 200 len: 2996 time: 0.2127163
2026-04-02 17:58:43.690 10 INFO neutron.wsgi [req-ce5cbac3-1b15-48cf-85de-1b3c4d072bcd req-a1f76f28-dd24-4763-980b-c0f37b05e4d9 cde2b112dbb3406c8ac6fddad7457457 748858f4982c40cfaad3b59ae8fc735b - - default default] 199.204.45.33 "DELETE /v2.0/ports/49cfdfe1-04e7-4c31-bd79-c1a0f98e720d HTTP/1.1" status: 204 len: 173 time: 0.3191221
2026-04-02 17:58:43.730 10 INFO neutron.notifiers.nova [-] Nova event matching ['req-a12c8dac-e88a-4dca-aa21-bfad1e3f0fae'] response: {'server_uuid': '54d499d6-06e6-4fd3-8b9e-e666f45ec000', 'name': 'network-vif-deleted', 'tag': '49cfdfe1-04e7-4c31-bd79-c1a0f98e720d', 'status': 'completed', 'code': 200}
2026-04-02 17:58:43.810 9 INFO neutron.wsgi [None req-49fc7eb5-c52b-48f8-aba9-d0e8620835a9 6e572a2ffe884536a3857dbc19fff1ad d15d84c3f8b144fca4d23055a52e6571 - - default default] 10.0.0.116 "DELETE /v2.0/security-groups/6a60d659-94f7-4f78-90c0-2f7736a47542 HTTP/1.1" status: 204 len: 168 time: 0.2019720
2026-04-02 17:58:44.096 10 INFO neutron.db.ovn_revision_numbers_db [None req-3d0eaf86-4680-4f21-a3b1-2a4c626ea6c2 6e572a2ffe884536a3857dbc19fff1ad d15d84c3f8b144fca4d23055a52e6571 - - default default] Successfully bumped revision number for resource 0528f622-61ae-4544-9a10-65028854a796 (type: security_groups) to 1
2026-04-02 17:58:44.110 10 INFO neutron.db.ovn_revision_numbers_db [None req-3d0eaf86-4680-4f21-a3b1-2a4c626ea6c2 6e572a2ffe884536a3857dbc19fff1ad d15d84c3f8b144fca4d23055a52e6571 - - default default] Successfully bumped revision number for resource 29b4be96-d1db-456a-8910-2eb2857876f7 (type: security_group_rules) to 0
2026-04-02 17:58:44.124 10 INFO neutron.db.ovn_revision_numbers_db [None req-3d0eaf86-4680-4f21-a3b1-2a4c626ea6c2 6e572a2ffe884536a3857dbc19fff1ad d15d84c3f8b144fca4d23055a52e6571 - - default default] Successfully bumped revision number for resource 5c64e214-b825-4c4e-a85b-dab3013f64ea (type: security_group_rules) to 0
2026-04-02 17:58:44.140 10 INFO neutron.db.ovn_revision_numbers_db [None req-3d0eaf86-4680-4f21-a3b1-2a4c626ea6c2 6e572a2ffe884536a3857dbc19fff1ad d15d84c3f8b144fca4d23055a52e6571 - - default default] Successfully bumped revision number for resource bab85571-2656-4812-b42b-1ca80c14ffc8 (type: security_group_rules) to 0
2026-04-02 17:58:44.155 10 INFO neutron.db.ovn_revision_numbers_db [None req-3d0eaf86-4680-4f21-a3b1-2a4c626ea6c2 6e572a2ffe884536a3857dbc19fff1ad d15d84c3f8b144fca4d23055a52e6571 - - default default] Successfully bumped revision number for resource bba9f225-5b02-459f-976e-4e66e670a7ed (type: security_group_rules) to 0
2026-04-02 17:58:44.178 10 INFO neutron.wsgi [None req-3d0eaf86-4680-4f21-a3b1-2a4c626ea6c2 6e572a2ffe884536a3857dbc19fff1ad d15d84c3f8b144fca4d23055a52e6571 - - default default] 10.0.0.116 "GET /v2.0/security-groups?tenant_id=c0602355926d4e30a79d97b791e6de14&name=default HTTP/1.1" status: 200 len: 2996 time: 0.2100894
2026-04-02 17:58:44.376 10 INFO neutron.wsgi [None req-6a37b45b-3fa6-416b-8afd-75895e0ebd3f 6e572a2ffe884536a3857dbc19fff1ad d15d84c3f8b144fca4d23055a52e6571 - - default default] 10.0.0.116 "DELETE /v2.0/security-groups/0528f622-61ae-4544-9a10-65028854a796 HTTP/1.1" status: 204 len: 168 time: 0.1926372
2026-04-02 17:58:45.358 9 INFO neutron.notifiers.nova [-] Nova event matching ['req-158ad48c-346f-40b2-aa00-d7babc316a4b'] response: {'server_uuid': '54d499d6-06e6-4fd3-8b9e-e666f45ec000', 'name': 'network-vif-plugged', 'status': 'completed', 'tag': '49cfdfe1-04e7-4c31-bd79-c1a0f98e720d', 'code': 200}
2026-04-02 17:58:46.428 9 INFO neutron.wsgi [None req-b92136f9-8b36-45eb-8ccc-e86da77300cd 6e572a2ffe884536a3857dbc19fff1ad d15d84c3f8b144fca4d23055a52e6571 - - default default] 10.0.0.116 "PUT /v2.0/routers/4e49c8a7-34fe-47ea-b2e2-9e879fae16a4/remove_router_interface HTTP/1.1" status: 200 len: 503 time: 1.1812816 /var/lib/openstack/lib/python3.10/site-packages/pycadf/identifier.py:71: UserWarning: Invalid uuid: neutron. To ensure interoperability, identifiers should be a valid uuid. warnings.warn(('Invalid uuid: %s. To ensure interoperability, '
2026-04-02 17:58:47.054 10 INFO neutron.wsgi [req-687ba8d6-f6bc-4a5c-95fc-ce718483d39c req-e3931a30-d2a4-4ca2-abd6-13736be01bee 79db3ab00c1a4de2959a6231a9d52505 9f32f16e2d634a4e843a780e963d4603 - - 68f884a083bc4df4af06077f756a8e3a 68f884a083bc4df4af06077f756a8e3a] 199.204.45.33 "GET /v2.0/ports?device_id=ed34e38c-ddce-4243-b511-1e9372981f26&fields=binding%3Ahost_id&fields=binding%3Avif_type HTTP/1.1" status: 200 len: 265 time: 0.0372958
2026-04-02 17:58:47.203 10 INFO neutron.wsgi [req-687ba8d6-f6bc-4a5c-95fc-ce718483d39c req-c570173c-edd9-4b25-9e27-4c3ba607c02a 79db3ab00c1a4de2959a6231a9d52505 9f32f16e2d634a4e843a780e963d4603 - - 68f884a083bc4df4af06077f756a8e3a 68f884a083bc4df4af06077f756a8e3a] 199.204.45.33 "GET /v2.0/ports?tenant_id=7bede19088034a1a84a8645ab9d11eb4&device_id=ed34e38c-ddce-4243-b511-1e9372981f26 HTTP/1.1" status: 200 len: 1413 time: 0.1112914
2026-04-02 17:58:47.272 10 INFO neutron.wsgi [req-687ba8d6-f6bc-4a5c-95fc-ce718483d39c req-192b2218-9219-47ff-ba2c-a24a71df1f3f 79db3ab00c1a4de2959a6231a9d52505 9f32f16e2d634a4e843a780e963d4603 - - 68f884a083bc4df4af06077f756a8e3a 68f884a083bc4df4af06077f756a8e3a] 199.204.45.33 "GET /v2.0/networks?id=16c08355-6bbb-4751-9a95-0008416b3067 HTTP/1.1" status: 200 len: 958 time: 0.0532799
2026-04-02 17:58:47.302 10 INFO neutron.wsgi [req-687ba8d6-f6bc-4a5c-95fc-ce718483d39c req-32e65df0-b385-4484-8d14-211351ad5f4b 79db3ab00c1a4de2959a6231a9d52505 9f32f16e2d634a4e843a780e963d4603 - - 68f884a083bc4df4af06077f756a8e3a 68f884a083bc4df4af06077f756a8e3a] 199.204.45.33 "GET /v2.0/floatingips?fixed_ip_address=10.100.0.13&port_id=7f8bc207-2abd-4407-bdeb-c35cb3811977 HTTP/1.1" status: 200 len: 217 time: 0.0239112
2026-04-02 17:58:47.340 10 INFO neutron.wsgi [req-687ba8d6-f6bc-4a5c-95fc-ce718483d39c req-c2cc0f7e-04b7-41af-a49c-fa831955d7b6 79db3ab00c1a4de2959a6231a9d52505 9f32f16e2d634a4e843a780e963d4603 - - 68f884a083bc4df4af06077f756a8e3a 68f884a083bc4df4af06077f756a8e3a] 199.204.45.33 "GET /v2.0/subnets?id=5f7ab5d9-a2ac-4176-8d1b-823a729a800e HTTP/1.1" status: 200 len: 852 time: 0.0321972
2026-04-02 17:58:47.380 10 INFO neutron.wsgi [req-687ba8d6-f6bc-4a5c-95fc-ce718483d39c req-27a0ed2d-27cc-4da3-a568-672725439236 79db3ab00c1a4de2959a6231a9d52505 9f32f16e2d634a4e843a780e963d4603 - - 68f884a083bc4df4af06077f756a8e3a 68f884a083bc4df4af06077f756a8e3a] 199.204.45.33 "GET /v2.0/ports?network_id=16c08355-6bbb-4751-9a95-0008416b3067&device_owner=network%3Adhcp HTTP/1.1" status: 200 len: 210 time: 0.0189981
2026-04-02 17:58:47.454 10 INFO neutron.wsgi [req-687ba8d6-f6bc-4a5c-95fc-ce718483d39c req-0a6c4122-54a1-485f-8465-b01a95cc4678 79db3ab00c1a4de2959a6231a9d52505 9f32f16e2d634a4e843a780e963d4603 - - 68f884a083bc4df4af06077f756a8e3a 68f884a083bc4df4af06077f756a8e3a] 199.204.45.33 "GET /v2.0/networks/16c08355-6bbb-4751-9a95-0008416b3067?fields=segments HTTP/1.1" status: 200 len: 212 time: 0.0666761
2026-04-02 17:58:47.514 10 INFO neutron.wsgi [req-687ba8d6-f6bc-4a5c-95fc-ce718483d39c req-c3f99748-5e1d-45d2-889a-f99e8d6ceae1 79db3ab00c1a4de2959a6231a9d52505 9f32f16e2d634a4e843a780e963d4603 - - 68f884a083bc4df4af06077f756a8e3a 68f884a083bc4df4af06077f756a8e3a] 199.204.45.33 "GET /v2.0/networks/16c08355-6bbb-4751-9a95-0008416b3067?fields=provider%3Aphysical_network&fields=provider%3Anetwork_type HTTP/1.1" status: 200 len: 277 time: 0.0560954
2026-04-02 17:58:47.699 9 INFO neutron.wsgi [None req-e1bd241a-90e2-460c-b68f-50bdf5540c55 6e572a2ffe884536a3857dbc19fff1ad d15d84c3f8b144fca4d23055a52e6571 - - default default] 10.0.0.116 "DELETE /v2.0/routers/4e49c8a7-34fe-47ea-b2e2-9e879fae16a4 HTTP/1.1" status: 204 len: 168 time: 1.2643809
2026-04-02 17:58:47.889 9 INFO neutron.wsgi [None req-4d9b1614-d269-48cd-a167-fd51648d2081 6e572a2ffe884536a3857dbc19fff1ad d15d84c3f8b144fca4d23055a52e6571 - - default default] 10.0.0.116 "DELETE /v2.0/subnets/c6d623ba-6f39-4a17-991a-4fe4d6c82b93 HTTP/1.1" status: 204 len: 168 time: 0.1845205
2026-04-02 17:58:48.230 9 INFO neutron.services.segments.plugin [-] Segment a472b2e7-be60-4de8-97b4-3d6f2da14b5e resource provider aggregate not found
2026-04-02 17:58:48.236 9 INFO neutron.services.segments.plugin [-] Segment a472b2e7-be60-4de8-97b4-3d6f2da14b5e resource provider aggregate not found
2026-04-02 17:58:48.249 9 INFO neutron.services.segments.plugin [-] Segment a472b2e7-be60-4de8-97b4-3d6f2da14b5e resource provider not found; error: Placement Client Error (4xx): {"errors": [{"status": 404, "title": "Not Found", "detail": "The resource could not be found.\n\n No resource provider with uuid a472b2e7-be60-4de8-97b4-3d6f2da14b5e found for delete ", "request_id": "req-cf8401ae-00c2-4fc2-84a4-aebf0da1da75"}]}
2026-04-02 17:58:48.250 9 INFO neutron.services.segments.plugin [-] Segment a472b2e7-be60-4de8-97b4-3d6f2da14b5e resource provider not found; error: Placement Client Error (4xx): {"errors": [{"status": 404, "title": "Not Found", "detail": "The resource could not be found.\n\n No resource provider with uuid a472b2e7-be60-4de8-97b4-3d6f2da14b5e found for delete ", "request_id": "req-73e3fcae-763a-482c-a122-8d8511426fee"}]}
2026-04-02 17:58:48.268 10 INFO neutron.wsgi [-] 10.0.0.220 "GET / HTTP/1.1" status: 200 len: 247 time: 0.0025098
2026-04-02 17:58:48.268 9 INFO neutron.wsgi [None req-e1afbd78-1e2e-4dd4-829d-f2f31907bfc0 6e572a2ffe884536a3857dbc19fff1ad d15d84c3f8b144fca4d23055a52e6571 - - default default] 10.0.0.116 "DELETE /v2.0/networks/b0a25788-8fcb-445d-ab88-1637ce6e0a5c HTTP/1.1" status: 204 len: 168 time: 0.3735585
2026-04-02 17:58:48.271 10 INFO neutron.wsgi [-] 10.0.0.220 "GET / HTTP/1.1" status: 200 len: 247 time: 0.0019500
2026-04-02 17:58:48.479 9 INFO neutron.wsgi [None req-e2d25189-6973-488a-bbf7-994ab7955431 6e572a2ffe884536a3857dbc19fff1ad d15d84c3f8b144fca4d23055a52e6571 - - default default] 10.0.0.116 "GET /v2.0/security-groups?tenant_id=748858f4982c40cfaad3b59ae8fc735b&name=default HTTP/1.1" status: 200 len: 2996 time: 0.0384398
2026-04-02 17:58:48.678 10 INFO neutron.wsgi [None req-ab16d268-76a9-4074-9462-9f611e8f639b 6e572a2ffe884536a3857dbc19fff1ad d15d84c3f8b144fca4d23055a52e6571 - - default default] 10.0.0.116 "DELETE /v2.0/security-groups/0db37ecd-b26a-4f6c-896a-57f6a6ac7bf7 HTTP/1.1" status: 204 len: 168 time: 0.1938722
2026-04-02 17:58:48.699 9 WARNING neutron_lib.context [None req-4a61170a-1f95-45ba-b3fd-9966b84eddf4 2cb820c56871423a9143e667cdfe5587 b861d81cb8c74e1fb7fe5fab6b2e03b9 - - default default] Method 'is_advsvc' is deprecated since 2023.2 release (neutron-lib 3.8.0) and will be removed once support for the old RBAC API policies will be removed from Neutron. Please use method 'is_service_role' instead.
2026-04-02 17:58:48.834 9 INFO neutron.db.ovn_revision_numbers_db [None req-4a61170a-1f95-45ba-b3fd-9966b84eddf4 2cb820c56871423a9143e667cdfe5587 b861d81cb8c74e1fb7fe5fab6b2e03b9 - - default default] Successfully bumped revision number for resource b09620c8-fd13-4e21-8d78-75f690e6b8da (type: security_groups) to 1
2026-04-02 17:58:48.852 9 INFO neutron.db.ovn_revision_numbers_db [None req-4a61170a-1f95-45ba-b3fd-9966b84eddf4 2cb820c56871423a9143e667cdfe5587 b861d81cb8c74e1fb7fe5fab6b2e03b9 - - default default] Successfully bumped revision number for resource 3639f89a-14f1-4720-b7fe-78c51da81ec1 (type: security_group_rules) to 0
2026-04-02 17:58:48.866 9 INFO neutron.db.ovn_revision_numbers_db [None req-4a61170a-1f95-45ba-b3fd-9966b84eddf4 2cb820c56871423a9143e667cdfe5587 b861d81cb8c74e1fb7fe5fab6b2e03b9 - - default default] Successfully bumped revision number for resource 513464c9-b440-4b8e-9940-611e7020fd17 (type: security_group_rules) to 0
2026-04-02 17:58:48.881 9 INFO neutron.db.ovn_revision_numbers_db [None req-4a61170a-1f95-45ba-b3fd-9966b84eddf4 2cb820c56871423a9143e667cdfe5587 b861d81cb8c74e1fb7fe5fab6b2e03b9 - - default default] Successfully bumped revision number for resource 5152c813-424b-4dba-accb-6df8195080d2 (type: security_group_rules) to 0
2026-04-02 17:58:48.895 9 INFO neutron.db.ovn_revision_numbers_db [None req-4a61170a-1f95-45ba-b3fd-9966b84eddf4 2cb820c56871423a9143e667cdfe5587 b861d81cb8c74e1fb7fe5fab6b2e03b9 - - default default] Successfully bumped revision number for resource d54c8980-f075-412f-99ee-c657fe111061 (type: security_group_rules) to 0
2026-04-02 17:58:49.001 9 INFO neutron.db.ovn_revision_numbers_db [None req-4a61170a-1f95-45ba-b3fd-9966b84eddf4 2cb820c56871423a9143e667cdfe5587 b861d81cb8c74e1fb7fe5fab6b2e03b9 - - default default] Successfully bumped revision number for resource f2a252d6-9137-4c1b-9901-cc560d5499c4 (type: security_groups) to 1
2026-04-02 17:58:49.021 9 INFO neutron.db.ovn_revision_numbers_db [None req-4a61170a-1f95-45ba-b3fd-9966b84eddf4 2cb820c56871423a9143e667cdfe5587 b861d81cb8c74e1fb7fe5fab6b2e03b9 - - default default] Successfully bumped revision number for resource f679aa29-6ce1-4071-9450-1acf912485ca (type: security_group_rules) to 0
2026-04-02 17:58:49.036 9 INFO neutron.db.ovn_revision_numbers_db [None req-4a61170a-1f95-45ba-b3fd-9966b84eddf4 2cb820c56871423a9143e667cdfe5587 b861d81cb8c74e1fb7fe5fab6b2e03b9 - - default default] Successfully bumped revision number for resource fdbe4ea9-253c-4a80-a1e1-881acf126437 (type: security_group_rules) to 0
2026-04-02 17:58:49.058 9 INFO neutron.wsgi [None req-4a61170a-1f95-45ba-b3fd-9966b84eddf4 2cb820c56871423a9143e667cdfe5587 b861d81cb8c74e1fb7fe5fab6b2e03b9 - - default default] 10.0.0.116 "POST /v2.0/security-groups HTTP/1.1" status: 201 len: 1737 time: 0.5742223
2026-04-02 17:58:49.071 10 WARNING neutron_lib.context [None req-223e8c16-7343-472d-b383-981e88829ed0 2cb820c56871423a9143e667cdfe5587 b861d81cb8c74e1fb7fe5fab6b2e03b9 - - default default] Method 'is_advsvc' is deprecated since 2023.2 release (neutron-lib 3.8.0) and will be removed once support for the old RBAC API policies will be removed from Neutron. Please use method 'is_service_role' instead.
