2026-04-02 18:01:01.366 10 INFO neutron.wsgi [req-59c5adb0-93f6-4c58-8063-718d6401bc97 req-fb237aba-33df-47fc-86d9-70a80c85cab6 79db3ab00c1a4de2959a6231a9d52505 9f32f16e2d634a4e843a780e963d4603 - - 68f884a083bc4df4af06077f756a8e3a 68f884a083bc4df4af06077f756a8e3a] 199.204.45.33 "GET /v2.0/ports?network_id=361694a2-9c5c-47b9-bd13-ef510b3d66b2&device_owner=network%3Adhcp HTTP/1.1" status: 200 len: 210 time: 0.0188465
2026-04-02 18:01:01.430 10 INFO neutron.wsgi [req-59c5adb0-93f6-4c58-8063-718d6401bc97 req-9a01e95f-e19d-432d-aaaf-0eb48337006e 79db3ab00c1a4de2959a6231a9d52505 9f32f16e2d634a4e843a780e963d4603 - - 68f884a083bc4df4af06077f756a8e3a 68f884a083bc4df4af06077f756a8e3a] 199.204.45.33 "GET /v2.0/networks/361694a2-9c5c-47b9-bd13-ef510b3d66b2?fields=segments HTTP/1.1" status: 200 len: 212 time: 0.0588179
2026-04-02 18:01:01.503 10 INFO neutron.wsgi [req-59c5adb0-93f6-4c58-8063-718d6401bc97 req-5f7ef8c9-f08c-4869-aa73-aa4c63202bec 79db3ab00c1a4de2959a6231a9d52505 9f32f16e2d634a4e843a780e963d4603 - - 68f884a083bc4df4af06077f756a8e3a 68f884a083bc4df4af06077f756a8e3a] 199.204.45.33 "GET /v2.0/networks/361694a2-9c5c-47b9-bd13-ef510b3d66b2?fields=provider%3Aphysical_network&fields=provider%3Anetwork_type HTTP/1.1" status: 200 len: 277 time: 0.0633719
2026-04-02 18:01:01.577 10 INFO neutron.wsgi [req-17e7ce52-ab24-489e-89f9-9f4b396338c7 req-904f5bfe-1b0b-48e4-8f6d-7a8236bc4e51 79db3ab00c1a4de2959a6231a9d52505 9f32f16e2d634a4e843a780e963d4603 - - 68f884a083bc4df4af06077f756a8e3a 68f884a083bc4df4af06077f756a8e3a] 199.204.45.33 "GET /v2.0/ports?tenant_id=d15d84c3f8b144fca4d23055a52e6571&device_id=cf1347c5-9d75-4f86-a9c2-687aa8fa8aa4 HTTP/1.1" status: 200 len: 1415 time: 0.0382450
2026-04-02 18:01:01.639 10 INFO neutron.wsgi [req-17e7ce52-ab24-489e-89f9-9f4b396338c7 req-5cfe4229-f25d-4023-8696-392f108116ee 79db3ab00c1a4de2959a6231a9d52505 9f32f16e2d634a4e843a780e963d4603 - - 68f884a083bc4df4af06077f756a8e3a 68f884a083bc4df4af06077f756a8e3a] 199.204.45.33 "GET /v2.0/networks?id=361694a2-9c5c-47b9-bd13-ef510b3d66b2 HTTP/1.1" status: 200 len: 937 time: 0.0557039
2026-04-02 18:01:01.666 10 INFO neutron.wsgi [req-17e7ce52-ab24-489e-89f9-9f4b396338c7 req-66638daf-0d07-44d9-b615-f5bb6b26db82 79db3ab00c1a4de2959a6231a9d52505 9f32f16e2d634a4e843a780e963d4603 - - 68f884a083bc4df4af06077f756a8e3a 68f884a083bc4df4af06077f756a8e3a] 199.204.45.33 "GET /v2.0/floatingips?fixed_ip_address=172.24.2.146&port_id=ab1e0bf0-66e8-43bb-b2c4-fd14f9067eb8 HTTP/1.1" status: 200 len: 217 time: 0.0213196
2026-04-02 18:01:01.705 10 INFO neutron.wsgi [req-17e7ce52-ab24-489e-89f9-9f4b396338c7 req-39dc00e7-eef5-40d0-940c-35d864d84ef5 79db3ab00c1a4de2959a6231a9d52505 9f32f16e2d634a4e843a780e963d4603 - - 68f884a083bc4df4af06077f756a8e3a 68f884a083bc4df4af06077f756a8e3a] 199.204.45.33 "GET /v2.0/subnets?id=d0afd967-476c-48f0-9a65-53f8b21016ac HTTP/1.1" status: 200 len: 829 time: 0.0327308
2026-04-02 18:01:01.732 10 INFO neutron.wsgi [req-17e7ce52-ab24-489e-89f9-9f4b396338c7 req-10207050-e36c-4d85-ad3c-2f66835c9d36 79db3ab00c1a4de2959a6231a9d52505 9f32f16e2d634a4e843a780e963d4603 - - 68f884a083bc4df4af06077f756a8e3a 68f884a083bc4df4af06077f756a8e3a] 199.204.45.33 "GET /v2.0/ports?network_id=361694a2-9c5c-47b9-bd13-ef510b3d66b2&device_owner=network%3Adhcp HTTP/1.1" status: 200 len: 210 time: 0.0199411
2026-04-02 18:01:01.738 9 INFO neutron.wsgi [req-96007d03-da7c-40d4-8099-613c8ba4325d req-25b9b429-13f3-4085-8c5c-b5bb60989e9a 79db3ab00c1a4de2959a6231a9d52505 9f32f16e2d634a4e843a780e963d4603 - - 68f884a083bc4df4af06077f756a8e3a 68f884a083bc4df4af06077f756a8e3a] 199.204.45.33 "GET /v2.0/ports?device_id=cf1347c5-9d75-4f86-a9c2-687aa8fa8aa4 HTTP/1.1" status: 200 len: 1415 time: 0.0389647
2026-04-02 18:01:01.797 9 INFO neutron.wsgi [req-96007d03-da7c-40d4-8099-613c8ba4325d req-dd7b50d2-f9ce-4917-9960-24d1ae3a185c 79db3ab00c1a4de2959a6231a9d52505 9f32f16e2d634a4e843a780e963d4603 - - 68f884a083bc4df4af06077f756a8e3a 68f884a083bc4df4af06077f756a8e3a] 199.204.45.33 "GET /v2.0/security-groups?id=cd809b4c-4c5c-47a8-8a8f-81b61e18caf1&fields=id&fields=name HTTP/1.1" status: 200 len: 294 time: 0.0547912
2026-04-02 18:01:01.804 10 INFO neutron.wsgi [req-17e7ce52-ab24-489e-89f9-9f4b396338c7 req-7510cebb-659d-44b7-a16d-f70eae16c312 79db3ab00c1a4de2959a6231a9d52505 9f32f16e2d634a4e843a780e963d4603 - - 68f884a083bc4df4af06077f756a8e3a 68f884a083bc4df4af06077f756a8e3a] 199.204.45.33 "GET /v2.0/networks/361694a2-9c5c-47b9-bd13-ef510b3d66b2?fields=segments HTTP/1.1" status: 200 len: 212 time: 0.0622814
2026-04-02 18:01:01.895 10 INFO neutron.wsgi [req-17e7ce52-ab24-489e-89f9-9f4b396338c7 req-d58a11f5-36b6-49bb-a0bb-48aa176fa6d0 79db3ab00c1a4de2959a6231a9d52505 9f32f16e2d634a4e843a780e963d4603 - - 68f884a083bc4df4af06077f756a8e3a 68f884a083bc4df4af06077f756a8e3a] 199.204.45.33 "GET /v2.0/networks/361694a2-9c5c-47b9-bd13-ef510b3d66b2?fields=provider%3Aphysical_network&fields=provider%3Anetwork_type HTTP/1.1" status: 200 len: 277 time: 0.0628221
2026-04-02 18:01:01.899 9 INFO neutron.plugins.ml2.drivers.ovn.mech_driver.mech_driver [None req-b6c15372-2b8f-455d-8dd4-64462efef91e - - - - - -] OVN reports status up for port: ab1e0bf0-66e8-43bb-b2c4-fd14f9067eb8
2026-04-02 18:01:01.916 9 INFO neutron.plugins.ml2.plugin [None req-b6c15372-2b8f-455d-8dd4-64462efef91e - - - - - -] Attempt 1 to provision port ab1e0bf0-66e8-43bb-b2c4-fd14f9067eb8
2026-04-02 18:01:02.136 9 INFO neutron.notifiers.nova [-] Nova event matching ['req-46d1e7ea-bfe6-474a-a7a8-4d6cb19296ce'] response: {'server_uuid': 'cf1347c5-9d75-4f86-a9c2-687aa8fa8aa4', 'name': 'network-vif-plugged', 'status': 'completed', 'tag': 'ab1e0bf0-66e8-43bb-b2c4-fd14f9067eb8', 'code': 200}
2026-04-02 18:01:02.257 9 INFO neutron.db.ovn_revision_numbers_db [None req-b6c15372-2b8f-455d-8dd4-64462efef91e - - - - - -] Successfully bumped revision number for resource ab1e0bf0-66e8-43bb-b2c4-fd14f9067eb8 (type: ports) to 4
2026-04-02 18:01:02.327 9 INFO neutron.wsgi [req-5a5617cb-8856-44ad-9cc3-af9d17a3254e req-6f199a54-5d4c-4b73-a39f-c5232ff6f83a 6e572a2ffe884536a3857dbc19fff1ad d15d84c3f8b144fca4d23055a52e6571 - - default default] 10.0.0.225 "GET /v2.0/ports?device_id=cf1347c5-9d75-4f86-a9c2-687aa8fa8aa4 HTTP/1.1" status: 200 len: 1417 time: 0.0380795 /var/lib/openstack/lib/python3.10/site-packages/pycadf/identifier.py:71: UserWarning: Invalid uuid: neutron. To ensure interoperability, identifiers should be a valid uuid. warnings.warn(('Invalid uuid: %s. To ensure interoperability, '
2026-04-02 18:01:02.379 9 INFO neutron.wsgi [req-5a5617cb-8856-44ad-9cc3-af9d17a3254e req-99eee471-ed2a-4013-a451-d1600d7e51bd 6e572a2ffe884536a3857dbc19fff1ad d15d84c3f8b144fca4d23055a52e6571 - - default default] 10.0.0.225 "GET /v2.0/security-groups?id=cd809b4c-4c5c-47a8-8a8f-81b61e18caf1&fields=id&fields=name HTTP/1.1" status: 200 len: 294 time: 0.0454881
2026-04-02 18:01:02.526 9 INFO neutron.wsgi [req-e5a560cd-648c-4284-b6c1-72658d143124 req-150c9650-2b55-4b37-99cf-8232b1c3578e 6e572a2ffe884536a3857dbc19fff1ad d15d84c3f8b144fca4d23055a52e6571 - - default default] 10.0.0.225 "GET /v2.0/ports?device_id=cf1347c5-9d75-4f86-a9c2-687aa8fa8aa4 HTTP/1.1" status: 200 len: 1417 time: 0.0410528
2026-04-02 18:01:03.268 10 INFO neutron.wsgi [-] 10.0.0.220 "GET / HTTP/1.1" status: 200 len: 247 time: 0.0028353
2026-04-02 18:01:03.268 9 INFO neutron.wsgi [-] 10.0.0.220 "GET / HTTP/1.1" status: 200 len: 247 time: 0.0029247
2026-04-02 18:01:04.184 9 INFO neutron.notifiers.nova [-] Nova event matching ['req-cdd70e2e-b073-4770-800c-254c053bb11e'] response: {'server_uuid': 'cf1347c5-9d75-4f86-a9c2-687aa8fa8aa4', 'name': 'network-vif-plugged', 'status': 'completed', 'tag': 'ab1e0bf0-66e8-43bb-b2c4-fd14f9067eb8', 'code': 200}
2026-04-02 18:01:05.428 9 INFO neutron.wsgi [req-7594645b-5683-4c38-8343-e4a9d86c3f29 req-71fea04b-ab94-403f-b317-96279537d92d 6e572a2ffe884536a3857dbc19fff1ad d15d84c3f8b144fca4d23055a52e6571 - - default default] 10.0.0.225 "GET /v2.0/ports?device_id=cf1347c5-9d75-4f86-a9c2-687aa8fa8aa4 HTTP/1.1" status: 200 len: 1417 time: 0.0370674
2026-04-02 18:01:05.474 9 INFO neutron.wsgi [req-7594645b-5683-4c38-8343-e4a9d86c3f29 req-a4219c08-0b19-4e83-9a9d-5c34a6e4d916 6e572a2ffe884536a3857dbc19fff1ad d15d84c3f8b144fca4d23055a52e6571 - - default default] 10.0.0.225 "GET /v2.0/security-groups?id=cd809b4c-4c5c-47a8-8a8f-81b61e18caf1&fields=id&fields=name HTTP/1.1" status: 200 len: 294 time: 0.0404589
2026-04-02 18:01:05.565 9 INFO neutron.wsgi [req-69581034-540a-4f38-9aa2-d66d28d8d260 req-e2a16264-4e3c-4928-867e-d28cac6dbe5f 6e572a2ffe884536a3857dbc19fff1ad d15d84c3f8b144fca4d23055a52e6571 - - default default] 10.0.0.225 "GET /v2.0/ports?device_id=cf1347c5-9d75-4f86-a9c2-687aa8fa8aa4 HTTP/1.1" status: 200 len: 1417 time: 0.0365667
2026-04-02 18:01:18.268 10 INFO neutron.wsgi [-] 10.0.0.220 "GET / HTTP/1.1" status: 200 len: 247 time: 0.0026028
2026-04-02 18:01:18.268 9 INFO neutron.wsgi [-] 10.0.0.220 "GET / HTTP/1.1" status: 200 len: 247 time: 0.0027335
2026-04-02 18:01:29.518 9 INFO neutron.wsgi [None req-50752468-5a01-4a53-afd7-742c68c54d50 6e572a2ffe884536a3857dbc19fff1ad d15d84c3f8b144fca4d23055a52e6571 - - default default] 10.0.0.152 "GET /v2.0/network-ip-availabilities HTTP/1.1" status: 200 len: 3363 time: 0.1046805
2026-04-02 18:01:29.633 9 INFO neutron.wsgi [None req-adcdbf81-cb96-447a-85fa-8a395cda2ae6 6e572a2ffe884536a3857dbc19fff1ad d15d84c3f8b144fca4d23055a52e6571 - - default default] 10.0.0.152 "GET /v2.0/networks HTTP/1.1" status: 200 len: 4718 time: 0.1129639
2026-04-02 18:01:29.749 9 INFO neutron.wsgi [None req-0a6fd249-bc1b-4704-9511-9e8c7db29ef7 6e572a2ffe884536a3857dbc19fff1ad d15d84c3f8b144fca4d23055a52e6571 - - default default] 10.0.0.152 "GET /v2.0/routers HTTP/1.1" status: 200 len: 850 time: 0.1033092
2026-04-02 18:01:29.783 9 INFO neutron.wsgi [None req-bd2b1e4d-6a12-4a01-a1c5-48bf64c9c897 6e572a2ffe884536a3857dbc19fff1ad d15d84c3f8b144fca4d23055a52e6571 - - default default] 10.0.0.152 "GET /v2.0/agents?binary=ovn-controller HTTP/1.1" status: 200 len: 591 time: 0.0327318
2026-04-02 18:01:29.832 9 INFO neutron.wsgi [None req-89b3857a-72d2-489a-8ed5-abbf2934d393 6e572a2ffe884536a3857dbc19fff1ad d15d84c3f8b144fca4d23055a52e6571 - - default default] 10.0.0.152 "GET /v2.0/subnets HTTP/1.1" status: 200 len: 5498 time: 0.0477769
2026-04-02 18:01:29.854 9 INFO neutron.wsgi [None req-48399114-2df5-4a72-9b5a-0493be29642c 6e572a2ffe884536a3857dbc19fff1ad d15d84c3f8b144fca4d23055a52e6571 - - default default] 10.0.0.152 "GET /v2.0/subnetpools HTTP/1.1" status: 200 len: 193 time: 0.0193448
2026-04-02 18:01:29.944 9 INFO neutron.wsgi [None req-d45df9dd-d689-468a-8c8d-b8703d673bcf 6e572a2ffe884536a3857dbc19fff1ad d15d84c3f8b144fca4d23055a52e6571 - - default default] 10.0.0.152 "GET /v2.0/security-groups HTTP/1.1" status: 200 len: 29083 time: 0.0897682
2026-04-02 18:01:30.009 9 INFO neutron.wsgi [None req-d7795614-b98e-4cc0-8e26-266b77408b6d 6e572a2ffe884536a3857dbc19fff1ad d15d84c3f8b144fca4d23055a52e6571 - - default default] 10.0.0.152 "GET /v2.0/subnets HTTP/1.1" status: 200 len: 5498 time: 0.0465937
2026-04-02 18:01:30.096 9 INFO neutron.wsgi [None req-4a2969bc-07c1-4c82-88fe-948d28d191f2 6e572a2ffe884536a3857dbc19fff1ad d15d84c3f8b144fca4d23055a52e6571 - - default default] 10.0.0.152 "GET /v2.0/ports HTTP/1.1" status: 200 len: 19909 time: 0.0852921
2026-04-02 18:01:30.147 9 INFO neutron.wsgi [None req-51304662-6a62-4c43-8313-a1325a8ccbd6 6e572a2ffe884536a3857dbc19fff1ad d15d84c3f8b144fca4d23055a52e6571 - - default default] 10.0.0.152 "GET /v2.0/floatingips HTTP/1.1" status: 200 len: 1878 time: 0.0395093
2026-04-02 18:01:30.167 9 INFO neutron.wsgi [None req-40084c1a-3c8a-4231-a818-372a8b77e01f 6e572a2ffe884536a3857dbc19fff1ad d15d84c3f8b144fca4d23055a52e6571 - - default default] 10.0.0.152 "GET /v2.0/agents HTTP/1.1" status: 200 len: 997 time: 0.0187681
2026-04-02 18:01:33.268 10 INFO neutron.wsgi [-] 10.0.0.220 "GET / HTTP/1.1" status: 200 len: 247 time: 0.0020497
2026-04-02 18:01:33.269 9 INFO neutron.wsgi [-] 10.0.0.220 "GET / HTTP/1.1" status: 200 len: 247 time: 0.0034244
2026-04-02 18:01:39.865 10 INFO neutron.wsgi [None req-4b76a8d1-e397-4b32-8f76-ec213446dfa5 6e572a2ffe884536a3857dbc19fff1ad d15d84c3f8b144fca4d23055a52e6571 - - default default] 199.204.45.33 "GET /v2.0/extensions/security-group HTTP/1.1" status: 200 len: 369 time: 0.0075095
2026-04-02 18:01:39.880 10 INFO neutron.wsgi [None req-32e3180a-5e3c-495e-b869-7c6a0aa4c29b 6e572a2ffe884536a3857dbc19fff1ad d15d84c3f8b144fca4d23055a52e6571 - - default default] 199.204.45.33 "GET /v2.0/extensions/dns-integration HTTP/1.1" status: 200 len: 371 time: 0.0088289
2026-04-02 18:01:39.893 10 INFO neutron.wsgi [None req-e9b96fa0-d838-42a9-ace3-e58a2d5b75b3 6e572a2ffe884536a3857dbc19fff1ad d15d84c3f8b144fca4d23055a52e6571 - - default default] 199.204.45.33 "GET /v2.0/extensions/qos HTTP/1.1" status: 200 len: 365 time: 0.0060582
2026-04-02 18:01:39.902 10 INFO neutron.wsgi [None req-6db7a31a-47b1-44e0-8fcc-53e0e917484e 6e572a2ffe884536a3857dbc19fff1ad d15d84c3f8b144fca4d23055a52e6571 - - default default] 199.204.45.33 "GET /v2.0/extensions/allowed-address-pairs HTTP/1.1" status: 200 len: 383 time: 0.0045455
2026-04-02 18:01:39.943 10 INFO neutron.wsgi [None req-aa79df06-8ebf-4934-b6a7-529b9ee38ce3 6e572a2ffe884536a3857dbc19fff1ad d15d84c3f8b144fca4d23055a52e6571 - - default default] 199.204.45.33 "GET /v2.0/subnets/e74abf65-7619-4063-8d97-67194258d4df HTTP/1.1" status: 200 len: 851 time: 0.0367379
2026-04-02 18:01:40.002 10 INFO neutron.wsgi [None req-8f7e4444-5efc-48bf-859b-786ab70be6be 6e572a2ffe884536a3857dbc19fff1ad d15d84c3f8b144fca4d23055a52e6571 - - default default] 199.204.45.33 "GET /v2.0/ports?device_id=cf1347c5-9d75-4f86-a9c2-687aa8fa8aa4 HTTP/1.1" status: 200 len: 1417 time: 0.0452642
2026-04-02 18:01:40.323 10 WARNING neutron.scheduler.dhcp_agent_scheduler [None req-c889b91c-0761-4278-9fca-bb0d2fc6a2d1 6e572a2ffe884536a3857dbc19fff1ad d15d84c3f8b144fca4d23055a52e6571 - - default default] No more DHCP agents
2026-04-02 18:01:40.326 10 WARNING neutron.api.rpc.agentnotifiers.dhcp_rpc_agent_api [None req-c889b91c-0761-4278-9fca-bb0d2fc6a2d1 6e572a2ffe884536a3857dbc19fff1ad d15d84c3f8b144fca4d23055a52e6571 - - default default] Unable to schedule network 35a2c535-79d9-4a95-ba48-9063e5920bae: no agents available; will retry on subsequent port and subnet creation events.
2026-04-02 18:01:40.498 10 INFO neutron.db.ovn_revision_numbers_db [None req-c889b91c-0761-4278-9fca-bb0d2fc6a2d1 6e572a2ffe884536a3857dbc19fff1ad d15d84c3f8b144fca4d23055a52e6571 - - default default] Successfully bumped revision number for resource a7988c56-a0df-491b-a51a-6ddcca6120e7 (type: ports) to 1
2026-04-02 18:01:40.523 10 INFO neutron.wsgi [None req-c889b91c-0761-4278-9fca-bb0d2fc6a2d1 6e572a2ffe884536a3857dbc19fff1ad d15d84c3f8b144fca4d23055a52e6571 - - default default] 199.204.45.33 "POST /v2.0/ports HTTP/1.1" status: 201 len: 1298 time: 0.5143580
2026-04-02 18:01:40.618 9 INFO neutron.wsgi [req-11d570a2-efc3-483c-9b68-5b1621370da1 req-a4307f18-c450-4ccf-91fc-951096660287 6e572a2ffe884536a3857dbc19fff1ad d15d84c3f8b144fca4d23055a52e6571 - - default default] 10.0.0.225 "GET /v2.0/ports/a7988c56-a0df-491b-a51a-6ddcca6120e7 HTTP/1.1" status: 200 len: 1293 time: 0.0429735
2026-04-02 18:01:40.634 9 INFO neutron.wsgi [req-11d570a2-efc3-483c-9b68-5b1621370da1 req-73d6f8bd-b55d-4026-acbc-fe1d68d8b8cc 6e572a2ffe884536a3857dbc19fff1ad d15d84c3f8b144fca4d23055a52e6571 - - default default] 10.0.0.225 "GET /v2.0/extensions HTTP/1.1" status: 200 len: 16980 time: 0.0080388 /var/lib/openstack/lib/python3.10/site-packages/pycadf/identifier.py:71: UserWarning: Invalid uuid: neutron. To ensure interoperability, identifiers should be a valid uuid. warnings.warn(('Invalid uuid: %s. To ensure interoperability, '
2026-04-02 18:01:40.742 10 INFO neutron.wsgi [req-11d570a2-efc3-483c-9b68-5b1621370da1 req-2e8b442e-af89-44d0-a877-7c71278a84b2 79db3ab00c1a4de2959a6231a9d52505 9f32f16e2d634a4e843a780e963d4603 - - 68f884a083bc4df4af06077f756a8e3a 68f884a083bc4df4af06077f756a8e3a] 199.204.45.33 "GET /v2.0/ports/a7988c56-a0df-491b-a51a-6ddcca6120e7?fields=binding%3Avnic_type&fields=binding%3Aprofile&fields=network_id&fields=resource_request&fields=numa_affinity_policy&fields=device_profile HTTP/1.1" status: 200 len: 335 time: 0.0329010
2026-04-02 18:01:40.815 10 INFO neutron.wsgi [req-11d570a2-efc3-483c-9b68-5b1621370da1 req-3c0a2933-36c3-41b5-b102-3a5e9ee3da6d 79db3ab00c1a4de2959a6231a9d52505 9f32f16e2d634a4e843a780e963d4603 - - 68f884a083bc4df4af06077f756a8e3a 68f884a083bc4df4af06077f756a8e3a] 199.204.45.33 "GET /v2.0/networks/35a2c535-79d9-4a95-ba48-9063e5920bae?fields=segments HTTP/1.1" status: 200 len: 212 time: 0.0660031
2026-04-02 18:01:40.902 10 INFO neutron.wsgi [req-11d570a2-efc3-483c-9b68-5b1621370da1 req-c66af4e1-4979-426a-8152-1c6559f0e0ca 79db3ab00c1a4de2959a6231a9d52505 9f32f16e2d634a4e843a780e963d4603 - - 68f884a083bc4df4af06077f756a8e3a 68f884a083bc4df4af06077f756a8e3a] 199.204.45.33 "GET /v2.0/networks/35a2c535-79d9-4a95-ba48-9063e5920bae?fields=provider%3Aphysical_network&fields=provider%3Anetwork_type HTTP/1.1" status: 200 len: 277 time: 0.0798426
2026-04-02 18:01:40.972 10 INFO neutron.wsgi [req-11d570a2-efc3-483c-9b68-5b1621370da1 req-ff41c609-64fa-435d-ba06-1021f523661e 79db3ab00c1a4de2959a6231a9d52505 9f32f16e2d634a4e843a780e963d4603 - - 68f884a083bc4df4af06077f756a8e3a 68f884a083bc4df4af06077f756a8e3a] 199.204.45.33 "GET /v2.0/ports/a7988c56-a0df-491b-a51a-6ddcca6120e7 HTTP/1.1" status: 200 len: 1293 time: 0.0462124
2026-04-02 18:01:41.036 10 INFO neutron.wsgi [req-11d570a2-efc3-483c-9b68-5b1621370da1 req-c5727e74-44be-44b2-ab8e-a01e527d4dff 6e572a2ffe884536a3857dbc19fff1ad d15d84c3f8b144fca4d23055a52e6571 - - default default] 199.204.45.33 "GET /v2.0/networks?id=35a2c535-79d9-4a95-ba48-9063e5920bae HTTP/1.1" status: 200 len: 1004 time: 0.0598509
2026-04-02 18:01:41.456 10 INFO neutron.db.ovn_revision_numbers_db [req-11d570a2-efc3-483c-9b68-5b1621370da1 req-6c5b1626-5b2d-4775-a584-aaa6a41d55f2 79db3ab00c1a4de2959a6231a9d52505 9f32f16e2d634a4e843a780e963d4603 - - 68f884a083bc4df4af06077f756a8e3a 68f884a083bc4df4af06077f756a8e3a] Successfully bumped revision number for resource a7988c56-a0df-491b-a51a-6ddcca6120e7 (type: ports) to 2
2026-04-02 18:01:41.896 10 INFO neutron.db.ovn_revision_numbers_db [req-11d570a2-efc3-483c-9b68-5b1621370da1 req-6c5b1626-5b2d-4775-a584-aaa6a41d55f2 79db3ab00c1a4de2959a6231a9d52505 9f32f16e2d634a4e843a780e963d4603 - - 68f884a083bc4df4af06077f756a8e3a 68f884a083bc4df4af06077f756a8e3a] Successfully bumped revision number for resource a7988c56-a0df-491b-a51a-6ddcca6120e7 (type: ports) to 2
2026-04-02 18:01:41.913 10 INFO neutron.wsgi [req-11d570a2-efc3-483c-9b68-5b1621370da1 req-6c5b1626-5b2d-4775-a584-aaa6a41d55f2 79db3ab00c1a4de2959a6231a9d52505 9f32f16e2d634a4e843a780e963d4603 - - 68f884a083bc4df4af06077f756a8e3a 68f884a083bc4df4af06077f756a8e3a] 199.204.45.33 "PUT /v2.0/ports/a7988c56-a0df-491b-a51a-6ddcca6120e7 HTTP/1.1" status: 200 len: 1424 time: 0.8662276 /var/lib/openstack/lib/python3.10/site-packages/pycadf/identifier.py:71: UserWarning: Invalid uuid: neutron. To ensure interoperability, identifiers should be a valid uuid. warnings.warn(('Invalid uuid: %s. To ensure interoperability, '
2026-04-02 18:01:41.987 10 INFO neutron.wsgi [req-11d570a2-efc3-483c-9b68-5b1621370da1 req-f79cc79c-c279-4409-8b4a-a88dcfac1d56 79db3ab00c1a4de2959a6231a9d52505 9f32f16e2d634a4e843a780e963d4603 - - 68f884a083bc4df4af06077f756a8e3a 68f884a083bc4df4af06077f756a8e3a] 199.204.45.33 "GET /v2.0/ports?tenant_id=d15d84c3f8b144fca4d23055a52e6571&device_id=cf1347c5-9d75-4f86-a9c2-687aa8fa8aa4 HTTP/1.1" status: 200 len: 2661 time: 0.0388725
2026-04-02 18:01:42.019 10 INFO neutron.notifiers.nova [-] Nova event matching ['req-4725f0e4-5686-4c69-bb25-7637321cf9c4'] response: {'name': 'network-changed', 'server_uuid': 'cf1347c5-9d75-4f86-a9c2-687aa8fa8aa4', 'tag': 'a7988c56-a0df-491b-a51a-6ddcca6120e7', 'status': 'completed', 'code': 200}
2026-04-02 18:01:42.021 10 INFO neutron.wsgi [req-11d570a2-efc3-483c-9b68-5b1621370da1 req-d480708d-57ca-4fd0-a803-81308fe69a4e 79db3ab00c1a4de2959a6231a9d52505 9f32f16e2d634a4e843a780e963d4603 - - 68f884a083bc4df4af06077f756a8e3a 68f884a083bc4df4af06077f756a8e3a] 199.204.45.33 "GET /v2.0/floatingips?fixed_ip_address=172.24.2.146&port_id=ab1e0bf0-66e8-43bb-b2c4-fd14f9067eb8 HTTP/1.1" status: 200 len: 217 time: 0.0265324
2026-04-02 18:01:42.057 10 INFO neutron.wsgi [req-11d570a2-efc3-483c-9b68-5b1621370da1 req-1f1644bf-503c-49d2-b8c0-d1afb2d6685b 79db3ab00c1a4de2959a6231a9d52505 9f32f16e2d634a4e843a780e963d4603 - - 68f884a083bc4df4af06077f756a8e3a 68f884a083bc4df4af06077f756a8e3a] 199.204.45.33 "GET /v2.0/subnets?id=d0afd967-476c-48f0-9a65-53f8b21016ac HTTP/1.1" status: 200 len: 829 time: 0.0314205
2026-04-02 18:01:42.083 10 INFO neutron.wsgi [req-11d570a2-efc3-483c-9b68-5b1621370da1 req-71d4dd83-6fd1-4193-a6a1-fb3f5af67f1c 79db3ab00c1a4de2959a6231a9d52505 9f32f16e2d634a4e843a780e963d4603 - - 68f884a083bc4df4af06077f756a8e3a 68f884a083bc4df4af06077f756a8e3a] 199.204.45.33 "GET /v2.0/ports?network_id=361694a2-9c5c-47b9-bd13-ef510b3d66b2&device_owner=network%3Adhcp HTTP/1.1" status: 200 len: 210 time: 0.0192659
2026-04-02 18:01:42.146 10 INFO neutron.wsgi [req-11d570a2-efc3-483c-9b68-5b1621370da1 req-c76263f7-7c1e-48f4-b26a-9c75e7a3c42b 79db3ab00c1a4de2959a6231a9d52505 9f32f16e2d634a4e843a780e963d4603 - - 68f884a083bc4df4af06077f756a8e3a 68f884a083bc4df4af06077f756a8e3a] 199.204.45.33 "GET /v2.0/networks/361694a2-9c5c-47b9-bd13-ef510b3d66b2?fields=segments HTTP/1.1" status: 200 len: 212 time: 0.0555749
2026-04-02 18:01:42.199 10 INFO neutron.wsgi [req-11d570a2-efc3-483c-9b68-5b1621370da1 req-0cce7b88-13ec-4996-a602-83604367bd85 79db3ab00c1a4de2959a6231a9d52505 9f32f16e2d634a4e843a780e963d4603 - - 68f884a083bc4df4af06077f756a8e3a 68f884a083bc4df4af06077f756a8e3a] 199.204.45.33 "GET /v2.0/networks/361694a2-9c5c-47b9-bd13-ef510b3d66b2?fields=provider%3Aphysical_network&fields=provider%3Anetwork_type HTTP/1.1" status: 200 len: 277 time: 0.0456486
2026-04-02 18:01:42.223 10 INFO neutron.wsgi [req-11d570a2-efc3-483c-9b68-5b1621370da1 req-416fb45f-b732-491a-8d3f-e2b474538708 79db3ab00c1a4de2959a6231a9d52505 9f32f16e2d634a4e843a780e963d4603 - - 68f884a083bc4df4af06077f756a8e3a 68f884a083bc4df4af06077f756a8e3a] 199.204.45.33 "GET /v2.0/floatingips?fixed_ip_address=10.1.1.80&port_id=a7988c56-a0df-491b-a51a-6ddcca6120e7 HTTP/1.1" status: 200 len: 217 time: 0.0196319
2026-04-02 18:01:42.266 10 INFO neutron.wsgi [req-11d570a2-efc3-483c-9b68-5b1621370da1 req-4a086faf-2aeb-467e-9c55-33d6b9ecab48 79db3ab00c1a4de2959a6231a9d52505 9f32f16e2d634a4e843a780e963d4603 - - 68f884a083bc4df4af06077f756a8e3a 68f884a083bc4df4af06077f756a8e3a] 199.204.45.33 "GET /v2.0/subnets?id=e74abf65-7619-4063-8d97-67194258d4df HTTP/1.1" status: 200 len: 854 time: 0.0370128
2026-04-02 18:01:42.291 10 INFO neutron.wsgi [req-11d570a2-efc3-483c-9b68-5b1621370da1 req-3b8fda7d-892a-4336-888a-3c6a2900879e 79db3ab00c1a4de2959a6231a9d52505 9f32f16e2d634a4e843a780e963d4603 - - 68f884a083bc4df4af06077f756a8e3a 68f884a083bc4df4af06077f756a8e3a] 199.204.45.33 "GET /v2.0/ports?network_id=35a2c535-79d9-4a95-ba48-9063e5920bae&device_owner=network%3Adhcp HTTP/1.1" status: 200 len: 210 time: 0.0184093
2026-04-02 18:01:42.374 10 INFO neutron.wsgi [req-11d570a2-efc3-483c-9b68-5b1621370da1 req-72681bfe-4161-4d2e-b179-b246a0458de3 79db3ab00c1a4de2959a6231a9d52505 9f32f16e2d634a4e843a780e963d4603 - - 68f884a083bc4df4af06077f756a8e3a 68f884a083bc4df4af06077f756a8e3a] 199.204.45.33 "GET /v2.0/networks/35a2c535-79d9-4a95-ba48-9063e5920bae?fields=segments HTTP/1.1" status: 200 len: 212 time: 0.0743439
2026-04-02 18:01:42.451 10 INFO neutron.wsgi [req-11d570a2-efc3-483c-9b68-5b1621370da1 req-71ab4eeb-bf5e-4e94-ba25-22827c8e4c60 79db3ab00c1a4de2959a6231a9d52505 9f32f16e2d634a4e843a780e963d4603 - - 68f884a083bc4df4af06077f756a8e3a 68f884a083bc4df4af06077f756a8e3a] 199.204.45.33 "GET /v2.0/networks/35a2c535-79d9-4a95-ba48-9063e5920bae?fields=provider%3Aphysical_network&fields=provider%3Anetwork_type HTTP/1.1" status: 200 len: 277 time: 0.0720451
2026-04-02 18:01:42.544 10 INFO neutron.wsgi [req-9a85c53b-0fbb-4ccd-adad-4daceefa8a20 req-e2a0313a-6f19-43ed-817c-f2d1797e1d82 79db3ab00c1a4de2959a6231a9d52505 9f32f16e2d634a4e843a780e963d4603 - - 68f884a083bc4df4af06077f756a8e3a 68f884a083bc4df4af06077f756a8e3a] 199.204.45.33 "GET /v2.0/ports?tenant_id=d15d84c3f8b144fca4d23055a52e6571&device_id=cf1347c5-9d75-4f86-a9c2-687aa8fa8aa4 HTTP/1.1" status: 200 len: 2661 time: 0.0532446
2026-04-02 18:01:42.548 9 INFO neutron.plugins.ml2.drivers.ovn.mech_driver.mech_driver [None req-b6c15372-2b8f-455d-8dd4-64462efef91e - - - - - -] OVN reports status up for port: a7988c56-a0df-491b-a51a-6ddcca6120e7
2026-04-02 18:01:42.580 9 INFO neutron.plugins.ml2.plugin [None req-b6c15372-2b8f-455d-8dd4-64462efef91e - - - - - -] Attempt 1 to provision port a7988c56-a0df-491b-a51a-6ddcca6120e7
2026-04-02 18:01:42.638 10 INFO neutron.wsgi [req-9a85c53b-0fbb-4ccd-adad-4daceefa8a20 req-40047f90-ec97-4d86-8160-631142e433d1 79db3ab00c1a4de2959a6231a9d52505 9f32f16e2d634a4e843a780e963d4603 - - 68f884a083bc4df4af06077f756a8e3a 68f884a083bc4df4af06077f756a8e3a] 199.204.45.33 "GET /v2.0/networks?id=35a2c535-79d9-4a95-ba48-9063e5920bae HTTP/1.1" status: 200 len: 1004 time: 0.0891280
2026-04-02 18:01:42.670 10 INFO neutron.wsgi [req-9a85c53b-0fbb-4ccd-adad-4daceefa8a20 req-5d0f0df0-6460-41dc-a610-a5e9e1080d94 79db3ab00c1a4de2959a6231a9d52505 9f32f16e2d634a4e843a780e963d4603 - - 68f884a083bc4df4af06077f756a8e3a 68f884a083bc4df4af06077f756a8e3a] 199.204.45.33 "GET /v2.0/floatingips?fixed_ip_address=10.1.1.80&port_id=a7988c56-a0df-491b-a51a-6ddcca6120e7 HTTP/1.1" status: 200 len: 217 time: 0.0238068
2026-04-02 18:01:42.714 10 INFO neutron.wsgi [req-9a85c53b-0fbb-4ccd-adad-4daceefa8a20 req-9803f5e6-b026-471d-8d12-7764c56b1329 79db3ab00c1a4de2959a6231a9d52505 9f32f16e2d634a4e843a780e963d4603 - - 68f884a083bc4df4af06077f756a8e3a 68f884a083bc4df4af06077f756a8e3a] 199.204.45.33 "GET /v2.0/subnets?id=e74abf65-7619-4063-8d97-67194258d4df HTTP/1.1" status: 200 len: 854 time: 0.0329764
2026-04-02 18:01:42.726 9 INFO neutron.notifiers.nova [-] Nova event matching ['req-1d9175e1-1ed1-4afd-8d3d-ee914b498d32'] response: {'server_uuid': 'cf1347c5-9d75-4f86-a9c2-687aa8fa8aa4', 'name': 'network-vif-plugged', 'status': 'completed', 'tag': 'a7988c56-a0df-491b-a51a-6ddcca6120e7', 'code': 200}
2026-04-02 18:01:42.741 10 INFO neutron.wsgi [req-9a85c53b-0fbb-4ccd-adad-4daceefa8a20 req-2f52d16b-f92b-48b8-b598-29260c268e19 79db3ab00c1a4de2959a6231a9d52505 9f32f16e2d634a4e843a780e963d4603 - - 68f884a083bc4df4af06077f756a8e3a 68f884a083bc4df4af06077f756a8e3a] 199.204.45.33 "GET /v2.0/ports?network_id=35a2c535-79d9-4a95-ba48-9063e5920bae&device_owner=network%3Adhcp HTTP/1.1" status: 200 len: 210 time: 0.0200741
2026-04-02 18:01:42.777 9 INFO neutron.wsgi [req-11d570a2-efc3-483c-9b68-5b1621370da1 req-483fe698-da57-4367-ae07-fc6d84777236 6e572a2ffe884536a3857dbc19fff1ad d15d84c3f8b144fca4d23055a52e6571 - - default default] 10.0.0.225 "GET /v2.0/ports/a7988c56-a0df-491b-a51a-6ddcca6120e7 HTTP/1.1" status: 200 len: 1454 time: 0.0619099
2026-04-02 18:01:42.841 10 INFO neutron.wsgi [req-9a85c53b-0fbb-4ccd-adad-4daceefa8a20 req-64fa7e46-fa0a-449e-98d0-be8eaa2f9331 79db3ab00c1a4de2959a6231a9d52505 9f32f16e2d634a4e843a780e963d4603 - - 68f884a083bc4df4af06077f756a8e3a 68f884a083bc4df4af06077f756a8e3a] 199.204.45.33 "GET /v2.0/networks/35a2c535-79d9-4a95-ba48-9063e5920bae?fields=segments HTTP/1.1" status: 200 len: 212 time: 0.0921361
2026-04-02 18:01:42.923 10 INFO neutron.wsgi [req-9a85c53b-0fbb-4ccd-adad-4daceefa8a20 req-4fc3d8d6-6b5b-443d-ab80-73f516cba696 79db3ab00c1a4de2959a6231a9d52505 9f32f16e2d634a4e843a780e963d4603 - - 68f884a083bc4df4af06077f756a8e3a 68f884a083bc4df4af06077f756a8e3a] 199.204.45.33 "GET /v2.0/networks/35a2c535-79d9-4a95-ba48-9063e5920bae?fields=provider%3Aphysical_network&fields=provider%3Anetwork_type HTTP/1.1" status: 200 len: 277 time: 0.0738754
2026-04-02 18:01:42.926 9 INFO neutron.db.ovn_revision_numbers_db [None req-b6c15372-2b8f-455d-8dd4-64462efef91e - - - - - -] Successfully bumped revision number for resource a7988c56-a0df-491b-a51a-6ddcca6120e7 (type: ports) to 4
2026-04-02 18:01:43.169 10 INFO neutron.db.ovn_revision_numbers_db [None req-6f658566-94b1-45d2-a3bd-5993bebd9b91 6e572a2ffe884536a3857dbc19fff1ad d15d84c3f8b144fca4d23055a52e6571 - - default default] Successfully bumped revision number for resource a7988c56-a0df-491b-a51a-6ddcca6120e7 (type: ports) to 5
2026-04-02 18:01:43.181 10 INFO neutron.wsgi [None req-6f658566-94b1-45d2-a3bd-5993bebd9b91 6e572a2ffe884536a3857dbc19fff1ad d15d84c3f8b144fca4d23055a52e6571 - - default default] 199.204.45.33 "PUT /v2.0/ports/a7988c56-a0df-491b-a51a-6ddcca6120e7 HTTP/1.1" status: 200 len: 1486 time: 0.3953013 /var/lib/openstack/lib/python3.10/site-packages/pycadf/identifier.py:71: UserWarning: Invalid uuid: neutron. To ensure interoperability, identifiers should be a valid uuid. warnings.warn(('Invalid uuid: %s. To ensure interoperability, '
2026-04-02 18:01:43.199 10 INFO neutron.api.v2.resource [None req-27c69b6e-5679-4f7d-afee-da4bba8c61fd 6e572a2ffe884536a3857dbc19fff1ad d15d84c3f8b144fca4d23055a52e6571 - - default default] show failed (client error): The resource could not be found.
2026-04-02 18:01:43.200 10 INFO neutron.wsgi [None req-27c69b6e-5679-4f7d-afee-da4bba8c61fd 6e572a2ffe884536a3857dbc19fff1ad d15d84c3f8b144fca4d23055a52e6571 - - default default] 199.204.45.33 "GET /v2.0/security-groups/lb-d2143c21-ee38-4d1c-a1ea-3efd64c02c96 HTTP/1.1" status: 404 len: 355 time: 0.0094581
2026-04-02 18:01:43.232 10 INFO neutron.wsgi [None req-3efa7cff-5dc8-4064-b5f9-022f0037738b 6e572a2ffe884536a3857dbc19fff1ad d15d84c3f8b144fca4d23055a52e6571 - - default default] 199.204.45.33 "GET /v2.0/security-groups?name=lb-d2143c21-ee38-4d1c-a1ea-3efd64c02c96 HTTP/1.1" status: 200 len: 1777 time: 0.0301807
2026-04-02 18:01:43.547 10 INFO neutron.db.ovn_revision_numbers_db [None req-289fb089-6074-47e7-b198-d71103424e2f 6e572a2ffe884536a3857dbc19fff1ad d15d84c3f8b144fca4d23055a52e6571 - - default default] Successfully bumped revision number for resource a7988c56-a0df-491b-a51a-6ddcca6120e7 (type: ports) to 6
2026-04-02 18:01:43.561 10 INFO neutron.wsgi [None req-289fb089-6074-47e7-b198-d71103424e2f 6e572a2ffe884536a3857dbc19fff1ad d15d84c3f8b144fca4d23055a52e6571 - - default default] 199.204.45.33 "PUT /v2.0/ports/a7988c56-a0df-491b-a51a-6ddcca6120e7 HTTP/1.1" status: 200 len: 1486 time: 0.3217471 /var/lib/openstack/lib/python3.10/site-packages/pycadf/identifier.py:71: UserWarning: Invalid uuid: neutron. To ensure interoperability, identifiers should be a valid uuid. warnings.warn(('Invalid uuid: %s. To ensure interoperability, '
2026-04-02 18:01:43.754 10 INFO neutron.wsgi [None req-374c2f1b-cd9f-4245-a2d1-27c9c3447093 6e572a2ffe884536a3857dbc19fff1ad d15d84c3f8b144fca4d23055a52e6571 - - default default] 199.204.45.33 "GET /v2.0/extensions/security-group HTTP/1.1" status: 200 len: 369 time: 0.0072203
2026-04-02 18:01:43.764 10 INFO neutron.wsgi [None req-8035a405-25b4-4521-832a-529d1391f6d1 6e572a2ffe884536a3857dbc19fff1ad d15d84c3f8b144fca4d23055a52e6571 - - default default] 199.204.45.33 "GET /v2.0/extensions/dns-integration HTTP/1.1" status: 200 len: 371 time: 0.0045278
2026-04-02 18:01:43.773 10 INFO neutron.wsgi [None req-bcbad6d6-0902-4807-8d07-42ae8126b031 6e572a2ffe884536a3857dbc19fff1ad d15d84c3f8b144fca4d23055a52e6571 - - default default] 199.204.45.33 "GET /v2.0/extensions/qos HTTP/1.1" status: 200 len: 365 time: 0.0045683
2026-04-02 18:01:43.781 10 INFO neutron.wsgi [None req-b44b9d0c-b22e-4a1b-a5e9-e17f6755e10b 6e572a2ffe884536a3857dbc19fff1ad d15d84c3f8b144fca4d23055a52e6571 - - default default] 199.204.45.33 "GET /v2.0/extensions/allowed-address-pairs HTTP/1.1" status: 200 len: 383 time: 0.0042775
2026-04-02 18:01:43.816 10 INFO neutron.wsgi [None req-82eec4cc-51c9-4ee8-9808-3e53380cebd0 6e572a2ffe884536a3857dbc19fff1ad d15d84c3f8b144fca4d23055a52e6571 - - default default] 199.204.45.33 "GET /v2.0/subnets/e74abf65-7619-4063-8d97-67194258d4df HTTP/1.1" status: 200 len: 851 time: 0.0296497
2026-04-02 18:01:43.848 10 INFO neutron.wsgi [None req-3ecd46c7-65c8-4984-bd7f-a4d5200e34ab 6e572a2ffe884536a3857dbc19fff1ad d15d84c3f8b144fca4d23055a52e6571 - - default default] 199.204.45.33 "GET /v2.0/ports/79feb65b-c90b-45a5-b6f0-e05fe4fafe10 HTTP/1.1" status: 200 len: 1328 time: 0.0270383
2026-04-02 18:01:43.913 10 INFO neutron.wsgi [None req-42a6512d-29d5-4b5a-80a5-ae2f03eab52b 6e572a2ffe884536a3857dbc19fff1ad d15d84c3f8b144fca4d23055a52e6571 - - default default] 199.204.45.33 "GET /v2.0/ports/a7988c56-a0df-491b-a51a-6ddcca6120e7 HTTP/1.1" status: 200 len: 1514 time: 0.0549331
2026-04-02 18:01:43.959 10 INFO neutron.wsgi [None req-94a683c1-6e71-46d1-9c41-61cf19fdeb34 6e572a2ffe884536a3857dbc19fff1ad d15d84c3f8b144fca4d23055a52e6571 - - default default] 199.204.45.33 "GET /v2.0/subnets/e74abf65-7619-4063-8d97-67194258d4df HTTP/1.1" status: 200 len: 851 time: 0.0360889
2026-04-02 18:01:44.037 10 INFO neutron.wsgi [None req-9df6c2c5-1d88-4a49-8e66-3fcb334f4feb 6e572a2ffe884536a3857dbc19fff1ad d15d84c3f8b144fca4d23055a52e6571 - - default default] 199.204.45.33 "GET /v2.0/networks/35a2c535-79d9-4a95-ba48-9063e5920bae HTTP/1.1" status: 200 len: 1001 time: 0.0697749
2026-04-02 18:01:44.062 10 INFO neutron.notifiers.nova [-] Nova event matching ['req-33595974-e782-40a5-9e49-dca138d85b48'] response: {'name': 'network-changed', 'server_uuid': 'cf1347c5-9d75-4f86-a9c2-687aa8fa8aa4', 'tag': 'a7988c56-a0df-491b-a51a-6ddcca6120e7', 'status': 'completed', 'code': 200}
2026-04-02 18:01:44.063 10 INFO neutron.notifiers.nova [-] Nova event matching ['req-33595974-e782-40a5-9e49-dca138d85b48'] response: {'name': 'network-changed', 'server_uuid': 'cf1347c5-9d75-4f86-a9c2-687aa8fa8aa4', 'tag': 'a7988c56-a0df-491b-a51a-6ddcca6120e7', 'status': 'completed', 'code': 200}
2026-04-02 18:01:44.078 10 INFO neutron.wsgi [None req-420efd79-0776-4006-87e4-e859ce3e6459 6e572a2ffe884536a3857dbc19fff1ad d15d84c3f8b144fca4d23055a52e6571 - - default default] 199.204.45.33 "GET /v2.0/ports/79feb65b-c90b-45a5-b6f0-e05fe4fafe10 HTTP/1.1" status: 200 len: 1328 time: 0.0351565
2026-04-02 18:01:44.130 10 INFO neutron.wsgi [req-6b28d4fe-169d-4577-8e6f-7396b2e72c02 req-b4dae218-09d8-444b-b8c4-c66b2c286422 79db3ab00c1a4de2959a6231a9d52505 9f32f16e2d634a4e843a780e963d4603 - - 68f884a083bc4df4af06077f756a8e3a 68f884a083bc4df4af06077f756a8e3a] 199.204.45.33 "GET /v2.0/ports?tenant_id=d15d84c3f8b144fca4d23055a52e6571&device_id=cf1347c5-9d75-4f86-a9c2-687aa8fa8aa4 HTTP/1.1" status: 200 len: 2723 time: 0.0512486
2026-04-02 18:01:44.134 10 INFO neutron.wsgi [None req-3895e3d9-59b4-4e24-89a7-deae4c744211 6e572a2ffe884536a3857dbc19fff1ad d15d84c3f8b144fca4d23055a52e6571 - - default default] 199.204.45.33 "GET /v2.0/subnets/e74abf65-7619-4063-8d97-67194258d4df HTTP/1.1" status: 200 len: 851 time: 0.0476043
2026-04-02 18:01:44.202 10 INFO neutron.wsgi [req-6b28d4fe-169d-4577-8e6f-7396b2e72c02 req-7d62b2d9-f114-4ead-88f3-1b193007264c 79db3ab00c1a4de2959a6231a9d52505 9f32f16e2d634a4e843a780e963d4603 - - 68f884a083bc4df4af06077f756a8e3a 68f884a083bc4df4af06077f756a8e3a] 199.204.45.33 "GET /v2.0/networks?id=35a2c535-79d9-4a95-ba48-9063e5920bae HTTP/1.1" status: 200 len: 1004 time: 0.0660319
2026-04-02 18:01:44.238 10 INFO neutron.wsgi [req-6b28d4fe-169d-4577-8e6f-7396b2e72c02 req-e980bbcf-e596-4546-b5bc-f41d989f790e 79db3ab00c1a4de2959a6231a9d52505 9f32f16e2d634a4e843a780e963d4603 - - 68f884a083bc4df4af06077f756a8e3a 68f884a083bc4df4af06077f756a8e3a] 199.204.45.33 "GET /v2.0/floatingips?fixed_ip_address=10.1.1.80&port_id=a7988c56-a0df-491b-a51a-6ddcca6120e7 HTTP/1.1" status: 200 len: 217 time: 0.0289426
2026-04-02 18:01:44.279 10 INFO neutron.wsgi [req-6b28d4fe-169d-4577-8e6f-7396b2e72c02 req-01ed3cd1-5938-4cd9-bcb1-d2447c86c1fc 79db3ab00c1a4de2959a6231a9d52505 9f32f16e2d634a4e843a780e963d4603 - - 68f884a083bc4df4af06077f756a8e3a 68f884a083bc4df4af06077f756a8e3a] 199.204.45.33 "GET /v2.0/subnets?id=e74abf65-7619-4063-8d97-67194258d4df HTTP/1.1" status: 200 len: 854 time: 0.0359578
2026-04-02 18:01:44.307 10 INFO neutron.wsgi [req-6b28d4fe-169d-4577-8e6f-7396b2e72c02 req-9a964942-3fbb-4511-8c59-e698fbacccbe 79db3ab00c1a4de2959a6231a9d52505 9f32f16e2d634a4e843a780e963d4603 - - 68f884a083bc4df4af06077f756a8e3a 68f884a083bc4df4af06077f756a8e3a] 199.204.45.33 "GET /v2.0/ports?network_id=35a2c535-79d9-4a95-ba48-9063e5920bae&device_owner=network%3Adhcp HTTP/1.1" status: 200 len: 210 time: 0.0205460
2026-04-02 18:01:44.360 10 INFO neutron.wsgi [req-6b28d4fe-169d-4577-8e6f-7396b2e72c02 req-73c2ba32-444e-4e77-8fd1-927c66307267 79db3ab00c1a4de2959a6231a9d52505 9f32f16e2d634a4e843a780e963d4603 - - 68f884a083bc4df4af06077f756a8e3a 68f884a083bc4df4af06077f756a8e3a] 199.204.45.33 "GET /v2.0/networks/35a2c535-79d9-4a95-ba48-9063e5920bae?fields=segments HTTP/1.1" status: 200 len: 212 time: 0.0470428
2026-04-02 18:01:44.426 10 INFO neutron.wsgi [req-6b28d4fe-169d-4577-8e6f-7396b2e72c02 req-f7670191-92cb-40eb-b5fd-29d63232cb6e 79db3ab00c1a4de2959a6231a9d52505 9f32f16e2d634a4e843a780e963d4603 - - 68f884a083bc4df4af06077f756a8e3a 68f884a083bc4df4af06077f756a8e3a] 199.204.45.33 "GET /v2.0/networks/35a2c535-79d9-4a95-ba48-9063e5920bae?fields=provider%3Aphysical_network&fields=provider%3Anetwork_type HTTP/1.1" status: 200 len: 277 time: 0.0586720
2026-04-02 18:01:44.510 10 INFO neutron.wsgi [req-6b28d4fe-169d-4577-8e6f-7396b2e72c02 req-bce7c84e-8e77-4b14-908d-edeab6aab394 79db3ab00c1a4de2959a6231a9d52505 9f32f16e2d634a4e843a780e963d4603 - - 68f884a083bc4df4af06077f756a8e3a 68f884a083bc4df4af06077f756a8e3a] 199.204.45.33 "GET /v2.0/ports?tenant_id=d15d84c3f8b144fca4d23055a52e6571&device_id=cf1347c5-9d75-4f86-a9c2-687aa8fa8aa4 HTTP/1.1" status: 200 len: 2723 time: 0.0418332
2026-04-02 18:01:44.579 10 INFO neutron.wsgi [req-6b28d4fe-169d-4577-8e6f-7396b2e72c02 req-5d2fb935-f65b-4c7a-9e32-07eac91656b3 79db3ab00c1a4de2959a6231a9d52505 9f32f16e2d634a4e843a780e963d4603 - - 68f884a083bc4df4af06077f756a8e3a 68f884a083bc4df4af06077f756a8e3a] 199.204.45.33 "GET /v2.0/networks?id=35a2c535-79d9-4a95-ba48-9063e5920bae HTTP/1.1" status: 200 len: 1004 time: 0.0611889
2026-04-02 18:01:44.621 10 INFO neutron.wsgi [req-6b28d4fe-169d-4577-8e6f-7396b2e72c02 req-0e3f08c9-b68d-4ea7-aa84-97aa787e0ebc 79db3ab00c1a4de2959a6231a9d52505 9f32f16e2d634a4e843a780e963d4603 - - 68f884a083bc4df4af06077f756a8e3a 68f884a083bc4df4af06077f756a8e3a] 199.204.45.33 "GET /v2.0/floatingips?fixed_ip_address=10.1.1.80&port_id=a7988c56-a0df-491b-a51a-6ddcca6120e7 HTTP/1.1" status: 200 len: 217 time: 0.0303571
2026-04-02 18:01:44.653 10 INFO neutron.wsgi [req-6b28d4fe-169d-4577-8e6f-7396b2e72c02 req-d30d70a9-3953-4e18-80ed-2cd9e54f9dc8 79db3ab00c1a4de2959a6231a9d52505 9f32f16e2d634a4e843a780e963d4603 - - 68f884a083bc4df4af06077f756a8e3a 68f884a083bc4df4af06077f756a8e3a] 199.204.45.33 "GET /v2.0/subnets?id=e74abf65-7619-4063-8d97-67194258d4df HTTP/1.1" status: 200 len: 854 time: 0.0269058
2026-04-02 18:01:44.691 10 INFO neutron.wsgi [req-6b28d4fe-169d-4577-8e6f-7396b2e72c02 req-6aed461a-afea-426e-8b44-2ff34f05a594 79db3ab00c1a4de2959a6231a9d52505 9f32f16e2d634a4e843a780e963d4603 - - 68f884a083bc4df4af06077f756a8e3a 68f884a083bc4df4af06077f756a8e3a] 199.204.45.33 "GET /v2.0/ports?network_id=35a2c535-79d9-4a95-ba48-9063e5920bae&device_owner=network%3Adhcp HTTP/1.1" status: 200 len: 210 time: 0.0270951
2026-04-02 18:01:44.771 10 INFO neutron.wsgi [req-6b28d4fe-169d-4577-8e6f-7396b2e72c02 req-7d071449-0f55-4a45-9361-1011c00631fa 79db3ab00c1a4de2959a6231a9d52505 9f32f16e2d634a4e843a780e963d4603 - - 68f884a083bc4df4af06077f756a8e3a 68f884a083bc4df4af06077f756a8e3a] 199.204.45.33 "GET /v2.0/networks/35a2c535-79d9-4a95-ba48-9063e5920bae?fields=segments HTTP/1.1" status: 200 len: 212 time: 0.0733290
2026-04-02 18:01:44.771 9 INFO neutron.notifiers.nova [-] Nova event matching ['req-9a58444d-c33e-4534-9cb5-2285703da1d2'] response: {'server_uuid': 'cf1347c5-9d75-4f86-a9c2-687aa8fa8aa4', 'name': 'network-vif-plugged', 'status': 'completed', 'tag': 'a7988c56-a0df-491b-a51a-6ddcca6120e7', 'code': 200}
2026-04-02 18:01:44.846 10 INFO neutron.wsgi [req-6b28d4fe-169d-4577-8e6f-7396b2e72c02 req-75dbf3d4-20b3-4709-b0e7-6a68084b777c 79db3ab00c1a4de2959a6231a9d52505 9f32f16e2d634a4e843a780e963d4603 - - 68f884a083bc4df4af06077f756a8e3a 68f884a083bc4df4af06077f756a8e3a] 199.204.45.33 "GET /v2.0/networks/35a2c535-79d9-4a95-ba48-9063e5920bae?fields=provider%3Aphysical_network&fields=provider%3Anetwork_type HTTP/1.1" status: 200 len: 277 time: 0.0701880 /var/lib/openstack/lib/python3.10/site-packages/pycadf/identifier.py:71: UserWarning: Invalid uuid: neutron. To ensure interoperability, identifiers should be a valid uuid. warnings.warn(('Invalid uuid: %s. To ensure interoperability, '
2026-04-02 18:01:47.995 9 WARNING neutron_lib.context [None req-3217fbc8-d33c-41ea-afa1-b7a706d96710 01c2520ff2f3429a8c0a9029e04186b3 e01b506dbba54919b70a796d13b8c8b7 - - default default] Method 'is_advsvc' is deprecated since 2023.2 release (neutron-lib 3.8.0) and will be removed once support for the old RBAC API policies will be removed from Neutron. Please use method 'is_service_role' instead.
2026-04-02 18:01:48.058 10 INFO neutron.wsgi [req-ec27b4c2-9df8-442c-88d2-a2de699b0323 req-f85929fa-2df0-4037-b182-f30e0a797960 79db3ab00c1a4de2959a6231a9d52505 9f32f16e2d634a4e843a780e963d4603 - - 68f884a083bc4df4af06077f756a8e3a 68f884a083bc4df4af06077f756a8e3a] 199.204.45.33 "GET /v2.0/ports?device_id=5fe1e9e7-b40b-42e7-8649-984f2483de8c&fields=binding%3Ahost_id&fields=binding%3Avif_type HTTP/1.1" status: 200 len: 265 time: 0.0420485
2026-04-02 18:01:48.125 10 INFO neutron.wsgi [req-ec27b4c2-9df8-442c-88d2-a2de699b0323 req-35fa87fe-5b6d-45ed-887a-6784d4284d1c 79db3ab00c1a4de2959a6231a9d52505 9f32f16e2d634a4e843a780e963d4603 - - 68f884a083bc4df4af06077f756a8e3a 68f884a083bc4df4af06077f756a8e3a] 199.204.45.33 "GET /v2.0/ports?tenant_id=e01b506dbba54919b70a796d13b8c8b7&device_id=5fe1e9e7-b40b-42e7-8649-984f2483de8c HTTP/1.1" status: 200 len: 1638 time: 0.0459952
2026-04-02 18:01:48.217 10 INFO neutron.wsgi [req-ec27b4c2-9df8-442c-88d2-a2de699b0323 req-e958be0a-ba56-42db-8e9c-83a956884422 79db3ab00c1a4de2959a6231a9d52505 9f32f16e2d634a4e843a780e963d4603 - - 68f884a083bc4df4af06077f756a8e3a 68f884a083bc4df4af06077f756a8e3a] 199.204.45.33 "GET /v2.0/networks?id=665dd896-c4e0-44f9-a9dc-f2f933de4a73 HTTP/1.1" status: 200 len: 1001 time: 0.0672586
2026-04-02 18:01:48.261 9 WARNING neutron.scheduler.dhcp_agent_scheduler [None req-3217fbc8-d33c-41ea-afa1-b7a706d96710 01c2520ff2f3429a8c0a9029e04186b3 e01b506dbba54919b70a796d13b8c8b7 - - default default] No more DHCP agents
2026-04-02 18:01:48.264 9 WARNING neutron.api.rpc.agentnotifiers.dhcp_rpc_agent_api [None req-3217fbc8-d33c-41ea-afa1-b7a706d96710 01c2520ff2f3429a8c0a9029e04186b3 e01b506dbba54919b70a796d13b8c8b7 - - default default] Unable to schedule network 8134dd1c-f936-4b4a-8827-84d8f7e38382: no agents available; will retry on subsequent port and subnet creation events.
2026-04-02 18:01:48.266 10 INFO neutron.wsgi [-] 10.0.0.220 "GET / HTTP/1.1" status: 200 len: 247 time: 0.0017316
2026-04-02 18:01:48.269 10 INFO neutron.wsgi [-] 10.0.0.220 "GET / HTTP/1.1" status: 200 len: 247 time: 0.0014024
2026-04-02 18:01:48.285 10 INFO neutron.wsgi [req-ec27b4c2-9df8-442c-88d2-a2de699b0323 req-2d82a116-468d-444a-9e45-5d8f0539846f 79db3ab00c1a4de2959a6231a9d52505 9f32f16e2d634a4e843a780e963d4603 - - 68f884a083bc4df4af06077f756a8e3a 68f884a083bc4df4af06077f756a8e3a] 199.204.45.33 "GET /v2.0/floatingips?fixed_ip_address=10.2.2.28&port_id=c60cffa8-fa25-4050-85e9-4cbc0f8517bf HTTP/1.1" status: 200 len: 1058 time: 0.0604415
2026-04-02 18:01:48.316 10 INFO neutron.wsgi [req-ec27b4c2-9df8-442c-88d2-a2de699b0323 req-79fc377e-4b33-4595-a089-f945585e20ad 79db3ab00c1a4de2959a6231a9d52505 9f32f16e2d634a4e843a780e963d4603 - - 68f884a083bc4df4af06077f756a8e3a 68f884a083bc4df4af06077f756a8e3a] 199.204.45.33 "GET /v2.0/floatingips?fixed_ip_address=fd77%3A1457%3A4cf0%3A26a8%3A%3A12b&port_id=c60cffa8-fa25-4050-85e9-4cbc0f8517bf HTTP/1.1" status: 200 len: 217 time: 0.0223603
2026-04-02 18:01:48.367 10 INFO neutron.wsgi [req-ec27b4c2-9df8-442c-88d2-a2de699b0323 req-2981807f-cd0e-462b-a847-81b7b388ed42 79db3ab00c1a4de2959a6231a9d52505 9f32f16e2d634a4e843a780e963d4603 - - 68f884a083bc4df4af06077f756a8e3a 68f884a083bc4df4af06077f756a8e3a] 199.204.45.33 "GET /v2.0/subnets?id=b852712c-2c9c-46e8-bb2e-b4ba901a44b6&id=a163649f-2e16-4da9-b39f-995ebf7d42c3 HTTP/1.1" status: 200 len: 1567 time: 0.0438819
2026-04-02 18:01:48.409 10 INFO neutron.wsgi [req-ec27b4c2-9df8-442c-88d2-a2de699b0323 req-f53bff5b-b4fc-4c92-9f39-f9f067b52660 79db3ab00c1a4de2959a6231a9d52505 9f32f16e2d634a4e843a780e963d4603 - - 68f884a083bc4df4af06077f756a8e3a 68f884a083bc4df4af06077f756a8e3a] 199.204.45.33 "GET /v2.0/ports?network_id=665dd896-c4e0-44f9-a9dc-f2f933de4a73&device_owner=network%3Adhcp HTTP/1.1" status: 200 len: 210 time: 0.0270383
2026-04-02 18:01:48.445 10 INFO neutron.wsgi [req-ec27b4c2-9df8-442c-88d2-a2de699b0323 req-969eb4ef-7341-45ac-a772-dcf2151bd422 79db3ab00c1a4de2959a6231a9d52505 9f32f16e2d634a4e843a780e963d4603 - - 68f884a083bc4df4af06077f756a8e3a 68f884a083bc4df4af06077f756a8e3a] 199.204.45.33 "GET /v2.0/ports?network_id=665dd896-c4e0-44f9-a9dc-f2f933de4a73&device_owner=network%3Adhcp HTTP/1.1" status: 200 len: 210 time: 0.0295489
2026-04-02 18:01:48.523 10 INFO neutron.wsgi [req-ec27b4c2-9df8-442c-88d2-a2de699b0323 req-7d93360e-6ac6-4bfb-b78c-87acd1c81cce 79db3ab00c1a4de2959a6231a9d52505 9f32f16e2d634a4e843a780e963d4603 - - 68f884a083bc4df4af06077f756a8e3a 68f884a083bc4df4af06077f756a8e3a] 199.204.45.33 "GET /v2.0/networks/665dd896-c4e0-44f9-a9dc-f2f933de4a73?fields=segments HTTP/1.1" status: 200 len: 212 time: 0.0706937
2026-04-02 18:01:48.600 10 INFO neutron.wsgi [req-ec27b4c2-9df8-442c-88d2-a2de699b0323 req-cdd9d23d-6e6d-47ee-b0ba-d52fb014f5d4 79db3ab00c1a4de2959a6231a9d52505 9f32f16e2d634a4e843a780e963d4603 - - 68f884a083bc4df4af06077f756a8e3a 68f884a083bc4df4af06077f756a8e3a] 199.204.45.33 "GET /v2.0/networks/665dd896-c4e0-44f9-a9dc-f2f933de4a73?fields=provider%3Aphysical_network&fields=provider%3Anetwork_type HTTP/1.1" status: 200 len: 277 time: 0.0692077
2026-04-02 18:01:48.716 9 INFO neutron.db.l3_db [None req-3217fbc8-d33c-41ea-afa1-b7a706d96710 01c2520ff2f3429a8c0a9029e04186b3 e01b506dbba54919b70a796d13b8c8b7 - - default default] Floating IP 1e8e4b88-09b1-40f3-ab65-2a0e79580d6c associated. External IP: 10.96.250.207, port: 79feb65b-c90b-45a5-b6f0-e05fe4fafe10.
2026-04-02 18:01:48.919 9 INFO neutron.db.ovn_revision_numbers_db [None req-3217fbc8-d33c-41ea-afa1-b7a706d96710 01c2520ff2f3429a8c0a9029e04186b3 e01b506dbba54919b70a796d13b8c8b7 - - default default] Successfully bumped revision number for resource 1e8e4b88-09b1-40f3-ab65-2a0e79580d6c (type: floatingips) to 0
2026-04-02 18:01:49.267 9 INFO neutron.db.ovn_revision_numbers_db [None req-3217fbc8-d33c-41ea-afa1-b7a706d96710 01c2520ff2f3429a8c0a9029e04186b3 e01b506dbba54919b70a796d13b8c8b7 - - default default] Successfully bumped revision number for resource 1e8e4b88-09b1-40f3-ab65-2a0e79580d6c (type: floatingips) to 1
2026-04-02 18:01:49.305 9 INFO neutron.wsgi [None req-3217fbc8-d33c-41ea-afa1-b7a706d96710 01c2520ff2f3429a8c0a9029e04186b3 e01b506dbba54919b70a796d13b8c8b7 - - default default] 10.0.0.116 "POST /v2.0/floatingips HTTP/1.1" status: 201 len: 1097 time: 1.3173597
2026-04-02 18:01:52.560 9 INFO neutron.db.ovn_revision_numbers_db [None req-2be94451-20a5-41b4-9e4a-ebbf19651491 - - - - - -] Successfully bumped revision number for resource 79feb65b-c90b-45a5-b6f0-e05fe4fafe10 (type: ports) to 4
2026-04-02 18:01:53.235 9 INFO neutron.wsgi [None req-925134f6-df66-43eb-9c1f-ba956f21a24d 6e572a2ffe884536a3857dbc19fff1ad d15d84c3f8b144fca4d23055a52e6571 - - default default] 199.204.45.33 "GET /v2.0/extensions/security-group HTTP/1.1" status: 200 len: 369 time: 0.0444777
2026-04-02 18:01:53.247 9 INFO neutron.wsgi [None req-586df2cc-f267-46c8-8433-9f699434f268 6e572a2ffe884536a3857dbc19fff1ad d15d84c3f8b144fca4d23055a52e6571 - - default default] 199.204.45.33 "GET /v2.0/extensions/dns-integration HTTP/1.1" status: 200 len: 371 time: 0.0047998
2026-04-02 18:01:53.256 9 INFO neutron.wsgi [None req-2cfd255b-00e5-411b-9cff-9c83fb9cc1f5 6e572a2ffe884536a3857dbc19fff1ad d15d84c3f8b144fca4d23055a52e6571 - - default default] 199.204.45.33 "GET /v2.0/extensions/qos HTTP/1.1" status: 200 len: 365 time: 0.0045617
2026-04-02 18:01:53.265 9 INFO neutron.wsgi [None req-883e2347-0a91-4c01-953f-4d29987c7c68 6e572a2ffe884536a3857dbc19fff1ad d15d84c3f8b144fca4d23055a52e6571 - - default default] 199.204.45.33 "GET /v2.0/extensions/allowed-address-pairs HTTP/1.1" status: 200 len: 383 time: 0.0047815
2026-04-02 18:01:53.397 9 INFO neutron.api.v2.resource [None req-be881dda-e8d2-4c52-bb9d-0b487f77ec52 6e572a2ffe884536a3857dbc19fff1ad d15d84c3f8b144fca4d23055a52e6571 - - default default] show failed (client error): The resource could not be found.
2026-04-02 18:01:53.398 9 INFO neutron.wsgi [None req-be881dda-e8d2-4c52-bb9d-0b487f77ec52 6e572a2ffe884536a3857dbc19fff1ad d15d84c3f8b144fca4d23055a52e6571 - - default default] 199.204.45.33 "GET /v2.0/security-groups/lb-d2143c21-ee38-4d1c-a1ea-3efd64c02c96 HTTP/1.1" status: 404 len: 355 time: 0.0127604
2026-04-02 18:01:53.443 9 INFO neutron.wsgi [None req-88bd1ae0-f405-4ea0-ad93-c3f7fea1117b 6e572a2ffe884536a3857dbc19fff1ad d15d84c3f8b144fca4d23055a52e6571 - - default default] 199.204.45.33 "GET /v2.0/security-groups?name=lb-d2143c21-ee38-4d1c-a1ea-3efd64c02c96 HTTP/1.1" status: 200 len: 1777 time: 0.0396683
