2026-04-02 17:57:48.595 9 WARNING neutron_lib.context [None req-71f35aa7-edfb-44a0-b2d0-7ffbd6316a99 7068e87b94dd4dd7a6b49dae01544ead 7e172452fe9d4aa9ac1ae3338eeef94f - - default default] Method 'is_advsvc' is deprecated since 2023.2 release (neutron-lib 3.8.0) and will be removed once support for the old RBAC API policies will be removed from Neutron. Please use method 'is_service_role' instead.
2026-04-02 17:57:48.606 9 INFO neutron.wsgi [None req-fb637815-147c-4323-b198-366fac4d614f add0b10da88e4bfb921631bf29839673 0fd159c328ee4cbca3b990fc774abe86 - - default default] 10.0.0.116 "DELETE /v2.0/networks/7553bc2d-fcc1-4439-a2ac-aa217b3a9bc5 HTTP/1.1" status: 204 len: 168 time: 0.7745659
2026-04-02 17:57:48.642 10 INFO neutron.pecan_wsgi.hooks.translation [None req-d59bda9f-517a-42aa-8f1a-1cf9384788e5 add0b10da88e4bfb921631bf29839673 0fd159c328ee4cbca3b990fc774abe86 - - default default] DELETE failed (client error): The resource could not be found.
2026-04-02 17:57:48.644 10 INFO neutron.wsgi [None req-d59bda9f-517a-42aa-8f1a-1cf9384788e5 add0b10da88e4bfb921631bf29839673 0fd159c328ee4cbca3b990fc774abe86 - - default default] 10.0.0.116 "DELETE /v2.0/networks/7553bc2d-fcc1-4439-a2ac-aa217b3a9bc5 HTTP/1.1" status: 404 len: 339 time: 0.0326979
2026-04-02 17:57:48.702 9 INFO neutron.db.segments_db [None req-71f35aa7-edfb-44a0-b2d0-7ffbd6316a99 7068e87b94dd4dd7a6b49dae01544ead 7e172452fe9d4aa9ac1ae3338eeef94f - - default default] Added segment 4922839c-11bd-4aaf-aebe-494293488659 of type geneve for network c88510b5-dae1-4383-a7f9-566eb8ad012f
2026-04-02 17:57:48.721 10 INFO neutron.db.segments_db [None req-1d268279-9c86-450e-8b07-ed8bac31f3bd b0abb704a96244a5b72e778a0940d372 fbdc65f8c75042ae84a2a1bf3b11caa8 - - default default] Added segment 2215f6bd-10c9-4d84-aa05-7c88d4a68e58 of type geneve for network 425c188c-3be5-4127-972f-ea999bf7974d
2026-04-02 17:57:48.725 10 INFO neutron.wsgi [None req-3e50d39d-fac6-4619-bf32-9323a13c3186 1ce16c7ce8f44d77a814167cbbb6e570 199121cf72074ab9a012b294338ad5e5 - - default default] 10.0.0.116 "DELETE /v2.0/routers/bad010e7-8b3f-45ca-99de-83550e0f3b50 HTTP/1.1" status: 204 len: 168 time: 0.8840303
2026-04-02 17:57:48.769 9 INFO neutron.wsgi [None req-ff2b9a0c-feb0-41db-b8fc-704ef314905b 1ce16c7ce8f44d77a814167cbbb6e570 199121cf72074ab9a012b294338ad5e5 - - default default] 10.0.0.116 "GET /v2.0/ports?device_id=bad010e7-8b3f-45ca-99de-83550e0f3b50 HTTP/1.1" status: 200 len: 205 time: 0.0352488
2026-04-02 17:57:48.803 9 INFO neutron.api.v2.resource [None req-c45ba2c1-c077-41d5-b440-6b485bbd8ca1 1ce16c7ce8f44d77a814167cbbb6e570 199121cf72074ab9a012b294338ad5e5 - - default default] delete failed (client error): The resource could not be found.
2026-04-02 17:57:48.805 9 INFO neutron.wsgi [None req-c45ba2c1-c077-41d5-b440-6b485bbd8ca1 1ce16c7ce8f44d77a814167cbbb6e570 199121cf72074ab9a012b294338ad5e5 - - default default] 10.0.0.116 "DELETE /v2.0/routers/bad010e7-8b3f-45ca-99de-83550e0f3b50 HTTP/1.1" status: 404 len: 336 time: 0.0311399
2026-04-02 17:57:48.827 9 INFO neutron.wsgi [None req-e7156d19-fc08-43fe-8f94-ad2afca5750b add0b10da88e4bfb921631bf29839673 0fd159c328ee4cbca3b990fc774abe86 - - default default] 10.0.0.116 "GET /v2.0/networks?router%3Aexternal=True HTTP/1.1" status: 200 len: 845 time: 0.1741605
2026-04-02 17:57:48.845 9 INFO neutron.wsgi [None req-e2d8e449-90be-4251-aa3b-52b12913be9b 1ce16c7ce8f44d77a814167cbbb6e570 199121cf72074ab9a012b294338ad5e5 - - default default] 10.0.0.116 "GET /v2.0/ports?device_id=dcd952a2-c2f8-4d72-a6ed-349782a3780a HTTP/1.1" status: 200 len: 205 time: 0.0356402
2026-04-02 17:57:48.879 9 INFO neutron.api.v2.resource [None req-b3b9e656-38b2-477c-af7f-20043d7e00a9 1ce16c7ce8f44d77a814167cbbb6e570 199121cf72074ab9a012b294338ad5e5 - - default default] delete failed (client error): The resource could not be found.
2026-04-02 17:57:48.880 9 INFO neutron.wsgi [None req-b3b9e656-38b2-477c-af7f-20043d7e00a9 1ce16c7ce8f44d77a814167cbbb6e570 199121cf72074ab9a012b294338ad5e5 - - default default] 10.0.0.116 "DELETE /v2.0/routers/dcd952a2-c2f8-4d72-a6ed-349782a3780a HTTP/1.1" status: 404 len: 336 time: 0.0279932
2026-04-02 17:57:48.906 9 INFO neutron.wsgi [None req-de70df46-d70e-4341-aa52-c7a902292490 add0b10da88e4bfb921631bf29839673 0fd159c328ee4cbca3b990fc774abe86 - - default default] 10.0.0.116 "GET /v2.0/subnets?network_id=8134dd1c-f936-4b4a-8827-84d8f7e38382 HTTP/1.1" status: 200 len: 820 time: 0.0683141
2026-04-02 17:57:48.916 9 INFO neutron.pecan_wsgi.hooks.translation [None req-6ed5feb8-967e-47e5-980c-b51f5122f575 1ce16c7ce8f44d77a814167cbbb6e570 199121cf72074ab9a012b294338ad5e5 - - default default] DELETE failed (client error): The resource could not be found.
2026-04-02 17:57:48.917 9 INFO neutron.wsgi [None req-6ed5feb8-967e-47e5-980c-b51f5122f575 1ce16c7ce8f44d77a814167cbbb6e570 199121cf72074ab9a012b294338ad5e5 - - default default] 10.0.0.116 "DELETE /v2.0/subnets/a5678d58-f405-48c5-a9ce-4acec7240665 HTTP/1.1" status: 404 len: 337 time: 0.0311358
2026-04-02 17:57:48.921 9 INFO neutron.wsgi [None req-31ef264e-ff00-47bb-805f-8a479b182456 add0b10da88e4bfb921631bf29839673 0fd159c328ee4cbca3b990fc774abe86 - - default default] 10.0.0.116 "GET /v2.0/extensions HTTP/1.1" status: 200 len: 16975 time: 0.0074775
2026-04-02 17:57:48.969 9 INFO neutron.wsgi [None req-8f2bdfe3-7fae-4cf2-a6dd-0f700db62401 1ce16c7ce8f44d77a814167cbbb6e570 199121cf72074ab9a012b294338ad5e5 - - default default] 10.0.0.116 "GET /v2.0/ports?device_id=c0f3ae9e-80cf-45d8-b5f4-f3e9af0f2f11 HTTP/1.1" status: 200 len: 205 time: 0.0381675
2026-04-02 17:57:49.036 9 INFO neutron.api.v2.resource [None req-ae04a43c-3a21-4f8c-9ec4-bcdad076012d 1ce16c7ce8f44d77a814167cbbb6e570 199121cf72074ab9a012b294338ad5e5 - - default default] delete failed (client error): The resource could not be found.
2026-04-02 17:57:49.038 9 INFO neutron.wsgi [None req-ae04a43c-3a21-4f8c-9ec4-bcdad076012d 1ce16c7ce8f44d77a814167cbbb6e570 199121cf72074ab9a012b294338ad5e5 - - default default] 10.0.0.116 "DELETE /v2.0/routers/c0f3ae9e-80cf-45d8-b5f4-f3e9af0f2f11 HTTP/1.1" status: 404 len: 336 time: 0.0609744
2026-04-02 17:57:49.074 9 INFO neutron.db.ovn_revision_numbers_db [None req-71f35aa7-edfb-44a0-b2d0-7ffbd6316a99 7068e87b94dd4dd7a6b49dae01544ead 7e172452fe9d4aa9ac1ae3338eeef94f - - default default] Successfully bumped revision number for resource c88510b5-dae1-4383-a7f9-566eb8ad012f (type: networks) to 1
2026-04-02 17:57:49.086 10 INFO neutron.pecan_wsgi.hooks.translation [None req-1c0fddfb-cb22-4504-9642-c97bf4b6d807 1ce16c7ce8f44d77a814167cbbb6e570 199121cf72074ab9a012b294338ad5e5 - - default default] DELETE failed (client error): The resource could not be found.
2026-04-02 17:57:49.089 10 INFO neutron.wsgi [None req-1c0fddfb-cb22-4504-9642-c97bf4b6d807 1ce16c7ce8f44d77a814167cbbb6e570 199121cf72074ab9a012b294338ad5e5 - - default default] 10.0.0.116 "DELETE /v2.0/subnets/8f2fe827-897e-4fcd-b00f-3a69181227cc HTTP/1.1" status: 404 len: 337 time: 0.0442386
2026-04-02 17:57:49.107 9 INFO neutron.wsgi [None req-330228ea-0aaf-4ef1-aecc-8c1ece8e14a3 add0b10da88e4bfb921631bf29839673 0fd159c328ee4cbca3b990fc774abe86 - - default default] 10.0.0.116 "GET /v2.0/networks HTTP/1.1" status: 200 len: 1503 time: 0.1764147
2026-04-02 17:57:49.125 10 INFO neutron.db.ovn_revision_numbers_db [None req-1d268279-9c86-450e-8b07-ed8bac31f3bd b0abb704a96244a5b72e778a0940d372 fbdc65f8c75042ae84a2a1bf3b11caa8 - - default default] Successfully bumped revision number for resource 88b6bf90-5d03-4c8d-873a-3195da37d7cb (type: networks) to 1
2026-04-02 17:57:49.128 10 INFO neutron.wsgi [None req-ef110d41-40a0-4c21-ab47-53360a2655da 1ce16c7ce8f44d77a814167cbbb6e570 199121cf72074ab9a012b294338ad5e5 - - default default] 10.0.0.116 "GET /v2.0/ports?device_id=d2bab077-341b-444a-a795-9bba76791516 HTTP/1.1" status: 200 len: 205 time: 0.0316627
2026-04-02 17:57:49.164 10 INFO neutron.api.v2.resource [None req-7a489023-63f2-4e22-abdd-32aadc360d5c 1ce16c7ce8f44d77a814167cbbb6e570 199121cf72074ab9a012b294338ad5e5 - - default default] delete failed (client error): The resource could not be found.
2026-04-02 17:57:49.165 9 INFO neutron.wsgi [None req-d1b15de4-e1bf-48b7-9316-ac36b542ff5b add0b10da88e4bfb921631bf29839673 0fd159c328ee4cbca3b990fc774abe86 - - default default] 10.0.0.116 "GET /v2.0/subnets HTTP/1.1" status: 200 len: 1428 time: 0.0506115
2026-04-02 17:57:49.165 10 INFO neutron.wsgi [None req-7a489023-63f2-4e22-abdd-32aadc360d5c 1ce16c7ce8f44d77a814167cbbb6e570 199121cf72074ab9a012b294338ad5e5 - - default default] 10.0.0.116 "DELETE /v2.0/routers/d2bab077-341b-444a-a795-9bba76791516 HTTP/1.1" status: 404 len: 336 time: 0.0275147
2026-04-02 17:57:49.191 9 INFO neutron.pecan_wsgi.hooks.translation [None req-f44a8253-2379-41c9-b38f-ef7a183204fb 1ce16c7ce8f44d77a814167cbbb6e570 199121cf72074ab9a012b294338ad5e5 - - default default] DELETE failed (client error): The resource could not be found.
2026-04-02 17:57:49.193 9 INFO neutron.wsgi [None req-f44a8253-2379-41c9-b38f-ef7a183204fb 1ce16c7ce8f44d77a814167cbbb6e570 199121cf72074ab9a012b294338ad5e5 - - default default] 10.0.0.116 "DELETE /v2.0/subnets/a7ea4b90-6ac8-4627-b246-1a3dc6aa3f72 HTTP/1.1" status: 404 len: 337 time: 0.0224733
2026-04-02 17:57:49.220 9 INFO neutron.pecan_wsgi.hooks.translation [None req-761904f3-4a98-45e0-ae4d-7396b34b4745 1ce16c7ce8f44d77a814167cbbb6e570 199121cf72074ab9a012b294338ad5e5 - - default default] DELETE failed (client error): The resource could not be found.
2026-04-02 17:57:49.223 9 INFO neutron.wsgi [None req-761904f3-4a98-45e0-ae4d-7396b34b4745 1ce16c7ce8f44d77a814167cbbb6e570 199121cf72074ab9a012b294338ad5e5 - - default default] 10.0.0.116 "DELETE /v2.0/subnets/0c78189f-f95d-454c-80ca-8ebdb4eb8420 HTTP/1.1" status: 404 len: 337 time: 0.0245457
2026-04-02 17:57:49.272 10 INFO neutron.wsgi [None req-9665ce03-7ac2-4bb2-a2c6-3e08d194e923 add0b10da88e4bfb921631bf29839673 0fd159c328ee4cbca3b990fc774abe86 - - default default] 10.0.0.116 "GET /v2.0/networks/ff96e660-bda9-45c6-a0da-4040862eedc7 HTTP/1.1" status: 200 len: 862 time: 0.0960660
2026-04-02 17:57:49.321 9 WARNING neutron.scheduler.dhcp_agent_scheduler [None req-71f35aa7-edfb-44a0-b2d0-7ffbd6316a99 7068e87b94dd4dd7a6b49dae01544ead 7e172452fe9d4aa9ac1ae3338eeef94f - - default default] No more DHCP agents
2026-04-02 17:57:49.324 9 WARNING neutron.api.rpc.agentnotifiers.dhcp_rpc_agent_api [None req-71f35aa7-edfb-44a0-b2d0-7ffbd6316a99 7068e87b94dd4dd7a6b49dae01544ead 7e172452fe9d4aa9ac1ae3338eeef94f - - default default] Unable to schedule network c88510b5-dae1-4383-a7f9-566eb8ad012f: no agents available; will retry on subsequent port and subnet creation events.
2026-04-02 17:57:49.336 10 WARNING neutron.scheduler.dhcp_agent_scheduler [None req-1d268279-9c86-450e-8b07-ed8bac31f3bd b0abb704a96244a5b72e778a0940d372 fbdc65f8c75042ae84a2a1bf3b11caa8 - - default default] No more DHCP agents
2026-04-02 17:57:49.338 10 WARNING neutron.api.rpc.agentnotifiers.dhcp_rpc_agent_api [None req-1d268279-9c86-450e-8b07-ed8bac31f3bd b0abb704a96244a5b72e778a0940d372 fbdc65f8c75042ae84a2a1bf3b11caa8 - - default default] Unable to schedule network 88b6bf90-5d03-4c8d-873a-3195da37d7cb: no agents available; will retry on subsequent port and subnet creation events.
2026-04-02 17:57:49.339 9 INFO neutron.wsgi [None req-e1b74cc2-c75f-42da-864c-7a44ddca93cd add0b10da88e4bfb921631bf29839673 0fd159c328ee4cbca3b990fc774abe86 - - default default] 10.0.0.116 "GET /v2.0/subnets/27feee39-ff5a-4b15-a115-7261b0f55935 HTTP/1.1" status: 200 len: 811 time: 0.0587420
2026-04-02 17:57:49.367 10 INFO neutron.pecan_wsgi.hooks.translation [None req-c3eadee0-cf37-48c8-be67-fd009f00a387 add0b10da88e4bfb921631bf29839673 0fd159c328ee4cbca3b990fc774abe86 - - default default] DELETE failed (client error): The resource could not be found.
2026-04-02 17:57:49.369 10 INFO neutron.wsgi [None req-c3eadee0-cf37-48c8-be67-fd009f00a387 add0b10da88e4bfb921631bf29839673 0fd159c328ee4cbca3b990fc774abe86 - - default default] 10.0.0.116 "DELETE /v2.0/subnets/9efbe6bc-c20b-4cdf-b730-5ac2fdd6062a HTTP/1.1" status: 404 len: 337 time: 0.0206587
2026-04-02 17:57:49.401 10 INFO neutron.pecan_wsgi.hooks.translation [None req-8271f3bc-5148-4144-8824-cc22ac67456c add0b10da88e4bfb921631bf29839673 0fd159c328ee4cbca3b990fc774abe86 - - default default] DELETE failed (client error): The resource could not be found.
2026-04-02 17:57:49.403 10 INFO neutron.wsgi [None req-8271f3bc-5148-4144-8824-cc22ac67456c add0b10da88e4bfb921631bf29839673 0fd159c328ee4cbca3b990fc774abe86 - - default default] 10.0.0.116 "DELETE /v2.0/networks/7553bc2d-fcc1-4439-a2ac-aa217b3a9bc5 HTTP/1.1" status: 404 len: 339 time: 0.0292268
2026-04-02 17:57:49.419 9 INFO neutron.db.ovn_revision_numbers_db [None req-71f35aa7-edfb-44a0-b2d0-7ffbd6316a99 7068e87b94dd4dd7a6b49dae01544ead 7e172452fe9d4aa9ac1ae3338eeef94f - - default default] Successfully bumped revision number for resource bb14f998-44c6-43dd-9804-23194e0022af (type: ports) to 1
2026-04-02 17:57:49.444 10 INFO neutron.db.ovn_revision_numbers_db [None req-1d268279-9c86-450e-8b07-ed8bac31f3bd b0abb704a96244a5b72e778a0940d372 fbdc65f8c75042ae84a2a1bf3b11caa8 - - default default] Successfully bumped revision number for resource 159f356a-a276-418e-b17f-7a491dbdc7bf (type: ports) to 1
2026-04-02 17:57:49.472 9 INFO neutron.wsgi [None req-71f35aa7-edfb-44a0-b2d0-7ffbd6316a99 7068e87b94dd4dd7a6b49dae01544ead 7e172452fe9d4aa9ac1ae3338eeef94f - - default default] 10.0.0.116 "POST /v2.0/networks HTTP/1.1" status: 201 len: 831 time: 0.8821647
2026-04-02 17:57:49.490 10 WARNING neutron_lib.context [None req-db8b2375-f69d-4be5-9158-e85ab176f6e0 7068e87b94dd4dd7a6b49dae01544ead 7e172452fe9d4aa9ac1ae3338eeef94f - - default default] Method 'is_advsvc' is deprecated since 2023.2 release (neutron-lib 3.8.0) and will be removed once support for the old RBAC API policies will be removed from Neutron. Please use method 'is_service_role' instead.
2026-04-02 17:57:49.546 10 INFO neutron.db.ovn_revision_numbers_db [None req-1d268279-9c86-450e-8b07-ed8bac31f3bd b0abb704a96244a5b72e778a0940d372 fbdc65f8c75042ae84a2a1bf3b11caa8 - - default default] Successfully bumped revision number for resource 425c188c-3be5-4127-972f-ea999bf7974d (type: networks) to 1
2026-04-02 17:57:49.665 9 INFO neutron.wsgi [None req-b67d3a03-4552-4db6-84f1-42671081ac87 add0b10da88e4bfb921631bf29839673 0fd159c328ee4cbca3b990fc774abe86 - - default default] 10.0.0.116 "DELETE /v2.0/subnets/27feee39-ff5a-4b15-a115-7261b0f55935 HTTP/1.1" status: 204 len: 168 time: 0.2566090
2026-04-02 17:57:49.779 10 WARNING neutron.scheduler.dhcp_agent_scheduler [None req-1d268279-9c86-450e-8b07-ed8bac31f3bd b0abb704a96244a5b72e778a0940d372 fbdc65f8c75042ae84a2a1bf3b11caa8 - - default default] No more DHCP agents
2026-04-02 17:57:49.786 10 WARNING neutron.api.rpc.agentnotifiers.dhcp_rpc_agent_api [None req-1d268279-9c86-450e-8b07-ed8bac31f3bd b0abb704a96244a5b72e778a0940d372 fbdc65f8c75042ae84a2a1bf3b11caa8 - - default default] Unable to schedule network 425c188c-3be5-4127-972f-ea999bf7974d: no agents available; will retry on subsequent port and subnet creation events.
2026-04-02 17:57:49.813 10 WARNING neutron.scheduler.dhcp_agent_scheduler [None req-db8b2375-f69d-4be5-9158-e85ab176f6e0 7068e87b94dd4dd7a6b49dae01544ead 7e172452fe9d4aa9ac1ae3338eeef94f - - default default] No more DHCP agents
2026-04-02 17:57:49.824 10 WARNING neutron.api.rpc.agentnotifiers.dhcp_rpc_agent_api [None req-db8b2375-f69d-4be5-9158-e85ab176f6e0 7068e87b94dd4dd7a6b49dae01544ead 7e172452fe9d4aa9ac1ae3338eeef94f - - default default] Unable to schedule network c88510b5-dae1-4383-a7f9-566eb8ad012f: no agents available; will retry on subsequent port and subnet creation events.
2026-04-02 17:57:49.906 10 INFO neutron.db.ovn_revision_numbers_db [None req-1d268279-9c86-450e-8b07-ed8bac31f3bd b0abb704a96244a5b72e778a0940d372 fbdc65f8c75042ae84a2a1bf3b11caa8 - - default default] Successfully bumped revision number for resource a3081d29-dcd0-47b4-9a27-767b222d0887 (type: ports) to 1 /var/lib/openstack/lib/python3.10/site-packages/pycadf/identifier.py:71: UserWarning: Invalid uuid: neutron. To ensure interoperability, identifiers should be a valid uuid. warnings.warn(('Invalid uuid: %s. To ensure interoperability, '
2026-04-02 17:57:49.929 10 INFO neutron.db.ovn_revision_numbers_db [None req-db8b2375-f69d-4be5-9158-e85ab176f6e0 7068e87b94dd4dd7a6b49dae01544ead 7e172452fe9d4aa9ac1ae3338eeef94f - - default default] Successfully bumped revision number for resource da369653-b3c7-4fe8-a9c0-01468a33d235 (type: ports) to 1
2026-04-02 17:57:49.932 10 INFO neutron.wsgi [None req-1d268279-9c86-450e-8b07-ed8bac31f3bd b0abb704a96244a5b72e778a0940d372 fbdc65f8c75042ae84a2a1bf3b11caa8 - - default default] 10.0.0.116 "POST /v2.0/networks HTTP/1.1" status: 201 len: 1446 time: 1.9218793
2026-04-02 17:57:49.970 10 INFO neutron.wsgi [None req-db8b2375-f69d-4be5-9158-e85ab176f6e0 7068e87b94dd4dd7a6b49dae01544ead 7e172452fe9d4aa9ac1ae3338eeef94f - - default default] 10.0.0.116 "POST /v2.0/ports HTTP/1.1" status: 201 len: 942 time: 0.4849768
2026-04-02 17:57:49.972 10 INFO neutron.wsgi [None req-c7c51a6f-d266-415a-99a2-e43fb7b041df 6e572a2ffe884536a3857dbc19fff1ad d15d84c3f8b144fca4d23055a52e6571 - - default default] 10.0.0.116 "GET /v2.0/security-groups?tenant_id=199121cf72074ab9a012b294338ad5e5&name=default HTTP/1.1" status: 200 len: 2996 time: 0.1922641
2026-04-02 17:57:49.985 10 WARNING neutron_lib.context [None req-18b207a7-da29-494c-a8cf-6788717a5b56 7068e87b94dd4dd7a6b49dae01544ead 7e172452fe9d4aa9ac1ae3338eeef94f - - default default] Method 'is_advsvc' is deprecated since 2023.2 release (neutron-lib 3.8.0) and will be removed once support for the old RBAC API policies will be removed from Neutron. Please use method 'is_service_role' instead.
2026-04-02 17:57:50.059 10 INFO neutron.db.segments_db [None req-18b207a7-da29-494c-a8cf-6788717a5b56 7068e87b94dd4dd7a6b49dae01544ead 7e172452fe9d4aa9ac1ae3338eeef94f - - default default] Added segment 44bf392a-42fd-4162-ba2f-68c17a8e7b71 of type geneve for network 8c04a130-e25e-402e-b3c5-e031cd3cefe4
2026-04-02 17:57:50.092 9 INFO neutron.wsgi [None req-ae41dfc8-cf6e-4fd8-b1f4-11cf9ad5ce7e b0abb704a96244a5b72e778a0940d372 fbdc65f8c75042ae84a2a1bf3b11caa8 - - default default] 10.0.0.116 "GET /v2.0/networks HTTP/1.1" status: 200 len: 2052 time: 0.1428826
2026-04-02 17:57:50.200 10 INFO neutron.db.ovn_revision_numbers_db [None req-18b207a7-da29-494c-a8cf-6788717a5b56 7068e87b94dd4dd7a6b49dae01544ead 7e172452fe9d4aa9ac1ae3338eeef94f - - default default] Successfully bumped revision number for resource 8c04a130-e25e-402e-b3c5-e031cd3cefe4 (type: networks) to 1
2026-04-02 17:57:50.394 10 WARNING neutron.scheduler.dhcp_agent_scheduler [None req-18b207a7-da29-494c-a8cf-6788717a5b56 7068e87b94dd4dd7a6b49dae01544ead 7e172452fe9d4aa9ac1ae3338eeef94f - - default default] No more DHCP agents
2026-04-02 17:57:50.398 10 WARNING neutron.api.rpc.agentnotifiers.dhcp_rpc_agent_api [None req-18b207a7-da29-494c-a8cf-6788717a5b56 7068e87b94dd4dd7a6b49dae01544ead 7e172452fe9d4aa9ac1ae3338eeef94f - - default default] Unable to schedule network 8c04a130-e25e-402e-b3c5-e031cd3cefe4: no agents available; will retry on subsequent port and subnet creation events.
2026-04-02 17:57:50.460 9 INFO neutron.wsgi [None req-54370423-cd45-4497-8bd9-f5b455258cc7 add0b10da88e4bfb921631bf29839673 0fd159c328ee4cbca3b990fc774abe86 - - default default] 10.0.0.116 "DELETE /v2.0/networks/ff96e660-bda9-45c6-a0da-4040862eedc7 HTTP/1.1" status: 204 len: 168 time: 0.7902620
2026-04-02 17:57:50.480 10 INFO neutron.db.ovn_revision_numbers_db [None req-18b207a7-da29-494c-a8cf-6788717a5b56 7068e87b94dd4dd7a6b49dae01544ead 7e172452fe9d4aa9ac1ae3338eeef94f - - default default] Successfully bumped revision number for resource df461548-6942-4caf-aa56-3690eb9f62e8 (type: ports) to 1
2026-04-02 17:57:50.499 10 INFO neutron.wsgi [None req-18b207a7-da29-494c-a8cf-6788717a5b56 7068e87b94dd4dd7a6b49dae01544ead 7e172452fe9d4aa9ac1ae3338eeef94f - - default default] 10.0.0.116 "POST /v2.0/networks HTTP/1.1" status: 201 len: 831 time: 0.5174074
2026-04-02 17:57:50.512 10 WARNING neutron_lib.context [None req-54fd2bdc-583e-4170-a570-50d84da6dcf2 7068e87b94dd4dd7a6b49dae01544ead 7e172452fe9d4aa9ac1ae3338eeef94f - - default default] Method 'is_advsvc' is deprecated since 2023.2 release (neutron-lib 3.8.0) and will be removed once support for the old RBAC API policies will be removed from Neutron. Please use method 'is_service_role' instead.
2026-04-02 17:57:50.600 9 INFO neutron.services.segments.plugin [-] Segment 4e578465-8c60-4b66-b05b-103652dbef82 resource provider aggregate not found
2026-04-02 17:57:50.607 9 INFO neutron.services.segments.plugin [-] Segment 4e578465-8c60-4b66-b05b-103652dbef82 resource provider aggregate not found
2026-04-02 17:57:50.620 9 INFO neutron.services.segments.plugin [-] Segment 4e578465-8c60-4b66-b05b-103652dbef82 resource provider not found; error: Placement Client Error (4xx): {"errors": [{"status": 404, "title": "Not Found", "detail": "The resource could not be found.\n\n No resource provider with uuid 4e578465-8c60-4b66-b05b-103652dbef82 found for delete ", "request_id": "req-840712f7-6b00-4127-b001-8608c480a421"}]}
2026-04-02 17:57:50.626 9 INFO neutron.services.segments.plugin [-] Segment 4e578465-8c60-4b66-b05b-103652dbef82 resource provider not found; error: Placement Client Error (4xx): {"errors": [{"status": 404, "title": "Not Found", "detail": "The resource could not be found.\n\n No resource provider with uuid 4e578465-8c60-4b66-b05b-103652dbef82 found for delete ", "request_id": "req-0437f5d7-7cd8-4f1a-bdf9-9363fa6e4888"}]}
2026-04-02 17:57:50.647 9 INFO neutron.wsgi [None req-956d62df-6561-4b24-9ae7-b139381a9ed1 6e572a2ffe884536a3857dbc19fff1ad d15d84c3f8b144fca4d23055a52e6571 - - default default] 10.0.0.116 "DELETE /v2.0/security-groups/b81d7683-94fe-40e6-b260-6a0f196ead30 HTTP/1.1" status: 204 len: 168 time: 0.6613839
2026-04-02 17:57:50.729 10 WARNING neutron.scheduler.dhcp_agent_scheduler [None req-54fd2bdc-583e-4170-a570-50d84da6dcf2 7068e87b94dd4dd7a6b49dae01544ead 7e172452fe9d4aa9ac1ae3338eeef94f - - default default] No more DHCP agents
2026-04-02 17:57:50.731 10 WARNING neutron.api.rpc.agentnotifiers.dhcp_rpc_agent_api [None req-54fd2bdc-583e-4170-a570-50d84da6dcf2 7068e87b94dd4dd7a6b49dae01544ead 7e172452fe9d4aa9ac1ae3338eeef94f - - default default] Unable to schedule network 8c04a130-e25e-402e-b3c5-e031cd3cefe4: no agents available; will retry on subsequent port and subnet creation events.
2026-04-02 17:57:50.820 10 INFO neutron.db.ovn_revision_numbers_db [None req-54fd2bdc-583e-4170-a570-50d84da6dcf2 7068e87b94dd4dd7a6b49dae01544ead 7e172452fe9d4aa9ac1ae3338eeef94f - - default default] Successfully bumped revision number for resource 37d6651b-2b34-4f36-9f3c-2487bcf24b35 (type: ports) to 1
2026-04-02 17:57:50.821 9 INFO neutron.wsgi [None req-29c017d1-dfa2-431a-bb82-0ec3bff03e33 b0abb704a96244a5b72e778a0940d372 fbdc65f8c75042ae84a2a1bf3b11caa8 - - default default] 10.0.0.116 "DELETE /v2.0/networks/88b6bf90-5d03-4c8d-873a-3195da37d7cb HTTP/1.1" status: 204 len: 168 time: 0.7226131 /var/lib/openstack/lib/python3.10/site-packages/pycadf/identifier.py:71: UserWarning: Invalid uuid: neutron. To ensure interoperability, identifiers should be a valid uuid. warnings.warn(('Invalid uuid: %s. To ensure interoperability, '
2026-04-02 17:57:50.867 10 INFO neutron.wsgi [None req-54fd2bdc-583e-4170-a570-50d84da6dcf2 7068e87b94dd4dd7a6b49dae01544ead 7e172452fe9d4aa9ac1ae3338eeef94f - - default default] 10.0.0.116 "POST /v2.0/ports HTTP/1.1" status: 201 len: 942 time: 0.3599005
2026-04-02 17:57:50.878 10 WARNING neutron_lib.context [None req-d3c56fe9-ebac-41bf-9a0a-09273d82a99c 7068e87b94dd4dd7a6b49dae01544ead 7e172452fe9d4aa9ac1ae3338eeef94f - - default default] Method 'is_advsvc' is deprecated since 2023.2 release (neutron-lib 3.8.0) and will be removed once support for the old RBAC API policies will be removed from Neutron. Please use method 'is_service_role' instead.
2026-04-02 17:57:50.976 10 INFO neutron.db.segments_db [None req-d3c56fe9-ebac-41bf-9a0a-09273d82a99c 7068e87b94dd4dd7a6b49dae01544ead 7e172452fe9d4aa9ac1ae3338eeef94f - - default default] Added segment a020969e-45ab-4518-8003-424b4c14a81e of type geneve for network f59f3f77-c190-4895-aca0-205401d146d5
2026-04-02 17:57:51.146 10 INFO neutron.db.ovn_revision_numbers_db [None req-d3c56fe9-ebac-41bf-9a0a-09273d82a99c 7068e87b94dd4dd7a6b49dae01544ead 7e172452fe9d4aa9ac1ae3338eeef94f - - default default] Successfully bumped revision number for resource f59f3f77-c190-4895-aca0-205401d146d5 (type: networks) to 1
2026-04-02 17:57:51.220 9 INFO neutron.wsgi [None req-43d53c49-2669-49d0-a02f-4f641171e2c3 6e572a2ffe884536a3857dbc19fff1ad d15d84c3f8b144fca4d23055a52e6571 - - default default] 10.0.0.116 "GET /v2.0/security-groups?tenant_id=0fd159c328ee4cbca3b990fc774abe86&name=default HTTP/1.1" status: 200 len: 2996 time: 0.2483268
2026-04-02 17:57:51.288 10 INFO neutron.services.segments.plugin [-] Segment 2215f6bd-10c9-4d84-aa05-7c88d4a68e58 resource provider aggregate not found
2026-04-02 17:57:51.300 10 INFO neutron.services.segments.plugin [-] Segment 2215f6bd-10c9-4d84-aa05-7c88d4a68e58 resource provider aggregate not found
2026-04-02 17:57:51.318 10 INFO neutron.services.segments.plugin [-] Segment 2215f6bd-10c9-4d84-aa05-7c88d4a68e58 resource provider not found; error: Placement Client Error (4xx): {"errors": [{"status": 404, "title": "Not Found", "detail": "The resource could not be found.\n\n No resource provider with uuid 2215f6bd-10c9-4d84-aa05-7c88d4a68e58 found for delete ", "request_id": "req-5db676a8-4757-4aaf-aa41-7d70f9b859ca"}]}
2026-04-02 17:57:51.325 10 INFO neutron.services.segments.plugin [-] Segment 2215f6bd-10c9-4d84-aa05-7c88d4a68e58 resource provider not found; error: Placement Client Error (4xx): {"errors": [{"status": 404, "title": "Not Found", "detail": "The resource could not be found.\n\n No resource provider with uuid 2215f6bd-10c9-4d84-aa05-7c88d4a68e58 found for delete ", "request_id": "req-1462a41b-bca0-40b5-971b-9a23ea97f2c7"}]}
2026-04-02 17:57:51.351 10 INFO neutron.wsgi [None req-ac5ae22e-87af-435b-9c15-bc6bb1ed8f4c b0abb704a96244a5b72e778a0940d372 fbdc65f8c75042ae84a2a1bf3b11caa8 - - default default] 10.0.0.116 "DELETE /v2.0/networks/425c188c-3be5-4127-972f-ea999bf7974d HTTP/1.1" status: 204 len: 168 time: 0.5238280
2026-04-02 17:57:51.402 10 WARNING neutron.scheduler.dhcp_agent_scheduler [None req-d3c56fe9-ebac-41bf-9a0a-09273d82a99c 7068e87b94dd4dd7a6b49dae01544ead 7e172452fe9d4aa9ac1ae3338eeef94f - - default default] No more DHCP agents
2026-04-02 17:57:51.406 10 WARNING neutron.api.rpc.agentnotifiers.dhcp_rpc_agent_api [None req-d3c56fe9-ebac-41bf-9a0a-09273d82a99c 7068e87b94dd4dd7a6b49dae01544ead 7e172452fe9d4aa9ac1ae3338eeef94f - - default default] Unable to schedule network f59f3f77-c190-4895-aca0-205401d146d5: no agents available; will retry on subsequent port and subnet creation events.
2026-04-02 17:57:51.447 9 INFO neutron.wsgi [None req-7d17e439-0d7c-4291-b458-d773da906e80 b0abb704a96244a5b72e778a0940d372 fbdc65f8c75042ae84a2a1bf3b11caa8 - - default default] 10.0.0.116 "GET /v2.0/networks HTTP/1.1" status: 200 len: 845 time: 0.0910716
2026-04-02 17:57:51.460 10 WARNING neutron_lib.context [None req-05515210-05d7-44e2-952b-266dcdf86416 b0abb704a96244a5b72e778a0940d372 fbdc65f8c75042ae84a2a1bf3b11caa8 - - default default] Method 'is_advsvc' is deprecated since 2023.2 release (neutron-lib 3.8.0) and will be removed once support for the old RBAC API policies will be removed from Neutron. Please use method 'is_service_role' instead.
2026-04-02 17:57:51.500 9 INFO neutron.wsgi [None req-a6c68027-1d6c-49da-b982-1f1fb589bd6e 6e572a2ffe884536a3857dbc19fff1ad d15d84c3f8b144fca4d23055a52e6571 - - default default] 10.0.0.116 "DELETE /v2.0/security-groups/b2b50df6-a089-4d35-bd62-edfd8daa92a0 HTTP/1.1" status: 204 len: 168 time: 0.2752118
2026-04-02 17:57:51.500 10 INFO neutron.db.ovn_revision_numbers_db [None req-d3c56fe9-ebac-41bf-9a0a-09273d82a99c 7068e87b94dd4dd7a6b49dae01544ead 7e172452fe9d4aa9ac1ae3338eeef94f - - default default] Successfully bumped revision number for resource 542dd470-deaa-4689-960d-e10a72d2608f (type: ports) to 1
2026-04-02 17:57:51.523 10 INFO neutron.wsgi [None req-d3c56fe9-ebac-41bf-9a0a-09273d82a99c 7068e87b94dd4dd7a6b49dae01544ead 7e172452fe9d4aa9ac1ae3338eeef94f - - default default] 10.0.0.116 "POST /v2.0/networks HTTP/1.1" status: 201 len: 830 time: 0.6496906
2026-04-02 17:57:51.532 10 WARNING neutron_lib.context [None req-6a96bdfe-1739-4ce8-b40b-5e0eb6b82a14 7068e87b94dd4dd7a6b49dae01544ead 7e172452fe9d4aa9ac1ae3338eeef94f - - default default] Method 'is_advsvc' is deprecated since 2023.2 release (neutron-lib 3.8.0) and will be removed once support for the old RBAC API policies will be removed from Neutron. Please use method 'is_service_role' instead.
2026-04-02 17:57:51.562 10 INFO neutron.db.segments_db [None req-05515210-05d7-44e2-952b-266dcdf86416 b0abb704a96244a5b72e778a0940d372 fbdc65f8c75042ae84a2a1bf3b11caa8 - - default default] Added segment 43675cae-00fd-42f5-a665-cd455ac4b5c5 of type geneve for network e9d7c1e4-4dcb-47a5-9537-77aa7f6a297d
2026-04-02 17:57:51.759 10 INFO neutron.db.ovn_revision_numbers_db [None req-05515210-05d7-44e2-952b-266dcdf86416 b0abb704a96244a5b72e778a0940d372 fbdc65f8c75042ae84a2a1bf3b11caa8 - - default default] Successfully bumped revision number for resource e9d7c1e4-4dcb-47a5-9537-77aa7f6a297d (type: networks) to 1
2026-04-02 17:57:51.885 10 WARNING neutron.scheduler.dhcp_agent_scheduler [None req-6a96bdfe-1739-4ce8-b40b-5e0eb6b82a14 7068e87b94dd4dd7a6b49dae01544ead 7e172452fe9d4aa9ac1ae3338eeef94f - - default default] No more DHCP agents
2026-04-02 17:57:51.890 10 WARNING neutron.api.rpc.agentnotifiers.dhcp_rpc_agent_api [None req-6a96bdfe-1739-4ce8-b40b-5e0eb6b82a14 7068e87b94dd4dd7a6b49dae01544ead 7e172452fe9d4aa9ac1ae3338eeef94f - - default default] Unable to schedule network f59f3f77-c190-4895-aca0-205401d146d5: no agents available; will retry on subsequent port and subnet creation events.
2026-04-02 17:57:51.981 10 WARNING neutron.scheduler.dhcp_agent_scheduler [None req-05515210-05d7-44e2-952b-266dcdf86416 b0abb704a96244a5b72e778a0940d372 fbdc65f8c75042ae84a2a1bf3b11caa8 - - default default] No more DHCP agents
2026-04-02 17:57:51.984 10 WARNING neutron.api.rpc.agentnotifiers.dhcp_rpc_agent_api [None req-05515210-05d7-44e2-952b-266dcdf86416 b0abb704a96244a5b72e778a0940d372 fbdc65f8c75042ae84a2a1bf3b11caa8 - - default default] Unable to schedule network e9d7c1e4-4dcb-47a5-9537-77aa7f6a297d: no agents available; will retry on subsequent port and subnet creation events.
2026-04-02 17:57:51.998 9 WARNING neutron.plugins.ml2.drivers.ovn.mech_driver.ovsdb.ovn_client [None req-b6c15372-2b8f-455d-8dd4-64462efef91e - - - - - -] No port found with ID 70d20499-86cb-46f7-8989-2c87dc407dd6: RuntimeError: No port found with ID 70d20499-86cb-46f7-8989-2c87dc407dd6
2026-04-02 17:57:52.007 10 INFO neutron.db.ovn_revision_numbers_db [None req-6a96bdfe-1739-4ce8-b40b-5e0eb6b82a14 7068e87b94dd4dd7a6b49dae01544ead 7e172452fe9d4aa9ac1ae3338eeef94f - - default default] Successfully bumped revision number for resource af9bc6ea-f69f-4618-a2b9-b757dd88d531 (type: ports) to 1
2026-04-02 17:57:52.051 10 INFO neutron.wsgi [None req-6a96bdfe-1739-4ce8-b40b-5e0eb6b82a14 7068e87b94dd4dd7a6b49dae01544ead 7e172452fe9d4aa9ac1ae3338eeef94f - - default default] 10.0.0.116 "POST /v2.0/ports HTTP/1.1" status: 201 len: 942 time: 0.5239727
2026-04-02 17:57:52.063 9 WARNING neutron_lib.context [None req-e8b405da-7892-49d4-a688-cb67c9f70f82 7068e87b94dd4dd7a6b49dae01544ead 7e172452fe9d4aa9ac1ae3338eeef94f - - default default] Method 'is_advsvc' is deprecated since 2023.2 release (neutron-lib 3.8.0) and will be removed once support for the old RBAC API policies will be removed from Neutron. Please use method 'is_service_role' instead.
2026-04-02 17:57:52.068 10 INFO neutron.db.ovn_revision_numbers_db [None req-05515210-05d7-44e2-952b-266dcdf86416 b0abb704a96244a5b72e778a0940d372 fbdc65f8c75042ae84a2a1bf3b11caa8 - - default default] Successfully bumped revision number for resource f9cd1d6f-f3b5-4b35-911c-8140c093618f (type: ports) to 1
2026-04-02 17:57:52.089 10 INFO neutron.wsgi [None req-05515210-05d7-44e2-952b-266dcdf86416 b0abb704a96244a5b72e778a0940d372 fbdc65f8c75042ae84a2a1bf3b11caa8 - - default default] 10.0.0.116 "POST /v2.0/networks HTTP/1.1" status: 201 len: 853 time: 0.6336067 /var/lib/openstack/lib/python3.10/site-packages/pycadf/identifier.py:71: UserWarning: Invalid uuid: neutron. To ensure interoperability, identifiers should be a valid uuid. warnings.warn(('Invalid uuid: %s. To ensure interoperability, '
2026-04-02 17:57:52.098 10 WARNING neutron_lib.context [None req-8a86251c-9e25-4a94-8da9-6de281d60ec1 b0abb704a96244a5b72e778a0940d372 fbdc65f8c75042ae84a2a1bf3b11caa8 - - default default] Method 'is_advsvc' is deprecated since 2023.2 release (neutron-lib 3.8.0) and will be removed once support for the old RBAC API policies will be removed from Neutron. Please use method 'is_service_role' instead.
2026-04-02 17:57:52.186 9 INFO neutron.db.segments_db [None req-e8b405da-7892-49d4-a688-cb67c9f70f82 7068e87b94dd4dd7a6b49dae01544ead 7e172452fe9d4aa9ac1ae3338eeef94f - - default default] Added segment b7e21ffd-0c34-4389-bce0-2dc26125a118 of type geneve for network 7dade539-64fb-41e2-be29-45c55ca3f6a3
2026-04-02 17:57:52.208 10 INFO neutron.db.segments_db [None req-8a86251c-9e25-4a94-8da9-6de281d60ec1 b0abb704a96244a5b72e778a0940d372 fbdc65f8c75042ae84a2a1bf3b11caa8 - - default default] Added segment 7115afdb-f6f7-4e15-82ce-e9f8d49bcae0 of type geneve for network 11e8ae60-59b8-4191-a0d0-df8964cf4295
2026-04-02 17:57:52.367 9 INFO neutron.db.ovn_revision_numbers_db [None req-e8b405da-7892-49d4-a688-cb67c9f70f82 7068e87b94dd4dd7a6b49dae01544ead 7e172452fe9d4aa9ac1ae3338eeef94f - - default default] Successfully bumped revision number for resource 7dade539-64fb-41e2-be29-45c55ca3f6a3 (type: networks) to 1
2026-04-02 17:57:52.374 10 INFO neutron.db.ovn_revision_numbers_db [None req-8a86251c-9e25-4a94-8da9-6de281d60ec1 b0abb704a96244a5b72e778a0940d372 fbdc65f8c75042ae84a2a1bf3b11caa8 - - default default] Successfully bumped revision number for resource 11e8ae60-59b8-4191-a0d0-df8964cf4295 (type: networks) to 1
2026-04-02 17:57:52.546 9 WARNING neutron.scheduler.dhcp_agent_scheduler [None req-e8b405da-7892-49d4-a688-cb67c9f70f82 7068e87b94dd4dd7a6b49dae01544ead 7e172452fe9d4aa9ac1ae3338eeef94f - - default default] No more DHCP agents
2026-04-02 17:57:52.548 9 WARNING neutron.api.rpc.agentnotifiers.dhcp_rpc_agent_api [None req-e8b405da-7892-49d4-a688-cb67c9f70f82 7068e87b94dd4dd7a6b49dae01544ead 7e172452fe9d4aa9ac1ae3338eeef94f - - default default] Unable to schedule network 7dade539-64fb-41e2-be29-45c55ca3f6a3: no agents available; will retry on subsequent port and subnet creation events.
2026-04-02 17:57:52.638 9 INFO neutron.db.ovn_revision_numbers_db [None req-e8b405da-7892-49d4-a688-cb67c9f70f82 7068e87b94dd4dd7a6b49dae01544ead 7e172452fe9d4aa9ac1ae3338eeef94f - - default default] Successfully bumped revision number for resource 68113be3-d96e-4cb9-bc19-fd2121dbd6ed (type: ports) to 1
2026-04-02 17:57:52.649 9 INFO neutron.services.segments.plugin [-] Segment 4328a1e1-703a-4e01-ba37-da444cf83a60 resource provider aggregate not found
2026-04-02 17:57:52.656 9 INFO neutron.services.segments.plugin [-] Segment 4328a1e1-703a-4e01-ba37-da444cf83a60 resource provider aggregate not found
2026-04-02 17:57:52.666 9 INFO neutron.services.segments.plugin [-] Segment 4328a1e1-703a-4e01-ba37-da444cf83a60 resource provider not found; error: Placement Client Error (4xx): {"errors": [{"status": 404, "title": "Not Found", "detail": "The resource could not be found.\n\n No resource provider with uuid 4328a1e1-703a-4e01-ba37-da444cf83a60 found for delete ", "request_id": "req-0b1aa951-9b00-451e-9dee-0c04a1d57a82"}]}
2026-04-02 17:57:52.667 9 INFO neutron.services.segments.plugin [-] Segment 4328a1e1-703a-4e01-ba37-da444cf83a60 resource provider not found; error: Placement Client Error (4xx): {"errors": [{"status": 404, "title": "Not Found", "detail": "The resource could not be found.\n\n No resource provider with uuid 4328a1e1-703a-4e01-ba37-da444cf83a60 found for delete ", "request_id": "req-95576e18-c938-4c0d-a94b-f4d74007c786"}]}
2026-04-02 17:57:52.670 9 INFO neutron.wsgi [None req-e8b405da-7892-49d4-a688-cb67c9f70f82 7068e87b94dd4dd7a6b49dae01544ead 7e172452fe9d4aa9ac1ae3338eeef94f - - default default] 10.0.0.116 "POST /v2.0/networks HTTP/1.1" status: 201 len: 830 time: 0.6149838
2026-04-02 17:57:52.682 9 WARNING neutron_lib.context [None req-574c1509-0d4f-4b08-8082-fc545b92f58e 7068e87b94dd4dd7a6b49dae01544ead 7e172452fe9d4aa9ac1ae3338eeef94f - - default default] Method 'is_advsvc' is deprecated since 2023.2 release (neutron-lib 3.8.0) and will be removed once support for the old RBAC API policies will be removed from Neutron. Please use method 'is_service_role' instead.
2026-04-02 17:57:52.755 10 WARNING neutron.scheduler.dhcp_agent_scheduler [None req-8a86251c-9e25-4a94-8da9-6de281d60ec1 b0abb704a96244a5b72e778a0940d372 fbdc65f8c75042ae84a2a1bf3b11caa8 - - default default] No more DHCP agents
2026-04-02 17:57:52.757 10 WARNING neutron.api.rpc.agentnotifiers.dhcp_rpc_agent_api [None req-8a86251c-9e25-4a94-8da9-6de281d60ec1 b0abb704a96244a5b72e778a0940d372 fbdc65f8c75042ae84a2a1bf3b11caa8 - - default default] Unable to schedule network 11e8ae60-59b8-4191-a0d0-df8964cf4295: no agents available; will retry on subsequent port and subnet creation events.
2026-04-02 17:57:52.855 10 INFO neutron.db.ovn_revision_numbers_db [None req-8a86251c-9e25-4a94-8da9-6de281d60ec1 b0abb704a96244a5b72e778a0940d372 fbdc65f8c75042ae84a2a1bf3b11caa8 - - default default] Successfully bumped revision number for resource 89baa848-471c-4eb0-9ba8-f80f1d6b2d37 (type: ports) to 1
2026-04-02 17:57:52.883 10 INFO neutron.wsgi [None req-8a86251c-9e25-4a94-8da9-6de281d60ec1 b0abb704a96244a5b72e778a0940d372 fbdc65f8c75042ae84a2a1bf3b11caa8 - - default default] 10.0.0.116 "POST /v2.0/networks HTTP/1.1" status: 201 len: 852 time: 0.7894852
2026-04-02 17:57:52.892 10 WARNING neutron_lib.context [None req-2cf139c5-3366-44ff-b103-a2bc11b3326c b0abb704a96244a5b72e778a0940d372 fbdc65f8c75042ae84a2a1bf3b11caa8 - - default default] Method 'is_advsvc' is deprecated since 2023.2 release (neutron-lib 3.8.0) and will be removed once support for the old RBAC API policies will be removed from Neutron. Please use method 'is_service_role' instead.
2026-04-02 17:57:52.904 9 WARNING neutron.scheduler.dhcp_agent_scheduler [None req-574c1509-0d4f-4b08-8082-fc545b92f58e 7068e87b94dd4dd7a6b49dae01544ead 7e172452fe9d4aa9ac1ae3338eeef94f - - default default] No more DHCP agents
2026-04-02 17:57:52.905 9 WARNING neutron.api.rpc.agentnotifiers.dhcp_rpc_agent_api [None req-574c1509-0d4f-4b08-8082-fc545b92f58e 7068e87b94dd4dd7a6b49dae01544ead 7e172452fe9d4aa9ac1ae3338eeef94f - - default default] Unable to schedule network 7dade539-64fb-41e2-be29-45c55ca3f6a3: no agents available; will retry on subsequent port and subnet creation events.
2026-04-02 17:57:52.939 10 WARNING neutron_lib.context [None req-2cf139c5-3366-44ff-b103-a2bc11b3326c b0abb704a96244a5b72e778a0940d372 fbdc65f8c75042ae84a2a1bf3b11caa8 - - default default] Method 'is_advsvc' is deprecated since 2023.2 release (neutron-lib 3.8.0) and will be removed once support for the old RBAC API policies will be removed from Neutron. Please use method 'is_service_role' instead.
2026-04-02 17:57:52.982 9 INFO neutron.db.ovn_revision_numbers_db [None req-574c1509-0d4f-4b08-8082-fc545b92f58e 7068e87b94dd4dd7a6b49dae01544ead 7e172452fe9d4aa9ac1ae3338eeef94f - - default default] Successfully bumped revision number for resource 08798a0a-c324-4d49-a773-73dd367fd9b5 (type: ports) to 1
2026-04-02 17:57:53.005 9 INFO neutron.wsgi [None req-574c1509-0d4f-4b08-8082-fc545b92f58e 7068e87b94dd4dd7a6b49dae01544ead 7e172452fe9d4aa9ac1ae3338eeef94f - - default default] 10.0.0.116 "POST /v2.0/ports HTTP/1.1" status: 201 len: 942 time: 0.3283086 /var/lib/openstack/lib/python3.10/site-packages/pycadf/identifier.py:71: UserWarning: Invalid uuid: neutron. To ensure interoperability, identifiers should be a valid uuid. warnings.warn(('Invalid uuid: %s. To ensure interoperability, '
2026-04-02 17:57:53.057 9 INFO neutron.wsgi [None req-f1715b2b-33e3-4a5c-93b4-ff94477fd1e0 7068e87b94dd4dd7a6b49dae01544ead 7e172452fe9d4aa9ac1ae3338eeef94f - - default default] 10.0.0.116 "PUT /v2.0/ports/9e29dd96-4ec2-42c7-8335-11546f47bcb9/tags HTTP/1.1" status: 200 len: 210 time: 0.0436485
2026-04-02 17:57:53.110 9 INFO neutron.wsgi [None req-cb28060a-ecc7-4e18-8df9-c862c239789d 7068e87b94dd4dd7a6b49dae01544ead 7e172452fe9d4aa9ac1ae3338eeef94f - - default default] 10.0.0.116 "PUT /v2.0/ports/da369653-b3c7-4fe8-a9c0-01468a33d235/tags HTTP/1.1" status: 200 len: 218 time: 0.0478220
2026-04-02 17:57:53.163 9 INFO neutron.wsgi [None req-1e24ea72-f6b6-4c7e-bc86-b87994960422 7068e87b94dd4dd7a6b49dae01544ead 7e172452fe9d4aa9ac1ae3338eeef94f - - default default] 10.0.0.116 "PUT /v2.0/ports/37d6651b-2b34-4f36-9f3c-2487bcf24b35/tags HTTP/1.1" status: 200 len: 227 time: 0.0453870
2026-04-02 17:57:53.213 9 INFO neutron.wsgi [None req-de676cd1-6f30-4bb3-911c-ba762c512296 7068e87b94dd4dd7a6b49dae01544ead 7e172452fe9d4aa9ac1ae3338eeef94f - - default default] 10.0.0.116 "PUT /v2.0/ports/af9bc6ea-f69f-4618-a2b9-b757dd88d531/tags HTTP/1.1" status: 200 len: 212 time: 0.0432556
2026-04-02 17:57:53.357 10 WARNING neutron.scheduler.dhcp_agent_scheduler [None req-2cf139c5-3366-44ff-b103-a2bc11b3326c b0abb704a96244a5b72e778a0940d372 fbdc65f8c75042ae84a2a1bf3b11caa8 - - default default] No more DHCP agents
2026-04-02 17:57:53.359 10 WARNING neutron.api.rpc.agentnotifiers.dhcp_rpc_agent_api [None req-2cf139c5-3366-44ff-b103-a2bc11b3326c b0abb704a96244a5b72e778a0940d372 fbdc65f8c75042ae84a2a1bf3b11caa8 - - default default] Unable to schedule network e9d7c1e4-4dcb-47a5-9537-77aa7f6a297d: no agents available; will retry on subsequent port and subnet creation events.
2026-04-02 17:57:53.387 9 INFO neutron.wsgi [None req-ec7a0717-6fb5-458f-8522-94e82f2f506a 7068e87b94dd4dd7a6b49dae01544ead 7e172452fe9d4aa9ac1ae3338eeef94f - - default default] 10.0.0.116 "GET /v2.0/ports?tags=red HTTP/1.1" status: 200 len: 2448 time: 0.1684017
2026-04-02 17:57:53.437 10 INFO neutron.db.ovn_revision_numbers_db [None req-2cf139c5-3366-44ff-b103-a2bc11b3326c b0abb704a96244a5b72e778a0940d372 fbdc65f8c75042ae84a2a1bf3b11caa8 - - default default] Successfully bumped revision number for resource bd213fd9-f998-463b-b33a-c6b1a7aa4141 (type: ports) to 1
2026-04-02 17:57:53.451 9 INFO neutron.wsgi [None req-309ed991-7fd4-4531-bcc6-a2c5f0e7b22e 7068e87b94dd4dd7a6b49dae01544ead 7e172452fe9d4aa9ac1ae3338eeef94f - - default default] 10.0.0.116 "GET /v2.0/ports?tags=red%2Cblue HTTP/1.1" status: 200 len: 1708 time: 0.0590982
2026-04-02 17:57:53.465 10 WARNING neutron.scheduler.dhcp_agent_scheduler [None req-2cf139c5-3366-44ff-b103-a2bc11b3326c b0abb704a96244a5b72e778a0940d372 fbdc65f8c75042ae84a2a1bf3b11caa8 - - default default] No more DHCP agents
2026-04-02 17:57:53.468 10 WARNING neutron.api.rpc.agentnotifiers.dhcp_rpc_agent_api [None req-2cf139c5-3366-44ff-b103-a2bc11b3326c b0abb704a96244a5b72e778a0940d372 fbdc65f8c75042ae84a2a1bf3b11caa8 - - default default] Unable to schedule network 11e8ae60-59b8-4191-a0d0-df8964cf4295: no agents available; will retry on subsequent port and subnet creation events.
2026-04-02 17:57:53.523 9 INFO neutron.wsgi [None req-da34f1c5-e26c-4373-9a13-484e54c5e77c 7068e87b94dd4dd7a6b49dae01544ead 7e172452fe9d4aa9ac1ae3338eeef94f - - default default] 10.0.0.116 "GET /v2.0/ports?tags-any=blue HTTP/1.1" status: 200 len: 1708 time: 0.0662313 /var/lib/openstack/lib/python3.10/site-packages/pycadf/identifier.py:71: UserWarning: Invalid uuid: neutron. To ensure interoperability, identifiers should be a valid uuid. warnings.warn(('Invalid uuid: %s. To ensure interoperability, '
2026-04-02 17:57:53.584 10 INFO neutron.db.ovn_revision_numbers_db [None req-2cf139c5-3366-44ff-b103-a2bc11b3326c b0abb704a96244a5b72e778a0940d372 fbdc65f8c75042ae84a2a1bf3b11caa8 - - default default] Successfully bumped revision number for resource 53347b67-83df-41b9-90bf-f2123142baf4 (type: ports) to 1
2026-04-02 17:57:53.617 10 INFO neutron.wsgi [None req-2cf139c5-3366-44ff-b103-a2bc11b3326c b0abb704a96244a5b72e778a0940d372 fbdc65f8c75042ae84a2a1bf3b11caa8 - - default default] 10.0.0.116 "POST /v2.0/ports HTTP/1.1" status: 201 len: 1705 time: 0.7294478
2026-04-02 17:57:53.701 10 INFO neutron.wsgi [None req-6b117c3a-5710-47f6-9009-1c2a11fb0f88 7068e87b94dd4dd7a6b49dae01544ead 7e172452fe9d4aa9ac1ae3338eeef94f - - default default] 10.0.0.116 "GET /v2.0/ports?tags-any=red%2Cblue HTTP/1.1" status: 200 len: 2448 time: 0.1734693
2026-04-02 17:57:53.760 9 INFO neutron.wsgi [None req-6a3a4c08-a81a-428a-b62c-83eb514d27db b0abb704a96244a5b72e778a0940d372 fbdc65f8c75042ae84a2a1bf3b11caa8 - - default default] 10.0.0.116 "GET /v2.0/ports HTTP/1.1" status: 200 len: 3212 time: 0.1344373
2026-04-02 17:57:53.900 10 INFO neutron.wsgi [None req-1077455e-9d3d-4fca-9287-cc20e57a2695 7068e87b94dd4dd7a6b49dae01544ead 7e172452fe9d4aa9ac1ae3338eeef94f - - default default] 10.0.0.116 "GET /v2.0/ports?not-tags=red HTTP/1.1" status: 200 len: 5463 time: 0.1931651
2026-04-02 17:57:54.092 9 INFO neutron.wsgi [None req-cd451f3f-b0df-4d17-9a69-d861a1787f00 7068e87b94dd4dd7a6b49dae01544ead 7e172452fe9d4aa9ac1ae3338eeef94f - - default default] 10.0.0.116 "GET /v2.0/ports?not-tags=red%2Cblue HTTP/1.1" status: 200 len: 6203 time: 0.1864629
2026-04-02 17:57:54.097 10 INFO neutron.wsgi [None req-8812f48f-ba93-4660-b1c3-90063d3b22df b0abb704a96244a5b72e778a0940d372 fbdc65f8c75042ae84a2a1bf3b11caa8 - - default default] 10.0.0.116 "DELETE /v2.0/ports/bd213fd9-f998-463b-b33a-c6b1a7aa4141 HTTP/1.1" status: 204 len: 168 time: 0.3304713
2026-04-02 17:57:54.203 9 INFO neutron.wsgi [None req-7990cab5-b72b-42c3-80e3-d6b118b380c3 7068e87b94dd4dd7a6b49dae01544ead 7e172452fe9d4aa9ac1ae3338eeef94f - - default default] 10.0.0.116 "GET /v2.0/ports?not-tags-any=blue HTTP/1.1" status: 200 len: 6203 time: 0.1030867
2026-04-02 17:57:54.268 9 INFO neutron.wsgi [None req-7bb2edca-c91f-46fb-859d-3e37bd5a346a 7068e87b94dd4dd7a6b49dae01544ead 7e172452fe9d4aa9ac1ae3338eeef94f - - default default] 10.0.0.116 "GET /v2.0/ports?not-tags-any=red%2Cblue HTTP/1.1" status: 200 len: 5463 time: 0.0588031
2026-04-02 17:57:54.360 10 INFO neutron.wsgi [None req-95b1c607-9a51-4756-9030-8b9335720b39 b0abb704a96244a5b72e778a0940d372 fbdc65f8c75042ae84a2a1bf3b11caa8 - - default default] 10.0.0.116 "DELETE /v2.0/ports/53347b67-83df-41b9-90bf-f2123142baf4 HTTP/1.1" status: 204 len: 168 time: 0.2578325
2026-04-02 17:57:54.532 10 INFO neutron.wsgi [None req-aa375317-d51f-4aae-bc0c-39458b7dfd9e b0abb704a96244a5b72e778a0940d372 fbdc65f8c75042ae84a2a1bf3b11caa8 - - default default] 10.0.0.116 "GET /v2.0/ports HTTP/1.1" status: 200 len: 1718 time: 0.1666608
2026-04-02 17:57:54.533 9 INFO neutron.wsgi [None req-6203683c-d144-4be6-af0a-e46b66588408 7068e87b94dd4dd7a6b49dae01544ead 7e172452fe9d4aa9ac1ae3338eeef94f - - default default] 10.0.0.116 "DELETE /v2.0/ports/9e29dd96-4ec2-42c7-8335-11546f47bcb9 HTTP/1.1" status: 204 len: 168 time: 0.2538040
2026-04-02 17:57:54.541 10 WARNING neutron_lib.context [None req-4e383959-5556-494e-a5d3-942525d8012d b0abb704a96244a5b72e778a0940d372 fbdc65f8c75042ae84a2a1bf3b11caa8 - - default default] Method 'is_advsvc' is deprecated since 2023.2 release (neutron-lib 3.8.0) and will be removed once support for the old RBAC API policies will be removed from Neutron. Please use method 'is_service_role' instead.
2026-04-02 17:57:54.631 10 INFO neutron.db.segments_db [None req-4e383959-5556-494e-a5d3-942525d8012d b0abb704a96244a5b72e778a0940d372 fbdc65f8c75042ae84a2a1bf3b11caa8 - - default default] Added segment f7caaaeb-a530-4e0d-82b5-a03c5ac91eb8 of type geneve for network 9834d66a-3e0c-4171-ba1e-a23f96d1996d
2026-04-02 17:57:54.762 10 INFO neutron.db.ovn_revision_numbers_db [None req-4e383959-5556-494e-a5d3-942525d8012d b0abb704a96244a5b72e778a0940d372 fbdc65f8c75042ae84a2a1bf3b11caa8 - - default default] Successfully bumped revision number for resource 9834d66a-3e0c-4171-ba1e-a23f96d1996d (type: networks) to 1
2026-04-02 17:57:54.814 9 INFO neutron.wsgi [None req-72e05019-5cdb-4ef5-8bca-0640c1c59281 7068e87b94dd4dd7a6b49dae01544ead 7e172452fe9d4aa9ac1ae3338eeef94f - - default default] 10.0.0.116 "DELETE /v2.0/ports/da369653-b3c7-4fe8-a9c0-01468a33d235 HTTP/1.1" status: 204 len: 168 time: 0.2741678
2026-04-02 17:57:54.939 10 WARNING neutron.scheduler.dhcp_agent_scheduler [None req-4e383959-5556-494e-a5d3-942525d8012d b0abb704a96244a5b72e778a0940d372 fbdc65f8c75042ae84a2a1bf3b11caa8 - - default default] No more DHCP agents
2026-04-02 17:57:54.940 10 WARNING neutron.api.rpc.agentnotifiers.dhcp_rpc_agent_api [None req-4e383959-5556-494e-a5d3-942525d8012d b0abb704a96244a5b72e778a0940d372 fbdc65f8c75042ae84a2a1bf3b11caa8 - - default default] Unable to schedule network 9834d66a-3e0c-4171-ba1e-a23f96d1996d: no agents available; will retry on subsequent port and subnet creation events.
2026-04-02 17:57:55.018 10 INFO neutron.db.ovn_revision_numbers_db [None req-4e383959-5556-494e-a5d3-942525d8012d b0abb704a96244a5b72e778a0940d372 fbdc65f8c75042ae84a2a1bf3b11caa8 - - default default] Successfully bumped revision number for resource c3bf8757-a67f-436d-a665-20aa3da010d9 (type: ports) to 1
2026-04-02 17:57:55.049 10 INFO neutron.wsgi [None req-4e383959-5556-494e-a5d3-942525d8012d b0abb704a96244a5b72e778a0940d372 fbdc65f8c75042ae84a2a1bf3b11caa8 - - default default] 10.0.0.116 "POST /v2.0/networks HTTP/1.1" status: 201 len: 852 time: 0.5115962
