2026-04-02 17:58:00.206 7 INFO placement.requestlog [None req-3bd37273-a54f-416d-bec2-9fdd16bf33e6 79db3ab00c1a4de2959a6231a9d52505 9f32f16e2d634a4e843a780e963d4603 - - 68f884a083bc4df4af06077f756a8e3a 68f884a083bc4df4af06077f756a8e3a] 10.0.0.102 "GET /resource_providers/7115afdb-f6f7-4e15-82ce-e9f8d49bcae0/aggregates" status: 404 len: 235 microversion: 1.1 [pid: 7|app: 0|req: 422/843] 10.0.0.102 () {32 vars in 823 bytes} [Thu Apr 2 17:58:00 2026] GET /resource_providers/7115afdb-f6f7-4e15-82ce-e9f8d49bcae0/aggregates => generated 235 bytes in 11 msecs (HTTP/1.1 404) 5 headers in 202 bytes (1 switches on core 0)
2026-04-02 17:58:00.209 8 INFO placement.requestlog [None req-89fc2b3c-f517-4429-88bc-5c2749868584 79db3ab00c1a4de2959a6231a9d52505 9f32f16e2d634a4e843a780e963d4603 - - 68f884a083bc4df4af06077f756a8e3a 68f884a083bc4df4af06077f756a8e3a] 10.0.0.102 "DELETE /resource_providers/7115afdb-f6f7-4e15-82ce-e9f8d49bcae0" status: 404 len: 246 microversion: 1.1 [pid: 8|app: 0|req: 422/844] 10.0.0.102 () {34 vars in 823 bytes} [Thu Apr 2 17:58:00 2026] DELETE /resource_providers/7115afdb-f6f7-4e15-82ce-e9f8d49bcae0 => generated 246 bytes in 7 msecs (HTTP/1.1 404) 6 headers in 231 bytes (1 switches on core 0)
2026-04-02 17:58:00.219 7 INFO placement.requestlog [None req-f86bed74-2cce-44fb-acfd-7ae72c34d0c1 79db3ab00c1a4de2959a6231a9d52505 9f32f16e2d634a4e843a780e963d4603 - - 68f884a083bc4df4af06077f756a8e3a 68f884a083bc4df4af06077f756a8e3a] 10.0.0.102 "DELETE /resource_providers/7115afdb-f6f7-4e15-82ce-e9f8d49bcae0" status: 404 len: 246 microversion: 1.1 [pid: 7|app: 0|req: 423/845] 10.0.0.102 () {34 vars in 823 bytes} [Thu Apr 2 17:58:00 2026] DELETE /resource_providers/7115afdb-f6f7-4e15-82ce-e9f8d49bcae0 => generated 246 bytes in 7 msecs (HTTP/1.1 404) 6 headers in 231 bytes (1 switches on core 0)
2026-04-02 17:58:00.252 8 INFO placement.requestlog [None req-7da4048b-cd59-4e1e-86fb-31660eeaa87b - - - - - -] 10.0.0.220 "GET /" status: 200 len: 136 microversion: 1.0
2026-04-02 17:58:00.253 7 INFO placement.requestlog [None req-2a6624a0-a482-4ec0-b9a8-e15e759252fd - - - - - -] 10.0.0.220 "GET /" status: 200 len: 136 microversion: 1.0
2026-04-02 17:58:01.200 8 INFO placement.requestlog [None req-73540b3f-b574-4c22-882f-881e7b7e1fae 79db3ab00c1a4de2959a6231a9d52505 9f32f16e2d634a4e843a780e963d4603 - - 68f884a083bc4df4af06077f756a8e3a 68f884a083bc4df4af06077f756a8e3a] 10.0.0.102 "GET /resource_providers/43675cae-00fd-42f5-a665-cd455ac4b5c5/aggregates" status: 404 len: 235 microversion: 1.1 [pid: 8|app: 0|req: 424/848] 10.0.0.102 () {32 vars in 823 bytes} [Thu Apr 2 17:58:01 2026] GET /resource_providers/43675cae-00fd-42f5-a665-cd455ac4b5c5/aggregates => generated 235 bytes in 9 msecs (HTTP/1.1 404) 5 headers in 202 bytes (1 switches on core 0)
2026-04-02 17:58:01.218 8 INFO placement.requestlog [None req-545f6b7f-a782-4508-b811-b45d4670908c 79db3ab00c1a4de2959a6231a9d52505 9f32f16e2d634a4e843a780e963d4603 - - 68f884a083bc4df4af06077f756a8e3a 68f884a083bc4df4af06077f756a8e3a] 10.0.0.102 "DELETE /resource_providers/43675cae-00fd-42f5-a665-cd455ac4b5c5" status: 404 len: 246 microversion: 1.1 [pid: 8|app: 0|req: 425/849] 10.0.0.102 () {34 vars in 823 bytes} [Thu Apr 2 17:58:01 2026] DELETE /resource_providers/43675cae-00fd-42f5-a665-cd455ac4b5c5 => generated 246 bytes in 12 msecs (HTTP/1.1 404) 6 headers in 231 bytes (1 switches on core 0)
2026-04-02 17:58:01.220 7 INFO placement.requestlog [None req-9ea018b0-3591-497d-b3ea-a1186a4f3181 79db3ab00c1a4de2959a6231a9d52505 9f32f16e2d634a4e843a780e963d4603 - - 68f884a083bc4df4af06077f756a8e3a 68f884a083bc4df4af06077f756a8e3a] 10.0.0.102 "GET /resource_providers/43675cae-00fd-42f5-a665-cd455ac4b5c5/aggregates" status: 404 len: 235 microversion: 1.1 [pid: 7|app: 0|req: 425/850] 10.0.0.102 () {32 vars in 823 bytes} [Thu Apr 2 17:58:01 2026] GET /resource_providers/43675cae-00fd-42f5-a665-cd455ac4b5c5/aggregates => generated 235 bytes in 15 msecs (HTTP/1.1 404) 5 headers in 202 bytes (1 switches on core 0)
2026-04-02 17:58:01.245 8 INFO placement.requestlog [None req-d31a4336-9d38-4732-9163-da2633f2c7c2 79db3ab00c1a4de2959a6231a9d52505 9f32f16e2d634a4e843a780e963d4603 - - 68f884a083bc4df4af06077f756a8e3a 68f884a083bc4df4af06077f756a8e3a] 10.0.0.102 "DELETE /resource_providers/43675cae-00fd-42f5-a665-cd455ac4b5c5" status: 404 len: 246 microversion: 1.1 [pid: 8|app: 0|req: 426/851] 10.0.0.102 () {34 vars in 823 bytes} [Thu Apr 2 17:58:01 2026] DELETE /resource_providers/43675cae-00fd-42f5-a665-cd455ac4b5c5 => generated 246 bytes in 13 msecs (HTTP/1.1 404) 6 headers in 231 bytes (1 switches on core 0)
2026-04-02 17:58:07.608 7 INFO placement.requestlog [None req-55ec4242-650c-43b4-8b31-97ac02f8564a 79db3ab00c1a4de2959a6231a9d52505 9f32f16e2d634a4e843a780e963d4603 - - 68f884a083bc4df4af06077f756a8e3a 68f884a083bc4df4af06077f756a8e3a] 10.0.0.102 "GET /resource_providers/696836ab-5b24-4e2e-9443-752742f15df8/aggregates" status: 404 len: 235 microversion: 1.1 [pid: 7|app: 0|req: 426/852] 10.0.0.102 () {32 vars in 823 bytes} [Thu Apr 2 17:58:07 2026] GET /resource_providers/696836ab-5b24-4e2e-9443-752742f15df8/aggregates => generated 235 bytes in 9 msecs (HTTP/1.1 404) 5 headers in 202 bytes (1 switches on core 0)
2026-04-02 17:58:07.614 8 INFO placement.requestlog [None req-f2d26808-381a-4fa2-9235-21a7d563a79b 79db3ab00c1a4de2959a6231a9d52505 9f32f16e2d634a4e843a780e963d4603 - - 68f884a083bc4df4af06077f756a8e3a 68f884a083bc4df4af06077f756a8e3a] 10.0.0.102 "GET /resource_providers/696836ab-5b24-4e2e-9443-752742f15df8/aggregates" status: 404 len: 235 microversion: 1.1 [pid: 8|app: 0|req: 427/853] 10.0.0.102 () {32 vars in 823 bytes} [Thu Apr 2 17:58:07 2026] GET /resource_providers/696836ab-5b24-4e2e-9443-752742f15df8/aggregates => generated 235 bytes in 15 msecs (HTTP/1.1 404) 5 headers in 202 bytes (1 switches on core 0)
2026-04-02 17:58:07.635 8 INFO placement.requestlog [None req-eec79ddc-25b9-4857-9573-f2c329586bd8 79db3ab00c1a4de2959a6231a9d52505 9f32f16e2d634a4e843a780e963d4603 - - 68f884a083bc4df4af06077f756a8e3a 68f884a083bc4df4af06077f756a8e3a] 10.0.0.102 "DELETE /resource_providers/696836ab-5b24-4e2e-9443-752742f15df8" status: 404 len: 246 microversion: 1.1 [pid: 8|app: 0|req: 428/854] 10.0.0.102 () {34 vars in 823 bytes} [Thu Apr 2 17:58:07 2026] DELETE /resource_providers/696836ab-5b24-4e2e-9443-752742f15df8 => generated 246 bytes in 9 msecs (HTTP/1.1 404) 6 headers in 231 bytes (1 switches on core 0)
2026-04-02 17:58:07.636 7 INFO placement.requestlog [None req-9c3f5579-736d-4090-9489-d6553b9f9d90 79db3ab00c1a4de2959a6231a9d52505 9f32f16e2d634a4e843a780e963d4603 - - 68f884a083bc4df4af06077f756a8e3a 68f884a083bc4df4af06077f756a8e3a] 10.0.0.102 "DELETE /resource_providers/696836ab-5b24-4e2e-9443-752742f15df8" status: 404 len: 246 microversion: 1.1 [pid: 7|app: 0|req: 427/855] 10.0.0.102 () {34 vars in 823 bytes} [Thu Apr 2 17:58:07 2026] DELETE /resource_providers/696836ab-5b24-4e2e-9443-752742f15df8 => generated 246 bytes in 10 msecs (HTTP/1.1 404) 6 headers in 231 bytes (1 switches on core 0)
2026-04-02 17:58:07.731 8 INFO placement.requestlog [req-b5c085b8-61be-4532-bf32-f05b4fb14bb6 req-796ccfb7-f080-4dc0-8bfd-422697110a1a 7feeb695113145bb8e83e3c21f6a2895 9f32f16e2d634a4e843a780e963d4603 - - 68f884a083bc4df4af06077f756a8e3a 68f884a083bc4df4af06077f756a8e3a] 10.0.0.104 "GET /allocation_candidates?limit=1000&resources=DISK_GB%3A1%2CMEMORY_MB%3A512%2CVCPU%3A1&root_required=%21COMPUTE_STATUS_DISABLED" status: 200 len: 2188 microversion: 1.36 [pid: 8|app: 0|req: 429/856] 10.0.0.104 () {34 vars in 1010 bytes} [Thu Apr 2 17:58:07 2026] GET /allocation_candidates?limit=1000&resources=DISK_GB%3A1%2CMEMORY_MB%3A512%2CVCPU%3A1&root_required=%21COMPUTE_STATUS_DISABLED => generated 2188 bytes in 42 msecs (HTTP/1.1 200) 8 headers in 297 bytes (1 switches on core 0)
2026-04-02 17:58:07.764 7 INFO placement.requestlog [req-b5c085b8-61be-4532-bf32-f05b4fb14bb6 req-c3db0274-8de7-415a-921f-e940752a60a2 7feeb695113145bb8e83e3c21f6a2895 9f32f16e2d634a4e843a780e963d4603 - - 68f884a083bc4df4af06077f756a8e3a 68f884a083bc4df4af06077f756a8e3a] 10.0.0.104 "GET /allocations/ed34e38c-ddce-4243-b511-1e9372981f26" status: 200 len: 19 microversion: 1.28 [pid: 7|app: 0|req: 428/857] 10.0.0.104 () {34 vars in 859 bytes} [Thu Apr 2 17:58:07 2026] GET /allocations/ed34e38c-ddce-4243-b511-1e9372981f26 => generated 19 bytes in 13 msecs (HTTP/1.1 200) 8 headers in 295 bytes (1 switches on core 0)
2026-04-02 17:58:07.834 8 INFO placement.requestlog [req-b5c085b8-61be-4532-bf32-f05b4fb14bb6 req-a9540113-e7c3-4e44-8ad7-8c5d290a70a9 7feeb695113145bb8e83e3c21f6a2895 9f32f16e2d634a4e843a780e963d4603 - - 68f884a083bc4df4af06077f756a8e3a 68f884a083bc4df4af06077f756a8e3a] 10.0.0.104 "PUT /allocations/ed34e38c-ddce-4243-b511-1e9372981f26" status: 204 len: 0 microversion: 1.36 [pid: 8|app: 0|req: 430/858] 10.0.0.104 () {38 vars in 912 bytes} [Thu Apr 2 17:58:07 2026] PUT /allocations/ed34e38c-ddce-4243-b511-1e9372981f26 => generated 0 bytes in 63 msecs (HTTP/1.1 204) 5 headers in 199 bytes (1 switches on core 0)
2026-04-02 17:58:08.124 7 INFO placement.requestlog [req-b5c085b8-61be-4532-bf32-f05b4fb14bb6 req-67560060-a95c-41b7-8f75-5038aab99775 7feeb695113145bb8e83e3c21f6a2895 9f32f16e2d634a4e843a780e963d4603 - - 68f884a083bc4df4af06077f756a8e3a 68f884a083bc4df4af06077f756a8e3a] 199.204.45.33 "GET /allocations/ed34e38c-ddce-4243-b511-1e9372981f26" status: 200 len: 257 microversion: 1.28 [pid: 7|app: 0|req: 429/859] 199.204.45.33 () {34 vars in 860 bytes} [Thu Apr 2 17:58:08 2026] GET /allocations/ed34e38c-ddce-4243-b511-1e9372981f26 => generated 257 bytes in 18 msecs (HTTP/1.1 200) 8 headers in 296 bytes (1 switches on core 0)
2026-04-02 17:58:08.221 8 INFO placement.requestlog [req-b5c085b8-61be-4532-bf32-f05b4fb14bb6 req-0088d72e-3015-46b4-92f2-dd685ca9621d 7feeb695113145bb8e83e3c21f6a2895 9f32f16e2d634a4e843a780e963d4603 - - 68f884a083bc4df4af06077f756a8e3a 68f884a083bc4df4af06077f756a8e3a] 199.204.45.33 "GET /resource_providers/879b0f81-4ff1-47b5-a409-5a82f5b8153c/allocations" status: 200 len: 152 microversion: 1.0 [pid: 8|app: 0|req: 431/860] 199.204.45.33 () {32 vars in 854 bytes} [Thu Apr 2 17:58:08 2026] GET /resource_providers/879b0f81-4ff1-47b5-a409-5a82f5b8153c/allocations => generated 152 bytes in 17 msecs (HTTP/1.1 200) 6 headers in 224 bytes (1 switches on core 0)
2026-04-02 17:58:08.256 7 INFO placement.requestlog [req-b5c085b8-61be-4532-bf32-f05b4fb14bb6 req-604b9cb2-fcba-434c-8aa4-bd5be8224cfa 7feeb695113145bb8e83e3c21f6a2895 9f32f16e2d634a4e843a780e963d4603 - - 68f884a083bc4df4af06077f756a8e3a 68f884a083bc4df4af06077f756a8e3a] 199.204.45.33 "GET /allocations/ed34e38c-ddce-4243-b511-1e9372981f26" status: 200 len: 257 microversion: 1.28 [pid: 7|app: 0|req: 430/861] 199.204.45.33 () {34 vars in 860 bytes} [Thu Apr 2 17:58:08 2026] GET /allocations/ed34e38c-ddce-4243-b511-1e9372981f26 => generated 257 bytes in 14 msecs (HTTP/1.1 200) 8 headers in 296 bytes (1 switches on core 0)
2026-04-02 17:58:10.253 8 INFO placement.requestlog [None req-4ea23de8-4246-4164-b47d-c558a15c331c - - - - - -] 10.0.0.220 "GET /" status: 200 len: 136 microversion: 1.0
2026-04-02 17:58:10.254 7 INFO placement.requestlog [None req-98c5097e-6fa1-4b68-a7a5-c74bf73db265 - - - - - -] 10.0.0.220 "GET /" status: 200 len: 136 microversion: 1.0
2026-04-02 17:58:10.545 7 INFO placement.requestlog [None req-c6b335bf-ea48-4a6c-a037-66a8ec7708a4 79db3ab00c1a4de2959a6231a9d52505 9f32f16e2d634a4e843a780e963d4603 - - 68f884a083bc4df4af06077f756a8e3a 68f884a083bc4df4af06077f756a8e3a] 10.0.0.102 "GET /resource_providers/2f52e1a6-b178-4f0d-a7c7-7bf843b2868d/aggregates" status: 404 len: 235 microversion: 1.1 [pid: 7|app: 0|req: 432/864] 10.0.0.102 () {32 vars in 823 bytes} [Thu Apr 2 17:58:10 2026] GET /resource_providers/2f52e1a6-b178-4f0d-a7c7-7bf843b2868d/aggregates => generated 235 bytes in 18 msecs (HTTP/1.1 404) 5 headers in 202 bytes (1 switches on core 0)
2026-04-02 17:58:10.549 8 INFO placement.requestlog [None req-085c6ef1-c0a2-414e-a1ad-49f012e2f9f5 79db3ab00c1a4de2959a6231a9d52505 9f32f16e2d634a4e843a780e963d4603 - - 68f884a083bc4df4af06077f756a8e3a 68f884a083bc4df4af06077f756a8e3a] 10.0.0.102 "GET /resource_providers/2f52e1a6-b178-4f0d-a7c7-7bf843b2868d/aggregates" status: 404 len: 235 microversion: 1.1 [pid: 8|app: 0|req: 433/865] 10.0.0.102 () {32 vars in 823 bytes} [Thu Apr 2 17:58:10 2026] GET /resource_providers/2f52e1a6-b178-4f0d-a7c7-7bf843b2868d/aggregates => generated 235 bytes in 23 msecs (HTTP/1.1 404) 5 headers in 202 bytes (1 switches on core 0)
2026-04-02 17:58:10.562 7 INFO placement.requestlog [None req-ed7c43a4-f4fa-4d4b-bddb-226c31e96e17 79db3ab00c1a4de2959a6231a9d52505 9f32f16e2d634a4e843a780e963d4603 - - 68f884a083bc4df4af06077f756a8e3a 68f884a083bc4df4af06077f756a8e3a] 10.0.0.102 "DELETE /resource_providers/2f52e1a6-b178-4f0d-a7c7-7bf843b2868d" status: 404 len: 246 microversion: 1.1 [pid: 7|app: 0|req: 433/866] 10.0.0.102 () {34 vars in 823 bytes} [Thu Apr 2 17:58:10 2026] DELETE /resource_providers/2f52e1a6-b178-4f0d-a7c7-7bf843b2868d => generated 246 bytes in 8 msecs (HTTP/1.1 404) 6 headers in 231 bytes (1 switches on core 0)
2026-04-02 17:58:10.588 8 INFO placement.requestlog [None req-6ed0d67c-b5e9-4f5b-af0e-0b854e5c60b0 79db3ab00c1a4de2959a6231a9d52505 9f32f16e2d634a4e843a780e963d4603 - - 68f884a083bc4df4af06077f756a8e3a 68f884a083bc4df4af06077f756a8e3a] 10.0.0.102 "DELETE /resource_providers/2f52e1a6-b178-4f0d-a7c7-7bf843b2868d" status: 404 len: 246 microversion: 1.1 [pid: 8|app: 0|req: 434/867] 10.0.0.102 () {34 vars in 823 bytes} [Thu Apr 2 17:58:10 2026] DELETE /resource_providers/2f52e1a6-b178-4f0d-a7c7-7bf843b2868d => generated 246 bytes in 29 msecs (HTTP/1.1 404) 6 headers in 231 bytes (1 switches on core 0)
2026-04-02 17:58:13.065 7 INFO placement.requestlog [None req-d2b06a34-6ba6-40ee-ba13-b96b2cb6fca2 79db3ab00c1a4de2959a6231a9d52505 9f32f16e2d634a4e843a780e963d4603 - - 68f884a083bc4df4af06077f756a8e3a 68f884a083bc4df4af06077f756a8e3a] 10.0.0.102 "GET /resource_providers/46e6f211-108a-47cd-9259-16955e94123a/aggregates" status: 404 len: 235 microversion: 1.1 [pid: 7|app: 0|req: 434/868] 10.0.0.102 () {32 vars in 823 bytes} [Thu Apr 2 17:58:13 2026] GET /resource_providers/46e6f211-108a-47cd-9259-16955e94123a/aggregates => generated 235 bytes in 10 msecs (HTTP/1.1 404) 5 headers in 202 bytes (1 switches on core 0)
2026-04-02 17:58:13.074 8 INFO placement.requestlog [None req-0c8e9c02-cbb6-4566-a905-83fcbec43fdf 79db3ab00c1a4de2959a6231a9d52505 9f32f16e2d634a4e843a780e963d4603 - - 68f884a083bc4df4af06077f756a8e3a 68f884a083bc4df4af06077f756a8e3a] 10.0.0.102 "GET /resource_providers/46e6f211-108a-47cd-9259-16955e94123a/aggregates" status: 404 len: 235 microversion: 1.1 [pid: 8|app: 0|req: 435/869] 10.0.0.102 () {32 vars in 823 bytes} [Thu Apr 2 17:58:13 2026] GET /resource_providers/46e6f211-108a-47cd-9259-16955e94123a/aggregates => generated 235 bytes in 11 msecs (HTTP/1.1 404) 5 headers in 202 bytes (1 switches on core 0)
2026-04-02 17:58:13.091 7 INFO placement.requestlog [None req-045dede0-7de3-4873-8a79-7916e75cb272 79db3ab00c1a4de2959a6231a9d52505 9f32f16e2d634a4e843a780e963d4603 - - 68f884a083bc4df4af06077f756a8e3a 68f884a083bc4df4af06077f756a8e3a] 10.0.0.102 "DELETE /resource_providers/46e6f211-108a-47cd-9259-16955e94123a" status: 404 len: 246 microversion: 1.1 [pid: 7|app: 0|req: 435/870] 10.0.0.102 () {34 vars in 823 bytes} [Thu Apr 2 17:58:13 2026] DELETE /resource_providers/46e6f211-108a-47cd-9259-16955e94123a => generated 246 bytes in 11 msecs (HTTP/1.1 404) 6 headers in 231 bytes (1 switches on core 0)
2026-04-02 17:58:13.098 8 INFO placement.requestlog [None req-61756f49-ffb1-4cb6-a648-b42997fd31f0 79db3ab00c1a4de2959a6231a9d52505 9f32f16e2d634a4e843a780e963d4603 - - 68f884a083bc4df4af06077f756a8e3a 68f884a083bc4df4af06077f756a8e3a] 10.0.0.102 "DELETE /resource_providers/46e6f211-108a-47cd-9259-16955e94123a" status: 404 len: 246 microversion: 1.1 [pid: 8|app: 0|req: 436/871] 10.0.0.102 () {34 vars in 823 bytes} [Thu Apr 2 17:58:13 2026] DELETE /resource_providers/46e6f211-108a-47cd-9259-16955e94123a => generated 246 bytes in 10 msecs (HTTP/1.1 404) 6 headers in 231 bytes (1 switches on core 0)
2026-04-02 17:58:15.057 7 INFO placement.requestlog [None req-4babd436-06d6-4638-a256-4d49f31824eb 79db3ab00c1a4de2959a6231a9d52505 9f32f16e2d634a4e843a780e963d4603 - - 68f884a083bc4df4af06077f756a8e3a 68f884a083bc4df4af06077f756a8e3a] 10.0.0.102 "GET /resource_providers/328b6739-64d0-4340-898f-7976a81e859f/aggregates" status: 404 len: 235 microversion: 1.1 [pid: 7|app: 0|req: 436/872] 10.0.0.102 () {32 vars in 823 bytes} [Thu Apr 2 17:58:15 2026] GET /resource_providers/328b6739-64d0-4340-898f-7976a81e859f/aggregates => generated 235 bytes in 9 msecs (HTTP/1.1 404) 5 headers in 202 bytes (1 switches on core 0)
2026-04-02 17:58:15.059 8 INFO placement.requestlog [None req-eb5de36a-080e-4bf1-b955-88dccf6f11f9 79db3ab00c1a4de2959a6231a9d52505 9f32f16e2d634a4e843a780e963d4603 - - 68f884a083bc4df4af06077f756a8e3a 68f884a083bc4df4af06077f756a8e3a] 10.0.0.102 "GET /resource_providers/328b6739-64d0-4340-898f-7976a81e859f/aggregates" status: 404 len: 235 microversion: 1.1 [pid: 8|app: 0|req: 437/873] 10.0.0.102 () {32 vars in 823 bytes} [Thu Apr 2 17:58:15 2026] GET /resource_providers/328b6739-64d0-4340-898f-7976a81e859f/aggregates => generated 235 bytes in 11 msecs (HTTP/1.1 404) 5 headers in 202 bytes (1 switches on core 0)
2026-04-02 17:58:15.081 7 INFO placement.requestlog [None req-ee632a57-119f-4f3f-98f9-35fc5db43672 79db3ab00c1a4de2959a6231a9d52505 9f32f16e2d634a4e843a780e963d4603 - - 68f884a083bc4df4af06077f756a8e3a 68f884a083bc4df4af06077f756a8e3a] 10.0.0.102 "DELETE /resource_providers/328b6739-64d0-4340-898f-7976a81e859f" status: 404 len: 246 microversion: 1.1 [pid: 7|app: 0|req: 437/874] 10.0.0.102 () {34 vars in 823 bytes} [Thu Apr 2 17:58:15 2026] DELETE /resource_providers/328b6739-64d0-4340-898f-7976a81e859f => generated 246 bytes in 10 msecs (HTTP/1.1 404) 6 headers in 231 bytes (1 switches on core 0)
2026-04-02 17:58:15.083 8 INFO placement.requestlog [None req-a229947c-30f5-485b-90e3-26d876c38687 79db3ab00c1a4de2959a6231a9d52505 9f32f16e2d634a4e843a780e963d4603 - - 68f884a083bc4df4af06077f756a8e3a 68f884a083bc4df4af06077f756a8e3a] 10.0.0.102 "DELETE /resource_providers/328b6739-64d0-4340-898f-7976a81e859f" status: 404 len: 246 microversion: 1.1 [pid: 8|app: 0|req: 438/875] 10.0.0.102 () {34 vars in 823 bytes} [Thu Apr 2 17:58:15 2026] DELETE /resource_providers/328b6739-64d0-4340-898f-7976a81e859f => generated 246 bytes in 11 msecs (HTTP/1.1 404) 6 headers in 231 bytes (1 switches on core 0)
2026-04-02 17:58:20.254 8 INFO placement.requestlog [None req-afaf2e7c-c0e8-4110-8886-660f881bc1f3 - - - - - -] 10.0.0.220 "GET /" status: 200 len: 136 microversion: 1.0
2026-04-02 17:58:20.254 7 INFO placement.requestlog [None req-1f08f99d-4b9e-487c-8411-a4bbe0baf53e - - - - - -] 10.0.0.220 "GET /" status: 200 len: 136 microversion: 1.0
2026-04-02 17:58:21.229 7 INFO placement.requestlog [None req-f7fe6dee-d08f-406f-8df6-378aede0da07 79db3ab00c1a4de2959a6231a9d52505 9f32f16e2d634a4e843a780e963d4603 - - 68f884a083bc4df4af06077f756a8e3a 68f884a083bc4df4af06077f756a8e3a] 10.0.0.102 "GET /resource_providers/287a97c2-d7f2-4a8f-9fe3-c670eda8c536/aggregates" status: 404 len: 235 microversion: 1.1 [pid: 7|app: 0|req: 439/878] 10.0.0.102 () {32 vars in 823 bytes} [Thu Apr 2 17:58:21 2026] GET /resource_providers/287a97c2-d7f2-4a8f-9fe3-c670eda8c536/aggregates => generated 235 bytes in 11 msecs (HTTP/1.1 404) 5 headers in 202 bytes (1 switches on core 0)
2026-04-02 17:58:21.232 8 INFO placement.requestlog [None req-ac05de2b-355b-40f9-96f2-2dac3ccd94f7 79db3ab00c1a4de2959a6231a9d52505 9f32f16e2d634a4e843a780e963d4603 - - 68f884a083bc4df4af06077f756a8e3a 68f884a083bc4df4af06077f756a8e3a] 10.0.0.102 "GET /resource_providers/287a97c2-d7f2-4a8f-9fe3-c670eda8c536/aggregates" status: 404 len: 235 microversion: 1.1 [pid: 8|app: 0|req: 440/879] 10.0.0.102 () {32 vars in 823 bytes} [Thu Apr 2 17:58:21 2026] GET /resource_providers/287a97c2-d7f2-4a8f-9fe3-c670eda8c536/aggregates => generated 235 bytes in 9 msecs (HTTP/1.1 404) 5 headers in 202 bytes (1 switches on core 0)
2026-04-02 17:58:21.251 8 INFO placement.requestlog [None req-dbf07cc3-612f-454c-b3c2-ed71b75e1884 79db3ab00c1a4de2959a6231a9d52505 9f32f16e2d634a4e843a780e963d4603 - - 68f884a083bc4df4af06077f756a8e3a 68f884a083bc4df4af06077f756a8e3a] 10.0.0.102 "DELETE /resource_providers/287a97c2-d7f2-4a8f-9fe3-c670eda8c536" status: 404 len: 246 microversion: 1.1 [pid: 8|app: 0|req: 441/880] 10.0.0.102 () {34 vars in 823 bytes} [Thu Apr 2 17:58:21 2026] DELETE /resource_providers/287a97c2-d7f2-4a8f-9fe3-c670eda8c536 => generated 246 bytes in 7 msecs (HTTP/1.1 404) 6 headers in 231 bytes (1 switches on core 0)
2026-04-02 17:58:21.255 7 INFO placement.requestlog [None req-aaf0e59f-5775-4544-9b15-65dab4d39db8 79db3ab00c1a4de2959a6231a9d52505 9f32f16e2d634a4e843a780e963d4603 - - 68f884a083bc4df4af06077f756a8e3a 68f884a083bc4df4af06077f756a8e3a] 10.0.0.102 "DELETE /resource_providers/287a97c2-d7f2-4a8f-9fe3-c670eda8c536" status: 404 len: 246 microversion: 1.1 [pid: 7|app: 0|req: 440/881] 10.0.0.102 () {34 vars in 823 bytes} [Thu Apr 2 17:58:21 2026] DELETE /resource_providers/287a97c2-d7f2-4a8f-9fe3-c670eda8c536 => generated 246 bytes in 12 msecs (HTTP/1.1 404) 6 headers in 231 bytes (1 switches on core 0)
2026-04-02 17:58:23.056 7 INFO placement.requestlog [None req-293cb7cb-fa6b-4830-b149-dead3c52a3a6 79db3ab00c1a4de2959a6231a9d52505 9f32f16e2d634a4e843a780e963d4603 - - 68f884a083bc4df4af06077f756a8e3a 68f884a083bc4df4af06077f756a8e3a] 10.0.0.102 "GET /resource_providers/f7391eff-e1fe-45c3-8074-fd1bb0ff18ce/aggregates" status: 404 len: 235 microversion: 1.1 [pid: 7|app: 0|req: 441/882] 10.0.0.102 () {32 vars in 823 bytes} [Thu Apr 2 17:58:23 2026] GET /resource_providers/f7391eff-e1fe-45c3-8074-fd1bb0ff18ce/aggregates => generated 235 bytes in 11 msecs (HTTP/1.1 404) 5 headers in 202 bytes (1 switches on core 0)
2026-04-02 17:58:23.058 8 INFO placement.requestlog [None req-6b774bd1-da24-4734-b572-09172c56b53d 79db3ab00c1a4de2959a6231a9d52505 9f32f16e2d634a4e843a780e963d4603 - - 68f884a083bc4df4af06077f756a8e3a 68f884a083bc4df4af06077f756a8e3a] 10.0.0.102 "GET /resource_providers/f7391eff-e1fe-45c3-8074-fd1bb0ff18ce/aggregates" status: 404 len: 235 microversion: 1.1 [pid: 8|app: 0|req: 442/883] 10.0.0.102 () {32 vars in 823 bytes} [Thu Apr 2 17:58:23 2026] GET /resource_providers/f7391eff-e1fe-45c3-8074-fd1bb0ff18ce/aggregates => generated 235 bytes in 13 msecs (HTTP/1.1 404) 5 headers in 202 bytes (1 switches on core 0)
2026-04-02 17:58:23.090 8 INFO placement.requestlog [None req-7052f9fb-4167-428b-b6a6-6013751ae285 79db3ab00c1a4de2959a6231a9d52505 9f32f16e2d634a4e843a780e963d4603 - - 68f884a083bc4df4af06077f756a8e3a 68f884a083bc4df4af06077f756a8e3a] 10.0.0.102 "DELETE /resource_providers/f7391eff-e1fe-45c3-8074-fd1bb0ff18ce" status: 404 len: 246 microversion: 1.1 [pid: 8|app: 0|req: 443/884] 10.0.0.102 () {34 vars in 823 bytes} [Thu Apr 2 17:58:23 2026] DELETE /resource_providers/f7391eff-e1fe-45c3-8074-fd1bb0ff18ce => generated 246 bytes in 12 msecs (HTTP/1.1 404) 6 headers in 231 bytes (1 switches on core 0)
2026-04-02 17:58:23.094 7 INFO placement.requestlog [None req-2e8c1b50-d7b2-4436-b782-724423b8bfe4 79db3ab00c1a4de2959a6231a9d52505 9f32f16e2d634a4e843a780e963d4603 - - 68f884a083bc4df4af06077f756a8e3a 68f884a083bc4df4af06077f756a8e3a] 10.0.0.102 "DELETE /resource_providers/f7391eff-e1fe-45c3-8074-fd1bb0ff18ce" status: 404 len: 246 microversion: 1.1 [pid: 7|app: 0|req: 442/885] 10.0.0.102 () {34 vars in 823 bytes} [Thu Apr 2 17:58:23 2026] DELETE /resource_providers/f7391eff-e1fe-45c3-8074-fd1bb0ff18ce => generated 246 bytes in 15 msecs (HTTP/1.1 404) 6 headers in 231 bytes (1 switches on core 0)
2026-04-02 17:58:26.113 7 INFO placement.requestlog [None req-e1462c01-8cc6-4057-9bdc-a5299b02c235 79db3ab00c1a4de2959a6231a9d52505 9f32f16e2d634a4e843a780e963d4603 - - 68f884a083bc4df4af06077f756a8e3a 68f884a083bc4df4af06077f756a8e3a] 10.0.0.102 "GET /resource_providers/9e9493e4-ecfc-4ee7-8767-5b5ab5b9eb0c/aggregates" status: 404 len: 235 microversion: 1.1 [pid: 7|app: 0|req: 443/886] 10.0.0.102 () {32 vars in 823 bytes} [Thu Apr 2 17:58:26 2026] GET /resource_providers/9e9493e4-ecfc-4ee7-8767-5b5ab5b9eb0c/aggregates => generated 235 bytes in 9 msecs (HTTP/1.1 404) 5 headers in 202 bytes (1 switches on core 0)
2026-04-02 17:58:26.115 8 INFO placement.requestlog [None req-7d5b4343-b2ae-462f-8ba7-9ba79842262a 79db3ab00c1a4de2959a6231a9d52505 9f32f16e2d634a4e843a780e963d4603 - - 68f884a083bc4df4af06077f756a8e3a 68f884a083bc4df4af06077f756a8e3a] 10.0.0.102 "GET /resource_providers/9e9493e4-ecfc-4ee7-8767-5b5ab5b9eb0c/aggregates" status: 404 len: 235 microversion: 1.1 [pid: 8|app: 0|req: 444/887] 10.0.0.102 () {32 vars in 823 bytes} [Thu Apr 2 17:58:26 2026] GET /resource_providers/9e9493e4-ecfc-4ee7-8767-5b5ab5b9eb0c/aggregates => generated 235 bytes in 11 msecs (HTTP/1.1 404) 5 headers in 202 bytes (1 switches on core 0)
2026-04-02 17:58:26.142 8 INFO placement.requestlog [None req-9176c74a-a396-4265-a260-2744c0960e30 79db3ab00c1a4de2959a6231a9d52505 9f32f16e2d634a4e843a780e963d4603 - - 68f884a083bc4df4af06077f756a8e3a 68f884a083bc4df4af06077f756a8e3a] 10.0.0.102 "DELETE /resource_providers/9e9493e4-ecfc-4ee7-8767-5b5ab5b9eb0c" status: 404 len: 246 microversion: 1.1 [pid: 8|app: 0|req: 445/888] 10.0.0.102 () {34 vars in 823 bytes} [Thu Apr 2 17:58:26 2026] DELETE /resource_providers/9e9493e4-ecfc-4ee7-8767-5b5ab5b9eb0c => generated 246 bytes in 7 msecs (HTTP/1.1 404) 6 headers in 231 bytes (1 switches on core 0)
2026-04-02 17:58:26.144 7 INFO placement.requestlog [None req-d26e8aa3-1e4b-46c2-96eb-efc8869f5793 79db3ab00c1a4de2959a6231a9d52505 9f32f16e2d634a4e843a780e963d4603 - - 68f884a083bc4df4af06077f756a8e3a 68f884a083bc4df4af06077f756a8e3a] 10.0.0.102 "DELETE /resource_providers/9e9493e4-ecfc-4ee7-8767-5b5ab5b9eb0c" status: 404 len: 246 microversion: 1.1 [pid: 7|app: 0|req: 444/889] 10.0.0.102 () {34 vars in 823 bytes} [Thu Apr 2 17:58:26 2026] DELETE /resource_providers/9e9493e4-ecfc-4ee7-8767-5b5ab5b9eb0c => generated 246 bytes in 10 msecs (HTTP/1.1 404) 6 headers in 231 bytes (1 switches on core 0)
2026-04-02 17:58:30.252 7 INFO placement.requestlog [None req-2381d4f2-3ab9-4c95-b4f1-6ca21e57648c - - - - - -] 10.0.0.220 "GET /" status: 200 len: 136 microversion: 1.0
2026-04-02 17:58:30.252 8 INFO placement.requestlog [None req-277988d3-ba8b-4349-8f3d-3212ebf2bb1f - - - - - -] 10.0.0.220 "GET /" status: 200 len: 136 microversion: 1.0
2026-04-02 17:58:31.744 7 INFO placement.requestlog [req-0470364e-7abc-483b-be86-95821873c3b3 req-3766f4cf-bec3-410c-9ab5-f9ada5a54cee 7feeb695113145bb8e83e3c21f6a2895 9f32f16e2d634a4e843a780e963d4603 - - 68f884a083bc4df4af06077f756a8e3a 68f884a083bc4df4af06077f756a8e3a] 10.0.0.104 "GET /allocation_candidates?limit=1000&resources=DISK_GB%3A1%2CMEMORY_MB%3A512%2CVCPU%3A1&root_required=%21COMPUTE_STATUS_DISABLED" status: 200 len: 2190 microversion: 1.36 [pid: 7|app: 0|req: 446/892] 10.0.0.104 () {34 vars in 1010 bytes} [Thu Apr 2 17:58:31 2026] GET /allocation_candidates?limit=1000&resources=DISK_GB%3A1%2CMEMORY_MB%3A512%2CVCPU%3A1&root_required=%21COMPUTE_STATUS_DISABLED => generated 2190 bytes in 100 msecs (HTTP/1.1 200) 8 headers in 297 bytes (1 switches on core 0)
2026-04-02 17:58:31.778 8 INFO placement.requestlog [req-0470364e-7abc-483b-be86-95821873c3b3 req-099838b3-03d9-4a67-83ee-c5a8d8230ed8 7feeb695113145bb8e83e3c21f6a2895 9f32f16e2d634a4e843a780e963d4603 - - 68f884a083bc4df4af06077f756a8e3a 68f884a083bc4df4af06077f756a8e3a] 10.0.0.104 "GET /allocations/944a3294-5931-47df-9814-9a4a7a5cb7c3" status: 200 len: 19 microversion: 1.28 [pid: 8|app: 0|req: 447/893] 10.0.0.104 () {34 vars in 859 bytes} [Thu Apr 2 17:58:31 2026] GET /allocations/944a3294-5931-47df-9814-9a4a7a5cb7c3 => generated 19 bytes in 13 msecs (HTTP/1.1 200) 8 headers in 295 bytes (1 switches on core 0)
2026-04-02 17:58:31.852 7 INFO placement.requestlog [req-0470364e-7abc-483b-be86-95821873c3b3 req-8fe31f3f-6d42-46c0-bd97-9b98c4bbcc15 7feeb695113145bb8e83e3c21f6a2895 9f32f16e2d634a4e843a780e963d4603 - - 68f884a083bc4df4af06077f756a8e3a 68f884a083bc4df4af06077f756a8e3a] 10.0.0.104 "PUT /allocations/944a3294-5931-47df-9814-9a4a7a5cb7c3" status: 204 len: 0 microversion: 1.36 [pid: 7|app: 0|req: 447/894] 10.0.0.104 () {38 vars in 912 bytes} [Thu Apr 2 17:58:31 2026] PUT /allocations/944a3294-5931-47df-9814-9a4a7a5cb7c3 => generated 0 bytes in 66 msecs (HTTP/1.1 204) 5 headers in 199 bytes (1 switches on core 0)
2026-04-02 17:58:32.079 8 INFO placement.requestlog [req-0470364e-7abc-483b-be86-95821873c3b3 req-86c6be96-e52e-4b99-89ac-4efe3a485f3c 7feeb695113145bb8e83e3c21f6a2895 9f32f16e2d634a4e843a780e963d4603 - - 68f884a083bc4df4af06077f756a8e3a 68f884a083bc4df4af06077f756a8e3a] 199.204.45.33 "GET /allocations/944a3294-5931-47df-9814-9a4a7a5cb7c3" status: 200 len: 258 microversion: 1.28 [pid: 8|app: 0|req: 448/895] 199.204.45.33 () {34 vars in 860 bytes} [Thu Apr 2 17:58:32 2026] GET /allocations/944a3294-5931-47df-9814-9a4a7a5cb7c3 => generated 258 bytes in 15 msecs (HTTP/1.1 200) 8 headers in 296 bytes (1 switches on core 0)
2026-04-02 17:58:32.180 7 INFO placement.requestlog [req-0470364e-7abc-483b-be86-95821873c3b3 req-06bdf7d0-643f-49d9-b06a-95dd0332d7c1 7feeb695113145bb8e83e3c21f6a2895 9f32f16e2d634a4e843a780e963d4603 - - 68f884a083bc4df4af06077f756a8e3a 68f884a083bc4df4af06077f756a8e3a] 199.204.45.33 "GET /resource_providers/879b0f81-4ff1-47b5-a409-5a82f5b8153c/allocations" status: 200 len: 253 microversion: 1.0 [pid: 7|app: 0|req: 448/896] 199.204.45.33 () {32 vars in 854 bytes} [Thu Apr 2 17:58:32 2026] GET /resource_providers/879b0f81-4ff1-47b5-a409-5a82f5b8153c/allocations => generated 253 bytes in 23 msecs (HTTP/1.1 200) 6 headers in 224 bytes (1 switches on core 0)
2026-04-02 17:58:32.206 8 INFO placement.requestlog [req-0470364e-7abc-483b-be86-95821873c3b3 req-eceb4850-bacf-4ab1-a782-0852736ad3c0 7feeb695113145bb8e83e3c21f6a2895 9f32f16e2d634a4e843a780e963d4603 - - 68f884a083bc4df4af06077f756a8e3a 68f884a083bc4df4af06077f756a8e3a] 199.204.45.33 "GET /allocations/ed34e38c-ddce-4243-b511-1e9372981f26" status: 200 len: 258 microversion: 1.28 [pid: 8|app: 0|req: 449/897] 199.204.45.33 () {34 vars in 860 bytes} [Thu Apr 2 17:58:32 2026] GET /allocations/ed34e38c-ddce-4243-b511-1e9372981f26 => generated 258 bytes in 12 msecs (HTTP/1.1 200) 8 headers in 296 bytes (1 switches on core 0)
2026-04-02 17:58:32.231 7 INFO placement.requestlog [req-0470364e-7abc-483b-be86-95821873c3b3 req-9befcaa3-4847-40b7-8c4c-901cbb4e8c73 7feeb695113145bb8e83e3c21f6a2895 9f32f16e2d634a4e843a780e963d4603 - - 68f884a083bc4df4af06077f756a8e3a 68f884a083bc4df4af06077f756a8e3a] 199.204.45.33 "GET /allocations/944a3294-5931-47df-9814-9a4a7a5cb7c3" status: 200 len: 258 microversion: 1.28 [pid: 7|app: 0|req: 449/898] 199.204.45.33 () {34 vars in 860 bytes} [Thu Apr 2 17:58:32 2026] GET /allocations/944a3294-5931-47df-9814-9a4a7a5cb7c3 => generated 258 bytes in 18 msecs (HTTP/1.1 200) 8 headers in 296 bytes (1 switches on core 0)
2026-04-02 17:58:37.444 8 INFO placement.requestlog [req-e1bc5e09-6e4d-4aa4-92b3-d33dd2ef3f78 req-4ce6ab18-caa3-4786-9b8d-d70e7f6632dc 7feeb695113145bb8e83e3c21f6a2895 9f32f16e2d634a4e843a780e963d4603 - - 68f884a083bc4df4af06077f756a8e3a 68f884a083bc4df4af06077f756a8e3a] 10.0.0.104 "GET /allocation_candidates?limit=1000&resources=DISK_GB%3A1%2CMEMORY_MB%3A512%2CVCPU%3A1&root_required=%21COMPUTE_STATUS_DISABLED" status: 200 len: 2191 microversion: 1.36 [pid: 8|app: 0|req: 450/899] 10.0.0.104 () {34 vars in 1010 bytes} [Thu Apr 2 17:58:37 2026] GET /allocation_candidates?limit=1000&resources=DISK_GB%3A1%2CMEMORY_MB%3A512%2CVCPU%3A1&root_required=%21COMPUTE_STATUS_DISABLED => generated 2191 bytes in 59 msecs (HTTP/1.1 200) 8 headers in 297 bytes (1 switches on core 0)
2026-04-02 17:58:37.471 7 INFO placement.requestlog [req-e1bc5e09-6e4d-4aa4-92b3-d33dd2ef3f78 req-f18f5c78-244d-423d-9795-0758de665b67 7feeb695113145bb8e83e3c21f6a2895 9f32f16e2d634a4e843a780e963d4603 - - 68f884a083bc4df4af06077f756a8e3a 68f884a083bc4df4af06077f756a8e3a] 10.0.0.104 "GET /allocations/54d499d6-06e6-4fd3-8b9e-e666f45ec000" status: 200 len: 19 microversion: 1.28 [pid: 7|app: 0|req: 450/900] 10.0.0.104 () {34 vars in 859 bytes} [Thu Apr 2 17:58:37 2026] GET /allocations/54d499d6-06e6-4fd3-8b9e-e666f45ec000 => generated 19 bytes in 11 msecs (HTTP/1.1 200) 8 headers in 295 bytes (1 switches on core 0)
2026-04-02 17:58:37.552 8 INFO placement.requestlog [req-e1bc5e09-6e4d-4aa4-92b3-d33dd2ef3f78 req-b4a6c0f4-cad3-4d93-8272-116dbe13054e 7feeb695113145bb8e83e3c21f6a2895 9f32f16e2d634a4e843a780e963d4603 - - 68f884a083bc4df4af06077f756a8e3a 68f884a083bc4df4af06077f756a8e3a] 10.0.0.104 "PUT /allocations/54d499d6-06e6-4fd3-8b9e-e666f45ec000" status: 204 len: 0 microversion: 1.36 [pid: 8|app: 0|req: 451/901] 10.0.0.104 () {38 vars in 912 bytes} [Thu Apr 2 17:58:37 2026] PUT /allocations/54d499d6-06e6-4fd3-8b9e-e666f45ec000 => generated 0 bytes in 73 msecs (HTTP/1.1 204) 5 headers in 199 bytes (1 switches on core 0)
2026-04-02 17:58:37.795 7 INFO placement.requestlog [req-e1bc5e09-6e4d-4aa4-92b3-d33dd2ef3f78 req-6d6de290-8007-4cae-8fd7-2efbb75b8379 7feeb695113145bb8e83e3c21f6a2895 9f32f16e2d634a4e843a780e963d4603 - - 68f884a083bc4df4af06077f756a8e3a 68f884a083bc4df4af06077f756a8e3a] 199.204.45.33 "GET /allocations/54d499d6-06e6-4fd3-8b9e-e666f45ec000" status: 200 len: 258 microversion: 1.28 [pid: 7|app: 0|req: 451/902] 199.204.45.33 () {34 vars in 860 bytes} [Thu Apr 2 17:58:37 2026] GET /allocations/54d499d6-06e6-4fd3-8b9e-e666f45ec000 => generated 258 bytes in 12 msecs (HTTP/1.1 200) 8 headers in 296 bytes (1 switches on core 0)
2026-04-02 17:58:37.902 8 INFO placement.requestlog [req-e1bc5e09-6e4d-4aa4-92b3-d33dd2ef3f78 req-c26d9e4c-e515-4d75-a620-a75cbaa97272 7feeb695113145bb8e83e3c21f6a2895 9f32f16e2d634a4e843a780e963d4603 - - 68f884a083bc4df4af06077f756a8e3a 68f884a083bc4df4af06077f756a8e3a] 199.204.45.33 "GET /resource_providers/879b0f81-4ff1-47b5-a409-5a82f5b8153c/allocations" status: 200 len: 353 microversion: 1.0 [pid: 8|app: 0|req: 452/903] 199.204.45.33 () {32 vars in 854 bytes} [Thu Apr 2 17:58:37 2026] GET /resource_providers/879b0f81-4ff1-47b5-a409-5a82f5b8153c/allocations => generated 353 bytes in 17 msecs (HTTP/1.1 200) 6 headers in 224 bytes (1 switches on core 0)
2026-04-02 17:58:37.937 7 INFO placement.requestlog [req-e1bc5e09-6e4d-4aa4-92b3-d33dd2ef3f78 req-75874da2-ca84-459b-810c-4147702323ec 7feeb695113145bb8e83e3c21f6a2895 9f32f16e2d634a4e843a780e963d4603 - - 68f884a083bc4df4af06077f756a8e3a 68f884a083bc4df4af06077f756a8e3a] 199.204.45.33 "GET /allocations/54d499d6-06e6-4fd3-8b9e-e666f45ec000" status: 200 len: 258 microversion: 1.28 [pid: 7|app: 0|req: 452/904] 199.204.45.33 () {34 vars in 860 bytes} [Thu Apr 2 17:58:37 2026] GET /allocations/54d499d6-06e6-4fd3-8b9e-e666f45ec000 => generated 258 bytes in 17 msecs (HTTP/1.1 200) 8 headers in 296 bytes (1 switches on core 0)
2026-04-02 17:58:37.965 8 INFO placement.requestlog [req-e1bc5e09-6e4d-4aa4-92b3-d33dd2ef3f78 req-c1d50a9d-0104-4716-adfc-1c9c4b69cf9b 7feeb695113145bb8e83e3c21f6a2895 9f32f16e2d634a4e843a780e963d4603 - - 68f884a083bc4df4af06077f756a8e3a 68f884a083bc4df4af06077f756a8e3a] 199.204.45.33 "GET /allocations/ed34e38c-ddce-4243-b511-1e9372981f26" status: 200 len: 258 microversion: 1.28 [pid: 8|app: 0|req: 453/905] 199.204.45.33 () {34 vars in 860 bytes} [Thu Apr 2 17:58:37 2026] GET /allocations/ed34e38c-ddce-4243-b511-1e9372981f26 => generated 258 bytes in 16 msecs (HTTP/1.1 200) 8 headers in 296 bytes (1 switches on core 0)
2026-04-02 17:58:37.992 7 INFO placement.requestlog [req-e1bc5e09-6e4d-4aa4-92b3-d33dd2ef3f78 req-fe73f558-5b64-45a0-acba-6f9f5d804380 7feeb695113145bb8e83e3c21f6a2895 9f32f16e2d634a4e843a780e963d4603 - - 68f884a083bc4df4af06077f756a8e3a 68f884a083bc4df4af06077f756a8e3a] 199.204.45.33 "GET /allocations/944a3294-5931-47df-9814-9a4a7a5cb7c3" status: 200 len: 258 microversion: 1.28 [pid: 7|app: 0|req: 453/906] 199.204.45.33 () {34 vars in 860 bytes} [Thu Apr 2 17:58:37 2026] GET /allocations/944a3294-5931-47df-9814-9a4a7a5cb7c3 => generated 258 bytes in 18 msecs (HTTP/1.1 200) 8 headers in 296 bytes (1 switches on core 0)
2026-04-02 17:58:40.253 8 INFO placement.requestlog [None req-11b9e338-791c-48ea-bc66-e969ba866fed - - - - - -] 10.0.0.220 "GET /" status: 200 len: 136 microversion: 1.0
2026-04-02 17:58:40.254 7 INFO placement.requestlog [None req-ad1bcafb-ef3d-4e28-be00-6d31ef95ea6a - - - - - -] 10.0.0.220 "GET /" status: 200 len: 136 microversion: 1.0
2026-04-02 17:58:43.808 8 INFO placement.requestlog [req-ce5cbac3-1b15-48cf-85de-1b3c4d072bcd req-e3695483-2061-433d-bfa3-99d6a4cd2f7a 7feeb695113145bb8e83e3c21f6a2895 9f32f16e2d634a4e843a780e963d4603 - - 68f884a083bc4df4af06077f756a8e3a 68f884a083bc4df4af06077f756a8e3a] 199.204.45.33 "GET /resource_providers/879b0f81-4ff1-47b5-a409-5a82f5b8153c/allocations" status: 200 len: 353 microversion: 1.0 [pid: 8|app: 0|req: 455/909] 199.204.45.33 () {32 vars in 854 bytes} [Thu Apr 2 17:58:43 2026] GET /resource_providers/879b0f81-4ff1-47b5-a409-5a82f5b8153c/allocations => generated 353 bytes in 25 msecs (HTTP/1.1 200) 6 headers in 224 bytes (1 switches on core 0)
2026-04-02 17:58:43.833 7 INFO placement.requestlog [req-ce5cbac3-1b15-48cf-85de-1b3c4d072bcd req-eaa162ef-8b26-487a-b435-be2a38d02a04 7feeb695113145bb8e83e3c21f6a2895 9f32f16e2d634a4e843a780e963d4603 - - 68f884a083bc4df4af06077f756a8e3a 68f884a083bc4df4af06077f756a8e3a] 199.204.45.33 "GET /allocations/54d499d6-06e6-4fd3-8b9e-e666f45ec000" status: 200 len: 258 microversion: 1.28 [pid: 7|app: 0|req: 455/910] 199.204.45.33 () {34 vars in 860 bytes} [Thu Apr 2 17:58:43 2026] GET /allocations/54d499d6-06e6-4fd3-8b9e-e666f45ec000 => generated 258 bytes in 16 msecs (HTTP/1.1 200) 8 headers in 296 bytes (1 switches on core 0)
2026-04-02 17:58:43.862 8 INFO placement.requestlog [req-ce5cbac3-1b15-48cf-85de-1b3c4d072bcd req-410626aa-c911-48f9-9229-7964e8814e95 7feeb695113145bb8e83e3c21f6a2895 9f32f16e2d634a4e843a780e963d4603 - - 68f884a083bc4df4af06077f756a8e3a 68f884a083bc4df4af06077f756a8e3a] 199.204.45.33 "GET /allocations/ed34e38c-ddce-4243-b511-1e9372981f26" status: 200 len: 258 microversion: 1.28 [pid: 8|app: 0|req: 456/911] 199.204.45.33 () {34 vars in 860 bytes} [Thu Apr 2 17:58:43 2026] GET /allocations/ed34e38c-ddce-4243-b511-1e9372981f26 => generated 258 bytes in 21 msecs (HTTP/1.1 200) 8 headers in 296 bytes (1 switches on core 0)
2026-04-02 17:58:43.883 7 INFO placement.requestlog [req-ce5cbac3-1b15-48cf-85de-1b3c4d072bcd req-b6c7c60f-7d6a-4d93-aded-19ce8c249aa3 7feeb695113145bb8e83e3c21f6a2895 9f32f16e2d634a4e843a780e963d4603 - - 68f884a083bc4df4af06077f756a8e3a 68f884a083bc4df4af06077f756a8e3a] 199.204.45.33 "GET /allocations/944a3294-5931-47df-9814-9a4a7a5cb7c3" status: 200 len: 258 microversion: 1.28 [pid: 7|app: 0|req: 456/912] 199.204.45.33 () {34 vars in 860 bytes} [Thu Apr 2 17:58:43 2026] GET /allocations/944a3294-5931-47df-9814-9a4a7a5cb7c3 => generated 258 bytes in 12 msecs (HTTP/1.1 200) 8 headers in 296 bytes (1 switches on core 0)
2026-04-02 17:58:43.966 8 INFO placement.requestlog [req-ce5cbac3-1b15-48cf-85de-1b3c4d072bcd req-88b1c171-f8f6-4ec0-8b5a-3b212ac92ac6 7feeb695113145bb8e83e3c21f6a2895 9f32f16e2d634a4e843a780e963d4603 - - 68f884a083bc4df4af06077f756a8e3a 68f884a083bc4df4af06077f756a8e3a] 199.204.45.33 "DELETE /allocations/54d499d6-06e6-4fd3-8b9e-e666f45ec000" status: 204 len: 0 microversion: 1.0 [pid: 8|app: 0|req: 457/913] 199.204.45.33 () {34 vars in 838 bytes} [Thu Apr 2 17:58:43 2026] DELETE /allocations/54d499d6-06e6-4fd3-8b9e-e666f45ec000 => generated 0 bytes in 25 msecs (HTTP/1.1 204) 5 headers in 198 bytes (1 switches on core 0)
2026-04-02 17:58:48.229 7 INFO placement.requestlog [None req-42572bc1-999f-4210-9e1d-f26ef8d11c3e 79db3ab00c1a4de2959a6231a9d52505 9f32f16e2d634a4e843a780e963d4603 - - 68f884a083bc4df4af06077f756a8e3a 68f884a083bc4df4af06077f756a8e3a] 10.0.0.102 "GET /resource_providers/a472b2e7-be60-4de8-97b4-3d6f2da14b5e/aggregates" status: 404 len: 235 microversion: 1.1 [pid: 7|app: 0|req: 457/914] 10.0.0.102 () {32 vars in 823 bytes} [Thu Apr 2 17:58:48 2026] GET /resource_providers/a472b2e7-be60-4de8-97b4-3d6f2da14b5e/aggregates => generated 235 bytes in 12 msecs (HTTP/1.1 404) 5 headers in 202 bytes (1 switches on core 0)
2026-04-02 17:58:48.232 8 INFO placement.requestlog [None req-fc96284c-bea1-46d4-b203-c58c67f065bf 79db3ab00c1a4de2959a6231a9d52505 9f32f16e2d634a4e843a780e963d4603 - - 68f884a083bc4df4af06077f756a8e3a 68f884a083bc4df4af06077f756a8e3a] 10.0.0.102 "GET /resource_providers/a472b2e7-be60-4de8-97b4-3d6f2da14b5e/aggregates" status: 404 len: 235 microversion: 1.1 [pid: 8|app: 0|req: 458/915] 10.0.0.102 () {32 vars in 823 bytes} [Thu Apr 2 17:58:48 2026] GET /resource_providers/a472b2e7-be60-4de8-97b4-3d6f2da14b5e/aggregates => generated 235 bytes in 11 msecs (HTTP/1.1 404) 5 headers in 202 bytes (1 switches on core 0)
2026-04-02 17:58:48.248 7 INFO placement.requestlog [None req-73e3fcae-763a-482c-a122-8d8511426fee 79db3ab00c1a4de2959a6231a9d52505 9f32f16e2d634a4e843a780e963d4603 - - 68f884a083bc4df4af06077f756a8e3a 68f884a083bc4df4af06077f756a8e3a] 10.0.0.102 "DELETE /resource_providers/a472b2e7-be60-4de8-97b4-3d6f2da14b5e" status: 404 len: 246 microversion: 1.1
2026-04-02 17:58:48.249 8 INFO placement.requestlog [None req-cf8401ae-00c2-4fc2-84a4-aebf0da1da75 79db3ab00c1a4de2959a6231a9d52505 9f32f16e2d634a4e843a780e963d4603 - - 68f884a083bc4df4af06077f756a8e3a 68f884a083bc4df4af06077f756a8e3a] 10.0.0.102 "DELETE /resource_providers/a472b2e7-be60-4de8-97b4-3d6f2da14b5e" status: 404 len: 246 microversion: 1.1 [pid: 8|app: 0|req: 459/916] 10.0.0.102 () {34 vars in 823 bytes} [Thu Apr 2 17:58:48 2026] DELETE /resource_providers/a472b2e7-be60-4de8-97b4-3d6f2da14b5e => generated 246 bytes in 9 msecs (HTTP/1.1 404) 6 headers in 231 bytes (1 switches on core 0) [pid: 7|app: 0|req: 458/917] 10.0.0.102 () {34 vars in 823 bytes} [Thu Apr 2 17:58:48 2026] DELETE /resource_providers/a472b2e7-be60-4de8-97b4-3d6f2da14b5e => generated 246 bytes in 9 msecs (HTTP/1.1 404) 6 headers in 231 bytes (1 switches on core 0)
2026-04-02 17:58:50.254 8 INFO placement.requestlog [None req-1d538e4e-466c-4828-8238-1ed8710f88c0 - - - - - -] 10.0.0.220 "GET /" status: 200 len: 136 microversion: 1.0
2026-04-02 17:58:50.254 7 INFO placement.requestlog [None req-01a5db61-3795-4ec0-9dcf-a9754e8d27cc - - - - - -] 10.0.0.220 "GET /" status: 200 len: 136 microversion: 1.0
2026-04-02 17:58:50.550 8 INFO placement.requestlog [req-a5fde221-c182-4627-81bb-231f8c85e836 req-1b211923-3f46-4922-8a2f-97e7959f3fa8 7feeb695113145bb8e83e3c21f6a2895 9f32f16e2d634a4e843a780e963d4603 - - 68f884a083bc4df4af06077f756a8e3a 68f884a083bc4df4af06077f756a8e3a] 199.204.45.33 "GET /resource_providers/879b0f81-4ff1-47b5-a409-5a82f5b8153c/allocations" status: 200 len: 253 microversion: 1.0 [pid: 8|app: 0|req: 461/920] 199.204.45.33 () {32 vars in 854 bytes} [Thu Apr 2 17:58:50 2026] GET /resource_providers/879b0f81-4ff1-47b5-a409-5a82f5b8153c/allocations => generated 253 bytes in 22 msecs (HTTP/1.1 200) 6 headers in 224 bytes (1 switches on core 0)
2026-04-02 17:58:50.584 7 INFO placement.requestlog [req-a5fde221-c182-4627-81bb-231f8c85e836 req-688d112b-b40f-470b-91fe-237a9dd476cf 7feeb695113145bb8e83e3c21f6a2895 9f32f16e2d634a4e843a780e963d4603 - - 68f884a083bc4df4af06077f756a8e3a 68f884a083bc4df4af06077f756a8e3a] 199.204.45.33 "GET /resource_providers/879b0f81-4ff1-47b5-a409-5a82f5b8153c/allocations" status: 200 len: 253 microversion: 1.0 [pid: 7|app: 0|req: 460/921] 199.204.45.33 () {32 vars in 854 bytes} [Thu Apr 2 17:58:50 2026] GET /resource_providers/879b0f81-4ff1-47b5-a409-5a82f5b8153c/allocations => generated 253 bytes in 25 msecs (HTTP/1.1 200) 6 headers in 224 bytes (1 switches on core 0)
2026-04-02 17:58:50.611 8 INFO placement.requestlog [req-a5fde221-c182-4627-81bb-231f8c85e836 req-3043d245-d25d-4ab7-b8a1-c311a23f67eb 7feeb695113145bb8e83e3c21f6a2895 9f32f16e2d634a4e843a780e963d4603 - - 68f884a083bc4df4af06077f756a8e3a 68f884a083bc4df4af06077f756a8e3a] 199.204.45.33 "GET /allocations/ed34e38c-ddce-4243-b511-1e9372981f26" status: 200 len: 258 microversion: 1.28 [pid: 8|app: 0|req: 462/922] 199.204.45.33 () {34 vars in 860 bytes} [Thu Apr 2 17:58:50 2026] GET /allocations/ed34e38c-ddce-4243-b511-1e9372981f26 => generated 258 bytes in 16 msecs (HTTP/1.1 200) 8 headers in 296 bytes (1 switches on core 0)
2026-04-02 17:58:50.636 7 INFO placement.requestlog [req-a5fde221-c182-4627-81bb-231f8c85e836 req-4fd78cd1-e661-4400-abce-3252a02b2402 7feeb695113145bb8e83e3c21f6a2895 9f32f16e2d634a4e843a780e963d4603 - - 68f884a083bc4df4af06077f756a8e3a 68f884a083bc4df4af06077f756a8e3a] 199.204.45.33 "GET /allocations/944a3294-5931-47df-9814-9a4a7a5cb7c3" status: 200 len: 258 microversion: 1.28 [pid: 7|app: 0|req: 461/923] 199.204.45.33 () {34 vars in 860 bytes} [Thu Apr 2 17:58:50 2026] GET /allocations/944a3294-5931-47df-9814-9a4a7a5cb7c3 => generated 258 bytes in 16 msecs (HTTP/1.1 200) 8 headers in 296 bytes (1 switches on core 0)
2026-04-02 17:58:53.279 8 INFO placement.requestlog [req-e29db561-556c-4c77-91ca-5d7b1b4b7043 req-5cdaeba0-e994-4dd9-bb6d-6a87d9e4365d 7feeb695113145bb8e83e3c21f6a2895 9f32f16e2d634a4e843a780e963d4603 - - 68f884a083bc4df4af06077f756a8e3a 68f884a083bc4df4af06077f756a8e3a] 199.204.45.33 "GET /resource_providers/879b0f81-4ff1-47b5-a409-5a82f5b8153c/allocations" status: 200 len: 253 microversion: 1.0 [pid: 8|app: 0|req: 463/924] 199.204.45.33 () {32 vars in 854 bytes} [Thu Apr 2 17:58:53 2026] GET /resource_providers/879b0f81-4ff1-47b5-a409-5a82f5b8153c/allocations => generated 253 bytes in 21 msecs (HTTP/1.1 200) 6 headers in 224 bytes (1 switches on core 0)
2026-04-02 17:58:53.298 7 INFO placement.requestlog [req-e29db561-556c-4c77-91ca-5d7b1b4b7043 req-4afc0e76-a68e-4918-90bf-9ff8aedf2d90 7feeb695113145bb8e83e3c21f6a2895 9f32f16e2d634a4e843a780e963d4603 - - 68f884a083bc4df4af06077f756a8e3a 68f884a083bc4df4af06077f756a8e3a] 199.204.45.33 "GET /allocations/ed34e38c-ddce-4243-b511-1e9372981f26" status: 200 len: 258 microversion: 1.28 [pid: 7|app: 0|req: 462/925] 199.204.45.33 () {34 vars in 860 bytes} [Thu Apr 2 17:58:53 2026] GET /allocations/ed34e38c-ddce-4243-b511-1e9372981f26 => generated 258 bytes in 14 msecs (HTTP/1.1 200) 8 headers in 296 bytes (1 switches on core 0)
2026-04-02 17:58:53.320 8 INFO placement.requestlog [req-e29db561-556c-4c77-91ca-5d7b1b4b7043 req-ff58bb86-8df1-4e63-a427-457e3b36b4b7 7feeb695113145bb8e83e3c21f6a2895 9f32f16e2d634a4e843a780e963d4603 - - 68f884a083bc4df4af06077f756a8e3a 68f884a083bc4df4af06077f756a8e3a] 199.204.45.33 "GET /allocations/944a3294-5931-47df-9814-9a4a7a5cb7c3" status: 200 len: 258 microversion: 1.28 [pid: 8|app: 0|req: 464/926] 199.204.45.33 () {34 vars in 860 bytes} [Thu Apr 2 17:58:53 2026] GET /allocations/944a3294-5931-47df-9814-9a4a7a5cb7c3 => generated 258 bytes in 15 msecs (HTTP/1.1 200) 8 headers in 296 bytes (1 switches on core 0)
2026-04-02 17:58:53.407 7 INFO placement.requestlog [req-e29db561-556c-4c77-91ca-5d7b1b4b7043 req-72cc8fd3-d648-4045-bafd-6b6e8f997b1c 7feeb695113145bb8e83e3c21f6a2895 9f32f16e2d634a4e843a780e963d4603 - - 68f884a083bc4df4af06077f756a8e3a 68f884a083bc4df4af06077f756a8e3a] 199.204.45.33 "DELETE /allocations/944a3294-5931-47df-9814-9a4a7a5cb7c3" status: 204 len: 0 microversion: 1.0 [pid: 7|app: 0|req: 463/927] 199.204.45.33 () {34 vars in 838 bytes} [Thu Apr 2 17:58:53 2026] DELETE /allocations/944a3294-5931-47df-9814-9a4a7a5cb7c3 => generated 0 bytes in 25 msecs (HTTP/1.1 204) 5 headers in 198 bytes (1 switches on core 0)
2026-04-02 17:58:55.885 8 INFO placement.requestlog [req-ed3a0361-269f-416c-b62e-c30be2423769 req-4ed2ea9a-5604-4742-8d01-cbf1831cdca8 7feeb695113145bb8e83e3c21f6a2895 9f32f16e2d634a4e843a780e963d4603 - - 68f884a083bc4df4af06077f756a8e3a 68f884a083bc4df4af06077f756a8e3a] 199.204.45.33 "GET /resource_providers/879b0f81-4ff1-47b5-a409-5a82f5b8153c/allocations" status: 200 len: 153 microversion: 1.0 [pid: 8|app: 0|req: 465/928] 199.204.45.33 () {32 vars in 854 bytes} [Thu Apr 2 17:58:55 2026] GET /resource_providers/879b0f81-4ff1-47b5-a409-5a82f5b8153c/allocations => generated 153 bytes in 16 msecs (HTTP/1.1 200) 6 headers in 224 bytes (1 switches on core 0)
2026-04-02 17:58:55.907 7 INFO placement.requestlog [req-ed3a0361-269f-416c-b62e-c30be2423769 req-4c6fe7d6-f485-4194-9095-c9b63d1e1e08 7feeb695113145bb8e83e3c21f6a2895 9f32f16e2d634a4e843a780e963d4603 - - 68f884a083bc4df4af06077f756a8e3a 68f884a083bc4df4af06077f756a8e3a] 199.204.45.33 "GET /allocations/ed34e38c-ddce-4243-b511-1e9372981f26" status: 200 len: 258 microversion: 1.28 [pid: 7|app: 0|req: 464/929] 199.204.45.33 () {34 vars in 860 bytes} [Thu Apr 2 17:58:55 2026] GET /allocations/ed34e38c-ddce-4243-b511-1e9372981f26 => generated 258 bytes in 15 msecs (HTTP/1.1 200) 8 headers in 296 bytes (1 switches on core 0)
2026-04-02 17:58:55.996 8 INFO placement.requestlog [req-ed3a0361-269f-416c-b62e-c30be2423769 req-146f2137-0b98-477e-b27f-2df4cd20ee39 7feeb695113145bb8e83e3c21f6a2895 9f32f16e2d634a4e843a780e963d4603 - - 68f884a083bc4df4af06077f756a8e3a 68f884a083bc4df4af06077f756a8e3a] 199.204.45.33 "DELETE /allocations/ed34e38c-ddce-4243-b511-1e9372981f26" status: 204 len: 0 microversion: 1.0 [pid: 8|app: 0|req: 466/930] 199.204.45.33 () {34 vars in 838 bytes} [Thu Apr 2 17:58:55 2026] DELETE /allocations/ed34e38c-ddce-4243-b511-1e9372981f26 => generated 0 bytes in 28 msecs (HTTP/1.1 204) 5 headers in 198 bytes (1 switches on core 0)
