2026-05-10 01:59:15.696 9 INFO neutron.db.ovn_revision_numbers_db [None req-f3bd12a1-82ff-401c-a292-8c7235a3af40 2767c4171cee43f68862f5ac6f5f828c 944ddf480f28468fb4251a936a9014a4 - - default default] Successfully bumped revision number for resource 8e6066dd-71d6-4f07-a82b-1ec19c9a2d55 (type: floatingips) to 2 /var/lib/openstack/lib/python3.10/site-packages/pycadf/identifier.py:71: UserWarning: Invalid uuid: neutron. To ensure interoperability, identifiers should be a valid uuid. warnings.warn(('Invalid uuid: %s. To ensure interoperability, '
2026-05-10 01:59:15.728 9 INFO neutron.wsgi [None req-f3bd12a1-82ff-401c-a292-8c7235a3af40 2767c4171cee43f68862f5ac6f5f828c 944ddf480f28468fb4251a936a9014a4 - - default default] 10.0.0.141 "PUT /v2.0/floatingips/8e6066dd-71d6-4f07-a82b-1ec19c9a2d55 HTTP/1.1" status: 200 len: 1049 time: 0.6288662
2026-05-10 01:59:15.760 9 INFO neutron.notifiers.nova [-] Nova event matching ['req-16e36e2e-0ea1-4519-9897-c48726187f74'] response: {'name': 'network-changed', 'server_uuid': '0677521b-67e6-41e0-981d-d997ecedb362', 'tag': '1f992eef-b9ff-4af0-aa97-364b73e54f61', 'status': 'completed', 'code': 200}
2026-05-10 01:59:15.780 10 INFO neutron.wsgi [None req-e895093a-40dd-4eec-9c2c-81ed7e962536 ea7049b0e1884f2e8ce2b49f0e2c846f a7e05ef5710a4525837927b7781f9d66 - - default default] 10.0.0.141 "GET /v2.0/networks?router%3Aexternal=True HTTP/1.1" status: 200 len: 845 time: 0.0875838
2026-05-10 01:59:15.819 10 INFO neutron.wsgi [None req-7b3db846-a5d7-423b-aeeb-a2dce07b0c70 ea7049b0e1884f2e8ce2b49f0e2c846f a7e05ef5710a4525837927b7781f9d66 - - default default] 10.0.0.141 "GET /v2.0/subnets?network_id=364e5f4a-8f91-4827-b233-5db47e9155d6 HTTP/1.1" status: 200 len: 820 time: 0.0333214
2026-05-10 01:59:15.827 9 INFO neutron.wsgi [req-4bf547d3-cef0-48c0-ae40-d2d116f01a9c req-3e303f22-ea11-4577-8232-2a0e8dcde2d0 2997b4e0393c4cb9aca06d6143a03f5e 2e8187c5a7ff43bab0ed3ccb93cd3460 - - 41a00e5bc1624bae9876524ff7500768 41a00e5bc1624bae9876524ff7500768] 199.204.45.238 "GET /v2.0/ports?tenant_id=944ddf480f28468fb4251a936a9014a4&device_id=0677521b-67e6-41e0-981d-d997ecedb362 HTTP/1.1" status: 200 len: 1448 time: 0.0452642
2026-05-10 01:59:15.829 10 INFO neutron.wsgi [None req-e9a47f7c-33d7-4bc1-8924-7c5792d92e61 ea7049b0e1884f2e8ce2b49f0e2c846f a7e05ef5710a4525837927b7781f9d66 - - default default] 10.0.0.141 "GET /v2.0/extensions HTTP/1.1" status: 200 len: 16975 time: 0.0057881
2026-05-10 01:59:15.881 9 INFO neutron.wsgi [req-4bf547d3-cef0-48c0-ae40-d2d116f01a9c req-1276080d-d9c1-428b-8d1d-fb9e150cd003 2997b4e0393c4cb9aca06d6143a03f5e 2e8187c5a7ff43bab0ed3ccb93cd3460 - - 41a00e5bc1624bae9876524ff7500768 41a00e5bc1624bae9876524ff7500768] 199.204.45.238 "GET /v2.0/networks?id=64c8ad3b-1a64-4744-b651-27e568c79da7 HTTP/1.1" status: 200 len: 970 time: 0.0473258
2026-05-10 01:59:15.883 9 INFO neutron.wsgi [-] 10.0.0.34 "GET / HTTP/1.1" status: 200 len: 247 time: 0.0010183
2026-05-10 01:59:15.884 9 INFO neutron.wsgi [-] 10.0.0.34 "GET / HTTP/1.1" status: 200 len: 247 time: 0.0010347
2026-05-10 01:59:15.916 10 INFO neutron.wsgi [None req-3528d2e6-fcce-45d9-b763-1f42657636f5 ea7049b0e1884f2e8ce2b49f0e2c846f a7e05ef5710a4525837927b7781f9d66 - - default default] 10.0.0.141 "GET /v2.0/networks HTTP/1.1" status: 200 len: 1503 time: 0.0809965
2026-05-10 01:59:15.926 9 INFO neutron.wsgi [req-4bf547d3-cef0-48c0-ae40-d2d116f01a9c req-1f70df39-4cc4-48be-9a36-a9f492272d69 2997b4e0393c4cb9aca06d6143a03f5e 2e8187c5a7ff43bab0ed3ccb93cd3460 - - 41a00e5bc1624bae9876524ff7500768 41a00e5bc1624bae9876524ff7500768] 199.204.45.238 "GET /v2.0/floatingips?fixed_ip_address=10.100.0.7&port_id=1f992eef-b9ff-4af0-aa97-364b73e54f61 HTTP/1.1" status: 200 len: 1059 time: 0.0400786
2026-05-10 01:59:15.960 9 INFO neutron.wsgi [req-4bf547d3-cef0-48c0-ae40-d2d116f01a9c req-6f351371-e3e3-4b0d-82cc-8301e985f85b 2997b4e0393c4cb9aca06d6143a03f5e 2e8187c5a7ff43bab0ed3ccb93cd3460 - - 41a00e5bc1624bae9876524ff7500768 41a00e5bc1624bae9876524ff7500768] 199.204.45.238 "GET /v2.0/subnets?id=478c0d77-8467-45e0-9f69-44fe24740aea HTTP/1.1" status: 200 len: 865 time: 0.0274587
2026-05-10 01:59:15.985 9 INFO neutron.wsgi [req-4bf547d3-cef0-48c0-ae40-d2d116f01a9c req-aefd5620-ca18-44a4-812a-a92921de793d 2997b4e0393c4cb9aca06d6143a03f5e 2e8187c5a7ff43bab0ed3ccb93cd3460 - - 41a00e5bc1624bae9876524ff7500768 41a00e5bc1624bae9876524ff7500768] 199.204.45.238 "GET /v2.0/ports?network_id=64c8ad3b-1a64-4744-b651-27e568c79da7&device_owner=network%3Adhcp HTTP/1.1" status: 200 len: 210 time: 0.0197453
2026-05-10 01:59:16.049 9 INFO neutron.wsgi [req-4bf547d3-cef0-48c0-ae40-d2d116f01a9c req-ec62d149-4ca9-4806-8324-6558e838fd2c 2997b4e0393c4cb9aca06d6143a03f5e 2e8187c5a7ff43bab0ed3ccb93cd3460 - - 41a00e5bc1624bae9876524ff7500768 41a00e5bc1624bae9876524ff7500768] 199.204.45.238 "GET /v2.0/networks/64c8ad3b-1a64-4744-b651-27e568c79da7?fields=segments HTTP/1.1" status: 200 len: 212 time: 0.0571392
2026-05-10 01:59:16.101 9 INFO neutron.wsgi [req-4bf547d3-cef0-48c0-ae40-d2d116f01a9c req-3b121748-eadc-417e-aa46-089cd31c32f7 2997b4e0393c4cb9aca06d6143a03f5e 2e8187c5a7ff43bab0ed3ccb93cd3460 - - 41a00e5bc1624bae9876524ff7500768 41a00e5bc1624bae9876524ff7500768] 199.204.45.238 "GET /v2.0/networks/64c8ad3b-1a64-4744-b651-27e568c79da7?fields=provider%3Aphysical_network&fields=provider%3Anetwork_type HTTP/1.1" status: 200 len: 277 time: 0.0473208
2026-05-10 01:59:16.214 10 INFO neutron.wsgi [None req-b1bf99f0-d23e-4df2-b393-fbde031369e1 ea7049b0e1884f2e8ce2b49f0e2c846f a7e05ef5710a4525837927b7781f9d66 - - default default] 10.0.0.141 "GET /v2.0/subnets HTTP/1.1" status: 200 len: 1428 time: 0.2913520
2026-05-10 01:59:16.301 10 INFO neutron.wsgi [None req-899aceb8-07c5-4e1d-bbe6-ebdf73b770db ea7049b0e1884f2e8ce2b49f0e2c846f a7e05ef5710a4525837927b7781f9d66 - - default default] 10.0.0.141 "GET /v2.0/networks/b4890dd2-25ad-40a8-aea9-6098ea09c66f HTTP/1.1" status: 200 len: 862 time: 0.0794873
2026-05-10 01:59:16.344 10 INFO neutron.wsgi [None req-f552d74b-f47a-4e5d-ae11-69fadfd83594 ea7049b0e1884f2e8ce2b49f0e2c846f a7e05ef5710a4525837927b7781f9d66 - - default default] 10.0.0.141 "GET /v2.0/subnets/6979af02-734b-45d8-b5b6-a6fcaab07aac HTTP/1.1" status: 200 len: 811 time: 0.0362914
2026-05-10 01:59:16.369 10 INFO neutron.pecan_wsgi.hooks.translation [None req-53452509-0926-4ab7-8a41-26224f3c72c0 ea7049b0e1884f2e8ce2b49f0e2c846f a7e05ef5710a4525837927b7781f9d66 - - default default] DELETE failed (client error): The resource could not be found.
2026-05-10 01:59:16.371 10 INFO neutron.wsgi [None req-53452509-0926-4ab7-8a41-26224f3c72c0 ea7049b0e1884f2e8ce2b49f0e2c846f a7e05ef5710a4525837927b7781f9d66 - - default default] 10.0.0.141 "DELETE /v2.0/subnets/44ff5601-71b9-420a-a500-ecc5b2c731b6 HTTP/1.1" status: 404 len: 337 time: 0.0189517
2026-05-10 01:59:16.391 10 INFO neutron.pecan_wsgi.hooks.translation [None req-bb36b63e-b2b8-44e6-8854-bc9a34b4fa61 ea7049b0e1884f2e8ce2b49f0e2c846f a7e05ef5710a4525837927b7781f9d66 - - default default] DELETE failed (client error): The resource could not be found.
2026-05-10 01:59:16.393 10 INFO neutron.wsgi [None req-bb36b63e-b2b8-44e6-8854-bc9a34b4fa61 ea7049b0e1884f2e8ce2b49f0e2c846f a7e05ef5710a4525837927b7781f9d66 - - default default] 10.0.0.141 "DELETE /v2.0/networks/d84147f2-76c2-4413-b1e2-486950f818c0 HTTP/1.1" status: 404 len: 339 time: 0.0175812
2026-05-10 01:59:16.576 10 INFO neutron.wsgi [None req-e2667b21-6d11-4a60-9692-d83f0fc27655 ea7049b0e1884f2e8ce2b49f0e2c846f a7e05ef5710a4525837927b7781f9d66 - - default default] 10.0.0.141 "DELETE /v2.0/subnets/6979af02-734b-45d8-b5b6-a6fcaab07aac HTTP/1.1" status: 204 len: 168 time: 0.1771991
2026-05-10 01:59:16.969 9 WARNING neutron_lib.context [None req-b6ab2c17-1a0a-47ef-acd8-6ceeea165749 0702315923124d3fb1d6a7ba306b6150 2ff9828cfcb64b7d9c369d4f6597c464 - - default default] Method 'is_advsvc' is deprecated since 2023.2 release (neutron-lib 3.8.0) and will be removed once support for the old RBAC API policies will be removed from Neutron. Please use method 'is_service_role' instead.
2026-05-10 01:59:16.970 9 WARNING neutron_lib.context [None req-b6ab2c17-1a0a-47ef-acd8-6ceeea165749 0702315923124d3fb1d6a7ba306b6150 2ff9828cfcb64b7d9c369d4f6597c464 - - default default] Method 'is_advsvc' is deprecated since 2023.2 release (neutron-lib 3.8.0) and will be removed once support for the old RBAC API policies will be removed from Neutron. Please use method 'is_service_role' instead.
2026-05-10 01:59:16.978 10 INFO neutron.wsgi [None req-2f476f82-7a2f-4509-bf1f-4e25324e2beb ea7049b0e1884f2e8ce2b49f0e2c846f a7e05ef5710a4525837927b7781f9d66 - - default default] 10.0.0.141 "DELETE /v2.0/networks/b4890dd2-25ad-40a8-aea9-6098ea09c66f HTTP/1.1" status: 204 len: 168 time: 0.3965185
2026-05-10 01:59:17.124 9 INFO neutron.db.ovn_revision_numbers_db [None req-b6ab2c17-1a0a-47ef-acd8-6ceeea165749 0702315923124d3fb1d6a7ba306b6150 2ff9828cfcb64b7d9c369d4f6597c464 - - default default] Successfully bumped revision number for resource 2e085d6d-4ab2-487f-b328-8dff1091c694 (type: security_groups) to 1
2026-05-10 01:59:17.130 10 WARNING neutron_lib.context [None req-740246a0-8285-4ccc-b203-076afd9bc4a3 8a4f6d4367294c22abc92614f9388af0 e118b6fc97564b6493b5481bd5299402 - - default default] Method 'is_advsvc' is deprecated since 2023.2 release (neutron-lib 3.8.0) and will be removed once support for the old RBAC API policies will be removed from Neutron. Please use method 'is_service_role' instead.
2026-05-10 01:59:17.137 9 INFO neutron.db.ovn_revision_numbers_db [None req-b6ab2c17-1a0a-47ef-acd8-6ceeea165749 0702315923124d3fb1d6a7ba306b6150 2ff9828cfcb64b7d9c369d4f6597c464 - - default default] Successfully bumped revision number for resource 2a426840-f6ab-42d8-b4f9-7c948208b071 (type: security_group_rules) to 0
2026-05-10 01:59:17.153 9 INFO neutron.db.ovn_revision_numbers_db [None req-b6ab2c17-1a0a-47ef-acd8-6ceeea165749 0702315923124d3fb1d6a7ba306b6150 2ff9828cfcb64b7d9c369d4f6597c464 - - default default] Successfully bumped revision number for resource 735dfffd-fe7f-469b-b89c-d734f4dff25a (type: security_group_rules) to 0
2026-05-10 01:59:17.168 9 INFO neutron.db.ovn_revision_numbers_db [None req-b6ab2c17-1a0a-47ef-acd8-6ceeea165749 0702315923124d3fb1d6a7ba306b6150 2ff9828cfcb64b7d9c369d4f6597c464 - - default default] Successfully bumped revision number for resource acdf7a56-108f-4e41-bc6e-19d23c9d30f7 (type: security_group_rules) to 0
2026-05-10 01:59:17.181 9 INFO neutron.db.ovn_revision_numbers_db [None req-b6ab2c17-1a0a-47ef-acd8-6ceeea165749 0702315923124d3fb1d6a7ba306b6150 2ff9828cfcb64b7d9c369d4f6597c464 - - default default] Successfully bumped revision number for resource c0e765f6-37f4-44cb-97ec-a24e6ecae3ce (type: security_group_rules) to 0
2026-05-10 01:59:17.258 9 INFO neutron.db.segments_db [None req-b6ab2c17-1a0a-47ef-acd8-6ceeea165749 0702315923124d3fb1d6a7ba306b6150 2ff9828cfcb64b7d9c369d4f6597c464 - - default default] Added segment af755d4c-2549-46f2-b901-5bb3148d53a8 of type geneve for network 1fdf08e3-c73c-46f9-bd33-3d642533c4ee
2026-05-10 01:59:17.300 10 INFO neutron.db.ovn_revision_numbers_db [None req-740246a0-8285-4ccc-b203-076afd9bc4a3 8a4f6d4367294c22abc92614f9388af0 e118b6fc97564b6493b5481bd5299402 - - default default] Successfully bumped revision number for resource 357d67a9-38ae-4568-b733-12e4f233af1e (type: routers) to 1
2026-05-10 01:59:17.314 10 INFO neutron.wsgi [None req-740246a0-8285-4ccc-b203-076afd9bc4a3 8a4f6d4367294c22abc92614f9388af0 e118b6fc97564b6493b5481bd5299402 - - default default] 10.0.0.141 "POST /v2.0/routers HTTP/1.1" status: 201 len: 654 time: 0.2557349
2026-05-10 01:59:17.371 9 INFO neutron.db.segments_db [None req-b6ab2c17-1a0a-47ef-acd8-6ceeea165749 0702315923124d3fb1d6a7ba306b6150 2ff9828cfcb64b7d9c369d4f6597c464 - - default default] Added segment d95f73c4-c149-42fb-bc4a-d30f26f66d15 of type geneve for network ddf6f79c-b0ff-42d5-ad05-8b33cf889652
2026-05-10 01:59:17.372 10 INFO neutron.wsgi [None req-4984f018-2a74-4dcd-a187-89444b1e9d93 8a4f6d4367294c22abc92614f9388af0 e118b6fc97564b6493b5481bd5299402 - - default default] 10.0.0.141 "PUT /v2.0/routers/357d67a9-38ae-4568-b733-12e4f233af1e/tags HTTP/1.1" status: 200 len: 218 time: 0.0526712
2026-05-10 01:59:17.430 10 INFO neutron.wsgi [None req-b964fba9-f2fd-4c5a-b009-570a22a9d1ea 8a4f6d4367294c22abc92614f9388af0 e118b6fc97564b6493b5481bd5299402 - - default default] 10.0.0.141 "GET /v2.0/routers/357d67a9-38ae-4568-b733-12e4f233af1e/tags HTTP/1.1" status: 200 len: 218 time: 0.0529928
2026-05-10 01:59:17.500 10 INFO neutron.wsgi [None req-90445f07-ec3a-4fd8-aae2-d748554c3bbf 8a4f6d4367294c22abc92614f9388af0 e118b6fc97564b6493b5481bd5299402 - - default default] 10.0.0.141 "PUT /v2.0/routers/357d67a9-38ae-4568-b733-12e4f233af1e/tags/green HTTP/1.1" status: 201 len: 201 time: 0.0648985
2026-05-10 01:59:17.523 9 INFO neutron.db.ovn_revision_numbers_db [None req-b6ab2c17-1a0a-47ef-acd8-6ceeea165749 0702315923124d3fb1d6a7ba306b6150 2ff9828cfcb64b7d9c369d4f6597c464 - - default default] Successfully bumped revision number for resource 1fdf08e3-c73c-46f9-bd33-3d642533c4ee (type: networks) to 1
2026-05-10 01:59:17.571 9 INFO neutron.wsgi [None req-4843a336-d862-4f78-a8bf-38c10e6918a7 8a4f6d4367294c22abc92614f9388af0 e118b6fc97564b6493b5481bd5299402 - - default default] 10.0.0.141 "GET /v2.0/routers/357d67a9-38ae-4568-b733-12e4f233af1e/tags HTTP/1.1" status: 200 len: 227 time: 0.0613172
2026-05-10 01:59:17.631 10 INFO neutron.services.segments.plugin [-] Segment 48d695ec-33a0-4d07-9299-593159e79dad resource provider aggregate not found
2026-05-10 01:59:17.635 10 INFO neutron.services.segments.plugin [-] Segment 48d695ec-33a0-4d07-9299-593159e79dad resource provider aggregate not found
2026-05-10 01:59:17.644 10 INFO neutron.wsgi [None req-d6a221c1-9f03-45e9-a8d4-b5a6045a8a89 8a4f6d4367294c22abc92614f9388af0 e118b6fc97564b6493b5481bd5299402 - - default default] 10.0.0.141 "PUT /v2.0/routers/357d67a9-38ae-4568-b733-12e4f233af1e/tags/red HTTP/1.1" status: 201 len: 201 time: 0.0658021
2026-05-10 01:59:17.655 10 INFO neutron.services.segments.plugin [-] Segment 48d695ec-33a0-4d07-9299-593159e79dad resource provider not found; error: Placement Client Error (4xx): {"errors": [{"status": 404, "title": "Not Found", "detail": "The resource could not be found.\n\n No resource provider with uuid 48d695ec-33a0-4d07-9299-593159e79dad found for delete ", "request_id": "req-ef88e14a-bd80-4aa4-819a-064a819fc47d"}]}
2026-05-10 01:59:17.656 10 INFO neutron.services.segments.plugin [-] Segment 48d695ec-33a0-4d07-9299-593159e79dad resource provider not found; error: Placement Client Error (4xx): {"errors": [{"status": 404, "title": "Not Found", "detail": "The resource could not be found.\n\n No resource provider with uuid 48d695ec-33a0-4d07-9299-593159e79dad found for delete ", "request_id": "req-fe64d802-d923-4a0e-b1c6-50ad82e35a71"}]}
2026-05-10 01:59:17.703 10 INFO neutron.wsgi [None req-afc4503b-f363-4e57-8d4c-30333e2cade6 8a4f6d4367294c22abc92614f9388af0 e118b6fc97564b6493b5481bd5299402 - - default default] 10.0.0.141 "GET /v2.0/routers/357d67a9-38ae-4568-b733-12e4f233af1e/tags HTTP/1.1" status: 200 len: 227 time: 0.0543711
2026-05-10 01:59:17.725 10 INFO neutron.wsgi [None req-e7ea797c-2d5b-4408-b032-e91b243ae8a1 a72b53b28ab844869eee847fd706c4b1 438eeca712434e89bfa7f9ef071394ff - - default default] 10.0.0.141 "GET /v2.0/security-groups?tenant_id=a7e05ef5710a4525837927b7781f9d66&name=default HTTP/1.1" status: 200 len: 2996 time: 0.1857831
2026-05-10 01:59:17.784 10 INFO neutron.wsgi [None req-4c55d1ae-ab59-45d1-8c42-be1c993840d9 8a4f6d4367294c22abc92614f9388af0 e118b6fc97564b6493b5481bd5299402 - - default default] 10.0.0.141 "PUT /v2.0/routers/357d67a9-38ae-4568-b733-12e4f233af1e/tags/black.or.white HTTP/1.1" status: 201 len: 201 time: 0.0712137
2026-05-10 01:59:17.844 10 INFO neutron.wsgi [None req-d17dcc8d-9aa2-42a6-a91b-d2eddbfc53ff 8a4f6d4367294c22abc92614f9388af0 e118b6fc97564b6493b5481bd5299402 - - default default] 10.0.0.141 "GET /v2.0/routers/357d67a9-38ae-4568-b733-12e4f233af1e/tags HTTP/1.1" status: 200 len: 245 time: 0.0553684
2026-05-10 01:59:17.918 10 INFO neutron.wsgi [None req-00586f2d-1d0d-4230-bc7c-bce60c9b3f76 8a4f6d4367294c22abc92614f9388af0 e118b6fc97564b6493b5481bd5299402 - - default default] 10.0.0.141 "PUT /v2.0/routers/357d67a9-38ae-4568-b733-12e4f233af1e/tags HTTP/1.1" status: 200 len: 230 time: 0.0700891
2026-05-10 01:59:17.931 9 WARNING neutron.scheduler.dhcp_agent_scheduler [None req-b6ab2c17-1a0a-47ef-acd8-6ceeea165749 0702315923124d3fb1d6a7ba306b6150 2ff9828cfcb64b7d9c369d4f6597c464 - - default default] No more DHCP agents
2026-05-10 01:59:17.936 9 WARNING neutron.api.rpc.agentnotifiers.dhcp_rpc_agent_api [None req-b6ab2c17-1a0a-47ef-acd8-6ceeea165749 0702315923124d3fb1d6a7ba306b6150 2ff9828cfcb64b7d9c369d4f6597c464 - - default default] Unable to schedule network 1fdf08e3-c73c-46f9-bd33-3d642533c4ee: no agents available; will retry on subsequent port and subnet creation events.
2026-05-10 01:59:17.988 9 INFO neutron.wsgi [None req-9b54eedf-1516-4cf4-b27d-12428341a8e3 8a4f6d4367294c22abc92614f9388af0 e118b6fc97564b6493b5481bd5299402 - - default default] 10.0.0.141 "GET /v2.0/routers/357d67a9-38ae-4568-b733-12e4f233af1e/tags HTTP/1.1" status: 200 len: 230 time: 0.0648816
2026-05-10 01:59:18.002 10 INFO neutron.wsgi [None req-c7cfcadb-422d-4939-b547-34e255b76d1d a72b53b28ab844869eee847fd706c4b1 438eeca712434e89bfa7f9ef071394ff - - default default] 10.0.0.141 "DELETE /v2.0/security-groups/297fea06-b134-404c-b88d-5223089f95f9 HTTP/1.1" status: 204 len: 168 time: 0.2594454
2026-05-10 01:59:18.032 9 INFO neutron.db.ovn_revision_numbers_db [None req-b6ab2c17-1a0a-47ef-acd8-6ceeea165749 0702315923124d3fb1d6a7ba306b6150 2ff9828cfcb64b7d9c369d4f6597c464 - - default default] Successfully bumped revision number for resource da7d9645-6fe3-45fa-9253-d598e345b497 (type: ports) to 1
2026-05-10 01:59:18.049 10 INFO neutron.wsgi [None req-925f94db-de3d-47d1-8cbd-2fa6b93804af 8a4f6d4367294c22abc92614f9388af0 e118b6fc97564b6493b5481bd5299402 - - default default] 10.0.0.141 "GET /v2.0/routers/357d67a9-38ae-4568-b733-12e4f233af1e/tags/red HTTP/1.1" status: 204 len: 168 time: 0.0564668
2026-05-10 01:59:18.101 10 INFO neutron.api.v2.resource [None req-81be6112-c440-445d-a957-a129b05eb924 8a4f6d4367294c22abc92614f9388af0 e118b6fc97564b6493b5481bd5299402 - - default default] show failed (client error): The resource could not be found.
2026-05-10 01:59:18.102 10 INFO neutron.wsgi [None req-81be6112-c440-445d-a957-a129b05eb924 8a4f6d4367294c22abc92614f9388af0 e118b6fc97564b6493b5481bd5299402 - - default default] 10.0.0.141 "GET /v2.0/routers/357d67a9-38ae-4568-b733-12e4f233af1e/tags/green HTTP/1.1" status: 404 len: 299 time: 0.0487115
2026-05-10 01:59:18.120 9 INFO neutron.db.ovn_revision_numbers_db [None req-b6ab2c17-1a0a-47ef-acd8-6ceeea165749 0702315923124d3fb1d6a7ba306b6150 2ff9828cfcb64b7d9c369d4f6597c464 - - default default] Successfully bumped revision number for resource ddf6f79c-b0ff-42d5-ad05-8b33cf889652 (type: networks) to 1
2026-05-10 01:59:18.169 10 INFO neutron.wsgi [None req-b504fdd3-acbe-4266-887d-c73b48a1a5e7 8a4f6d4367294c22abc92614f9388af0 e118b6fc97564b6493b5481bd5299402 - - default default] 10.0.0.141 "DELETE /v2.0/routers/357d67a9-38ae-4568-b733-12e4f233af1e/tags/red HTTP/1.1" status: 204 len: 168 time: 0.0612013
2026-05-10 01:59:18.218 10 INFO neutron.wsgi [None req-10930057-28b6-43c9-a661-82a9ffba41e4 8a4f6d4367294c22abc92614f9388af0 e118b6fc97564b6493b5481bd5299402 - - default default] 10.0.0.141 "GET /v2.0/routers/357d67a9-38ae-4568-b733-12e4f233af1e/tags HTTP/1.1" status: 200 len: 223 time: 0.0449073
2026-05-10 01:59:18.276 10 INFO neutron.api.v2.resource [None req-8351b75d-287a-475d-af67-21ceb49c3195 8a4f6d4367294c22abc92614f9388af0 e118b6fc97564b6493b5481bd5299402 - - default default] delete failed (client error): The resource could not be found.
2026-05-10 01:59:18.278 10 INFO neutron.wsgi [None req-8351b75d-287a-475d-af67-21ceb49c3195 8a4f6d4367294c22abc92614f9388af0 e118b6fc97564b6493b5481bd5299402 - - default default] 10.0.0.141 "DELETE /v2.0/routers/357d67a9-38ae-4568-b733-12e4f233af1e/tags/green HTTP/1.1" status: 404 len: 299 time: 0.0548820
2026-05-10 01:59:18.319 9 WARNING neutron.scheduler.dhcp_agent_scheduler [None req-b6ab2c17-1a0a-47ef-acd8-6ceeea165749 0702315923124d3fb1d6a7ba306b6150 2ff9828cfcb64b7d9c369d4f6597c464 - - default default] No more DHCP agents
2026-05-10 01:59:18.327 9 WARNING neutron.api.rpc.agentnotifiers.dhcp_rpc_agent_api [None req-b6ab2c17-1a0a-47ef-acd8-6ceeea165749 0702315923124d3fb1d6a7ba306b6150 2ff9828cfcb64b7d9c369d4f6597c464 - - default default] Unable to schedule network ddf6f79c-b0ff-42d5-ad05-8b33cf889652: no agents available; will retry on subsequent port and subnet creation events.
2026-05-10 01:59:18.346 10 INFO neutron.wsgi [None req-a6bdafa5-90ad-4251-9dd7-c7b9d9547027 8a4f6d4367294c22abc92614f9388af0 e118b6fc97564b6493b5481bd5299402 - - default default] 10.0.0.141 "DELETE /v2.0/routers/357d67a9-38ae-4568-b733-12e4f233af1e/tags HTTP/1.1" status: 204 len: 168 time: 0.0640984
2026-05-10 01:59:18.405 10 INFO neutron.wsgi [None req-99c35d91-edb1-4bbc-bdd6-49b4d6cf7bf5 8a4f6d4367294c22abc92614f9388af0 e118b6fc97564b6493b5481bd5299402 - - default default] 10.0.0.141 "GET /v2.0/routers/357d67a9-38ae-4568-b733-12e4f233af1e/tags HTTP/1.1" status: 200 len: 205 time: 0.0531409
2026-05-10 01:59:18.419 9 INFO neutron.db.ovn_revision_numbers_db [None req-b6ab2c17-1a0a-47ef-acd8-6ceeea165749 0702315923124d3fb1d6a7ba306b6150 2ff9828cfcb64b7d9c369d4f6597c464 - - default default] Successfully bumped revision number for resource cabd5d98-86d9-4e9f-8652-6f4a73f8dfb6 (type: ports) to 1
2026-05-10 01:59:18.462 9 INFO neutron.wsgi [None req-fdcabfa6-f266-4fac-aca8-b067916f69bd 8a4f6d4367294c22abc92614f9388af0 e118b6fc97564b6493b5481bd5299402 - - default default] 10.0.0.141 "GET /v2.0/routers/357d67a9-38ae-4568-b733-12e4f233af1e HTTP/1.1" status: 200 len: 655 time: 0.0486677
2026-05-10 01:59:18.465 9 INFO neutron.wsgi [None req-b6ab2c17-1a0a-47ef-acd8-6ceeea165749 0702315923124d3fb1d6a7ba306b6150 2ff9828cfcb64b7d9c369d4f6597c464 - - default default] 10.0.0.141 "POST /v2.0/networks HTTP/1.1" status: 201 len: 1446 time: 1.6332381
2026-05-10 01:59:18.552 10 INFO neutron.wsgi [None req-402595e3-2496-4a2d-a36d-7e4a62890288 0702315923124d3fb1d6a7ba306b6150 2ff9828cfcb64b7d9c369d4f6597c464 - - default default] 10.0.0.141 "GET /v2.0/networks HTTP/1.1" status: 200 len: 2052 time: 0.0815837
2026-05-10 01:59:18.901 9 INFO neutron.db.ovn_revision_numbers_db [None req-6594b422-1260-4bfa-86ac-3e9e1ceecb23 8a4f6d4367294c22abc92614f9388af0 e118b6fc97564b6493b5481bd5299402 - - default default] Successfully bumped revision number for resource 357d67a9-38ae-4568-b733-12e4f233af1e (type: routers) to 7
2026-05-10 01:59:18.905 9 INFO neutron.wsgi [None req-6594b422-1260-4bfa-86ac-3e9e1ceecb23 8a4f6d4367294c22abc92614f9388af0 e118b6fc97564b6493b5481bd5299402 - - default default] 10.0.0.141 "PUT /v2.0/routers/357d67a9-38ae-4568-b733-12e4f233af1e HTTP/1.1" status: 200 len: 655 time: 0.4371059
2026-05-10 01:59:18.930 10 INFO neutron.wsgi [None req-1f6be74a-874c-4144-951d-fa88065b7358 8a4f6d4367294c22abc92614f9388af0 e118b6fc97564b6493b5481bd5299402 - - default default] 10.0.0.141 "GET /v2.0/ports?device_id=357d67a9-38ae-4568-b733-12e4f233af1e HTTP/1.1" status: 200 len: 205 time: 0.0206091
2026-05-10 01:59:18.937 10 INFO neutron.wsgi [None req-9a3736b6-a7a4-47b3-b4d1-d185a0fcd3cc 0702315923124d3fb1d6a7ba306b6150 2ff9828cfcb64b7d9c369d4f6597c464 - - default default] 10.0.0.141 "DELETE /v2.0/networks/1fdf08e3-c73c-46f9-bd33-3d642533c4ee HTTP/1.1" status: 204 len: 168 time: 0.3802354
2026-05-10 01:59:19.257 9 INFO neutron.wsgi [None req-c9de5c70-33d9-4d82-88bf-7aea65fcca9d 8a4f6d4367294c22abc92614f9388af0 e118b6fc97564b6493b5481bd5299402 - - default default] 10.0.0.141 "DELETE /v2.0/routers/357d67a9-38ae-4568-b733-12e4f233af1e HTTP/1.1" status: 204 len: 168 time: 0.3202503
2026-05-10 01:59:19.384 10 INFO neutron.wsgi [None req-206309b4-f38f-4c85-a76d-c452f492c379 0702315923124d3fb1d6a7ba306b6150 2ff9828cfcb64b7d9c369d4f6597c464 - - default default] 10.0.0.141 "DELETE /v2.0/networks/ddf6f79c-b0ff-42d5-ad05-8b33cf889652 HTTP/1.1" status: 204 len: 168 time: 0.4410028
2026-05-10 01:59:19.462 10 INFO neutron.wsgi [None req-716a5628-730a-415c-a6ca-06409ec644bf 0702315923124d3fb1d6a7ba306b6150 2ff9828cfcb64b7d9c369d4f6597c464 - - default default] 10.0.0.141 "GET /v2.0/networks HTTP/1.1" status: 200 len: 845 time: 0.0732543
2026-05-10 01:59:19.473 10 WARNING neutron_lib.context [None req-5dc54158-fbca-4bb8-be24-77b3cf3091a3 0702315923124d3fb1d6a7ba306b6150 2ff9828cfcb64b7d9c369d4f6597c464 - - default default] Method 'is_advsvc' is deprecated since 2023.2 release (neutron-lib 3.8.0) and will be removed once support for the old RBAC API policies will be removed from Neutron. Please use method 'is_service_role' instead.
2026-05-10 01:59:19.550 10 INFO neutron.db.segments_db [None req-5dc54158-fbca-4bb8-be24-77b3cf3091a3 0702315923124d3fb1d6a7ba306b6150 2ff9828cfcb64b7d9c369d4f6597c464 - - default default] Added segment c907c02c-cd51-4766-90aa-b10e8c625a62 of type geneve for network e5089677-070c-4b8c-9e2c-96c2fa796f43
2026-05-10 01:59:19.680 10 INFO neutron.services.segments.plugin [-] Segment af755d4c-2549-46f2-b901-5bb3148d53a8 resource provider aggregate not found
2026-05-10 01:59:19.685 10 INFO neutron.services.segments.plugin [-] Segment af755d4c-2549-46f2-b901-5bb3148d53a8 resource provider aggregate not found
2026-05-10 01:59:19.699 10 INFO neutron.services.segments.plugin [-] Segment af755d4c-2549-46f2-b901-5bb3148d53a8 resource provider not found; error: Placement Client Error (4xx): {"errors": [{"status": 404, "title": "Not Found", "detail": "The resource could not be found.\n\n No resource provider with uuid af755d4c-2549-46f2-b901-5bb3148d53a8 found for delete ", "request_id": "req-ec1907b0-66f9-4b01-91ba-dd4356622306"}]}
2026-05-10 01:59:19.705 10 INFO neutron.services.segments.plugin [-] Segment af755d4c-2549-46f2-b901-5bb3148d53a8 resource provider not found; error: Placement Client Error (4xx): {"errors": [{"status": 404, "title": "Not Found", "detail": "The resource could not be found.\n\n No resource provider with uuid af755d4c-2549-46f2-b901-5bb3148d53a8 found for delete ", "request_id": "req-f95dcbcf-1ce0-4647-b5f2-3db7a6f4ab3b"}]}
2026-05-10 01:59:19.717 10 INFO neutron.db.ovn_revision_numbers_db [None req-5dc54158-fbca-4bb8-be24-77b3cf3091a3 0702315923124d3fb1d6a7ba306b6150 2ff9828cfcb64b7d9c369d4f6597c464 - - default default] Successfully bumped revision number for resource e5089677-070c-4b8c-9e2c-96c2fa796f43 (type: networks) to 1
2026-05-10 01:59:19.728 10 INFO neutron.services.segments.plugin [-] Segment d95f73c4-c149-42fb-bc4a-d30f26f66d15 resource provider aggregate not found
2026-05-10 01:59:19.732 10 INFO neutron.services.segments.plugin [-] Segment d95f73c4-c149-42fb-bc4a-d30f26f66d15 resource provider aggregate not found
2026-05-10 01:59:19.745 10 INFO neutron.services.segments.plugin [-] Segment d95f73c4-c149-42fb-bc4a-d30f26f66d15 resource provider not found; error: Placement Client Error (4xx): {"errors": [{"status": 404, "title": "Not Found", "detail": "The resource could not be found.\n\n No resource provider with uuid d95f73c4-c149-42fb-bc4a-d30f26f66d15 found for delete ", "request_id": "req-e03e118d-c3a2-41cc-ab1d-a45287a9f961"}]}
2026-05-10 01:59:19.746 10 INFO neutron.services.segments.plugin [-] Segment d95f73c4-c149-42fb-bc4a-d30f26f66d15 resource provider not found; error: Placement Client Error (4xx): {"errors": [{"status": 404, "title": "Not Found", "detail": "The resource could not be found.\n\n No resource provider with uuid d95f73c4-c149-42fb-bc4a-d30f26f66d15 found for delete ", "request_id": "req-e3d6d09f-4efb-4ad7-8b31-64e07f210d87"}]}
2026-05-10 01:59:19.862 9 WARNING neutron_lib.context [None req-1e66e95a-0df7-4755-be6a-3d3592cdd5fa 52b89ce1820048b6a290767c9b2d37e2 6e0a19aace854e228aa0533709a512f0 - - default default] Method 'is_advsvc' is deprecated since 2023.2 release (neutron-lib 3.8.0) and will be removed once support for the old RBAC API policies will be removed from Neutron. Please use method 'is_service_role' instead.
2026-05-10 01:59:19.895 10 WARNING neutron.scheduler.dhcp_agent_scheduler [None req-5dc54158-fbca-4bb8-be24-77b3cf3091a3 0702315923124d3fb1d6a7ba306b6150 2ff9828cfcb64b7d9c369d4f6597c464 - - default default] No more DHCP agents
2026-05-10 01:59:19.898 10 WARNING neutron.api.rpc.agentnotifiers.dhcp_rpc_agent_api [None req-5dc54158-fbca-4bb8-be24-77b3cf3091a3 0702315923124d3fb1d6a7ba306b6150 2ff9828cfcb64b7d9c369d4f6597c464 - - default default] Unable to schedule network e5089677-070c-4b8c-9e2c-96c2fa796f43: no agents available; will retry on subsequent port and subnet creation events.
2026-05-10 01:59:19.980 10 INFO neutron.db.ovn_revision_numbers_db [None req-5dc54158-fbca-4bb8-be24-77b3cf3091a3 0702315923124d3fb1d6a7ba306b6150 2ff9828cfcb64b7d9c369d4f6597c464 - - default default] Successfully bumped revision number for resource e2586969-311a-400a-918d-f2e6ee4d3cc4 (type: ports) to 1
2026-05-10 01:59:19.990 9 INFO neutron.db.ovn_revision_numbers_db [None req-1e66e95a-0df7-4755-be6a-3d3592cdd5fa 52b89ce1820048b6a290767c9b2d37e2 6e0a19aace854e228aa0533709a512f0 - - default default] Successfully bumped revision number for resource b4b7790f-c80d-4890-a45e-e5be1e0db961 (type: security_groups) to 1
2026-05-10 01:59:19.999 10 INFO neutron.wsgi [None req-5dc54158-fbca-4bb8-be24-77b3cf3091a3 0702315923124d3fb1d6a7ba306b6150 2ff9828cfcb64b7d9c369d4f6597c464 - - default default] 10.0.0.141 "POST /v2.0/networks HTTP/1.1" status: 201 len: 848 time: 0.5314784
2026-05-10 01:59:20.009 9 INFO neutron.db.ovn_revision_numbers_db [None req-1e66e95a-0df7-4755-be6a-3d3592cdd5fa 52b89ce1820048b6a290767c9b2d37e2 6e0a19aace854e228aa0533709a512f0 - - default default] Successfully bumped revision number for resource 04599064-3e65-480a-8d7e-b0fd42fd6a28 (type: security_group_rules) to 0
2026-05-10 01:59:20.009 10 WARNING neutron_lib.context [None req-6662f4d5-b48f-4d0a-8a49-fa681984d5e0 0702315923124d3fb1d6a7ba306b6150 2ff9828cfcb64b7d9c369d4f6597c464 - - default default] Method 'is_advsvc' is deprecated since 2023.2 release (neutron-lib 3.8.0) and will be removed once support for the old RBAC API policies will be removed from Neutron. Please use method 'is_service_role' instead.
2026-05-10 01:59:20.028 9 INFO neutron.db.ovn_revision_numbers_db [None req-1e66e95a-0df7-4755-be6a-3d3592cdd5fa 52b89ce1820048b6a290767c9b2d37e2 6e0a19aace854e228aa0533709a512f0 - - default default] Successfully bumped revision number for resource 21d1a366-84f3-4166-a85b-467d5859b058 (type: security_group_rules) to 0
2026-05-10 01:59:20.045 9 INFO neutron.db.ovn_revision_numbers_db [None req-1e66e95a-0df7-4755-be6a-3d3592cdd5fa 52b89ce1820048b6a290767c9b2d37e2 6e0a19aace854e228aa0533709a512f0 - - default default] Successfully bumped revision number for resource 2a9042ee-b2bf-4420-9a57-d82cf7dcf33c (type: security_group_rules) to 0
2026-05-10 01:59:20.072 9 INFO neutron.db.ovn_revision_numbers_db [None req-1e66e95a-0df7-4755-be6a-3d3592cdd5fa 52b89ce1820048b6a290767c9b2d37e2 6e0a19aace854e228aa0533709a512f0 - - default default] Successfully bumped revision number for resource 64351be1-03f9-4fae-847d-a247c586ac5b (type: security_group_rules) to 0
2026-05-10 01:59:20.087 9 INFO neutron.db.ovn_revision_numbers_db [None req-a616b71c-cf68-4974-b996-3f15f67dcac7 a72b53b28ab844869eee847fd706c4b1 438eeca712434e89bfa7f9ef071394ff - - default default] Successfully bumped revision number for resource 5104dd10-7429-4d25-84ed-d50a1bc99c3f (type: security_groups) to 1
2026-05-10 01:59:20.093 10 INFO neutron.db.segments_db [None req-6662f4d5-b48f-4d0a-8a49-fa681984d5e0 0702315923124d3fb1d6a7ba306b6150 2ff9828cfcb64b7d9c369d4f6597c464 - - default default] Added segment 0221a565-4108-407a-b4a7-2e02b4747f92 of type geneve for network 666828d7-af84-4c52-aca3-abb17757579e
2026-05-10 01:59:20.101 9 INFO neutron.db.ovn_revision_numbers_db [None req-a616b71c-cf68-4974-b996-3f15f67dcac7 a72b53b28ab844869eee847fd706c4b1 438eeca712434e89bfa7f9ef071394ff - - default default] Successfully bumped revision number for resource 3f171a77-93e2-4239-bc3a-df6bce818e98 (type: security_group_rules) to 0
2026-05-10 01:59:20.115 9 INFO neutron.db.ovn_revision_numbers_db [None req-a616b71c-cf68-4974-b996-3f15f67dcac7 a72b53b28ab844869eee847fd706c4b1 438eeca712434e89bfa7f9ef071394ff - - default default] Successfully bumped revision number for resource 5bf55e4f-cd9f-47e9-8161-d1e230f0d754 (type: security_group_rules) to 0
2026-05-10 01:59:20.133 9 INFO neutron.db.segments_db [None req-1e66e95a-0df7-4755-be6a-3d3592cdd5fa 52b89ce1820048b6a290767c9b2d37e2 6e0a19aace854e228aa0533709a512f0 - - default default] Added segment db33b63c-195a-4522-9f91-bc05ab8b2b84 of type geneve for network 87c078b1-4e1e-4f6f-8b78-bba7849d04ef
2026-05-10 01:59:20.137 9 INFO neutron.db.ovn_revision_numbers_db [None req-a616b71c-cf68-4974-b996-3f15f67dcac7 a72b53b28ab844869eee847fd706c4b1 438eeca712434e89bfa7f9ef071394ff - - default default] Successfully bumped revision number for resource bc808fa2-54cd-4275-8e66-3314d5b8f99e (type: security_group_rules) to 0
2026-05-10 01:59:20.159 9 INFO neutron.db.ovn_revision_numbers_db [None req-a616b71c-cf68-4974-b996-3f15f67dcac7 a72b53b28ab844869eee847fd706c4b1 438eeca712434e89bfa7f9ef071394ff - - default default] Successfully bumped revision number for resource e4bcfdca-06bf-4344-82b6-5c20939567e7 (type: security_group_rules) to 0
2026-05-10 01:59:20.200 9 INFO neutron.wsgi [None req-a616b71c-cf68-4974-b996-3f15f67dcac7 a72b53b28ab844869eee847fd706c4b1 438eeca712434e89bfa7f9ef071394ff - - default default] 10.0.0.141 "GET /v2.0/security-groups?tenant_id=81b94e822b92460fbb64b91aa31d6eda&name=default HTTP/1.1" status: 200 len: 2996 time: 0.2857928
2026-05-10 01:59:20.233 10 INFO neutron.db.ovn_revision_numbers_db [None req-6662f4d5-b48f-4d0a-8a49-fa681984d5e0 0702315923124d3fb1d6a7ba306b6150 2ff9828cfcb64b7d9c369d4f6597c464 - - default default] Successfully bumped revision number for resource 666828d7-af84-4c52-aca3-abb17757579e (type: networks) to 1
2026-05-10 01:59:20.315 9 INFO neutron.db.ovn_revision_numbers_db [None req-1e66e95a-0df7-4755-be6a-3d3592cdd5fa 52b89ce1820048b6a290767c9b2d37e2 6e0a19aace854e228aa0533709a512f0 - - default default] Successfully bumped revision number for resource 87c078b1-4e1e-4f6f-8b78-bba7849d04ef (type: networks) to 1
2026-05-10 01:59:20.436 10 WARNING neutron.scheduler.dhcp_agent_scheduler [None req-6662f4d5-b48f-4d0a-8a49-fa681984d5e0 0702315923124d3fb1d6a7ba306b6150 2ff9828cfcb64b7d9c369d4f6597c464 - - default default] No more DHCP agents
2026-05-10 01:59:20.438 10 WARNING neutron.api.rpc.agentnotifiers.dhcp_rpc_agent_api [None req-6662f4d5-b48f-4d0a-8a49-fa681984d5e0 0702315923124d3fb1d6a7ba306b6150 2ff9828cfcb64b7d9c369d4f6597c464 - - default default] Unable to schedule network 666828d7-af84-4c52-aca3-abb17757579e: no agents available; will retry on subsequent port and subnet creation events.
2026-05-10 01:59:20.513 9 WARNING neutron.scheduler.dhcp_agent_scheduler [None req-1e66e95a-0df7-4755-be6a-3d3592cdd5fa 52b89ce1820048b6a290767c9b2d37e2 6e0a19aace854e228aa0533709a512f0 - - default default] No more DHCP agents
2026-05-10 01:59:20.514 9 WARNING neutron.api.rpc.agentnotifiers.dhcp_rpc_agent_api [None req-1e66e95a-0df7-4755-be6a-3d3592cdd5fa 52b89ce1820048b6a290767c9b2d37e2 6e0a19aace854e228aa0533709a512f0 - - default default] Unable to schedule network 87c078b1-4e1e-4f6f-8b78-bba7849d04ef: no agents available; will retry on subsequent port and subnet creation events.
2026-05-10 01:59:20.515 10 INFO neutron.db.ovn_revision_numbers_db [None req-6662f4d5-b48f-4d0a-8a49-fa681984d5e0 0702315923124d3fb1d6a7ba306b6150 2ff9828cfcb64b7d9c369d4f6597c464 - - default default] Successfully bumped revision number for resource 5fcceaf7-4b0d-4ece-a1bb-7aab24cb33d8 (type: ports) to 1
2026-05-10 01:59:20.529 9 INFO neutron.wsgi [None req-1c7c88de-981c-46f6-97a9-a2bb16c827c3 a72b53b28ab844869eee847fd706c4b1 438eeca712434e89bfa7f9ef071394ff - - default default] 10.0.0.141 "DELETE /v2.0/security-groups/5104dd10-7429-4d25-84ed-d50a1bc99c3f HTTP/1.1" status: 204 len: 168 time: 0.3241811
2026-05-10 01:59:20.535 10 INFO neutron.wsgi [None req-6662f4d5-b48f-4d0a-8a49-fa681984d5e0 0702315923124d3fb1d6a7ba306b6150 2ff9828cfcb64b7d9c369d4f6597c464 - - default default] 10.0.0.141 "POST /v2.0/networks HTTP/1.1" status: 201 len: 848 time: 0.5307302
2026-05-10 01:59:20.552 10 WARNING neutron_lib.context [None req-0565c1d4-0aeb-444b-bbbb-a59a0b1c4d44 0702315923124d3fb1d6a7ba306b6150 2ff9828cfcb64b7d9c369d4f6597c464 - - default default] Method 'is_advsvc' is deprecated since 2023.2 release (neutron-lib 3.8.0) and will be removed once support for the old RBAC API policies will be removed from Neutron. Please use method 'is_service_role' instead.
2026-05-10 01:59:20.617 9 INFO neutron.db.ovn_revision_numbers_db [None req-1e66e95a-0df7-4755-be6a-3d3592cdd5fa 52b89ce1820048b6a290767c9b2d37e2 6e0a19aace854e228aa0533709a512f0 - - default default] Successfully bumped revision number for resource 6583e50e-aa5e-42d5-af85-4e7b54eae8d9 (type: ports) to 1
2026-05-10 01:59:20.645 9 INFO neutron.wsgi [None req-1e66e95a-0df7-4755-be6a-3d3592cdd5fa 52b89ce1820048b6a290767c9b2d37e2 6e0a19aace854e228aa0533709a512f0 - - default default] 10.0.0.141 "POST /v2.0/networks HTTP/1.1" status: 201 len: 847 time: 0.9332929
2026-05-10 01:59:20.654 9 WARNING neutron_lib.context [None req-cf47eaec-c0ed-4194-ac7e-93cbc9d17dd6 52b89ce1820048b6a290767c9b2d37e2 6e0a19aace854e228aa0533709a512f0 - - default default] Method 'is_advsvc' is deprecated since 2023.2 release (neutron-lib 3.8.0) and will be removed once support for the old RBAC API policies will be removed from Neutron. Please use method 'is_service_role' instead.
2026-05-10 01:59:20.813 10 WARNING neutron_lib.context [None req-0565c1d4-0aeb-444b-bbbb-a59a0b1c4d44 0702315923124d3fb1d6a7ba306b6150 2ff9828cfcb64b7d9c369d4f6597c464 - - default default] Method 'is_advsvc' is deprecated since 2023.2 release (neutron-lib 3.8.0) and will be removed once support for the old RBAC API policies will be removed from Neutron. Please use method 'is_service_role' instead.
2026-05-10 01:59:20.842 9 INFO neutron.db.ovn_revision_numbers_db [None req-50f24833-6260-4b43-a364-dbd501aebb74 a72b53b28ab844869eee847fd706c4b1 438eeca712434e89bfa7f9ef071394ff - - default default] Successfully bumped revision number for resource b861eea5-47f0-4f7e-82b5-1898c3f3f636 (type: security_groups) to 1
2026-05-10 01:59:20.861 9 INFO neutron.db.ovn_revision_numbers_db [None req-50f24833-6260-4b43-a364-dbd501aebb74 a72b53b28ab844869eee847fd706c4b1 438eeca712434e89bfa7f9ef071394ff - - default default] Successfully bumped revision number for resource 0a338d8e-e0ae-4823-8f67-7986d9c382ce (type: security_group_rules) to 0
2026-05-10 01:59:20.886 9 INFO neutron.db.ovn_revision_numbers_db [None req-50f24833-6260-4b43-a364-dbd501aebb74 a72b53b28ab844869eee847fd706c4b1 438eeca712434e89bfa7f9ef071394ff - - default default] Successfully bumped revision number for resource 8310e57b-11a6-46d7-bbd2-cc3c9f4f3630 (type: security_group_rules) to 0
2026-05-10 01:59:20.905 9 INFO neutron.db.ovn_revision_numbers_db [None req-50f24833-6260-4b43-a364-dbd501aebb74 a72b53b28ab844869eee847fd706c4b1 438eeca712434e89bfa7f9ef071394ff - - default default] Successfully bumped revision number for resource c5c6d65a-c00c-4026-a1f9-ca0246075b7c (type: security_group_rules) to 0
2026-05-10 01:59:20.923 9 INFO neutron.db.ovn_revision_numbers_db [None req-50f24833-6260-4b43-a364-dbd501aebb74 a72b53b28ab844869eee847fd706c4b1 438eeca712434e89bfa7f9ef071394ff - - default default] Successfully bumped revision number for resource e26afa7a-cafc-4d3d-97f2-1dc8669834cf (type: security_group_rules) to 0
2026-05-10 01:59:20.964 9 WARNING neutron.scheduler.dhcp_agent_scheduler [None req-cf47eaec-c0ed-4194-ac7e-93cbc9d17dd6 52b89ce1820048b6a290767c9b2d37e2 6e0a19aace854e228aa0533709a512f0 - - default default] No more DHCP agents
2026-05-10 01:59:20.969 9 INFO neutron.wsgi [None req-50f24833-6260-4b43-a364-dbd501aebb74 a72b53b28ab844869eee847fd706c4b1 438eeca712434e89bfa7f9ef071394ff - - default default] 10.0.0.141 "GET /v2.0/security-groups?tenant_id=e118b6fc97564b6493b5481bd5299402&name=default HTTP/1.1" status: 200 len: 2996 time: 0.3124509
2026-05-10 01:59:20.970 9 WARNING neutron.api.rpc.agentnotifiers.dhcp_rpc_agent_api [None req-cf47eaec-c0ed-4194-ac7e-93cbc9d17dd6 52b89ce1820048b6a290767c9b2d37e2 6e0a19aace854e228aa0533709a512f0 - - default default] Unable to schedule network 87c078b1-4e1e-4f6f-8b78-bba7849d04ef: no agents available; will retry on subsequent port and subnet creation events.
2026-05-10 01:59:21.055 9 INFO neutron.db.ovn_revision_numbers_db [None req-cf47eaec-c0ed-4194-ac7e-93cbc9d17dd6 52b89ce1820048b6a290767c9b2d37e2 6e0a19aace854e228aa0533709a512f0 - - default default] Successfully bumped revision number for resource 9cf59d4c-cf83-4e7a-9d43-d5f7e52e7dc1 (type: ports) to 1
2026-05-10 01:59:21.077 9 INFO neutron.wsgi [None req-cf47eaec-c0ed-4194-ac7e-93cbc9d17dd6 52b89ce1820048b6a290767c9b2d37e2 6e0a19aace854e228aa0533709a512f0 - - default default] 10.0.0.141 "POST /v2.0/ports HTTP/1.1" status: 201 len: 976 time: 0.4270673 /var/lib/openstack/lib/python3.10/site-packages/pycadf/identifier.py:71: UserWarning: Invalid uuid: neutron. To ensure interoperability, identifiers should be a valid uuid. warnings.warn(('Invalid uuid: %s. To ensure interoperability, '
2026-05-10 01:59:21.088 9 WARNING neutron_lib.context [None req-a68d21cb-e5c8-42e9-bccf-0b65904da4dc 52b89ce1820048b6a290767c9b2d37e2 6e0a19aace854e228aa0533709a512f0 - - default default] Method 'is_advsvc' is deprecated since 2023.2 release (neutron-lib 3.8.0) and will be removed once support for the old RBAC API policies will be removed from Neutron. Please use method 'is_service_role' instead.
2026-05-10 01:59:21.179 9 INFO neutron.db.segments_db [None req-a68d21cb-e5c8-42e9-bccf-0b65904da4dc 52b89ce1820048b6a290767c9b2d37e2 6e0a19aace854e228aa0533709a512f0 - - default default] Added segment b1150329-6cc9-4d9f-841d-7ff2920fc75c of type geneve for network e664fd05-5a4c-470b-af38-1aa2222b2dfb
2026-05-10 01:59:21.218 10 WARNING neutron.scheduler.dhcp_agent_scheduler [None req-0565c1d4-0aeb-444b-bbbb-a59a0b1c4d44 0702315923124d3fb1d6a7ba306b6150 2ff9828cfcb64b7d9c369d4f6597c464 - - default default] No more DHCP agents
2026-05-10 01:59:21.224 10 WARNING neutron.api.rpc.agentnotifiers.dhcp_rpc_agent_api [None req-0565c1d4-0aeb-444b-bbbb-a59a0b1c4d44 0702315923124d3fb1d6a7ba306b6150 2ff9828cfcb64b7d9c369d4f6597c464 - - default default] Unable to schedule network e5089677-070c-4b8c-9e2c-96c2fa796f43: no agents available; will retry on subsequent port and subnet creation events.
2026-05-10 01:59:21.238 10 INFO neutron.wsgi [None req-6187649e-184a-4145-94ce-67f98a51132e a72b53b28ab844869eee847fd706c4b1 438eeca712434e89bfa7f9ef071394ff - - default default] 10.0.0.141 "DELETE /v2.0/security-groups/b861eea5-47f0-4f7e-82b5-1898c3f3f636 HTTP/1.1" status: 204 len: 168 time: 0.2641432
2026-05-10 01:59:21.324 10 INFO neutron.db.ovn_revision_numbers_db [None req-0565c1d4-0aeb-444b-bbbb-a59a0b1c4d44 0702315923124d3fb1d6a7ba306b6150 2ff9828cfcb64b7d9c369d4f6597c464 - - default default] Successfully bumped revision number for resource 164929c7-72c3-481e-9995-cf3d59001b3c (type: ports) to 1
2026-05-10 01:59:21.363 10 WARNING neutron.scheduler.dhcp_agent_scheduler [None req-0565c1d4-0aeb-444b-bbbb-a59a0b1c4d44 0702315923124d3fb1d6a7ba306b6150 2ff9828cfcb64b7d9c369d4f6597c464 - - default default] No more DHCP agents
2026-05-10 01:59:21.364 10 WARNING neutron.api.rpc.agentnotifiers.dhcp_rpc_agent_api [None req-0565c1d4-0aeb-444b-bbbb-a59a0b1c4d44 0702315923124d3fb1d6a7ba306b6150 2ff9828cfcb64b7d9c369d4f6597c464 - - default default] Unable to schedule network 666828d7-af84-4c52-aca3-abb17757579e: no agents available; will retry on subsequent port and subnet creation events.
2026-05-10 01:59:21.370 9 INFO neutron.db.ovn_revision_numbers_db [None req-a68d21cb-e5c8-42e9-bccf-0b65904da4dc 52b89ce1820048b6a290767c9b2d37e2 6e0a19aace854e228aa0533709a512f0 - - default default] Successfully bumped revision number for resource e664fd05-5a4c-470b-af38-1aa2222b2dfb (type: networks) to 1
2026-05-10 01:59:21.450 10 INFO neutron.db.ovn_revision_numbers_db [None req-0565c1d4-0aeb-444b-bbbb-a59a0b1c4d44 0702315923124d3fb1d6a7ba306b6150 2ff9828cfcb64b7d9c369d4f6597c464 - - default default] Successfully bumped revision number for resource 806a9c73-2fe1-4781-bfa7-8217fb2a5994 (type: ports) to 1
2026-05-10 01:59:21.482 10 INFO neutron.wsgi [None req-0565c1d4-0aeb-444b-bbbb-a59a0b1c4d44 0702315923124d3fb1d6a7ba306b6150 2ff9828cfcb64b7d9c369d4f6597c464 - - default default] 10.0.0.141 "POST /v2.0/ports HTTP/1.1" status: 201 len: 1705 time: 0.9419091 /var/lib/openstack/lib/python3.10/site-packages/pycadf/identifier.py:71: UserWarning: Invalid uuid: neutron. To ensure interoperability, identifiers should be a valid uuid. warnings.warn(('Invalid uuid: %s. To ensure interoperability, '
2026-05-10 01:59:21.543 9 WARNING neutron.scheduler.dhcp_agent_scheduler [None req-a68d21cb-e5c8-42e9-bccf-0b65904da4dc 52b89ce1820048b6a290767c9b2d37e2 6e0a19aace854e228aa0533709a512f0 - - default default] No more DHCP agents
2026-05-10 01:59:21.547 9 WARNING neutron.api.rpc.agentnotifiers.dhcp_rpc_agent_api [None req-a68d21cb-e5c8-42e9-bccf-0b65904da4dc 52b89ce1820048b6a290767c9b2d37e2 6e0a19aace854e228aa0533709a512f0 - - default default] Unable to schedule network e664fd05-5a4c-470b-af38-1aa2222b2dfb: no agents available; will retry on subsequent port and subnet creation events.
2026-05-10 01:59:21.617 10 INFO neutron.wsgi [None req-6747235a-3191-4372-9a2e-dfdff39beca7 0702315923124d3fb1d6a7ba306b6150 2ff9828cfcb64b7d9c369d4f6597c464 - - default default] 10.0.0.141 "GET /v2.0/ports HTTP/1.1" status: 200 len: 3212 time: 0.1289072
2026-05-10 01:59:21.621 9 INFO neutron.db.ovn_revision_numbers_db [None req-a68d21cb-e5c8-42e9-bccf-0b65904da4dc 52b89ce1820048b6a290767c9b2d37e2 6e0a19aace854e228aa0533709a512f0 - - default default] Successfully bumped revision number for resource f0568b6e-b753-492a-9891-f8a154f52e58 (type: ports) to 1
2026-05-10 01:59:21.642 9 INFO neutron.wsgi [None req-a68d21cb-e5c8-42e9-bccf-0b65904da4dc 52b89ce1820048b6a290767c9b2d37e2 6e0a19aace854e228aa0533709a512f0 - - default default] 10.0.0.141 "POST /v2.0/networks HTTP/1.1" status: 201 len: 834 time: 0.5603015
2026-05-10 01:59:21.652 9 WARNING neutron_lib.context [None req-488e79ea-6bb9-4cef-acaa-30f528b93c3d 52b89ce1820048b6a290767c9b2d37e2 6e0a19aace854e228aa0533709a512f0 - - default default] Method 'is_advsvc' is deprecated since 2023.2 release (neutron-lib 3.8.0) and will be removed once support for the old RBAC API policies will be removed from Neutron. Please use method 'is_service_role' instead.
2026-05-10 01:59:21.861 10 INFO neutron.wsgi [None req-4336c778-7f7c-42e4-90cd-05d76f9a1cb4 0702315923124d3fb1d6a7ba306b6150 2ff9828cfcb64b7d9c369d4f6597c464 - - default default] 10.0.0.141 "DELETE /v2.0/ports/164929c7-72c3-481e-9995-cf3d59001b3c HTTP/1.1" status: 204 len: 168 time: 0.2391839
2026-05-10 01:59:21.900 9 WARNING neutron.scheduler.dhcp_agent_scheduler [None req-488e79ea-6bb9-4cef-acaa-30f528b93c3d 52b89ce1820048b6a290767c9b2d37e2 6e0a19aace854e228aa0533709a512f0 - - default default] No more DHCP agents
2026-05-10 01:59:21.903 9 WARNING neutron.api.rpc.agentnotifiers.dhcp_rpc_agent_api [None req-488e79ea-6bb9-4cef-acaa-30f528b93c3d 52b89ce1820048b6a290767c9b2d37e2 6e0a19aace854e228aa0533709a512f0 - - default default] Unable to schedule network e664fd05-5a4c-470b-af38-1aa2222b2dfb: no agents available; will retry on subsequent port and subnet creation events.
2026-05-10 01:59:21.940 9 INFO neutron.db.ovn_revision_numbers_db [None req-488e79ea-6bb9-4cef-acaa-30f528b93c3d 52b89ce1820048b6a290767c9b2d37e2 6e0a19aace854e228aa0533709a512f0 - - default default] Successfully bumped revision number for resource 5a1ab652-ebc6-4569-8434-0024c66727d3 (type: subnets) to 0
2026-05-10 01:59:21.955 9 INFO neutron.wsgi [None req-488e79ea-6bb9-4cef-acaa-30f528b93c3d 52b89ce1820048b6a290767c9b2d37e2 6e0a19aace854e228aa0533709a512f0 - - default default] 10.0.0.141 "POST /v2.0/subnets HTTP/1.1" status: 201 len: 821 time: 0.3075597
2026-05-10 01:59:21.973 9 WARNING neutron_lib.context [None req-afd63476-db47-4ce0-a86b-ef96ec8bc0ed 52b89ce1820048b6a290767c9b2d37e2 6e0a19aace854e228aa0533709a512f0 - - default default] Method 'is_advsvc' is deprecated since 2023.2 release (neutron-lib 3.8.0) and will be removed once support for the old RBAC API policies will be removed from Neutron. Please use method 'is_service_role' instead.
2026-05-10 01:59:22.095 10 INFO neutron.wsgi [None req-0614fcd4-b581-4f45-8a6a-c788ca6ab0d1 0702315923124d3fb1d6a7ba306b6150 2ff9828cfcb64b7d9c369d4f6597c464 - - default default] 10.0.0.141 "DELETE /v2.0/ports/806a9c73-2fe1-4781-bfa7-8217fb2a5994 HTTP/1.1" status: 204 len: 168 time: 0.2290273
2026-05-10 01:59:22.138 10 INFO neutron.wsgi [None req-b0c74c67-4620-43b2-9c73-5dfcc9a443f8 0702315923124d3fb1d6a7ba306b6150 2ff9828cfcb64b7d9c369d4f6597c464 - - default default] 10.0.0.141 "GET /v2.0/ports HTTP/1.1" status: 200 len: 1718 time: 0.0382416
2026-05-10 01:59:22.152 10 WARNING neutron_lib.context [None req-0c6c8d65-2f0f-472c-8b68-b3e9bb5cbfd2 0702315923124d3fb1d6a7ba306b6150 2ff9828cfcb64b7d9c369d4f6597c464 - - default default] Method 'is_advsvc' is deprecated since 2023.2 release (neutron-lib 3.8.0) and will be removed once support for the old RBAC API policies will be removed from Neutron. Please use method 'is_service_role' instead.
