2026-05-10 02:01:37.991 9 INFO neutron.wsgi [req-af93ac9c-5bee-46dc-9b60-464b6eaee052 req-abe6d97d-78e8-4240-8893-98789e7ec25e 2997b4e0393c4cb9aca06d6143a03f5e 2e8187c5a7ff43bab0ed3ccb93cd3460 - - 41a00e5bc1624bae9876524ff7500768 41a00e5bc1624bae9876524ff7500768] 199.204.45.238 "GET /v2.0/ports?tenant_id=6ae4d59a58114a678f323ed209caea82&device_id=3cd3fabc-0a93-432e-8c6c-0bda951de58e HTTP/1.1" status: 200 len: 1411 time: 0.0431287
2026-05-10 02:01:38.029 9 INFO neutron.wsgi [req-af93ac9c-5bee-46dc-9b60-464b6eaee052 req-e6ecb8c0-447f-4ab0-bb70-233a242a7531 2997b4e0393c4cb9aca06d6143a03f5e 2e8187c5a7ff43bab0ed3ccb93cd3460 - - 41a00e5bc1624bae9876524ff7500768 41a00e5bc1624bae9876524ff7500768] 199.204.45.238 "GET /v2.0/floatingips?fixed_ip_address=10.100.0.13&port_id=de96115c-aa4d-4d8a-9b5f-b1c6301e8a9c HTTP/1.1" status: 200 len: 217 time: 0.0307343
2026-05-10 02:01:38.067 9 INFO neutron.wsgi [req-af93ac9c-5bee-46dc-9b60-464b6eaee052 req-bc35a768-5f63-4721-9729-7dec8132ce89 2997b4e0393c4cb9aca06d6143a03f5e 2e8187c5a7ff43bab0ed3ccb93cd3460 - - 41a00e5bc1624bae9876524ff7500768 41a00e5bc1624bae9876524ff7500768] 199.204.45.238 "GET /v2.0/subnets?id=8e0ec7ec-9b88-4f53-9a0a-0484f9637ea6 HTTP/1.1" status: 200 len: 853 time: 0.0308182
2026-05-10 02:01:38.090 9 INFO neutron.wsgi [req-af93ac9c-5bee-46dc-9b60-464b6eaee052 req-fe040613-b22c-4715-afa5-64dc46b251f8 2997b4e0393c4cb9aca06d6143a03f5e 2e8187c5a7ff43bab0ed3ccb93cd3460 - - 41a00e5bc1624bae9876524ff7500768 41a00e5bc1624bae9876524ff7500768] 199.204.45.238 "GET /v2.0/ports?network_id=dd5f351a-cc75-446b-bada-d51654ec2e0d&device_owner=network%3Adhcp HTTP/1.1" status: 200 len: 210 time: 0.0168128
2026-05-10 02:01:38.112 10 INFO neutron.wsgi [req-4d0afe1c-05d2-4133-b5c6-dd071b399fb8 req-c71b55ed-030a-4542-b386-2c7ea08bfcd4 a935da20c9f442e0bd62dc44e90d411d 6ae4d59a58114a678f323ed209caea82 - - default default] 10.0.0.134 "GET /v2.0/ports?device_id=3cd3fabc-0a93-432e-8c6c-0bda951de58e HTTP/1.1" status: 200 len: 1172 time: 0.0475893
2026-05-10 02:01:38.154 9 INFO neutron.wsgi [req-af93ac9c-5bee-46dc-9b60-464b6eaee052 req-04a5398a-dc79-45b2-9b0b-1b9b7eda867a 2997b4e0393c4cb9aca06d6143a03f5e 2e8187c5a7ff43bab0ed3ccb93cd3460 - - 41a00e5bc1624bae9876524ff7500768 41a00e5bc1624bae9876524ff7500768] 199.204.45.238 "GET /v2.0/networks/dd5f351a-cc75-446b-bada-d51654ec2e0d?fields=segments HTTP/1.1" status: 200 len: 212 time: 0.0577159
2026-05-10 02:01:38.159 10 INFO neutron.wsgi [req-4d0afe1c-05d2-4133-b5c6-dd071b399fb8 req-68ff5d7f-2c33-4aa0-ae72-fb37463602ce a935da20c9f442e0bd62dc44e90d411d 6ae4d59a58114a678f323ed209caea82 - - default default] 10.0.0.134 "GET /v2.0/security-groups?id=29eebb06-583c-4b2e-b7e8-323d510c73e0&fields=id&fields=name HTTP/1.1" status: 200 len: 313 time: 0.0395985
2026-05-10 02:01:38.209 9 INFO neutron.wsgi [req-af93ac9c-5bee-46dc-9b60-464b6eaee052 req-784bad77-d5a4-42de-8a81-485280923e4d 2997b4e0393c4cb9aca06d6143a03f5e 2e8187c5a7ff43bab0ed3ccb93cd3460 - - 41a00e5bc1624bae9876524ff7500768 41a00e5bc1624bae9876524ff7500768] 199.204.45.238 "GET /v2.0/networks/dd5f351a-cc75-446b-bada-d51654ec2e0d?fields=provider%3Aphysical_network&fields=provider%3Anetwork_type HTTP/1.1" status: 200 len: 277 time: 0.0490584
2026-05-10 02:01:38.298 9 INFO neutron.wsgi [req-5d0ac69b-2b9f-4711-a938-6973e541bc48 req-53595226-b874-41b5-8bf1-48c754b96bcf 2997b4e0393c4cb9aca06d6143a03f5e 2e8187c5a7ff43bab0ed3ccb93cd3460 - - 41a00e5bc1624bae9876524ff7500768 41a00e5bc1624bae9876524ff7500768] 199.204.45.238 "GET /v2.0/ports?tenant_id=6ae4d59a58114a678f323ed209caea82&device_id=3cd3fabc-0a93-432e-8c6c-0bda951de58e HTTP/1.1" status: 200 len: 1411 time: 0.0473936
2026-05-10 02:01:38.367 9 INFO neutron.wsgi [req-5d0ac69b-2b9f-4711-a938-6973e541bc48 req-16f3af5f-b6e9-42c1-b03e-28a34af5a7eb 2997b4e0393c4cb9aca06d6143a03f5e 2e8187c5a7ff43bab0ed3ccb93cd3460 - - 41a00e5bc1624bae9876524ff7500768 41a00e5bc1624bae9876524ff7500768] 199.204.45.238 "GET /v2.0/networks?id=dd5f351a-cc75-446b-bada-d51654ec2e0d HTTP/1.1" status: 200 len: 959 time: 0.0639231
2026-05-10 02:01:38.392 10 INFO neutron.plugins.ml2.drivers.ovn.mech_driver.mech_driver [None req-b16e519a-6e9a-4667-a667-1917cb12fb06 - - - - - -] OVN reports status up for port: de96115c-aa4d-4d8a-9b5f-b1c6301e8a9c
2026-05-10 02:01:38.398 9 INFO neutron.wsgi [req-5d0ac69b-2b9f-4711-a938-6973e541bc48 req-9a178bf7-f043-48c5-b46d-ad80d70237ff 2997b4e0393c4cb9aca06d6143a03f5e 2e8187c5a7ff43bab0ed3ccb93cd3460 - - 41a00e5bc1624bae9876524ff7500768 41a00e5bc1624bae9876524ff7500768] 199.204.45.238 "GET /v2.0/floatingips?fixed_ip_address=10.100.0.13&port_id=de96115c-aa4d-4d8a-9b5f-b1c6301e8a9c HTTP/1.1" status: 200 len: 217 time: 0.0234563
2026-05-10 02:01:38.422 10 INFO neutron.plugins.ml2.plugin [None req-b16e519a-6e9a-4667-a667-1917cb12fb06 - - - - - -] Attempt 1 to provision port de96115c-aa4d-4d8a-9b5f-b1c6301e8a9c
2026-05-10 02:01:38.439 9 INFO neutron.wsgi [req-5d0ac69b-2b9f-4711-a938-6973e541bc48 req-0a771599-1540-48cd-a6ad-ef76c4842ef6 2997b4e0393c4cb9aca06d6143a03f5e 2e8187c5a7ff43bab0ed3ccb93cd3460 - - 41a00e5bc1624bae9876524ff7500768 41a00e5bc1624bae9876524ff7500768] 199.204.45.238 "GET /v2.0/subnets?id=8e0ec7ec-9b88-4f53-9a0a-0484f9637ea6 HTTP/1.1" status: 200 len: 853 time: 0.0353014
2026-05-10 02:01:38.473 9 INFO neutron.wsgi [req-5d0ac69b-2b9f-4711-a938-6973e541bc48 req-43872f66-c097-4021-a642-e090fe4f53ce 2997b4e0393c4cb9aca06d6143a03f5e 2e8187c5a7ff43bab0ed3ccb93cd3460 - - 41a00e5bc1624bae9876524ff7500768 41a00e5bc1624bae9876524ff7500768] 199.204.45.238 "GET /v2.0/ports?network_id=dd5f351a-cc75-446b-bada-d51654ec2e0d&device_owner=network%3Adhcp HTTP/1.1" status: 200 len: 210 time: 0.0268226
2026-05-10 02:01:38.548 10 INFO neutron.notifiers.nova [-] Nova event matching ['req-3b422243-1a6a-4b21-addf-2f71478a9e69'] response: {'server_uuid': '3cd3fabc-0a93-432e-8c6c-0bda951de58e', 'name': 'network-vif-plugged', 'status': 'completed', 'tag': 'de96115c-aa4d-4d8a-9b5f-b1c6301e8a9c', 'code': 200}
2026-05-10 02:01:38.556 9 INFO neutron.wsgi [req-5d0ac69b-2b9f-4711-a938-6973e541bc48 req-09c86a42-545b-49e9-a53e-6089e19e695b 2997b4e0393c4cb9aca06d6143a03f5e 2e8187c5a7ff43bab0ed3ccb93cd3460 - - 41a00e5bc1624bae9876524ff7500768 41a00e5bc1624bae9876524ff7500768] 199.204.45.238 "GET /v2.0/networks/dd5f351a-cc75-446b-bada-d51654ec2e0d?fields=segments HTTP/1.1" status: 200 len: 212 time: 0.0748546
2026-05-10 02:01:38.615 9 INFO neutron.wsgi [req-5d0ac69b-2b9f-4711-a938-6973e541bc48 req-29477659-3e8b-41d9-b502-5c9924dde6f1 2997b4e0393c4cb9aca06d6143a03f5e 2e8187c5a7ff43bab0ed3ccb93cd3460 - - 41a00e5bc1624bae9876524ff7500768 41a00e5bc1624bae9876524ff7500768] 199.204.45.238 "GET /v2.0/networks/dd5f351a-cc75-446b-bada-d51654ec2e0d?fields=provider%3Aphysical_network&fields=provider%3Anetwork_type HTTP/1.1" status: 200 len: 277 time: 0.0538309
2026-05-10 02:01:38.734 10 INFO neutron.db.ovn_revision_numbers_db [None req-b16e519a-6e9a-4667-a667-1917cb12fb06 - - - - - -] Successfully bumped revision number for resource de96115c-aa4d-4d8a-9b5f-b1c6301e8a9c (type: ports) to 4 /var/lib/openstack/lib/python3.10/site-packages/pycadf/identifier.py:71: UserWarning: Invalid uuid: neutron. To ensure interoperability, identifiers should be a valid uuid. warnings.warn(('Invalid uuid: %s. To ensure interoperability, '
2026-05-10 02:01:39.154 10 WARNING neutron_lib.context [None req-068daf15-4410-429a-87b1-740f2609ee1f b697fb1435694b42b9fcd8ac7942602e b5f5f226d17848dc9a5b402f27bc097c - - default default] Method 'is_advsvc' is deprecated since 2023.2 release (neutron-lib 3.8.0) and will be removed once support for the old RBAC API policies will be removed from Neutron. Please use method 'is_service_role' instead.
2026-05-10 02:01:39.201 10 INFO neutron.wsgi [None req-068daf15-4410-429a-87b1-740f2609ee1f b697fb1435694b42b9fcd8ac7942602e b5f5f226d17848dc9a5b402f27bc097c - - default default] 10.0.0.141 "POST /v2.0/subnetpools HTTP/1.1" status: 201 len: 715 time: 0.1995697
2026-05-10 02:01:39.256 10 INFO neutron.wsgi [None req-3bdd41e8-c6b6-48e0-b631-a3f2ecbeb684 b697fb1435694b42b9fcd8ac7942602e b5f5f226d17848dc9a5b402f27bc097c - - default default] 10.0.0.141 "PUT /v2.0/subnetpools/959f7613-3cdc-4dc3-86f2-328873210273/tags HTTP/1.1" status: 200 len: 218 time: 0.0469115
2026-05-10 02:01:39.277 10 INFO neutron.wsgi [req-7511a885-7e1e-49de-86b9-01bf2cf31d99 req-441fa8c1-1c04-4daa-8659-90d7c34c6c9a a935da20c9f442e0bd62dc44e90d411d 6ae4d59a58114a678f323ed209caea82 - - default default] 10.0.0.134 "GET /v2.0/ports?device_id=3cd3fabc-0a93-432e-8c6c-0bda951de58e HTTP/1.1" status: 200 len: 1174 time: 0.0485287
2026-05-10 02:01:39.289 10 INFO neutron.wsgi [None req-9b63e225-86bf-4874-a0b1-dd1e5599de35 b697fb1435694b42b9fcd8ac7942602e b5f5f226d17848dc9a5b402f27bc097c - - default default] 10.0.0.141 "GET /v2.0/subnetpools/959f7613-3cdc-4dc3-86f2-328873210273/tags HTTP/1.1" status: 200 len: 218 time: 0.0266500
2026-05-10 02:01:39.337 10 INFO neutron.wsgi [None req-cb03aa75-373a-49f8-9e3a-2723d8a5ee7f b697fb1435694b42b9fcd8ac7942602e b5f5f226d17848dc9a5b402f27bc097c - - default default] 10.0.0.141 "PUT /v2.0/subnetpools/959f7613-3cdc-4dc3-86f2-328873210273/tags/green HTTP/1.1" status: 201 len: 201 time: 0.0451734
2026-05-10 02:01:39.342 10 INFO neutron.wsgi [req-7511a885-7e1e-49de-86b9-01bf2cf31d99 req-6f87ab93-6f61-4f35-9c84-023c86fbbad9 a935da20c9f442e0bd62dc44e90d411d 6ae4d59a58114a678f323ed209caea82 - - default default] 10.0.0.134 "GET /v2.0/security-groups?id=29eebb06-583c-4b2e-b7e8-323d510c73e0&fields=id&fields=name HTTP/1.1" status: 200 len: 313 time: 0.0548117
2026-05-10 02:01:39.374 10 INFO neutron.wsgi [None req-770502af-40b1-4da0-9de1-b447b51e9d91 b697fb1435694b42b9fcd8ac7942602e b5f5f226d17848dc9a5b402f27bc097c - - default default] 10.0.0.141 "GET /v2.0/subnetpools/959f7613-3cdc-4dc3-86f2-328873210273/tags HTTP/1.1" status: 200 len: 227 time: 0.0282836
2026-05-10 02:01:39.408 10 INFO neutron.wsgi [None req-1c04adf1-3b63-473f-a95d-7fc8ce7fd566 b697fb1435694b42b9fcd8ac7942602e b5f5f226d17848dc9a5b402f27bc097c - - default default] 10.0.0.141 "PUT /v2.0/subnetpools/959f7613-3cdc-4dc3-86f2-328873210273/tags/red HTTP/1.1" status: 201 len: 201 time: 0.0288706
2026-05-10 02:01:39.437 10 INFO neutron.wsgi [None req-a3651994-8e1b-46a1-8520-552b444f7ae0 b697fb1435694b42b9fcd8ac7942602e b5f5f226d17848dc9a5b402f27bc097c - - default default] 10.0.0.141 "GET /v2.0/subnetpools/959f7613-3cdc-4dc3-86f2-328873210273/tags HTTP/1.1" status: 200 len: 227 time: 0.0231080
2026-05-10 02:01:39.475 10 INFO neutron.wsgi [None req-d7104a4b-7b0f-40fc-bcd5-2f060138169a b697fb1435694b42b9fcd8ac7942602e b5f5f226d17848dc9a5b402f27bc097c - - default default] 10.0.0.141 "PUT /v2.0/subnetpools/959f7613-3cdc-4dc3-86f2-328873210273/tags/black.or.white HTTP/1.1" status: 201 len: 201 time: 0.0348227
2026-05-10 02:01:39.501 10 INFO neutron.wsgi [None req-d84bcb4d-9c0e-4cdf-b63f-6253ff54b046 b697fb1435694b42b9fcd8ac7942602e b5f5f226d17848dc9a5b402f27bc097c - - default default] 10.0.0.141 "GET /v2.0/subnetpools/959f7613-3cdc-4dc3-86f2-328873210273/tags HTTP/1.1" status: 200 len: 245 time: 0.0201080
2026-05-10 02:01:39.542 10 INFO neutron.wsgi [None req-cb347b07-673b-4fed-86ac-6d513f46156b b697fb1435694b42b9fcd8ac7942602e b5f5f226d17848dc9a5b402f27bc097c - - default default] 10.0.0.141 "PUT /v2.0/subnetpools/959f7613-3cdc-4dc3-86f2-328873210273/tags HTTP/1.1" status: 200 len: 230 time: 0.0374534
2026-05-10 02:01:39.571 10 INFO neutron.wsgi [None req-13ebac89-4080-4986-9531-e33ea8f0345e b697fb1435694b42b9fcd8ac7942602e b5f5f226d17848dc9a5b402f27bc097c - - default default] 10.0.0.141 "GET /v2.0/subnetpools/959f7613-3cdc-4dc3-86f2-328873210273/tags HTTP/1.1" status: 200 len: 230 time: 0.0245287
2026-05-10 02:01:39.600 10 INFO neutron.wsgi [None req-9d712a56-e6ca-43a9-b691-711b2c09db8a b697fb1435694b42b9fcd8ac7942602e b5f5f226d17848dc9a5b402f27bc097c - - default default] 10.0.0.141 "GET /v2.0/subnetpools/959f7613-3cdc-4dc3-86f2-328873210273/tags/red HTTP/1.1" status: 204 len: 168 time: 0.0232863
2026-05-10 02:01:39.627 10 INFO neutron.api.v2.resource [None req-eaa294b0-0b27-45ff-8189-fc0e96d314d5 b697fb1435694b42b9fcd8ac7942602e b5f5f226d17848dc9a5b402f27bc097c - - default default] show failed (client error): The resource could not be found.
2026-05-10 02:01:39.629 10 INFO neutron.wsgi [None req-eaa294b0-0b27-45ff-8189-fc0e96d314d5 b697fb1435694b42b9fcd8ac7942602e b5f5f226d17848dc9a5b402f27bc097c - - default default] 10.0.0.141 "GET /v2.0/subnetpools/959f7613-3cdc-4dc3-86f2-328873210273/tags/green HTTP/1.1" status: 404 len: 299 time: 0.0239153
2026-05-10 02:01:39.670 10 INFO neutron.wsgi [None req-81d65b6d-c348-4d74-8731-3af36d0aaae0 b697fb1435694b42b9fcd8ac7942602e b5f5f226d17848dc9a5b402f27bc097c - - default default] 10.0.0.141 "DELETE /v2.0/subnetpools/959f7613-3cdc-4dc3-86f2-328873210273/tags/red HTTP/1.1" status: 204 len: 168 time: 0.0363834
2026-05-10 02:01:39.698 10 INFO neutron.wsgi [None req-8f0a3d83-0ec7-478c-a7ed-5a0f166d9791 b697fb1435694b42b9fcd8ac7942602e b5f5f226d17848dc9a5b402f27bc097c - - default default] 10.0.0.141 "GET /v2.0/subnetpools/959f7613-3cdc-4dc3-86f2-328873210273/tags HTTP/1.1" status: 200 len: 223 time: 0.0236425
2026-05-10 02:01:39.725 10 INFO neutron.api.v2.resource [None req-9f336a8e-5895-4d0a-a8d9-d5c8923c4885 b697fb1435694b42b9fcd8ac7942602e b5f5f226d17848dc9a5b402f27bc097c - - default default] delete failed (client error): The resource could not be found.
2026-05-10 02:01:39.726 10 INFO neutron.wsgi [None req-9f336a8e-5895-4d0a-a8d9-d5c8923c4885 b697fb1435694b42b9fcd8ac7942602e b5f5f226d17848dc9a5b402f27bc097c - - default default] 10.0.0.141 "DELETE /v2.0/subnetpools/959f7613-3cdc-4dc3-86f2-328873210273/tags/green HTTP/1.1" status: 404 len: 299 time: 0.0231340
2026-05-10 02:01:39.767 10 INFO neutron.wsgi [None req-136fd0bc-d515-4bf0-93d3-108b930f1870 b697fb1435694b42b9fcd8ac7942602e b5f5f226d17848dc9a5b402f27bc097c - - default default] 10.0.0.141 "DELETE /v2.0/subnetpools/959f7613-3cdc-4dc3-86f2-328873210273/tags HTTP/1.1" status: 204 len: 168 time: 0.0365484
2026-05-10 02:01:39.792 10 INFO neutron.wsgi [None req-ce7e1526-33d2-486b-8edb-ea36862dabf3 b697fb1435694b42b9fcd8ac7942602e b5f5f226d17848dc9a5b402f27bc097c - - default default] 10.0.0.141 "GET /v2.0/subnetpools/959f7613-3cdc-4dc3-86f2-328873210273/tags HTTP/1.1" status: 200 len: 205 time: 0.0193582
2026-05-10 02:01:39.852 10 INFO neutron.wsgi [None req-3a2be5aa-1e9e-4115-aab3-8f91bd2ec354 b697fb1435694b42b9fcd8ac7942602e b5f5f226d17848dc9a5b402f27bc097c - - default default] 10.0.0.141 "DELETE /v2.0/subnetpools/959f7613-3cdc-4dc3-86f2-328873210273 HTTP/1.1" status: 204 len: 168 time: 0.0541921
2026-05-10 02:01:40.596 10 INFO neutron.notifiers.nova [-] Nova event matching ['req-5dfd54c6-104d-4b32-a20d-ddec2fbf501e'] response: {'server_uuid': '3cd3fabc-0a93-432e-8c6c-0bda951de58e', 'name': 'network-vif-plugged', 'status': 'completed', 'tag': 'de96115c-aa4d-4d8a-9b5f-b1c6301e8a9c', 'code': 200}
2026-05-10 02:01:40.773 9 INFO neutron.wsgi [req-36dd64db-26ae-48d5-a6e2-4c376b34623d req-2a8e4bd2-9950-4278-ad24-f7cf3af8b0aa a935da20c9f442e0bd62dc44e90d411d 6ae4d59a58114a678f323ed209caea82 - - default default] 10.0.0.134 "GET /v2.0/ports?device_id=3cd3fabc-0a93-432e-8c6c-0bda951de58e HTTP/1.1" status: 200 len: 1174 time: 0.3593705
2026-05-10 02:01:40.795 10 INFO neutron.db.ovn_revision_numbers_db [None req-999d4df6-3ca2-4998-96ae-67b158b0a737 a72b53b28ab844869eee847fd706c4b1 438eeca712434e89bfa7f9ef071394ff - - default default] Successfully bumped revision number for resource 7cc9323e-aece-44c7-98ed-cea8d00a48d1 (type: security_groups) to 1
2026-05-10 02:01:40.823 10 INFO neutron.db.ovn_revision_numbers_db [None req-999d4df6-3ca2-4998-96ae-67b158b0a737 a72b53b28ab844869eee847fd706c4b1 438eeca712434e89bfa7f9ef071394ff - - default default] Successfully bumped revision number for resource 0ed6275f-4dcf-49fa-a020-07b6bcd4a155 (type: security_group_rules) to 0
2026-05-10 02:01:40.827 9 INFO neutron.wsgi [req-36dd64db-26ae-48d5-a6e2-4c376b34623d req-7718ad46-7499-4c05-9c5c-0e031837b303 a935da20c9f442e0bd62dc44e90d411d 6ae4d59a58114a678f323ed209caea82 - - default default] 10.0.0.134 "GET /v2.0/security-groups?id=29eebb06-583c-4b2e-b7e8-323d510c73e0&fields=id&fields=name HTTP/1.1" status: 200 len: 313 time: 0.0472248
2026-05-10 02:01:40.840 10 INFO neutron.db.ovn_revision_numbers_db [None req-999d4df6-3ca2-4998-96ae-67b158b0a737 a72b53b28ab844869eee847fd706c4b1 438eeca712434e89bfa7f9ef071394ff - - default default] Successfully bumped revision number for resource 501a76a4-ce53-46fa-91a5-4c480cbf2381 (type: security_group_rules) to 0
2026-05-10 02:01:40.868 10 INFO neutron.db.ovn_revision_numbers_db [None req-999d4df6-3ca2-4998-96ae-67b158b0a737 a72b53b28ab844869eee847fd706c4b1 438eeca712434e89bfa7f9ef071394ff - - default default] Successfully bumped revision number for resource b1786e3c-8a90-403e-80fb-be2191baaf86 (type: security_group_rules) to 0
2026-05-10 02:01:40.886 10 INFO neutron.db.ovn_revision_numbers_db [None req-999d4df6-3ca2-4998-96ae-67b158b0a737 a72b53b28ab844869eee847fd706c4b1 438eeca712434e89bfa7f9ef071394ff - - default default] Successfully bumped revision number for resource e3c64624-85e6-473b-88f1-138b6c14efbb (type: security_group_rules) to 0
2026-05-10 02:01:40.931 10 INFO neutron.wsgi [None req-999d4df6-3ca2-4998-96ae-67b158b0a737 a72b53b28ab844869eee847fd706c4b1 438eeca712434e89bfa7f9ef071394ff - - default default] 10.0.0.141 "GET /v2.0/security-groups?tenant_id=b5f5f226d17848dc9a5b402f27bc097c&name=default HTTP/1.1" status: 200 len: 3000 time: 0.3498800
2026-05-10 02:01:41.004 10 INFO neutron.wsgi [req-21f6c768-7882-463e-a3b6-9bf57e6ea110 req-8f1bbdd5-dbde-4d46-9353-51b5f057f26f a935da20c9f442e0bd62dc44e90d411d 6ae4d59a58114a678f323ed209caea82 - - default default] 10.0.0.134 "GET /v2.0/ports?device_id=3cd3fabc-0a93-432e-8c6c-0bda951de58e HTTP/1.1" status: 200 len: 1174 time: 0.1023889
2026-05-10 02:01:41.065 10 INFO neutron.wsgi [req-21f6c768-7882-463e-a3b6-9bf57e6ea110 req-6e305a83-8b1b-43fe-9607-f8b503527a79 a935da20c9f442e0bd62dc44e90d411d 6ae4d59a58114a678f323ed209caea82 - - default default] 10.0.0.134 "GET /v2.0/security-groups?id=29eebb06-583c-4b2e-b7e8-323d510c73e0&fields=id&fields=name HTTP/1.1" status: 200 len: 313 time: 0.0517035
2026-05-10 02:01:41.152 9 INFO neutron.wsgi [None req-03a2f992-4353-4ee6-ac27-dad408af8e99 915f0fff82944384a5477be268b85061 7e972f0b4105486e800e8ae14011e616 - - default default] 10.0.0.141 "GET /v2.0/ports?device_id=3cd3fabc-0a93-432e-8c6c-0bda951de58e HTTP/1.1" status: 200 len: 1408 time: 0.0481358
2026-05-10 02:01:41.203 9 INFO neutron.wsgi [None req-0ea4da65-17c4-4c79-b439-33b5a1d3d391 a72b53b28ab844869eee847fd706c4b1 438eeca712434e89bfa7f9ef071394ff - - default default] 10.0.0.141 "DELETE /v2.0/security-groups/7cc9323e-aece-44c7-98ed-cea8d00a48d1 HTTP/1.1" status: 204 len: 168 time: 0.2663424
2026-05-10 02:01:41.466 10 INFO neutron.db.ovn_revision_numbers_db [None req-64685161-07cf-4028-b9d3-db6d1d51d243 a72b53b28ab844869eee847fd706c4b1 438eeca712434e89bfa7f9ef071394ff - - default default] Successfully bumped revision number for resource e4257c8e-1c9d-4ee0-92cb-829616cdde8b (type: security_groups) to 1
2026-05-10 02:01:41.489 10 INFO neutron.db.ovn_revision_numbers_db [None req-64685161-07cf-4028-b9d3-db6d1d51d243 a72b53b28ab844869eee847fd706c4b1 438eeca712434e89bfa7f9ef071394ff - - default default] Successfully bumped revision number for resource 027291b0-ae01-4fe6-8ab1-e6d2c88f626d (type: security_group_rules) to 0
2026-05-10 02:01:41.492 9 INFO neutron.db.l3_db [None req-31e31d27-115c-4a7d-a808-fed00b5cda67 a935da20c9f442e0bd62dc44e90d411d 6ae4d59a58114a678f323ed209caea82 - - default default] Floating IP 748bcbfe-94cc-42cc-8b59-aa1d877f16d7 associated. External IP: 10.96.250.215, port: de96115c-aa4d-4d8a-9b5f-b1c6301e8a9c.
2026-05-10 02:01:41.508 10 INFO neutron.db.ovn_revision_numbers_db [None req-64685161-07cf-4028-b9d3-db6d1d51d243 a72b53b28ab844869eee847fd706c4b1 438eeca712434e89bfa7f9ef071394ff - - default default] Successfully bumped revision number for resource 9cda3bf9-776e-45b2-bf22-571945403a2e (type: security_group_rules) to 0
2026-05-10 02:01:41.523 10 INFO neutron.db.ovn_revision_numbers_db [None req-64685161-07cf-4028-b9d3-db6d1d51d243 a72b53b28ab844869eee847fd706c4b1 438eeca712434e89bfa7f9ef071394ff - - default default] Successfully bumped revision number for resource cf5ecb78-072e-4e8e-a888-525a0858a1be (type: security_group_rules) to 0
2026-05-10 02:01:41.537 10 INFO neutron.db.ovn_revision_numbers_db [None req-64685161-07cf-4028-b9d3-db6d1d51d243 a72b53b28ab844869eee847fd706c4b1 438eeca712434e89bfa7f9ef071394ff - - default default] Successfully bumped revision number for resource df66ce2a-59c7-4f14-8132-630b850ba9a2 (type: security_group_rules) to 0
2026-05-10 02:01:41.560 10 INFO neutron.wsgi [None req-64685161-07cf-4028-b9d3-db6d1d51d243 a72b53b28ab844869eee847fd706c4b1 438eeca712434e89bfa7f9ef071394ff - - default default] 10.0.0.141 "GET /v2.0/security-groups?tenant_id=e0d0b811d68b4da9afaadb28f297dfb9&name=default HTTP/1.1" status: 200 len: 3000 time: 0.2193696
2026-05-10 02:01:41.757 9 INFO neutron.db.ovn_revision_numbers_db [None req-31e31d27-115c-4a7d-a808-fed00b5cda67 a935da20c9f442e0bd62dc44e90d411d 6ae4d59a58114a678f323ed209caea82 - - default default] Successfully bumped revision number for resource 748bcbfe-94cc-42cc-8b59-aa1d877f16d7 (type: floatingips) to 4
2026-05-10 02:01:41.776 10 INFO neutron.wsgi [None req-de9dc1f6-8521-4625-a529-697543309d24 a72b53b28ab844869eee847fd706c4b1 438eeca712434e89bfa7f9ef071394ff - - default default] 10.0.0.141 "DELETE /v2.0/security-groups/e4257c8e-1c9d-4ee0-92cb-829616cdde8b HTTP/1.1" status: 204 len: 168 time: 0.2105505
2026-05-10 02:01:41.901 9 INFO neutron.db.ovn_revision_numbers_db [None req-31e31d27-115c-4a7d-a808-fed00b5cda67 a935da20c9f442e0bd62dc44e90d411d 6ae4d59a58114a678f323ed209caea82 - - default default] Successfully bumped revision number for resource 748bcbfe-94cc-42cc-8b59-aa1d877f16d7 (type: floatingips) to 5
2026-05-10 02:01:41.932 9 INFO neutron.wsgi [None req-31e31d27-115c-4a7d-a808-fed00b5cda67 a935da20c9f442e0bd62dc44e90d411d 6ae4d59a58114a678f323ed209caea82 - - default default] 10.0.0.141 "PUT /v2.0/floatingips/748bcbfe-94cc-42cc-8b59-aa1d877f16d7 HTTP/1.1" status: 200 len: 1050 time: 0.7725074
2026-05-10 02:01:41.980 9 INFO neutron.notifiers.nova [-] Nova event matching ['req-153e21d6-d423-4e95-b417-2666c3906bc0'] response: {'name': 'network-changed', 'server_uuid': '3cd3fabc-0a93-432e-8c6c-0bda951de58e', 'tag': 'de96115c-aa4d-4d8a-9b5f-b1c6301e8a9c', 'status': 'completed', 'code': 200}
2026-05-10 02:01:41.989 10 INFO neutron.wsgi [None req-ff379400-08ae-486d-aec7-f23c0255c1d6 a935da20c9f442e0bd62dc44e90d411d 6ae4d59a58114a678f323ed209caea82 - - default default] 10.0.0.141 "GET /v2.0/floatingips/748bcbfe-94cc-42cc-8b59-aa1d877f16d7 HTTP/1.1" status: 200 len: 1052 time: 0.0512681 /var/lib/openstack/lib/python3.10/site-packages/pycadf/identifier.py:71: UserWarning: Invalid uuid: neutron. To ensure interoperability, identifiers should be a valid uuid. warnings.warn(('Invalid uuid: %s. To ensure interoperability, '
2026-05-10 02:01:42.047 9 INFO neutron.wsgi [req-88714b80-cb4f-42fd-8d3c-3ba29557efa6 req-2a5c9a11-7429-4024-8869-7dda799a8a8e 2997b4e0393c4cb9aca06d6143a03f5e 2e8187c5a7ff43bab0ed3ccb93cd3460 - - 41a00e5bc1624bae9876524ff7500768 41a00e5bc1624bae9876524ff7500768] 199.204.45.238 "GET /v2.0/ports?tenant_id=6ae4d59a58114a678f323ed209caea82&device_id=3cd3fabc-0a93-432e-8c6c-0bda951de58e HTTP/1.1" status: 200 len: 1413 time: 0.0467513
2026-05-10 02:01:42.125 9 INFO neutron.wsgi [req-88714b80-cb4f-42fd-8d3c-3ba29557efa6 req-f851b3f3-76ec-4354-af59-7e0783061a37 2997b4e0393c4cb9aca06d6143a03f5e 2e8187c5a7ff43bab0ed3ccb93cd3460 - - 41a00e5bc1624bae9876524ff7500768 41a00e5bc1624bae9876524ff7500768] 199.204.45.238 "GET /v2.0/networks?id=dd5f351a-cc75-446b-bada-d51654ec2e0d HTTP/1.1" status: 200 len: 959 time: 0.0695660
2026-05-10 02:01:42.173 9 INFO neutron.wsgi [req-88714b80-cb4f-42fd-8d3c-3ba29557efa6 req-d8820f23-fcbc-4c6d-b4a3-10e39ef6e955 2997b4e0393c4cb9aca06d6143a03f5e 2e8187c5a7ff43bab0ed3ccb93cd3460 - - 41a00e5bc1624bae9876524ff7500768 41a00e5bc1624bae9876524ff7500768] 199.204.45.238 "GET /v2.0/floatingips?fixed_ip_address=10.100.0.13&port_id=de96115c-aa4d-4d8a-9b5f-b1c6301e8a9c HTTP/1.1" status: 200 len: 1060 time: 0.0434191
2026-05-10 02:01:42.221 9 INFO neutron.wsgi [req-88714b80-cb4f-42fd-8d3c-3ba29557efa6 req-cf98d20c-b660-49de-9318-25c30e7b078a 2997b4e0393c4cb9aca06d6143a03f5e 2e8187c5a7ff43bab0ed3ccb93cd3460 - - 41a00e5bc1624bae9876524ff7500768 41a00e5bc1624bae9876524ff7500768] 199.204.45.238 "GET /v2.0/subnets?id=8e0ec7ec-9b88-4f53-9a0a-0484f9637ea6 HTTP/1.1" status: 200 len: 853 time: 0.0409214
2026-05-10 02:01:42.253 9 INFO neutron.wsgi [req-88714b80-cb4f-42fd-8d3c-3ba29557efa6 req-6b4c4fb3-42f1-4f28-9e9d-00e00a23647d 2997b4e0393c4cb9aca06d6143a03f5e 2e8187c5a7ff43bab0ed3ccb93cd3460 - - 41a00e5bc1624bae9876524ff7500768 41a00e5bc1624bae9876524ff7500768] 199.204.45.238 "GET /v2.0/ports?network_id=dd5f351a-cc75-446b-bada-d51654ec2e0d&device_owner=network%3Adhcp HTTP/1.1" status: 200 len: 210 time: 0.0262351
2026-05-10 02:01:42.322 9 INFO neutron.wsgi [req-88714b80-cb4f-42fd-8d3c-3ba29557efa6 req-21eb87aa-d149-46b1-a4bc-b5868821096f 2997b4e0393c4cb9aca06d6143a03f5e 2e8187c5a7ff43bab0ed3ccb93cd3460 - - 41a00e5bc1624bae9876524ff7500768 41a00e5bc1624bae9876524ff7500768] 199.204.45.238 "GET /v2.0/networks/dd5f351a-cc75-446b-bada-d51654ec2e0d?fields=segments HTTP/1.1" status: 200 len: 212 time: 0.0611660
2026-05-10 02:01:42.404 9 INFO neutron.wsgi [req-88714b80-cb4f-42fd-8d3c-3ba29557efa6 req-0200bfa2-f320-4c9b-bd92-b9edab72a676 2997b4e0393c4cb9aca06d6143a03f5e 2e8187c5a7ff43bab0ed3ccb93cd3460 - - 41a00e5bc1624bae9876524ff7500768 41a00e5bc1624bae9876524ff7500768] 199.204.45.238 "GET /v2.0/networks/dd5f351a-cc75-446b-bada-d51654ec2e0d?fields=provider%3Aphysical_network&fields=provider%3Anetwork_type HTTP/1.1" status: 200 len: 277 time: 0.0744066
2026-05-10 02:01:45.079 10 WARNING neutron_lib.context [None req-8f50a0ea-ec92-4b6a-9f53-e57d29444f0a eb723a820b5f4c57a031ccf23e717b31 8e957624c9d64c1182ac046fb0f5e87b - - default default] Method 'is_advsvc' is deprecated since 2023.2 release (neutron-lib 3.8.0) and will be removed once support for the old RBAC API policies will be removed from Neutron. Please use method 'is_service_role' instead.
2026-05-10 02:01:45.207 10 INFO neutron.db.ovn_revision_numbers_db [None req-8f50a0ea-ec92-4b6a-9f53-e57d29444f0a eb723a820b5f4c57a031ccf23e717b31 8e957624c9d64c1182ac046fb0f5e87b - - default default] Successfully bumped revision number for resource 04ca0805-929a-4d12-b779-b8fec551e201 (type: security_groups) to 1
2026-05-10 02:01:45.219 10 INFO neutron.db.ovn_revision_numbers_db [None req-8f50a0ea-ec92-4b6a-9f53-e57d29444f0a eb723a820b5f4c57a031ccf23e717b31 8e957624c9d64c1182ac046fb0f5e87b - - default default] Successfully bumped revision number for resource 024e29bf-9eca-4353-87ed-43cc968053a8 (type: security_group_rules) to 0
2026-05-10 02:01:45.231 10 INFO neutron.db.ovn_revision_numbers_db [None req-8f50a0ea-ec92-4b6a-9f53-e57d29444f0a eb723a820b5f4c57a031ccf23e717b31 8e957624c9d64c1182ac046fb0f5e87b - - default default] Successfully bumped revision number for resource 0f61c655-3801-4e8c-bab2-8d63fb13dc7f (type: security_group_rules) to 0
2026-05-10 02:01:45.247 10 INFO neutron.db.ovn_revision_numbers_db [None req-8f50a0ea-ec92-4b6a-9f53-e57d29444f0a eb723a820b5f4c57a031ccf23e717b31 8e957624c9d64c1182ac046fb0f5e87b - - default default] Successfully bumped revision number for resource 34244fd0-38a6-4b0f-930f-720b85c4a0c6 (type: security_group_rules) to 0
2026-05-10 02:01:45.263 10 INFO neutron.db.ovn_revision_numbers_db [None req-8f50a0ea-ec92-4b6a-9f53-e57d29444f0a eb723a820b5f4c57a031ccf23e717b31 8e957624c9d64c1182ac046fb0f5e87b - - default default] Successfully bumped revision number for resource ab8ffab9-e3bf-40e0-8efe-56af07feaa4b (type: security_group_rules) to 0
2026-05-10 02:01:45.314 10 INFO neutron.db.segments_db [None req-8f50a0ea-ec92-4b6a-9f53-e57d29444f0a eb723a820b5f4c57a031ccf23e717b31 8e957624c9d64c1182ac046fb0f5e87b - - default default] Added segment 219b9dc4-88cb-4d21-8bd6-a11a4b92fa2b of type geneve for network be2918d2-2779-4c45-acdd-1b21b65d64d6
2026-05-10 02:01:45.473 10 INFO neutron.db.ovn_revision_numbers_db [None req-8f50a0ea-ec92-4b6a-9f53-e57d29444f0a eb723a820b5f4c57a031ccf23e717b31 8e957624c9d64c1182ac046fb0f5e87b - - default default] Successfully bumped revision number for resource be2918d2-2779-4c45-acdd-1b21b65d64d6 (type: networks) to 1
2026-05-10 02:01:45.649 10 WARNING neutron.scheduler.dhcp_agent_scheduler [None req-8f50a0ea-ec92-4b6a-9f53-e57d29444f0a eb723a820b5f4c57a031ccf23e717b31 8e957624c9d64c1182ac046fb0f5e87b - - default default] No more DHCP agents
2026-05-10 02:01:45.651 10 WARNING neutron.api.rpc.agentnotifiers.dhcp_rpc_agent_api [None req-8f50a0ea-ec92-4b6a-9f53-e57d29444f0a eb723a820b5f4c57a031ccf23e717b31 8e957624c9d64c1182ac046fb0f5e87b - - default default] Unable to schedule network be2918d2-2779-4c45-acdd-1b21b65d64d6: no agents available; will retry on subsequent port and subnet creation events.
2026-05-10 02:01:45.735 10 INFO neutron.db.ovn_revision_numbers_db [None req-8f50a0ea-ec92-4b6a-9f53-e57d29444f0a eb723a820b5f4c57a031ccf23e717b31 8e957624c9d64c1182ac046fb0f5e87b - - default default] Successfully bumped revision number for resource b3915106-3c52-4f07-9eeb-1bea4a32b76e (type: ports) to 1
2026-05-10 02:01:45.755 10 INFO neutron.wsgi [None req-8f50a0ea-ec92-4b6a-9f53-e57d29444f0a eb723a820b5f4c57a031ccf23e717b31 8e957624c9d64c1182ac046fb0f5e87b - - default default] 10.0.0.141 "POST /v2.0/networks HTTP/1.1" status: 201 len: 831 time: 0.8286557
2026-05-10 02:01:45.765 10 WARNING neutron_lib.context [None req-90a0f9f3-0591-4750-8154-41302161f667 eb723a820b5f4c57a031ccf23e717b31 8e957624c9d64c1182ac046fb0f5e87b - - default default] Method 'is_advsvc' is deprecated since 2023.2 release (neutron-lib 3.8.0) and will be removed once support for the old RBAC API policies will be removed from Neutron. Please use method 'is_service_role' instead.
2026-05-10 02:01:45.834 10 INFO neutron.db.segments_db [None req-90a0f9f3-0591-4750-8154-41302161f667 eb723a820b5f4c57a031ccf23e717b31 8e957624c9d64c1182ac046fb0f5e87b - - default default] Added segment 361e3359-faa1-4629-884c-63ec73129182 of type geneve for network b62268aa-241d-4955-a8d8-5580c557e9ac
2026-05-10 02:01:45.885 9 INFO neutron.wsgi [-] 10.0.0.34 "GET / HTTP/1.1" status: 200 len: 247 time: 0.0027747
2026-05-10 02:01:45.888 9 INFO neutron.wsgi [-] 10.0.0.34 "GET / HTTP/1.1" status: 200 len: 247 time: 0.0019791
2026-05-10 02:01:45.981 10 INFO neutron.db.ovn_revision_numbers_db [None req-90a0f9f3-0591-4750-8154-41302161f667 eb723a820b5f4c57a031ccf23e717b31 8e957624c9d64c1182ac046fb0f5e87b - - default default] Successfully bumped revision number for resource b62268aa-241d-4955-a8d8-5580c557e9ac (type: networks) to 1
2026-05-10 02:01:46.150 10 WARNING neutron.scheduler.dhcp_agent_scheduler [None req-90a0f9f3-0591-4750-8154-41302161f667 eb723a820b5f4c57a031ccf23e717b31 8e957624c9d64c1182ac046fb0f5e87b - - default default] No more DHCP agents
2026-05-10 02:01:46.153 10 WARNING neutron.api.rpc.agentnotifiers.dhcp_rpc_agent_api [None req-90a0f9f3-0591-4750-8154-41302161f667 eb723a820b5f4c57a031ccf23e717b31 8e957624c9d64c1182ac046fb0f5e87b - - default default] Unable to schedule network b62268aa-241d-4955-a8d8-5580c557e9ac: no agents available; will retry on subsequent port and subnet creation events.
2026-05-10 02:01:46.239 10 INFO neutron.db.ovn_revision_numbers_db [None req-90a0f9f3-0591-4750-8154-41302161f667 eb723a820b5f4c57a031ccf23e717b31 8e957624c9d64c1182ac046fb0f5e87b - - default default] Successfully bumped revision number for resource 1d22a1f0-e998-4382-862b-b7d9f990f2c9 (type: ports) to 1
2026-05-10 02:01:46.261 10 INFO neutron.wsgi [None req-90a0f9f3-0591-4750-8154-41302161f667 eb723a820b5f4c57a031ccf23e717b31 8e957624c9d64c1182ac046fb0f5e87b - - default default] 10.0.0.141 "POST /v2.0/networks HTTP/1.1" status: 201 len: 830 time: 0.5010657
2026-05-10 02:01:46.319 10 INFO neutron.wsgi [None req-171f4c55-2fa4-4cb1-bfcb-eb3807c8d64d eb723a820b5f4c57a031ccf23e717b31 8e957624c9d64c1182ac046fb0f5e87b - - default default] 10.0.0.141 "PUT /v2.0/networks/be2918d2-2779-4c45-acdd-1b21b65d64d6/tags HTTP/1.1" status: 200 len: 218 time: 0.0539260
2026-05-10 02:01:46.368 10 INFO neutron.wsgi [None req-d5d3aafe-64b8-4b40-a87d-4294e3784035 eb723a820b5f4c57a031ccf23e717b31 8e957624c9d64c1182ac046fb0f5e87b - - default default] 10.0.0.141 "GET /v2.0/networks/be2918d2-2779-4c45-acdd-1b21b65d64d6/tags HTTP/1.1" status: 200 len: 218 time: 0.0433838
2026-05-10 02:01:46.422 10 INFO neutron.wsgi [None req-c8c8a1f7-4848-4232-8572-84ff3055ecc9 eb723a820b5f4c57a031ccf23e717b31 8e957624c9d64c1182ac046fb0f5e87b - - default default] 10.0.0.141 "PUT /v2.0/networks/b62268aa-241d-4955-a8d8-5580c557e9ac/tags HTTP/1.1" status: 200 len: 210 time: 0.0474384
2026-05-10 02:01:46.470 10 INFO neutron.wsgi [None req-0075483a-caeb-4f31-9f12-0c34701bdf03 eb723a820b5f4c57a031ccf23e717b31 8e957624c9d64c1182ac046fb0f5e87b - - default default] 10.0.0.141 "GET /v2.0/networks/b62268aa-241d-4955-a8d8-5580c557e9ac/tags HTTP/1.1" status: 200 len: 210 time: 0.0430167
2026-05-10 02:01:46.527 10 INFO neutron.wsgi [None req-fdc5e09a-f124-4416-b3d1-53169e90b4eb eb723a820b5f4c57a031ccf23e717b31 8e957624c9d64c1182ac046fb0f5e87b - - default default] 10.0.0.141 "PUT /v2.0/networks/b62268aa-241d-4955-a8d8-5580c557e9ac/tags HTTP/1.1" status: 200 len: 205 time: 0.0524068
2026-05-10 02:01:46.575 10 INFO neutron.wsgi [None req-87a60c13-7160-49fa-a9db-38376905501b eb723a820b5f4c57a031ccf23e717b31 8e957624c9d64c1182ac046fb0f5e87b - - default default] 10.0.0.141 "GET /v2.0/networks/b62268aa-241d-4955-a8d8-5580c557e9ac/tags HTTP/1.1" status: 200 len: 205 time: 0.0435128
2026-05-10 02:01:46.622 10 INFO neutron.wsgi [None req-e2afd68a-3175-4d40-bec2-ff77b75553b0 eb723a820b5f4c57a031ccf23e717b31 8e957624c9d64c1182ac046fb0f5e87b - - default default] 10.0.0.141 "GET /v2.0/networks/be2918d2-2779-4c45-acdd-1b21b65d64d6/tags HTTP/1.1" status: 200 len: 218 time: 0.0412807
2026-05-10 02:01:47.005 10 INFO neutron.services.segments.plugin [-] Segment 219b9dc4-88cb-4d21-8bd6-a11a4b92fa2b resource provider aggregate not found
2026-05-10 02:01:47.013 10 INFO neutron.services.segments.plugin [-] Segment 219b9dc4-88cb-4d21-8bd6-a11a4b92fa2b resource provider aggregate not found
2026-05-10 02:01:47.025 10 INFO neutron.services.segments.plugin [-] Segment 219b9dc4-88cb-4d21-8bd6-a11a4b92fa2b resource provider not found; error: Placement Client Error (4xx): {"errors": [{"status": 404, "title": "Not Found", "detail": "The resource could not be found.\n\n No resource provider with uuid 219b9dc4-88cb-4d21-8bd6-a11a4b92fa2b found for delete ", "request_id": "req-6345bb6f-9945-4ecb-ad19-804bc7c717ac"}]}
2026-05-10 02:01:47.039 10 INFO neutron.services.segments.plugin [-] Segment 219b9dc4-88cb-4d21-8bd6-a11a4b92fa2b resource provider not found; error: Placement Client Error (4xx): {"errors": [{"status": 404, "title": "Not Found", "detail": "The resource could not be found.\n\n No resource provider with uuid 219b9dc4-88cb-4d21-8bd6-a11a4b92fa2b found for delete ", "request_id": "req-59463a8e-e4d5-428d-b8c7-f23aa17b9868"}]}
2026-05-10 02:01:47.062 10 INFO neutron.wsgi [None req-3608320a-2acf-4662-803f-795cf57b906d eb723a820b5f4c57a031ccf23e717b31 8e957624c9d64c1182ac046fb0f5e87b - - default default] 10.0.0.141 "DELETE /v2.0/networks/be2918d2-2779-4c45-acdd-1b21b65d64d6 HTTP/1.1" status: 204 len: 168 time: 0.4239588
2026-05-10 02:01:47.429 9 INFO neutron.services.segments.plugin [-] Segment 361e3359-faa1-4629-884c-63ec73129182 resource provider aggregate not found
2026-05-10 02:01:47.437 9 INFO neutron.services.segments.plugin [-] Segment 361e3359-faa1-4629-884c-63ec73129182 resource provider aggregate not found
2026-05-10 02:01:47.448 9 INFO neutron.services.segments.plugin [-] Segment 361e3359-faa1-4629-884c-63ec73129182 resource provider not found; error: Placement Client Error (4xx): {"errors": [{"status": 404, "title": "Not Found", "detail": "The resource could not be found.\n\n No resource provider with uuid 361e3359-faa1-4629-884c-63ec73129182 found for delete ", "request_id": "req-1d7dbb5b-a009-44dc-8c08-50feb27801cd"}]}
2026-05-10 02:01:47.456 9 INFO neutron.services.segments.plugin [-] Segment 361e3359-faa1-4629-884c-63ec73129182 resource provider not found; error: Placement Client Error (4xx): {"errors": [{"status": 404, "title": "Not Found", "detail": "The resource could not be found.\n\n No resource provider with uuid 361e3359-faa1-4629-884c-63ec73129182 found for delete ", "request_id": "req-b281085e-6dcd-4a14-9761-a64162708b88"}]}
2026-05-10 02:01:47.478 9 INFO neutron.wsgi [None req-93bd26fb-c408-4370-a687-f819a84136cb eb723a820b5f4c57a031ccf23e717b31 8e957624c9d64c1182ac046fb0f5e87b - - default default] 10.0.0.141 "DELETE /v2.0/networks/b62268aa-241d-4955-a8d8-5580c557e9ac HTTP/1.1" status: 204 len: 168 time: 0.4100301
2026-05-10 02:01:48.346 9 INFO neutron.wsgi [None req-6d120c08-daf6-44d7-bdbe-bf0d69df8600 a72b53b28ab844869eee847fd706c4b1 438eeca712434e89bfa7f9ef071394ff - - default default] 10.0.0.141 "GET /v2.0/security-groups?tenant_id=8e957624c9d64c1182ac046fb0f5e87b&name=default HTTP/1.1" status: 200 len: 3000 time: 0.1462777
2026-05-10 02:01:48.552 9 INFO neutron.wsgi [None req-699ed968-22be-465d-ab05-70bed48fd31f a72b53b28ab844869eee847fd706c4b1 438eeca712434e89bfa7f9ef071394ff - - default default] 10.0.0.141 "DELETE /v2.0/security-groups/04ca0805-929a-4d12-b779-b8fec551e201 HTTP/1.1" status: 204 len: 168 time: 0.1999876
2026-05-10 02:01:48.764 9 INFO neutron.db.ovn_revision_numbers_db [None req-3b22f9db-613a-4ab2-ae37-6041f10891c9 a72b53b28ab844869eee847fd706c4b1 438eeca712434e89bfa7f9ef071394ff - - default default] Successfully bumped revision number for resource bb07083f-bc28-434b-b417-c3ca612db19a (type: security_groups) to 1
2026-05-10 02:01:48.779 9 INFO neutron.db.ovn_revision_numbers_db [None req-3b22f9db-613a-4ab2-ae37-6041f10891c9 a72b53b28ab844869eee847fd706c4b1 438eeca712434e89bfa7f9ef071394ff - - default default] Successfully bumped revision number for resource 2a39e8e1-a480-42b9-a1c0-974821b40e68 (type: security_group_rules) to 0
2026-05-10 02:01:48.793 9 INFO neutron.db.ovn_revision_numbers_db [None req-3b22f9db-613a-4ab2-ae37-6041f10891c9 a72b53b28ab844869eee847fd706c4b1 438eeca712434e89bfa7f9ef071394ff - - default default] Successfully bumped revision number for resource 5dd458a7-9f79-4337-ae84-ee14a892fb33 (type: security_group_rules) to 0
2026-05-10 02:01:48.806 9 INFO neutron.db.ovn_revision_numbers_db [None req-3b22f9db-613a-4ab2-ae37-6041f10891c9 a72b53b28ab844869eee847fd706c4b1 438eeca712434e89bfa7f9ef071394ff - - default default] Successfully bumped revision number for resource 91f11ebb-8700-45ef-b5fe-8e67e228b1ff (type: security_group_rules) to 0
2026-05-10 02:01:48.820 9 INFO neutron.db.ovn_revision_numbers_db [None req-3b22f9db-613a-4ab2-ae37-6041f10891c9 a72b53b28ab844869eee847fd706c4b1 438eeca712434e89bfa7f9ef071394ff - - default default] Successfully bumped revision number for resource c5ef5db0-9c1b-4e72-a8d4-04e5c6e2885c (type: security_group_rules) to 0
2026-05-10 02:01:48.843 9 INFO neutron.wsgi [None req-3b22f9db-613a-4ab2-ae37-6041f10891c9 a72b53b28ab844869eee847fd706c4b1 438eeca712434e89bfa7f9ef071394ff - - default default] 10.0.0.141 "GET /v2.0/security-groups?tenant_id=34ff0d096f8145cc86bf44077b7fd689&name=default HTTP/1.1" status: 200 len: 3000 time: 0.1909604
2026-05-10 02:01:49.071 9 INFO neutron.wsgi [req-48eb4ae4-bdfa-4f17-93ae-7cdb186c128f req-b3c9a9fb-719d-4947-979f-28d042e9e56c 2997b4e0393c4cb9aca06d6143a03f5e 2e8187c5a7ff43bab0ed3ccb93cd3460 - - 41a00e5bc1624bae9876524ff7500768 41a00e5bc1624bae9876524ff7500768] 10.0.0.229 "GET /v2.0/ports?device_id=3cd3fabc-0a93-432e-8c6c-0bda951de58e HTTP/1.1" status: 200 len: 1413 time: 0.0396912
2026-05-10 02:01:49.075 9 INFO neutron.wsgi [None req-a51591c8-c262-4aed-9752-47cdc636b801 a72b53b28ab844869eee847fd706c4b1 438eeca712434e89bfa7f9ef071394ff - - default default] 10.0.0.141 "DELETE /v2.0/security-groups/bb07083f-bc28-434b-b417-c3ca612db19a HTTP/1.1" status: 204 len: 168 time: 0.2263536
2026-05-10 02:01:49.109 9 INFO neutron.wsgi [req-48eb4ae4-bdfa-4f17-93ae-7cdb186c128f req-35abb91e-b474-486e-988e-86393326ad32 2997b4e0393c4cb9aca06d6143a03f5e 2e8187c5a7ff43bab0ed3ccb93cd3460 - - 41a00e5bc1624bae9876524ff7500768 41a00e5bc1624bae9876524ff7500768] 10.0.0.229 "GET /v2.0/security-groups?id=29eebb06-583c-4b2e-b7e8-323d510c73e0&fields=id&fields=name HTTP/1.1" status: 200 len: 313 time: 0.0316663
2026-05-10 02:01:50.373 10 INFO neutron.plugins.ml2.drivers.ovn.mech_driver.mech_driver [None req-b16e519a-6e9a-4667-a667-1917cb12fb06 - - - - - -] OVN reports status down for port: de96115c-aa4d-4d8a-9b5f-b1c6301e8a9c
2026-05-10 02:01:50.425 10 INFO neutron.wsgi [req-41ca84ac-644e-4061-b731-7d7222ed618e req-21f94bac-a448-451d-b612-79d38b590f7c a935da20c9f442e0bd62dc44e90d411d 6ae4d59a58114a678f323ed209caea82 - - default default] 10.0.0.134 "GET /v2.0/ports?device_id=3cd3fabc-0a93-432e-8c6c-0bda951de58e HTTP/1.1" status: 200 len: 1174 time: 0.1037319
2026-05-10 02:01:50.488 10 INFO neutron.wsgi [req-41ca84ac-644e-4061-b731-7d7222ed618e req-958b1474-41dd-41bd-bcd9-7287c2ed1a4a a935da20c9f442e0bd62dc44e90d411d 6ae4d59a58114a678f323ed209caea82 - - default default] 10.0.0.134 "GET /v2.0/security-groups?id=29eebb06-583c-4b2e-b7e8-323d510c73e0&fields=id&fields=name HTTP/1.1" status: 200 len: 313 time: 0.0452158
2026-05-10 02:01:50.526 10 INFO neutron.notifiers.nova [-] Nova event matching ['req-0e3e9067-9380-479f-9e6b-775ce9d9d7b5'] response: {'server_uuid': '3cd3fabc-0a93-432e-8c6c-0bda951de58e', 'name': 'network-vif-unplugged', 'status': 'completed', 'tag': 'de96115c-aa4d-4d8a-9b5f-b1c6301e8a9c', 'code': 200}
2026-05-10 02:01:50.709 10 INFO neutron.db.ovn_revision_numbers_db [None req-b16e519a-6e9a-4667-a667-1917cb12fb06 - - - - - -] Successfully bumped revision number for resource de96115c-aa4d-4d8a-9b5f-b1c6301e8a9c (type: ports) to 5
2026-05-10 02:01:50.725 9 INFO neutron.wsgi [req-8cfd1484-e9fc-43d1-85c3-e3c2594f1550 req-2ff56410-7b6d-4cc4-b380-9fd73016763a a935da20c9f442e0bd62dc44e90d411d 6ae4d59a58114a678f323ed209caea82 - - default default] 199.204.45.238 "GET /v2.0/ports?device_id=3cd3fabc-0a93-432e-8c6c-0bda951de58e HTTP/1.1" status: 200 len: 1172 time: 0.1055744
2026-05-10 02:01:51.067 9 INFO neutron.db.l3_db [req-8cfd1484-e9fc-43d1-85c3-e3c2594f1550 req-5bb2ecbb-b570-44ca-9c39-e6f9b2b7ac9e a935da20c9f442e0bd62dc44e90d411d 6ae4d59a58114a678f323ed209caea82 - - default default] Floating IP 748bcbfe-94cc-42cc-8b59-aa1d877f16d7 disassociated. External IP: 10.96.250.215, port: de96115c-aa4d-4d8a-9b5f-b1c6301e8a9c.
2026-05-10 02:01:51.256 9 INFO neutron.wsgi [req-8cfd1484-e9fc-43d1-85c3-e3c2594f1550 req-5bb2ecbb-b570-44ca-9c39-e6f9b2b7ac9e a935da20c9f442e0bd62dc44e90d411d 6ae4d59a58114a678f323ed209caea82 - - default default] 199.204.45.238 "DELETE /v2.0/ports/de96115c-aa4d-4d8a-9b5f-b1c6301e8a9c HTTP/1.1" status: 204 len: 173 time: 0.5264077
2026-05-10 02:01:51.299 9 INFO neutron.notifiers.nova [-] Nova event matching ['req-69bf1fce-8120-414a-bdbd-58c1c06b384a'] response: {'server_uuid': '3cd3fabc-0a93-432e-8c6c-0bda951de58e', 'name': 'network-vif-deleted', 'tag': 'de96115c-aa4d-4d8a-9b5f-b1c6301e8a9c', 'status': 'completed', 'code': 200} /var/lib/openstack/lib/python3.10/site-packages/pycadf/identifier.py:71: UserWarning: Invalid uuid: neutron. To ensure interoperability, identifiers should be a valid uuid. warnings.warn(('Invalid uuid: %s. To ensure interoperability, '
2026-05-10 02:01:51.599 9 INFO neutron.wsgi [req-d9b44e91-320e-4519-8b73-9f3fc06bf43a req-be765101-a2a2-46f6-ab50-71751422513f a935da20c9f442e0bd62dc44e90d411d 6ae4d59a58114a678f323ed209caea82 - - default default] 10.0.0.134 "GET /v2.0/ports?device_id=3cd3fabc-0a93-432e-8c6c-0bda951de58e HTTP/1.1" status: 200 len: 210 time: 0.0318420
2026-05-10 02:01:52.561 10 INFO neutron.notifiers.nova [-] Nova event matching ['req-31c89e08-a62a-4fa8-ac1f-a3a9f86a0d56'] response: {'server_uuid': '3cd3fabc-0a93-432e-8c6c-0bda951de58e', 'name': 'network-vif-plugged', 'status': 'completed', 'tag': 'de96115c-aa4d-4d8a-9b5f-b1c6301e8a9c', 'code': 200} /var/lib/openstack/lib/python3.10/site-packages/pycadf/identifier.py:71: UserWarning: Invalid uuid: neutron. To ensure interoperability, identifiers should be a valid uuid. warnings.warn(('Invalid uuid: %s. To ensure interoperability, '
2026-05-10 02:01:52.819 10 INFO neutron.wsgi [None req-c9714d1c-f7a8-475a-8444-28942086cac2 a935da20c9f442e0bd62dc44e90d411d 6ae4d59a58114a678f323ed209caea82 - - default default] 10.0.0.141 "DELETE /v2.0/security-groups/29eebb06-583c-4b2e-b7e8-323d510c73e0 HTTP/1.1" status: 204 len: 168 time: 0.1517100
2026-05-10 02:01:53.425 10 INFO neutron.wsgi [None req-3aacbc89-983e-47a8-9964-97fc47a70982 a935da20c9f442e0bd62dc44e90d411d 6ae4d59a58114a678f323ed209caea82 - - default default] 10.0.0.141 "DELETE /v2.0/floatingips/748bcbfe-94cc-42cc-8b59-aa1d877f16d7 HTTP/1.1" status: 204 len: 168 time: 0.5657496
2026-05-10 02:01:53.601 10 INFO neutron.wsgi [req-c4208429-d3d0-4a8b-be34-637c0307685d req-e24c04f3-84aa-4fb6-9223-a8c2fb95939e a935da20c9f442e0bd62dc44e90d411d 6ae4d59a58114a678f323ed209caea82 - - default default] 10.0.0.134 "GET /v2.0/ports?device_id=6b2f6352-68e7-4542-be37-12b1090986df HTTP/1.1" status: 200 len: 1174 time: 0.0424793
2026-05-10 02:01:53.633 10 INFO neutron.plugins.ml2.drivers.ovn.mech_driver.mech_driver [None req-b16e519a-6e9a-4667-a667-1917cb12fb06 - - - - - -] OVN reports status down for port: e838fa05-3f13-446a-8fda-869e27399404
2026-05-10 02:01:53.661 10 INFO neutron.wsgi [req-c4208429-d3d0-4a8b-be34-637c0307685d req-46d6a4a3-0133-4808-8b10-a21a079969d1 a935da20c9f442e0bd62dc44e90d411d 6ae4d59a58114a678f323ed209caea82 - - default default] 10.0.0.134 "GET /v2.0/security-groups?id=920e9307-f25f-4acb-984a-3ed8955b626f&fields=id&fields=name HTTP/1.1" status: 200 len: 313 time: 0.0536163
2026-05-10 02:01:53.891 10 INFO neutron.db.ovn_revision_numbers_db [None req-b16e519a-6e9a-4667-a667-1917cb12fb06 - - - - - -] Successfully bumped revision number for resource e838fa05-3f13-446a-8fda-869e27399404 (type: ports) to 5
2026-05-10 02:01:53.904 9 INFO neutron.wsgi [req-3ccce3de-f9d5-42a9-a7c1-5f61c5759920 req-514bace3-d947-427f-a675-53820cc414ad a935da20c9f442e0bd62dc44e90d411d 6ae4d59a58114a678f323ed209caea82 - - default default] 199.204.45.238 "GET /v2.0/ports?device_id=6b2f6352-68e7-4542-be37-12b1090986df HTTP/1.1" status: 200 len: 1172 time: 0.0386150
2026-05-10 02:01:54.192 9 INFO neutron.wsgi [req-3ccce3de-f9d5-42a9-a7c1-5f61c5759920 req-76f56b8a-f7ac-4101-9ece-b9371ee054f7 a935da20c9f442e0bd62dc44e90d411d 6ae4d59a58114a678f323ed209caea82 - - default default] 199.204.45.238 "DELETE /v2.0/ports/e838fa05-3f13-446a-8fda-869e27399404 HTTP/1.1" status: 204 len: 173 time: 0.2853923
2026-05-10 02:01:54.224 9 INFO neutron.notifiers.nova [-] Nova event matching ['req-cdba044f-682e-4073-b785-cb05699a82ba'] response: {'server_uuid': '6b2f6352-68e7-4542-be37-12b1090986df', 'name': 'network-vif-deleted', 'tag': 'e838fa05-3f13-446a-8fda-869e27399404', 'status': 'completed', 'code': 200}
2026-05-10 02:01:54.598 10 INFO neutron.notifiers.nova [-] Nova event matching ['req-03362efd-a816-43c8-bb6d-ce46192686c5'] response: {'server_uuid': '6b2f6352-68e7-4542-be37-12b1090986df', 'name': 'network-vif-unplugged', 'status': 'completed', 'tag': 'e838fa05-3f13-446a-8fda-869e27399404', 'code': 200}
2026-05-10 02:01:54.598 10 INFO neutron.notifiers.nova [-] Nova event matching ['req-03362efd-a816-43c8-bb6d-ce46192686c5'] response: {'server_uuid': '6b2f6352-68e7-4542-be37-12b1090986df', 'name': 'network-vif-plugged', 'status': 'completed', 'tag': 'e838fa05-3f13-446a-8fda-869e27399404', 'code': 200}
2026-05-10 02:01:54.860 9 INFO neutron.wsgi [None req-98d2006a-8c8d-4b95-95ab-3ebc89f2d79c a935da20c9f442e0bd62dc44e90d411d 6ae4d59a58114a678f323ed209caea82 - - default default] 10.0.0.141 "DELETE /v2.0/security-groups/920e9307-f25f-4acb-984a-3ed8955b626f HTTP/1.1" status: 204 len: 168 time: 0.1463368
2026-05-10 02:01:56.027 9 INFO neutron.wsgi [None req-7dab52bb-09af-4fb3-8d95-e46c6aaf5509 a935da20c9f442e0bd62dc44e90d411d 6ae4d59a58114a678f323ed209caea82 - - default default] 10.0.0.141 "PUT /v2.0/routers/6db063bb-49b2-4714-bb43-59c2f867c844/remove_router_interface HTTP/1.1" status: 200 len: 503 time: 1.1368556 /var/lib/openstack/lib/python3.10/site-packages/pycadf/identifier.py:71: UserWarning: Invalid uuid: neutron. To ensure interoperability, identifiers should be a valid uuid. warnings.warn(('Invalid uuid: %s. To ensure interoperability, '
2026-05-10 02:01:56.263 9 INFO neutron.wsgi [None req-70a3282a-aaae-47ea-855f-7a03a1d4a847 a935da20c9f442e0bd62dc44e90d411d 6ae4d59a58114a678f323ed209caea82 - - default default] 10.0.0.141 "DELETE /v2.0/subnets/8e0ec7ec-9b88-4f53-9a0a-0484f9637ea6 HTTP/1.1" status: 204 len: 168 time: 0.2315688
2026-05-10 02:01:57.115 9 INFO neutron.wsgi [None req-eeae3920-4c65-4b54-83ef-15d92f3fa844 a935da20c9f442e0bd62dc44e90d411d 6ae4d59a58114a678f323ed209caea82 - - default default] 10.0.0.141 "DELETE /v2.0/routers/6db063bb-49b2-4714-bb43-59c2f867c844 HTTP/1.1" status: 204 len: 168 time: 0.8481796 /var/lib/openstack/lib/python3.10/site-packages/pycadf/identifier.py:71: UserWarning: Invalid uuid: neutron. To ensure interoperability, identifiers should be a valid uuid. warnings.warn(('Invalid uuid: %s. To ensure interoperability, '
2026-05-10 02:01:57.477 10 INFO neutron.services.segments.plugin [-] Segment d6518db2-2b3d-444f-afea-c303eb02a72d resource provider aggregate not found
