2026-05-10 01:59:12.485 10 INFO neutron.db.ovn_revision_numbers_db [None req-943486ca-64c9-4018-a891-7e8a38c464c8 a72b53b28ab844869eee847fd706c4b1 438eeca712434e89bfa7f9ef071394ff - - default default] Successfully bumped revision number for resource 8027f249-51a6-43e7-b681-0444a488b20c (type: security_group_rules) to 0
2026-05-10 01:59:12.510 10 INFO neutron.wsgi [req-9c354d3c-83ff-4c82-b689-4189473287df req-e23608aa-0934-4c9b-8054-187dd0b19d79 2767c4171cee43f68862f5ac6f5f828c 944ddf480f28468fb4251a936a9014a4 - - default default] 10.0.0.134 "GET /v2.0/security-groups?id=cd68714d-1d28-4d71-b7e3-d04014c342b0&id=e7e6159d-c25a-41f6-a6e0-564deab430a2&fields=id&fields=name HTTP/1.1" status: 200 len: 406 time: 0.0653737
2026-05-10 01:59:12.515 10 INFO neutron.db.ovn_revision_numbers_db [None req-943486ca-64c9-4018-a891-7e8a38c464c8 a72b53b28ab844869eee847fd706c4b1 438eeca712434e89bfa7f9ef071394ff - - default default] Successfully bumped revision number for resource a2a40b73-1080-4e33-aa84-841ef68bb71b (type: security_group_rules) to 0
2026-05-10 01:59:12.532 10 INFO neutron.db.ovn_revision_numbers_db [None req-943486ca-64c9-4018-a891-7e8a38c464c8 a72b53b28ab844869eee847fd706c4b1 438eeca712434e89bfa7f9ef071394ff - - default default] Successfully bumped revision number for resource f52b6aa4-78ac-456b-891b-2545a05fbd2c (type: security_group_rules) to 0
2026-05-10 01:59:12.539 9 INFO neutron.db.ovn_revision_numbers_db [req-d047b091-fe34-4823-9493-50e0c8d937b0 req-64aeb90b-a22f-4ac8-be79-cb4fefd6e34e 2997b4e0393c4cb9aca06d6143a03f5e 2e8187c5a7ff43bab0ed3ccb93cd3460 - - 41a00e5bc1624bae9876524ff7500768 41a00e5bc1624bae9876524ff7500768] Successfully bumped revision number for resource 1f992eef-b9ff-4af0-aa97-364b73e54f61 (type: ports) to 2
2026-05-10 01:59:12.556 9 INFO neutron.wsgi [req-d047b091-fe34-4823-9493-50e0c8d937b0 req-64aeb90b-a22f-4ac8-be79-cb4fefd6e34e 2997b4e0393c4cb9aca06d6143a03f5e 2e8187c5a7ff43bab0ed3ccb93cd3460 - - 41a00e5bc1624bae9876524ff7500768 41a00e5bc1624bae9876524ff7500768] 199.204.45.238 "PUT /v2.0/ports/1f992eef-b9ff-4af0-aa97-364b73e54f61 HTTP/1.1" status: 200 len: 1415 time: 0.8556864
2026-05-10 01:59:12.565 10 INFO neutron.wsgi [None req-943486ca-64c9-4018-a891-7e8a38c464c8 a72b53b28ab844869eee847fd706c4b1 438eeca712434e89bfa7f9ef071394ff - - default default] 10.0.0.141 "GET /v2.0/security-groups?tenant_id=2b795e26ceb54c63aee960c2180445b1&name=default HTTP/1.1" status: 200 len: 2996 time: 0.5112152
2026-05-10 01:59:12.596 9 INFO neutron.notifiers.nova [-] Nova event matching ['req-f35e6e29-200f-415f-894b-362368842ee0'] response: {'name': 'network-changed', 'server_uuid': '0677521b-67e6-41e0-981d-d997ecedb362', 'tag': '1f992eef-b9ff-4af0-aa97-364b73e54f61', 'status': 'completed', 'code': 200} /var/lib/openstack/lib/python3.10/site-packages/pycadf/identifier.py:71: UserWarning: Invalid uuid: neutron. To ensure interoperability, identifiers should be a valid uuid. warnings.warn(('Invalid uuid: %s. To ensure interoperability, '
2026-05-10 01:59:12.638 9 INFO neutron.wsgi [req-d047b091-fe34-4823-9493-50e0c8d937b0 req-390dd940-1b5e-4c58-8128-8f45a28a368c 2997b4e0393c4cb9aca06d6143a03f5e 2e8187c5a7ff43bab0ed3ccb93cd3460 - - 41a00e5bc1624bae9876524ff7500768 41a00e5bc1624bae9876524ff7500768] 199.204.45.238 "GET /v2.0/ports?tenant_id=944ddf480f28468fb4251a936a9014a4&device_id=0677521b-67e6-41e0-981d-d997ecedb362 HTTP/1.1" status: 200 len: 1446 time: 0.0458727
2026-05-10 01:59:12.639 10 INFO neutron.db.ovn_revision_numbers_db [None req-ad2cc80c-bde0-484b-8e06-4d3d7b30343d ea7049b0e1884f2e8ce2b49f0e2c846f a7e05ef5710a4525837927b7781f9d66 - - default default] Successfully bumped revision number for resource 724b8972-4efb-4fe5-bab1-f8e4fc2de5e4 (type: ports) to 2
2026-05-10 01:59:12.666 9 INFO neutron.wsgi [req-d047b091-fe34-4823-9493-50e0c8d937b0 req-feb1b47e-8431-4c88-97b1-4872b071a3b8 2997b4e0393c4cb9aca06d6143a03f5e 2e8187c5a7ff43bab0ed3ccb93cd3460 - - 41a00e5bc1624bae9876524ff7500768 41a00e5bc1624bae9876524ff7500768] 199.204.45.238 "GET /v2.0/floatingips?fixed_ip_address=10.100.0.7&port_id=1f992eef-b9ff-4af0-aa97-364b73e54f61 HTTP/1.1" status: 200 len: 217 time: 0.0215480
2026-05-10 01:59:12.681 10 INFO neutron.db.ovn_revision_numbers_db [None req-ad2cc80c-bde0-484b-8e06-4d3d7b30343d ea7049b0e1884f2e8ce2b49f0e2c846f a7e05ef5710a4525837927b7781f9d66 - - default default] Successfully bumped revision number for resource 6979af02-734b-45d8-b5b6-a6fcaab07aac (type: subnets) to 0
2026-05-10 01:59:12.698 10 INFO neutron.wsgi [None req-ad2cc80c-bde0-484b-8e06-4d3d7b30343d ea7049b0e1884f2e8ce2b49f0e2c846f a7e05ef5710a4525837927b7781f9d66 - - default default] 10.0.0.141 "POST /v2.0/subnets HTTP/1.1" status: 201 len: 816 time: 0.9575241
2026-05-10 01:59:12.709 9 WARNING neutron_lib.context [None req-1021ed69-b753-44a1-b1d5-845bdf883953 ea7049b0e1884f2e8ce2b49f0e2c846f a7e05ef5710a4525837927b7781f9d66 - - default default] Method 'is_advsvc' is deprecated since 2023.2 release (neutron-lib 3.8.0) and will be removed once support for the old RBAC API policies will be removed from Neutron. Please use method 'is_service_role' instead.
2026-05-10 01:59:12.715 9 INFO neutron.wsgi [req-d047b091-fe34-4823-9493-50e0c8d937b0 req-f267a555-cceb-4cbd-8d5f-8ca52095a288 2997b4e0393c4cb9aca06d6143a03f5e 2e8187c5a7ff43bab0ed3ccb93cd3460 - - 41a00e5bc1624bae9876524ff7500768 41a00e5bc1624bae9876524ff7500768] 199.204.45.238 "GET /v2.0/subnets?id=478c0d77-8467-45e0-9f69-44fe24740aea HTTP/1.1" status: 200 len: 865 time: 0.0404260
2026-05-10 01:59:12.746 9 INFO neutron.wsgi [req-d047b091-fe34-4823-9493-50e0c8d937b0 req-59e51f02-38ea-4e10-8ad3-90c37576845c 2997b4e0393c4cb9aca06d6143a03f5e 2e8187c5a7ff43bab0ed3ccb93cd3460 - - 41a00e5bc1624bae9876524ff7500768 41a00e5bc1624bae9876524ff7500768] 199.204.45.238 "GET /v2.0/ports?network_id=64c8ad3b-1a64-4744-b651-27e568c79da7&device_owner=network%3Adhcp HTTP/1.1" status: 200 len: 210 time: 0.0236704
2026-05-10 01:59:12.794 9 INFO neutron.wsgi [None req-4d232d87-1aea-4356-8c9c-51e9b65cd644 01d8cffcfbc341bcbf920e795ffd9a43 ac624c50af704e02ade1ba7ad9dfdbe9 - - default default] 10.0.0.141 "GET /v2.0/extensions HTTP/1.1" status: 200 len: 16975 time: 0.1003215
2026-05-10 01:59:12.801 10 INFO neutron.wsgi [None req-e39bc980-886d-4422-a013-78e5f815fd8e a72b53b28ab844869eee847fd706c4b1 438eeca712434e89bfa7f9ef071394ff - - default default] 10.0.0.141 "DELETE /v2.0/security-groups/5c52bc72-2a34-4744-b879-e11932ae95c2 HTTP/1.1" status: 204 len: 168 time: 0.2302988
2026-05-10 01:59:12.806 10 INFO neutron.wsgi [None req-662c6265-3442-4e07-9a91-8817c1abbcd1 01d8cffcfbc341bcbf920e795ffd9a43 ac624c50af704e02ade1ba7ad9dfdbe9 - - default default] 10.0.0.141 "GET /v2.0/extensions/address-group HTTP/1.1" status: 200 len: 353 time: 0.0044582
2026-05-10 01:59:12.806 9 INFO neutron.db.segments_db [None req-1021ed69-b753-44a1-b1d5-845bdf883953 ea7049b0e1884f2e8ce2b49f0e2c846f a7e05ef5710a4525837927b7781f9d66 - - default default] Added segment 91001eeb-24e2-4c46-831c-29206eba2600 of type geneve for network d84147f2-76c2-4413-b1e2-486950f818c0
2026-05-10 01:59:12.814 10 INFO neutron.wsgi [None req-3aa11705-ab84-4af1-ad17-eb9c57d1f547 01d8cffcfbc341bcbf920e795ffd9a43 ac624c50af704e02ade1ba7ad9dfdbe9 - - default default] 10.0.0.141 "GET /v2.0/extensions/address-scope HTTP/1.1" status: 200 len: 357 time: 0.0032983
2026-05-10 01:59:12.822 10 INFO neutron.wsgi [None req-408d9f7f-4e5a-412a-b88c-909832b8d912 01d8cffcfbc341bcbf920e795ffd9a43 ac624c50af704e02ade1ba7ad9dfdbe9 - - default default] 10.0.0.141 "GET /v2.0/extensions/agent HTTP/1.1" status: 200 len: 347 time: 0.0043752
2026-05-10 01:59:12.828 9 INFO neutron.wsgi [req-d047b091-fe34-4823-9493-50e0c8d937b0 req-58f9d45c-055f-46f5-a673-29d26f495ebb 2997b4e0393c4cb9aca06d6143a03f5e 2e8187c5a7ff43bab0ed3ccb93cd3460 - - 41a00e5bc1624bae9876524ff7500768 41a00e5bc1624bae9876524ff7500768] 199.204.45.238 "GET /v2.0/networks/64c8ad3b-1a64-4744-b651-27e568c79da7?fields=segments HTTP/1.1" status: 200 len: 212 time: 0.0729523
2026-05-10 01:59:12.831 10 INFO neutron.wsgi [None req-6b401f1d-7231-423e-aef0-89ba7754b9c4 01d8cffcfbc341bcbf920e795ffd9a43 ac624c50af704e02ade1ba7ad9dfdbe9 - - default default] 10.0.0.141 "GET /v2.0/extensions/allowed-address-pairs HTTP/1.1" status: 200 len: 378 time: 0.0051191
2026-05-10 01:59:12.839 10 INFO neutron.wsgi [None req-6896758d-39c5-414a-ac5a-3de0aa8697c5 01d8cffcfbc341bcbf920e795ffd9a43 ac624c50af704e02ade1ba7ad9dfdbe9 - - default default] 10.0.0.141 "GET /v2.0/extensions/auto-allocated-topology HTTP/1.1" status: 200 len: 394 time: 0.0047550
2026-05-10 01:59:12.848 10 INFO neutron.wsgi [None req-6826179a-f5df-4415-8ec9-bd076e96c189 01d8cffcfbc341bcbf920e795ffd9a43 ac624c50af704e02ade1ba7ad9dfdbe9 - - default default] 10.0.0.141 "GET /v2.0/extensions/availability_zone HTTP/1.1" status: 200 len: 372 time: 0.0061331
2026-05-10 01:59:12.857 10 INFO neutron.wsgi [None req-ba8fe9af-7bff-4799-9c17-4fe642d6b825 01d8cffcfbc341bcbf920e795ffd9a43 ac624c50af704e02ade1ba7ad9dfdbe9 - - default default] 10.0.0.141 "GET /v2.0/extensions/default-subnetpools HTTP/1.1" status: 200 len: 405 time: 0.0050352
2026-05-10 01:59:12.866 10 INFO neutron.wsgi [None req-b7e81c93-093a-4479-b820-c99dbd3f348e 01d8cffcfbc341bcbf920e795ffd9a43 ac624c50af704e02ade1ba7ad9dfdbe9 - - default default] 10.0.0.141 "GET /v2.0/extensions/dhcp_agent_scheduler HTTP/1.1" status: 200 len: 381 time: 0.0051548
2026-05-10 01:59:12.875 10 INFO neutron.wsgi [None req-87f44c8e-2a01-4c24-91be-5e971e9e63c1 01d8cffcfbc341bcbf920e795ffd9a43 ac624c50af704e02ade1ba7ad9dfdbe9 - - default default] 10.0.0.141 "GET /v2.0/extensions/dns-integration HTTP/1.1" status: 200 len: 366 time: 0.0050623
2026-05-10 01:59:12.886 10 INFO neutron.wsgi [None req-2a598b5f-ac48-48a4-839f-1daccc0b0482 01d8cffcfbc341bcbf920e795ffd9a43 ac624c50af704e02ade1ba7ad9dfdbe9 - - default default] 10.0.0.141 "GET /v2.0/extensions/dns-domain-ports HTTP/1.1" status: 200 len: 399 time: 0.0061514
2026-05-10 01:59:12.895 10 INFO neutron.wsgi [None req-db030a98-f9a4-41a4-9df9-bf39ca2283b7 01d8cffcfbc341bcbf920e795ffd9a43 ac624c50af704e02ade1ba7ad9dfdbe9 - - default default] 10.0.0.141 "GET /v2.0/extensions/dns-integration-domain-keywords HTTP/1.1" status: 200 len: 477 time: 0.0060756
2026-05-10 01:59:12.905 10 INFO neutron.wsgi [None req-d9edccce-916c-4561-a88a-85c2407e507c 01d8cffcfbc341bcbf920e795ffd9a43 ac624c50af704e02ade1ba7ad9dfdbe9 - - default default] 10.0.0.141 "GET /v2.0/extensions/empty-string-filtering HTTP/1.1" status: 200 len: 413 time: 0.0048876
2026-05-10 01:59:12.916 10 INFO neutron.wsgi [None req-b5a8ac25-b9b4-4f30-b45e-2cf9ff60c062 01d8cffcfbc341bcbf920e795ffd9a43 ac624c50af704e02ade1ba7ad9dfdbe9 - - default default] 10.0.0.141 "GET /v2.0/extensions/external-net HTTP/1.1" status: 200 len: 394 time: 0.0076191
2026-05-10 01:59:12.925 10 INFO neutron.wsgi [None req-366d6db0-92ef-4534-89dc-1cbadd3d6b36 01d8cffcfbc341bcbf920e795ffd9a43 ac624c50af704e02ade1ba7ad9dfdbe9 - - default default] 10.0.0.141 "GET /v2.0/extensions/extra_dhcp_opt HTTP/1.1" status: 200 len: 498 time: 0.0050387
2026-05-10 01:59:12.929 9 INFO neutron.wsgi [req-d047b091-fe34-4823-9493-50e0c8d937b0 req-35646019-2c19-40f7-b7a6-0efb0641ab45 2997b4e0393c4cb9aca06d6143a03f5e 2e8187c5a7ff43bab0ed3ccb93cd3460 - - 41a00e5bc1624bae9876524ff7500768 41a00e5bc1624bae9876524ff7500768] 199.204.45.238 "GET /v2.0/networks/64c8ad3b-1a64-4744-b651-27e568c79da7?fields=provider%3Aphysical_network&fields=provider%3Anetwork_type HTTP/1.1" status: 200 len: 277 time: 0.0932887
2026-05-10 01:59:12.934 10 INFO neutron.wsgi [None req-5c7e3755-5a11-49ce-a5a9-731446ca0ef9 01d8cffcfbc341bcbf920e795ffd9a43 ac624c50af704e02ade1ba7ad9dfdbe9 - - default default] 10.0.0.141 "GET /v2.0/extensions/extraroute HTTP/1.1" status: 200 len: 375 time: 0.0049560
2026-05-10 01:59:12.943 10 INFO neutron.wsgi [None req-c0a4b5ef-f132-4df1-bee0-70d9efc24822 01d8cffcfbc341bcbf920e795ffd9a43 ac624c50af704e02ade1ba7ad9dfdbe9 - - default default] 10.0.0.141 "GET /v2.0/extensions/filter-validation HTTP/1.1" status: 200 len: 392 time: 0.0051925
2026-05-10 01:59:12.960 10 INFO neutron.wsgi [None req-f82a868a-19e6-4ea5-b95a-230261ec4c20 01d8cffcfbc341bcbf920e795ffd9a43 ac624c50af704e02ade1ba7ad9dfdbe9 - - default default] 10.0.0.141 "GET /v2.0/extensions/floating-ip-port-forwarding-detail HTTP/1.1" status: 200 len: 465 time: 0.0099344
2026-05-10 01:59:12.968 10 INFO neutron.wsgi [None req-6901b100-2b61-46b3-b22b-c1de2500b7e9 01d8cffcfbc341bcbf920e795ffd9a43 ac624c50af704e02ade1ba7ad9dfdbe9 - - default default] 10.0.0.141 "GET /v2.0/extensions/fip-port-details HTTP/1.1" status: 200 len: 406 time: 0.0049958
2026-05-10 01:59:12.979 10 INFO neutron.wsgi [None req-0bb47a88-bed0-46fd-86c1-ceab3ca9331c 01d8cffcfbc341bcbf920e795ffd9a43 ac624c50af704e02ade1ba7ad9dfdbe9 - - default default] 10.0.0.141 "GET /v2.0/extensions/flavors HTTP/1.1" status: 200 len: 387 time: 0.0046108
2026-05-10 01:59:12.989 10 INFO neutron.wsgi [None req-e09e4f1c-9a7b-4e91-9f93-70243c010174 01d8cffcfbc341bcbf920e795ffd9a43 ac624c50af704e02ade1ba7ad9dfdbe9 - - default default] 10.0.0.141 "GET /v2.0/extensions/floatingip-pools HTTP/1.1" status: 200 len: 382 time: 0.0041423
2026-05-10 01:59:12.992 9 INFO neutron.db.ovn_revision_numbers_db [None req-1021ed69-b753-44a1-b1d5-845bdf883953 ea7049b0e1884f2e8ce2b49f0e2c846f a7e05ef5710a4525837927b7781f9d66 - - default default] Successfully bumped revision number for resource d84147f2-76c2-4413-b1e2-486950f818c0 (type: networks) to 1
2026-05-10 01:59:12.997 10 INFO neutron.wsgi [None req-5c4e5c2e-ac36-4e57-a32d-bacb264a46ab 01d8cffcfbc341bcbf920e795ffd9a43 ac624c50af704e02ade1ba7ad9dfdbe9 - - default default] 10.0.0.141 "GET /v2.0/extensions/ip_allocation HTTP/1.1" status: 200 len: 356 time: 0.0051191
2026-05-10 01:59:13.008 10 INFO neutron.wsgi [None req-d6b2d123-2786-4b28-bad4-929d46e50c31 01d8cffcfbc341bcbf920e795ffd9a43 ac624c50af704e02ade1ba7ad9dfdbe9 - - default default] 10.0.0.141 "GET /v2.0/extensions/l2_adjacency HTTP/1.1" status: 200 len: 372 time: 0.0067136
2026-05-10 01:59:13.023 9 INFO neutron.wsgi [None req-3a4f3cd4-672c-4ad4-add6-d62dca07592c 01d8cffcfbc341bcbf920e795ffd9a43 ac624c50af704e02ade1ba7ad9dfdbe9 - - default default] 10.0.0.141 "GET /v2.0/extensions/router HTTP/1.1" status: 200 len: 450 time: 0.0101583
2026-05-10 01:59:13.029 9 INFO neutron.wsgi [req-ece10855-a317-431f-b6a4-090b2b875537 req-5c23ad6b-7a72-4002-8545-fc9bebdbee43 2997b4e0393c4cb9aca06d6143a03f5e 2e8187c5a7ff43bab0ed3ccb93cd3460 - - 41a00e5bc1624bae9876524ff7500768 41a00e5bc1624bae9876524ff7500768] 199.204.45.238 "GET /v2.0/ports?tenant_id=944ddf480f28468fb4251a936a9014a4&device_id=0677521b-67e6-41e0-981d-d997ecedb362 HTTP/1.1" status: 200 len: 1446 time: 0.0635018
2026-05-10 01:59:13.033 9 INFO neutron.wsgi [None req-ce4597fd-8716-4c18-b2a1-01bc8384a102 01d8cffcfbc341bcbf920e795ffd9a43 ac624c50af704e02ade1ba7ad9dfdbe9 - - default default] 10.0.0.141 "GET /v2.0/extensions/ext-gw-mode HTTP/1.1" status: 200 len: 462 time: 0.0034268
2026-05-10 01:59:13.046 10 INFO neutron.wsgi [None req-209fa0d6-f693-4d9c-bcb7-5479ba07bbad 01d8cffcfbc341bcbf920e795ffd9a43 ac624c50af704e02ade1ba7ad9dfdbe9 - - default default] 10.0.0.141 "GET /v2.0/extensions/logging HTTP/1.1" status: 200 len: 407 time: 0.0085077
2026-05-10 01:59:13.054 9 INFO neutron.wsgi [None req-4c31abec-738f-4064-92a2-9bf0ada81285 01d8cffcfbc341bcbf920e795ffd9a43 ac624c50af704e02ade1ba7ad9dfdbe9 - - default default] 10.0.0.141 "GET /v2.0/extensions/multi-provider HTTP/1.1" status: 200 len: 406 time: 0.0043588
2026-05-10 01:59:13.063 10 INFO neutron.wsgi [None req-15401d4a-8b8f-48a8-b741-bfd9d2a7f401 01d8cffcfbc341bcbf920e795ffd9a43 ac624c50af704e02ade1ba7ad9dfdbe9 - - default default] 10.0.0.141 "GET /v2.0/extensions/net-mtu HTTP/1.1" status: 200 len: 370 time: 0.0051658
2026-05-10 01:59:13.071 10 INFO neutron.wsgi [None req-8efb9225-6293-4298-b37b-f8e5ab5397d6 01d8cffcfbc341bcbf920e795ffd9a43 ac624c50af704e02ade1ba7ad9dfdbe9 - - default default] 10.0.0.141 "GET /v2.0/extensions/net-mtu-writable HTTP/1.1" status: 200 len: 401 time: 0.0045044
2026-05-10 01:59:13.078 10 INFO neutron.wsgi [None req-21080175-f162-4098-aaaa-1f0372a5de31 01d8cffcfbc341bcbf920e795ffd9a43 ac624c50af704e02ade1ba7ad9dfdbe9 - - default default] 10.0.0.141 "GET /v2.0/extensions/network_availability_zone HTTP/1.1" status: 200 len: 394 time: 0.0032313
2026-05-10 01:59:13.084 10 INFO neutron.wsgi [None req-777aa322-ea66-4df5-8c07-5acc3cdbc377 01d8cffcfbc341bcbf920e795ffd9a43 ac624c50af704e02ade1ba7ad9dfdbe9 - - default default] 10.0.0.141 "GET /v2.0/extensions/network-ip-availability HTTP/1.1" status: 200 len: 410 time: 0.0037060
2026-05-10 01:59:13.097 10 INFO neutron.wsgi [None req-78a5c5c6-60b8-44fa-ab6d-a1769d61b759 01d8cffcfbc341bcbf920e795ffd9a43 ac624c50af704e02ade1ba7ad9dfdbe9 - - default default] 10.0.0.141 "GET /v2.0/extensions/pagination HTTP/1.1" status: 200 len: 386 time: 0.0055442
2026-05-10 01:59:13.119 10 INFO neutron.wsgi [None req-2bf41282-df76-4bab-8bca-b0a5a34880b7 01d8cffcfbc341bcbf920e795ffd9a43 ac624c50af704e02ade1ba7ad9dfdbe9 - - default default] 10.0.0.141 "GET /v2.0/extensions/port-device-profile HTTP/1.1" status: 200 len: 383 time: 0.0151844
2026-05-10 01:59:13.120 9 INFO neutron.wsgi [req-ece10855-a317-431f-b6a4-090b2b875537 req-e776443d-57a0-4621-846b-d9a7e43e7264 2997b4e0393c4cb9aca06d6143a03f5e 2e8187c5a7ff43bab0ed3ccb93cd3460 - - 41a00e5bc1624bae9876524ff7500768 41a00e5bc1624bae9876524ff7500768] 199.204.45.238 "GET /v2.0/networks?id=64c8ad3b-1a64-4744-b651-27e568c79da7 HTTP/1.1" status: 200 len: 970 time: 0.0861089
2026-05-10 01:59:13.137 9 INFO neutron.wsgi [None req-9443b7dd-3aa7-48d7-a391-f85998197daf 01d8cffcfbc341bcbf920e795ffd9a43 ac624c50af704e02ade1ba7ad9dfdbe9 - - default default] 10.0.0.141 "GET /v2.0/extensions/port-mac-address-regenerate HTTP/1.1" status: 200 len: 403 time: 0.0084453
2026-05-10 01:59:13.152 10 INFO neutron.wsgi [None req-d1413aca-1f3b-4f50-b380-88da1cbcfdc5 01d8cffcfbc341bcbf920e795ffd9a43 ac624c50af704e02ade1ba7ad9dfdbe9 - - default default] 10.0.0.141 "GET /v2.0/extensions/port-numa-affinity-policy HTTP/1.1" status: 200 len: 392 time: 0.0079596
2026-05-10 01:59:13.161 10 INFO neutron.wsgi [req-fff27c4a-6f39-4132-a485-d6f9d142399d req-ff69d63e-3e32-4067-a667-cbfe2a1d8687 2997b4e0393c4cb9aca06d6143a03f5e 2e8187c5a7ff43bab0ed3ccb93cd3460 - - 41a00e5bc1624bae9876524ff7500768 41a00e5bc1624bae9876524ff7500768] 199.204.45.238 "GET /v2.0/ports?device_id=0677521b-67e6-41e0-981d-d997ecedb362 HTTP/1.1" status: 200 len: 1446 time: 0.0696235
2026-05-10 01:59:13.166 10 INFO neutron.wsgi [None req-f26b04b7-25b2-48e8-a34a-bb71156237e4 01d8cffcfbc341bcbf920e795ffd9a43 ac624c50af704e02ade1ba7ad9dfdbe9 - - default default] 10.0.0.141 "GET /v2.0/extensions/port-resource-request HTTP/1.1" status: 200 len: 379 time: 0.0090570
2026-05-10 01:59:13.171 9 INFO neutron.wsgi [req-ece10855-a317-431f-b6a4-090b2b875537 req-821acd52-d822-4453-be52-2cebba4f7304 2997b4e0393c4cb9aca06d6143a03f5e 2e8187c5a7ff43bab0ed3ccb93cd3460 - - 41a00e5bc1624bae9876524ff7500768 41a00e5bc1624bae9876524ff7500768] 199.204.45.238 "GET /v2.0/floatingips?fixed_ip_address=10.100.0.7&port_id=1f992eef-b9ff-4af0-aa97-364b73e54f61 HTTP/1.1" status: 200 len: 217 time: 0.0446935
2026-05-10 01:59:13.173 10 INFO neutron.wsgi [None req-51284d78-67d4-48bd-a4d3-c84883d44b7a 01d8cffcfbc341bcbf920e795ffd9a43 ac624c50af704e02ade1ba7ad9dfdbe9 - - default default] 10.0.0.141 "GET /v2.0/extensions/port-resource-request-groups HTTP/1.1" status: 200 len: 465 time: 0.0037594
2026-05-10 01:59:13.179 10 INFO neutron.db.ovn_revision_numbers_db [None req-84562650-bfc1-4561-aa43-e864438b026a a72b53b28ab844869eee847fd706c4b1 438eeca712434e89bfa7f9ef071394ff - - default default] Successfully bumped revision number for resource d00e3ebf-f2cb-463b-abc0-03bba9889b57 (type: security_groups) to 1
2026-05-10 01:59:13.187 10 INFO neutron.wsgi [None req-197fdba1-512d-48a4-93f0-96718644c8e9 01d8cffcfbc341bcbf920e795ffd9a43 ac624c50af704e02ade1ba7ad9dfdbe9 - - default default] 10.0.0.141 "GET /v2.0/extensions/binding HTTP/1.1" status: 200 len: 387 time: 0.0056076
2026-05-10 01:59:13.197 10 INFO neutron.wsgi [None req-a73cce46-3306-4a68-b545-a990685c4eab 01d8cffcfbc341bcbf920e795ffd9a43 ac624c50af704e02ade1ba7ad9dfdbe9 - - default default] 10.0.0.141 "GET /v2.0/extensions/binding-extended HTTP/1.1" status: 200 len: 406 time: 0.0051589
2026-05-10 01:59:13.219 10 INFO neutron.wsgi [None req-c504acc9-aa94-4863-afb2-7a70355ccc22 01d8cffcfbc341bcbf920e795ffd9a43 ac624c50af704e02ade1ba7ad9dfdbe9 - - default default] 10.0.0.141 "GET /v2.0/extensions/port-security HTTP/1.1" status: 200 len: 354 time: 0.0067017
2026-05-10 01:59:13.226 10 INFO neutron.wsgi [None req-9cf55995-8200-40d4-acd4-731dade37a7b 01d8cffcfbc341bcbf920e795ffd9a43 ac624c50af704e02ade1ba7ad9dfdbe9 - - default default] 10.0.0.141 "GET /v2.0/extensions/project-id HTTP/1.1" status: 200 len: 398 time: 0.0040994
2026-05-10 01:59:13.229 10 INFO neutron.db.ovn_revision_numbers_db [None req-84562650-bfc1-4561-aa43-e864438b026a a72b53b28ab844869eee847fd706c4b1 438eeca712434e89bfa7f9ef071394ff - - default default] Successfully bumped revision number for resource 39e2a222-a416-4aa7-a888-62ae60359f6d (type: security_group_rules) to 0
2026-05-10 01:59:13.240 9 INFO neutron.wsgi [None req-a52e9d82-f06e-4913-867d-9858298eb515 01d8cffcfbc341bcbf920e795ffd9a43 ac624c50af704e02ade1ba7ad9dfdbe9 - - default default] 10.0.0.141 "GET /v2.0/extensions/provider HTTP/1.1" status: 200 len: 385 time: 0.0061514
2026-05-10 01:59:13.245 9 INFO neutron.wsgi [req-ece10855-a317-431f-b6a4-090b2b875537 req-a9a2f5eb-4ac4-47eb-a992-4890c52bf370 2997b4e0393c4cb9aca06d6143a03f5e 2e8187c5a7ff43bab0ed3ccb93cd3460 - - 41a00e5bc1624bae9876524ff7500768 41a00e5bc1624bae9876524ff7500768] 199.204.45.238 "GET /v2.0/subnets?id=478c0d77-8467-45e0-9f69-44fe24740aea HTTP/1.1" status: 200 len: 865 time: 0.0700307
2026-05-10 01:59:13.249 10 INFO neutron.wsgi [None req-53f2aa91-7060-4087-94a1-2dc1585e39a5 01d8cffcfbc341bcbf920e795ffd9a43 ac624c50af704e02ade1ba7ad9dfdbe9 - - default default] 10.0.0.141 "GET /v2.0/extensions/qos HTTP/1.1" status: 200 len: 360 time: 0.0047450
2026-05-10 01:59:13.252 10 INFO neutron.wsgi [req-fff27c4a-6f39-4132-a485-d6f9d142399d req-b9807cc8-fdce-4267-91eb-1747dab09afb 2997b4e0393c4cb9aca06d6143a03f5e 2e8187c5a7ff43bab0ed3ccb93cd3460 - - 41a00e5bc1624bae9876524ff7500768 41a00e5bc1624bae9876524ff7500768] 199.204.45.238 "GET /v2.0/security-groups?id=e7e6159d-c25a-41f6-a6e0-564deab430a2&id=cd68714d-1d28-4d71-b7e3-d04014c342b0&fields=id&fields=name HTTP/1.1" status: 200 len: 406 time: 0.0822198
2026-05-10 01:59:13.261 10 INFO neutron.wsgi [None req-89c586e6-b63a-447d-9de2-72646297438e 01d8cffcfbc341bcbf920e795ffd9a43 ac624c50af704e02ade1ba7ad9dfdbe9 - - default default] 10.0.0.141 "GET /v2.0/extensions/qos-bw-limit-direction HTTP/1.1" status: 200 len: 452 time: 0.0047915
2026-05-10 01:59:13.262 10 INFO neutron.db.ovn_revision_numbers_db [None req-84562650-bfc1-4561-aa43-e864438b026a a72b53b28ab844869eee847fd706c4b1 438eeca712434e89bfa7f9ef071394ff - - default default] Successfully bumped revision number for resource e1f0737e-a04a-41f8-ad6a-b7b987351114 (type: security_group_rules) to 0
2026-05-10 01:59:13.275 9 INFO neutron.wsgi [req-ece10855-a317-431f-b6a4-090b2b875537 req-44ad3c6d-9bac-4c4f-9342-68ebdf795dc4 2997b4e0393c4cb9aca06d6143a03f5e 2e8187c5a7ff43bab0ed3ccb93cd3460 - - 41a00e5bc1624bae9876524ff7500768 41a00e5bc1624bae9876524ff7500768] 199.204.45.238 "GET /v2.0/ports?network_id=64c8ad3b-1a64-4744-b651-27e568c79da7&device_owner=network%3Adhcp HTTP/1.1" status: 200 len: 210 time: 0.0220020
2026-05-10 01:59:13.277 10 INFO neutron.wsgi [None req-0fdd37be-4fd6-41a4-abc9-a4d34476a749 01d8cffcfbc341bcbf920e795ffd9a43 ac624c50af704e02ade1ba7ad9dfdbe9 - - default default] 10.0.0.141 "GET /v2.0/extensions/qos-bw-minimum-ingress HTTP/1.1" status: 200 len: 445 time: 0.0084393
2026-05-10 01:59:13.286 10 INFO neutron.wsgi [None req-4d491878-28a0-4f94-a42e-be151b5ac843 01d8cffcfbc341bcbf920e795ffd9a43 ac624c50af704e02ade1ba7ad9dfdbe9 - - default default] 10.0.0.141 "GET /v2.0/extensions/qos-default HTTP/1.1" status: 200 len: 377 time: 0.0057907
2026-05-10 01:59:13.295 10 INFO neutron.wsgi [None req-36d19558-5da2-4fbd-a5da-b40d2baf4cc3 01d8cffcfbc341bcbf920e795ffd9a43 ac624c50af704e02ade1ba7ad9dfdbe9 - - default default] 10.0.0.141 "GET /v2.0/extensions/qos-fip HTTP/1.1" status: 200 len: 372 time: 0.0038736
2026-05-10 01:59:13.296 10 INFO neutron.db.ovn_revision_numbers_db [None req-84562650-bfc1-4561-aa43-e864438b026a a72b53b28ab844869eee847fd706c4b1 438eeca712434e89bfa7f9ef071394ff - - default default] Successfully bumped revision number for resource e87d7291-6664-4e31-bf28-554d13cf8294 (type: security_group_rules) to 0
2026-05-10 01:59:13.306 10 INFO neutron.wsgi [None req-846c5ebf-f9e4-4c23-b553-3a2c1ee05d00 01d8cffcfbc341bcbf920e795ffd9a43 ac624c50af704e02ade1ba7ad9dfdbe9 - - default default] 10.0.0.141 "GET /v2.0/extensions/qos-gateway-ip HTTP/1.1" status: 200 len: 391 time: 0.0059922
2026-05-10 01:59:13.315 10 INFO neutron.wsgi [None req-ee7a67ab-cbe6-443d-af2d-8e0bbac81e07 01d8cffcfbc341bcbf920e795ffd9a43 ac624c50af704e02ade1ba7ad9dfdbe9 - - default default] 10.0.0.141 "GET /v2.0/extensions/qos-port-network-policy HTTP/1.1" status: 200 len: 403 time: 0.0042827
2026-05-10 01:59:13.315 9 WARNING neutron.scheduler.dhcp_agent_scheduler [None req-1021ed69-b753-44a1-b1d5-845bdf883953 ea7049b0e1884f2e8ce2b49f0e2c846f a7e05ef5710a4525837927b7781f9d66 - - default default] No more DHCP agents
2026-05-10 01:59:13.323 9 WARNING neutron.api.rpc.agentnotifiers.dhcp_rpc_agent_api [None req-1021ed69-b753-44a1-b1d5-845bdf883953 ea7049b0e1884f2e8ce2b49f0e2c846f a7e05ef5710a4525837927b7781f9d66 - - default default] Unable to schedule network d84147f2-76c2-4413-b1e2-486950f818c0: no agents available; will retry on subsequent port and subnet creation events.
2026-05-10 01:59:13.331 10 INFO neutron.wsgi [None req-bd07d861-a353-4328-8de2-5310b256d769 01d8cffcfbc341bcbf920e795ffd9a43 ac624c50af704e02ade1ba7ad9dfdbe9 - - default default] 10.0.0.141 "GET /v2.0/extensions/qos-pps-minimum HTTP/1.1" status: 200 len: 397 time: 0.0055747
2026-05-10 01:59:13.332 10 INFO neutron.db.ovn_revision_numbers_db [None req-84562650-bfc1-4561-aa43-e864438b026a a72b53b28ab844869eee847fd706c4b1 438eeca712434e89bfa7f9ef071394ff - - default default] Successfully bumped revision number for resource fd9f965a-9726-49a0-944d-f988c5bee17f (type: security_group_rules) to 0
2026-05-10 01:59:13.352 10 INFO neutron.wsgi [None req-011bca18-da70-4327-8970-c1f73c7966f8 01d8cffcfbc341bcbf920e795ffd9a43 ac624c50af704e02ade1ba7ad9dfdbe9 - - default default] 10.0.0.141 "GET /v2.0/extensions/qos-pps-minimum-rule-alias HTTP/1.1" status: 200 len: 471 time: 0.0093102
2026-05-10 01:59:13.353 10 INFO neutron.plugins.ml2.drivers.ovn.mech_driver.mech_driver [None req-b16e519a-6e9a-4667-a667-1917cb12fb06 - - - - - -] OVN reports status up for port: 1f992eef-b9ff-4af0-aa97-364b73e54f61
2026-05-10 01:59:13.364 9 INFO neutron.wsgi [None req-9728beb7-416c-46f0-935b-5656f1013dc0 01d8cffcfbc341bcbf920e795ffd9a43 ac624c50af704e02ade1ba7ad9dfdbe9 - - default default] 10.0.0.141 "GET /v2.0/extensions/qos-pps HTTP/1.1" status: 200 len: 389 time: 0.0069087
2026-05-10 01:59:13.368 10 INFO neutron.wsgi [None req-84562650-bfc1-4561-aa43-e864438b026a a72b53b28ab844869eee847fd706c4b1 438eeca712434e89bfa7f9ef071394ff - - default default] 10.0.0.141 "GET /v2.0/security-groups?tenant_id=c59e8dd08464440493e99979e329db35&name=default HTTP/1.1" status: 200 len: 2996 time: 0.4192421
2026-05-10 01:59:13.376 9 INFO neutron.wsgi [None req-bebac630-b0db-4869-9553-932d6991aed4 01d8cffcfbc341bcbf920e795ffd9a43 ac624c50af704e02ade1ba7ad9dfdbe9 - - default default] 10.0.0.141 "GET /v2.0/extensions/qos-rule-type-details HTTP/1.1" status: 200 len: 423 time: 0.0065386
2026-05-10 01:59:13.379 10 INFO neutron.plugins.ml2.plugin [None req-b16e519a-6e9a-4667-a667-1917cb12fb06 - - - - - -] Attempt 1 to provision port 1f992eef-b9ff-4af0-aa97-364b73e54f61
2026-05-10 01:59:13.387 10 INFO neutron.wsgi [None req-35866f8b-a5c8-4813-84a7-d45ad2c7719d 01d8cffcfbc341bcbf920e795ffd9a43 ac624c50af704e02ade1ba7ad9dfdbe9 - - default default] 10.0.0.141 "GET /v2.0/extensions/qos-rule-type-filter HTTP/1.1" status: 200 len: 567 time: 0.0055382
2026-05-10 01:59:13.409 9 INFO neutron.wsgi [None req-0356ef61-ebc1-44b3-ab96-f030544a1e9c 01d8cffcfbc341bcbf920e795ffd9a43 ac624c50af704e02ade1ba7ad9dfdbe9 - - default default] 10.0.0.141 "GET /v2.0/extensions/qos-rules-alias HTTP/1.1" status: 200 len: 448 time: 0.0148058
2026-05-10 01:59:13.415 9 INFO neutron.wsgi [req-ece10855-a317-431f-b6a4-090b2b875537 req-3948448b-33d2-4218-afb1-c691d745efac 2997b4e0393c4cb9aca06d6143a03f5e 2e8187c5a7ff43bab0ed3ccb93cd3460 - - 41a00e5bc1624bae9876524ff7500768 41a00e5bc1624bae9876524ff7500768] 199.204.45.238 "GET /v2.0/networks/64c8ad3b-1a64-4744-b651-27e568c79da7?fields=segments HTTP/1.1" status: 200 len: 212 time: 0.1296544
2026-05-10 01:59:13.430 10 INFO neutron.wsgi [None req-dd770184-dbd6-4708-a708-26837bd8498f 01d8cffcfbc341bcbf920e795ffd9a43 ac624c50af704e02ade1ba7ad9dfdbe9 - - default default] 10.0.0.141 "GET /v2.0/extensions/quota-check-limit HTTP/1.1" status: 200 len: 420 time: 0.0076725
2026-05-10 01:59:13.440 10 INFO neutron.wsgi [None req-974e5306-3705-4bdf-ab43-646a6cf95ffe 01d8cffcfbc341bcbf920e795ffd9a43 ac624c50af704e02ade1ba7ad9dfdbe9 - - default default] 10.0.0.141 "GET /v2.0/extensions/quotas HTTP/1.1" status: 200 len: 386 time: 0.0049636
2026-05-10 01:59:13.462 10 INFO neutron.wsgi [None req-81c256e8-790f-477f-8b88-9de6bea75af0 01d8cffcfbc341bcbf920e795ffd9a43 ac624c50af704e02ade1ba7ad9dfdbe9 - - default default] 10.0.0.141 "GET /v2.0/extensions/quota_details HTTP/1.1" status: 200 len: 407 time: 0.0134611
2026-05-10 01:59:13.475 10 INFO neutron.wsgi [None req-db3cb122-7320-440a-af14-79915d59c0f9 01d8cffcfbc341bcbf920e795ffd9a43 ac624c50af704e02ade1ba7ad9dfdbe9 - - default default] 10.0.0.141 "GET /v2.0/extensions/rbac-policies HTTP/1.1" status: 200 len: 417 time: 0.0056639
2026-05-10 01:59:13.488 10 INFO neutron.wsgi [None req-9be4a2b2-0508-42a2-9206-4c3d383ed108 01d8cffcfbc341bcbf920e795ffd9a43 ac624c50af704e02ade1ba7ad9dfdbe9 - - default default] 10.0.0.141 "GET /v2.0/extensions/rbac-address-scope HTTP/1.1" status: 200 len: 384 time: 0.0064042
2026-05-10 01:59:13.499 9 INFO neutron.wsgi [None req-4e6042f5-b427-4f8f-a201-e9e97db2e86a 01d8cffcfbc341bcbf920e795ffd9a43 ac624c50af704e02ade1ba7ad9dfdbe9 - - default default] 10.0.0.141 "GET /v2.0/extensions/rbac-security-groups HTTP/1.1" status: 200 len: 404 time: 0.0058458
2026-05-10 01:59:13.504 9 INFO neutron.db.ovn_revision_numbers_db [None req-1021ed69-b753-44a1-b1d5-845bdf883953 ea7049b0e1884f2e8ce2b49f0e2c846f a7e05ef5710a4525837927b7781f9d66 - - default default] Successfully bumped revision number for resource 9fede388-cd88-4a53-956b-09137d02dd21 (type: ports) to 1
2026-05-10 01:59:13.509 9 INFO neutron.wsgi [None req-1d1d5601-c4b1-44f4-af48-832a1b51fdb0 01d8cffcfbc341bcbf920e795ffd9a43 ac624c50af704e02ade1ba7ad9dfdbe9 - - default default] 10.0.0.141 "GET /v2.0/extensions/revision-if-match HTTP/1.1" status: 200 len: 441 time: 0.0058231
2026-05-10 01:59:13.521 9 INFO neutron.wsgi [None req-4443be0b-9e1f-4402-9be6-fa5a83ea5cd3 01d8cffcfbc341bcbf920e795ffd9a43 ac624c50af704e02ade1ba7ad9dfdbe9 - - default default] 10.0.0.141 "GET /v2.0/extensions/standard-attr-revisions HTTP/1.1" status: 200 len: 423 time: 0.0058882
2026-05-10 01:59:13.535 9 INFO neutron.wsgi [None req-94a77581-3899-4886-b089-84bbb3e1a686 01d8cffcfbc341bcbf920e795ffd9a43 ac624c50af704e02ade1ba7ad9dfdbe9 - - default default] 10.0.0.141 "GET /v2.0/extensions/router_availability_zone HTTP/1.1" status: 200 len: 391 time: 0.0070429
2026-05-10 01:59:13.544 9 INFO neutron.wsgi [req-ece10855-a317-431f-b6a4-090b2b875537 req-cca999e7-6ed2-4de5-96ad-e491f5eff0a9 2997b4e0393c4cb9aca06d6143a03f5e 2e8187c5a7ff43bab0ed3ccb93cd3460 - - 41a00e5bc1624bae9876524ff7500768 41a00e5bc1624bae9876524ff7500768] 199.204.45.238 "GET /v2.0/networks/64c8ad3b-1a64-4744-b651-27e568c79da7?fields=provider%3Aphysical_network&fields=provider%3Anetwork_type HTTP/1.1" status: 200 len: 277 time: 0.1157897
2026-05-10 01:59:13.548 9 INFO neutron.wsgi [None req-d2e56ba8-89ec-4a1a-b915-51e79472e7f2 01d8cffcfbc341bcbf920e795ffd9a43 ac624c50af704e02ade1ba7ad9dfdbe9 - - default default] 10.0.0.141 "GET /v2.0/extensions/security-groups-default-rules HTTP/1.1" status: 200 len: 456 time: 0.0082490
2026-05-10 01:59:13.551 9 INFO neutron.wsgi [None req-1021ed69-b753-44a1-b1d5-845bdf883953 ea7049b0e1884f2e8ce2b49f0e2c846f a7e05ef5710a4525837927b7781f9d66 - - default default] 10.0.0.141 "POST /v2.0/networks HTTP/1.1" status: 201 len: 842 time: 0.8469679
2026-05-10 01:59:13.560 10 INFO neutron.notifiers.nova [-] Nova event matching ['req-735df23f-97bf-41fe-80ed-5efd422b64d7'] response: {'server_uuid': '0677521b-67e6-41e0-981d-d997ecedb362', 'name': 'network-vif-plugged', 'status': 'completed', 'tag': '1f992eef-b9ff-4af0-aa97-364b73e54f61', 'code': 200}
2026-05-10 01:59:13.567 10 INFO neutron.wsgi [None req-0a54f107-84a8-4abe-ae01-6ac615bdd28f 01d8cffcfbc341bcbf920e795ffd9a43 ac624c50af704e02ade1ba7ad9dfdbe9 - - default default] 10.0.0.141 "GET /v2.0/extensions/security-groups-normalized-cidr HTTP/1.1" status: 200 len: 445 time: 0.0054443
2026-05-10 01:59:13.576 10 INFO neutron.wsgi [None req-aa5446ab-b93d-4047-96ff-96ca92fc0049 01d8cffcfbc341bcbf920e795ffd9a43 ac624c50af704e02ade1ba7ad9dfdbe9 - - default default] 10.0.0.141 "GET /v2.0/extensions/security-groups-remote-address-group HTTP/1.1" status: 200 len: 448 time: 0.0039423
2026-05-10 01:59:13.587 10 INFO neutron.wsgi [None req-d9cf6527-4817-497c-950d-3146db13ee33 01d8cffcfbc341bcbf920e795ffd9a43 ac624c50af704e02ade1ba7ad9dfdbe9 - - default default] 10.0.0.141 "GET /v2.0/extensions/security-groups-shared-filtering HTTP/1.1" status: 200 len: 435 time: 0.0044975
2026-05-10 01:59:13.599 10 INFO neutron.wsgi [None req-d2dc4b83-3c22-4d6f-99e5-d2e84688da46 01d8cffcfbc341bcbf920e795ffd9a43 ac624c50af704e02ade1ba7ad9dfdbe9 - - default default] 10.0.0.141 "GET /v2.0/extensions/security-group HTTP/1.1" status: 200 len: 364 time: 0.0060987
2026-05-10 01:59:13.609 10 INFO neutron.wsgi [None req-904f039d-bdea-4e76-b8fc-a602735dacf5 01d8cffcfbc341bcbf920e795ffd9a43 ac624c50af704e02ade1ba7ad9dfdbe9 - - default default] 10.0.0.141 "GET /v2.0/extensions/segment HTTP/1.1" status: 200 len: 339 time: 0.0043070
2026-05-10 01:59:13.621 10 INFO neutron.wsgi [None req-0037e14b-66ed-406b-9cb7-0bee845831d7 01d8cffcfbc341bcbf920e795ffd9a43 ac624c50af704e02ade1ba7ad9dfdbe9 - - default default] 10.0.0.141 "GET /v2.0/extensions/segments-peer-subnet-host-routes HTTP/1.1" status: 200 len: 427 time: 0.0056098
2026-05-10 01:59:13.631 10 INFO neutron.wsgi [None req-31b3844f-6ddd-4976-8f79-1cc3ebda5d6b 01d8cffcfbc341bcbf920e795ffd9a43 ac624c50af704e02ade1ba7ad9dfdbe9 - - default default] 10.0.0.141 "GET /v2.0/extensions/service-type HTTP/1.1" status: 200 len: 415 time: 0.0055764
2026-05-10 01:59:13.638 10 INFO neutron.wsgi [None req-f29abc3c-13b0-4971-a837-ba84cc91de4a 01d8cffcfbc341bcbf920e795ffd9a43 ac624c50af704e02ade1ba7ad9dfdbe9 - - default default] 10.0.0.141 "GET /v2.0/extensions/sorting HTTP/1.1" status: 200 len: 377 time: 0.0036418
2026-05-10 01:59:13.645 9 INFO neutron.wsgi [req-77ad7179-776d-4532-a62d-4c2eeaaf3c99 req-428ef780-879b-4932-a9b4-f1f348c88e1a 2767c4171cee43f68862f5ac6f5f828c 944ddf480f28468fb4251a936a9014a4 - - default default] 10.0.0.134 "GET /v2.0/ports?device_id=0677521b-67e6-41e0-981d-d997ecedb362 HTTP/1.1" status: 200 len: 1210 time: 0.0452745
2026-05-10 01:59:13.651 10 INFO neutron.wsgi [None req-0962528d-2bbd-47fa-b2ef-0527fe30be0a 01d8cffcfbc341bcbf920e795ffd9a43 ac624c50af704e02ade1ba7ad9dfdbe9 - - default default] 10.0.0.141 "GET /v2.0/extensions/standard-attr-segment HTTP/1.1" status: 200 len: 406 time: 0.0090444
2026-05-10 01:59:13.662 10 INFO neutron.wsgi [None req-80a8cdaa-d04d-4989-ab30-132d11d5c49d 01d8cffcfbc341bcbf920e795ffd9a43 ac624c50af704e02ade1ba7ad9dfdbe9 - - default default] 10.0.0.141 "GET /v2.0/extensions/standard-attr-description HTTP/1.1" status: 200 len: 408 time: 0.0047498
2026-05-10 01:59:13.671 10 INFO neutron.wsgi [None req-763bfb33-7a19-48e4-9a17-1f8cf826b4c5 01d8cffcfbc341bcbf920e795ffd9a43 ac624c50af704e02ade1ba7ad9dfdbe9 - - default default] 10.0.0.141 "GET /v2.0/extensions/stateful-security-group HTTP/1.1" status: 200 len: 402 time: 0.0043275
2026-05-10 01:59:13.680 10 INFO neutron.wsgi [None req-b9cfadb9-3f4d-4f42-bda5-69188cfc0313 01d8cffcfbc341bcbf920e795ffd9a43 ac624c50af704e02ade1ba7ad9dfdbe9 - - default default] 10.0.0.141 "GET /v2.0/extensions/subnet-dns-publish-fixed-ip HTTP/1.1" status: 200 len: 421 time: 0.0058365
2026-05-10 01:59:13.693 10 INFO neutron.wsgi [None req-ef4a2dd9-0bf1-4292-b25f-c617d0079a77 01d8cffcfbc341bcbf920e795ffd9a43 ac624c50af704e02ade1ba7ad9dfdbe9 - - default default] 10.0.0.141 "GET /v2.0/extensions/subnet-segmentid-writable HTTP/1.1" status: 200 len: 421 time: 0.0058846
2026-05-10 01:59:13.707 10 INFO neutron.wsgi [None req-259919cf-46b3-405a-b9ae-eacd042b28da 01d8cffcfbc341bcbf920e795ffd9a43 ac624c50af704e02ade1ba7ad9dfdbe9 - - default default] 10.0.0.141 "GET /v2.0/extensions/subnet-service-types HTTP/1.1" status: 200 len: 400 time: 0.0101011
2026-05-10 01:59:13.711 9 INFO neutron.wsgi [req-77ad7179-776d-4532-a62d-4c2eeaaf3c99 req-807c488c-02f3-4150-b722-655122263e8d 2767c4171cee43f68862f5ac6f5f828c 944ddf480f28468fb4251a936a9014a4 - - default default] 10.0.0.134 "GET /v2.0/security-groups?id=cd68714d-1d28-4d71-b7e3-d04014c342b0&id=e7e6159d-c25a-41f6-a6e0-564deab430a2&fields=id&fields=name HTTP/1.1" status: 200 len: 406 time: 0.0607827
2026-05-10 01:59:13.725 10 INFO neutron.wsgi [None req-cf070c86-3a7d-41cb-842d-4b6c62582762 01d8cffcfbc341bcbf920e795ffd9a43 ac624c50af704e02ade1ba7ad9dfdbe9 - - default default] 10.0.0.141 "GET /v2.0/extensions/subnet_allocation HTTP/1.1" status: 200 len: 388 time: 0.0072954
2026-05-10 01:59:13.735 10 INFO neutron.wsgi [None req-f5f912ee-f4b9-4b6a-b4a0-6095b59d215f 01d8cffcfbc341bcbf920e795ffd9a43 ac624c50af704e02ade1ba7ad9dfdbe9 - - default default] 10.0.0.141 "GET /v2.0/extensions/subnetpool-prefix-ops HTTP/1.1" status: 200 len: 418 time: 0.0056646
2026-05-10 01:59:13.743 10 INFO neutron.wsgi [None req-cd93c9f8-4ebb-4007-8aa1-34442caf3768 01d8cffcfbc341bcbf920e795ffd9a43 ac624c50af704e02ade1ba7ad9dfdbe9 - - default default] 10.0.0.141 "GET /v2.0/extensions/standard-attr-tag HTTP/1.1" status: 200 len: 537 time: 0.0047174
2026-05-10 01:59:13.751 10 INFO neutron.wsgi [None req-fccb4679-b82e-4adc-8dbb-48d65d449ad3 01d8cffcfbc341bcbf920e795ffd9a43 ac624c50af704e02ade1ba7ad9dfdbe9 - - default default] 10.0.0.141 "GET /v2.0/extensions/standard-attr-timestamp HTTP/1.1" status: 200 len: 449 time: 0.0051894
2026-05-10 01:59:13.762 10 INFO neutron.wsgi [None req-ee7e189e-37b0-4178-8c7e-02c9eb5ab550 01d8cffcfbc341bcbf920e795ffd9a43 ac624c50af704e02ade1ba7ad9dfdbe9 - - default default] 10.0.0.141 "GET /v2.0/extensions/trunk HTTP/1.1" status: 200 len: 358 time: 0.0054874
2026-05-10 01:59:13.770 10 INFO neutron.wsgi [None req-2d75e496-189e-40e5-925a-96169dffd826 01d8cffcfbc341bcbf920e795ffd9a43 ac624c50af704e02ade1ba7ad9dfdbe9 - - default default] 10.0.0.141 "GET /v2.0/extensions/trunk-details HTTP/1.1" status: 200 len: 362 time: 0.0039606
2026-05-10 01:59:13.786 10 INFO neutron.wsgi [None req-6d421353-9298-4fba-b219-f580383c716f a72b53b28ab844869eee847fd706c4b1 438eeca712434e89bfa7f9ef071394ff - - default default] 10.0.0.141 "DELETE /v2.0/security-groups/d00e3ebf-f2cb-463b-abc0-03bba9889b57 HTTP/1.1" status: 204 len: 168 time: 0.4117146
2026-05-10 01:59:13.788 9 INFO neutron.db.ovn_revision_numbers_db [None req-5825d489-6680-4fe7-8f6b-17967b5dcf24 ea7049b0e1884f2e8ce2b49f0e2c846f a7e05ef5710a4525837927b7781f9d66 - - default default] Successfully bumped revision number for resource d84147f2-76c2-4413-b1e2-486950f818c0 (type: networks) to 2
2026-05-10 01:59:13.793 9 INFO neutron.wsgi [None req-5825d489-6680-4fe7-8f6b-17967b5dcf24 ea7049b0e1884f2e8ce2b49f0e2c846f a7e05ef5710a4525837927b7781f9d66 - - default default] 10.0.0.141 "PUT /v2.0/networks/d84147f2-76c2-4413-b1e2-486950f818c0 HTTP/1.1" status: 200 len: 792 time: 0.2380950
2026-05-10 01:59:13.801 10 INFO neutron.db.ovn_revision_numbers_db [None req-b16e519a-6e9a-4667-a667-1917cb12fb06 - - - - - -] Successfully bumped revision number for resource 1f992eef-b9ff-4af0-aa97-364b73e54f61 (type: ports) to 4
2026-05-10 01:59:13.811 9 WARNING neutron_lib.context [None req-34f7c54d-6e8c-4e2f-aee3-774cbc3f39b4 ea7049b0e1884f2e8ce2b49f0e2c846f a7e05ef5710a4525837927b7781f9d66 - - default default] Method 'is_advsvc' is deprecated since 2023.2 release (neutron-lib 3.8.0) and will be removed once support for the old RBAC API policies will be removed from Neutron. Please use method 'is_service_role' instead.
2026-05-10 01:59:14.035 9 WARNING neutron.scheduler.dhcp_agent_scheduler [None req-34f7c54d-6e8c-4e2f-aee3-774cbc3f39b4 ea7049b0e1884f2e8ce2b49f0e2c846f a7e05ef5710a4525837927b7781f9d66 - - default default] No more DHCP agents
2026-05-10 01:59:14.037 9 WARNING neutron.api.rpc.agentnotifiers.dhcp_rpc_agent_api [None req-34f7c54d-6e8c-4e2f-aee3-774cbc3f39b4 ea7049b0e1884f2e8ce2b49f0e2c846f a7e05ef5710a4525837927b7781f9d66 - - default default] Unable to schedule network d84147f2-76c2-4413-b1e2-486950f818c0: no agents available; will retry on subsequent port and subnet creation events.
2026-05-10 01:59:14.506 9 INFO neutron.db.ovn_revision_numbers_db [None req-34f7c54d-6e8c-4e2f-aee3-774cbc3f39b4 ea7049b0e1884f2e8ce2b49f0e2c846f a7e05ef5710a4525837927b7781f9d66 - - default default] Successfully bumped revision number for resource 9fede388-cd88-4a53-956b-09137d02dd21 (type: ports) to 2
2026-05-10 01:59:14.564 9 INFO neutron.db.ovn_revision_numbers_db [None req-34f7c54d-6e8c-4e2f-aee3-774cbc3f39b4 ea7049b0e1884f2e8ce2b49f0e2c846f a7e05ef5710a4525837927b7781f9d66 - - default default] Successfully bumped revision number for resource 44ff5601-71b9-420a-a500-ecc5b2c731b6 (type: subnets) to 0
2026-05-10 01:59:14.598 9 INFO neutron.wsgi [None req-34f7c54d-6e8c-4e2f-aee3-774cbc3f39b4 ea7049b0e1884f2e8ce2b49f0e2c846f a7e05ef5710a4525837927b7781f9d66 - - default default] 10.0.0.141 "POST /v2.0/subnets HTTP/1.1" status: 201 len: 801 time: 0.7941875
2026-05-10 01:59:14.638 9 INFO neutron.db.ovn_revision_numbers_db [None req-899f77c3-4526-48b8-bf76-0f33ae809de4 a72b53b28ab844869eee847fd706c4b1 438eeca712434e89bfa7f9ef071394ff - - default default] Successfully bumped revision number for resource e4967ab9-3f46-4c81-983c-df7de6185ca5 (type: security_groups) to 1
2026-05-10 01:59:14.663 9 INFO neutron.db.ovn_revision_numbers_db [None req-899f77c3-4526-48b8-bf76-0f33ae809de4 a72b53b28ab844869eee847fd706c4b1 438eeca712434e89bfa7f9ef071394ff - - default default] Successfully bumped revision number for resource 0dcaa0c0-64ab-43ad-87fe-2ba554a7c0e8 (type: security_group_rules) to 0
2026-05-10 01:59:14.687 9 INFO neutron.db.ovn_revision_numbers_db [None req-899f77c3-4526-48b8-bf76-0f33ae809de4 a72b53b28ab844869eee847fd706c4b1 438eeca712434e89bfa7f9ef071394ff - - default default] Successfully bumped revision number for resource 416f1d2a-7538-4e03-b2ca-e7abe8bd9603 (type: security_group_rules) to 0
2026-05-10 01:59:14.706 9 INFO neutron.db.ovn_revision_numbers_db [None req-899f77c3-4526-48b8-bf76-0f33ae809de4 a72b53b28ab844869eee847fd706c4b1 438eeca712434e89bfa7f9ef071394ff - - default default] Successfully bumped revision number for resource cf307b22-178f-4cbb-ae6f-18dd89110370 (type: security_group_rules) to 0
2026-05-10 01:59:14.734 9 INFO neutron.db.ovn_revision_numbers_db [None req-899f77c3-4526-48b8-bf76-0f33ae809de4 a72b53b28ab844869eee847fd706c4b1 438eeca712434e89bfa7f9ef071394ff - - default default] Successfully bumped revision number for resource f4a1ddfe-41a6-4477-8699-64cd64c29e90 (type: security_group_rules) to 0
2026-05-10 01:59:14.762 9 INFO neutron.wsgi [None req-899f77c3-4526-48b8-bf76-0f33ae809de4 a72b53b28ab844869eee847fd706c4b1 438eeca712434e89bfa7f9ef071394ff - - default default] 10.0.0.141 "GET /v2.0/security-groups?tenant_id=ac624c50af704e02ade1ba7ad9dfdbe9&name=default HTTP/1.1" status: 200 len: 2996 time: 0.4314070 /var/lib/openstack/lib/python3.10/site-packages/pycadf/identifier.py:71: UserWarning: Invalid uuid: neutron. To ensure interoperability, identifiers should be a valid uuid. warnings.warn(('Invalid uuid: %s. To ensure interoperability, '
2026-05-10 01:59:14.838 10 INFO neutron.wsgi [req-6b7679f4-2ea8-4dda-9c0e-fb17888f9581 req-9567069a-4ba4-414f-b5d4-c257e12412f1 2767c4171cee43f68862f5ac6f5f828c 944ddf480f28468fb4251a936a9014a4 - - default default] 10.0.0.134 "GET /v2.0/ports?device_id=0677521b-67e6-41e0-981d-d997ecedb362 HTTP/1.1" status: 200 len: 1210 time: 0.0488398
2026-05-10 01:59:14.896 10 INFO neutron.wsgi [req-6b7679f4-2ea8-4dda-9c0e-fb17888f9581 req-099c9d00-3d45-45ad-9ca8-23eb51d17342 2767c4171cee43f68862f5ac6f5f828c 944ddf480f28468fb4251a936a9014a4 - - default default] 10.0.0.134 "GET /v2.0/security-groups?id=cd68714d-1d28-4d71-b7e3-d04014c342b0&id=e7e6159d-c25a-41f6-a6e0-564deab430a2&fields=id&fields=name HTTP/1.1" status: 200 len: 406 time: 0.0500164
2026-05-10 01:59:14.986 9 INFO neutron.db.ovn_revision_numbers_db [None req-4b026b31-e1a0-4b2a-95a8-e665c665fa06 ea7049b0e1884f2e8ce2b49f0e2c846f a7e05ef5710a4525837927b7781f9d66 - - default default] Successfully bumped revision number for resource 44ff5601-71b9-420a-a500-ecc5b2c731b6 (type: subnets) to 1
2026-05-10 01:59:14.989 9 INFO neutron.wsgi [None req-4b026b31-e1a0-4b2a-95a8-e665c665fa06 ea7049b0e1884f2e8ce2b49f0e2c846f a7e05ef5710a4525837927b7781f9d66 - - default default] 10.0.0.141 "PUT /v2.0/subnets/44ff5601-71b9-420a-a500-ecc5b2c731b6 HTTP/1.1" status: 200 len: 806 time: 0.3863282
2026-05-10 01:59:15.064 9 INFO neutron.wsgi [None req-09c9ef7b-7748-480e-a57d-ae4fff115c2d a72b53b28ab844869eee847fd706c4b1 438eeca712434e89bfa7f9ef071394ff - - default default] 10.0.0.141 "DELETE /v2.0/security-groups/e4967ab9-3f46-4c81-983c-df7de6185ca5 HTTP/1.1" status: 204 len: 168 time: 0.2977850
2026-05-10 01:59:15.087 9 INFO neutron.wsgi [req-bf9a115b-a1a7-48f0-8823-92477a580eee req-8e066cbf-a19e-478f-abb3-c8e2ee0b0b9f 2767c4171cee43f68862f5ac6f5f828c 944ddf480f28468fb4251a936a9014a4 - - default default] 10.0.0.134 "GET /v2.0/ports?device_id=0677521b-67e6-41e0-981d-d997ecedb362 HTTP/1.1" status: 200 len: 1210 time: 0.1284065
2026-05-10 01:59:15.335 9 INFO neutron.db.l3_db [None req-f3bd12a1-82ff-401c-a292-8c7235a3af40 2767c4171cee43f68862f5ac6f5f828c 944ddf480f28468fb4251a936a9014a4 - - default default] Floating IP 8e6066dd-71d6-4f07-a82b-1ec19c9a2d55 associated. External IP: 10.96.250.218, port: 1f992eef-b9ff-4af0-aa97-364b73e54f61.
2026-05-10 01:59:15.536 10 INFO neutron.services.segments.plugin [-] Segment 91001eeb-24e2-4c46-831c-29206eba2600 resource provider aggregate not found
2026-05-10 01:59:15.540 10 INFO neutron.services.segments.plugin [-] Segment 91001eeb-24e2-4c46-831c-29206eba2600 resource provider aggregate not found
2026-05-10 01:59:15.553 9 INFO neutron.db.ovn_revision_numbers_db [None req-f3bd12a1-82ff-401c-a292-8c7235a3af40 2767c4171cee43f68862f5ac6f5f828c 944ddf480f28468fb4251a936a9014a4 - - default default] Successfully bumped revision number for resource 8e6066dd-71d6-4f07-a82b-1ec19c9a2d55 (type: floatingips) to 1
2026-05-10 01:59:15.600 10 INFO neutron.services.segments.plugin [-] Segment 91001eeb-24e2-4c46-831c-29206eba2600 resource provider not found; error: Placement Client Error (4xx): {"errors": [{"status": 404, "title": "Not Found", "detail": "The resource could not be found.\n\n No resource provider with uuid 91001eeb-24e2-4c46-831c-29206eba2600 found for delete ", "request_id": "req-8087f4ea-e140-4d35-984b-b144b365bc8b"}]}
2026-05-10 01:59:15.606 10 INFO neutron.services.segments.plugin [-] Segment 91001eeb-24e2-4c46-831c-29206eba2600 resource provider not found; error: Placement Client Error (4xx): {"errors": [{"status": 404, "title": "Not Found", "detail": "The resource could not be found.\n\n No resource provider with uuid 91001eeb-24e2-4c46-831c-29206eba2600 found for delete ", "request_id": "req-7aebec02-0b5b-4054-be80-944791047e6a"}]}
2026-05-10 01:59:15.634 10 INFO neutron.notifiers.nova [-] Nova event matching ['req-8ca26e1e-6e65-4389-89ab-82aa1d169960'] response: {'server_uuid': '0677521b-67e6-41e0-981d-d997ecedb362', 'name': 'network-vif-plugged', 'status': 'completed', 'tag': '1f992eef-b9ff-4af0-aa97-364b73e54f61', 'code': 200}
2026-05-10 01:59:15.657 10 INFO neutron.wsgi [None req-e1742c82-ade5-4964-b1c3-54b2d92f049b ea7049b0e1884f2e8ce2b49f0e2c846f a7e05ef5710a4525837927b7781f9d66 - - default default] 10.0.0.141 "DELETE /v2.0/networks/d84147f2-76c2-4413-b1e2-486950f818c0 HTTP/1.1" status: 204 len: 168 time: 0.6622894
2026-05-10 01:59:15.683 9 INFO neutron.pecan_wsgi.hooks.translation [None req-665d1684-d36b-4cb2-9403-81b5e81509a2 ea7049b0e1884f2e8ce2b49f0e2c846f a7e05ef5710a4525837927b7781f9d66 - - default default] DELETE failed (client error): The resource could not be found.
2026-05-10 01:59:15.686 9 INFO neutron.wsgi [None req-665d1684-d36b-4cb2-9403-81b5e81509a2 ea7049b0e1884f2e8ce2b49f0e2c846f a7e05ef5710a4525837927b7781f9d66 - - default default] 10.0.0.141 "DELETE /v2.0/networks/d84147f2-76c2-4413-b1e2-486950f818c0 HTTP/1.1" status: 404 len: 339 time: 0.0233386
