2026-05-10 01:58:17.773 9 WARNING neutron.api.rpc.agentnotifiers.dhcp_rpc_agent_api [None req-e596c81b-38b9-425e-9d2f-705b9f7d22b1 5994a7537746413d9707497d0b58dabc 9b2203bfd8f54574b2fbc329b530a0c5 - - default default] Unable to schedule network d1136ee1-5d0e-4eb6-9064-3ecd96391d26: no agents available; will retry on subsequent port and subnet creation events.
2026-05-10 01:58:18.008 9 INFO neutron.db.ovn_revision_numbers_db [None req-bc8aece9-3d7d-4e45-a24b-b4d267c09fae - - - - - -] Successfully bumped revision number for resource 82c36bf4-8cbb-4ce5-a65a-a1942fce7892 (type: router_ports) to 4
2026-05-10 01:58:18.070 9 INFO neutron.db.ovn_revision_numbers_db [None req-e596c81b-38b9-425e-9d2f-705b9f7d22b1 5994a7537746413d9707497d0b58dabc 9b2203bfd8f54574b2fbc329b530a0c5 - - default default] Successfully bumped revision number for resource 397473df-6980-4db9-8245-b837e9ff5b41 (type: ports) to 1
2026-05-10 01:58:18.090 9 INFO neutron.wsgi [None req-e596c81b-38b9-425e-9d2f-705b9f7d22b1 5994a7537746413d9707497d0b58dabc 9b2203bfd8f54574b2fbc329b530a0c5 - - default default] 10.0.0.141 "POST /v2.0/ports HTTP/1.1" status: 201 len: 1158 time: 0.8566704 /var/lib/openstack/lib/python3.10/site-packages/pycadf/identifier.py:71: UserWarning: Invalid uuid: neutron. To ensure interoperability, identifiers should be a valid uuid. warnings.warn(('Invalid uuid: %s. To ensure interoperability, '
2026-05-10 01:58:18.100 10 WARNING neutron_lib.context [None req-6dd1f2db-fcc8-43ab-b00c-c020243e5c44 5994a7537746413d9707497d0b58dabc 9b2203bfd8f54574b2fbc329b530a0c5 - - default default] Method 'is_advsvc' is deprecated since 2023.2 release (neutron-lib 3.8.0) and will be removed once support for the old RBAC API policies will be removed from Neutron. Please use method 'is_service_role' instead.
2026-05-10 01:58:18.103 9 INFO neutron.wsgi [None req-d93fdfeb-579f-4285-9b20-3ec8bf6f4d34 a72b53b28ab844869eee847fd706c4b1 438eeca712434e89bfa7f9ef071394ff - - default default] 10.0.0.141 "DELETE /v2.0/security-groups/825fb1eb-de16-444a-9f56-bfc1db1dfa7b HTTP/1.1" status: 204 len: 168 time: 0.4421456
2026-05-10 01:58:18.409 10 INFO neutron.db.ovn_revision_numbers_db [None req-d6342e64-f0b7-46cb-8d5c-0a9f9f7909fb a72b53b28ab844869eee847fd706c4b1 438eeca712434e89bfa7f9ef071394ff - - default default] Successfully bumped revision number for resource ef4c906e-0c8f-46a0-a9ec-051384fe30ed (type: router_ports) to 1
2026-05-10 01:58:18.412 10 INFO neutron.wsgi [None req-d6342e64-f0b7-46cb-8d5c-0a9f9f7909fb a72b53b28ab844869eee847fd706c4b1 438eeca712434e89bfa7f9ef071394ff - - default default] 10.0.0.141 "PUT /v2.0/routers/ef698796-b3c8-4258-b53f-8495b0a5d8ad/add_router_interface HTTP/1.1" status: 200 len: 503 time: 2.6466241
2026-05-10 01:58:18.484 10 WARNING neutron.scheduler.dhcp_agent_scheduler [None req-6dd1f2db-fcc8-43ab-b00c-c020243e5c44 5994a7537746413d9707497d0b58dabc 9b2203bfd8f54574b2fbc329b530a0c5 - - default default] No more DHCP agents
2026-05-10 01:58:18.486 10 WARNING neutron.api.rpc.agentnotifiers.dhcp_rpc_agent_api [None req-6dd1f2db-fcc8-43ab-b00c-c020243e5c44 5994a7537746413d9707497d0b58dabc 9b2203bfd8f54574b2fbc329b530a0c5 - - default default] Unable to schedule network 364e5f4a-8f91-4827-b233-5db47e9155d6: no agents available; will retry on subsequent port and subnet creation events.
2026-05-10 01:58:18.856 10 INFO neutron.db.l3_db [None req-6dd1f2db-fcc8-43ab-b00c-c020243e5c44 5994a7537746413d9707497d0b58dabc 9b2203bfd8f54574b2fbc329b530a0c5 - - default default] Floating IP 2f7bcf2e-27d4-4217-920f-6efa84d1b377 associated. External IP: 10.96.250.220, port: 397473df-6980-4db9-8245-b837e9ff5b41.
2026-05-10 01:58:18.996 10 WARNING neutron_lib.context [None req-c12cc077-f3ea-4c1d-ac8b-c4d9df59c085 3dfcc0eca562468a9f65e9fdcf4fc124 60b2855c2d9a45069102906c5aee676a - - default default] Method 'is_advsvc' is deprecated since 2023.2 release (neutron-lib 3.8.0) and will be removed once support for the old RBAC API policies will be removed from Neutron. Please use method 'is_service_role' instead.
2026-05-10 01:58:19.114 10 INFO neutron.db.ovn_revision_numbers_db [None req-6dd1f2db-fcc8-43ab-b00c-c020243e5c44 5994a7537746413d9707497d0b58dabc 9b2203bfd8f54574b2fbc329b530a0c5 - - default default] Successfully bumped revision number for resource 2f7bcf2e-27d4-4217-920f-6efa84d1b377 (type: floatingips) to 0
2026-05-10 01:58:19.171 10 INFO neutron.db.ovn_revision_numbers_db [None req-c12cc077-f3ea-4c1d-ac8b-c4d9df59c085 3dfcc0eca562468a9f65e9fdcf4fc124 60b2855c2d9a45069102906c5aee676a - - default default] Successfully bumped revision number for resource 7d3730c6-504d-4be9-8b50-a1bdc22feb5c (type: security_groups) to 1
2026-05-10 01:58:19.188 10 INFO neutron.db.ovn_revision_numbers_db [None req-c12cc077-f3ea-4c1d-ac8b-c4d9df59c085 3dfcc0eca562468a9f65e9fdcf4fc124 60b2855c2d9a45069102906c5aee676a - - default default] Successfully bumped revision number for resource 949c69c3-6466-4235-8e08-23231f4d6e81 (type: security_group_rules) to 0
2026-05-10 01:58:19.200 10 INFO neutron.db.ovn_revision_numbers_db [None req-c12cc077-f3ea-4c1d-ac8b-c4d9df59c085 3dfcc0eca562468a9f65e9fdcf4fc124 60b2855c2d9a45069102906c5aee676a - - default default] Successfully bumped revision number for resource ab237dba-4902-4ce7-97a4-3bb856522028 (type: security_group_rules) to 0
2026-05-10 01:58:19.244 10 INFO neutron.wsgi [None req-c12cc077-f3ea-4c1d-ac8b-c4d9df59c085 3dfcc0eca562468a9f65e9fdcf4fc124 60b2855c2d9a45069102906c5aee676a - - default default] 10.0.0.141 "POST /v2.0/security-groups HTTP/1.1" status: 201 len: 1796 time: 0.2557416 /var/lib/openstack/lib/python3.10/site-packages/pycadf/identifier.py:71: UserWarning: Invalid uuid: neutron. To ensure interoperability, identifiers should be a valid uuid. warnings.warn(('Invalid uuid: %s. To ensure interoperability, '
2026-05-10 01:58:19.255 10 INFO neutron.db.ovn_revision_numbers_db [None req-6dd1f2db-fcc8-43ab-b00c-c020243e5c44 5994a7537746413d9707497d0b58dabc 9b2203bfd8f54574b2fbc329b530a0c5 - - default default] Successfully bumped revision number for resource 2f7bcf2e-27d4-4217-920f-6efa84d1b377 (type: floatingips) to 1
2026-05-10 01:58:19.257 9 WARNING neutron_lib.context [None req-d92d6b30-a7a7-426c-b98f-c16ddd967f20 3dfcc0eca562468a9f65e9fdcf4fc124 60b2855c2d9a45069102906c5aee676a - - default default] Method 'is_advsvc' is deprecated since 2023.2 release (neutron-lib 3.8.0) and will be removed once support for the old RBAC API policies will be removed from Neutron. Please use method 'is_service_role' instead.
2026-05-10 01:58:19.309 10 INFO neutron.wsgi [None req-6dd1f2db-fcc8-43ab-b00c-c020243e5c44 5994a7537746413d9707497d0b58dabc 9b2203bfd8f54574b2fbc329b530a0c5 - - default default] 10.0.0.141 "POST /v2.0/floatingips HTTP/1.1" status: 201 len: 1042 time: 1.2133033
2026-05-10 01:58:19.459 10 INFO neutron.db.l3_db [None req-de461efc-8995-4769-a79f-88a7917184de 5994a7537746413d9707497d0b58dabc 9b2203bfd8f54574b2fbc329b530a0c5 - - default default] Floating IP 2f7bcf2e-27d4-4217-920f-6efa84d1b377 disassociated. External IP: 10.96.250.220, port: 397473df-6980-4db9-8245-b837e9ff5b41.
2026-05-10 01:58:19.499 10 INFO neutron.db.ovn_revision_numbers_db [None req-de461efc-8995-4769-a79f-88a7917184de 5994a7537746413d9707497d0b58dabc 9b2203bfd8f54574b2fbc329b530a0c5 - - default default] Successfully bumped revision number for resource 2f7bcf2e-27d4-4217-920f-6efa84d1b377 (type: floatingips) to 2
2026-05-10 01:58:19.564 10 INFO neutron.wsgi [None req-de461efc-8995-4769-a79f-88a7917184de 5994a7537746413d9707497d0b58dabc 9b2203bfd8f54574b2fbc329b530a0c5 - - default default] 10.0.0.141 "PUT /v2.0/floatingips/2f7bcf2e-27d4-4217-920f-6efa84d1b377 HTTP/1.1" status: 200 len: 748 time: 0.2490807
2026-05-10 01:58:19.572 9 WARNING neutron.plugins.ml2.drivers.ovn.mech_driver.ovsdb.ovn_client [None req-e30fdbb3-ecfb-4c9d-bf8c-ae56bdb1dc42 - - - - - -] No hosting information found for port 22ce7ba2-0b82-499b-8f6a-21bd797e5bce: RuntimeError: No hosting information found for port 22ce7ba2-0b82-499b-8f6a-21bd797e5bce
2026-05-10 01:58:19.572 9 INFO neutron.plugins.ml2.drivers.ovn.mech_driver.mech_driver [None req-e30fdbb3-ecfb-4c9d-bf8c-ae56bdb1dc42 - - - - - -] OVN reports status up for port: 210b0003-44d5-49ad-8ea8-f77c7090174b
2026-05-10 01:58:19.580 9 INFO neutron.plugins.ml2.plugin [None req-e30fdbb3-ecfb-4c9d-bf8c-ae56bdb1dc42 - - - - - -] Attempt 1 to provision port 210b0003-44d5-49ad-8ea8-f77c7090174b
2026-05-10 01:58:19.589 9 INFO neutron.db.ovn_revision_numbers_db [None req-d92d6b30-a7a7-426c-b98f-c16ddd967f20 3dfcc0eca562468a9f65e9fdcf4fc124 60b2855c2d9a45069102906c5aee676a - - default default] Successfully bumped revision number for resource 57b934f0-2f72-4f75-8570-9cf3117450ce (type: security_group_rules) to 0
2026-05-10 01:58:19.622 9 INFO neutron.wsgi [None req-d92d6b30-a7a7-426c-b98f-c16ddd967f20 3dfcc0eca562468a9f65e9fdcf4fc124 60b2855c2d9a45069102906c5aee676a - - default default] 10.0.0.141 "POST /v2.0/security-group-rules HTTP/1.1" status: 201 len: 764 time: 0.3722882
2026-05-10 01:58:19.638 9 WARNING neutron_lib.context [None req-c6b56469-a83e-4bd6-841b-2d5c04a8ed8e 3dfcc0eca562468a9f65e9fdcf4fc124 60b2855c2d9a45069102906c5aee676a - - default default] Method 'is_advsvc' is deprecated since 2023.2 release (neutron-lib 3.8.0) and will be removed once support for the old RBAC API policies will be removed from Neutron. Please use method 'is_service_role' instead.
2026-05-10 01:58:19.801 9 INFO neutron.db.ovn_revision_numbers_db [None req-c6b56469-a83e-4bd6-841b-2d5c04a8ed8e 3dfcc0eca562468a9f65e9fdcf4fc124 60b2855c2d9a45069102906c5aee676a - - default default] Successfully bumped revision number for resource c0c8dfda-4ec2-4d31-89ea-1272abe4c943 (type: security_group_rules) to 0
2026-05-10 01:58:19.841 9 INFO neutron.wsgi [None req-c6b56469-a83e-4bd6-841b-2d5c04a8ed8e 3dfcc0eca562468a9f65e9fdcf4fc124 60b2855c2d9a45069102906c5aee676a - - default default] 10.0.0.141 "POST /v2.0/security-group-rules HTTP/1.1" status: 201 len: 769 time: 0.2085934
2026-05-10 01:58:19.850 9 WARNING neutron_lib.context [None req-827f6780-6cda-429a-bc0f-44589285475e 3dfcc0eca562468a9f65e9fdcf4fc124 60b2855c2d9a45069102906c5aee676a - - default default] Method 'is_advsvc' is deprecated since 2023.2 release (neutron-lib 3.8.0) and will be removed once support for the old RBAC API policies will be removed from Neutron. Please use method 'is_service_role' instead.
2026-05-10 01:58:19.899 9 INFO neutron.db.ovn_revision_numbers_db [None req-e30fdbb3-ecfb-4c9d-bf8c-ae56bdb1dc42 - - - - - -] Successfully bumped revision number for resource 210b0003-44d5-49ad-8ea8-f77c7090174b (type: ports) to 2
2026-05-10 01:58:20.045 9 INFO neutron.db.ovn_revision_numbers_db [None req-e30fdbb3-ecfb-4c9d-bf8c-ae56bdb1dc42 - - - - - -] Successfully bumped revision number for resource 210b0003-44d5-49ad-8ea8-f77c7090174b (type: router_ports) to 2
2026-05-10 01:58:20.093 10 INFO neutron.wsgi [None req-977dbcd0-5049-47bb-a932-caf7778497f4 5994a7537746413d9707497d0b58dabc 9b2203bfd8f54574b2fbc329b530a0c5 - - default default] 10.0.0.141 "DELETE /v2.0/floatingips/2f7bcf2e-27d4-4217-920f-6efa84d1b377 HTTP/1.1" status: 204 len: 168 time: 0.5191555
2026-05-10 01:58:20.104 10 WARNING neutron_lib.context [None req-fd568665-8349-4dbb-9f71-527b2172f426 5994a7537746413d9707497d0b58dabc 9b2203bfd8f54574b2fbc329b530a0c5 - - default default] Method 'is_advsvc' is deprecated since 2023.2 release (neutron-lib 3.8.0) and will be removed once support for the old RBAC API policies will be removed from Neutron. Please use method 'is_service_role' instead.
2026-05-10 01:58:20.203 9 WARNING neutron.scheduler.dhcp_agent_scheduler [None req-827f6780-6cda-429a-bc0f-44589285475e 3dfcc0eca562468a9f65e9fdcf4fc124 60b2855c2d9a45069102906c5aee676a - - default default] No more DHCP agents
2026-05-10 01:58:20.204 9 WARNING neutron.api.rpc.agentnotifiers.dhcp_rpc_agent_api [None req-827f6780-6cda-429a-bc0f-44589285475e 3dfcc0eca562468a9f65e9fdcf4fc124 60b2855c2d9a45069102906c5aee676a - - default default] Unable to schedule network 364e5f4a-8f91-4827-b233-5db47e9155d6: no agents available; will retry on subsequent port and subnet creation events.
2026-05-10 01:58:20.350 10 WARNING neutron.scheduler.dhcp_agent_scheduler [None req-fd568665-8349-4dbb-9f71-527b2172f426 5994a7537746413d9707497d0b58dabc 9b2203bfd8f54574b2fbc329b530a0c5 - - default default] No more DHCP agents
2026-05-10 01:58:20.351 10 WARNING neutron.api.rpc.agentnotifiers.dhcp_rpc_agent_api [None req-fd568665-8349-4dbb-9f71-527b2172f426 5994a7537746413d9707497d0b58dabc 9b2203bfd8f54574b2fbc329b530a0c5 - - default default] Unable to schedule network 364e5f4a-8f91-4827-b233-5db47e9155d6: no agents available; will retry on subsequent port and subnet creation events.
2026-05-10 01:58:20.543 9 INFO neutron.db.ovn_revision_numbers_db [None req-827f6780-6cda-429a-bc0f-44589285475e 3dfcc0eca562468a9f65e9fdcf4fc124 60b2855c2d9a45069102906c5aee676a - - default default] Successfully bumped revision number for resource 405ea26c-3a67-4240-a78c-0a7f65ce6d5f (type: floatingips) to 0
2026-05-10 01:58:20.558 9 INFO neutron.wsgi [None req-827f6780-6cda-429a-bc0f-44589285475e 3dfcc0eca562468a9f65e9fdcf4fc124 60b2855c2d9a45069102906c5aee676a - - default default] 10.0.0.141 "POST /v2.0/floatingips HTTP/1.1" status: 201 len: 751 time: 0.7120581
2026-05-10 01:58:20.699 10 INFO neutron.db.l3_db [None req-fd568665-8349-4dbb-9f71-527b2172f426 5994a7537746413d9707497d0b58dabc 9b2203bfd8f54574b2fbc329b530a0c5 - - default default] Floating IP 1dcf6425-814d-4c26-a3db-5820c03d7fae associated. External IP: 10.96.250.220, port: 1b93f572-1371-4850-9a0f-b2452e319ff2.
2026-05-10 01:58:20.947 10 INFO neutron.db.ovn_revision_numbers_db [None req-fd568665-8349-4dbb-9f71-527b2172f426 5994a7537746413d9707497d0b58dabc 9b2203bfd8f54574b2fbc329b530a0c5 - - default default] Successfully bumped revision number for resource 1dcf6425-814d-4c26-a3db-5820c03d7fae (type: floatingips) to 0
2026-05-10 01:58:21.075 10 INFO neutron.db.ovn_revision_numbers_db [None req-fd568665-8349-4dbb-9f71-527b2172f426 5994a7537746413d9707497d0b58dabc 9b2203bfd8f54574b2fbc329b530a0c5 - - default default] Successfully bumped revision number for resource 1dcf6425-814d-4c26-a3db-5820c03d7fae (type: floatingips) to 1
2026-05-10 01:58:21.117 10 INFO neutron.wsgi [None req-fd568665-8349-4dbb-9f71-527b2172f426 5994a7537746413d9707497d0b58dabc 9b2203bfd8f54574b2fbc329b530a0c5 - - default default] 10.0.0.141 "POST /v2.0/floatingips HTTP/1.1" status: 201 len: 1040 time: 1.0180306 /var/lib/openstack/lib/python3.10/site-packages/pycadf/identifier.py:71: UserWarning: Invalid uuid: neutron. To ensure interoperability, identifiers should be a valid uuid. warnings.warn(('Invalid uuid: %s. To ensure interoperability, '
2026-05-10 01:58:21.157 10 INFO neutron.wsgi [None req-62d3c8c1-dd34-4e85-97c1-d1dabe1d017c 5994a7537746413d9707497d0b58dabc 9b2203bfd8f54574b2fbc329b530a0c5 - - default default] 10.0.0.141 "GET /v2.0/floatingips/1dcf6425-814d-4c26-a3db-5820c03d7fae HTTP/1.1" status: 200 len: 1037 time: 0.0357950
2026-05-10 01:58:21.224 10 INFO neutron.wsgi [None req-9e39b5b2-963e-4781-ac91-053dcfbf2849 5994a7537746413d9707497d0b58dabc 9b2203bfd8f54574b2fbc329b530a0c5 - - default default] 10.0.0.141 "GET /v2.0/floatingips HTTP/1.1" status: 200 len: 1040 time: 0.0617218
2026-05-10 01:58:21.525 10 INFO neutron.db.l3_db [None req-05c7c894-a7f4-4e5b-8d9a-86645b5c2687 5994a7537746413d9707497d0b58dabc 9b2203bfd8f54574b2fbc329b530a0c5 - - default default] Floating IP 1dcf6425-814d-4c26-a3db-5820c03d7fae associated. External IP: 10.96.250.220, port: 1b93f572-1371-4850-9a0f-b2452e319ff2.
2026-05-10 01:58:21.766 10 INFO neutron.db.ovn_revision_numbers_db [None req-05c7c894-a7f4-4e5b-8d9a-86645b5c2687 5994a7537746413d9707497d0b58dabc 9b2203bfd8f54574b2fbc329b530a0c5 - - default default] Successfully bumped revision number for resource 1dcf6425-814d-4c26-a3db-5820c03d7fae (type: floatingips) to 2
2026-05-10 01:58:21.867 10 INFO neutron.db.ovn_revision_numbers_db [None req-05c7c894-a7f4-4e5b-8d9a-86645b5c2687 5994a7537746413d9707497d0b58dabc 9b2203bfd8f54574b2fbc329b530a0c5 - - default default] Successfully bumped revision number for resource 1dcf6425-814d-4c26-a3db-5820c03d7fae (type: floatingips) to 2
2026-05-10 01:58:21.920 10 INFO neutron.wsgi [None req-05c7c894-a7f4-4e5b-8d9a-86645b5c2687 5994a7537746413d9707497d0b58dabc 9b2203bfd8f54574b2fbc329b530a0c5 - - default default] 10.0.0.141 "PUT /v2.0/floatingips/1dcf6425-814d-4c26-a3db-5820c03d7fae HTTP/1.1" status: 200 len: 1039 time: 0.6849947 /var/lib/openstack/lib/python3.10/site-packages/pycadf/identifier.py:71: UserWarning: Invalid uuid: neutron. To ensure interoperability, identifiers should be a valid uuid. warnings.warn(('Invalid uuid: %s. To ensure interoperability, '
2026-05-10 01:58:22.080 10 INFO neutron.db.l3_db [None req-27fdb8c6-58b1-4d2b-bd3a-47817142e101 5994a7537746413d9707497d0b58dabc 9b2203bfd8f54574b2fbc329b530a0c5 - - default default] Floating IP 1dcf6425-814d-4c26-a3db-5820c03d7fae disassociated. External IP: 10.96.250.220, port: 397473df-6980-4db9-8245-b837e9ff5b41.
2026-05-10 01:58:22.147 10 INFO neutron.db.ovn_revision_numbers_db [None req-27fdb8c6-58b1-4d2b-bd3a-47817142e101 5994a7537746413d9707497d0b58dabc 9b2203bfd8f54574b2fbc329b530a0c5 - - default default] Successfully bumped revision number for resource 1dcf6425-814d-4c26-a3db-5820c03d7fae (type: floatingips) to 3
2026-05-10 01:58:22.222 10 INFO neutron.wsgi [None req-27fdb8c6-58b1-4d2b-bd3a-47817142e101 5994a7537746413d9707497d0b58dabc 9b2203bfd8f54574b2fbc329b530a0c5 - - default default] 10.0.0.141 "PUT /v2.0/floatingips/1dcf6425-814d-4c26-a3db-5820c03d7fae HTTP/1.1" status: 200 len: 748 time: 0.2960627 /var/lib/openstack/lib/python3.10/site-packages/pycadf/identifier.py:71: UserWarning: Invalid uuid: neutron. To ensure interoperability, identifiers should be a valid uuid. warnings.warn(('Invalid uuid: %s. To ensure interoperability, '
2026-05-10 01:58:22.561 10 INFO neutron.wsgi [None req-9b1b2847-b12e-417d-8f7c-c9953990a651 5994a7537746413d9707497d0b58dabc 9b2203bfd8f54574b2fbc329b530a0c5 - - default default] 10.0.0.141 "DELETE /v2.0/floatingips/1dcf6425-814d-4c26-a3db-5820c03d7fae HTTP/1.1" status: 204 len: 168 time: 0.3352816
2026-05-10 01:58:22.586 10 INFO neutron.api.v2.resource [None req-31525b28-a71d-465b-9f53-93d960da87fe 5994a7537746413d9707497d0b58dabc 9b2203bfd8f54574b2fbc329b530a0c5 - - default default] delete failed (client error): The resource could not be found.
2026-05-10 01:58:22.588 10 INFO neutron.wsgi [None req-31525b28-a71d-465b-9f53-93d960da87fe 5994a7537746413d9707497d0b58dabc 9b2203bfd8f54574b2fbc329b530a0c5 - - default default] 10.0.0.141 "DELETE /v2.0/floatingips/1dcf6425-814d-4c26-a3db-5820c03d7fae HTTP/1.1" status: 404 len: 345 time: 0.0208638
2026-05-10 01:58:22.914 10 INFO neutron.wsgi [None req-6f874fac-6cbf-43bf-b620-6e9e3e5aca3f 5994a7537746413d9707497d0b58dabc 9b2203bfd8f54574b2fbc329b530a0c5 - - default default] 10.0.0.141 "DELETE /v2.0/ports/397473df-6980-4db9-8245-b837e9ff5b41 HTTP/1.1" status: 204 len: 168 time: 0.3226678
2026-05-10 01:58:23.077 9 INFO neutron.wsgi [req-9405e1f4-7692-4497-b821-81daf95cf888 req-d919cdb7-136a-4517-92a1-05cdbad7a97f a4840c4a300a4bfea272a66ff995b500 ca6bd0d5a4284889b2d8e374b26c67b7 - - default default] 10.0.0.134 "GET /v2.0/ports?device_id=152c44a2-ef3e-481c-a804-81fed57853f5 HTTP/1.1" status: 200 len: 1170 time: 0.1079490
2026-05-10 01:58:23.127 9 INFO neutron.wsgi [req-9405e1f4-7692-4497-b821-81daf95cf888 req-0b5494bc-5571-4477-8e4d-1d58d2edffbb a4840c4a300a4bfea272a66ff995b500 ca6bd0d5a4284889b2d8e374b26c67b7 - - default default] 10.0.0.134 "GET /v2.0/security-groups?id=86519c5b-739f-4693-944c-82634e63f358&fields=id&fields=name HTTP/1.1" status: 200 len: 313 time: 0.0426304
2026-05-10 01:58:23.312 10 INFO neutron.wsgi [None req-8e57beba-6c0c-4ac0-8210-898bb968aa7b 5994a7537746413d9707497d0b58dabc 9b2203bfd8f54574b2fbc329b530a0c5 - - default default] 10.0.0.141 "DELETE /v2.0/ports/1b93f572-1371-4850-9a0f-b2452e319ff2 HTTP/1.1" status: 204 len: 168 time: 0.3920953
2026-05-10 01:58:23.341 10 INFO neutron.wsgi [req-15335845-0652-4ca7-b4ec-dac813d9a04a req-6a7ed845-55e6-4abe-824b-c69298a25612 a4840c4a300a4bfea272a66ff995b500 ca6bd0d5a4284889b2d8e374b26c67b7 - - default default] 10.0.0.134 "GET /v2.0/ports?device_id=152c44a2-ef3e-481c-a804-81fed57853f5 HTTP/1.1" status: 200 len: 1170 time: 0.1414733
2026-05-10 01:58:23.390 10 INFO neutron.wsgi [req-15335845-0652-4ca7-b4ec-dac813d9a04a req-88304966-ecd4-4016-88fc-11db0bbcc0ce a4840c4a300a4bfea272a66ff995b500 ca6bd0d5a4284889b2d8e374b26c67b7 - - default default] 10.0.0.134 "GET /v2.0/security-groups?id=86519c5b-739f-4693-944c-82634e63f358&fields=id&fields=name HTTP/1.1" status: 200 len: 313 time: 0.0402868
2026-05-10 01:58:23.421 9 INFO neutron.wsgi [None req-8e22cf72-0018-45a6-b30c-b507f11b00a4 5994a7537746413d9707497d0b58dabc 9b2203bfd8f54574b2fbc329b530a0c5 - - default default] 10.0.0.141 "GET /v2.0/ports?device_id=5bc3b492-2087-4676-94bf-b00b60680f4e HTTP/1.1" status: 200 len: 1140 time: 0.1041055
2026-05-10 01:58:23.738 10 INFO neutron.wsgi [req-be2d979c-7bc9-4e25-93de-f4ea065af115 req-7a4af1f4-865d-48f4-8196-57214931e514 a4840c4a300a4bfea272a66ff995b500 ca6bd0d5a4284889b2d8e374b26c67b7 - - default default] 10.0.0.134 "GET /v2.0/ports?device_id=152c44a2-ef3e-481c-a804-81fed57853f5 HTTP/1.1" status: 200 len: 1170 time: 0.0432782
2026-05-10 01:58:23.785 10 INFO neutron.wsgi [req-be2d979c-7bc9-4e25-93de-f4ea065af115 req-959a4cd7-b7c6-4742-9f2b-5a24d3d90cfd a4840c4a300a4bfea272a66ff995b500 ca6bd0d5a4284889b2d8e374b26c67b7 - - default default] 10.0.0.134 "GET /v2.0/security-groups?id=86519c5b-739f-4693-944c-82634e63f358&fields=id&fields=name HTTP/1.1" status: 200 len: 313 time: 0.0413706
2026-05-10 01:58:23.822 10 INFO neutron.wsgi [req-b1c15fc1-c716-42ae-b17d-366ee0b14df7 req-090e635a-7f48-4165-a290-0638910a9042 2997b4e0393c4cb9aca06d6143a03f5e 2e8187c5a7ff43bab0ed3ccb93cd3460 - - 41a00e5bc1624bae9876524ff7500768 41a00e5bc1624bae9876524ff7500768] 199.204.45.238 "GET /v2.0/ports?tenant_id=ca6bd0d5a4284889b2d8e374b26c67b7&device_id=152c44a2-ef3e-481c-a804-81fed57853f5 HTTP/1.1" status: 200 len: 1409 time: 0.0338805
2026-05-10 01:58:23.891 10 INFO neutron.wsgi [req-b1c15fc1-c716-42ae-b17d-366ee0b14df7 req-50565806-d985-4306-9a66-9d1540a97b75 2997b4e0393c4cb9aca06d6143a03f5e 2e8187c5a7ff43bab0ed3ccb93cd3460 - - 41a00e5bc1624bae9876524ff7500768 41a00e5bc1624bae9876524ff7500768] 199.204.45.238 "GET /v2.0/networks?id=6e8a93ab-c0ee-4de3-910a-985e84a2997d HTTP/1.1" status: 200 len: 973 time: 0.0627818
2026-05-10 01:58:23.941 10 INFO neutron.wsgi [req-b1c15fc1-c716-42ae-b17d-366ee0b14df7 req-3986e00a-d500-44b2-9fb2-428490355622 2997b4e0393c4cb9aca06d6143a03f5e 2e8187c5a7ff43bab0ed3ccb93cd3460 - - 41a00e5bc1624bae9876524ff7500768 41a00e5bc1624bae9876524ff7500768] 199.204.45.238 "GET /v2.0/floatingips?fixed_ip_address=10.100.0.8&port_id=946daf73-3280-47a5-beca-d2fa450ac2b2 HTTP/1.1" status: 200 len: 1059 time: 0.0437150
2026-05-10 01:58:23.990 10 INFO neutron.wsgi [req-b1c15fc1-c716-42ae-b17d-366ee0b14df7 req-04a20e5d-0a90-44a4-a6e7-390cab630102 2997b4e0393c4cb9aca06d6143a03f5e 2e8187c5a7ff43bab0ed3ccb93cd3460 - - 41a00e5bc1624bae9876524ff7500768 41a00e5bc1624bae9876524ff7500768] 199.204.45.238 "GET /v2.0/subnets?id=680bc457-992d-4e99-a8fe-db2bd50a22ec HTTP/1.1" status: 200 len: 868 time: 0.0426400
2026-05-10 01:58:24.016 10 INFO neutron.wsgi [req-b1c15fc1-c716-42ae-b17d-366ee0b14df7 req-ddc4e47a-42dc-4a95-adb6-6c935123ac9d 2997b4e0393c4cb9aca06d6143a03f5e 2e8187c5a7ff43bab0ed3ccb93cd3460 - - 41a00e5bc1624bae9876524ff7500768 41a00e5bc1624bae9876524ff7500768] 199.204.45.238 "GET /v2.0/ports?network_id=6e8a93ab-c0ee-4de3-910a-985e84a2997d&device_owner=network%3Adhcp HTTP/1.1" status: 200 len: 210 time: 0.0201066
2026-05-10 01:58:24.072 10 INFO neutron.wsgi [req-b1c15fc1-c716-42ae-b17d-366ee0b14df7 req-5b1e9f54-f57a-489c-b8f8-92740607788b 2997b4e0393c4cb9aca06d6143a03f5e 2e8187c5a7ff43bab0ed3ccb93cd3460 - - 41a00e5bc1624bae9876524ff7500768 41a00e5bc1624bae9876524ff7500768] 199.204.45.238 "GET /v2.0/networks/6e8a93ab-c0ee-4de3-910a-985e84a2997d?fields=segments HTTP/1.1" status: 200 len: 212 time: 0.0495219
2026-05-10 01:58:24.135 10 INFO neutron.wsgi [req-b1c15fc1-c716-42ae-b17d-366ee0b14df7 req-21463585-63f6-4e0e-ad2f-0ddca43cac85 2997b4e0393c4cb9aca06d6143a03f5e 2e8187c5a7ff43bab0ed3ccb93cd3460 - - 41a00e5bc1624bae9876524ff7500768 41a00e5bc1624bae9876524ff7500768] 199.204.45.238 "GET /v2.0/networks/6e8a93ab-c0ee-4de3-910a-985e84a2997d?fields=provider%3Aphysical_network&fields=provider%3Anetwork_type HTTP/1.1" status: 200 len: 277 time: 0.0567899
2026-05-10 01:58:24.322 9 INFO neutron.wsgi [None req-2daa503a-99be-427a-a1b4-e78a8e2e6359 5994a7537746413d9707497d0b58dabc 9b2203bfd8f54574b2fbc329b530a0c5 - - default default] 10.0.0.141 "PUT /v2.0/routers/5bc3b492-2087-4676-94bf-b00b60680f4e/remove_router_interface HTTP/1.1" status: 200 len: 503 time: 0.8962066 /var/lib/openstack/lib/python3.10/site-packages/pycadf/identifier.py:71: UserWarning: Invalid uuid: neutron. To ensure interoperability, identifiers should be a valid uuid. warnings.warn(('Invalid uuid: %s. To ensure interoperability, '
2026-05-10 01:58:24.349 10 INFO neutron.plugins.ml2.drivers.ovn.mech_driver.mech_driver [None req-b16e519a-6e9a-4667-a667-1917cb12fb06 - - - - - -] OVN reports status down for port: 946daf73-3280-47a5-beca-d2fa450ac2b2
2026-05-10 01:58:24.527 10 INFO neutron.notifiers.nova [-] Nova event matching ['req-0bb36570-176f-419f-8965-5a0619467f21'] response: {'server_uuid': '152c44a2-ef3e-481c-a804-81fed57853f5', 'name': 'network-vif-unplugged', 'status': 'completed', 'tag': '946daf73-3280-47a5-beca-d2fa450ac2b2', 'code': 200}
2026-05-10 01:58:24.707 10 INFO neutron.db.ovn_revision_numbers_db [None req-b16e519a-6e9a-4667-a667-1917cb12fb06 - - - - - -] Successfully bumped revision number for resource 946daf73-3280-47a5-beca-d2fa450ac2b2 (type: ports) to 5 /var/lib/openstack/lib/python3.10/site-packages/pycadf/identifier.py:71: UserWarning: Invalid uuid: neutron. To ensure interoperability, identifiers should be a valid uuid. warnings.warn(('Invalid uuid: %s. To ensure interoperability, '
2026-05-10 01:58:24.899 10 INFO neutron.wsgi [req-34db961a-72a8-4427-a46a-7f0e5cc5d965 req-c7f37657-3c35-4e7c-83a0-51e8fc944082 a4840c4a300a4bfea272a66ff995b500 ca6bd0d5a4284889b2d8e374b26c67b7 - - default default] 10.0.0.134 "GET /v2.0/ports?device_id=152c44a2-ef3e-481c-a804-81fed57853f5 HTTP/1.1" status: 200 len: 1168 time: 0.0405798
2026-05-10 01:58:24.975 10 INFO neutron.plugins.ml2.drivers.ovn.mech_driver.mech_driver [None req-b16e519a-6e9a-4667-a667-1917cb12fb06 - - - - - -] OVN reports status up for port: 946daf73-3280-47a5-beca-d2fa450ac2b2
2026-05-10 01:58:25.005 10 INFO neutron.wsgi [req-34db961a-72a8-4427-a46a-7f0e5cc5d965 req-51e5da5a-8627-419b-b42d-ad234abd4d3c a4840c4a300a4bfea272a66ff995b500 ca6bd0d5a4284889b2d8e374b26c67b7 - - default default] 10.0.0.134 "GET /v2.0/security-groups?id=86519c5b-739f-4693-944c-82634e63f358&fields=id&fields=name HTTP/1.1" status: 200 len: 313 time: 0.0978806
2026-05-10 01:58:25.024 10 INFO neutron.plugins.ml2.plugin [None req-b16e519a-6e9a-4667-a667-1917cb12fb06 - - - - - -] Attempt 1 to provision port 946daf73-3280-47a5-beca-d2fa450ac2b2
2026-05-10 01:58:25.043 9 INFO neutron.db.ovn_revision_numbers_db [None req-f216bc49-4c53-463a-b87b-535e356dc0c3 a72b53b28ab844869eee847fd706c4b1 438eeca712434e89bfa7f9ef071394ff - - default default] Successfully bumped revision number for resource bc2847b9-a096-430a-815d-c299abfc7f50 (type: security_groups) to 1
2026-05-10 01:58:25.066 9 INFO neutron.db.ovn_revision_numbers_db [None req-f216bc49-4c53-463a-b87b-535e356dc0c3 a72b53b28ab844869eee847fd706c4b1 438eeca712434e89bfa7f9ef071394ff - - default default] Successfully bumped revision number for resource 308a4fef-f61b-4b0c-9323-ec78bf6f52a6 (type: security_group_rules) to 0
2026-05-10 01:58:25.104 9 INFO neutron.db.ovn_revision_numbers_db [None req-f216bc49-4c53-463a-b87b-535e356dc0c3 a72b53b28ab844869eee847fd706c4b1 438eeca712434e89bfa7f9ef071394ff - - default default] Successfully bumped revision number for resource 33852fb4-f964-42f0-8e4d-2b33c2b38288 (type: security_group_rules) to 0
2026-05-10 01:58:25.123 9 INFO neutron.db.ovn_revision_numbers_db [None req-f216bc49-4c53-463a-b87b-535e356dc0c3 a72b53b28ab844869eee847fd706c4b1 438eeca712434e89bfa7f9ef071394ff - - default default] Successfully bumped revision number for resource 639757e7-903a-4ba8-81b2-e3384beea2ca (type: security_group_rules) to 0
2026-05-10 01:58:25.137 9 INFO neutron.db.ovn_revision_numbers_db [None req-f216bc49-4c53-463a-b87b-535e356dc0c3 a72b53b28ab844869eee847fd706c4b1 438eeca712434e89bfa7f9ef071394ff - - default default] Successfully bumped revision number for resource ed6bde4e-bb04-4f4c-bae5-2c0cf54059b0 (type: security_group_rules) to 0
2026-05-10 01:58:25.176 9 INFO neutron.wsgi [None req-f216bc49-4c53-463a-b87b-535e356dc0c3 a72b53b28ab844869eee847fd706c4b1 438eeca712434e89bfa7f9ef071394ff - - default default] 10.0.0.141 "GET /v2.0/security-groups?tenant_id=9de2201756ed49dc9b6bf93fea676a7a&name=default HTTP/1.1" status: 200 len: 2996 time: 0.5156610
2026-05-10 01:58:25.324 10 INFO neutron.db.ovn_revision_numbers_db [None req-b16e519a-6e9a-4667-a667-1917cb12fb06 - - - - - -] Successfully bumped revision number for resource 946daf73-3280-47a5-beca-d2fa450ac2b2 (type: ports) to 6
2026-05-10 01:58:25.495 9 WARNING neutron.plugins.ml2.drivers.ovn.mech_driver.ovsdb.ovn_client [None req-e30fdbb3-ecfb-4c9d-bf8c-ae56bdb1dc42 - - - - - -] No port found with ID 210b0003-44d5-49ad-8ea8-f77c7090174b: RuntimeError: No port found with ID 210b0003-44d5-49ad-8ea8-f77c7090174b
2026-05-10 01:58:25.496 9 INFO neutron.plugins.ml2.drivers.ovn.mech_driver.mech_driver [None req-e30fdbb3-ecfb-4c9d-bf8c-ae56bdb1dc42 - - - - - -] OVN reports status up for port: 82c36bf4-8cbb-4ce5-a65a-a1942fce7892
2026-05-10 01:58:25.529 9 INFO neutron.plugins.ml2.plugin [None req-e30fdbb3-ecfb-4c9d-bf8c-ae56bdb1dc42 - - - - - -] Attempt 1 to provision port 82c36bf4-8cbb-4ce5-a65a-a1942fce7892
2026-05-10 01:58:25.544 9 INFO neutron.wsgi [req-563876e1-7644-4ddf-a6c9-f0a9787d4bde req-8d0e6538-6cbe-4a55-8cb3-0f4309af6814 3dfcc0eca562468a9f65e9fdcf4fc124 60b2855c2d9a45069102906c5aee676a - - default default] 10.0.0.134 "GET /v2.0/security-groups?name=tempest-securitygroup--440658505&fields=id&tenant_id=60b2855c2d9a45069102906c5aee676a HTTP/1.1" status: 200 len: 267 time: 0.1299975
2026-05-10 01:58:25.555 9 INFO neutron.wsgi [None req-0c13e20e-24c8-4e60-8da8-72af9d954e3d 5994a7537746413d9707497d0b58dabc 9b2203bfd8f54574b2fbc329b530a0c5 - - default default] 10.0.0.141 "DELETE /v2.0/routers/5bc3b492-2087-4676-94bf-b00b60680f4e HTTP/1.1" status: 204 len: 168 time: 1.2278390 /var/lib/openstack/lib/python3.10/site-packages/pycadf/identifier.py:71: UserWarning: Invalid uuid: neutron. To ensure interoperability, identifiers should be a valid uuid. warnings.warn(('Invalid uuid: %s. To ensure interoperability, '
2026-05-10 01:58:25.627 9 INFO neutron.wsgi [None req-54edf0b6-0f99-41be-a434-19a45d6f32fd a72b53b28ab844869eee847fd706c4b1 438eeca712434e89bfa7f9ef071394ff - - default default] 10.0.0.141 "DELETE /v2.0/security-groups/bc2847b9-a096-430a-815d-c299abfc7f50 HTTP/1.1" status: 204 len: 168 time: 0.4444530
2026-05-10 01:58:25.640 9 INFO neutron.wsgi [req-563876e1-7644-4ddf-a6c9-f0a9787d4bde req-56ebeea7-9446-46f8-857b-e7deb8bb065b 3dfcc0eca562468a9f65e9fdcf4fc124 60b2855c2d9a45069102906c5aee676a - - default default] 10.0.0.134 "GET /v2.0/networks?id=035c171b-9e1a-4fa6-aa93-ac7f31f51cda HTTP/1.1" status: 200 len: 878 time: 0.0890465
2026-05-10 01:58:25.666 9 INFO neutron.plugins.ml2.drivers.ovn.mech_driver.mech_driver [None req-e30fdbb3-ecfb-4c9d-bf8c-ae56bdb1dc42 - - - - - -] OVN reports status up for port: ef4c906e-0c8f-46a0-a9ec-051384fe30ed
2026-05-10 01:58:25.669 9 INFO neutron.wsgi [req-563876e1-7644-4ddf-a6c9-f0a9787d4bde req-d01253b3-66f5-4689-a138-5c9925ef3c02 3dfcc0eca562468a9f65e9fdcf4fc124 60b2855c2d9a45069102906c5aee676a - - default default] 10.0.0.134 "GET /v2.0/quotas/60b2855c2d9a45069102906c5aee676a HTTP/1.1" status: 200 len: 386 time: 0.0186062
2026-05-10 01:58:25.675 9 INFO neutron.plugins.ml2.plugin [None req-e30fdbb3-ecfb-4c9d-bf8c-ae56bdb1dc42 - - - - - -] Attempt 1 to provision port ef4c906e-0c8f-46a0-a9ec-051384fe30ed
2026-05-10 01:58:25.785 9 INFO neutron.wsgi [req-563876e1-7644-4ddf-a6c9-f0a9787d4bde req-44ee6d88-95ee-483a-87ae-49d083799f66 3dfcc0eca562468a9f65e9fdcf4fc124 60b2855c2d9a45069102906c5aee676a - - default default] 10.0.0.134 "GET /v2.0/ports?tenant_id=60b2855c2d9a45069102906c5aee676a&fields=id HTTP/1.1" status: 200 len: 302 time: 0.1083689
2026-05-10 01:58:25.895 9 INFO neutron.wsgi [req-563876e1-7644-4ddf-a6c9-f0a9787d4bde req-95e9e236-c488-492b-8998-46d10924a0ac 2997b4e0393c4cb9aca06d6143a03f5e 2e8187c5a7ff43bab0ed3ccb93cd3460 - - 41a00e5bc1624bae9876524ff7500768 41a00e5bc1624bae9876524ff7500768] 10.0.0.134 "GET /v2.0/networks/035c171b-9e1a-4fa6-aa93-ac7f31f51cda?fields=segments HTTP/1.1" status: 200 len: 212 time: 0.0934112
2026-05-10 01:58:25.965 9 INFO neutron.db.ovn_revision_numbers_db [None req-ca779256-1902-4d89-84e8-a4fbeceeb65f a72b53b28ab844869eee847fd706c4b1 438eeca712434e89bfa7f9ef071394ff - - default default] Successfully bumped revision number for resource 78cf93c9-9c73-4b74-a0cc-cbadc4db8c0a (type: security_groups) to 1
2026-05-10 01:58:25.988 9 INFO neutron.wsgi [req-563876e1-7644-4ddf-a6c9-f0a9787d4bde req-4033ec81-0095-467f-a6e7-b65a37200232 2997b4e0393c4cb9aca06d6143a03f5e 2e8187c5a7ff43bab0ed3ccb93cd3460 - - 41a00e5bc1624bae9876524ff7500768 41a00e5bc1624bae9876524ff7500768] 10.0.0.134 "GET /v2.0/networks/035c171b-9e1a-4fa6-aa93-ac7f31f51cda?fields=provider%3Aphysical_network&fields=provider%3Anetwork_type HTTP/1.1" status: 200 len: 277 time: 0.0862637
2026-05-10 01:58:25.989 10 INFO neutron.wsgi [None req-453d8c1e-1dd4-4acc-9717-8f03cf4b80ca 5994a7537746413d9707497d0b58dabc 9b2203bfd8f54574b2fbc329b530a0c5 - - default default] 10.0.0.141 "DELETE /v2.0/subnets/907c3679-8052-48d1-b7e9-1abddaf42e27 HTTP/1.1" status: 204 len: 168 time: 0.4269228
2026-05-10 01:58:25.994 9 INFO neutron.db.ovn_revision_numbers_db [None req-ca779256-1902-4d89-84e8-a4fbeceeb65f a72b53b28ab844869eee847fd706c4b1 438eeca712434e89bfa7f9ef071394ff - - default default] Successfully bumped revision number for resource 179c3946-1c1f-4c5d-b509-7c48ab53a645 (type: security_group_rules) to 0
2026-05-10 01:58:26.017 9 INFO neutron.db.ovn_revision_numbers_db [None req-ca779256-1902-4d89-84e8-a4fbeceeb65f a72b53b28ab844869eee847fd706c4b1 438eeca712434e89bfa7f9ef071394ff - - default default] Successfully bumped revision number for resource 4a1c2633-1f16-4539-87cb-0481fc354160 (type: security_group_rules) to 0
2026-05-10 01:58:26.033 9 INFO neutron.db.ovn_revision_numbers_db [None req-ca779256-1902-4d89-84e8-a4fbeceeb65f a72b53b28ab844869eee847fd706c4b1 438eeca712434e89bfa7f9ef071394ff - - default default] Successfully bumped revision number for resource 7d8dcdce-579d-4345-97f9-a18f7a5d0c7d (type: security_group_rules) to 0
2026-05-10 01:58:26.056 9 INFO neutron.db.ovn_revision_numbers_db [None req-ca779256-1902-4d89-84e8-a4fbeceeb65f a72b53b28ab844869eee847fd706c4b1 438eeca712434e89bfa7f9ef071394ff - - default default] Successfully bumped revision number for resource 9d55c68f-ddda-472a-8ba9-f579c8e40bfa (type: security_group_rules) to 0
2026-05-10 01:58:26.065 9 INFO neutron.db.ovn_revision_numbers_db [None req-e30fdbb3-ecfb-4c9d-bf8c-ae56bdb1dc42 - - - - - -] Successfully bumped revision number for resource ef4c906e-0c8f-46a0-a9ec-051384fe30ed (type: ports) to 2
2026-05-10 01:58:26.081 9 INFO neutron.wsgi [None req-ca779256-1902-4d89-84e8-a4fbeceeb65f a72b53b28ab844869eee847fd706c4b1 438eeca712434e89bfa7f9ef071394ff - - default default] 10.0.0.141 "GET /v2.0/security-groups?tenant_id=de8b9249e86244e290c195c03cc76091&name=default HTTP/1.1" status: 200 len: 2996 time: 0.3453140
2026-05-10 01:58:26.148 9 INFO neutron.db.ovn_revision_numbers_db [None req-e30fdbb3-ecfb-4c9d-bf8c-ae56bdb1dc42 - - - - - -] Successfully bumped revision number for resource ef4c906e-0c8f-46a0-a9ec-051384fe30ed (type: router_ports) to 2
2026-05-10 01:58:26.152 10 INFO neutron.wsgi [req-fc9f6f77-cd9e-47a5-ba79-128d0a45b37c req-411c4201-b72f-44b5-8aba-c4274128eb48 a4840c4a300a4bfea272a66ff995b500 ca6bd0d5a4284889b2d8e374b26c67b7 - - default default] 10.0.0.134 "GET /v2.0/ports?device_id=152c44a2-ef3e-481c-a804-81fed57853f5 HTTP/1.1" status: 200 len: 1170 time: 0.0760815
2026-05-10 01:58:26.261 10 INFO neutron.wsgi [req-fc9f6f77-cd9e-47a5-ba79-128d0a45b37c req-19612d27-b367-49c2-8dd7-cceb3932179d a4840c4a300a4bfea272a66ff995b500 ca6bd0d5a4284889b2d8e374b26c67b7 - - default default] 10.0.0.134 "GET /v2.0/security-groups?id=86519c5b-739f-4693-944c-82634e63f358&fields=id&fields=name HTTP/1.1" status: 200 len: 313 time: 0.1004317
2026-05-10 01:58:26.295 9 INFO neutron.wsgi [req-052ad2fe-c5d6-4d23-9f51-277f6f1f97c5 req-047f40c0-f9b8-439e-8ec8-0307472c90bc 3dfcc0eca562468a9f65e9fdcf4fc124 60b2855c2d9a45069102906c5aee676a - - default default] 10.0.0.134 "GET /v2.0/ports?device_id=f46dc263-edb9-4123-98cb-2790def0d692 HTTP/1.1" status: 200 len: 210 time: 0.0280566
2026-05-10 01:58:26.483 10 INFO neutron.wsgi [None req-d82fe9f3-2c33-4b79-9e01-7c428b1391ce a72b53b28ab844869eee847fd706c4b1 438eeca712434e89bfa7f9ef071394ff - - default default] 10.0.0.141 "DELETE /v2.0/security-groups/78cf93c9-9c73-4b74-a0cc-cbadc4db8c0a HTTP/1.1" status: 204 len: 168 time: 0.3942661
2026-05-10 01:58:26.577 10 INFO neutron.notifiers.nova [-] Nova event matching ['req-13cb3291-45fc-45f2-b291-f75fc4875b0c'] response: {'server_uuid': '152c44a2-ef3e-481c-a804-81fed57853f5', 'name': 'network-vif-plugged', 'status': 'completed', 'tag': '946daf73-3280-47a5-beca-d2fa450ac2b2', 'code': 200}
2026-05-10 01:58:26.578 10 INFO neutron.notifiers.nova [-] Nova event matching ['req-13cb3291-45fc-45f2-b291-f75fc4875b0c'] response: {'server_uuid': '152c44a2-ef3e-481c-a804-81fed57853f5', 'name': 'network-vif-plugged', 'status': 'completed', 'tag': '946daf73-3280-47a5-beca-d2fa450ac2b2', 'code': 200}
2026-05-10 01:58:26.579 10 INFO neutron.notifiers.nova [-] Nova event matching ['req-13cb3291-45fc-45f2-b291-f75fc4875b0c'] response: {'server_uuid': '152c44a2-ef3e-481c-a804-81fed57853f5', 'name': 'network-vif-plugged', 'status': 'completed', 'tag': '946daf73-3280-47a5-beca-d2fa450ac2b2', 'code': 200}
2026-05-10 01:58:26.615 10 INFO neutron.wsgi [None req-361d7afd-73dc-4dcb-b25c-2a347e0d4daa 5994a7537746413d9707497d0b58dabc 9b2203bfd8f54574b2fbc329b530a0c5 - - default default] 10.0.0.141 "DELETE /v2.0/networks/d1136ee1-5d0e-4eb6-9064-3ecd96391d26 HTTP/1.1" status: 204 len: 168 time: 0.6208875
2026-05-10 01:58:27.037 10 INFO neutron.wsgi [req-563876e1-7644-4ddf-a6c9-f0a9787d4bde req-3eac429e-9865-4798-bf6f-0e691ef6f239 3dfcc0eca562468a9f65e9fdcf4fc124 60b2855c2d9a45069102906c5aee676a - - default default] 199.204.45.238 "GET /v2.0/networks?id=035c171b-9e1a-4fa6-aa93-ac7f31f51cda HTTP/1.1" status: 200 len: 878 time: 0.0970125
2026-05-10 01:58:27.091 10 INFO neutron.wsgi [req-563876e1-7644-4ddf-a6c9-f0a9787d4bde req-85bae1dc-bd49-4671-b4db-89473e24b723 3dfcc0eca562468a9f65e9fdcf4fc124 60b2855c2d9a45069102906c5aee676a - - default default] 199.204.45.238 "GET /v2.0/security-groups?fields=id&fields=name&tenant_id=60b2855c2d9a45069102906c5aee676a HTTP/1.1" status: 200 len: 379 time: 0.0401978
2026-05-10 01:58:27.107 10 WARNING neutron_lib.context [req-563876e1-7644-4ddf-a6c9-f0a9787d4bde req-78683664-e373-4514-8164-7f6638fd0abe 3dfcc0eca562468a9f65e9fdcf4fc124 60b2855c2d9a45069102906c5aee676a - - default default] Method 'is_advsvc' is deprecated since 2023.2 release (neutron-lib 3.8.0) and will be removed once support for the old RBAC API policies will be removed from Neutron. Please use method 'is_service_role' instead.
2026-05-10 01:58:27.110 10 INFO neutron.services.segments.plugin [-] Segment ec7ad0d3-46fa-4c66-9c14-dd5d7148bcbb resource provider aggregate not found
2026-05-10 01:58:27.115 10 INFO neutron.services.segments.plugin [-] Segment ec7ad0d3-46fa-4c66-9c14-dd5d7148bcbb resource provider aggregate not found
2026-05-10 01:58:27.128 10 INFO neutron.services.segments.plugin [-] Segment ec7ad0d3-46fa-4c66-9c14-dd5d7148bcbb resource provider not found; error: Placement Client Error (4xx): {"errors": [{"status": 404, "title": "Not Found", "detail": "The resource could not be found.\n\n No resource provider with uuid ec7ad0d3-46fa-4c66-9c14-dd5d7148bcbb found for delete ", "request_id": "req-7eceed32-332a-4d5a-bf5d-9981346054e7"}]}
2026-05-10 01:58:27.144 10 INFO neutron.services.segments.plugin [-] Segment ec7ad0d3-46fa-4c66-9c14-dd5d7148bcbb resource provider not found; error: Placement Client Error (4xx): {"errors": [{"status": 404, "title": "Not Found", "detail": "The resource could not be found.\n\n No resource provider with uuid ec7ad0d3-46fa-4c66-9c14-dd5d7148bcbb found for delete ", "request_id": "req-ed4d50a5-5650-4682-887e-f6a8e6c64de7"}]}
2026-05-10 01:58:27.196 10 INFO neutron.wsgi [None req-b650ef4e-4470-4a42-b23d-533d18e632ad a72b53b28ab844869eee847fd706c4b1 438eeca712434e89bfa7f9ef071394ff - - default default] 10.0.0.141 "GET /v2.0/security-groups?tenant_id=9b2203bfd8f54574b2fbc329b530a0c5&name=default HTTP/1.1" status: 200 len: 2996 time: 0.0992551
2026-05-10 01:58:27.407 9 INFO neutron.wsgi [req-2b18b9af-91c8-492f-b9d4-d596084cd731 req-dfd09499-19dc-4a92-bb47-69966ab31e4f 3dfcc0eca562468a9f65e9fdcf4fc124 60b2855c2d9a45069102906c5aee676a - - default default] 10.0.0.134 "GET /v2.0/ports?device_id=f46dc263-edb9-4123-98cb-2790def0d692 HTTP/1.1" status: 200 len: 210 time: 0.0354662
2026-05-10 01:58:27.437 9 INFO neutron.wsgi [req-b59a6da2-959b-47c4-a70a-fb3c8a231d6b req-2d403728-ec56-440f-9583-947272c589aa 2997b4e0393c4cb9aca06d6143a03f5e 2e8187c5a7ff43bab0ed3ccb93cd3460 - - 41a00e5bc1624bae9876524ff7500768 41a00e5bc1624bae9876524ff7500768] 199.204.45.238 "GET /v2.0/ports?device_id=152c44a2-ef3e-481c-a804-81fed57853f5&fields=binding%3Ahost_id&fields=binding%3Avif_type HTTP/1.1" status: 200 len: 265 time: 0.0396121
2026-05-10 01:58:27.441 9 INFO neutron.wsgi [None req-58bfd232-36e7-4a90-a403-23459ac6076b a72b53b28ab844869eee847fd706c4b1 438eeca712434e89bfa7f9ef071394ff - - default default] 10.0.0.141 "DELETE /v2.0/security-groups/42a34a91-6bec-4b7a-87a1-54a770504df4 HTTP/1.1" status: 204 len: 168 time: 0.2357461
2026-05-10 01:58:27.493 10 WARNING neutron.scheduler.dhcp_agent_scheduler [req-563876e1-7644-4ddf-a6c9-f0a9787d4bde req-78683664-e373-4514-8164-7f6638fd0abe 3dfcc0eca562468a9f65e9fdcf4fc124 60b2855c2d9a45069102906c5aee676a - - default default] No more DHCP agents
2026-05-10 01:58:27.494 10 WARNING neutron.api.rpc.agentnotifiers.dhcp_rpc_agent_api [req-563876e1-7644-4ddf-a6c9-f0a9787d4bde req-78683664-e373-4514-8164-7f6638fd0abe 3dfcc0eca562468a9f65e9fdcf4fc124 60b2855c2d9a45069102906c5aee676a - - default default] Unable to schedule network 035c171b-9e1a-4fa6-aa93-ac7f31f51cda: no agents available; will retry on subsequent port and subnet creation events.
2026-05-10 01:58:27.513 9 INFO neutron.wsgi [req-b59a6da2-959b-47c4-a70a-fb3c8a231d6b req-2b7e8497-4fc8-4586-a4c0-fbfb29eec081 2997b4e0393c4cb9aca06d6143a03f5e 2e8187c5a7ff43bab0ed3ccb93cd3460 - - 41a00e5bc1624bae9876524ff7500768 41a00e5bc1624bae9876524ff7500768] 199.204.45.238 "GET /v2.0/ports?tenant_id=ca6bd0d5a4284889b2d8e374b26c67b7&device_id=152c44a2-ef3e-481c-a804-81fed57853f5 HTTP/1.1" status: 200 len: 1409 time: 0.0357213
2026-05-10 01:58:27.597 9 INFO neutron.wsgi [req-b59a6da2-959b-47c4-a70a-fb3c8a231d6b req-b8bc0dc0-c105-4358-938a-24f70d743c01 2997b4e0393c4cb9aca06d6143a03f5e 2e8187c5a7ff43bab0ed3ccb93cd3460 - - 41a00e5bc1624bae9876524ff7500768 41a00e5bc1624bae9876524ff7500768] 199.204.45.238 "GET /v2.0/networks?id=6e8a93ab-c0ee-4de3-910a-985e84a2997d HTTP/1.1" status: 200 len: 973 time: 0.0659666
2026-05-10 01:58:27.655 9 INFO neutron.wsgi [req-b59a6da2-959b-47c4-a70a-fb3c8a231d6b req-5e36a84b-9353-4ee2-a13a-9b44984631a0 2997b4e0393c4cb9aca06d6143a03f5e 2e8187c5a7ff43bab0ed3ccb93cd3460 - - 41a00e5bc1624bae9876524ff7500768 41a00e5bc1624bae9876524ff7500768] 199.204.45.238 "GET /v2.0/floatingips?fixed_ip_address=10.100.0.8&port_id=946daf73-3280-47a5-beca-d2fa450ac2b2 HTTP/1.1" status: 200 len: 1059 time: 0.0518541
2026-05-10 01:58:27.664 10 INFO neutron.db.ovn_revision_numbers_db [req-563876e1-7644-4ddf-a6c9-f0a9787d4bde req-78683664-e373-4514-8164-7f6638fd0abe 3dfcc0eca562468a9f65e9fdcf4fc124 60b2855c2d9a45069102906c5aee676a - - default default] Successfully bumped revision number for resource b7330440-934f-44a3-a747-1b3e49930b74 (type: ports) to 1
2026-05-10 01:58:27.687 10 INFO neutron.wsgi [req-563876e1-7644-4ddf-a6c9-f0a9787d4bde req-78683664-e373-4514-8164-7f6638fd0abe 3dfcc0eca562468a9f65e9fdcf4fc124 60b2855c2d9a45069102906c5aee676a - - default default] 199.204.45.238 "POST /v2.0/ports HTTP/1.1" status: 201 len: 1162 time: 0.5929472 /var/lib/openstack/lib/python3.10/site-packages/pycadf/identifier.py:71: UserWarning: Invalid uuid: neutron. To ensure interoperability, identifiers should be a valid uuid. warnings.warn(('Invalid uuid: %s. To ensure interoperability, '
2026-05-10 01:58:27.703 9 INFO neutron.wsgi [req-b59a6da2-959b-47c4-a70a-fb3c8a231d6b req-7a87a020-d757-44ab-bb4f-284d90146b9e 2997b4e0393c4cb9aca06d6143a03f5e 2e8187c5a7ff43bab0ed3ccb93cd3460 - - 41a00e5bc1624bae9876524ff7500768 41a00e5bc1624bae9876524ff7500768] 199.204.45.238 "GET /v2.0/subnets?id=680bc457-992d-4e99-a8fe-db2bd50a22ec HTTP/1.1" status: 200 len: 868 time: 0.0381622
2026-05-10 01:58:27.725 9 INFO neutron.wsgi [req-b59a6da2-959b-47c4-a70a-fb3c8a231d6b req-d6dc092e-ae87-4b75-8f76-2e6e19057495 2997b4e0393c4cb9aca06d6143a03f5e 2e8187c5a7ff43bab0ed3ccb93cd3460 - - 41a00e5bc1624bae9876524ff7500768 41a00e5bc1624bae9876524ff7500768] 199.204.45.238 "GET /v2.0/ports?network_id=6e8a93ab-c0ee-4de3-910a-985e84a2997d&device_owner=network%3Adhcp HTTP/1.1" status: 200 len: 210 time: 0.0177295
2026-05-10 01:58:27.794 9 INFO neutron.wsgi [req-b59a6da2-959b-47c4-a70a-fb3c8a231d6b req-3925a701-0a3f-4785-b622-b76e995666fd 2997b4e0393c4cb9aca06d6143a03f5e 2e8187c5a7ff43bab0ed3ccb93cd3460 - - 41a00e5bc1624bae9876524ff7500768 41a00e5bc1624bae9876524ff7500768] 199.204.45.238 "GET /v2.0/networks/6e8a93ab-c0ee-4de3-910a-985e84a2997d?fields=segments HTTP/1.1" status: 200 len: 212 time: 0.0613096
2026-05-10 01:58:27.872 9 INFO neutron.wsgi [req-b59a6da2-959b-47c4-a70a-fb3c8a231d6b req-fb905317-86dc-46f6-ad54-cde3a3f96844 2997b4e0393c4cb9aca06d6143a03f5e 2e8187c5a7ff43bab0ed3ccb93cd3460 - - 41a00e5bc1624bae9876524ff7500768 41a00e5bc1624bae9876524ff7500768] 199.204.45.238 "GET /v2.0/networks/6e8a93ab-c0ee-4de3-910a-985e84a2997d?fields=provider%3Aphysical_network&fields=provider%3Anetwork_type HTTP/1.1" status: 200 len: 277 time: 0.0690441
2026-05-10 01:58:28.114 10 INFO neutron.db.ovn_revision_numbers_db [req-563876e1-7644-4ddf-a6c9-f0a9787d4bde req-a3bb116f-b396-4ee3-b829-28d831a197c4 2997b4e0393c4cb9aca06d6143a03f5e 2e8187c5a7ff43bab0ed3ccb93cd3460 - - 41a00e5bc1624bae9876524ff7500768 41a00e5bc1624bae9876524ff7500768] Successfully bumped revision number for resource b7330440-934f-44a3-a747-1b3e49930b74 (type: ports) to 2
2026-05-10 01:58:28.309 10 INFO neutron.db.ovn_revision_numbers_db [req-563876e1-7644-4ddf-a6c9-f0a9787d4bde req-a3bb116f-b396-4ee3-b829-28d831a197c4 2997b4e0393c4cb9aca06d6143a03f5e 2e8187c5a7ff43bab0ed3ccb93cd3460 - - 41a00e5bc1624bae9876524ff7500768 41a00e5bc1624bae9876524ff7500768] Successfully bumped revision number for resource b7330440-934f-44a3-a747-1b3e49930b74 (type: ports) to 2
2026-05-10 01:58:28.329 10 INFO neutron.wsgi [req-563876e1-7644-4ddf-a6c9-f0a9787d4bde req-a3bb116f-b396-4ee3-b829-28d831a197c4 2997b4e0393c4cb9aca06d6143a03f5e 2e8187c5a7ff43bab0ed3ccb93cd3460 - - 41a00e5bc1624bae9876524ff7500768 41a00e5bc1624bae9876524ff7500768] 199.204.45.238 "PUT /v2.0/ports/b7330440-934f-44a3-a747-1b3e49930b74 HTTP/1.1" status: 200 len: 1380 time: 0.6337161 /var/lib/openstack/lib/python3.10/site-packages/pycadf/identifier.py:71: UserWarning: Invalid uuid: neutron. To ensure interoperability, identifiers should be a valid uuid. warnings.warn(('Invalid uuid: %s. To ensure interoperability, '
2026-05-10 01:58:28.410 10 INFO neutron.wsgi [req-563876e1-7644-4ddf-a6c9-f0a9787d4bde req-657a6436-e325-46b0-8f43-7922572a3fd9 2997b4e0393c4cb9aca06d6143a03f5e 2e8187c5a7ff43bab0ed3ccb93cd3460 - - 41a00e5bc1624bae9876524ff7500768 41a00e5bc1624bae9876524ff7500768] 199.204.45.238 "GET /v2.0/ports?tenant_id=60b2855c2d9a45069102906c5aee676a&device_id=f46dc263-edb9-4123-98cb-2790def0d692 HTTP/1.1" status: 200 len: 1411 time: 0.0455625
2026-05-10 01:58:28.443 10 INFO neutron.wsgi [req-563876e1-7644-4ddf-a6c9-f0a9787d4bde req-dca39837-bd33-4409-9891-e2f29c533562 2997b4e0393c4cb9aca06d6143a03f5e 2e8187c5a7ff43bab0ed3ccb93cd3460 - - 41a00e5bc1624bae9876524ff7500768 41a00e5bc1624bae9876524ff7500768] 199.204.45.238 "GET /v2.0/floatingips?fixed_ip_address=10.100.0.10&port_id=b7330440-934f-44a3-a747-1b3e49930b74 HTTP/1.1" status: 200 len: 217 time: 0.0255427
2026-05-10 01:58:28.506 10 INFO neutron.wsgi [req-563876e1-7644-4ddf-a6c9-f0a9787d4bde req-b3c666c3-3111-4275-bb09-51be80759ef3 2997b4e0393c4cb9aca06d6143a03f5e 2e8187c5a7ff43bab0ed3ccb93cd3460 - - 41a00e5bc1624bae9876524ff7500768 41a00e5bc1624bae9876524ff7500768] 199.204.45.238 "GET /v2.0/subnets?id=ccfdc8c8-6e80-40c1-8ea5-3a8af6d095d4 HTTP/1.1" status: 200 len: 872 time: 0.0557587
2026-05-10 01:58:28.528 9 INFO neutron.wsgi [req-41f9c906-f34d-4a26-824a-58eb5b5c1910 req-9aef707c-1fd0-4628-b825-9905b71e52ae 3dfcc0eca562468a9f65e9fdcf4fc124 60b2855c2d9a45069102906c5aee676a - - default default] 10.0.0.134 "GET /v2.0/ports?device_id=f46dc263-edb9-4123-98cb-2790def0d692 HTTP/1.1" status: 200 len: 1172 time: 0.0558002
