2026-05-10 01:57:32.974 10 INFO neutron.wsgi [req-2dd9bac0-baa9-4b28-b3bc-8d08f2449489 req-ea606b48-9a59-4634-9c2c-73592e69d14c 0c5907581e144cf49a9a83881dc34e77 6208340223a24ffb9a2ae115aca9238a - - default default] 10.0.0.134 "POST /v2.0/security-groups HTTP/1.1" status: 201 len: 1821 time: 0.2640631
2026-05-10 01:57:33.007 10 WARNING neutron_lib.context [req-903cd68c-5bad-4319-ae56-8b6012311f0d req-4f9607c4-0e89-4957-83db-87c5a3d971d5 0c5907581e144cf49a9a83881dc34e77 6208340223a24ffb9a2ae115aca9238a - - default default] Method 'is_advsvc' is deprecated since 2023.2 release (neutron-lib 3.8.0) and will be removed once support for the old RBAC API policies will be removed from Neutron. Please use method 'is_service_role' instead.
2026-05-10 01:57:33.010 9 INFO neutron.db.ovn_revision_numbers_db [None req-bc8aece9-3d7d-4e45-a24b-b4d267c09fae - - - - - -] Successfully bumped revision number for resource 442b3d46-3080-4eb6-a642-2a9383ef9629 (type: ports) to 4
2026-05-10 01:57:33.026 9 INFO neutron.db.ovn_revision_numbers_db [None req-d2898421-27c9-4c04-824b-5d02b7b570ff a72b53b28ab844869eee847fd706c4b1 438eeca712434e89bfa7f9ef071394ff - - default default] Successfully bumped revision number for resource 0780c014-9aa6-43ff-a7c9-2cc57a8378e5 (type: router_ports) to 1
2026-05-10 01:57:33.026 10 INFO neutron.db.ovn_revision_numbers_db [None req-55d99771-8201-47a3-8164-c205d916325d f103359e78fa4ef8b7f8010fdbc1f306 453a66dbe27c4c448af7247a9ea76707 - - default default] Successfully bumped revision number for resource 5062c710-171e-405c-928a-2d8347621a25 (type: security_group_rules) to 0
2026-05-10 01:57:33.056 10 INFO neutron.wsgi [None req-55d99771-8201-47a3-8164-c205d916325d f103359e78fa4ef8b7f8010fdbc1f306 453a66dbe27c4c448af7247a9ea76707 - - default default] 10.0.0.141 "POST /v2.0/security-group-rules HTTP/1.1" status: 201 len: 769 time: 0.1738191
2026-05-10 01:57:33.065 10 WARNING neutron_lib.context [None req-b90edaef-3d2a-4b93-b15d-6ec8ee324652 f103359e78fa4ef8b7f8010fdbc1f306 453a66dbe27c4c448af7247a9ea76707 - - default default] Method 'is_advsvc' is deprecated since 2023.2 release (neutron-lib 3.8.0) and will be removed once support for the old RBAC API policies will be removed from Neutron. Please use method 'is_service_role' instead.
2026-05-10 01:57:33.140 9 INFO neutron.wsgi [req-45d6b8a7-3967-4024-b1a4-d6ad694516cd req-7f75b6a3-d771-4889-a828-93e680f3f5c4 2997b4e0393c4cb9aca06d6143a03f5e 2e8187c5a7ff43bab0ed3ccb93cd3460 - - 41a00e5bc1624bae9876524ff7500768 41a00e5bc1624bae9876524ff7500768] 10.0.0.134 "GET /v2.0/extensions HTTP/1.1" status: 200 len: 16980 time: 0.0615468
2026-05-10 01:57:33.204 10 INFO neutron.db.ovn_revision_numbers_db [req-903cd68c-5bad-4319-ae56-8b6012311f0d req-4f9607c4-0e89-4957-83db-87c5a3d971d5 0c5907581e144cf49a9a83881dc34e77 6208340223a24ffb9a2ae115aca9238a - - default default] Successfully bumped revision number for resource 97761833-2e13-4edf-964a-10fb91ceac91 (type: security_groups) to 1
2026-05-10 01:57:33.226 10 INFO neutron.db.ovn_revision_numbers_db [req-903cd68c-5bad-4319-ae56-8b6012311f0d req-4f9607c4-0e89-4957-83db-87c5a3d971d5 0c5907581e144cf49a9a83881dc34e77 6208340223a24ffb9a2ae115aca9238a - - default default] Successfully bumped revision number for resource 12fb726b-a7ab-47ba-95dd-b507c8184277 (type: security_group_rules) to 0
2026-05-10 01:57:33.245 9 INFO neutron.wsgi [req-45d6b8a7-3967-4024-b1a4-d6ad694516cd req-38355553-acaf-4552-a07a-28e309fedf4c 2997b4e0393c4cb9aca06d6143a03f5e 2e8187c5a7ff43bab0ed3ccb93cd3460 - - 41a00e5bc1624bae9876524ff7500768 41a00e5bc1624bae9876524ff7500768] 10.0.0.134 "GET /v2.0/networks/88d7f05e-19f7-4319-903f-afd8c57a0302?fields=segments HTTP/1.1" status: 200 len: 212 time: 0.0916398
2026-05-10 01:57:33.251 10 INFO neutron.db.ovn_revision_numbers_db [req-903cd68c-5bad-4319-ae56-8b6012311f0d req-4f9607c4-0e89-4957-83db-87c5a3d971d5 0c5907581e144cf49a9a83881dc34e77 6208340223a24ffb9a2ae115aca9238a - - default default] Successfully bumped revision number for resource 90222433-32ce-4c24-8195-b6428872d6dc (type: security_group_rules) to 0
2026-05-10 01:57:33.273 10 INFO neutron.wsgi [req-903cd68c-5bad-4319-ae56-8b6012311f0d req-4f9607c4-0e89-4957-83db-87c5a3d971d5 0c5907581e144cf49a9a83881dc34e77 6208340223a24ffb9a2ae115aca9238a - - default default] 10.0.0.134 "POST /v2.0/security-groups HTTP/1.1" status: 201 len: 1823 time: 0.2730908
2026-05-10 01:57:33.281 9 INFO neutron.db.ovn_revision_numbers_db [None req-d2898421-27c9-4c04-824b-5d02b7b570ff a72b53b28ab844869eee847fd706c4b1 438eeca712434e89bfa7f9ef071394ff - - default default] Successfully bumped revision number for resource 0780c014-9aa6-43ff-a7c9-2cc57a8378e5 (type: ports) to 1
2026-05-10 01:57:33.310 10 WARNING neutron_lib.context [req-a012c65f-760b-4b2d-92cf-c44dd26eb09a req-254490ab-34cb-49f7-9d14-206bab155cb3 0c5907581e144cf49a9a83881dc34e77 6208340223a24ffb9a2ae115aca9238a - - default default] Method 'is_advsvc' is deprecated since 2023.2 release (neutron-lib 3.8.0) and will be removed once support for the old RBAC API policies will be removed from Neutron. Please use method 'is_service_role' instead.
2026-05-10 01:57:33.315 9 INFO neutron.db.ovn_revision_numbers_db [None req-bc8aece9-3d7d-4e45-a24b-b4d267c09fae - - - - - -] Successfully bumped revision number for resource 442b3d46-3080-4eb6-a642-2a9383ef9629 (type: router_ports) to 4
2026-05-10 01:57:33.336 9 INFO neutron.wsgi [req-45d6b8a7-3967-4024-b1a4-d6ad694516cd req-906a0508-4305-4e2b-ae6c-46a745a90c9c 2997b4e0393c4cb9aca06d6143a03f5e 2e8187c5a7ff43bab0ed3ccb93cd3460 - - 41a00e5bc1624bae9876524ff7500768 41a00e5bc1624bae9876524ff7500768] 10.0.0.134 "GET /v2.0/networks/88d7f05e-19f7-4319-903f-afd8c57a0302?fields=provider%3Aphysical_network&fields=provider%3Anetwork_type HTTP/1.1" status: 200 len: 277 time: 0.0826533
2026-05-10 01:57:33.377 9 WARNING neutron.scheduler.dhcp_agent_scheduler [None req-d2898421-27c9-4c04-824b-5d02b7b570ff a72b53b28ab844869eee847fd706c4b1 438eeca712434e89bfa7f9ef071394ff - - default default] No more DHCP agents
2026-05-10 01:57:33.378 9 WARNING neutron.api.rpc.agentnotifiers.dhcp_rpc_agent_api [None req-d2898421-27c9-4c04-824b-5d02b7b570ff a72b53b28ab844869eee847fd706c4b1 438eeca712434e89bfa7f9ef071394ff - - default default] Unable to schedule network 99c77e10-486b-4c7b-91aa-e79ed0b55cd2: no agents available; will retry on subsequent port and subnet creation events.
2026-05-10 01:57:33.422 10 WARNING neutron.scheduler.dhcp_agent_scheduler [None req-b90edaef-3d2a-4b93-b15d-6ec8ee324652 f103359e78fa4ef8b7f8010fdbc1f306 453a66dbe27c4c448af7247a9ea76707 - - default default] No more DHCP agents
2026-05-10 01:57:33.427 10 WARNING neutron.api.rpc.agentnotifiers.dhcp_rpc_agent_api [None req-b90edaef-3d2a-4b93-b15d-6ec8ee324652 f103359e78fa4ef8b7f8010fdbc1f306 453a66dbe27c4c448af7247a9ea76707 - - default default] Unable to schedule network 364e5f4a-8f91-4827-b233-5db47e9155d6: no agents available; will retry on subsequent port and subnet creation events.
2026-05-10 01:57:33.458 10 INFO neutron.db.ovn_revision_numbers_db [req-a012c65f-760b-4b2d-92cf-c44dd26eb09a req-254490ab-34cb-49f7-9d14-206bab155cb3 0c5907581e144cf49a9a83881dc34e77 6208340223a24ffb9a2ae115aca9238a - - default default] Successfully bumped revision number for resource 47cf5c5c-432e-483f-9cb4-c97b5f18b6a9 (type: security_groups) to 1
2026-05-10 01:57:33.493 10 INFO neutron.db.ovn_revision_numbers_db [req-a012c65f-760b-4b2d-92cf-c44dd26eb09a req-254490ab-34cb-49f7-9d14-206bab155cb3 0c5907581e144cf49a9a83881dc34e77 6208340223a24ffb9a2ae115aca9238a - - default default] Successfully bumped revision number for resource a40142a2-081f-44e2-8e06-7fc215af59c9 (type: security_group_rules) to 0
2026-05-10 01:57:33.511 10 INFO neutron.db.ovn_revision_numbers_db [req-a012c65f-760b-4b2d-92cf-c44dd26eb09a req-254490ab-34cb-49f7-9d14-206bab155cb3 0c5907581e144cf49a9a83881dc34e77 6208340223a24ffb9a2ae115aca9238a - - default default] Successfully bumped revision number for resource e0cd6577-0c43-44cb-b63c-fae2de582ec7 (type: security_group_rules) to 0
2026-05-10 01:57:33.535 9 INFO neutron.wsgi [req-74e5262c-df09-4f89-994c-679e150ee66f req-aad6e945-f43f-4087-b747-ba6624d724c1 e5fb89a4c42c4bbe92744e1598194319 8c58ae041e7b4f4fbe22564fc06c7496 - - default default] 10.0.0.134 "GET /v2.0/ports?device_id=0e0f1a47-419f-45a9-83c2-5871bcf134d5 HTTP/1.1" status: 200 len: 210 time: 0.0345631
2026-05-10 01:57:33.536 10 INFO neutron.wsgi [req-a012c65f-760b-4b2d-92cf-c44dd26eb09a req-254490ab-34cb-49f7-9d14-206bab155cb3 0c5907581e144cf49a9a83881dc34e77 6208340223a24ffb9a2ae115aca9238a - - default default] 10.0.0.134 "POST /v2.0/security-groups HTTP/1.1" status: 201 len: 1822 time: 0.2365198
2026-05-10 01:57:33.627 10 INFO neutron.wsgi [req-5b2743d6-bac1-49dd-93ef-98b6a78ecdfa req-5440e06a-94cd-42b3-b58c-7f949f66ec15 0c5907581e144cf49a9a83881dc34e77 6208340223a24ffb9a2ae115aca9238a - - default default] 10.0.0.134 "GET /v2.0/security-groups?tenant_id=6208340223a24ffb9a2ae115aca9238a HTTP/1.1" status: 200 len: 7794 time: 0.0641675
2026-05-10 01:57:33.676 10 INFO neutron.wsgi [req-5b2743d6-bac1-49dd-93ef-98b6a78ecdfa req-cf0f910a-df78-405c-9939-bff9fbc7620d 0c5907581e144cf49a9a83881dc34e77 6208340223a24ffb9a2ae115aca9238a - - default default] 10.0.0.134 "GET /v2.0/security-groups/5dd1ba0e-f219-4c17-9f30-205910aa7d6b HTTP/1.1" status: 200 len: 2994 time: 0.0400288
2026-05-10 01:57:33.747 10 INFO neutron.wsgi [req-5b2743d6-bac1-49dd-93ef-98b6a78ecdfa req-4ab7aeff-9478-4ac3-ae5e-6c841e87722e 0c5907581e144cf49a9a83881dc34e77 6208340223a24ffb9a2ae115aca9238a - - default default] 10.0.0.134 "GET /v2.0/security-groups/5dd1ba0e-f219-4c17-9f30-205910aa7d6b HTTP/1.1" status: 200 len: 2994 time: 0.0630782
2026-05-10 01:57:33.795 10 INFO neutron.db.ovn_revision_numbers_db [None req-b90edaef-3d2a-4b93-b15d-6ec8ee324652 f103359e78fa4ef8b7f8010fdbc1f306 453a66dbe27c4c448af7247a9ea76707 - - default default] Successfully bumped revision number for resource 30b6dfcf-cd3a-4c17-9972-43c47cc4d301 (type: floatingips) to 0
2026-05-10 01:57:33.810 10 INFO neutron.wsgi [None req-b90edaef-3d2a-4b93-b15d-6ec8ee324652 f103359e78fa4ef8b7f8010fdbc1f306 453a66dbe27c4c448af7247a9ea76707 - - default default] 10.0.0.141 "POST /v2.0/floatingips HTTP/1.1" status: 201 len: 751 time: 0.7499626
2026-05-10 01:57:33.831 9 INFO neutron.wsgi [req-c23723c0-baea-4cc0-80f9-e8ff01e3ad63 req-d52c6b78-5b57-426d-af70-637fac5d6f5b 0c5907581e144cf49a9a83881dc34e77 6208340223a24ffb9a2ae115aca9238a - - default default] 10.0.0.134 "GET /v2.0/security-groups/44e4bd90-5775-427d-9c09-cfaeab1e4ee9 HTTP/1.1" status: 200 len: 1816 time: 0.0574353
2026-05-10 01:57:34.025 9 INFO neutron.wsgi [req-c23723c0-baea-4cc0-80f9-e8ff01e3ad63 req-5e5f87f4-08a1-499b-9eee-72bd5112e956 0c5907581e144cf49a9a83881dc34e77 6208340223a24ffb9a2ae115aca9238a - - default default] 10.0.0.134 "DELETE /v2.0/security-groups/44e4bd90-5775-427d-9c09-cfaeab1e4ee9 HTTP/1.1" status: 204 len: 173 time: 0.1847713
2026-05-10 01:57:34.064 10 INFO neutron.api.v2.resource [req-a3e952a6-0056-44b2-9c8a-23b48c76f1c1 req-5dd49e1a-01d1-4db8-aae6-527016a0963c 0c5907581e144cf49a9a83881dc34e77 6208340223a24ffb9a2ae115aca9238a - - default default] show failed (client error): The resource could not be found.
2026-05-10 01:57:34.065 10 INFO neutron.wsgi [req-a3e952a6-0056-44b2-9c8a-23b48c76f1c1 req-5dd49e1a-01d1-4db8-aae6-527016a0963c 0c5907581e144cf49a9a83881dc34e77 6208340223a24ffb9a2ae115aca9238a - - default default] 10.0.0.134 "GET /v2.0/security-groups/44e4bd90-5775-427d-9c09-cfaeab1e4ee9 HTTP/1.1" status: 404 len: 352 time: 0.0165634
2026-05-10 01:57:34.133 9 INFO neutron.wsgi [req-d4c72226-50f0-4cff-b92c-a95a75d3f5d5 req-a6b82930-0b26-406d-beb5-dc322c9cf526 0c5907581e144cf49a9a83881dc34e77 6208340223a24ffb9a2ae115aca9238a - - default default] 10.0.0.134 "GET /v2.0/security-groups/97761833-2e13-4edf-964a-10fb91ceac91 HTTP/1.1" status: 200 len: 1818 time: 0.0452211
2026-05-10 01:57:34.234 10 INFO neutron.wsgi [req-73452bf2-3457-44b0-83d0-a115197b1bc2 req-ff8a39c7-6f03-4d93-bc1c-d872864b3e61 f103359e78fa4ef8b7f8010fdbc1f306 453a66dbe27c4c448af7247a9ea76707 - - default default] 10.0.0.134 "GET /v2.0/security-groups?name=tempest-securitygroup--1831583481&fields=id&tenant_id=453a66dbe27c4c448af7247a9ea76707 HTTP/1.1" status: 200 len: 267 time: 0.0441902
2026-05-10 01:57:34.243 9 WARNING neutron.plugins.ml2.drivers.ovn.mech_driver.ovsdb.ovn_client [None req-e30fdbb3-ecfb-4c9d-bf8c-ae56bdb1dc42 - - - - - -] No hosting information found for port 67084a1e-c6a9-4640-89d9-4069ab8659a7: RuntimeError: No hosting information found for port 67084a1e-c6a9-4640-89d9-4069ab8659a7
2026-05-10 01:57:34.244 9 INFO neutron.plugins.ml2.drivers.ovn.mech_driver.mech_driver [None req-e30fdbb3-ecfb-4c9d-bf8c-ae56bdb1dc42 - - - - - -] OVN reports status up for port: 798d4dd5-d9f3-438c-a038-04575037d98b
2026-05-10 01:57:34.262 9 INFO neutron.plugins.ml2.plugin [None req-e30fdbb3-ecfb-4c9d-bf8c-ae56bdb1dc42 - - - - - -] Attempt 1 to provision port 798d4dd5-d9f3-438c-a038-04575037d98b
2026-05-10 01:57:34.362 10 INFO neutron.wsgi [req-73452bf2-3457-44b0-83d0-a115197b1bc2 req-726e7c71-f9f8-4696-93d1-0a0ea52a32a2 f103359e78fa4ef8b7f8010fdbc1f306 453a66dbe27c4c448af7247a9ea76707 - - default default] 10.0.0.134 "GET /v2.0/networks?id=f6e81690-c080-47ea-b8af-b4f415b11b33 HTTP/1.1" status: 200 len: 869 time: 0.1198351
2026-05-10 01:57:34.382 10 INFO neutron.wsgi [req-73452bf2-3457-44b0-83d0-a115197b1bc2 req-feda9e8a-caa5-46ee-8961-253b827ffdc2 f103359e78fa4ef8b7f8010fdbc1f306 453a66dbe27c4c448af7247a9ea76707 - - default default] 10.0.0.134 "GET /v2.0/quotas/453a66dbe27c4c448af7247a9ea76707 HTTP/1.1" status: 200 len: 386 time: 0.0110781
2026-05-10 01:57:34.450 9 INFO neutron.db.ovn_revision_numbers_db [None req-d2898421-27c9-4c04-824b-5d02b7b570ff a72b53b28ab844869eee847fd706c4b1 438eeca712434e89bfa7f9ef071394ff - - default default] Successfully bumped revision number for resource 0780c014-9aa6-43ff-a7c9-2cc57a8378e5 (type: router_ports) to 1
2026-05-10 01:57:34.452 9 INFO neutron.wsgi [None req-d2898421-27c9-4c04-824b-5d02b7b570ff a72b53b28ab844869eee847fd706c4b1 438eeca712434e89bfa7f9ef071394ff - - default default] 10.0.0.141 "PUT /v2.0/routers/2e42443a-5e45-4b69-8686-12c216a2c0c9/add_router_interface HTTP/1.1" status: 200 len: 503 time: 3.0215824
2026-05-10 01:57:34.508 9 INFO neutron.wsgi [req-d4c72226-50f0-4cff-b92c-a95a75d3f5d5 req-13d3114d-7f24-4d46-bda7-fbbf39e1ae66 0c5907581e144cf49a9a83881dc34e77 6208340223a24ffb9a2ae115aca9238a - - default default] 10.0.0.134 "DELETE /v2.0/security-groups/97761833-2e13-4edf-964a-10fb91ceac91 HTTP/1.1" status: 204 len: 173 time: 0.3627024
2026-05-10 01:57:34.544 9 INFO neutron.api.v2.resource [req-71190227-b26f-4939-9c91-ce60775afed8 req-20f6329d-7bd7-4a7f-a47c-27259e1c5365 0c5907581e144cf49a9a83881dc34e77 6208340223a24ffb9a2ae115aca9238a - - default default] show failed (client error): The resource could not be found.
2026-05-10 01:57:34.545 9 INFO neutron.wsgi [req-71190227-b26f-4939-9c91-ce60775afed8 req-20f6329d-7bd7-4a7f-a47c-27259e1c5365 0c5907581e144cf49a9a83881dc34e77 6208340223a24ffb9a2ae115aca9238a - - default default] 10.0.0.134 "GET /v2.0/security-groups/97761833-2e13-4edf-964a-10fb91ceac91 HTTP/1.1" status: 404 len: 352 time: 0.0202341
2026-05-10 01:57:34.622 9 INFO neutron.wsgi [req-12def335-4df6-47e0-a70e-b0971b26e58d req-8cad02fc-e446-4735-9a40-861e759c1d2d 0c5907581e144cf49a9a83881dc34e77 6208340223a24ffb9a2ae115aca9238a - - default default] 10.0.0.134 "GET /v2.0/security-groups/47cf5c5c-432e-483f-9cb4-c97b5f18b6a9 HTTP/1.1" status: 200 len: 1817 time: 0.0569367
2026-05-10 01:57:34.673 10 INFO neutron.wsgi [req-73452bf2-3457-44b0-83d0-a115197b1bc2 req-176390b2-f1ab-4159-bcad-eba6b152773a f103359e78fa4ef8b7f8010fdbc1f306 453a66dbe27c4c448af7247a9ea76707 - - default default] 10.0.0.134 "GET /v2.0/ports?tenant_id=453a66dbe27c4c448af7247a9ea76707&fields=id HTTP/1.1" status: 200 len: 302 time: 0.2784848
2026-05-10 01:57:34.773 9 INFO neutron.db.ovn_revision_numbers_db [None req-e30fdbb3-ecfb-4c9d-bf8c-ae56bdb1dc42 - - - - - -] Successfully bumped revision number for resource 798d4dd5-d9f3-438c-a038-04575037d98b (type: ports) to 2
2026-05-10 01:57:34.824 9 INFO neutron.wsgi [req-12def335-4df6-47e0-a70e-b0971b26e58d req-bc9ba4b1-0c64-4dd1-93c2-16abe99ef377 0c5907581e144cf49a9a83881dc34e77 6208340223a24ffb9a2ae115aca9238a - - default default] 10.0.0.134 "DELETE /v2.0/security-groups/47cf5c5c-432e-483f-9cb4-c97b5f18b6a9 HTTP/1.1" status: 204 len: 173 time: 0.1940722
2026-05-10 01:57:34.874 9 INFO neutron.db.ovn_revision_numbers_db [None req-e30fdbb3-ecfb-4c9d-bf8c-ae56bdb1dc42 - - - - - -] Successfully bumped revision number for resource 798d4dd5-d9f3-438c-a038-04575037d98b (type: router_ports) to 2
2026-05-10 01:57:35.030 10 INFO neutron.wsgi [req-45d6b8a7-3967-4024-b1a4-d6ad694516cd req-af34f7dc-d15e-49f4-a8f4-e882a8be9fc2 e5fb89a4c42c4bbe92744e1598194319 8c58ae041e7b4f4fbe22564fc06c7496 - - default default] 199.204.45.238 "GET /v2.0/networks?id=88d7f05e-19f7-4319-903f-afd8c57a0302 HTTP/1.1" status: 200 len: 881 time: 0.1107993
2026-05-10 01:57:35.063 9 INFO neutron.wsgi [req-2b691c4c-dadc-4b98-90ce-43850edeb452 req-491f3f29-dffa-4a02-bdbd-4b765d246144 e5fb89a4c42c4bbe92744e1598194319 8c58ae041e7b4f4fbe22564fc06c7496 - - default default] 10.0.0.134 "GET /v2.0/ports?device_id=0e0f1a47-419f-45a9-83c2-5871bcf134d5 HTTP/1.1" status: 200 len: 210 time: 0.0260646
2026-05-10 01:57:35.070 10 INFO neutron.wsgi [req-73452bf2-3457-44b0-83d0-a115197b1bc2 req-3c03b148-eef9-4b0f-b93a-3487ec31a6eb 2997b4e0393c4cb9aca06d6143a03f5e 2e8187c5a7ff43bab0ed3ccb93cd3460 - - 41a00e5bc1624bae9876524ff7500768 41a00e5bc1624bae9876524ff7500768] 10.0.0.134 "GET /v2.0/extensions HTTP/1.1" status: 200 len: 16980 time: 0.0599225
2026-05-10 01:57:35.102 9 INFO neutron.api.v2.resource [req-f40bd268-8cc3-4fd7-8c9a-6c3a28bf785f req-2d139461-17b6-4647-b90c-04409d9acd4f 0c5907581e144cf49a9a83881dc34e77 6208340223a24ffb9a2ae115aca9238a - - default default] show failed (client error): The resource could not be found.
2026-05-10 01:57:35.103 9 INFO neutron.wsgi [req-f40bd268-8cc3-4fd7-8c9a-6c3a28bf785f req-2d139461-17b6-4647-b90c-04409d9acd4f 0c5907581e144cf49a9a83881dc34e77 6208340223a24ffb9a2ae115aca9238a - - default default] 10.0.0.134 "GET /v2.0/security-groups/47cf5c5c-432e-483f-9cb4-c97b5f18b6a9 HTTP/1.1" status: 404 len: 352 time: 0.0169883
2026-05-10 01:57:35.154 10 INFO neutron.wsgi [req-45d6b8a7-3967-4024-b1a4-d6ad694516cd req-1f4e45a0-e1b7-4412-b1ad-3f1f55c44387 e5fb89a4c42c4bbe92744e1598194319 8c58ae041e7b4f4fbe22564fc06c7496 - - default default] 199.204.45.238 "GET /v2.0/security-groups?fields=id&fields=name&tenant_id=8c58ae041e7b4f4fbe22564fc06c7496 HTTP/1.1" status: 200 len: 380 time: 0.0999122
2026-05-10 01:57:35.166 10 WARNING neutron_lib.context [req-45d6b8a7-3967-4024-b1a4-d6ad694516cd req-aff3eeb4-4734-4e66-99e4-9ef8213db70a e5fb89a4c42c4bbe92744e1598194319 8c58ae041e7b4f4fbe22564fc06c7496 - - default default] Method 'is_advsvc' is deprecated since 2023.2 release (neutron-lib 3.8.0) and will be removed once support for the old RBAC API policies will be removed from Neutron. Please use method 'is_service_role' instead.
2026-05-10 01:57:35.180 9 WARNING neutron_lib.context [req-74a74921-ce19-47ca-b518-5b659d3a3f40 req-0cbe57d0-f84b-4ec7-8162-e96f5ba36636 60eacb76d6c3422c8c615ccb3596dcab 5012e9a402dd44e5a95c51a3514b0c62 - - default default] Method 'is_advsvc' is deprecated since 2023.2 release (neutron-lib 3.8.0) and will be removed once support for the old RBAC API policies will be removed from Neutron. Please use method 'is_service_role' instead.
2026-05-10 01:57:35.211 10 INFO neutron.wsgi [req-73452bf2-3457-44b0-83d0-a115197b1bc2 req-9062522f-dd17-48d1-bbac-8d2840e310f0 2997b4e0393c4cb9aca06d6143a03f5e 2e8187c5a7ff43bab0ed3ccb93cd3460 - - 41a00e5bc1624bae9876524ff7500768 41a00e5bc1624bae9876524ff7500768] 10.0.0.134 "GET /v2.0/networks/f6e81690-c080-47ea-b8af-b4f415b11b33?fields=segments HTTP/1.1" status: 200 len: 212 time: 0.1279936
2026-05-10 01:57:35.301 10 INFO neutron.wsgi [req-73452bf2-3457-44b0-83d0-a115197b1bc2 req-423e9b1d-4c0d-4a08-b465-0c1642cfa771 2997b4e0393c4cb9aca06d6143a03f5e 2e8187c5a7ff43bab0ed3ccb93cd3460 - - 41a00e5bc1624bae9876524ff7500768 41a00e5bc1624bae9876524ff7500768] 10.0.0.134 "GET /v2.0/networks/f6e81690-c080-47ea-b8af-b4f415b11b33?fields=provider%3Aphysical_network&fields=provider%3Anetwork_type HTTP/1.1" status: 200 len: 277 time: 0.0820298
2026-05-10 01:57:35.303 9 INFO neutron.db.ovn_revision_numbers_db [req-74a74921-ce19-47ca-b518-5b659d3a3f40 req-0cbe57d0-f84b-4ec7-8162-e96f5ba36636 60eacb76d6c3422c8c615ccb3596dcab 5012e9a402dd44e5a95c51a3514b0c62 - - default default] Successfully bumped revision number for resource 5036392f-2951-412d-b8d1-49d29b3918f6 (type: security_groups) to 1
2026-05-10 01:57:35.320 9 INFO neutron.db.ovn_revision_numbers_db [req-74a74921-ce19-47ca-b518-5b659d3a3f40 req-0cbe57d0-f84b-4ec7-8162-e96f5ba36636 60eacb76d6c3422c8c615ccb3596dcab 5012e9a402dd44e5a95c51a3514b0c62 - - default default] Successfully bumped revision number for resource bea5f7ac-7064-4185-966b-e0887ab27a2b (type: security_group_rules) to 0
2026-05-10 01:57:35.336 9 INFO neutron.db.ovn_revision_numbers_db [req-74a74921-ce19-47ca-b518-5b659d3a3f40 req-0cbe57d0-f84b-4ec7-8162-e96f5ba36636 60eacb76d6c3422c8c615ccb3596dcab 5012e9a402dd44e5a95c51a3514b0c62 - - default default] Successfully bumped revision number for resource f82da4a6-493b-4182-9ee4-610872acd3cb (type: security_group_rules) to 0
2026-05-10 01:57:35.357 9 INFO neutron.wsgi [req-74a74921-ce19-47ca-b518-5b659d3a3f40 req-0cbe57d0-f84b-4ec7-8162-e96f5ba36636 60eacb76d6c3422c8c615ccb3596dcab 5012e9a402dd44e5a95c51a3514b0c62 - - default default] 10.0.0.134 "POST /v2.0/security-groups HTTP/1.1" status: 201 len: 1825 time: 0.1852496
2026-05-10 01:57:35.433 9 INFO neutron.wsgi [req-301194cb-c144-485b-90d4-3a40937321d1 req-0fda9859-615c-45e7-adc9-7ebebd45b688 0c5907581e144cf49a9a83881dc34e77 6208340223a24ffb9a2ae115aca9238a - - default default] 10.0.0.134 "GET /v2.0/security-groups?tenant_id=6208340223a24ffb9a2ae115aca9238a HTTP/1.1" status: 200 len: 2997 time: 0.0618818
2026-05-10 01:57:35.475 9 INFO neutron.wsgi [req-301194cb-c144-485b-90d4-3a40937321d1 req-d07b8468-5a83-48fd-9848-086a0d33c37e 0c5907581e144cf49a9a83881dc34e77 6208340223a24ffb9a2ae115aca9238a - - default default] 10.0.0.134 "GET /v2.0/security-groups/5dd1ba0e-f219-4c17-9f30-205910aa7d6b HTTP/1.1" status: 200 len: 2994 time: 0.0325863
2026-05-10 01:57:35.517 9 INFO neutron.wsgi [req-301194cb-c144-485b-90d4-3a40937321d1 req-faa2c289-2657-4a74-b316-a4d29903358d 0c5907581e144cf49a9a83881dc34e77 6208340223a24ffb9a2ae115aca9238a - - default default] 10.0.0.134 "GET /v2.0/security-groups/5dd1ba0e-f219-4c17-9f30-205910aa7d6b HTTP/1.1" status: 200 len: 2994 time: 0.0343497
2026-05-10 01:57:35.563 9 INFO neutron.wsgi [req-512ba381-675b-4a2c-ae4e-cab240efc483 req-e6bfcc58-69e1-48e5-8427-c53f8fcc2556 60eacb76d6c3422c8c615ccb3596dcab 5012e9a402dd44e5a95c51a3514b0c62 - - default default] 10.0.0.134 "GET /v2.0/security-groups/5036392f-2951-412d-b8d1-49d29b3918f6 HTTP/1.1" status: 200 len: 1820 time: 0.0327146
2026-05-10 01:57:35.577 9 WARNING neutron_lib.context [req-512ba381-675b-4a2c-ae4e-cab240efc483 req-3caf29f6-d9a4-4cb4-96f4-17f24f277cea 60eacb76d6c3422c8c615ccb3596dcab 5012e9a402dd44e5a95c51a3514b0c62 - - default default] Method 'is_advsvc' is deprecated since 2023.2 release (neutron-lib 3.8.0) and will be removed once support for the old RBAC API policies will be removed from Neutron. Please use method 'is_service_role' instead. /var/lib/openstack/lib/python3.10/site-packages/pycadf/identifier.py:71: UserWarning: Invalid uuid: neutron. To ensure interoperability, identifiers should be a valid uuid. warnings.warn(('Invalid uuid: %s. To ensure interoperability, '
2026-05-10 01:57:35.659 10 WARNING neutron.scheduler.dhcp_agent_scheduler [req-45d6b8a7-3967-4024-b1a4-d6ad694516cd req-aff3eeb4-4734-4e66-99e4-9ef8213db70a e5fb89a4c42c4bbe92744e1598194319 8c58ae041e7b4f4fbe22564fc06c7496 - - default default] No more DHCP agents
2026-05-10 01:57:35.661 10 INFO neutron.api.v2.resource [req-f8aac58d-8ccd-4b7d-a7c3-222125542b78 req-a3dcee46-78dd-4ef8-8c62-e0e1f1e6e4b0 0c5907581e144cf49a9a83881dc34e77 6208340223a24ffb9a2ae115aca9238a - - default default] show failed (client error): The resource could not be found.
2026-05-10 01:57:35.662 10 INFO neutron.wsgi [req-f8aac58d-8ccd-4b7d-a7c3-222125542b78 req-a3dcee46-78dd-4ef8-8c62-e0e1f1e6e4b0 0c5907581e144cf49a9a83881dc34e77 6208340223a24ffb9a2ae115aca9238a - - default default] 10.0.0.134 "GET /v2.0/security-groups/47cf5c5c-432e-483f-9cb4-c97b5f18b6a9 HTTP/1.1" status: 404 len: 352 time: 0.0215380
2026-05-10 01:57:35.664 10 WARNING neutron.api.rpc.agentnotifiers.dhcp_rpc_agent_api [req-45d6b8a7-3967-4024-b1a4-d6ad694516cd req-aff3eeb4-4734-4e66-99e4-9ef8213db70a e5fb89a4c42c4bbe92744e1598194319 8c58ae041e7b4f4fbe22564fc06c7496 - - default default] Unable to schedule network 88d7f05e-19f7-4319-903f-afd8c57a0302: no agents available; will retry on subsequent port and subnet creation events.
2026-05-10 01:57:35.700 9 INFO neutron.db.ovn_revision_numbers_db [req-512ba381-675b-4a2c-ae4e-cab240efc483 req-3caf29f6-d9a4-4cb4-96f4-17f24f277cea 60eacb76d6c3422c8c615ccb3596dcab 5012e9a402dd44e5a95c51a3514b0c62 - - default default] Successfully bumped revision number for resource 652ff614-a03a-4932-b379-bc7d85b1bf38 (type: security_group_rules) to 0 /var/lib/openstack/lib/python3.10/site-packages/pycadf/identifier.py:71: UserWarning: Invalid uuid: neutron. To ensure interoperability, identifiers should be a valid uuid. warnings.warn(('Invalid uuid: %s. To ensure interoperability, '
2026-05-10 01:57:35.724 9 INFO neutron.wsgi [req-512ba381-675b-4a2c-ae4e-cab240efc483 req-3caf29f6-d9a4-4cb4-96f4-17f24f277cea 60eacb76d6c3422c8c615ccb3596dcab 5012e9a402dd44e5a95c51a3514b0c62 - - default default] 10.0.0.134 "POST /v2.0/security-group-rules HTTP/1.1" status: 201 len: 786 time: 0.1519132
2026-05-10 01:57:35.731 10 INFO neutron.wsgi [req-afd1ee6d-7a91-4c7c-aff0-4207b060d795 req-c64169ad-166c-4a6b-987c-caf890b3546c f103359e78fa4ef8b7f8010fdbc1f306 453a66dbe27c4c448af7247a9ea76707 - - default default] 10.0.0.134 "GET /v2.0/ports?device_id=d2981a80-d52a-4dcd-bc1e-c9227782a1e3 HTTP/1.1" status: 200 len: 210 time: 0.0355725
2026-05-10 01:57:35.755 9 INFO neutron.api.v2.resource [req-f0ba712c-5c55-4c7c-926a-16d31fab9cda req-a6b0df49-ea7a-47df-9846-f55d8cf79f57 0c5907581e144cf49a9a83881dc34e77 6208340223a24ffb9a2ae115aca9238a - - default default] show failed (client error): The resource could not be found.
2026-05-10 01:57:35.756 9 INFO neutron.wsgi [req-f0ba712c-5c55-4c7c-926a-16d31fab9cda req-a6b0df49-ea7a-47df-9846-f55d8cf79f57 0c5907581e144cf49a9a83881dc34e77 6208340223a24ffb9a2ae115aca9238a - - default default] 10.0.0.134 "GET /v2.0/security-groups/97761833-2e13-4edf-964a-10fb91ceac91 HTTP/1.1" status: 404 len: 352 time: 0.0135736
2026-05-10 01:57:35.777 10 WARNING neutron_lib.context [req-976ac241-4d4d-44f2-929e-f72ceac5a425 req-7ae97632-f7b4-43af-a7f5-0ad6a70dfcb3 60eacb76d6c3422c8c615ccb3596dcab 5012e9a402dd44e5a95c51a3514b0c62 - - default default] Method 'is_advsvc' is deprecated since 2023.2 release (neutron-lib 3.8.0) and will be removed once support for the old RBAC API policies will be removed from Neutron. Please use method 'is_service_role' instead.
2026-05-10 01:57:35.800 9 INFO neutron.api.v2.resource [req-28e9bf16-a6dd-4e5f-a2ee-2ea3d746bb36 req-e0af5c18-0bac-45bf-b6fc-f87dd55d192a 0c5907581e144cf49a9a83881dc34e77 6208340223a24ffb9a2ae115aca9238a - - default default] show failed (client error): The resource could not be found.
2026-05-10 01:57:35.801 9 INFO neutron.wsgi [req-28e9bf16-a6dd-4e5f-a2ee-2ea3d746bb36 req-e0af5c18-0bac-45bf-b6fc-f87dd55d192a 0c5907581e144cf49a9a83881dc34e77 6208340223a24ffb9a2ae115aca9238a - - default default] 10.0.0.134 "GET /v2.0/security-groups/44e4bd90-5775-427d-9c09-cfaeab1e4ee9 HTTP/1.1" status: 404 len: 352 time: 0.0112176
2026-05-10 01:57:35.859 10 INFO neutron.db.ovn_revision_numbers_db [req-45d6b8a7-3967-4024-b1a4-d6ad694516cd req-aff3eeb4-4734-4e66-99e4-9ef8213db70a e5fb89a4c42c4bbe92744e1598194319 8c58ae041e7b4f4fbe22564fc06c7496 - - default default] Successfully bumped revision number for resource f0422a6b-4404-4a98-a461-e8d40b39a98a (type: ports) to 1
2026-05-10 01:57:35.891 10 INFO neutron.wsgi [req-45d6b8a7-3967-4024-b1a4-d6ad694516cd req-aff3eeb4-4734-4e66-99e4-9ef8213db70a e5fb89a4c42c4bbe92744e1598194319 8c58ae041e7b4f4fbe22564fc06c7496 - - default default] 199.204.45.238 "POST /v2.0/ports HTTP/1.1" status: 201 len: 1158 time: 0.7323143
2026-05-10 01:57:35.902 10 INFO neutron.wsgi [req-45d6b8a7-3967-4024-b1a4-d6ad694516cd req-10dd4f0d-0019-45cb-af09-54eb84137a15 e5fb89a4c42c4bbe92744e1598194319 8c58ae041e7b4f4fbe22564fc06c7496 - - default default] 199.204.45.238 "GET /v2.0/extensions HTTP/1.1" status: 200 len: 16980 time: 0.0064664
2026-05-10 01:57:35.956 10 INFO neutron.db.ovn_revision_numbers_db [req-976ac241-4d4d-44f2-929e-f72ceac5a425 req-7ae97632-f7b4-43af-a7f5-0ad6a70dfcb3 60eacb76d6c3422c8c615ccb3596dcab 5012e9a402dd44e5a95c51a3514b0c62 - - default default] Successfully bumped revision number for resource ff429d0f-ee7a-4910-abdc-e349e68aff9d (type: security_groups) to 1
2026-05-10 01:57:35.969 10 INFO neutron.db.ovn_revision_numbers_db [req-976ac241-4d4d-44f2-929e-f72ceac5a425 req-7ae97632-f7b4-43af-a7f5-0ad6a70dfcb3 60eacb76d6c3422c8c615ccb3596dcab 5012e9a402dd44e5a95c51a3514b0c62 - - default default] Successfully bumped revision number for resource 8085876d-f059-4f9b-b64b-a30fb9608ea8 (type: security_group_rules) to 0
2026-05-10 01:57:35.986 10 INFO neutron.db.ovn_revision_numbers_db [req-976ac241-4d4d-44f2-929e-f72ceac5a425 req-7ae97632-f7b4-43af-a7f5-0ad6a70dfcb3 60eacb76d6c3422c8c615ccb3596dcab 5012e9a402dd44e5a95c51a3514b0c62 - - default default] Successfully bumped revision number for resource 9eb89f30-5f19-4377-af93-8f29e1f9f031 (type: security_group_rules) to 0
2026-05-10 01:57:36.008 10 INFO neutron.wsgi [req-976ac241-4d4d-44f2-929e-f72ceac5a425 req-7ae97632-f7b4-43af-a7f5-0ad6a70dfcb3 60eacb76d6c3422c8c615ccb3596dcab 5012e9a402dd44e5a95c51a3514b0c62 - - default default] 10.0.0.134 "POST /v2.0/security-groups HTTP/1.1" status: 201 len: 1827 time: 0.2357090
2026-05-10 01:57:36.093 9 INFO neutron.wsgi [req-265c1a8c-7a99-4f7f-a5db-5ba3fc0cec42 req-8dcb3644-5355-40af-a51a-c3d74b29e155 60eacb76d6c3422c8c615ccb3596dcab 5012e9a402dd44e5a95c51a3514b0c62 - - default default] 10.0.0.134 "GET /v2.0/security-groups/ff429d0f-ee7a-4910-abdc-e349e68aff9d HTTP/1.1" status: 200 len: 1822 time: 0.0389018
2026-05-10 01:57:36.107 9 WARNING neutron_lib.context [req-265c1a8c-7a99-4f7f-a5db-5ba3fc0cec42 req-24f57fbc-041e-4f21-9012-31af88c60344 60eacb76d6c3422c8c615ccb3596dcab 5012e9a402dd44e5a95c51a3514b0c62 - - default default] Method 'is_advsvc' is deprecated since 2023.2 release (neutron-lib 3.8.0) and will be removed once support for the old RBAC API policies will be removed from Neutron. Please use method 'is_service_role' instead.
2026-05-10 01:57:36.230 10 WARNING neutron.plugins.ml2.drivers.ovn.mech_driver.ovsdb.ovn_client [None req-b16e519a-6e9a-4667-a667-1917cb12fb06 - - - - - -] No hosting information found for port 86668add-6b30-4752-9e5a-48268a4f1c7e: RuntimeError: No hosting information found for port 86668add-6b30-4752-9e5a-48268a4f1c7e
2026-05-10 01:57:36.303 10 INFO neutron.wsgi [None req-b5cb57dc-7544-491a-9524-6ed6c8df5008 a72b53b28ab844869eee847fd706c4b1 438eeca712434e89bfa7f9ef071394ff - - default default] 10.0.0.232 "GET /v2.0/agents HTTP/1.1" status: 200 len: 997 time: 0.0814214
2026-05-10 01:57:36.308 9 INFO neutron.db.ovn_revision_numbers_db [req-265c1a8c-7a99-4f7f-a5db-5ba3fc0cec42 req-24f57fbc-041e-4f21-9012-31af88c60344 60eacb76d6c3422c8c615ccb3596dcab 5012e9a402dd44e5a95c51a3514b0c62 - - default default] Successfully bumped revision number for resource 99c0db09-0da7-4a20-bea8-f43fc24396ce (type: security_group_rules) to 0
2026-05-10 01:57:36.342 10 INFO neutron.wsgi [req-e7700d14-a2c8-409d-abdb-e4753e67e0ec req-24310c01-c7ae-4adf-8ef0-39656ae93324 e5fb89a4c42c4bbe92744e1598194319 8c58ae041e7b4f4fbe22564fc06c7496 - - default default] 10.0.0.134 "GET /v2.0/ports?device_id=0e0f1a47-419f-45a9-83c2-5871bcf134d5 HTTP/1.1" status: 200 len: 1156 time: 0.1673629
2026-05-10 01:57:36.347 9 INFO neutron.wsgi [req-265c1a8c-7a99-4f7f-a5db-5ba3fc0cec42 req-24f57fbc-041e-4f21-9012-31af88c60344 60eacb76d6c3422c8c615ccb3596dcab 5012e9a402dd44e5a95c51a3514b0c62 - - default default] 10.0.0.134 "POST /v2.0/security-group-rules HTTP/1.1" status: 201 len: 786 time: 0.2454324
2026-05-10 01:57:36.411 9 INFO neutron.wsgi [req-08ebe697-ef98-49b3-bc11-c4db9aeafdcb req-5f793671-dbd6-4f17-912d-7b6e92d3ef23 60eacb76d6c3422c8c615ccb3596dcab 5012e9a402dd44e5a95c51a3514b0c62 - - default default] 10.0.0.134 "GET /v2.0/security-groups/ff429d0f-ee7a-4910-abdc-e349e68aff9d HTTP/1.1" status: 200 len: 2415 time: 0.0369012
2026-05-10 01:57:36.437 9 WARNING neutron_lib.context [req-08ebe697-ef98-49b3-bc11-c4db9aeafdcb req-4f73ed14-e7d0-49b1-b2ed-70099bec2003 60eacb76d6c3422c8c615ccb3596dcab 5012e9a402dd44e5a95c51a3514b0c62 - - default default] Method 'is_advsvc' is deprecated since 2023.2 release (neutron-lib 3.8.0) and will be removed once support for the old RBAC API policies will be removed from Neutron. Please use method 'is_service_role' instead.
2026-05-10 01:57:36.443 10 INFO neutron.wsgi [req-e7700d14-a2c8-409d-abdb-e4753e67e0ec req-f555ceff-c419-45fd-919e-3d00b1a3973a e5fb89a4c42c4bbe92744e1598194319 8c58ae041e7b4f4fbe22564fc06c7496 - - default default] 10.0.0.134 "GET /v2.0/security-groups?id=20974562-4471-4b21-8acd-49baf616497f&fields=id&fields=name HTTP/1.1" status: 200 len: 313 time: 0.0856261
2026-05-10 01:57:36.463 10 INFO neutron.wsgi [None req-8ac1c8f0-7e11-406b-bf44-59fee785282e a72b53b28ab844869eee847fd706c4b1 438eeca712434e89bfa7f9ef071394ff - - default default] 10.0.0.232 "GET /v2.0/routers HTTP/1.1" status: 200 len: 2889 time: 0.1548927
2026-05-10 01:57:36.491 10 INFO neutron.wsgi [None req-7694584d-eb79-4444-9154-dbd3cb066cc8 a72b53b28ab844869eee847fd706c4b1 438eeca712434e89bfa7f9ef071394ff - - default default] 10.0.0.232 "GET /v2.0/agents?binary=ovn-controller HTTP/1.1" status: 200 len: 591 time: 0.0261431
2026-05-10 01:57:36.636 9 INFO neutron.db.ovn_revision_numbers_db [req-08ebe697-ef98-49b3-bc11-c4db9aeafdcb req-4f73ed14-e7d0-49b1-b2ed-70099bec2003 60eacb76d6c3422c8c615ccb3596dcab 5012e9a402dd44e5a95c51a3514b0c62 - - default default] Successfully bumped revision number for resource 2ffa58ce-1f93-4ad3-a234-ea732b898916 (type: security_group_rules) to 0
2026-05-10 01:57:36.666 9 INFO neutron.wsgi [req-73452bf2-3457-44b0-83d0-a115197b1bc2 req-03da978b-007f-470c-8003-f5b9eca47a92 f103359e78fa4ef8b7f8010fdbc1f306 453a66dbe27c4c448af7247a9ea76707 - - default default] 199.204.45.238 "GET /v2.0/networks?id=f6e81690-c080-47ea-b8af-b4f415b11b33 HTTP/1.1" status: 200 len: 869 time: 0.0927739
2026-05-10 01:57:36.713 9 INFO neutron.wsgi [req-08ebe697-ef98-49b3-bc11-c4db9aeafdcb req-4f73ed14-e7d0-49b1-b2ed-70099bec2003 60eacb76d6c3422c8c615ccb3596dcab 5012e9a402dd44e5a95c51a3514b0c62 - - default default] 10.0.0.134 "POST /v2.0/security-group-rules HTTP/1.1" status: 201 len: 791 time: 0.2823358
2026-05-10 01:57:36.746 9 INFO neutron.wsgi [req-73452bf2-3457-44b0-83d0-a115197b1bc2 req-2ca10c89-3cc2-4222-af98-b574a1126bce f103359e78fa4ef8b7f8010fdbc1f306 453a66dbe27c4c448af7247a9ea76707 - - default default] 199.204.45.238 "GET /v2.0/security-groups?fields=id&fields=name&tenant_id=453a66dbe27c4c448af7247a9ea76707 HTTP/1.1" status: 200 len: 380 time: 0.0668099
2026-05-10 01:57:36.757 9 WARNING neutron_lib.context [req-73452bf2-3457-44b0-83d0-a115197b1bc2 req-72d5547d-6cd2-49df-ab37-ca53619e6f6a f103359e78fa4ef8b7f8010fdbc1f306 453a66dbe27c4c448af7247a9ea76707 - - default default] Method 'is_advsvc' is deprecated since 2023.2 release (neutron-lib 3.8.0) and will be removed once support for the old RBAC API policies will be removed from Neutron. Please use method 'is_service_role' instead.
2026-05-10 01:57:36.759 10 INFO neutron.wsgi [None req-1ae5d315-0505-486f-b19e-94748b2cf30c a72b53b28ab844869eee847fd706c4b1 438eeca712434e89bfa7f9ef071394ff - - default default] 10.0.0.232 "GET /v2.0/networks HTTP/1.1" status: 200 len: 5397 time: 0.2595103
2026-05-10 01:57:36.825 10 INFO neutron.wsgi [req-cb2715f6-a207-40ec-9888-3beb49ad108c req-d257f9c4-045a-4b67-bee6-2051bad1b9f0 60eacb76d6c3422c8c615ccb3596dcab 5012e9a402dd44e5a95c51a3514b0c62 - - default default] 10.0.0.134 "GET /v2.0/security-groups/ff429d0f-ee7a-4910-abdc-e349e68aff9d HTTP/1.1" status: 200 len: 3013 time: 0.0889626
2026-05-10 01:57:36.856 10 INFO neutron.wsgi [None req-b34c6719-b81a-4bf9-ac4c-436e67ef5b94 a72b53b28ab844869eee847fd706c4b1 438eeca712434e89bfa7f9ef071394ff - - default default] 10.0.0.232 "GET /v2.0/security-groups HTTP/1.1" status: 200 len: 38375 time: 0.0928988
2026-05-10 01:57:36.863 9 INFO neutron.wsgi [req-e36ee0cf-da76-447b-86a4-91737643b4a5 req-10588376-fecd-48d7-955b-243ebff3e49a f103359e78fa4ef8b7f8010fdbc1f306 453a66dbe27c4c448af7247a9ea76707 - - default default] 10.0.0.134 "GET /v2.0/ports?device_id=d2981a80-d52a-4dcd-bc1e-c9227782a1e3 HTTP/1.1" status: 200 len: 210 time: 0.0229132
2026-05-10 01:57:36.931 10 INFO neutron.wsgi [req-d2c86d0b-f73a-4b6c-9a31-07a333e802b6 req-7b0039d7-e930-4f57-9178-c8f1d0d6d21f 60eacb76d6c3422c8c615ccb3596dcab 5012e9a402dd44e5a95c51a3514b0c62 - - default default] 10.0.0.134 "GET /v2.0/security-group-rules/2ffa58ce-1f93-4ad3-a234-ea732b898916 HTTP/1.1" status: 200 len: 783 time: 0.0743325
2026-05-10 01:57:36.992 10 INFO neutron.wsgi [None req-41b2922b-e23a-4a0d-bfdc-0117912b3375 a72b53b28ab844869eee847fd706c4b1 438eeca712434e89bfa7f9ef071394ff - - default default] 10.0.0.232 "GET /v2.0/ports HTTP/1.1" status: 200 len: 20265 time: 0.1219947 /var/lib/openstack/lib/python3.10/site-packages/pycadf/identifier.py:71: UserWarning: Invalid uuid: neutron. To ensure interoperability, identifiers should be a valid uuid. warnings.warn(('Invalid uuid: %s. To ensure interoperability, '
2026-05-10 01:57:37.066 10 INFO neutron.wsgi [req-d2c86d0b-f73a-4b6c-9a31-07a333e802b6 req-f6219ea9-919e-44d5-a369-5beaf4d54842 60eacb76d6c3422c8c615ccb3596dcab 5012e9a402dd44e5a95c51a3514b0c62 - - default default] 10.0.0.134 "GET /v2.0/security-groups/ff429d0f-ee7a-4910-abdc-e349e68aff9d HTTP/1.1" status: 200 len: 3013 time: 0.1249235
2026-05-10 01:57:37.075 10 INFO neutron.wsgi [None req-652ce734-12c8-42ad-9fbd-79e6a47d5afa a72b53b28ab844869eee847fd706c4b1 438eeca712434e89bfa7f9ef071394ff - - default default] 10.0.0.232 "GET /v2.0/subnets HTTP/1.1" status: 200 len: 4069 time: 0.0679579
2026-05-10 01:57:37.097 10 INFO neutron.wsgi [None req-a9916acd-0eff-40e8-a2d2-c635942afcbe a72b53b28ab844869eee847fd706c4b1 438eeca712434e89bfa7f9ef071394ff - - default default] 10.0.0.232 "GET /v2.0/subnetpools HTTP/1.1" status: 200 len: 193 time: 0.0194325
2026-05-10 01:57:37.117 10 INFO neutron.wsgi [None req-3dd2a123-4807-4491-abbe-f9202870f9ac a72b53b28ab844869eee847fd706c4b1 438eeca712434e89bfa7f9ef071394ff - - default default] 10.0.0.232 "GET /v2.0/network-ip-availabilities HTTP/1.1" status: 200 len: 3200 time: 0.0178466
2026-05-10 01:57:37.159 10 INFO neutron.wsgi [None req-28a585fb-a49a-48c1-bbfe-de83c8519f4e a72b53b28ab844869eee847fd706c4b1 438eeca712434e89bfa7f9ef071394ff - - default default] 10.0.0.232 "GET /v2.0/floatingips HTTP/1.1" status: 200 len: 1269 time: 0.0398684
2026-05-10 01:57:37.184 10 INFO neutron.db.ovn_revision_numbers_db [req-45d6b8a7-3967-4024-b1a4-d6ad694516cd req-4b6cc809-284c-4df7-b6dd-1af3a4bb15e4 2997b4e0393c4cb9aca06d6143a03f5e 2e8187c5a7ff43bab0ed3ccb93cd3460 - - 41a00e5bc1624bae9876524ff7500768 41a00e5bc1624bae9876524ff7500768] Successfully bumped revision number for resource f0422a6b-4404-4a98-a461-e8d40b39a98a (type: ports) to 2
2026-05-10 01:57:37.211 10 INFO neutron.wsgi [None req-5978d9f6-9807-4a95-8d7b-f4ed90cd8b62 a72b53b28ab844869eee847fd706c4b1 438eeca712434e89bfa7f9ef071394ff - - default default] 10.0.0.232 "GET /v2.0/subnets HTTP/1.1" status: 200 len: 4069 time: 0.0488296
2026-05-10 01:57:37.287 10 INFO neutron.wsgi [req-d2c86d0b-f73a-4b6c-9a31-07a333e802b6 req-8ce29944-a46f-4da7-b116-d15a6eb208f4 60eacb76d6c3422c8c615ccb3596dcab 5012e9a402dd44e5a95c51a3514b0c62 - - default default] 10.0.0.134 "DELETE /v2.0/security-group-rules/2ffa58ce-1f93-4ad3-a234-ea732b898916 HTTP/1.1" status: 204 len: 173 time: 0.2106030
2026-05-10 01:57:37.374 9 INFO neutron.wsgi [req-1f464fed-efb7-4dc8-aa6b-385512d9d51e req-c6bf053e-2134-47a8-9b00-15ea4d788827 60eacb76d6c3422c8c615ccb3596dcab 5012e9a402dd44e5a95c51a3514b0c62 - - default default] 10.0.0.134 "GET /v2.0/security-groups/ff429d0f-ee7a-4910-abdc-e349e68aff9d HTTP/1.1" status: 200 len: 2415 time: 0.0645821 /var/lib/openstack/lib/python3.10/site-packages/pycadf/identifier.py:71: UserWarning: Invalid uuid: neutron. To ensure interoperability, identifiers should be a valid uuid. warnings.warn(('Invalid uuid: %s. To ensure interoperability, '
2026-05-10 01:57:37.409 9 WARNING neutron.scheduler.dhcp_agent_scheduler [req-73452bf2-3457-44b0-83d0-a115197b1bc2 req-72d5547d-6cd2-49df-ab37-ca53619e6f6a f103359e78fa4ef8b7f8010fdbc1f306 453a66dbe27c4c448af7247a9ea76707 - - default default] No more DHCP agents
2026-05-10 01:57:37.415 10 INFO neutron.db.ovn_revision_numbers_db [req-45d6b8a7-3967-4024-b1a4-d6ad694516cd req-4b6cc809-284c-4df7-b6dd-1af3a4bb15e4 2997b4e0393c4cb9aca06d6143a03f5e 2e8187c5a7ff43bab0ed3ccb93cd3460 - - 41a00e5bc1624bae9876524ff7500768 41a00e5bc1624bae9876524ff7500768] Successfully bumped revision number for resource f0422a6b-4404-4a98-a461-e8d40b39a98a (type: ports) to 2
2026-05-10 01:57:37.427 9 WARNING neutron.api.rpc.agentnotifiers.dhcp_rpc_agent_api [req-73452bf2-3457-44b0-83d0-a115197b1bc2 req-72d5547d-6cd2-49df-ab37-ca53619e6f6a f103359e78fa4ef8b7f8010fdbc1f306 453a66dbe27c4c448af7247a9ea76707 - - default default] Unable to schedule network f6e81690-c080-47ea-b8af-b4f415b11b33: no agents available; will retry on subsequent port and subnet creation events.
2026-05-10 01:57:37.431 10 INFO neutron.wsgi [req-45d6b8a7-3967-4024-b1a4-d6ad694516cd req-4b6cc809-284c-4df7-b6dd-1af3a4bb15e4 2997b4e0393c4cb9aca06d6143a03f5e 2e8187c5a7ff43bab0ed3ccb93cd3460 - - 41a00e5bc1624bae9876524ff7500768 41a00e5bc1624bae9876524ff7500768] 199.204.45.238 "PUT /v2.0/ports/f0422a6b-4404-4a98-a461-e8d40b39a98a HTTP/1.1" status: 200 len: 1376 time: 1.2224987 /var/lib/openstack/lib/python3.10/site-packages/pycadf/identifier.py:71: UserWarning: Invalid uuid: neutron. To ensure interoperability, identifiers should be a valid uuid. warnings.warn(('Invalid uuid: %s. To ensure interoperability, '
2026-05-10 01:57:37.525 10 INFO neutron.wsgi [req-45d6b8a7-3967-4024-b1a4-d6ad694516cd req-40c079ae-154f-4089-9e7b-0f79711edfea 2997b4e0393c4cb9aca06d6143a03f5e 2e8187c5a7ff43bab0ed3ccb93cd3460 - - 41a00e5bc1624bae9876524ff7500768 41a00e5bc1624bae9876524ff7500768] 199.204.45.238 "GET /v2.0/ports?tenant_id=8c58ae041e7b4f4fbe22564fc06c7496&device_id=0e0f1a47-419f-45a9-83c2-5871bcf134d5 HTTP/1.1" status: 200 len: 1407 time: 0.0563128
2026-05-10 01:57:37.564 10 INFO neutron.wsgi [req-45d6b8a7-3967-4024-b1a4-d6ad694516cd req-9c36509b-f4ca-4512-913f-023e8524a71e 2997b4e0393c4cb9aca06d6143a03f5e 2e8187c5a7ff43bab0ed3ccb93cd3460 - - 41a00e5bc1624bae9876524ff7500768 41a00e5bc1624bae9876524ff7500768] 199.204.45.238 "GET /v2.0/floatingips?fixed_ip_address=10.100.0.6&port_id=f0422a6b-4404-4a98-a461-e8d40b39a98a HTTP/1.1" status: 200 len: 217 time: 0.0315270
2026-05-10 01:57:37.597 10 INFO neutron.wsgi [req-f32e0c0a-5570-4cdb-a77b-34676bcfeee3 req-5da67964-ad2a-4fec-bf74-430cb4f36642 e5fb89a4c42c4bbe92744e1598194319 8c58ae041e7b4f4fbe22564fc06c7496 - - default default] 10.0.0.134 "GET /v2.0/ports?device_id=0e0f1a47-419f-45a9-83c2-5871bcf134d5 HTTP/1.1" status: 200 len: 1168 time: 0.0710380
2026-05-10 01:57:37.621 10 INFO neutron.wsgi [req-45d6b8a7-3967-4024-b1a4-d6ad694516cd req-595599b3-7d77-4011-b64e-2f2731c3389e 2997b4e0393c4cb9aca06d6143a03f5e 2e8187c5a7ff43bab0ed3ccb93cd3460 - - 41a00e5bc1624bae9876524ff7500768 41a00e5bc1624bae9876524ff7500768] 199.204.45.238 "GET /v2.0/subnets?id=bbd76939-558f-45d9-bb2b-bca38a65f625 HTTP/1.1" status: 200 len: 875 time: 0.0535479
2026-05-10 01:57:37.622 9 INFO neutron.wsgi [req-1f464fed-efb7-4dc8-aa6b-385512d9d51e req-87b8de0e-e3ec-4511-8b36-42243ea54409 60eacb76d6c3422c8c615ccb3596dcab 5012e9a402dd44e5a95c51a3514b0c62 - - default default] 10.0.0.134 "DELETE /v2.0/security-groups/ff429d0f-ee7a-4910-abdc-e349e68aff9d HTTP/1.1" status: 204 len: 173 time: 0.2336960 /var/lib/openstack/lib/python3.10/site-packages/pycadf/identifier.py:71: UserWarning: Invalid uuid: neutron. To ensure interoperability, identifiers should be a valid uuid. warnings.warn(('Invalid uuid: %s. To ensure interoperability, '
2026-05-10 01:57:37.660 10 INFO neutron.wsgi [req-45d6b8a7-3967-4024-b1a4-d6ad694516cd req-502aef1a-5d80-4bf0-8970-0a0c05c38809 2997b4e0393c4cb9aca06d6143a03f5e 2e8187c5a7ff43bab0ed3ccb93cd3460 - - 41a00e5bc1624bae9876524ff7500768 41a00e5bc1624bae9876524ff7500768] 199.204.45.238 "GET /v2.0/ports?network_id=88d7f05e-19f7-4319-903f-afd8c57a0302&device_owner=network%3Adhcp HTTP/1.1" status: 200 len: 210 time: 0.0311973
2026-05-10 01:57:37.679 10 INFO neutron.wsgi [req-f32e0c0a-5570-4cdb-a77b-34676bcfeee3 req-0db6f5ef-a62f-477e-95d4-c98c695349ad e5fb89a4c42c4bbe92744e1598194319 8c58ae041e7b4f4fbe22564fc06c7496 - - default default] 10.0.0.134 "GET /v2.0/security-groups?id=20974562-4471-4b21-8acd-49baf616497f&fields=id&fields=name HTTP/1.1" status: 200 len: 313 time: 0.0723932
2026-05-10 01:57:37.696 9 INFO neutron.wsgi [req-4a3aba84-57de-4a14-8e20-841d60dd427c req-72244804-a4f0-496d-a9a5-4785adf9552f 60eacb76d6c3422c8c615ccb3596dcab 5012e9a402dd44e5a95c51a3514b0c62 - - default default] 10.0.0.134 "GET /v2.0/security-groups/5036392f-2951-412d-b8d1-49d29b3918f6 HTTP/1.1" status: 200 len: 2413 time: 0.0458217
2026-05-10 01:57:37.701 9 INFO neutron.db.ovn_revision_numbers_db [req-73452bf2-3457-44b0-83d0-a115197b1bc2 req-72d5547d-6cd2-49df-ab37-ca53619e6f6a f103359e78fa4ef8b7f8010fdbc1f306 453a66dbe27c4c448af7247a9ea76707 - - default default] Successfully bumped revision number for resource af353b27-4019-459f-a80e-76d72878175b (type: ports) to 1
2026-05-10 01:57:37.723 10 INFO neutron.wsgi [req-45d6b8a7-3967-4024-b1a4-d6ad694516cd req-e4a309ed-1b54-4277-846e-3502a3cad33b 2997b4e0393c4cb9aca06d6143a03f5e 2e8187c5a7ff43bab0ed3ccb93cd3460 - - 41a00e5bc1624bae9876524ff7500768 41a00e5bc1624bae9876524ff7500768] 199.204.45.238 "GET /v2.0/networks/88d7f05e-19f7-4319-903f-afd8c57a0302?fields=segments HTTP/1.1" status: 200 len: 212 time: 0.0554936
2026-05-10 01:57:37.741 9 INFO neutron.wsgi [req-73452bf2-3457-44b0-83d0-a115197b1bc2 req-72d5547d-6cd2-49df-ab37-ca53619e6f6a f103359e78fa4ef8b7f8010fdbc1f306 453a66dbe27c4c448af7247a9ea76707 - - default default] 199.204.45.238 "POST /v2.0/ports HTTP/1.1" status: 201 len: 1158 time: 0.9873340
2026-05-10 01:57:37.789 10 INFO neutron.wsgi [req-45d6b8a7-3967-4024-b1a4-d6ad694516cd req-98025da6-13e6-47ea-a84d-b2f2ea38f2db 2997b4e0393c4cb9aca06d6143a03f5e 2e8187c5a7ff43bab0ed3ccb93cd3460 - - 41a00e5bc1624bae9876524ff7500768 41a00e5bc1624bae9876524ff7500768] 199.204.45.238 "GET /v2.0/networks/88d7f05e-19f7-4319-903f-afd8c57a0302?fields=provider%3Aphysical_network&fields=provider%3Anetwork_type HTTP/1.1" status: 200 len: 277 time: 0.0613079
2026-05-10 01:57:37.839 9 INFO neutron.wsgi [None req-e4571062-b99a-4bd9-b7c2-9a066bb82f34 a72b53b28ab844869eee847fd706c4b1 438eeca712434e89bfa7f9ef071394ff - - default default] 10.0.0.141 "PUT /v2.0/routers/27d964dc-ef05-4de0-bba4-177f8572e85d/remove_router_interface HTTP/1.1" status: 200 len: 503 time: 2.0281477
2026-05-10 01:57:37.903 10 INFO neutron.notifiers.nova [-] Nova event matching ['req-1ca6ad20-70a2-48e9-8dc7-169a5eadcbc2'] response: {'name': 'network-changed', 'server_uuid': '0e0f1a47-419f-45a9-83c2-5871bcf134d5', 'tag': 'f0422a6b-4404-4a98-a461-e8d40b39a98a', 'status': 'completed', 'code': 200}
2026-05-10 01:57:37.924 9 INFO neutron.wsgi [req-4a3aba84-57de-4a14-8e20-841d60dd427c req-e9fb649b-869b-4655-bceb-2fa39eee610b 60eacb76d6c3422c8c615ccb3596dcab 5012e9a402dd44e5a95c51a3514b0c62 - - default default] 10.0.0.134 "DELETE /v2.0/security-groups/5036392f-2951-412d-b8d1-49d29b3918f6 HTTP/1.1" status: 204 len: 173 time: 0.2156579
2026-05-10 01:57:38.040 10 INFO neutron.wsgi [req-baed9553-14fb-41d0-b86a-a86f6ea66462 req-d8369f1d-464e-495a-8900-162b4d8e3025 2997b4e0393c4cb9aca06d6143a03f5e 2e8187c5a7ff43bab0ed3ccb93cd3460 - - 41a00e5bc1624bae9876524ff7500768 41a00e5bc1624bae9876524ff7500768] 199.204.45.238 "GET /v2.0/ports?tenant_id=8c58ae041e7b4f4fbe22564fc06c7496&device_id=0e0f1a47-419f-45a9-83c2-5871bcf134d5 HTTP/1.1" status: 200 len: 1407 time: 0.1029894
2026-05-10 01:57:38.050 10 INFO neutron.wsgi [req-4a330f34-53ab-46b2-8d01-4a1939fee77d req-f2e0cf17-d1ab-45b3-b059-2e875b0d4c59 f103359e78fa4ef8b7f8010fdbc1f306 453a66dbe27c4c448af7247a9ea76707 - - default default] 10.0.0.134 "GET /v2.0/ports?device_id=d2981a80-d52a-4dcd-bc1e-c9227782a1e3 HTTP/1.1" status: 200 len: 1156 time: 0.1006091
2026-05-10 01:57:38.195 9 INFO neutron.db.ovn_revision_numbers_db [req-73452bf2-3457-44b0-83d0-a115197b1bc2 req-98ec7a32-a10a-4bbe-aaa1-15edfadb61a5 2997b4e0393c4cb9aca06d6143a03f5e 2e8187c5a7ff43bab0ed3ccb93cd3460 - - 41a00e5bc1624bae9876524ff7500768 41a00e5bc1624bae9876524ff7500768] Successfully bumped revision number for resource af353b27-4019-459f-a80e-76d72878175b (type: ports) to 2
