2026-05-10 01:59:22.233 10 INFO neutron.db.segments_db [None req-0c6c8d65-2f0f-472c-8b68-b3e9bb5cbfd2 0702315923124d3fb1d6a7ba306b6150 2ff9828cfcb64b7d9c369d4f6597c464 - - default default] Added segment 6cb51c12-0784-4e59-96d3-1c3276d89ea4 of type geneve for network 4f70ed86-d217-4b9d-8f68-60535eb70d21
2026-05-10 01:59:22.298 9 WARNING neutron.scheduler.dhcp_agent_scheduler [None req-afd63476-db47-4ce0-a86b-ef96ec8bc0ed 52b89ce1820048b6a290767c9b2d37e2 6e0a19aace854e228aa0533709a512f0 - - default default] No more DHCP agents
2026-05-10 01:59:22.300 9 WARNING neutron.api.rpc.agentnotifiers.dhcp_rpc_agent_api [None req-afd63476-db47-4ce0-a86b-ef96ec8bc0ed 52b89ce1820048b6a290767c9b2d37e2 6e0a19aace854e228aa0533709a512f0 - - default default] Unable to schedule network e664fd05-5a4c-470b-af38-1aa2222b2dfb: no agents available; will retry on subsequent port and subnet creation events.
2026-05-10 01:59:22.390 10 INFO neutron.db.ovn_revision_numbers_db [None req-0c6c8d65-2f0f-472c-8b68-b3e9bb5cbfd2 0702315923124d3fb1d6a7ba306b6150 2ff9828cfcb64b7d9c369d4f6597c464 - - default default] Successfully bumped revision number for resource 4f70ed86-d217-4b9d-8f68-60535eb70d21 (type: networks) to 1
2026-05-10 01:59:22.398 9 INFO neutron.db.ovn_revision_numbers_db [None req-afd63476-db47-4ce0-a86b-ef96ec8bc0ed 52b89ce1820048b6a290767c9b2d37e2 6e0a19aace854e228aa0533709a512f0 - - default default] Successfully bumped revision number for resource 856ae357-442c-46ff-827b-a1f40a4cc2a4 (type: ports) to 1
2026-05-10 01:59:22.421 9 INFO neutron.wsgi [None req-afd63476-db47-4ce0-a86b-ef96ec8bc0ed 52b89ce1820048b6a290767c9b2d37e2 6e0a19aace854e228aa0533709a512f0 - - default default] 10.0.0.141 "POST /v2.0/ports HTTP/1.1" status: 201 len: 1165 time: 0.4540963 /var/lib/openstack/lib/python3.10/site-packages/pycadf/identifier.py:71: UserWarning: Invalid uuid: neutron. To ensure interoperability, identifiers should be a valid uuid. warnings.warn(('Invalid uuid: %s. To ensure interoperability, '
2026-05-10 01:59:22.566 10 WARNING neutron.scheduler.dhcp_agent_scheduler [None req-0c6c8d65-2f0f-472c-8b68-b3e9bb5cbfd2 0702315923124d3fb1d6a7ba306b6150 2ff9828cfcb64b7d9c369d4f6597c464 - - default default] No more DHCP agents
2026-05-10 01:59:22.568 10 WARNING neutron.api.rpc.agentnotifiers.dhcp_rpc_agent_api [None req-0c6c8d65-2f0f-472c-8b68-b3e9bb5cbfd2 0702315923124d3fb1d6a7ba306b6150 2ff9828cfcb64b7d9c369d4f6597c464 - - default default] Unable to schedule network 4f70ed86-d217-4b9d-8f68-60535eb70d21: no agents available; will retry on subsequent port and subnet creation events.
2026-05-10 01:59:22.654 10 INFO neutron.db.ovn_revision_numbers_db [None req-0c6c8d65-2f0f-472c-8b68-b3e9bb5cbfd2 0702315923124d3fb1d6a7ba306b6150 2ff9828cfcb64b7d9c369d4f6597c464 - - default default] Successfully bumped revision number for resource e4f37f58-5aac-45f9-8351-c94125d3586c (type: ports) to 1
2026-05-10 01:59:22.677 10 INFO neutron.wsgi [None req-0c6c8d65-2f0f-472c-8b68-b3e9bb5cbfd2 0702315923124d3fb1d6a7ba306b6150 2ff9828cfcb64b7d9c369d4f6597c464 - - default default] 10.0.0.141 "POST /v2.0/networks HTTP/1.1" status: 201 len: 849 time: 0.5314436
2026-05-10 01:59:22.687 10 WARNING neutron_lib.context [None req-385f5c5d-0e16-40e1-b16b-01cf432be504 0702315923124d3fb1d6a7ba306b6150 2ff9828cfcb64b7d9c369d4f6597c464 - - default default] Method 'is_advsvc' is deprecated since 2023.2 release (neutron-lib 3.8.0) and will be removed once support for the old RBAC API policies will be removed from Neutron. Please use method 'is_service_role' instead.
2026-05-10 01:59:22.771 10 INFO neutron.db.segments_db [None req-385f5c5d-0e16-40e1-b16b-01cf432be504 0702315923124d3fb1d6a7ba306b6150 2ff9828cfcb64b7d9c369d4f6597c464 - - default default] Added segment 5fecc3a7-bd46-49ce-bef5-40af205e9828 of type geneve for network 399d8836-0404-4844-a510-eab8789f5871
2026-05-10 01:59:22.911 9 INFO neutron.wsgi [None req-01a6ad8b-1f4f-46e4-b785-c24f5ed8879c 52b89ce1820048b6a290767c9b2d37e2 6e0a19aace854e228aa0533709a512f0 - - default default] 10.0.0.141 "DELETE /v2.0/ports/856ae357-442c-46ff-827b-a1f40a4cc2a4 HTTP/1.1" status: 204 len: 168 time: 0.4811831
2026-05-10 01:59:22.926 10 INFO neutron.db.ovn_revision_numbers_db [None req-385f5c5d-0e16-40e1-b16b-01cf432be504 0702315923124d3fb1d6a7ba306b6150 2ff9828cfcb64b7d9c369d4f6597c464 - - default default] Successfully bumped revision number for resource 399d8836-0404-4844-a510-eab8789f5871 (type: networks) to 1
2026-05-10 01:59:22.929 9 INFO neutron.pecan_wsgi.hooks.translation [None req-007becdc-4c76-4ce5-ab56-809596d9df65 52b89ce1820048b6a290767c9b2d37e2 6e0a19aace854e228aa0533709a512f0 - - default default] DELETE failed (client error): The resource could not be found.
2026-05-10 01:59:22.931 9 INFO neutron.wsgi [None req-007becdc-4c76-4ce5-ab56-809596d9df65 52b89ce1820048b6a290767c9b2d37e2 6e0a19aace854e228aa0533709a512f0 - - default default] 10.0.0.141 "DELETE /v2.0/ports/856ae357-442c-46ff-827b-a1f40a4cc2a4 HTTP/1.1" status: 404 len: 333 time: 0.0148304
2026-05-10 01:59:22.951 9 INFO neutron.pecan_wsgi.hooks.translation [None req-a66edc43-9d3a-4f02-92f4-c21ae6b024a7 52b89ce1820048b6a290767c9b2d37e2 6e0a19aace854e228aa0533709a512f0 - - default default] GET failed (client error): The resource could not be found.
2026-05-10 01:59:22.952 9 INFO neutron.wsgi [None req-a66edc43-9d3a-4f02-92f4-c21ae6b024a7 52b89ce1820048b6a290767c9b2d37e2 6e0a19aace854e228aa0533709a512f0 - - default default] 10.0.0.141 "GET /v2.0/ports/856ae357-442c-46ff-827b-a1f40a4cc2a4 HTTP/1.1" status: 404 len: 333 time: 0.0168285
2026-05-10 01:59:23.093 9 INFO neutron.wsgi [None req-0a6449ca-500b-4ba9-985a-8bfeb419553b 52b89ce1820048b6a290767c9b2d37e2 6e0a19aace854e228aa0533709a512f0 - - default default] 10.0.0.141 "DELETE /v2.0/subnets/5a1ab652-ebc6-4569-8434-0024c66727d3 HTTP/1.1" status: 204 len: 168 time: 0.1367300
2026-05-10 01:59:23.108 10 WARNING neutron.scheduler.dhcp_agent_scheduler [None req-385f5c5d-0e16-40e1-b16b-01cf432be504 0702315923124d3fb1d6a7ba306b6150 2ff9828cfcb64b7d9c369d4f6597c464 - - default default] No more DHCP agents
2026-05-10 01:59:23.110 10 WARNING neutron.api.rpc.agentnotifiers.dhcp_rpc_agent_api [None req-385f5c5d-0e16-40e1-b16b-01cf432be504 0702315923124d3fb1d6a7ba306b6150 2ff9828cfcb64b7d9c369d4f6597c464 - - default default] Unable to schedule network 399d8836-0404-4844-a510-eab8789f5871: no agents available; will retry on subsequent port and subnet creation events.
2026-05-10 01:59:23.212 10 INFO neutron.db.ovn_revision_numbers_db [None req-385f5c5d-0e16-40e1-b16b-01cf432be504 0702315923124d3fb1d6a7ba306b6150 2ff9828cfcb64b7d9c369d4f6597c464 - - default default] Successfully bumped revision number for resource 37dd378e-2aad-46a6-94d0-02e0345248a9 (type: ports) to 1
2026-05-10 01:59:23.239 10 INFO neutron.wsgi [None req-385f5c5d-0e16-40e1-b16b-01cf432be504 0702315923124d3fb1d6a7ba306b6150 2ff9828cfcb64b7d9c369d4f6597c464 - - default default] 10.0.0.141 "POST /v2.0/networks HTTP/1.1" status: 201 len: 847 time: 0.5584171
2026-05-10 01:59:23.283 10 WARNING neutron_lib.context [None req-27ff2be0-6c73-434d-8799-e86deb24ade2 0702315923124d3fb1d6a7ba306b6150 2ff9828cfcb64b7d9c369d4f6597c464 - - default default] Method 'is_advsvc' is deprecated since 2023.2 release (neutron-lib 3.8.0) and will be removed once support for the old RBAC API policies will be removed from Neutron. Please use method 'is_service_role' instead.
2026-05-10 01:59:23.331 10 WARNING neutron_lib.context [None req-27ff2be0-6c73-434d-8799-e86deb24ade2 0702315923124d3fb1d6a7ba306b6150 2ff9828cfcb64b7d9c369d4f6597c464 - - default default] Method 'is_advsvc' is deprecated since 2023.2 release (neutron-lib 3.8.0) and will be removed once support for the old RBAC API policies will be removed from Neutron. Please use method 'is_service_role' instead.
2026-05-10 01:59:23.445 9 INFO neutron.services.segments.plugin [-] Segment b1150329-6cc9-4d9f-841d-7ff2920fc75c resource provider aggregate not found
2026-05-10 01:59:23.449 9 INFO neutron.services.segments.plugin [-] Segment b1150329-6cc9-4d9f-841d-7ff2920fc75c resource provider aggregate not found
2026-05-10 01:59:23.467 9 INFO neutron.services.segments.plugin [-] Segment b1150329-6cc9-4d9f-841d-7ff2920fc75c resource provider not found; error: Placement Client Error (4xx): {"errors": [{"status": 404, "title": "Not Found", "detail": "The resource could not be found.\n\n No resource provider with uuid b1150329-6cc9-4d9f-841d-7ff2920fc75c found for delete ", "request_id": "req-ba3f43f3-94a3-477b-94d6-b3e8135614f5"}]}
2026-05-10 01:59:23.468 9 INFO neutron.services.segments.plugin [-] Segment b1150329-6cc9-4d9f-841d-7ff2920fc75c resource provider not found; error: Placement Client Error (4xx): {"errors": [{"status": 404, "title": "Not Found", "detail": "The resource could not be found.\n\n No resource provider with uuid b1150329-6cc9-4d9f-841d-7ff2920fc75c found for delete ", "request_id": "req-86e00826-48a7-48cb-b058-1f8b460c1921"}]}
2026-05-10 01:59:23.499 9 INFO neutron.wsgi [None req-e23a4e4d-7aa1-42bd-bfbd-f1b932d0e458 52b89ce1820048b6a290767c9b2d37e2 6e0a19aace854e228aa0533709a512f0 - - default default] 10.0.0.141 "DELETE /v2.0/networks/e664fd05-5a4c-470b-af38-1aa2222b2dfb HTTP/1.1" status: 204 len: 168 time: 0.4010158
2026-05-10 01:59:23.512 9 WARNING neutron_lib.context [None req-096cf50c-5442-45dd-9101-aa1882feafaf 52b89ce1820048b6a290767c9b2d37e2 6e0a19aace854e228aa0533709a512f0 - - default default] Method 'is_advsvc' is deprecated since 2023.2 release (neutron-lib 3.8.0) and will be removed once support for the old RBAC API policies will be removed from Neutron. Please use method 'is_service_role' instead.
2026-05-10 01:59:23.594 9 INFO neutron.db.segments_db [None req-096cf50c-5442-45dd-9101-aa1882feafaf 52b89ce1820048b6a290767c9b2d37e2 6e0a19aace854e228aa0533709a512f0 - - default default] Added segment dcc1afdc-c0a8-4445-be68-50ce32914e92 of type geneve for network 491a531f-b4df-4518-bd42-266774faeab2
2026-05-10 01:59:23.752 9 INFO neutron.db.ovn_revision_numbers_db [None req-096cf50c-5442-45dd-9101-aa1882feafaf 52b89ce1820048b6a290767c9b2d37e2 6e0a19aace854e228aa0533709a512f0 - - default default] Successfully bumped revision number for resource 491a531f-b4df-4518-bd42-266774faeab2 (type: networks) to 1
2026-05-10 01:59:23.755 10 WARNING neutron.scheduler.dhcp_agent_scheduler [None req-27ff2be0-6c73-434d-8799-e86deb24ade2 0702315923124d3fb1d6a7ba306b6150 2ff9828cfcb64b7d9c369d4f6597c464 - - default default] No more DHCP agents
2026-05-10 01:59:23.756 10 WARNING neutron.api.rpc.agentnotifiers.dhcp_rpc_agent_api [None req-27ff2be0-6c73-434d-8799-e86deb24ade2 0702315923124d3fb1d6a7ba306b6150 2ff9828cfcb64b7d9c369d4f6597c464 - - default default] Unable to schedule network 4f70ed86-d217-4b9d-8f68-60535eb70d21: no agents available; will retry on subsequent port and subnet creation events.
2026-05-10 01:59:23.963 9 WARNING neutron.scheduler.dhcp_agent_scheduler [None req-096cf50c-5442-45dd-9101-aa1882feafaf 52b89ce1820048b6a290767c9b2d37e2 6e0a19aace854e228aa0533709a512f0 - - default default] No more DHCP agents
2026-05-10 01:59:23.965 9 WARNING neutron.api.rpc.agentnotifiers.dhcp_rpc_agent_api [None req-096cf50c-5442-45dd-9101-aa1882feafaf 52b89ce1820048b6a290767c9b2d37e2 6e0a19aace854e228aa0533709a512f0 - - default default] Unable to schedule network 491a531f-b4df-4518-bd42-266774faeab2: no agents available; will retry on subsequent port and subnet creation events.
2026-05-10 01:59:24.054 9 INFO neutron.db.ovn_revision_numbers_db [None req-096cf50c-5442-45dd-9101-aa1882feafaf 52b89ce1820048b6a290767c9b2d37e2 6e0a19aace854e228aa0533709a512f0 - - default default] Successfully bumped revision number for resource a4fb5b57-bc7d-4a4e-aeac-bfb4a46c39a4 (type: ports) to 1
2026-05-10 01:59:24.076 9 INFO neutron.wsgi [None req-096cf50c-5442-45dd-9101-aa1882feafaf 52b89ce1820048b6a290767c9b2d37e2 6e0a19aace854e228aa0533709a512f0 - - default default] 10.0.0.141 "POST /v2.0/networks HTTP/1.1" status: 201 len: 835 time: 0.5700042
2026-05-10 01:59:24.089 9 WARNING neutron_lib.context [None req-79d38571-b6ae-4a3c-8fd5-91b0e6526a86 52b89ce1820048b6a290767c9b2d37e2 6e0a19aace854e228aa0533709a512f0 - - default default] Method 'is_advsvc' is deprecated since 2023.2 release (neutron-lib 3.8.0) and will be removed once support for the old RBAC API policies will be removed from Neutron. Please use method 'is_service_role' instead.
2026-05-10 01:59:24.308 10 INFO neutron.db.ovn_revision_numbers_db [None req-27ff2be0-6c73-434d-8799-e86deb24ade2 0702315923124d3fb1d6a7ba306b6150 2ff9828cfcb64b7d9c369d4f6597c464 - - default default] Successfully bumped revision number for resource e4f37f58-5aac-45f9-8351-c94125d3586c (type: ports) to 2
2026-05-10 01:59:24.340 10 INFO neutron.db.ovn_revision_numbers_db [None req-27ff2be0-6c73-434d-8799-e86deb24ade2 0702315923124d3fb1d6a7ba306b6150 2ff9828cfcb64b7d9c369d4f6597c464 - - default default] Successfully bumped revision number for resource 8ccf96aa-412d-4868-acc9-2bfa4e17400e (type: subnets) to 0
2026-05-10 01:59:24.347 9 WARNING neutron.scheduler.dhcp_agent_scheduler [None req-79d38571-b6ae-4a3c-8fd5-91b0e6526a86 52b89ce1820048b6a290767c9b2d37e2 6e0a19aace854e228aa0533709a512f0 - - default default] No more DHCP agents
2026-05-10 01:59:24.349 9 WARNING neutron.api.rpc.agentnotifiers.dhcp_rpc_agent_api [None req-79d38571-b6ae-4a3c-8fd5-91b0e6526a86 52b89ce1820048b6a290767c9b2d37e2 6e0a19aace854e228aa0533709a512f0 - - default default] Unable to schedule network 491a531f-b4df-4518-bd42-266774faeab2: no agents available; will retry on subsequent port and subnet creation events.
2026-05-10 01:59:24.362 10 WARNING neutron.scheduler.dhcp_agent_scheduler [None req-27ff2be0-6c73-434d-8799-e86deb24ade2 0702315923124d3fb1d6a7ba306b6150 2ff9828cfcb64b7d9c369d4f6597c464 - - default default] No more DHCP agents
2026-05-10 01:59:24.364 10 WARNING neutron.api.rpc.agentnotifiers.dhcp_rpc_agent_api [None req-27ff2be0-6c73-434d-8799-e86deb24ade2 0702315923124d3fb1d6a7ba306b6150 2ff9828cfcb64b7d9c369d4f6597c464 - - default default] Unable to schedule network 399d8836-0404-4844-a510-eab8789f5871: no agents available; will retry on subsequent port and subnet creation events.
2026-05-10 01:59:24.382 9 INFO neutron.db.ovn_revision_numbers_db [None req-79d38571-b6ae-4a3c-8fd5-91b0e6526a86 52b89ce1820048b6a290767c9b2d37e2 6e0a19aace854e228aa0533709a512f0 - - default default] Successfully bumped revision number for resource 171d3c53-bb3a-47d1-8f75-06f9b1b84665 (type: subnets) to 0
2026-05-10 01:59:24.397 9 INFO neutron.wsgi [None req-79d38571-b6ae-4a3c-8fd5-91b0e6526a86 52b89ce1820048b6a290767c9b2d37e2 6e0a19aace854e228aa0533709a512f0 - - default default] 10.0.0.141 "POST /v2.0/subnets HTTP/1.1" status: 201 len: 821 time: 0.3153162
2026-05-10 01:59:24.410 9 WARNING neutron_lib.context [None req-afcb7168-350e-46f1-ae17-2d757ace4bb8 52b89ce1820048b6a290767c9b2d37e2 6e0a19aace854e228aa0533709a512f0 - - default default] Method 'is_advsvc' is deprecated since 2023.2 release (neutron-lib 3.8.0) and will be removed once support for the old RBAC API policies will be removed from Neutron. Please use method 'is_service_role' instead.
2026-05-10 01:59:24.572 10 WARNING neutron_lib.context [None req-f40432db-f132-43bb-aec5-e5d517ea7298 f37bc45a50124f2e967bd73706bc73af aa9c974218ae49a48cc4492daa3cec63 - - default default] Method 'is_advsvc' is deprecated since 2023.2 release (neutron-lib 3.8.0) and will be removed once support for the old RBAC API policies will be removed from Neutron. Please use method 'is_service_role' instead.
2026-05-10 01:59:24.656 9 WARNING neutron.scheduler.dhcp_agent_scheduler [None req-afcb7168-350e-46f1-ae17-2d757ace4bb8 52b89ce1820048b6a290767c9b2d37e2 6e0a19aace854e228aa0533709a512f0 - - default default] No more DHCP agents
2026-05-10 01:59:24.659 9 WARNING neutron.api.rpc.agentnotifiers.dhcp_rpc_agent_api [None req-afcb7168-350e-46f1-ae17-2d757ace4bb8 52b89ce1820048b6a290767c9b2d37e2 6e0a19aace854e228aa0533709a512f0 - - default default] Unable to schedule network 491a531f-b4df-4518-bd42-266774faeab2: no agents available; will retry on subsequent port and subnet creation events.
2026-05-10 01:59:24.764 9 INFO neutron.db.ovn_revision_numbers_db [None req-afcb7168-350e-46f1-ae17-2d757ace4bb8 52b89ce1820048b6a290767c9b2d37e2 6e0a19aace854e228aa0533709a512f0 - - default default] Successfully bumped revision number for resource 202f40aa-29a5-46c0-bee1-7847f554a2b5 (type: ports) to 1
2026-05-10 01:59:24.774 10 INFO neutron.db.ovn_revision_numbers_db [None req-f40432db-f132-43bb-aec5-e5d517ea7298 f37bc45a50124f2e967bd73706bc73af aa9c974218ae49a48cc4492daa3cec63 - - default default] Successfully bumped revision number for resource a8165eed-7a47-4876-81f3-f7915180c4fa (type: security_groups) to 1
2026-05-10 01:59:24.785 9 INFO neutron.wsgi [None req-afcb7168-350e-46f1-ae17-2d757ace4bb8 52b89ce1820048b6a290767c9b2d37e2 6e0a19aace854e228aa0533709a512f0 - - default default] 10.0.0.141 "POST /v2.0/ports HTTP/1.1" status: 201 len: 1127 time: 0.3817496
2026-05-10 01:59:24.792 10 INFO neutron.db.ovn_revision_numbers_db [None req-f40432db-f132-43bb-aec5-e5d517ea7298 f37bc45a50124f2e967bd73706bc73af aa9c974218ae49a48cc4492daa3cec63 - - default default] Successfully bumped revision number for resource 32d858d3-51c5-43e7-a01e-0f9547b8e900 (type: security_group_rules) to 0
2026-05-10 01:59:24.814 10 INFO neutron.db.ovn_revision_numbers_db [None req-f40432db-f132-43bb-aec5-e5d517ea7298 f37bc45a50124f2e967bd73706bc73af aa9c974218ae49a48cc4492daa3cec63 - - default default] Successfully bumped revision number for resource e1383d61-b0eb-4fd8-9c97-b8c41c474c70 (type: security_group_rules) to 0
2026-05-10 01:59:24.835 10 INFO neutron.db.ovn_revision_numbers_db [None req-f40432db-f132-43bb-aec5-e5d517ea7298 f37bc45a50124f2e967bd73706bc73af aa9c974218ae49a48cc4492daa3cec63 - - default default] Successfully bumped revision number for resource f8a4c524-56ca-4729-9225-e5222e4b42fe (type: security_group_rules) to 0
2026-05-10 01:59:24.853 10 INFO neutron.db.ovn_revision_numbers_db [None req-f40432db-f132-43bb-aec5-e5d517ea7298 f37bc45a50124f2e967bd73706bc73af aa9c974218ae49a48cc4492daa3cec63 - - default default] Successfully bumped revision number for resource fffd7755-e374-440f-8951-8f9133379541 (type: security_group_rules) to 0
2026-05-10 01:59:24.901 10 INFO neutron.db.ovn_revision_numbers_db [None req-27ff2be0-6c73-434d-8799-e86deb24ade2 0702315923124d3fb1d6a7ba306b6150 2ff9828cfcb64b7d9c369d4f6597c464 - - default default] Successfully bumped revision number for resource 37dd378e-2aad-46a6-94d0-02e0345248a9 (type: ports) to 2
2026-05-10 01:59:24.947 10 INFO neutron.db.ovn_revision_numbers_db [None req-27ff2be0-6c73-434d-8799-e86deb24ade2 0702315923124d3fb1d6a7ba306b6150 2ff9828cfcb64b7d9c369d4f6597c464 - - default default] Successfully bumped revision number for resource e57ae8fb-e854-4d5a-a400-39c128e14f6f (type: subnets) to 0
2026-05-10 01:59:24.965 10 INFO neutron.wsgi [None req-27ff2be0-6c73-434d-8799-e86deb24ade2 0702315923124d3fb1d6a7ba306b6150 2ff9828cfcb64b7d9c369d4f6597c464 - - default default] 10.0.0.141 "POST /v2.0/subnets HTTP/1.1" status: 201 len: 1425 time: 1.6865530
2026-05-10 01:59:24.966 10 INFO neutron.db.ovn_revision_numbers_db [None req-f40432db-f132-43bb-aec5-e5d517ea7298 f37bc45a50124f2e967bd73706bc73af aa9c974218ae49a48cc4492daa3cec63 - - default default] Successfully bumped revision number for resource 653125b2-ba9f-4923-8504-cc3de1b20531 (type: security_groups) to 1
2026-05-10 01:59:24.991 10 INFO neutron.db.ovn_revision_numbers_db [None req-f40432db-f132-43bb-aec5-e5d517ea7298 f37bc45a50124f2e967bd73706bc73af aa9c974218ae49a48cc4492daa3cec63 - - default default] Successfully bumped revision number for resource a3b1a532-69c6-49d6-b1de-46a4f9deec90 (type: security_group_rules) to 0
2026-05-10 01:59:25.015 10 INFO neutron.db.ovn_revision_numbers_db [None req-f40432db-f132-43bb-aec5-e5d517ea7298 f37bc45a50124f2e967bd73706bc73af aa9c974218ae49a48cc4492daa3cec63 - - default default] Successfully bumped revision number for resource bc9ea9d3-d292-4315-8904-faa1f6b4d3e9 (type: security_group_rules) to 0
2026-05-10 01:59:25.023 10 INFO neutron.wsgi [None req-25f5615b-bff8-4814-99c1-038011e5811c 0702315923124d3fb1d6a7ba306b6150 2ff9828cfcb64b7d9c369d4f6597c464 - - default default] 10.0.0.141 "GET /v2.0/subnets HTTP/1.1" status: 200 len: 2033 time: 0.0502436
2026-05-10 01:59:25.052 10 INFO neutron.wsgi [None req-f40432db-f132-43bb-aec5-e5d517ea7298 f37bc45a50124f2e967bd73706bc73af aa9c974218ae49a48cc4492daa3cec63 - - default default] 10.0.0.141 "POST /v2.0/security-groups HTTP/1.1" status: 201 len: 1737 time: 0.6325746
2026-05-10 01:59:25.082 9 INFO neutron.wsgi [None req-74e8b38a-8b3c-409c-bf1b-922f3ff08083 52b89ce1820048b6a290767c9b2d37e2 6e0a19aace854e228aa0533709a512f0 - - default default] 10.0.0.141 "DELETE /v2.0/ports/202f40aa-29a5-46c0-bee1-7847f554a2b5 HTTP/1.1" status: 204 len: 168 time: 0.2905519
2026-05-10 01:59:25.104 10 INFO neutron.wsgi [None req-08b1bcf7-03b5-4b6e-b5e5-da506c3faaea f37bc45a50124f2e967bd73706bc73af aa9c974218ae49a48cc4492daa3cec63 - - default default] 10.0.0.141 "PUT /v2.0/security-groups/653125b2-ba9f-4923-8504-cc3de1b20531/tags HTTP/1.1" status: 200 len: 218 time: 0.0455754
2026-05-10 01:59:25.106 9 INFO neutron.pecan_wsgi.hooks.translation [None req-00912ef2-2d0b-4bf6-a732-4f1599504fa1 52b89ce1820048b6a290767c9b2d37e2 6e0a19aace854e228aa0533709a512f0 - - default default] GET failed (client error): The resource could not be found.
2026-05-10 01:59:25.108 9 INFO neutron.wsgi [None req-00912ef2-2d0b-4bf6-a732-4f1599504fa1 52b89ce1820048b6a290767c9b2d37e2 6e0a19aace854e228aa0533709a512f0 - - default default] 10.0.0.141 "GET /v2.0/ports/202f40aa-29a5-46c0-bee1-7847f554a2b5 HTTP/1.1" status: 404 len: 333 time: 0.0202513
2026-05-10 01:59:25.138 9 INFO neutron.wsgi [None req-2dca6dd2-44ad-41f0-8d00-dbd426ff60c5 f37bc45a50124f2e967bd73706bc73af aa9c974218ae49a48cc4492daa3cec63 - - default default] 10.0.0.141 "GET /v2.0/security-groups/653125b2-ba9f-4923-8504-cc3de1b20531/tags HTTP/1.1" status: 200 len: 218 time: 0.0283747
2026-05-10 01:59:25.181 9 INFO neutron.wsgi [None req-c19fbb55-a87d-45ce-a63b-95c98e70fe12 f37bc45a50124f2e967bd73706bc73af aa9c974218ae49a48cc4492daa3cec63 - - default default] 10.0.0.141 "PUT /v2.0/security-groups/653125b2-ba9f-4923-8504-cc3de1b20531/tags/green HTTP/1.1" status: 201 len: 201 time: 0.0378530
2026-05-10 01:59:25.211 9 INFO neutron.wsgi [None req-9f9654ed-1f91-4d0d-aff2-af060c46afd5 f37bc45a50124f2e967bd73706bc73af aa9c974218ae49a48cc4492daa3cec63 - - default default] 10.0.0.141 "GET /v2.0/security-groups/653125b2-ba9f-4923-8504-cc3de1b20531/tags HTTP/1.1" status: 200 len: 227 time: 0.0247154
2026-05-10 01:59:25.239 9 INFO neutron.wsgi [None req-f922dbbc-fb7a-4ec2-8e42-9146daf43338 f37bc45a50124f2e967bd73706bc73af aa9c974218ae49a48cc4492daa3cec63 - - default default] 10.0.0.141 "PUT /v2.0/security-groups/653125b2-ba9f-4923-8504-cc3de1b20531/tags/red HTTP/1.1" status: 201 len: 201 time: 0.0210729
2026-05-10 01:59:25.271 9 INFO neutron.wsgi [None req-39e0107e-26cc-4ab0-959b-afbf19dfd50e f37bc45a50124f2e967bd73706bc73af aa9c974218ae49a48cc4492daa3cec63 - - default default] 10.0.0.141 "GET /v2.0/security-groups/653125b2-ba9f-4923-8504-cc3de1b20531/tags HTTP/1.1" status: 200 len: 227 time: 0.0279665
2026-05-10 01:59:25.295 10 INFO neutron.wsgi [None req-3b3b3085-588b-4bff-a2cc-8417fc90323b 0702315923124d3fb1d6a7ba306b6150 2ff9828cfcb64b7d9c369d4f6597c464 - - default default] 10.0.0.141 "DELETE /v2.0/subnets/8ccf96aa-412d-4868-acc9-2bfa4e17400e HTTP/1.1" status: 204 len: 168 time: 0.2643058
2026-05-10 01:59:25.319 9 INFO neutron.wsgi [None req-61c71ae1-153e-469d-a418-f346212890c5 f37bc45a50124f2e967bd73706bc73af aa9c974218ae49a48cc4492daa3cec63 - - default default] 10.0.0.141 "PUT /v2.0/security-groups/653125b2-ba9f-4923-8504-cc3de1b20531/tags/black.or.white HTTP/1.1" status: 201 len: 201 time: 0.0401568
2026-05-10 01:59:25.332 10 INFO neutron.wsgi [None req-85bfc25c-12f0-4979-8eee-2715afd15a0c 52b89ce1820048b6a290767c9b2d37e2 6e0a19aace854e228aa0533709a512f0 - - default default] 10.0.0.141 "DELETE /v2.0/subnets/171d3c53-bb3a-47d1-8f75-06f9b1b84665 HTTP/1.1" status: 204 len: 168 time: 0.2168105
2026-05-10 01:59:25.347 9 INFO neutron.wsgi [None req-353009fd-9c3f-4df3-845e-3b8186b7c4c4 f37bc45a50124f2e967bd73706bc73af aa9c974218ae49a48cc4492daa3cec63 - - default default] 10.0.0.141 "GET /v2.0/security-groups/653125b2-ba9f-4923-8504-cc3de1b20531/tags HTTP/1.1" status: 200 len: 245 time: 0.0235820
2026-05-10 01:59:25.396 9 INFO neutron.wsgi [None req-699a5aa1-34b1-47cd-b7d2-0f8b82c317ac f37bc45a50124f2e967bd73706bc73af aa9c974218ae49a48cc4492daa3cec63 - - default default] 10.0.0.141 "PUT /v2.0/security-groups/653125b2-ba9f-4923-8504-cc3de1b20531/tags HTTP/1.1" status: 200 len: 230 time: 0.0432458
2026-05-10 01:59:25.435 9 INFO neutron.wsgi [None req-0188d0f9-c015-4def-8c44-ae8fe3b67f5c f37bc45a50124f2e967bd73706bc73af aa9c974218ae49a48cc4492daa3cec63 - - default default] 10.0.0.141 "GET /v2.0/security-groups/653125b2-ba9f-4923-8504-cc3de1b20531/tags HTTP/1.1" status: 200 len: 230 time: 0.0345562
2026-05-10 01:59:25.465 9 INFO neutron.wsgi [None req-75e1d6d2-974b-4dc3-b8eb-656c47523fa6 f37bc45a50124f2e967bd73706bc73af aa9c974218ae49a48cc4492daa3cec63 - - default default] 10.0.0.141 "GET /v2.0/security-groups/653125b2-ba9f-4923-8504-cc3de1b20531/tags/red HTTP/1.1" status: 204 len: 168 time: 0.0243278
2026-05-10 01:59:25.492 9 INFO neutron.api.v2.resource [None req-f6ea37b5-3197-4400-b474-3fcb9de99c35 f37bc45a50124f2e967bd73706bc73af aa9c974218ae49a48cc4492daa3cec63 - - default default] show failed (client error): The resource could not be found.
2026-05-10 01:59:25.494 9 INFO neutron.wsgi [None req-f6ea37b5-3197-4400-b474-3fcb9de99c35 f37bc45a50124f2e967bd73706bc73af aa9c974218ae49a48cc4492daa3cec63 - - default default] 10.0.0.141 "GET /v2.0/security-groups/653125b2-ba9f-4923-8504-cc3de1b20531/tags/green HTTP/1.1" status: 404 len: 299 time: 0.0223460
2026-05-10 01:59:25.545 9 INFO neutron.wsgi [None req-2fec9141-545b-4089-8dbf-70eb4d8a9f33 f37bc45a50124f2e967bd73706bc73af aa9c974218ae49a48cc4492daa3cec63 - - default default] 10.0.0.141 "DELETE /v2.0/security-groups/653125b2-ba9f-4923-8504-cc3de1b20531/tags/red HTTP/1.1" status: 204 len: 168 time: 0.0463595
2026-05-10 01:59:25.576 9 INFO neutron.wsgi [None req-9051dbcb-87a9-4074-af77-3b6dd4256532 f37bc45a50124f2e967bd73706bc73af aa9c974218ae49a48cc4492daa3cec63 - - default default] 10.0.0.141 "GET /v2.0/security-groups/653125b2-ba9f-4923-8504-cc3de1b20531/tags HTTP/1.1" status: 200 len: 223 time: 0.0257730
2026-05-10 01:59:25.589 10 INFO neutron.wsgi [None req-2bf00f76-43c0-492e-8477-e3ba423915cf 0702315923124d3fb1d6a7ba306b6150 2ff9828cfcb64b7d9c369d4f6597c464 - - default default] 10.0.0.141 "DELETE /v2.0/subnets/e57ae8fb-e854-4d5a-a400-39c128e14f6f HTTP/1.1" status: 204 len: 168 time: 0.2885168
2026-05-10 01:59:25.634 9 INFO neutron.api.v2.resource [None req-63ca3420-50a1-41ce-9fc9-a25b5247d438 f37bc45a50124f2e967bd73706bc73af aa9c974218ae49a48cc4492daa3cec63 - - default default] delete failed (client error): The resource could not be found.
2026-05-10 01:59:25.635 9 INFO neutron.wsgi [None req-63ca3420-50a1-41ce-9fc9-a25b5247d438 f37bc45a50124f2e967bd73706bc73af aa9c974218ae49a48cc4492daa3cec63 - - default default] 10.0.0.141 "DELETE /v2.0/security-groups/653125b2-ba9f-4923-8504-cc3de1b20531/tags/green HTTP/1.1" status: 404 len: 299 time: 0.0547972
2026-05-10 01:59:25.640 9 INFO neutron.wsgi [None req-cc0dcc01-d5b8-445f-9e85-b7b80a63e0bc 0702315923124d3fb1d6a7ba306b6150 2ff9828cfcb64b7d9c369d4f6597c464 - - default default] 10.0.0.141 "GET /v2.0/subnets HTTP/1.1" status: 200 len: 820 time: 0.0348406
2026-05-10 01:59:25.689 10 INFO neutron.wsgi [None req-563368b3-8c59-4f7d-b5dd-add28fe412a5 f37bc45a50124f2e967bd73706bc73af aa9c974218ae49a48cc4492daa3cec63 - - default default] 10.0.0.141 "DELETE /v2.0/security-groups/653125b2-ba9f-4923-8504-cc3de1b20531/tags HTTP/1.1" status: 204 len: 168 time: 0.0480466
2026-05-10 01:59:25.718 9 INFO neutron.wsgi [None req-d46196b6-41e8-46b1-892e-3920c53b6c1e f37bc45a50124f2e967bd73706bc73af aa9c974218ae49a48cc4492daa3cec63 - - default default] 10.0.0.141 "GET /v2.0/security-groups/653125b2-ba9f-4923-8504-cc3de1b20531/tags HTTP/1.1" status: 200 len: 205 time: 0.0255942
2026-05-10 01:59:25.782 10 INFO neutron.services.segments.plugin [-] Segment dcc1afdc-c0a8-4445-be68-50ce32914e92 resource provider aggregate not found
2026-05-10 01:59:25.787 10 INFO neutron.services.segments.plugin [-] Segment dcc1afdc-c0a8-4445-be68-50ce32914e92 resource provider aggregate not found
2026-05-10 01:59:25.804 10 INFO neutron.services.segments.plugin [-] Segment dcc1afdc-c0a8-4445-be68-50ce32914e92 resource provider not found; error: Placement Client Error (4xx): {"errors": [{"status": 404, "title": "Not Found", "detail": "The resource could not be found.\n\n No resource provider with uuid dcc1afdc-c0a8-4445-be68-50ce32914e92 found for delete ", "request_id": "req-7e9aa9e2-8266-4662-b694-ea48cca4508c"}]}
2026-05-10 01:59:25.816 10 INFO neutron.services.segments.plugin [-] Segment dcc1afdc-c0a8-4445-be68-50ce32914e92 resource provider not found; error: Placement Client Error (4xx): {"errors": [{"status": 404, "title": "Not Found", "detail": "The resource could not be found.\n\n No resource provider with uuid dcc1afdc-c0a8-4445-be68-50ce32914e92 found for delete ", "request_id": "req-82f34247-6c45-429e-8cd2-653b00941010"}]}
2026-05-10 01:59:25.837 10 INFO neutron.wsgi [None req-8dc4c928-e35e-4402-baee-e294cdb5352b 52b89ce1820048b6a290767c9b2d37e2 6e0a19aace854e228aa0533709a512f0 - - default default] 10.0.0.141 "DELETE /v2.0/networks/491a531f-b4df-4518-bd42-266774faeab2 HTTP/1.1" status: 204 len: 168 time: 0.4995549
2026-05-10 01:59:25.848 10 WARNING neutron_lib.context [None req-5bbc40a3-5cfe-4772-b6be-b33529eece7c 52b89ce1820048b6a290767c9b2d37e2 6e0a19aace854e228aa0533709a512f0 - - default default] Method 'is_advsvc' is deprecated since 2023.2 release (neutron-lib 3.8.0) and will be removed once support for the old RBAC API policies will be removed from Neutron. Please use method 'is_service_role' instead.
2026-05-10 01:59:25.893 9 INFO neutron.wsgi [None req-8e090748-770b-4853-b4da-d48346586528 f37bc45a50124f2e967bd73706bc73af aa9c974218ae49a48cc4492daa3cec63 - - default default] 10.0.0.141 "DELETE /v2.0/security-groups/653125b2-ba9f-4923-8504-cc3de1b20531 HTTP/1.1" status: 204 len: 168 time: 0.1650269
2026-05-10 01:59:26.051 10 WARNING neutron.scheduler.dhcp_agent_scheduler [None req-5bbc40a3-5cfe-4772-b6be-b33529eece7c 52b89ce1820048b6a290767c9b2d37e2 6e0a19aace854e228aa0533709a512f0 - - default default] No more DHCP agents
2026-05-10 01:59:26.054 10 WARNING neutron.api.rpc.agentnotifiers.dhcp_rpc_agent_api [None req-5bbc40a3-5cfe-4772-b6be-b33529eece7c 52b89ce1820048b6a290767c9b2d37e2 6e0a19aace854e228aa0533709a512f0 - - default default] Unable to schedule network 87c078b1-4e1e-4f6f-8b78-bba7849d04ef: no agents available; will retry on subsequent port and subnet creation events.
2026-05-10 01:59:26.055 9 INFO neutron.services.segments.plugin [-] Segment 5fecc3a7-bd46-49ce-bef5-40af205e9828 resource provider aggregate not found
2026-05-10 01:59:26.060 9 INFO neutron.services.segments.plugin [-] Segment 5fecc3a7-bd46-49ce-bef5-40af205e9828 resource provider aggregate not found
2026-05-10 01:59:26.074 9 INFO neutron.services.segments.plugin [-] Segment 5fecc3a7-bd46-49ce-bef5-40af205e9828 resource provider not found; error: Placement Client Error (4xx): {"errors": [{"status": 404, "title": "Not Found", "detail": "The resource could not be found.\n\n No resource provider with uuid 5fecc3a7-bd46-49ce-bef5-40af205e9828 found for delete ", "request_id": "req-4ac1015a-4cbe-4c26-8bf7-664c884e7298"}]}
2026-05-10 01:59:26.078 9 INFO neutron.services.segments.plugin [-] Segment 5fecc3a7-bd46-49ce-bef5-40af205e9828 resource provider not found; error: Placement Client Error (4xx): {"errors": [{"status": 404, "title": "Not Found", "detail": "The resource could not be found.\n\n No resource provider with uuid 5fecc3a7-bd46-49ce-bef5-40af205e9828 found for delete ", "request_id": "req-4a6f780b-c21c-42f4-a1e9-0001d2d77401"}]}
2026-05-10 01:59:26.095 9 INFO neutron.wsgi [None req-0f629dda-52ae-40f8-ae87-1011d33ff961 0702315923124d3fb1d6a7ba306b6150 2ff9828cfcb64b7d9c369d4f6597c464 - - default default] 10.0.0.141 "DELETE /v2.0/networks/399d8836-0404-4844-a510-eab8789f5871 HTTP/1.1" status: 204 len: 168 time: 0.4501970
2026-05-10 01:59:26.127 10 INFO neutron.db.ovn_revision_numbers_db [None req-5bbc40a3-5cfe-4772-b6be-b33529eece7c 52b89ce1820048b6a290767c9b2d37e2 6e0a19aace854e228aa0533709a512f0 - - default default] Successfully bumped revision number for resource 790b05bd-192e-4fbd-a6b2-721ce0c13071 (type: ports) to 1
2026-05-10 01:59:26.151 10 INFO neutron.wsgi [None req-5bbc40a3-5cfe-4772-b6be-b33529eece7c 52b89ce1820048b6a290767c9b2d37e2 6e0a19aace854e228aa0533709a512f0 - - default default] 10.0.0.141 "POST /v2.0/ports HTTP/1.1" status: 201 len: 977 time: 0.3063176 /var/lib/openstack/lib/python3.10/site-packages/pycadf/identifier.py:71: UserWarning: Invalid uuid: neutron. To ensure interoperability, identifiers should be a valid uuid. warnings.warn(('Invalid uuid: %s. To ensure interoperability, '
2026-05-10 01:59:26.428 10 INFO neutron.plugins.ml2.drivers.ovn.mech_driver.mech_driver [None req-b16e519a-6e9a-4667-a667-1917cb12fb06 - - - - - -] OVN reports status down for port: 790b05bd-192e-4fbd-a6b2-721ce0c13071
2026-05-10 01:59:26.432 9 INFO neutron.wsgi [None req-3989d319-ecce-49af-9107-ce2bbe341f9f 0702315923124d3fb1d6a7ba306b6150 2ff9828cfcb64b7d9c369d4f6597c464 - - default default] 10.0.0.141 "DELETE /v2.0/networks/4f70ed86-d217-4b9d-8f68-60535eb70d21 HTTP/1.1" status: 204 len: 168 time: 0.3276336
2026-05-10 01:59:26.466 10 INFO neutron.db.ovn_revision_numbers_db [None req-4a12fb76-c39e-4ffd-bc7a-e6e10cd7e897 52b89ce1820048b6a290767c9b2d37e2 6e0a19aace854e228aa0533709a512f0 - - default default] Successfully bumped revision number for resource 790b05bd-192e-4fbd-a6b2-721ce0c13071 (type: ports) to 2
2026-05-10 01:59:26.490 10 INFO neutron.wsgi [None req-4a12fb76-c39e-4ffd-bc7a-e6e10cd7e897 52b89ce1820048b6a290767c9b2d37e2 6e0a19aace854e228aa0533709a512f0 - - default default] 10.0.0.141 "PUT /v2.0/ports/790b05bd-192e-4fbd-a6b2-721ce0c13071 HTTP/1.1" status: 200 len: 946 time: 0.3334687 /var/lib/openstack/lib/python3.10/site-packages/pycadf/identifier.py:71: UserWarning: Invalid uuid: neutron. To ensure interoperability, identifiers should be a valid uuid. warnings.warn(('Invalid uuid: %s. To ensure interoperability, '
2026-05-10 01:59:26.744 10 INFO neutron.wsgi [None req-372d9dd7-8b5a-4476-82fb-926a8ea304d7 52b89ce1820048b6a290767c9b2d37e2 6e0a19aace854e228aa0533709a512f0 - - default default] 10.0.0.141 "DELETE /v2.0/ports/790b05bd-192e-4fbd-a6b2-721ce0c13071 HTTP/1.1" status: 204 len: 168 time: 0.2467182
2026-05-10 01:59:26.824 10 INFO neutron.db.ovn_revision_numbers_db [None req-9dac182e-5708-448a-be39-d24e2c9911b6 a72b53b28ab844869eee847fd706c4b1 438eeca712434e89bfa7f9ef071394ff - - default default] Successfully bumped revision number for resource 03bc5769-648e-403d-b898-0f1b4fcb2cce (type: security_groups) to 1
2026-05-10 01:59:26.838 10 INFO neutron.db.ovn_revision_numbers_db [None req-9dac182e-5708-448a-be39-d24e2c9911b6 a72b53b28ab844869eee847fd706c4b1 438eeca712434e89bfa7f9ef071394ff - - default default] Successfully bumped revision number for resource 16f8603a-4ffd-4608-b853-9c738ec61f57 (type: security_group_rules) to 0
2026-05-10 01:59:26.852 10 INFO neutron.db.ovn_revision_numbers_db [None req-9dac182e-5708-448a-be39-d24e2c9911b6 a72b53b28ab844869eee847fd706c4b1 438eeca712434e89bfa7f9ef071394ff - - default default] Successfully bumped revision number for resource 7560b531-234a-47ed-84f6-43e922aad4b6 (type: security_group_rules) to 0
2026-05-10 01:59:26.859 9 INFO neutron.wsgi [None req-737c6bb6-76fd-4680-bf53-add2fa0bf961 0702315923124d3fb1d6a7ba306b6150 2ff9828cfcb64b7d9c369d4f6597c464 - - default default] 10.0.0.141 "DELETE /v2.0/networks/666828d7-af84-4c52-aca3-abb17757579e HTTP/1.1" status: 204 len: 168 time: 0.4204519
2026-05-10 01:59:26.872 10 INFO neutron.db.ovn_revision_numbers_db [None req-9dac182e-5708-448a-be39-d24e2c9911b6 a72b53b28ab844869eee847fd706c4b1 438eeca712434e89bfa7f9ef071394ff - - default default] Successfully bumped revision number for resource a8192c22-b238-48bf-ae04-d0328441a718 (type: security_group_rules) to 0
2026-05-10 01:59:26.876 9 INFO neutron.wsgi [None req-167f3985-24b4-44e8-84bf-5450260b95af 52b89ce1820048b6a290767c9b2d37e2 6e0a19aace854e228aa0533709a512f0 - - default default] 10.0.0.141 "GET /v2.0/ports HTTP/1.1" status: 200 len: 1731 time: 0.1263118
2026-05-10 01:59:26.898 9 INFO neutron.pecan_wsgi.hooks.translation [None req-305af6be-56a1-4cf2-834e-e387d1d8f72e 52b89ce1820048b6a290767c9b2d37e2 6e0a19aace854e228aa0533709a512f0 - - default default] GET failed (client error): The resource could not be found.
2026-05-10 01:59:26.899 10 INFO neutron.db.ovn_revision_numbers_db [None req-9dac182e-5708-448a-be39-d24e2c9911b6 a72b53b28ab844869eee847fd706c4b1 438eeca712434e89bfa7f9ef071394ff - - default default] Successfully bumped revision number for resource eb4cf4ad-347c-4676-91f2-34a811bedf08 (type: security_group_rules) to 0
2026-05-10 01:59:26.900 9 INFO neutron.wsgi [None req-305af6be-56a1-4cf2-834e-e387d1d8f72e 52b89ce1820048b6a290767c9b2d37e2 6e0a19aace854e228aa0533709a512f0 - - default default] 10.0.0.141 "GET /v2.0/ports/790b05bd-192e-4fbd-a6b2-721ce0c13071 HTTP/1.1" status: 404 len: 333 time: 0.0191629
2026-05-10 01:59:26.949 9 INFO neutron.wsgi [None req-c10a9249-4274-41e0-a6b8-f65db916f678 52b89ce1820048b6a290767c9b2d37e2 6e0a19aace854e228aa0533709a512f0 - - default default] 10.0.0.141 "GET /v2.0/ports HTTP/1.1" status: 200 len: 1731 time: 0.0431340
2026-05-10 01:59:26.994 9 INFO neutron.wsgi [None req-961fbccc-d0ed-448f-b82f-58c0484593f5 52b89ce1820048b6a290767c9b2d37e2 6e0a19aace854e228aa0533709a512f0 - - default default] 10.0.0.141 "GET /v2.0/ports/9cf59d4c-cf83-4e7a-9d43-d5f7e52e7dc1 HTTP/1.1" status: 200 len: 971 time: 0.0382483
2026-05-10 01:59:27.016 9 INFO neutron.pecan_wsgi.hooks.translation [None req-6c21f01e-52e1-4d4f-968e-346161da7d8d 52b89ce1820048b6a290767c9b2d37e2 6e0a19aace854e228aa0533709a512f0 - - default default] DELETE failed (client error): The resource could not be found.
2026-05-10 01:59:27.018 9 INFO neutron.wsgi [None req-6c21f01e-52e1-4d4f-968e-346161da7d8d 52b89ce1820048b6a290767c9b2d37e2 6e0a19aace854e228aa0533709a512f0 - - default default] 10.0.0.141 "DELETE /v2.0/ports/202f40aa-29a5-46c0-bee1-7847f554a2b5 HTTP/1.1" status: 404 len: 333 time: 0.0189655
2026-05-10 01:59:27.037 9 INFO neutron.pecan_wsgi.hooks.translation [None req-f7bc9646-d7dc-4a60-904d-6c9e948fc4ce 52b89ce1820048b6a290767c9b2d37e2 6e0a19aace854e228aa0533709a512f0 - - default default] DELETE failed (client error): The resource could not be found.
2026-05-10 01:59:27.039 9 INFO neutron.wsgi [None req-f7bc9646-d7dc-4a60-904d-6c9e948fc4ce 52b89ce1820048b6a290767c9b2d37e2 6e0a19aace854e228aa0533709a512f0 - - default default] 10.0.0.141 "DELETE /v2.0/subnets/171d3c53-bb3a-47d1-8f75-06f9b1b84665 HTTP/1.1" status: 404 len: 337 time: 0.0170274
2026-05-10 01:59:27.058 9 INFO neutron.pecan_wsgi.hooks.translation [None req-1696c7b7-5608-4ed0-ac51-7e93c4ccb127 52b89ce1820048b6a290767c9b2d37e2 6e0a19aace854e228aa0533709a512f0 - - default default] DELETE failed (client error): The resource could not be found.
2026-05-10 01:59:27.060 9 INFO neutron.wsgi [None req-1696c7b7-5608-4ed0-ac51-7e93c4ccb127 52b89ce1820048b6a290767c9b2d37e2 6e0a19aace854e228aa0533709a512f0 - - default default] 10.0.0.141 "DELETE /v2.0/subnets/5a1ab652-ebc6-4569-8434-0024c66727d3 HTTP/1.1" status: 404 len: 337 time: 0.0166216
2026-05-10 01:59:27.165 10 INFO neutron.wsgi [None req-9dac182e-5708-448a-be39-d24e2c9911b6 a72b53b28ab844869eee847fd706c4b1 438eeca712434e89bfa7f9ef071394ff - - default default] 10.0.0.141 "GET /v2.0/security-groups?tenant_id=d734ff8195734ff3a106b3c9b9491a70&name=default HTTP/1.1" status: 200 len: 2996 time: 0.5678809
2026-05-10 01:59:27.315 9 INFO neutron.wsgi [None req-04aa9969-0e9a-4acd-8941-9db1c47e94ad 52b89ce1820048b6a290767c9b2d37e2 6e0a19aace854e228aa0533709a512f0 - - default default] 10.0.0.141 "DELETE /v2.0/ports/9cf59d4c-cf83-4e7a-9d43-d5f7e52e7dc1 HTTP/1.1" status: 204 len: 168 time: 0.2507660
2026-05-10 01:59:27.474 10 INFO neutron.wsgi [None req-d8888775-28f4-48f6-9971-609c246b4140 a72b53b28ab844869eee847fd706c4b1 438eeca712434e89bfa7f9ef071394ff - - default default] 10.0.0.141 "DELETE /v2.0/security-groups/03bc5769-648e-403d-b898-0f1b4fcb2cce HTTP/1.1" status: 204 len: 168 time: 0.3048060
2026-05-10 01:59:27.542 10 INFO neutron.wsgi [None req-dc9687d4-c657-4a04-b302-7a49e43a6772 0702315923124d3fb1d6a7ba306b6150 2ff9828cfcb64b7d9c369d4f6597c464 - - default default] 10.0.0.141 "DELETE /v2.0/networks/e5089677-070c-4b8c-9e2c-96c2fa796f43 HTTP/1.1" status: 204 len: 168 time: 0.6775661
2026-05-10 01:59:27.618 10 INFO neutron.wsgi [None req-de9a1b44-3e36-4aea-89b5-12165fd05b1d a72b53b28ab844869eee847fd706c4b1 438eeca712434e89bfa7f9ef071394ff - - default default] 10.0.0.141 "GET /v2.0/security-groups?tenant_id=aa9c974218ae49a48cc4492daa3cec63&name=default HTTP/1.1" status: 200 len: 2996 time: 0.0366697
2026-05-10 01:59:27.740 9 INFO neutron.wsgi [None req-fd1dc35b-161b-4d2c-a13b-4d89a8531bdb 52b89ce1820048b6a290767c9b2d37e2 6e0a19aace854e228aa0533709a512f0 - - default default] 10.0.0.141 "DELETE /v2.0/networks/87c078b1-4e1e-4f6f-8b78-bba7849d04ef HTTP/1.1" status: 204 len: 168 time: 0.4111958
2026-05-10 01:59:27.825 10 INFO neutron.services.segments.plugin [-] Segment c907c02c-cd51-4766-90aa-b10e8c625a62 resource provider aggregate not found
2026-05-10 01:59:27.837 10 INFO neutron.services.segments.plugin [-] Segment c907c02c-cd51-4766-90aa-b10e8c625a62 resource provider aggregate not found
2026-05-10 01:59:27.844 10 INFO neutron.services.segments.plugin [-] Segment c907c02c-cd51-4766-90aa-b10e8c625a62 resource provider not found; error: Placement Client Error (4xx): {"errors": [{"status": 404, "title": "Not Found", "detail": "The resource could not be found.\n\n No resource provider with uuid c907c02c-cd51-4766-90aa-b10e8c625a62 found for delete ", "request_id": "req-66192e4d-cc77-479e-b6ba-6da67d649917"}]}
2026-05-10 01:59:27.848 10 INFO neutron.wsgi [None req-654b2e73-e705-440d-a29c-6ad04cbfb692 a72b53b28ab844869eee847fd706c4b1 438eeca712434e89bfa7f9ef071394ff - - default default] 10.0.0.141 "DELETE /v2.0/security-groups/a8165eed-7a47-4876-81f3-f7915180c4fa HTTP/1.1" status: 204 len: 168 time: 0.2263684
2026-05-10 01:59:27.852 10 INFO neutron.services.segments.plugin [-] Segment c907c02c-cd51-4766-90aa-b10e8c625a62 resource provider not found; error: Placement Client Error (4xx): {"errors": [{"status": 404, "title": "Not Found", "detail": "The resource could not be found.\n\n No resource provider with uuid c907c02c-cd51-4766-90aa-b10e8c625a62 found for delete ", "request_id": "req-3980f899-1c5c-48a4-9978-3613a2466189"}]}
2026-05-10 01:59:28.108 9 INFO neutron.services.segments.plugin [-] Segment 6cb51c12-0784-4e59-96d3-1c3276d89ea4 resource provider aggregate not found
2026-05-10 01:59:28.117 9 INFO neutron.services.segments.plugin [-] Segment 6cb51c12-0784-4e59-96d3-1c3276d89ea4 resource provider aggregate not found
2026-05-10 01:59:28.134 9 INFO neutron.services.segments.plugin [-] Segment 6cb51c12-0784-4e59-96d3-1c3276d89ea4 resource provider not found; error: Placement Client Error (4xx): {"errors": [{"status": 404, "title": "Not Found", "detail": "The resource could not be found.\n\n No resource provider with uuid 6cb51c12-0784-4e59-96d3-1c3276d89ea4 found for delete ", "request_id": "req-fd84a8f9-0932-4605-a679-e1371909f819"}]}
2026-05-10 01:59:28.141 9 INFO neutron.services.segments.plugin [-] Segment 6cb51c12-0784-4e59-96d3-1c3276d89ea4 resource provider not found; error: Placement Client Error (4xx): {"errors": [{"status": 404, "title": "Not Found", "detail": "The resource could not be found.\n\n No resource provider with uuid 6cb51c12-0784-4e59-96d3-1c3276d89ea4 found for delete ", "request_id": "req-a052d180-9268-41d4-b692-a66787e20795"}]}
2026-05-10 01:59:28.150 9 INFO neutron.services.segments.plugin [-] Segment 0221a565-4108-407a-b4a7-2e02b4747f92 resource provider aggregate not found
2026-05-10 01:59:28.163 9 INFO neutron.services.segments.plugin [-] Segment 0221a565-4108-407a-b4a7-2e02b4747f92 resource provider aggregate not found
2026-05-10 01:59:28.169 9 INFO neutron.services.segments.plugin [-] Segment 0221a565-4108-407a-b4a7-2e02b4747f92 resource provider not found; error: Placement Client Error (4xx): {"errors": [{"status": 404, "title": "Not Found", "detail": "The resource could not be found.\n\n No resource provider with uuid 0221a565-4108-407a-b4a7-2e02b4747f92 found for delete ", "request_id": "req-d4ac12bb-cb15-4e24-ae07-827729ddc782"}]}
2026-05-10 01:59:28.186 9 INFO neutron.services.segments.plugin [-] Segment db33b63c-195a-4522-9f91-bc05ab8b2b84 resource provider aggregate not found
2026-05-10 01:59:28.194 9 INFO neutron.services.segments.plugin [-] Segment 0221a565-4108-407a-b4a7-2e02b4747f92 resource provider not found; error: Placement Client Error (4xx): {"errors": [{"status": 404, "title": "Not Found", "detail": "The resource could not be found.\n\n No resource provider with uuid 0221a565-4108-407a-b4a7-2e02b4747f92 found for delete ", "request_id": "req-2cda6aaa-d352-48ee-971b-561aab23e47c"}]}
2026-05-10 01:59:28.212 9 INFO neutron.services.segments.plugin [-] Segment db33b63c-195a-4522-9f91-bc05ab8b2b84 resource provider not found; error: Placement Client Error (4xx): {"errors": [{"status": 404, "title": "Not Found", "detail": "The resource could not be found.\n\n No resource provider with uuid db33b63c-195a-4522-9f91-bc05ab8b2b84 found for delete ", "request_id": "req-defd87d2-22db-4838-99c1-3ae4645963c8"}]}
2026-05-10 01:59:28.214 9 INFO neutron.services.segments.plugin [-] Segment db33b63c-195a-4522-9f91-bc05ab8b2b84 resource provider aggregate not found
2026-05-10 01:59:28.233 9 INFO neutron.services.segments.plugin [-] Segment db33b63c-195a-4522-9f91-bc05ab8b2b84 resource provider not found; error: Placement Client Error (4xx): {"errors": [{"status": 404, "title": "Not Found", "detail": "The resource could not be found.\n\n No resource provider with uuid db33b63c-195a-4522-9f91-bc05ab8b2b84 found for delete ", "request_id": "req-c281f5ee-a9c6-4d34-834e-d5945d2f2755"}]}
2026-05-10 01:59:28.297 10 INFO neutron.wsgi [None req-142baf4a-480b-4b63-9f20-2b86f61bc16f a72b53b28ab844869eee847fd706c4b1 438eeca712434e89bfa7f9ef071394ff - - default default] 10.0.0.141 "GET /v2.0/security-groups?tenant_id=6e0a19aace854e228aa0533709a512f0&name=default HTTP/1.1" status: 200 len: 2996 time: 0.0816183
2026-05-10 01:59:28.303 9 INFO neutron.wsgi [None req-a82647f2-9bab-4e77-964c-bdbf1274532e a72b53b28ab844869eee847fd706c4b1 438eeca712434e89bfa7f9ef071394ff - - default default] 10.0.0.141 "GET /v2.0/security-groups?tenant_id=2ff9828cfcb64b7d9c369d4f6597c464&name=default HTTP/1.1" status: 200 len: 2996 time: 0.2459266
2026-05-10 01:59:28.515 10 INFO neutron.wsgi [None req-117bf0bf-5da9-4711-8edd-2a98d11c1601 a72b53b28ab844869eee847fd706c4b1 438eeca712434e89bfa7f9ef071394ff - - default default] 10.0.0.141 "DELETE /v2.0/security-groups/b4b7790f-c80d-4890-a45e-e5be1e0db961 HTTP/1.1" status: 204 len: 168 time: 0.2134120
2026-05-10 01:59:28.533 10 INFO neutron.wsgi [None req-d7bfc492-a474-42ec-8187-b8332d2c196f a72b53b28ab844869eee847fd706c4b1 438eeca712434e89bfa7f9ef071394ff - - default default] 10.0.0.141 "DELETE /v2.0/security-groups/2e085d6d-4ab2-487f-b328-8dff1091c694 HTTP/1.1" status: 204 len: 168 time: 0.2216303
2026-05-10 01:59:29.439 9 INFO neutron.wsgi [req-18509126-2c66-471b-9152-cdac2eb436db req-ad4266b6-2be8-48f3-94f9-08bf8275d5e0 2997b4e0393c4cb9aca06d6143a03f5e 2e8187c5a7ff43bab0ed3ccb93cd3460 - - 41a00e5bc1624bae9876524ff7500768 41a00e5bc1624bae9876524ff7500768] 199.204.45.238 "GET /v2.0/ports?device_id=0677521b-67e6-41e0-981d-d997ecedb362&fields=binding%3Ahost_id&fields=binding%3Avif_type HTTP/1.1" status: 200 len: 265 time: 0.0540950
2026-05-10 01:59:29.552 9 INFO neutron.wsgi [req-18509126-2c66-471b-9152-cdac2eb436db req-02cef0de-e48a-45c0-8197-abecd603615c 2997b4e0393c4cb9aca06d6143a03f5e 2e8187c5a7ff43bab0ed3ccb93cd3460 - - 41a00e5bc1624bae9876524ff7500768 41a00e5bc1624bae9876524ff7500768] 199.204.45.238 "GET /v2.0/ports?tenant_id=944ddf480f28468fb4251a936a9014a4&device_id=0677521b-67e6-41e0-981d-d997ecedb362 HTTP/1.1" status: 200 len: 1448 time: 0.0643210
2026-05-10 01:59:29.643 9 INFO neutron.wsgi [req-18509126-2c66-471b-9152-cdac2eb436db req-d260c1fe-b691-41c8-b473-58146a6fc0f3 2997b4e0393c4cb9aca06d6143a03f5e 2e8187c5a7ff43bab0ed3ccb93cd3460 - - 41a00e5bc1624bae9876524ff7500768 41a00e5bc1624bae9876524ff7500768] 199.204.45.238 "GET /v2.0/networks?id=64c8ad3b-1a64-4744-b651-27e568c79da7 HTTP/1.1" status: 200 len: 970 time: 0.0611324
2026-05-10 01:59:29.696 9 INFO neutron.wsgi [req-18509126-2c66-471b-9152-cdac2eb436db req-76566415-865e-4e8d-ad04-482dd2d84918 2997b4e0393c4cb9aca06d6143a03f5e 2e8187c5a7ff43bab0ed3ccb93cd3460 - - 41a00e5bc1624bae9876524ff7500768 41a00e5bc1624bae9876524ff7500768] 199.204.45.238 "GET /v2.0/floatingips?fixed_ip_address=10.100.0.7&port_id=1f992eef-b9ff-4af0-aa97-364b73e54f61 HTTP/1.1" status: 200 len: 1059 time: 0.0478904
