2026-05-10 02:00:00.761 9 INFO neutron.db.ovn_revision_numbers_db [None req-756abb67-7948-48a0-9f0f-811acafd93bb 928a511609eb4328858c8f11dc480f2e 2f0907899f264386bc5d773d44f6f0cf - - default default] Successfully bumped revision number for resource 63914412-8f1d-4edb-a437-1d8b059e2200 (type: ports) to 1
2026-05-10 02:00:00.771 10 INFO neutron.wsgi [None req-7a417047-bba3-4940-b297-13ec5fb91bfb 2332098c27c04438ae47111983c3f2d5 1322d64562314c1a94d7d115d12403ea - - default default] 10.0.0.141 "GET /v2.0/ports?device_id=4b7d9c13-11cf-4f81-b53a-c7e88981c210 HTTP/1.1" status: 200 len: 205 time: 0.0252481
2026-05-10 02:00:00.803 9 INFO neutron.wsgi [None req-756abb67-7948-48a0-9f0f-811acafd93bb 928a511609eb4328858c8f11dc480f2e 2f0907899f264386bc5d773d44f6f0cf - - default default] 10.0.0.141 "POST /v2.0/ports HTTP/1.1" status: 201 len: 1162 time: 0.6670372
2026-05-10 02:00:00.804 10 INFO neutron.api.v2.resource [None req-18097d47-ca9e-4dc4-9ab6-20a846db8946 2332098c27c04438ae47111983c3f2d5 1322d64562314c1a94d7d115d12403ea - - default default] delete failed (client error): The resource could not be found.
2026-05-10 02:00:00.805 10 INFO neutron.wsgi [None req-18097d47-ca9e-4dc4-9ab6-20a846db8946 2332098c27c04438ae47111983c3f2d5 1322d64562314c1a94d7d115d12403ea - - default default] 10.0.0.141 "DELETE /v2.0/routers/4b7d9c13-11cf-4f81-b53a-c7e88981c210 HTTP/1.1" status: 404 len: 336 time: 0.0307472
2026-05-10 02:00:00.833 9 INFO neutron.pecan_wsgi.hooks.translation [None req-b6927e49-a6f8-43dc-a272-59290df04bac 2332098c27c04438ae47111983c3f2d5 1322d64562314c1a94d7d115d12403ea - - default default] DELETE failed (client error): The resource could not be found.
2026-05-10 02:00:00.835 9 INFO neutron.wsgi [None req-b6927e49-a6f8-43dc-a272-59290df04bac 2332098c27c04438ae47111983c3f2d5 1322d64562314c1a94d7d115d12403ea - - default default] 10.0.0.141 "DELETE /v2.0/subnets/9702070f-3ba3-4498-a3ae-975923702d4b HTTP/1.1" status: 404 len: 337 time: 0.0257158
2026-05-10 02:00:00.872 9 INFO neutron.wsgi [None req-d0789f30-7f62-4305-a5e6-d0876bc11496 2332098c27c04438ae47111983c3f2d5 1322d64562314c1a94d7d115d12403ea - - default default] 10.0.0.141 "GET /v2.0/ports?device_id=8582e283-2809-45a4-a2fc-911f8d4306e7 HTTP/1.1" status: 200 len: 205 time: 0.0283778
2026-05-10 02:00:00.883 9 INFO neutron.wsgi [-] 10.0.0.34 "GET / HTTP/1.1" status: 200 len: 247 time: 0.0017700
2026-05-10 02:00:00.886 9 INFO neutron.wsgi [-] 10.0.0.34 "GET / HTTP/1.1" status: 200 len: 247 time: 0.0013785
2026-05-10 02:00:00.914 10 INFO neutron.api.v2.resource [None req-4860e052-6800-4957-ab6f-c7e2d01f772d 2332098c27c04438ae47111983c3f2d5 1322d64562314c1a94d7d115d12403ea - - default default] delete failed (client error): The resource could not be found.
2026-05-10 02:00:00.915 10 INFO neutron.wsgi [None req-4860e052-6800-4957-ab6f-c7e2d01f772d 2332098c27c04438ae47111983c3f2d5 1322d64562314c1a94d7d115d12403ea - - default default] 10.0.0.141 "DELETE /v2.0/routers/8582e283-2809-45a4-a2fc-911f8d4306e7 HTTP/1.1" status: 404 len: 336 time: 0.0369391
2026-05-10 02:00:00.946 9 INFO neutron.pecan_wsgi.hooks.translation [None req-5d1c6c67-625e-48ae-a663-deb53549298e 2332098c27c04438ae47111983c3f2d5 1322d64562314c1a94d7d115d12403ea - - default default] DELETE failed (client error): The resource could not be found.
2026-05-10 02:00:00.949 9 INFO neutron.wsgi [None req-5d1c6c67-625e-48ae-a663-deb53549298e 2332098c27c04438ae47111983c3f2d5 1322d64562314c1a94d7d115d12403ea - - default default] 10.0.0.141 "DELETE /v2.0/subnets/8bd115b9-9192-442d-a177-a75ece9a9f66 HTTP/1.1" status: 404 len: 337 time: 0.0283399
2026-05-10 02:00:00.982 9 INFO neutron.pecan_wsgi.hooks.translation [None req-40a9bdf6-039e-4f52-bc4e-8a4f3952f89f 2332098c27c04438ae47111983c3f2d5 1322d64562314c1a94d7d115d12403ea - - default default] DELETE failed (client error): The resource could not be found.
2026-05-10 02:00:00.986 9 INFO neutron.wsgi [None req-40a9bdf6-039e-4f52-bc4e-8a4f3952f89f 2332098c27c04438ae47111983c3f2d5 1322d64562314c1a94d7d115d12403ea - - default default] 10.0.0.141 "DELETE /v2.0/subnets/b55f8ff9-4ee7-40e4-a5ce-59a5ff71be86 HTTP/1.1" status: 404 len: 337 time: 0.0321934
2026-05-10 02:00:01.112 10 INFO neutron.db.ovn_revision_numbers_db [None req-7e4dc2fa-76ef-4b5a-bd43-31670243dd55 a72b53b28ab844869eee847fd706c4b1 438eeca712434e89bfa7f9ef071394ff - - default default] Successfully bumped revision number for resource 4354b71e-0a0e-4982-9933-bf6494c2e84f (type: security_groups) to 1
2026-05-10 02:00:01.143 10 INFO neutron.db.ovn_revision_numbers_db [None req-7e4dc2fa-76ef-4b5a-bd43-31670243dd55 a72b53b28ab844869eee847fd706c4b1 438eeca712434e89bfa7f9ef071394ff - - default default] Successfully bumped revision number for resource 63d81e8d-fc9d-43b3-8407-1bf0eb41a11f (type: security_group_rules) to 0
2026-05-10 02:00:01.169 10 INFO neutron.db.ovn_revision_numbers_db [None req-7e4dc2fa-76ef-4b5a-bd43-31670243dd55 a72b53b28ab844869eee847fd706c4b1 438eeca712434e89bfa7f9ef071394ff - - default default] Successfully bumped revision number for resource 8128e06d-7f0a-4b7b-b253-59f6d9fb5c95 (type: security_group_rules) to 0
2026-05-10 02:00:01.204 10 INFO neutron.db.ovn_revision_numbers_db [None req-7e4dc2fa-76ef-4b5a-bd43-31670243dd55 a72b53b28ab844869eee847fd706c4b1 438eeca712434e89bfa7f9ef071394ff - - default default] Successfully bumped revision number for resource a2e1800a-497d-475b-913d-7bba329273d9 (type: security_group_rules) to 0
2026-05-10 02:00:01.217 10 INFO neutron.db.ovn_revision_numbers_db [None req-7e4dc2fa-76ef-4b5a-bd43-31670243dd55 a72b53b28ab844869eee847fd706c4b1 438eeca712434e89bfa7f9ef071394ff - - default default] Successfully bumped revision number for resource f185c58d-1edc-47a3-b5d2-ab40a5f16f64 (type: security_group_rules) to 0
2026-05-10 02:00:01.263 10 INFO neutron.wsgi [None req-7e4dc2fa-76ef-4b5a-bd43-31670243dd55 a72b53b28ab844869eee847fd706c4b1 438eeca712434e89bfa7f9ef071394ff - - default default] 10.0.0.141 "GET /v2.0/security-groups?tenant_id=462d62e94eaf4cfc8dc1181154141401&name=default HTTP/1.1" status: 200 len: 2996 time: 0.3932343
2026-05-10 02:00:01.401 10 INFO neutron.db.ovn_revision_numbers_db [None req-7a6c20a5-5f66-4819-8ada-2d638043a680 928a511609eb4328858c8f11dc480f2e 2f0907899f264386bc5d773d44f6f0cf - - default default] Successfully bumped revision number for resource 63914412-8f1d-4edb-a437-1d8b059e2200 (type: router_ports) to 2
2026-05-10 02:00:01.589 10 INFO neutron.db.ovn_revision_numbers_db [None req-7a6c20a5-5f66-4819-8ada-2d638043a680 928a511609eb4328858c8f11dc480f2e 2f0907899f264386bc5d773d44f6f0cf - - default default] Successfully bumped revision number for resource 63914412-8f1d-4edb-a437-1d8b059e2200 (type: ports) to 2
2026-05-10 02:00:01.600 10 INFO neutron.wsgi [None req-706ac8d7-5a22-459a-808f-4a1fe533c72e a72b53b28ab844869eee847fd706c4b1 438eeca712434e89bfa7f9ef071394ff - - default default] 10.0.0.141 "DELETE /v2.0/security-groups/4354b71e-0a0e-4982-9933-bf6494c2e84f HTTP/1.1" status: 204 len: 168 time: 0.3318119 /var/lib/openstack/lib/python3.10/site-packages/pycadf/identifier.py:71: UserWarning: Invalid uuid: neutron. To ensure interoperability, identifiers should be a valid uuid. warnings.warn(('Invalid uuid: %s. To ensure interoperability, '
2026-05-10 02:00:02.035 10 INFO neutron.db.ovn_revision_numbers_db [None req-c951234b-89b2-452c-b9bd-dcf85204219d a72b53b28ab844869eee847fd706c4b1 438eeca712434e89bfa7f9ef071394ff - - default default] Successfully bumped revision number for resource c12dc2b5-213d-4d15-bc8a-b3db864bde18 (type: security_groups) to 1
2026-05-10 02:00:02.052 10 INFO neutron.wsgi [None req-01e88e9b-9851-4545-aaa5-e619b2edcb6b a72b53b28ab844869eee847fd706c4b1 438eeca712434e89bfa7f9ef071394ff - - default default] 10.0.0.141 "GET /v2.0/security-groups?tenant_id=1322d64562314c1a94d7d115d12403ea&name=default HTTP/1.1" status: 200 len: 2996 time: 0.4035223
2026-05-10 02:00:02.064 10 INFO neutron.db.ovn_revision_numbers_db [None req-c951234b-89b2-452c-b9bd-dcf85204219d a72b53b28ab844869eee847fd706c4b1 438eeca712434e89bfa7f9ef071394ff - - default default] Successfully bumped revision number for resource 39384504-67d5-46b6-965c-ab51614d924c (type: security_group_rules) to 0
2026-05-10 02:00:02.097 10 INFO neutron.db.ovn_revision_numbers_db [None req-c951234b-89b2-452c-b9bd-dcf85204219d a72b53b28ab844869eee847fd706c4b1 438eeca712434e89bfa7f9ef071394ff - - default default] Successfully bumped revision number for resource 5420bb79-a97b-41c3-9e90-99b9f3811453 (type: security_group_rules) to 0
2026-05-10 02:00:02.128 10 INFO neutron.db.ovn_revision_numbers_db [None req-c951234b-89b2-452c-b9bd-dcf85204219d a72b53b28ab844869eee847fd706c4b1 438eeca712434e89bfa7f9ef071394ff - - default default] Successfully bumped revision number for resource 66b01da2-7570-4d83-a760-eb1d84443f83 (type: security_group_rules) to 0
2026-05-10 02:00:02.139 10 INFO neutron.db.ovn_revision_numbers_db [None req-7a6c20a5-5f66-4819-8ada-2d638043a680 928a511609eb4328858c8f11dc480f2e 2f0907899f264386bc5d773d44f6f0cf - - default default] Successfully bumped revision number for resource 63914412-8f1d-4edb-a437-1d8b059e2200 (type: router_ports) to 2
2026-05-10 02:00:02.152 10 INFO neutron.db.ovn_revision_numbers_db [None req-c951234b-89b2-452c-b9bd-dcf85204219d a72b53b28ab844869eee847fd706c4b1 438eeca712434e89bfa7f9ef071394ff - - default default] Successfully bumped revision number for resource d9548be3-6e62-4aef-8687-8bd0b38293e0 (type: security_group_rules) to 0
2026-05-10 02:00:02.183 10 INFO neutron.wsgi [None req-c951234b-89b2-452c-b9bd-dcf85204219d a72b53b28ab844869eee847fd706c4b1 438eeca712434e89bfa7f9ef071394ff - - default default] 10.0.0.141 "GET /v2.0/security-groups?tenant_id=9d255294b49b4d7982c3577eff456c4a&name=default HTTP/1.1" status: 200 len: 2996 time: 0.3773227
2026-05-10 02:00:02.274 10 INFO neutron.db.ovn_revision_numbers_db [None req-7a6c20a5-5f66-4819-8ada-2d638043a680 928a511609eb4328858c8f11dc480f2e 2f0907899f264386bc5d773d44f6f0cf - - default default] Successfully bumped revision number for resource 63914412-8f1d-4edb-a437-1d8b059e2200 (type: ports) to 2
2026-05-10 02:00:02.361 10 WARNING neutron.scheduler.dhcp_agent_scheduler [None req-7a6c20a5-5f66-4819-8ada-2d638043a680 928a511609eb4328858c8f11dc480f2e 2f0907899f264386bc5d773d44f6f0cf - - default default] No more DHCP agents
2026-05-10 02:00:02.375 10 WARNING neutron.api.rpc.agentnotifiers.dhcp_rpc_agent_api [None req-7a6c20a5-5f66-4819-8ada-2d638043a680 928a511609eb4328858c8f11dc480f2e 2f0907899f264386bc5d773d44f6f0cf - - default default] Unable to schedule network 6c956655-522d-4ed9-b7ec-0fb62c5ce8fd: no agents available; will retry on subsequent port and subnet creation events.
2026-05-10 02:00:02.390 9 INFO neutron.wsgi [None req-e00c57c4-f456-4cf2-a2b8-9655a367acaa a72b53b28ab844869eee847fd706c4b1 438eeca712434e89bfa7f9ef071394ff - - default default] 10.0.0.141 "DELETE /v2.0/security-groups/0728bc77-2960-4a0a-bec7-5b65419d1725 HTTP/1.1" status: 204 len: 168 time: 0.3321843
2026-05-10 02:00:02.451 9 INFO neutron.wsgi [None req-428e4c5c-29d0-4f31-8b42-f11046548031 a72b53b28ab844869eee847fd706c4b1 438eeca712434e89bfa7f9ef071394ff - - default default] 10.0.0.141 "DELETE /v2.0/security-groups/c12dc2b5-213d-4d15-bc8a-b3db864bde18 HTTP/1.1" status: 204 len: 168 time: 0.2606704
2026-05-10 02:00:02.749 10 INFO neutron.db.ovn_revision_numbers_db [None req-7a6c20a5-5f66-4819-8ada-2d638043a680 928a511609eb4328858c8f11dc480f2e 2f0907899f264386bc5d773d44f6f0cf - - default default] Successfully bumped revision number for resource 63914412-8f1d-4edb-a437-1d8b059e2200 (type: router_ports) to 2
2026-05-10 02:00:02.752 10 INFO neutron.wsgi [None req-7a6c20a5-5f66-4819-8ada-2d638043a680 928a511609eb4328858c8f11dc480f2e 2f0907899f264386bc5d773d44f6f0cf - - default default] 10.0.0.141 "PUT /v2.0/routers/faa17b1b-0fa4-4e94-9792-c16c5eec1134/add_router_interface HTTP/1.1" status: 200 len: 503 time: 1.9426188 /var/lib/openstack/lib/python3.10/site-packages/pycadf/identifier.py:71: UserWarning: Invalid uuid: neutron. To ensure interoperability, identifiers should be a valid uuid. warnings.warn(('Invalid uuid: %s. To ensure interoperability, '
2026-05-10 02:00:02.835 10 INFO neutron.wsgi [None req-def79a0c-7ba6-4648-8a46-80081145d9c1 928a511609eb4328858c8f11dc480f2e 2f0907899f264386bc5d773d44f6f0cf - - default default] 10.0.0.141 "GET /v2.0/ports/63914412-8f1d-4edb-a437-1d8b059e2200 HTTP/1.1" status: 200 len: 1218 time: 0.0780358
2026-05-10 02:00:03.392 10 INFO neutron.wsgi [None req-310fe7c1-216c-4cf6-b79d-2e48b60b4377 928a511609eb4328858c8f11dc480f2e 2f0907899f264386bc5d773d44f6f0cf - - default default] 10.0.0.141 "PUT /v2.0/routers/faa17b1b-0fa4-4e94-9792-c16c5eec1134/remove_router_interface HTTP/1.1" status: 200 len: 503 time: 0.5510952 /var/lib/openstack/lib/python3.10/site-packages/pycadf/identifier.py:71: UserWarning: Invalid uuid: neutron. To ensure interoperability, identifiers should be a valid uuid. warnings.warn(('Invalid uuid: %s. To ensure interoperability, '
2026-05-10 02:00:03.469 10 INFO neutron.api.v2.resource [None req-cf1bbd31-dd6b-4fac-b385-4736154b1732 928a511609eb4328858c8f11dc480f2e 2f0907899f264386bc5d773d44f6f0cf - - default default] remove_router_interface failed (client error): The resource could not be found.
2026-05-10 02:00:03.470 10 INFO neutron.wsgi [None req-cf1bbd31-dd6b-4fac-b385-4736154b1732 928a511609eb4328858c8f11dc480f2e 2f0907899f264386bc5d773d44f6f0cf - - default default] 10.0.0.141 "PUT /v2.0/routers/faa17b1b-0fa4-4e94-9792-c16c5eec1134/remove_router_interface HTTP/1.1" status: 404 len: 398 time: 0.0730293
2026-05-10 02:00:03.497 10 INFO neutron.wsgi [None req-a6ab3be2-2f5c-4662-a7cf-241c4519131a 928a511609eb4328858c8f11dc480f2e 2f0907899f264386bc5d773d44f6f0cf - - default default] 10.0.0.141 "GET /v2.0/ports?device_id=faa17b1b-0fa4-4e94-9792-c16c5eec1134 HTTP/1.1" status: 200 len: 205 time: 0.0217745
2026-05-10 02:00:04.026 9 INFO neutron.wsgi [None req-5bb9b27b-8a58-4b72-9cf3-439e6b55bba6 928a511609eb4328858c8f11dc480f2e 2f0907899f264386bc5d773d44f6f0cf - - default default] 10.0.0.141 "DELETE /v2.0/routers/faa17b1b-0fa4-4e94-9792-c16c5eec1134 HTTP/1.1" status: 204 len: 168 time: 0.5238798
2026-05-10 02:00:04.268 9 INFO neutron.wsgi [None req-7c6c1156-f904-4b40-b13a-0e2c14da7b19 928a511609eb4328858c8f11dc480f2e 2f0907899f264386bc5d773d44f6f0cf - - default default] 10.0.0.141 "DELETE /v2.0/subnets/cf9302ef-f470-46ff-bf5e-68a8b305c8f5 HTTP/1.1" status: 204 len: 168 time: 0.2371864
2026-05-10 02:00:04.736 9 INFO neutron.services.segments.plugin [-] Segment 9881df55-23ae-4e9d-994c-c3fcd687bb56 resource provider aggregate not found
2026-05-10 02:00:04.742 9 INFO neutron.services.segments.plugin [-] Segment 9881df55-23ae-4e9d-994c-c3fcd687bb56 resource provider aggregate not found
2026-05-10 02:00:04.757 9 INFO neutron.services.segments.plugin [-] Segment 9881df55-23ae-4e9d-994c-c3fcd687bb56 resource provider not found; error: Placement Client Error (4xx): {"errors": [{"status": 404, "title": "Not Found", "detail": "The resource could not be found.\n\n No resource provider with uuid 9881df55-23ae-4e9d-994c-c3fcd687bb56 found for delete ", "request_id": "req-dbab5fef-11a3-4958-b9df-35472bd825d1"}]}
2026-05-10 02:00:04.760 9 INFO neutron.services.segments.plugin [-] Segment 9881df55-23ae-4e9d-994c-c3fcd687bb56 resource provider not found; error: Placement Client Error (4xx): {"errors": [{"status": 404, "title": "Not Found", "detail": "The resource could not be found.\n\n No resource provider with uuid 9881df55-23ae-4e9d-994c-c3fcd687bb56 found for delete ", "request_id": "req-bd4ae790-bfb4-41b4-8b07-55f6aff4f01e"}]}
2026-05-10 02:00:04.795 9 INFO neutron.wsgi [None req-b8be4e12-b5df-49c6-9974-3704ea126e85 928a511609eb4328858c8f11dc480f2e 2f0907899f264386bc5d773d44f6f0cf - - default default] 10.0.0.141 "DELETE /v2.0/networks/6c956655-522d-4ed9-b7ec-0fb62c5ce8fd HTTP/1.1" status: 204 len: 168 time: 0.5209634
2026-05-10 02:00:04.808 10 WARNING neutron_lib.context [None req-85ceb7e7-9447-41b1-b097-4928f6cf7aa5 928a511609eb4328858c8f11dc480f2e 2f0907899f264386bc5d773d44f6f0cf - - default default] Method 'is_advsvc' is deprecated since 2023.2 release (neutron-lib 3.8.0) and will be removed once support for the old RBAC API policies will be removed from Neutron. Please use method 'is_service_role' instead.
2026-05-10 02:00:04.907 10 INFO neutron.db.segments_db [None req-85ceb7e7-9447-41b1-b097-4928f6cf7aa5 928a511609eb4328858c8f11dc480f2e 2f0907899f264386bc5d773d44f6f0cf - - default default] Added segment 8ccadb76-1e7d-49aa-9de8-18538e6bd5e6 of type geneve for network 26e34c9e-af71-48f5-a9ab-0c1c7d8a5532
2026-05-10 02:00:05.078 10 INFO neutron.db.ovn_revision_numbers_db [None req-85ceb7e7-9447-41b1-b097-4928f6cf7aa5 928a511609eb4328858c8f11dc480f2e 2f0907899f264386bc5d773d44f6f0cf - - default default] Successfully bumped revision number for resource 26e34c9e-af71-48f5-a9ab-0c1c7d8a5532 (type: networks) to 1
2026-05-10 02:00:05.124 10 WARNING neutron.plugins.ml2.drivers.ovn.mech_driver.ovsdb.ovn_client [None req-b16e519a-6e9a-4667-a667-1917cb12fb06 - - - - - -] No port found with ID 81759578-3502-45d9-a8cc-c267f3834466: RuntimeError: No port found with ID 81759578-3502-45d9-a8cc-c267f3834466
2026-05-10 02:00:05.125 10 INFO neutron.plugins.ml2.drivers.ovn.mech_driver.mech_driver [None req-b16e519a-6e9a-4667-a667-1917cb12fb06 - - - - - -] OVN reports status up for port: 63914412-8f1d-4edb-a437-1d8b059e2200
2026-05-10 02:00:05.321 10 WARNING neutron.scheduler.dhcp_agent_scheduler [None req-85ceb7e7-9447-41b1-b097-4928f6cf7aa5 928a511609eb4328858c8f11dc480f2e 2f0907899f264386bc5d773d44f6f0cf - - default default] No more DHCP agents
2026-05-10 02:00:05.324 10 WARNING neutron.api.rpc.agentnotifiers.dhcp_rpc_agent_api [None req-85ceb7e7-9447-41b1-b097-4928f6cf7aa5 928a511609eb4328858c8f11dc480f2e 2f0907899f264386bc5d773d44f6f0cf - - default default] Unable to schedule network 26e34c9e-af71-48f5-a9ab-0c1c7d8a5532: no agents available; will retry on subsequent port and subnet creation events.
2026-05-10 02:00:05.444 10 INFO neutron.db.ovn_revision_numbers_db [None req-85ceb7e7-9447-41b1-b097-4928f6cf7aa5 928a511609eb4328858c8f11dc480f2e 2f0907899f264386bc5d773d44f6f0cf - - default default] Successfully bumped revision number for resource 93675b01-d5bd-44a5-ad04-b13be42d77bb (type: ports) to 1
2026-05-10 02:00:05.470 10 INFO neutron.wsgi [None req-85ceb7e7-9447-41b1-b097-4928f6cf7aa5 928a511609eb4328858c8f11dc480f2e 2f0907899f264386bc5d773d44f6f0cf - - default default] 10.0.0.141 "POST /v2.0/networks HTTP/1.1" status: 201 len: 833 time: 0.6682339
2026-05-10 02:00:05.481 10 WARNING neutron_lib.context [None req-67976e68-fcf3-4cbe-b3e9-9843e39c7f91 928a511609eb4328858c8f11dc480f2e 2f0907899f264386bc5d773d44f6f0cf - - default default] Method 'is_advsvc' is deprecated since 2023.2 release (neutron-lib 3.8.0) and will be removed once support for the old RBAC API policies will be removed from Neutron. Please use method 'is_service_role' instead.
2026-05-10 02:00:05.694 10 WARNING neutron.scheduler.dhcp_agent_scheduler [None req-67976e68-fcf3-4cbe-b3e9-9843e39c7f91 928a511609eb4328858c8f11dc480f2e 2f0907899f264386bc5d773d44f6f0cf - - default default] No more DHCP agents
2026-05-10 02:00:05.695 10 WARNING neutron.api.rpc.agentnotifiers.dhcp_rpc_agent_api [None req-67976e68-fcf3-4cbe-b3e9-9843e39c7f91 928a511609eb4328858c8f11dc480f2e 2f0907899f264386bc5d773d44f6f0cf - - default default] Unable to schedule network 26e34c9e-af71-48f5-a9ab-0c1c7d8a5532: no agents available; will retry on subsequent port and subnet creation events.
2026-05-10 02:00:05.744 10 INFO neutron.db.ovn_revision_numbers_db [None req-67976e68-fcf3-4cbe-b3e9-9843e39c7f91 928a511609eb4328858c8f11dc480f2e 2f0907899f264386bc5d773d44f6f0cf - - default default] Successfully bumped revision number for resource 4d009fdc-6709-48a4-913e-b785735665b5 (type: subnets) to 0
2026-05-10 02:00:05.762 10 INFO neutron.wsgi [None req-67976e68-fcf3-4cbe-b3e9-9843e39c7f91 928a511609eb4328858c8f11dc480f2e 2f0907899f264386bc5d773d44f6f0cf - - default default] 10.0.0.141 "POST /v2.0/subnets HTTP/1.1" status: 201 len: 821 time: 0.2877083
2026-05-10 02:00:05.773 10 WARNING neutron_lib.context [None req-deb28378-1eb7-4b55-bccb-207d8526daf6 928a511609eb4328858c8f11dc480f2e 2f0907899f264386bc5d773d44f6f0cf - - default default] Method 'is_advsvc' is deprecated since 2023.2 release (neutron-lib 3.8.0) and will be removed once support for the old RBAC API policies will be removed from Neutron. Please use method 'is_service_role' instead.
2026-05-10 02:00:05.951 10 INFO neutron.db.ovn_revision_numbers_db [None req-deb28378-1eb7-4b55-bccb-207d8526daf6 928a511609eb4328858c8f11dc480f2e 2f0907899f264386bc5d773d44f6f0cf - - default default] Successfully bumped revision number for resource 6c48aea5-0fd8-40b4-9e0c-80f93c66f901 (type: routers) to 1
2026-05-10 02:00:05.983 10 INFO neutron.wsgi [None req-deb28378-1eb7-4b55-bccb-207d8526daf6 928a511609eb4328858c8f11dc480f2e 2f0907899f264386bc5d773d44f6f0cf - - default default] 10.0.0.141 "POST /v2.0/routers HTTP/1.1" status: 201 len: 690 time: 0.2153771
2026-05-10 02:00:06.479 10 WARNING neutron.scheduler.dhcp_agent_scheduler [None req-a4f4afeb-7d57-44ad-a8c7-bfa0899efedc 928a511609eb4328858c8f11dc480f2e 2f0907899f264386bc5d773d44f6f0cf - - default default] No more DHCP agents
2026-05-10 02:00:06.482 10 WARNING neutron.api.rpc.agentnotifiers.dhcp_rpc_agent_api [None req-a4f4afeb-7d57-44ad-a8c7-bfa0899efedc 928a511609eb4328858c8f11dc480f2e 2f0907899f264386bc5d773d44f6f0cf - - default default] Unable to schedule network 26e34c9e-af71-48f5-a9ab-0c1c7d8a5532: no agents available; will retry on subsequent port and subnet creation events.
2026-05-10 02:00:06.620 10 INFO neutron.db.ovn_revision_numbers_db [None req-a4f4afeb-7d57-44ad-a8c7-bfa0899efedc 928a511609eb4328858c8f11dc480f2e 2f0907899f264386bc5d773d44f6f0cf - - default default] Successfully bumped revision number for resource 8135f590-5513-4ef3-9a90-6baf31c8b170 (type: ports) to 1
2026-05-10 02:00:06.729 10 INFO neutron.db.ovn_revision_numbers_db [None req-e2037648-1725-474e-8cfe-7253cc325ba7 a72b53b28ab844869eee847fd706c4b1 438eeca712434e89bfa7f9ef071394ff - - default default] Successfully bumped revision number for resource 30aed892-de25-43ee-a890-970e45d14be1 (type: security_groups) to 1
2026-05-10 02:00:06.768 10 INFO neutron.db.ovn_revision_numbers_db [None req-e2037648-1725-474e-8cfe-7253cc325ba7 a72b53b28ab844869eee847fd706c4b1 438eeca712434e89bfa7f9ef071394ff - - default default] Successfully bumped revision number for resource 07cec420-985f-4a06-a9fc-f82e1b33213e (type: security_group_rules) to 0
2026-05-10 02:00:06.794 10 INFO neutron.db.ovn_revision_numbers_db [None req-e2037648-1725-474e-8cfe-7253cc325ba7 a72b53b28ab844869eee847fd706c4b1 438eeca712434e89bfa7f9ef071394ff - - default default] Successfully bumped revision number for resource 0fed4823-2818-4d6c-ba41-4d11619f4156 (type: security_group_rules) to 0
2026-05-10 02:00:06.832 10 INFO neutron.db.ovn_revision_numbers_db [None req-e2037648-1725-474e-8cfe-7253cc325ba7 a72b53b28ab844869eee847fd706c4b1 438eeca712434e89bfa7f9ef071394ff - - default default] Successfully bumped revision number for resource 8fcc9ca1-83f7-4d99-ba63-6425f2bba9fc (type: security_group_rules) to 0
2026-05-10 02:00:06.857 10 INFO neutron.db.ovn_revision_numbers_db [None req-e2037648-1725-474e-8cfe-7253cc325ba7 a72b53b28ab844869eee847fd706c4b1 438eeca712434e89bfa7f9ef071394ff - - default default] Successfully bumped revision number for resource b0d4c73b-b3bb-4997-a9b1-35b3bfc12125 (type: security_group_rules) to 0
2026-05-10 02:00:06.898 10 INFO neutron.wsgi [None req-e2037648-1725-474e-8cfe-7253cc325ba7 a72b53b28ab844869eee847fd706c4b1 438eeca712434e89bfa7f9ef071394ff - - default default] 10.0.0.141 "GET /v2.0/security-groups?tenant_id=0a1ae88fca874f368109b3abcb88df14&name=default HTTP/1.1" status: 200 len: 2996 time: 0.5867753
2026-05-10 02:00:07.036 9 INFO neutron.plugins.ml2.drivers.ovn.mech_driver.mech_driver [None req-e30fdbb3-ecfb-4c9d-bf8c-ae56bdb1dc42 - - - - - -] OVN reports status up for port: 8135f590-5513-4ef3-9a90-6baf31c8b170
2026-05-10 02:00:07.048 9 INFO neutron.plugins.ml2.plugin [None req-e30fdbb3-ecfb-4c9d-bf8c-ae56bdb1dc42 - - - - - -] Attempt 1 to provision port 8135f590-5513-4ef3-9a90-6baf31c8b170
2026-05-10 02:00:07.063 10 INFO neutron.db.ovn_revision_numbers_db [None req-a4f4afeb-7d57-44ad-a8c7-bfa0899efedc 928a511609eb4328858c8f11dc480f2e 2f0907899f264386bc5d773d44f6f0cf - - default default] Successfully bumped revision number for resource 8135f590-5513-4ef3-9a90-6baf31c8b170 (type: router_ports) to 1
2026-05-10 02:00:07.083 9 WARNING neutron_lib.context [None req-0ec49954-50a6-457f-ab3a-3ecd63b9f044 554ee6a2b01240d38847e7717dcaceac c9e824dff5814bdab1d39f45d489f472 - - default default] Method 'is_advsvc' is deprecated since 2023.2 release (neutron-lib 3.8.0) and will be removed once support for the old RBAC API policies will be removed from Neutron. Please use method 'is_service_role' instead.
2026-05-10 02:00:07.172 10 INFO neutron.db.ovn_revision_numbers_db [None req-a4f4afeb-7d57-44ad-a8c7-bfa0899efedc 928a511609eb4328858c8f11dc480f2e 2f0907899f264386bc5d773d44f6f0cf - - default default] Successfully bumped revision number for resource 8135f590-5513-4ef3-9a90-6baf31c8b170 (type: ports) to 1
2026-05-10 02:00:07.223 9 INFO neutron.wsgi [None req-14921917-5dc3-445d-a325-ce31384e01be a72b53b28ab844869eee847fd706c4b1 438eeca712434e89bfa7f9ef071394ff - - default default] 10.0.0.141 "DELETE /v2.0/security-groups/30aed892-de25-43ee-a890-970e45d14be1 HTTP/1.1" status: 204 len: 168 time: 0.3182116
2026-05-10 02:00:07.250 10 WARNING neutron.scheduler.dhcp_agent_scheduler [None req-a4f4afeb-7d57-44ad-a8c7-bfa0899efedc 928a511609eb4328858c8f11dc480f2e 2f0907899f264386bc5d773d44f6f0cf - - default default] No more DHCP agents
2026-05-10 02:00:07.252 10 WARNING neutron.api.rpc.agentnotifiers.dhcp_rpc_agent_api [None req-a4f4afeb-7d57-44ad-a8c7-bfa0899efedc 928a511609eb4328858c8f11dc480f2e 2f0907899f264386bc5d773d44f6f0cf - - default default] Unable to schedule network 26e34c9e-af71-48f5-a9ab-0c1c7d8a5532: no agents available; will retry on subsequent port and subnet creation events.
2026-05-10 02:00:07.439 10 INFO neutron.db.ovn_revision_numbers_db [None req-a4f4afeb-7d57-44ad-a8c7-bfa0899efedc 928a511609eb4328858c8f11dc480f2e 2f0907899f264386bc5d773d44f6f0cf - - default default] Successfully bumped revision number for resource 8135f590-5513-4ef3-9a90-6baf31c8b170 (type: router_ports) to 2
2026-05-10 02:00:07.441 10 INFO neutron.wsgi [None req-a4f4afeb-7d57-44ad-a8c7-bfa0899efedc 928a511609eb4328858c8f11dc480f2e 2f0907899f264386bc5d773d44f6f0cf - - default default] 10.0.0.141 "PUT /v2.0/routers/6c48aea5-0fd8-40b4-9e0c-80f93c66f901/add_router_interface HTTP/1.1" status: 200 len: 503 time: 1.4539273
2026-05-10 02:00:07.463 9 WARNING neutron.scheduler.dhcp_agent_scheduler [None req-0ec49954-50a6-457f-ab3a-3ecd63b9f044 554ee6a2b01240d38847e7717dcaceac c9e824dff5814bdab1d39f45d489f472 - - default default] No more DHCP agents
2026-05-10 02:00:07.466 9 WARNING neutron.api.rpc.agentnotifiers.dhcp_rpc_agent_api [None req-0ec49954-50a6-457f-ab3a-3ecd63b9f044 554ee6a2b01240d38847e7717dcaceac c9e824dff5814bdab1d39f45d489f472 - - default default] Unable to schedule network 364e5f4a-8f91-4827-b233-5db47e9155d6: no agents available; will retry on subsequent port and subnet creation events.
2026-05-10 02:00:07.477 10 INFO neutron.wsgi [None req-c2c0e298-4c20-4406-a006-e34984b4412c 928a511609eb4328858c8f11dc480f2e 2f0907899f264386bc5d773d44f6f0cf - - default default] 10.0.0.141 "GET /v2.0/ports/8135f590-5513-4ef3-9a90-6baf31c8b170 HTTP/1.1" status: 200 len: 1141 time: 0.0317550
2026-05-10 02:00:07.492 9 INFO neutron.db.ovn_revision_numbers_db [None req-e30fdbb3-ecfb-4c9d-bf8c-ae56bdb1dc42 - - - - - -] Successfully bumped revision number for resource 8135f590-5513-4ef3-9a90-6baf31c8b170 (type: ports) to 2
2026-05-10 02:00:07.634 9 INFO neutron.db.ovn_revision_numbers_db [None req-e30fdbb3-ecfb-4c9d-bf8c-ae56bdb1dc42 - - - - - -] Successfully bumped revision number for resource 8135f590-5513-4ef3-9a90-6baf31c8b170 (type: router_ports) to 2
2026-05-10 02:00:07.639 9 INFO neutron.wsgi [None req-e0753b83-959a-4269-b01f-799502247897 928a511609eb4328858c8f11dc480f2e 2f0907899f264386bc5d773d44f6f0cf - - default default] 10.0.0.141 "GET /v2.0/ports/8135f590-5513-4ef3-9a90-6baf31c8b170 HTTP/1.1" status: 200 len: 1141 time: 0.1574402
2026-05-10 02:00:07.877 9 INFO neutron.db.ovn_revision_numbers_db [None req-0ec49954-50a6-457f-ab3a-3ecd63b9f044 554ee6a2b01240d38847e7717dcaceac c9e824dff5814bdab1d39f45d489f472 - - default default] Successfully bumped revision number for resource 8cabcb9f-f878-4504-82c1-f52c4e524a5d (type: floatingips) to 0
2026-05-10 02:00:07.891 9 INFO neutron.wsgi [None req-0ec49954-50a6-457f-ab3a-3ecd63b9f044 554ee6a2b01240d38847e7717dcaceac c9e824dff5814bdab1d39f45d489f472 - - default default] 10.0.0.141 "POST /v2.0/floatingips HTTP/1.1" status: 201 len: 751 time: 0.8701177
2026-05-10 02:00:07.901 9 WARNING neutron_lib.context [None req-0e557ab6-96a5-47ae-b8ca-20ffef2874d8 554ee6a2b01240d38847e7717dcaceac c9e824dff5814bdab1d39f45d489f472 - - default default] Method 'is_advsvc' is deprecated since 2023.2 release (neutron-lib 3.8.0) and will be removed once support for the old RBAC API policies will be removed from Neutron. Please use method 'is_service_role' instead.
2026-05-10 02:00:08.189 9 WARNING neutron.scheduler.dhcp_agent_scheduler [None req-0e557ab6-96a5-47ae-b8ca-20ffef2874d8 554ee6a2b01240d38847e7717dcaceac c9e824dff5814bdab1d39f45d489f472 - - default default] No more DHCP agents
2026-05-10 02:00:08.193 9 WARNING neutron.api.rpc.agentnotifiers.dhcp_rpc_agent_api [None req-0e557ab6-96a5-47ae-b8ca-20ffef2874d8 554ee6a2b01240d38847e7717dcaceac c9e824dff5814bdab1d39f45d489f472 - - default default] Unable to schedule network 364e5f4a-8f91-4827-b233-5db47e9155d6: no agents available; will retry on subsequent port and subnet creation events.
2026-05-10 02:00:08.235 10 INFO neutron.wsgi [None req-87fd1da2-319f-468f-be64-63e8467c88fa 928a511609eb4328858c8f11dc480f2e 2f0907899f264386bc5d773d44f6f0cf - - default default] 10.0.0.141 "PUT /v2.0/routers/6c48aea5-0fd8-40b4-9e0c-80f93c66f901/remove_router_interface HTTP/1.1" status: 200 len: 503 time: 0.5906377 /var/lib/openstack/lib/python3.10/site-packages/pycadf/identifier.py:71: UserWarning: Invalid uuid: neutron. To ensure interoperability, identifiers should be a valid uuid. warnings.warn(('Invalid uuid: %s. To ensure interoperability, '
2026-05-10 02:00:08.275 10 INFO neutron.wsgi [None req-aae9bd21-af8c-4c4a-9004-ffc963437282 928a511609eb4328858c8f11dc480f2e 2f0907899f264386bc5d773d44f6f0cf - - default default] 10.0.0.141 "GET /v2.0/ports?device_id=6c48aea5-0fd8-40b4-9e0c-80f93c66f901 HTTP/1.1" status: 200 len: 205 time: 0.0261071
2026-05-10 02:00:08.556 9 INFO neutron.db.ovn_revision_numbers_db [None req-0e557ab6-96a5-47ae-b8ca-20ffef2874d8 554ee6a2b01240d38847e7717dcaceac c9e824dff5814bdab1d39f45d489f472 - - default default] Successfully bumped revision number for resource f8000fda-51f0-47de-9473-de727dac9b79 (type: floatingips) to 0
2026-05-10 02:00:08.586 9 INFO neutron.wsgi [None req-0e557ab6-96a5-47ae-b8ca-20ffef2874d8 554ee6a2b01240d38847e7717dcaceac c9e824dff5814bdab1d39f45d489f472 - - default default] 10.0.0.141 "POST /v2.0/floatingips HTTP/1.1" status: 201 len: 751 time: 0.6896083
2026-05-10 02:00:08.595 9 WARNING neutron_lib.context [None req-589e977b-f734-4703-95e6-643953c923b5 554ee6a2b01240d38847e7717dcaceac c9e824dff5814bdab1d39f45d489f472 - - default default] Method 'is_advsvc' is deprecated since 2023.2 release (neutron-lib 3.8.0) and will be removed once support for the old RBAC API policies will be removed from Neutron. Please use method 'is_service_role' instead.
2026-05-10 02:00:08.827 10 INFO neutron.wsgi [None req-63a90f06-22a6-4ab2-a4ec-19327bb56a24 928a511609eb4328858c8f11dc480f2e 2f0907899f264386bc5d773d44f6f0cf - - default default] 10.0.0.141 "DELETE /v2.0/routers/6c48aea5-0fd8-40b4-9e0c-80f93c66f901 HTTP/1.1" status: 204 len: 168 time: 0.5481677
2026-05-10 02:00:08.918 9 WARNING neutron.scheduler.dhcp_agent_scheduler [None req-589e977b-f734-4703-95e6-643953c923b5 554ee6a2b01240d38847e7717dcaceac c9e824dff5814bdab1d39f45d489f472 - - default default] No more DHCP agents
2026-05-10 02:00:08.922 9 WARNING neutron.api.rpc.agentnotifiers.dhcp_rpc_agent_api [None req-589e977b-f734-4703-95e6-643953c923b5 554ee6a2b01240d38847e7717dcaceac c9e824dff5814bdab1d39f45d489f472 - - default default] Unable to schedule network 364e5f4a-8f91-4827-b233-5db47e9155d6: no agents available; will retry on subsequent port and subnet creation events.
2026-05-10 02:00:09.075 10 INFO neutron.wsgi [None req-e971a276-b679-48ec-96e7-89ec384aca9f 928a511609eb4328858c8f11dc480f2e 2f0907899f264386bc5d773d44f6f0cf - - default default] 10.0.0.141 "DELETE /v2.0/subnets/4d009fdc-6709-48a4-913e-b785735665b5 HTTP/1.1" status: 204 len: 168 time: 0.2394314
2026-05-10 02:00:09.361 9 INFO neutron.db.ovn_revision_numbers_db [None req-589e977b-f734-4703-95e6-643953c923b5 554ee6a2b01240d38847e7717dcaceac c9e824dff5814bdab1d39f45d489f472 - - default default] Successfully bumped revision number for resource 634a4686-a336-4b57-a9bc-4a27b43f3e5f (type: floatingips) to 0
2026-05-10 02:00:09.378 9 INFO neutron.wsgi [None req-589e977b-f734-4703-95e6-643953c923b5 554ee6a2b01240d38847e7717dcaceac c9e824dff5814bdab1d39f45d489f472 - - default default] 10.0.0.141 "POST /v2.0/floatingips HTTP/1.1" status: 201 len: 751 time: 0.7876606
2026-05-10 02:00:09.393 9 WARNING neutron_lib.context [None req-b88f4efa-b940-4b09-a995-529c9138989f 554ee6a2b01240d38847e7717dcaceac c9e824dff5814bdab1d39f45d489f472 - - default default] Method 'is_advsvc' is deprecated since 2023.2 release (neutron-lib 3.8.0) and will be removed once support for the old RBAC API policies will be removed from Neutron. Please use method 'is_service_role' instead.
2026-05-10 02:00:09.491 10 INFO neutron.services.segments.plugin [-] Segment 8ccadb76-1e7d-49aa-9de8-18538e6bd5e6 resource provider aggregate not found
2026-05-10 02:00:09.498 10 INFO neutron.services.segments.plugin [-] Segment 8ccadb76-1e7d-49aa-9de8-18538e6bd5e6 resource provider aggregate not found
2026-05-10 02:00:09.517 10 INFO neutron.services.segments.plugin [-] Segment 8ccadb76-1e7d-49aa-9de8-18538e6bd5e6 resource provider not found; error: Placement Client Error (4xx): {"errors": [{"status": 404, "title": "Not Found", "detail": "The resource could not be found.\n\n No resource provider with uuid 8ccadb76-1e7d-49aa-9de8-18538e6bd5e6 found for delete ", "request_id": "req-a449d085-a507-4782-b38f-495f664d1164"}]}
2026-05-10 02:00:09.518 10 INFO neutron.services.segments.plugin [-] Segment 8ccadb76-1e7d-49aa-9de8-18538e6bd5e6 resource provider not found; error: Placement Client Error (4xx): {"errors": [{"status": 404, "title": "Not Found", "detail": "The resource could not be found.\n\n No resource provider with uuid 8ccadb76-1e7d-49aa-9de8-18538e6bd5e6 found for delete ", "request_id": "req-5cefe017-7f51-4d97-87db-27d7c6f4a771"}]}
2026-05-10 02:00:09.541 10 INFO neutron.wsgi [None req-4e6c0e36-82c8-4c87-88e4-f29778af3432 928a511609eb4328858c8f11dc480f2e 2f0907899f264386bc5d773d44f6f0cf - - default default] 10.0.0.141 "DELETE /v2.0/networks/26e34c9e-af71-48f5-a9ab-0c1c7d8a5532 HTTP/1.1" status: 204 len: 168 time: 0.4601028
2026-05-10 02:00:09.551 10 WARNING neutron_lib.context [None req-5acda31e-01b0-4184-8e2f-584c2fa99dc2 928a511609eb4328858c8f11dc480f2e 2f0907899f264386bc5d773d44f6f0cf - - default default] Method 'is_advsvc' is deprecated since 2023.2 release (neutron-lib 3.8.0) and will be removed once support for the old RBAC API policies will be removed from Neutron. Please use method 'is_service_role' instead.
2026-05-10 02:00:09.700 9 WARNING neutron.scheduler.dhcp_agent_scheduler [None req-b88f4efa-b940-4b09-a995-529c9138989f 554ee6a2b01240d38847e7717dcaceac c9e824dff5814bdab1d39f45d489f472 - - default default] No more DHCP agents
2026-05-10 02:00:09.701 9 WARNING neutron.api.rpc.agentnotifiers.dhcp_rpc_agent_api [None req-b88f4efa-b940-4b09-a995-529c9138989f 554ee6a2b01240d38847e7717dcaceac c9e824dff5814bdab1d39f45d489f472 - - default default] Unable to schedule network 364e5f4a-8f91-4827-b233-5db47e9155d6: no agents available; will retry on subsequent port and subnet creation events.
2026-05-10 02:00:10.026 9 INFO neutron.db.ovn_revision_numbers_db [None req-b88f4efa-b940-4b09-a995-529c9138989f 554ee6a2b01240d38847e7717dcaceac c9e824dff5814bdab1d39f45d489f472 - - default default] Successfully bumped revision number for resource 74c7fb81-ef43-4d3d-8dd3-a27e899d963c (type: floatingips) to 0
2026-05-10 02:00:10.039 9 INFO neutron.wsgi [None req-b88f4efa-b940-4b09-a995-529c9138989f 554ee6a2b01240d38847e7717dcaceac c9e824dff5814bdab1d39f45d489f472 - - default default] 10.0.0.141 "POST /v2.0/floatingips HTTP/1.1" status: 201 len: 751 time: 0.6527803
2026-05-10 02:00:10.051 10 WARNING neutron_lib.context [None req-89997c9f-3e69-4115-9c26-4a8a72a344e7 554ee6a2b01240d38847e7717dcaceac c9e824dff5814bdab1d39f45d489f472 - - default default] Method 'is_advsvc' is deprecated since 2023.2 release (neutron-lib 3.8.0) and will be removed once support for the old RBAC API policies will be removed from Neutron. Please use method 'is_service_role' instead.
2026-05-10 02:00:10.108 10 WARNING neutron.scheduler.dhcp_agent_scheduler [None req-5acda31e-01b0-4184-8e2f-584c2fa99dc2 928a511609eb4328858c8f11dc480f2e 2f0907899f264386bc5d773d44f6f0cf - - default default] No more DHCP agents
2026-05-10 02:00:10.112 10 WARNING neutron.api.rpc.agentnotifiers.dhcp_rpc_agent_api [None req-5acda31e-01b0-4184-8e2f-584c2fa99dc2 928a511609eb4328858c8f11dc480f2e 2f0907899f264386bc5d773d44f6f0cf - - default default] Unable to schedule network 364e5f4a-8f91-4827-b233-5db47e9155d6: no agents available; will retry on subsequent port and subnet creation events.
2026-05-10 02:00:10.300 10 INFO neutron.db.ovn_revision_numbers_db [None req-5acda31e-01b0-4184-8e2f-584c2fa99dc2 928a511609eb4328858c8f11dc480f2e 2f0907899f264386bc5d773d44f6f0cf - - default default] Successfully bumped revision number for resource 3e28c93d-5e70-4c95-bdf7-865bc6648e4d (type: ports) to 1
2026-05-10 02:00:10.463 10 WARNING neutron.scheduler.dhcp_agent_scheduler [None req-89997c9f-3e69-4115-9c26-4a8a72a344e7 554ee6a2b01240d38847e7717dcaceac c9e824dff5814bdab1d39f45d489f472 - - default default] No more DHCP agents
2026-05-10 02:00:10.469 10 WARNING neutron.api.rpc.agentnotifiers.dhcp_rpc_agent_api [None req-89997c9f-3e69-4115-9c26-4a8a72a344e7 554ee6a2b01240d38847e7717dcaceac c9e824dff5814bdab1d39f45d489f472 - - default default] Unable to schedule network 364e5f4a-8f91-4827-b233-5db47e9155d6: no agents available; will retry on subsequent port and subnet creation events.
2026-05-10 02:00:11.313 10 INFO neutron.db.ovn_revision_numbers_db [None req-89997c9f-3e69-4115-9c26-4a8a72a344e7 554ee6a2b01240d38847e7717dcaceac c9e824dff5814bdab1d39f45d489f472 - - default default] Successfully bumped revision number for resource 010b7878-4f93-4ecb-8f24-ea31ebed9de0 (type: floatingips) to 0
2026-05-10 02:00:11.333 10 INFO neutron.wsgi [None req-89997c9f-3e69-4115-9c26-4a8a72a344e7 554ee6a2b01240d38847e7717dcaceac c9e824dff5814bdab1d39f45d489f472 - - default default] 10.0.0.141 "POST /v2.0/floatingips HTTP/1.1" status: 201 len: 751 time: 1.2879603
2026-05-10 02:00:11.392 10 INFO neutron.wsgi [None req-06ac83a4-124b-4b49-9afa-18a66e6f817a 554ee6a2b01240d38847e7717dcaceac c9e824dff5814bdab1d39f45d489f472 - - default default] 10.0.0.141 "PUT /v2.0/floatingips/8cabcb9f-f878-4504-82c1-f52c4e524a5d/tags HTTP/1.1" status: 200 len: 210 time: 0.0557756
2026-05-10 02:00:11.460 10 INFO neutron.plugins.ml2.drivers.ovn.mech_driver.mech_driver [None req-b16e519a-6e9a-4667-a667-1917cb12fb06 - - - - - -] OVN reports status up for port: 3e28c93d-5e70-4c95-bdf7-865bc6648e4d
2026-05-10 02:00:11.475 10 INFO neutron.plugins.ml2.plugin [None req-b16e519a-6e9a-4667-a667-1917cb12fb06 - - - - - -] Attempt 1 to provision port 3e28c93d-5e70-4c95-bdf7-865bc6648e4d
2026-05-10 02:00:11.495 10 INFO neutron.db.ovn_revision_numbers_db [None req-5acda31e-01b0-4184-8e2f-584c2fa99dc2 928a511609eb4328858c8f11dc480f2e 2f0907899f264386bc5d773d44f6f0cf - - default default] Successfully bumped revision number for resource 3e28c93d-5e70-4c95-bdf7-865bc6648e4d (type: router_ports) to 1
2026-05-10 02:00:11.578 10 INFO neutron.db.ovn_revision_numbers_db [None req-5acda31e-01b0-4184-8e2f-584c2fa99dc2 928a511609eb4328858c8f11dc480f2e 2f0907899f264386bc5d773d44f6f0cf - - default default] Successfully bumped revision number for resource 8b7728af-8f87-4c10-9f91-6edcd5841b84 (type: routers) to 2
2026-05-10 02:00:11.591 10 INFO neutron.wsgi [None req-5acda31e-01b0-4184-8e2f-584c2fa99dc2 928a511609eb4328858c8f11dc480f2e 2f0907899f264386bc5d773d44f6f0cf - - default default] 10.0.0.141 "POST /v2.0/routers HTTP/1.1" status: 201 len: 872 time: 2.0445607
2026-05-10 02:00:11.645 9 INFO neutron.wsgi [None req-114ff1b0-8e95-4849-aa1c-4af2266371cb 554ee6a2b01240d38847e7717dcaceac c9e824dff5814bdab1d39f45d489f472 - - default default] 10.0.0.141 "PUT /v2.0/floatingips/f8000fda-51f0-47de-9473-de727dac9b79/tags HTTP/1.1" status: 200 len: 218 time: 0.2493749
2026-05-10 02:00:11.677 10 INFO neutron.wsgi [None req-f0f8dc51-9db6-4d8b-99e8-bfa9b5ce8693 928a511609eb4328858c8f11dc480f2e 2f0907899f264386bc5d773d44f6f0cf - - default default] 10.0.0.141 "GET /v2.0/routers/8b7728af-8f87-4c10-9f91-6edcd5841b84 HTTP/1.1" status: 200 len: 873 time: 0.0796046
2026-05-10 02:00:11.706 9 INFO neutron.wsgi [None req-12233cc0-0093-4683-a6fc-097c23ccf689 554ee6a2b01240d38847e7717dcaceac c9e824dff5814bdab1d39f45d489f472 - - default default] 10.0.0.141 "PUT /v2.0/floatingips/634a4686-a336-4b57-a9bc-4a27b43f3e5f/tags HTTP/1.1" status: 200 len: 227 time: 0.0548339
2026-05-10 02:00:11.757 10 INFO neutron.wsgi [None req-237163f7-9e98-440d-bfd7-91aa76ec8ae5 928a511609eb4328858c8f11dc480f2e 2f0907899f264386bc5d773d44f6f0cf - - default default] 10.0.0.141 "GET /v2.0/routers HTTP/1.1" status: 200 len: 876 time: 0.0738146
2026-05-10 02:00:11.765 9 INFO neutron.wsgi [None req-03e26ca8-ee6b-4eb6-abeb-4b240e0991c3 554ee6a2b01240d38847e7717dcaceac c9e824dff5814bdab1d39f45d489f472 - - default default] 10.0.0.141 "PUT /v2.0/floatingips/74c7fb81-ef43-4d3d-8dd3-a27e899d963c/tags HTTP/1.1" status: 200 len: 212 time: 0.0494390
2026-05-10 02:00:11.811 10 INFO neutron.wsgi [None req-c72d3edc-33f1-49c5-901d-0123aa720464 554ee6a2b01240d38847e7717dcaceac c9e824dff5814bdab1d39f45d489f472 - - default default] 10.0.0.141 "GET /v2.0/floatingips?tags=red HTTP/1.1" status: 200 len: 1866 time: 0.0383475
2026-05-10 02:00:11.889 10 INFO neutron.wsgi [None req-9e038faa-5a3c-4aaa-8743-57aef59d4011 554ee6a2b01240d38847e7717dcaceac c9e824dff5814bdab1d39f45d489f472 - - default default] 10.0.0.141 "GET /v2.0/floatingips?tags=red%2Cblue HTTP/1.1" status: 200 len: 1323 time: 0.0723867
2026-05-10 02:00:11.938 9 INFO neutron.wsgi [None req-b6d8920d-7274-462a-8949-77c49c83440a 554ee6a2b01240d38847e7717dcaceac c9e824dff5814bdab1d39f45d489f472 - - default default] 10.0.0.141 "GET /v2.0/floatingips?tags-any=blue HTTP/1.1" status: 200 len: 1323 time: 0.0402837
2026-05-10 02:00:11.995 10 INFO neutron.wsgi [None req-f4de718a-f376-498f-a755-dfc911da6831 554ee6a2b01240d38847e7717dcaceac c9e824dff5814bdab1d39f45d489f472 - - default default] 10.0.0.141 "GET /v2.0/floatingips?tags-any=red%2Cblue HTTP/1.1" status: 200 len: 1866 time: 0.0514688
2026-05-10 02:00:12.046 9 INFO neutron.wsgi [None req-553e5a22-41b5-48b5-a1e7-6a913a87789f 554ee6a2b01240d38847e7717dcaceac c9e824dff5814bdab1d39f45d489f472 - - default default] 10.0.0.141 "GET /v2.0/floatingips?not-tags=red HTTP/1.1" status: 200 len: 1295 time: 0.0398710
2026-05-10 02:00:12.110 10 INFO neutron.wsgi [None req-0f357bea-329d-4520-a117-94755460dd50 554ee6a2b01240d38847e7717dcaceac c9e824dff5814bdab1d39f45d489f472 - - default default] 10.0.0.141 "GET /v2.0/floatingips?not-tags=red%2Cblue HTTP/1.1" status: 200 len: 1838 time: 0.0574632
2026-05-10 02:00:12.160 10 INFO neutron.wsgi [None req-3a0b451c-36f6-4705-80d5-442aa764517e 554ee6a2b01240d38847e7717dcaceac c9e824dff5814bdab1d39f45d489f472 - - default default] 10.0.0.141 "GET /v2.0/floatingips?not-tags-any=blue HTTP/1.1" status: 200 len: 1838 time: 0.0462968
2026-05-10 02:00:12.205 10 INFO neutron.wsgi [None req-ea71b371-47b5-4b5b-9d2a-011a4d2a6630 554ee6a2b01240d38847e7717dcaceac c9e824dff5814bdab1d39f45d489f472 - - default default] 10.0.0.141 "GET /v2.0/floatingips?not-tags-any=red%2Cblue HTTP/1.1" status: 200 len: 1295 time: 0.0381966
2026-05-10 02:00:12.243 9 WARNING neutron.plugins.ml2.drivers.ovn.mech_driver.ovsdb.ovn_client [None req-e30fdbb3-ecfb-4c9d-bf8c-ae56bdb1dc42 - - - - - -] No port found with ID 8135f590-5513-4ef3-9a90-6baf31c8b170: RuntimeError: No port found with ID 8135f590-5513-4ef3-9a90-6baf31c8b170
2026-05-10 02:00:12.327 9 INFO neutron.db.ovn_revision_numbers_db [None req-8f28dee0-f05a-4e8b-a641-24c0f4953285 928a511609eb4328858c8f11dc480f2e 2f0907899f264386bc5d773d44f6f0cf - - default default] Successfully bumped revision number for resource 8b7728af-8f87-4c10-9f91-6edcd5841b84 (type: routers) to 3
2026-05-10 02:00:12.331 9 INFO neutron.wsgi [None req-8f28dee0-f05a-4e8b-a641-24c0f4953285 928a511609eb4328858c8f11dc480f2e 2f0907899f264386bc5d773d44f6f0cf - - default default] 10.0.0.141 "PUT /v2.0/routers/8b7728af-8f87-4c10-9f91-6edcd5841b84 HTTP/1.1" status: 200 len: 880 time: 0.5695777
2026-05-10 02:00:12.426 9 INFO neutron.wsgi [None req-cd79060a-53c9-4a0f-9b1a-309bf99e6dfb 928a511609eb4328858c8f11dc480f2e 2f0907899f264386bc5d773d44f6f0cf - - default default] 10.0.0.141 "GET /v2.0/routers/8b7728af-8f87-4c10-9f91-6edcd5841b84 HTTP/1.1" status: 200 len: 880 time: 0.0908613
2026-05-10 02:00:12.456 9 INFO neutron.wsgi [None req-d61f3f38-4112-4251-898c-81b939612f52 928a511609eb4328858c8f11dc480f2e 2f0907899f264386bc5d773d44f6f0cf - - default default] 10.0.0.141 "GET /v2.0/ports?device_id=8b7728af-8f87-4c10-9f91-6edcd5841b84 HTTP/1.1" status: 200 len: 205 time: 0.0255039
2026-05-10 02:00:12.694 10 INFO neutron.wsgi [None req-3eb88438-f4be-4cd8-8a9a-9186194fe325 554ee6a2b01240d38847e7717dcaceac c9e824dff5814bdab1d39f45d489f472 - - default default] 10.0.0.141 "DELETE /v2.0/floatingips/8cabcb9f-f878-4504-82c1-f52c4e524a5d HTTP/1.1" status: 204 len: 168 time: 0.4793274
2026-05-10 02:00:13.050 9 INFO neutron.wsgi [None req-06b597cd-cc0e-49f2-b5c2-8a5832e3f9f9 554ee6a2b01240d38847e7717dcaceac c9e824dff5814bdab1d39f45d489f472 - - default default] 10.0.0.141 "DELETE /v2.0/floatingips/f8000fda-51f0-47de-9473-de727dac9b79 HTTP/1.1" status: 204 len: 168 time: 0.3505709
2026-05-10 02:00:13.428 9 INFO neutron.wsgi [None req-c7d8d160-9a97-4412-b39d-60747e443479 554ee6a2b01240d38847e7717dcaceac c9e824dff5814bdab1d39f45d489f472 - - default default] 10.0.0.141 "DELETE /v2.0/floatingips/634a4686-a336-4b57-a9bc-4a27b43f3e5f HTTP/1.1" status: 204 len: 168 time: 0.3674784
2026-05-10 02:00:13.550 10 INFO neutron.wsgi [None req-bf890a0f-4e3d-4e75-a7f7-54d8b5d0dffb 928a511609eb4328858c8f11dc480f2e 2f0907899f264386bc5d773d44f6f0cf - - default default] 10.0.0.141 "DELETE /v2.0/routers/8b7728af-8f87-4c10-9f91-6edcd5841b84 HTTP/1.1" status: 204 len: 168 time: 1.0889404
2026-05-10 02:00:13.575 10 INFO neutron.wsgi [None req-67c4585d-cc3b-4cd7-90fd-fa8283947e46 928a511609eb4328858c8f11dc480f2e 2f0907899f264386bc5d773d44f6f0cf - - default default] 10.0.0.141 "GET /v2.0/ports?device_id=8b7728af-8f87-4c10-9f91-6edcd5841b84 HTTP/1.1" status: 200 len: 205 time: 0.0186534
2026-05-10 02:00:13.602 10 INFO neutron.api.v2.resource [None req-ef25b4b5-309c-4c87-9828-ef504d105a22 928a511609eb4328858c8f11dc480f2e 2f0907899f264386bc5d773d44f6f0cf - - default default] delete failed (client error): The resource could not be found.
2026-05-10 02:00:13.603 10 INFO neutron.wsgi [None req-ef25b4b5-309c-4c87-9828-ef504d105a22 928a511609eb4328858c8f11dc480f2e 2f0907899f264386bc5d773d44f6f0cf - - default default] 10.0.0.141 "DELETE /v2.0/routers/8b7728af-8f87-4c10-9f91-6edcd5841b84 HTTP/1.1" status: 404 len: 336 time: 0.0242879
2026-05-10 02:00:13.635 9 INFO neutron.wsgi [None req-ceff9ffb-1c80-4e99-affd-64d88cca77aa 928a511609eb4328858c8f11dc480f2e 2f0907899f264386bc5d773d44f6f0cf - - default default] 10.0.0.141 "GET /v2.0/ports?device_id=6c48aea5-0fd8-40b4-9e0c-80f93c66f901 HTTP/1.1" status: 200 len: 205 time: 0.0227504
2026-05-10 02:00:13.665 10 INFO neutron.api.v2.resource [None req-2a47817b-2946-4d05-b896-90efd05eb662 928a511609eb4328858c8f11dc480f2e 2f0907899f264386bc5d773d44f6f0cf - - default default] delete failed (client error): The resource could not be found.
2026-05-10 02:00:13.667 10 INFO neutron.wsgi [None req-2a47817b-2946-4d05-b896-90efd05eb662 928a511609eb4328858c8f11dc480f2e 2f0907899f264386bc5d773d44f6f0cf - - default default] 10.0.0.141 "DELETE /v2.0/routers/6c48aea5-0fd8-40b4-9e0c-80f93c66f901 HTTP/1.1" status: 404 len: 336 time: 0.0284297
2026-05-10 02:00:13.696 10 INFO neutron.pecan_wsgi.hooks.translation [None req-53541ec6-68dc-4879-9214-4c9da348b74a 928a511609eb4328858c8f11dc480f2e 2f0907899f264386bc5d773d44f6f0cf - - default default] DELETE failed (client error): The resource could not be found.
2026-05-10 02:00:13.698 10 INFO neutron.wsgi [None req-53541ec6-68dc-4879-9214-4c9da348b74a 928a511609eb4328858c8f11dc480f2e 2f0907899f264386bc5d773d44f6f0cf - - default default] 10.0.0.141 "DELETE /v2.0/subnets/4d009fdc-6709-48a4-913e-b785735665b5 HTTP/1.1" status: 404 len: 337 time: 0.0247767
