2026-05-10 01:57:47.517 10 INFO neutron.db.ovn_revision_numbers_db [None req-109b7d12-5b80-4d3a-98d7-a7fdaf072582 a72b53b28ab844869eee847fd706c4b1 438eeca712434e89bfa7f9ef071394ff - - default default] Successfully bumped revision number for resource 7c379ead-9fda-4f0a-b2c5-594474f631f9 (type: security_groups) to 1
2026-05-10 01:57:47.536 10 INFO neutron.db.ovn_revision_numbers_db [None req-109b7d12-5b80-4d3a-98d7-a7fdaf072582 a72b53b28ab844869eee847fd706c4b1 438eeca712434e89bfa7f9ef071394ff - - default default] Successfully bumped revision number for resource 1a650f29-4a05-4d58-bd8e-02a64ac44e01 (type: security_group_rules) to 0
2026-05-10 01:57:47.551 10 INFO neutron.db.ovn_revision_numbers_db [None req-109b7d12-5b80-4d3a-98d7-a7fdaf072582 a72b53b28ab844869eee847fd706c4b1 438eeca712434e89bfa7f9ef071394ff - - default default] Successfully bumped revision number for resource 50843903-b703-4bc7-bd62-1888751b2e67 (type: security_group_rules) to 0
2026-05-10 01:57:47.575 10 INFO neutron.db.ovn_revision_numbers_db [None req-109b7d12-5b80-4d3a-98d7-a7fdaf072582 a72b53b28ab844869eee847fd706c4b1 438eeca712434e89bfa7f9ef071394ff - - default default] Successfully bumped revision number for resource 5ae4d955-7cb3-40f2-9647-f9f1e14880a6 (type: security_group_rules) to 0
2026-05-10 01:57:47.592 10 INFO neutron.db.ovn_revision_numbers_db [None req-109b7d12-5b80-4d3a-98d7-a7fdaf072582 a72b53b28ab844869eee847fd706c4b1 438eeca712434e89bfa7f9ef071394ff - - default default] Successfully bumped revision number for resource be7224e2-6fc4-4978-897b-4646677923f4 (type: security_group_rules) to 0
2026-05-10 01:57:47.618 10 INFO neutron.wsgi [None req-109b7d12-5b80-4d3a-98d7-a7fdaf072582 a72b53b28ab844869eee847fd706c4b1 438eeca712434e89bfa7f9ef071394ff - - default default] 10.0.0.141 "GET /v2.0/security-groups?tenant_id=cd4f2de85ba14705a1549d198d50a7b8&name=default HTTP/1.1" status: 200 len: 2996 time: 0.2437475
2026-05-10 01:57:47.689 10 INFO neutron.plugins.ml2.drivers.ovn.mech_driver.mech_driver [None req-b16e519a-6e9a-4667-a667-1917cb12fb06 - - - - - -] OVN reports status up for port: 5a6d797f-6410-4d74-bfea-9c51d9fc9d35
2026-05-10 01:57:47.709 9 INFO neutron.db.ovn_revision_numbers_db [None req-bc8aece9-3d7d-4e45-a24b-b4d267c09fae - - - - - -] Successfully bumped revision number for resource a9189640-54b1-45d8-98af-2503364d03cf (type: ports) to 2
2026-05-10 01:57:47.710 10 INFO neutron.plugins.ml2.plugin [None req-b16e519a-6e9a-4667-a667-1917cb12fb06 - - - - - -] Attempt 1 to provision port 5a6d797f-6410-4d74-bfea-9c51d9fc9d35
2026-05-10 01:57:47.744 10 INFO neutron.db.ovn_revision_numbers_db [None req-bc9d366f-65fd-42ce-914e-935b4575616e a72b53b28ab844869eee847fd706c4b1 438eeca712434e89bfa7f9ef071394ff - - default default] Successfully bumped revision number for resource 5a6d797f-6410-4d74-bfea-9c51d9fc9d35 (type: router_ports) to 1
2026-05-10 01:57:47.921 10 INFO neutron.db.ovn_revision_numbers_db [None req-bc9d366f-65fd-42ce-914e-935b4575616e a72b53b28ab844869eee847fd706c4b1 438eeca712434e89bfa7f9ef071394ff - - default default] Successfully bumped revision number for resource 5a6d797f-6410-4d74-bfea-9c51d9fc9d35 (type: ports) to 1
2026-05-10 01:57:47.958 10 INFO neutron.wsgi [None req-175c1016-5a35-4ba0-8193-f7531b3c7618 a72b53b28ab844869eee847fd706c4b1 438eeca712434e89bfa7f9ef071394ff - - default default] 10.0.0.141 "DELETE /v2.0/security-groups/7c379ead-9fda-4f0a-b2c5-594474f631f9 HTTP/1.1" status: 204 len: 168 time: 0.3350787
2026-05-10 01:57:48.015 10 WARNING neutron.scheduler.dhcp_agent_scheduler [None req-bc9d366f-65fd-42ce-914e-935b4575616e a72b53b28ab844869eee847fd706c4b1 438eeca712434e89bfa7f9ef071394ff - - default default] No more DHCP agents
2026-05-10 01:57:48.017 10 WARNING neutron.api.rpc.agentnotifiers.dhcp_rpc_agent_api [None req-bc9d366f-65fd-42ce-914e-935b4575616e a72b53b28ab844869eee847fd706c4b1 438eeca712434e89bfa7f9ef071394ff - - default default] Unable to schedule network 80edbaec-7954-46f6-a0b3-20e131cc27e2: no agents available; will retry on subsequent port and subnet creation events.
2026-05-10 01:57:48.039 9 INFO neutron.db.ovn_revision_numbers_db [None req-bc8aece9-3d7d-4e45-a24b-b4d267c09fae - - - - - -] Successfully bumped revision number for resource a9189640-54b1-45d8-98af-2503364d03cf (type: ports) to 4
2026-05-10 01:57:48.091 10 INFO neutron.db.ovn_revision_numbers_db [None req-b16e519a-6e9a-4667-a667-1917cb12fb06 - - - - - -] Successfully bumped revision number for resource 5a6d797f-6410-4d74-bfea-9c51d9fc9d35 (type: ports) to 2
2026-05-10 01:57:48.307 9 INFO neutron.db.ovn_revision_numbers_db [None req-bc8aece9-3d7d-4e45-a24b-b4d267c09fae - - - - - -] Successfully bumped revision number for resource a9189640-54b1-45d8-98af-2503364d03cf (type: router_ports) to 4
2026-05-10 01:57:48.337 10 INFO neutron.db.ovn_revision_numbers_db [None req-b16e519a-6e9a-4667-a667-1917cb12fb06 - - - - - -] Successfully bumped revision number for resource 5a6d797f-6410-4d74-bfea-9c51d9fc9d35 (type: router_ports) to 2
2026-05-10 01:57:48.597 9 INFO neutron.wsgi [None req-140379c4-4ae4-4d55-9baf-25cffeac7f31 a72b53b28ab844869eee847fd706c4b1 438eeca712434e89bfa7f9ef071394ff - - default default] 10.0.0.141 "PUT /v2.0/routers/4a9dc458-67c7-4e98-b4de-3b077a5775c1/remove_router_interface HTTP/1.1" status: 200 len: 503 time: 1.4256139 /var/lib/openstack/lib/python3.10/site-packages/pycadf/identifier.py:71: UserWarning: Invalid uuid: neutron. To ensure interoperability, identifiers should be a valid uuid. warnings.warn(('Invalid uuid: %s. To ensure interoperability, '
2026-05-10 01:57:48.773 10 INFO neutron.db.ovn_revision_numbers_db [None req-bc9d366f-65fd-42ce-914e-935b4575616e a72b53b28ab844869eee847fd706c4b1 438eeca712434e89bfa7f9ef071394ff - - default default] Successfully bumped revision number for resource 5a6d797f-6410-4d74-bfea-9c51d9fc9d35 (type: router_ports) to 2
2026-05-10 01:57:48.775 10 INFO neutron.wsgi [None req-bc9d366f-65fd-42ce-914e-935b4575616e a72b53b28ab844869eee847fd706c4b1 438eeca712434e89bfa7f9ef071394ff - - default default] 10.0.0.141 "PUT /v2.0/routers/8d0b2cbb-6cdc-495a-bd5d-96a0ab3a5a7e/add_router_interface HTTP/1.1" status: 200 len: 503 time: 2.2633393
2026-05-10 01:57:49.633 9 INFO neutron.wsgi [None req-5ac13fb9-0586-47f9-b4aa-d9bc3c9a9722 a72b53b28ab844869eee847fd706c4b1 438eeca712434e89bfa7f9ef071394ff - - default default] 10.0.0.141 "DELETE /v2.0/routers/4a9dc458-67c7-4e98-b4de-3b077a5775c1 HTTP/1.1" status: 204 len: 168 time: 1.0313275
2026-05-10 01:57:49.808 10 INFO neutron.wsgi [req-64af0ee1-b3f1-4c52-97b7-89caca4d9bea req-18496490-c482-44d7-9c82-c5c9fe8061dd 3e960405db534c129644f864dd8f698b 11f42689d5e64dfa9ea0559a8b9545fc - - default default] 10.0.0.134 "GET /v2.0/networks?id=80edbaec-7954-46f6-a0b3-20e131cc27e2 HTTP/1.1" status: 200 len: 876 time: 0.0694180
2026-05-10 01:57:49.829 10 INFO neutron.wsgi [req-64af0ee1-b3f1-4c52-97b7-89caca4d9bea req-7dd30925-734a-46bd-8f2f-9628cf23f317 3e960405db534c129644f864dd8f698b 11f42689d5e64dfa9ea0559a8b9545fc - - default default] 10.0.0.134 "GET /v2.0/quotas/11f42689d5e64dfa9ea0559a8b9545fc HTTP/1.1" status: 200 len: 386 time: 0.0137353
2026-05-10 01:57:49.861 9 INFO neutron.wsgi [None req-7ecb0048-48c9-40e8-b344-7a66f9318978 a72b53b28ab844869eee847fd706c4b1 438eeca712434e89bfa7f9ef071394ff - - default default] 10.0.0.141 "DELETE /v2.0/subnets/b8f9fe74-393e-4492-b0f8-19805fa0c567 HTTP/1.1" status: 204 len: 168 time: 0.2237802
2026-05-10 01:57:49.929 10 INFO neutron.wsgi [req-64af0ee1-b3f1-4c52-97b7-89caca4d9bea req-d058b47d-6415-43f3-8656-ec7f036c9cac 3e960405db534c129644f864dd8f698b 11f42689d5e64dfa9ea0559a8b9545fc - - default default] 10.0.0.134 "GET /v2.0/ports?tenant_id=11f42689d5e64dfa9ea0559a8b9545fc&fields=id HTTP/1.1" status: 200 len: 302 time: 0.0914357
2026-05-10 01:57:49.993 10 INFO neutron.wsgi [req-64af0ee1-b3f1-4c52-97b7-89caca4d9bea req-6b0ed1ac-7e2b-4158-8c52-cf73392fca68 2997b4e0393c4cb9aca06d6143a03f5e 2e8187c5a7ff43bab0ed3ccb93cd3460 - - 41a00e5bc1624bae9876524ff7500768 41a00e5bc1624bae9876524ff7500768] 10.0.0.134 "GET /v2.0/networks/80edbaec-7954-46f6-a0b3-20e131cc27e2?fields=segments HTTP/1.1" status: 200 len: 212 time: 0.0552723
2026-05-10 01:57:50.059 10 INFO neutron.wsgi [req-64af0ee1-b3f1-4c52-97b7-89caca4d9bea req-995d009e-e566-42db-a297-9915651f88e4 2997b4e0393c4cb9aca06d6143a03f5e 2e8187c5a7ff43bab0ed3ccb93cd3460 - - 41a00e5bc1624bae9876524ff7500768 41a00e5bc1624bae9876524ff7500768] 10.0.0.134 "GET /v2.0/networks/80edbaec-7954-46f6-a0b3-20e131cc27e2?fields=provider%3Aphysical_network&fields=provider%3Anetwork_type HTTP/1.1" status: 200 len: 277 time: 0.0571852
2026-05-10 01:57:50.200 9 INFO neutron.wsgi [req-74720ae4-8f64-4f4a-8961-4a1d739f8e1d req-1eed836d-6769-4a12-8ec8-7946218d8638 3e960405db534c129644f864dd8f698b 11f42689d5e64dfa9ea0559a8b9545fc - - default default] 10.0.0.134 "GET /v2.0/ports?device_id=b048479f-acc0-480e-b171-c2ea065bb9ae HTTP/1.1" status: 200 len: 210 time: 0.0242665
2026-05-10 01:57:50.264 9 INFO neutron.services.segments.plugin [-] Segment cb5e391f-4503-43c1-a22a-0932b693e576 resource provider aggregate not found
2026-05-10 01:57:50.269 9 INFO neutron.services.segments.plugin [-] Segment cb5e391f-4503-43c1-a22a-0932b693e576 resource provider aggregate not found
2026-05-10 01:57:50.281 9 INFO neutron.services.segments.plugin [-] Segment cb5e391f-4503-43c1-a22a-0932b693e576 resource provider not found; error: Placement Client Error (4xx): {"errors": [{"status": 404, "title": "Not Found", "detail": "The resource could not be found.\n\n No resource provider with uuid cb5e391f-4503-43c1-a22a-0932b693e576 found for delete ", "request_id": "req-8046053d-204b-45f1-bebe-532bb7fc936e"}]}
2026-05-10 01:57:50.289 9 INFO neutron.services.segments.plugin [-] Segment cb5e391f-4503-43c1-a22a-0932b693e576 resource provider not found; error: Placement Client Error (4xx): {"errors": [{"status": 404, "title": "Not Found", "detail": "The resource could not be found.\n\n No resource provider with uuid cb5e391f-4503-43c1-a22a-0932b693e576 found for delete ", "request_id": "req-45c29d1c-6925-4d85-9611-bb038d9c0a55"}]}
2026-05-10 01:57:50.316 9 INFO neutron.wsgi [None req-7d04956c-3222-4588-b532-7a3ef9d582bc a72b53b28ab844869eee847fd706c4b1 438eeca712434e89bfa7f9ef071394ff - - default default] 10.0.0.141 "DELETE /v2.0/networks/f6e81690-c080-47ea-b8af-b4f415b11b33 HTTP/1.1" status: 204 len: 168 time: 0.4497113
2026-05-10 01:57:50.498 10 INFO neutron.wsgi [None req-040782d7-587c-4b92-a21b-23378fb8887f a72b53b28ab844869eee847fd706c4b1 438eeca712434e89bfa7f9ef071394ff - - default default] 10.0.0.141 "GET /v2.0/security-groups?tenant_id=453a66dbe27c4c448af7247a9ea76707&name=default HTTP/1.1" status: 200 len: 2992 time: 0.0395777
2026-05-10 01:57:50.721 10 INFO neutron.wsgi [None req-16901fe0-d9ae-42e1-92e5-4b308f800d90 a72b53b28ab844869eee847fd706c4b1 438eeca712434e89bfa7f9ef071394ff - - default default] 10.0.0.141 "DELETE /v2.0/security-groups/378566a8-ab2d-48c8-968e-0be25ac5ef33 HTTP/1.1" status: 204 len: 168 time: 0.2176714
2026-05-10 01:57:50.893 9 INFO neutron.wsgi [req-64af0ee1-b3f1-4c52-97b7-89caca4d9bea req-d011a31a-f94a-4452-950a-386ddd6ff94b 3e960405db534c129644f864dd8f698b 11f42689d5e64dfa9ea0559a8b9545fc - - default default] 199.204.45.238 "GET /v2.0/networks?id=80edbaec-7954-46f6-a0b3-20e131cc27e2 HTTP/1.1" status: 200 len: 876 time: 0.0686867
2026-05-10 01:57:50.912 9 WARNING neutron_lib.context [req-64af0ee1-b3f1-4c52-97b7-89caca4d9bea req-a0a0599a-cde4-4ea2-bfe5-c766aab36d83 3e960405db534c129644f864dd8f698b 11f42689d5e64dfa9ea0559a8b9545fc - - default default] Method 'is_advsvc' is deprecated since 2023.2 release (neutron-lib 3.8.0) and will be removed once support for the old RBAC API policies will be removed from Neutron. Please use method 'is_service_role' instead.
2026-05-10 01:57:51.212 9 WARNING neutron.scheduler.dhcp_agent_scheduler [req-64af0ee1-b3f1-4c52-97b7-89caca4d9bea req-a0a0599a-cde4-4ea2-bfe5-c766aab36d83 3e960405db534c129644f864dd8f698b 11f42689d5e64dfa9ea0559a8b9545fc - - default default] No more DHCP agents
2026-05-10 01:57:51.216 9 WARNING neutron.api.rpc.agentnotifiers.dhcp_rpc_agent_api [req-64af0ee1-b3f1-4c52-97b7-89caca4d9bea req-a0a0599a-cde4-4ea2-bfe5-c766aab36d83 3e960405db534c129644f864dd8f698b 11f42689d5e64dfa9ea0559a8b9545fc - - default default] Unable to schedule network 80edbaec-7954-46f6-a0b3-20e131cc27e2: no agents available; will retry on subsequent port and subnet creation events.
2026-05-10 01:57:51.326 10 INFO neutron.wsgi [req-9b0888a1-2253-489f-8afb-828985eda250 req-3fac77e6-90d2-4078-b1be-359f0d94c963 3e960405db534c129644f864dd8f698b 11f42689d5e64dfa9ea0559a8b9545fc - - default default] 10.0.0.134 "GET /v2.0/ports?device_id=b048479f-acc0-480e-b171-c2ea065bb9ae HTTP/1.1" status: 200 len: 1160 time: 0.0623744
2026-05-10 01:57:51.369 10 INFO neutron.wsgi [req-9b0888a1-2253-489f-8afb-828985eda250 req-86f677d3-b0d6-46b6-9a21-79153502842f 3e960405db534c129644f864dd8f698b 11f42689d5e64dfa9ea0559a8b9545fc - - default default] 10.0.0.134 "GET /v2.0/security-groups?id=2765417a-702b-4378-9440-6e5077240962&fields=id&fields=name HTTP/1.1" status: 200 len: 286 time: 0.0353229
2026-05-10 01:57:51.405 9 INFO neutron.db.ovn_revision_numbers_db [req-64af0ee1-b3f1-4c52-97b7-89caca4d9bea req-a0a0599a-cde4-4ea2-bfe5-c766aab36d83 3e960405db534c129644f864dd8f698b 11f42689d5e64dfa9ea0559a8b9545fc - - default default] Successfully bumped revision number for resource 2075a2df-b9cc-4050-ae94-fb88304205ea (type: ports) to 1
2026-05-10 01:57:51.425 9 INFO neutron.wsgi [req-64af0ee1-b3f1-4c52-97b7-89caca4d9bea req-a0a0599a-cde4-4ea2-bfe5-c766aab36d83 3e960405db534c129644f864dd8f698b 11f42689d5e64dfa9ea0559a8b9545fc - - default default] 199.204.45.238 "POST /v2.0/ports HTTP/1.1" status: 201 len: 1162 time: 0.5206866 /var/lib/openstack/lib/python3.10/site-packages/pycadf/identifier.py:71: UserWarning: Invalid uuid: neutron. To ensure interoperability, identifiers should be a valid uuid. warnings.warn(('Invalid uuid: %s. To ensure interoperability, '
2026-05-10 01:57:51.909 9 INFO neutron.db.ovn_revision_numbers_db [req-64af0ee1-b3f1-4c52-97b7-89caca4d9bea req-e12628e1-41e5-49ab-88e2-ccb0c36f137e 2997b4e0393c4cb9aca06d6143a03f5e 2e8187c5a7ff43bab0ed3ccb93cd3460 - - 41a00e5bc1624bae9876524ff7500768 41a00e5bc1624bae9876524ff7500768] Successfully bumped revision number for resource 2075a2df-b9cc-4050-ae94-fb88304205ea (type: ports) to 2
2026-05-10 01:57:52.109 9 INFO neutron.db.ovn_revision_numbers_db [req-64af0ee1-b3f1-4c52-97b7-89caca4d9bea req-e12628e1-41e5-49ab-88e2-ccb0c36f137e 2997b4e0393c4cb9aca06d6143a03f5e 2e8187c5a7ff43bab0ed3ccb93cd3460 - - 41a00e5bc1624bae9876524ff7500768 41a00e5bc1624bae9876524ff7500768] Successfully bumped revision number for resource 2075a2df-b9cc-4050-ae94-fb88304205ea (type: ports) to 2
2026-05-10 01:57:52.135 9 INFO neutron.wsgi [req-64af0ee1-b3f1-4c52-97b7-89caca4d9bea req-e12628e1-41e5-49ab-88e2-ccb0c36f137e 2997b4e0393c4cb9aca06d6143a03f5e 2e8187c5a7ff43bab0ed3ccb93cd3460 - - 41a00e5bc1624bae9876524ff7500768 41a00e5bc1624bae9876524ff7500768] 199.204.45.238 "PUT /v2.0/ports/2075a2df-b9cc-4050-ae94-fb88304205ea HTTP/1.1" status: 200 len: 1380 time: 0.6995907 /var/lib/openstack/lib/python3.10/site-packages/pycadf/identifier.py:71: UserWarning: Invalid uuid: neutron. To ensure interoperability, identifiers should be a valid uuid. warnings.warn(('Invalid uuid: %s. To ensure interoperability, '
2026-05-10 01:57:52.188 9 INFO neutron.notifiers.nova [-] Nova event matching ['req-81845b19-7b02-489d-8a6a-26e3606fd878'] response: {'name': 'network-changed', 'server_uuid': 'b048479f-acc0-480e-b171-c2ea065bb9ae', 'tag': '2075a2df-b9cc-4050-ae94-fb88304205ea', 'status': 'completed', 'code': 200}
2026-05-10 01:57:52.217 9 INFO neutron.wsgi [req-64af0ee1-b3f1-4c52-97b7-89caca4d9bea req-ad2b4a22-a489-45c8-8a11-a70804b89ecc 2997b4e0393c4cb9aca06d6143a03f5e 2e8187c5a7ff43bab0ed3ccb93cd3460 - - 41a00e5bc1624bae9876524ff7500768 41a00e5bc1624bae9876524ff7500768] 199.204.45.238 "GET /v2.0/ports?tenant_id=11f42689d5e64dfa9ea0559a8b9545fc&device_id=b048479f-acc0-480e-b171-c2ea065bb9ae HTTP/1.1" status: 200 len: 1411 time: 0.0425279
2026-05-10 01:57:52.245 9 INFO neutron.wsgi [req-64af0ee1-b3f1-4c52-97b7-89caca4d9bea req-71c8b932-b057-4cd7-b4d0-c7bb38457f26 2997b4e0393c4cb9aca06d6143a03f5e 2e8187c5a7ff43bab0ed3ccb93cd3460 - - 41a00e5bc1624bae9876524ff7500768 41a00e5bc1624bae9876524ff7500768] 199.204.45.238 "GET /v2.0/floatingips?fixed_ip_address=10.100.0.10&port_id=2075a2df-b9cc-4050-ae94-fb88304205ea HTTP/1.1" status: 200 len: 217 time: 0.0221834
2026-05-10 01:57:52.281 9 INFO neutron.wsgi [req-64af0ee1-b3f1-4c52-97b7-89caca4d9bea req-c27bdfe4-e19c-439c-8a8c-1a2bab903231 2997b4e0393c4cb9aca06d6143a03f5e 2e8187c5a7ff43bab0ed3ccb93cd3460 - - 41a00e5bc1624bae9876524ff7500768 41a00e5bc1624bae9876524ff7500768] 199.204.45.238 "GET /v2.0/subnets?id=68d9d054-e182-4f9e-9524-49998601c720 HTTP/1.1" status: 200 len: 870 time: 0.0307443
2026-05-10 01:57:52.304 9 INFO neutron.wsgi [req-64af0ee1-b3f1-4c52-97b7-89caca4d9bea req-98455057-c935-442d-b48c-03b0c4a65835 2997b4e0393c4cb9aca06d6143a03f5e 2e8187c5a7ff43bab0ed3ccb93cd3460 - - 41a00e5bc1624bae9876524ff7500768 41a00e5bc1624bae9876524ff7500768] 199.204.45.238 "GET /v2.0/ports?network_id=80edbaec-7954-46f6-a0b3-20e131cc27e2&device_owner=network%3Adhcp HTTP/1.1" status: 200 len: 210 time: 0.0187759
2026-05-10 01:57:52.372 9 INFO neutron.wsgi [req-64af0ee1-b3f1-4c52-97b7-89caca4d9bea req-d9da338c-4dbd-49f8-a5f2-612bc4eb21d2 2997b4e0393c4cb9aca06d6143a03f5e 2e8187c5a7ff43bab0ed3ccb93cd3460 - - 41a00e5bc1624bae9876524ff7500768 41a00e5bc1624bae9876524ff7500768] 199.204.45.238 "GET /v2.0/networks/80edbaec-7954-46f6-a0b3-20e131cc27e2?fields=segments HTTP/1.1" status: 200 len: 212 time: 0.0633044
2026-05-10 01:57:52.443 9 INFO neutron.wsgi [req-64af0ee1-b3f1-4c52-97b7-89caca4d9bea req-537d1603-8f2b-4c38-900d-84e2b2bc2c37 2997b4e0393c4cb9aca06d6143a03f5e 2e8187c5a7ff43bab0ed3ccb93cd3460 - - 41a00e5bc1624bae9876524ff7500768 41a00e5bc1624bae9876524ff7500768] 199.204.45.238 "GET /v2.0/networks/80edbaec-7954-46f6-a0b3-20e131cc27e2?fields=provider%3Aphysical_network&fields=provider%3Anetwork_type HTTP/1.1" status: 200 len: 277 time: 0.0639007
2026-05-10 01:57:52.479 10 INFO neutron.wsgi [req-8b676c8f-ed34-413f-9308-190c0547abee req-b6102582-6042-4d90-8668-ce99286ce9a0 3e960405db534c129644f864dd8f698b 11f42689d5e64dfa9ea0559a8b9545fc - - default default] 10.0.0.134 "GET /v2.0/ports?device_id=b048479f-acc0-480e-b171-c2ea065bb9ae HTTP/1.1" status: 200 len: 1172 time: 0.0392189
2026-05-10 01:57:52.524 10 INFO neutron.wsgi [req-8b676c8f-ed34-413f-9308-190c0547abee req-35ccc356-7a8b-4dbe-bf1e-ed719fe19c7d 3e960405db534c129644f864dd8f698b 11f42689d5e64dfa9ea0559a8b9545fc - - default default] 10.0.0.134 "GET /v2.0/security-groups?id=2765417a-702b-4378-9440-6e5077240962&fields=id&fields=name HTTP/1.1" status: 200 len: 286 time: 0.0388031
2026-05-10 01:57:52.537 9 INFO neutron.wsgi [req-e7da6235-2a11-40bd-a56d-f68f317bc4da req-d72ea714-d168-4237-a3a1-a70c9487ee0a 2997b4e0393c4cb9aca06d6143a03f5e 2e8187c5a7ff43bab0ed3ccb93cd3460 - - 41a00e5bc1624bae9876524ff7500768 41a00e5bc1624bae9876524ff7500768] 199.204.45.238 "GET /v2.0/ports?tenant_id=11f42689d5e64dfa9ea0559a8b9545fc&device_id=b048479f-acc0-480e-b171-c2ea065bb9ae HTTP/1.1" status: 200 len: 1411 time: 0.0526040
2026-05-10 01:57:52.623 9 INFO neutron.wsgi [req-e7da6235-2a11-40bd-a56d-f68f317bc4da req-645b8be0-259f-46ff-801f-8f70b3af85f7 2997b4e0393c4cb9aca06d6143a03f5e 2e8187c5a7ff43bab0ed3ccb93cd3460 - - 41a00e5bc1624bae9876524ff7500768 41a00e5bc1624bae9876524ff7500768] 199.204.45.238 "GET /v2.0/networks?id=80edbaec-7954-46f6-a0b3-20e131cc27e2 HTTP/1.1" status: 200 len: 975 time: 0.0803392
2026-05-10 01:57:52.663 9 INFO neutron.wsgi [req-e7da6235-2a11-40bd-a56d-f68f317bc4da req-dc9c37a6-ea52-4e48-833f-d6bffd8a5d1b 2997b4e0393c4cb9aca06d6143a03f5e 2e8187c5a7ff43bab0ed3ccb93cd3460 - - 41a00e5bc1624bae9876524ff7500768 41a00e5bc1624bae9876524ff7500768] 199.204.45.238 "GET /v2.0/floatingips?fixed_ip_address=10.100.0.10&port_id=2075a2df-b9cc-4050-ae94-fb88304205ea HTTP/1.1" status: 200 len: 217 time: 0.0304599
2026-05-10 01:57:52.707 9 INFO neutron.wsgi [req-e7da6235-2a11-40bd-a56d-f68f317bc4da req-a0f1eab3-72aa-423f-ae61-bc34cf7342cb 2997b4e0393c4cb9aca06d6143a03f5e 2e8187c5a7ff43bab0ed3ccb93cd3460 - - 41a00e5bc1624bae9876524ff7500768 41a00e5bc1624bae9876524ff7500768] 199.204.45.238 "GET /v2.0/subnets?id=68d9d054-e182-4f9e-9524-49998601c720 HTTP/1.1" status: 200 len: 870 time: 0.0374250
2026-05-10 01:57:52.752 9 INFO neutron.wsgi [req-e7da6235-2a11-40bd-a56d-f68f317bc4da req-e80d044f-47fd-46b3-a75d-f77d3093e814 2997b4e0393c4cb9aca06d6143a03f5e 2e8187c5a7ff43bab0ed3ccb93cd3460 - - 41a00e5bc1624bae9876524ff7500768 41a00e5bc1624bae9876524ff7500768] 199.204.45.238 "GET /v2.0/ports?network_id=80edbaec-7954-46f6-a0b3-20e131cc27e2&device_owner=network%3Adhcp HTTP/1.1" status: 200 len: 210 time: 0.0337336
2026-05-10 01:57:52.817 9 INFO neutron.wsgi [req-e7da6235-2a11-40bd-a56d-f68f317bc4da req-ab66236b-cf3d-48fe-afc0-659d650dacc2 2997b4e0393c4cb9aca06d6143a03f5e 2e8187c5a7ff43bab0ed3ccb93cd3460 - - 41a00e5bc1624bae9876524ff7500768 41a00e5bc1624bae9876524ff7500768] 199.204.45.238 "GET /v2.0/networks/80edbaec-7954-46f6-a0b3-20e131cc27e2?fields=segments HTTP/1.1" status: 200 len: 212 time: 0.0561316
2026-05-10 01:57:52.884 9 INFO neutron.wsgi [req-e7da6235-2a11-40bd-a56d-f68f317bc4da req-2a974b74-05c4-4b69-970a-4d72275bd0ee 2997b4e0393c4cb9aca06d6143a03f5e 2e8187c5a7ff43bab0ed3ccb93cd3460 - - 41a00e5bc1624bae9876524ff7500768 41a00e5bc1624bae9876524ff7500768] 199.204.45.238 "GET /v2.0/networks/80edbaec-7954-46f6-a0b3-20e131cc27e2?fields=provider%3Aphysical_network&fields=provider%3Anetwork_type HTTP/1.1" status: 200 len: 277 time: 0.0605423
2026-05-10 01:57:53.058 10 WARNING neutron.plugins.ml2.drivers.ovn.mech_driver.ovsdb.ovn_client [None req-b16e519a-6e9a-4667-a667-1917cb12fb06 - - - - - -] No hosting information found for port 5a6d797f-6410-4d74-bfea-9c51d9fc9d35: RuntimeError: No hosting information found for port 5a6d797f-6410-4d74-bfea-9c51d9fc9d35
2026-05-10 01:57:53.058 10 INFO neutron.plugins.ml2.drivers.ovn.mech_driver.mech_driver [None req-b16e519a-6e9a-4667-a667-1917cb12fb06 - - - - - -] OVN reports status up for port: 2075a2df-b9cc-4050-ae94-fb88304205ea
2026-05-10 01:57:53.069 10 INFO neutron.db.ovn_revision_numbers_db [None req-3f637a9f-5f70-4b06-942d-d3a36fd1c438 a72b53b28ab844869eee847fd706c4b1 438eeca712434e89bfa7f9ef071394ff - - default default] Successfully bumped revision number for resource 06221491-c160-4715-830f-886c30f260af (type: security_groups) to 1
2026-05-10 01:57:53.071 10 INFO neutron.plugins.ml2.plugin [None req-b16e519a-6e9a-4667-a667-1917cb12fb06 - - - - - -] Attempt 1 to provision port 2075a2df-b9cc-4050-ae94-fb88304205ea
2026-05-10 01:57:53.092 10 INFO neutron.db.ovn_revision_numbers_db [None req-3f637a9f-5f70-4b06-942d-d3a36fd1c438 a72b53b28ab844869eee847fd706c4b1 438eeca712434e89bfa7f9ef071394ff - - default default] Successfully bumped revision number for resource 2c2cbc1c-a795-4ba3-96c4-716fd75f800f (type: security_group_rules) to 0
2026-05-10 01:57:53.107 10 INFO neutron.db.ovn_revision_numbers_db [None req-3f637a9f-5f70-4b06-942d-d3a36fd1c438 a72b53b28ab844869eee847fd706c4b1 438eeca712434e89bfa7f9ef071394ff - - default default] Successfully bumped revision number for resource 2cdc022f-1845-45e4-912b-de75825995e2 (type: security_group_rules) to 0
2026-05-10 01:57:53.129 10 INFO neutron.db.ovn_revision_numbers_db [None req-3f637a9f-5f70-4b06-942d-d3a36fd1c438 a72b53b28ab844869eee847fd706c4b1 438eeca712434e89bfa7f9ef071394ff - - default default] Successfully bumped revision number for resource 3afb68fd-462e-405b-af26-94c8af029fb6 (type: security_group_rules) to 0
2026-05-10 01:57:53.145 10 INFO neutron.db.ovn_revision_numbers_db [None req-3f637a9f-5f70-4b06-942d-d3a36fd1c438 a72b53b28ab844869eee847fd706c4b1 438eeca712434e89bfa7f9ef071394ff - - default default] Successfully bumped revision number for resource 845f7f0f-b9b8-43d3-b340-7494b2ad9f0c (type: security_group_rules) to 0
2026-05-10 01:57:53.187 10 INFO neutron.notifiers.nova [-] Nova event matching ['req-83a5a700-e74c-4251-8624-7bf94db5887e'] response: {'server_uuid': 'b048479f-acc0-480e-b171-c2ea065bb9ae', 'name': 'network-vif-plugged', 'status': 'completed', 'tag': '2075a2df-b9cc-4050-ae94-fb88304205ea', 'code': 200}
2026-05-10 01:57:53.217 10 INFO neutron.db.segments_db [None req-3f637a9f-5f70-4b06-942d-d3a36fd1c438 a72b53b28ab844869eee847fd706c4b1 438eeca712434e89bfa7f9ef071394ff - - default default] Added segment 971b49c0-723d-43f4-ab11-69a299e9815e of type geneve for network 6e8a93ab-c0ee-4de3-910a-985e84a2997d
2026-05-10 01:57:53.444 10 INFO neutron.db.ovn_revision_numbers_db [None req-3f637a9f-5f70-4b06-942d-d3a36fd1c438 a72b53b28ab844869eee847fd706c4b1 438eeca712434e89bfa7f9ef071394ff - - default default] Successfully bumped revision number for resource 6e8a93ab-c0ee-4de3-910a-985e84a2997d (type: networks) to 1
2026-05-10 01:57:53.476 10 INFO neutron.db.ovn_revision_numbers_db [None req-b16e519a-6e9a-4667-a667-1917cb12fb06 - - - - - -] Successfully bumped revision number for resource 2075a2df-b9cc-4050-ae94-fb88304205ea (type: ports) to 4 /var/lib/openstack/lib/python3.10/site-packages/pycadf/identifier.py:71: UserWarning: Invalid uuid: neutron. To ensure interoperability, identifiers should be a valid uuid. warnings.warn(('Invalid uuid: %s. To ensure interoperability, '
2026-05-10 01:57:53.632 10 INFO neutron.wsgi [req-8f7895e8-48a2-4205-bfd5-58cc28ead92b req-57199148-9053-4cee-b0ec-7cb3615218f5 3e960405db534c129644f864dd8f698b 11f42689d5e64dfa9ea0559a8b9545fc - - default default] 10.0.0.134 "GET /v2.0/ports?device_id=b048479f-acc0-480e-b171-c2ea065bb9ae HTTP/1.1" status: 200 len: 1174 time: 0.0475349
2026-05-10 01:57:53.633 10 WARNING neutron.scheduler.dhcp_agent_scheduler [None req-3f637a9f-5f70-4b06-942d-d3a36fd1c438 a72b53b28ab844869eee847fd706c4b1 438eeca712434e89bfa7f9ef071394ff - - default default] No more DHCP agents
2026-05-10 01:57:53.635 10 WARNING neutron.api.rpc.agentnotifiers.dhcp_rpc_agent_api [None req-3f637a9f-5f70-4b06-942d-d3a36fd1c438 a72b53b28ab844869eee847fd706c4b1 438eeca712434e89bfa7f9ef071394ff - - default default] Unable to schedule network 6e8a93ab-c0ee-4de3-910a-985e84a2997d: no agents available; will retry on subsequent port and subnet creation events.
2026-05-10 01:57:53.696 10 INFO neutron.wsgi [req-8f7895e8-48a2-4205-bfd5-58cc28ead92b req-966e318a-11e6-456d-839a-a6b033fb3684 3e960405db534c129644f864dd8f698b 11f42689d5e64dfa9ea0559a8b9545fc - - default default] 10.0.0.134 "GET /v2.0/security-groups?id=2765417a-702b-4378-9440-6e5077240962&fields=id&fields=name HTTP/1.1" status: 200 len: 286 time: 0.0578301
2026-05-10 01:57:53.729 10 INFO neutron.db.ovn_revision_numbers_db [None req-3f637a9f-5f70-4b06-942d-d3a36fd1c438 a72b53b28ab844869eee847fd706c4b1 438eeca712434e89bfa7f9ef071394ff - - default default] Successfully bumped revision number for resource fc6f8c11-a270-4ce8-afa3-5b26c474fd84 (type: ports) to 1
2026-05-10 01:57:53.747 10 INFO neutron.wsgi [None req-3f637a9f-5f70-4b06-942d-d3a36fd1c438 a72b53b28ab844869eee847fd706c4b1 438eeca712434e89bfa7f9ef071394ff - - default default] 10.0.0.141 "POST /v2.0/networks HTTP/1.1" status: 201 len: 945 time: 1.1767440
2026-05-10 01:57:53.942 10 WARNING neutron.scheduler.dhcp_agent_scheduler [None req-aee51128-1866-49ed-89a8-3f5765d49e89 a72b53b28ab844869eee847fd706c4b1 438eeca712434e89bfa7f9ef071394ff - - default default] No more DHCP agents
2026-05-10 01:57:53.946 10 WARNING neutron.api.rpc.agentnotifiers.dhcp_rpc_agent_api [None req-aee51128-1866-49ed-89a8-3f5765d49e89 a72b53b28ab844869eee847fd706c4b1 438eeca712434e89bfa7f9ef071394ff - - default default] Unable to schedule network 6e8a93ab-c0ee-4de3-910a-985e84a2997d: no agents available; will retry on subsequent port and subnet creation events.
2026-05-10 01:57:54.349 9 INFO neutron.db.ovn_revision_numbers_db [None req-9c78af45-746f-4ab3-a2d3-2aa450701eed a72b53b28ab844869eee847fd706c4b1 438eeca712434e89bfa7f9ef071394ff - - default default] Successfully bumped revision number for resource e5602222-0707-45e8-8c6e-adab50d61d9c (type: security_groups) to 1
2026-05-10 01:57:54.366 9 INFO neutron.db.ovn_revision_numbers_db [None req-9c78af45-746f-4ab3-a2d3-2aa450701eed a72b53b28ab844869eee847fd706c4b1 438eeca712434e89bfa7f9ef071394ff - - default default] Successfully bumped revision number for resource 10fe9081-7a11-4a05-8b2e-3e3fc3cb0c6b (type: security_group_rules) to 0
2026-05-10 01:57:54.387 9 INFO neutron.db.ovn_revision_numbers_db [None req-9c78af45-746f-4ab3-a2d3-2aa450701eed a72b53b28ab844869eee847fd706c4b1 438eeca712434e89bfa7f9ef071394ff - - default default] Successfully bumped revision number for resource 4b6fe5f3-4c9d-4244-bb97-c478ce4ea8c6 (type: security_group_rules) to 0
2026-05-10 01:57:54.406 9 INFO neutron.db.ovn_revision_numbers_db [None req-9c78af45-746f-4ab3-a2d3-2aa450701eed a72b53b28ab844869eee847fd706c4b1 438eeca712434e89bfa7f9ef071394ff - - default default] Successfully bumped revision number for resource 5f3e93e4-0ac7-4083-922d-b8210031df3e (type: security_group_rules) to 0
2026-05-10 01:57:54.429 9 INFO neutron.db.ovn_revision_numbers_db [None req-9c78af45-746f-4ab3-a2d3-2aa450701eed a72b53b28ab844869eee847fd706c4b1 438eeca712434e89bfa7f9ef071394ff - - default default] Successfully bumped revision number for resource bc1fde5c-8fd2-4d68-9be9-c7461b0dee6c (type: security_group_rules) to 0
2026-05-10 01:57:54.451 10 INFO neutron.db.ovn_revision_numbers_db [None req-aee51128-1866-49ed-89a8-3f5765d49e89 a72b53b28ab844869eee847fd706c4b1 438eeca712434e89bfa7f9ef071394ff - - default default] Successfully bumped revision number for resource fc6f8c11-a270-4ce8-afa3-5b26c474fd84 (type: ports) to 2
2026-05-10 01:57:54.456 9 INFO neutron.wsgi [None req-9c78af45-746f-4ab3-a2d3-2aa450701eed a72b53b28ab844869eee847fd706c4b1 438eeca712434e89bfa7f9ef071394ff - - default default] 10.0.0.141 "GET /v2.0/security-groups?tenant_id=52e153b966124b8bb278b6e5d12ac821&name=default HTTP/1.1" status: 200 len: 2996 time: 0.2969577
2026-05-10 01:57:54.489 10 INFO neutron.db.ovn_revision_numbers_db [None req-aee51128-1866-49ed-89a8-3f5765d49e89 a72b53b28ab844869eee847fd706c4b1 438eeca712434e89bfa7f9ef071394ff - - default default] Successfully bumped revision number for resource 680bc457-992d-4e99-a8fe-db2bd50a22ec (type: subnets) to 0
2026-05-10 01:57:54.506 10 INFO neutron.wsgi [None req-aee51128-1866-49ed-89a8-3f5765d49e89 a72b53b28ab844869eee847fd706c4b1 438eeca712434e89bfa7f9ef071394ff - - default default] 10.0.0.141 "POST /v2.0/subnets HTTP/1.1" status: 201 len: 865 time: 0.7537043
2026-05-10 01:57:54.661 9 INFO neutron.wsgi [None req-319a7cbf-1bb6-438a-a2d9-5263d4ce9e71 a72b53b28ab844869eee847fd706c4b1 438eeca712434e89bfa7f9ef071394ff - - default default] 10.0.0.141 "DELETE /v2.0/security-groups/e5602222-0707-45e8-8c6e-adab50d61d9c HTTP/1.1" status: 204 len: 168 time: 0.1996596
2026-05-10 01:57:54.745 9 INFO neutron.wsgi [req-98744305-c8e3-4e3f-be6a-a2073f081907 req-8ec541ea-e254-4cc8-b16a-5717d6acb6e6 2997b4e0393c4cb9aca06d6143a03f5e 2e8187c5a7ff43bab0ed3ccb93cd3460 - - 41a00e5bc1624bae9876524ff7500768 41a00e5bc1624bae9876524ff7500768] 10.0.0.229 "GET /v2.0/ports?device_id=0e0f1a47-419f-45a9-83c2-5871bcf134d5 HTTP/1.1" status: 200 len: 1409 time: 0.1803534
2026-05-10 01:57:54.821 9 INFO neutron.wsgi [req-98744305-c8e3-4e3f-be6a-a2073f081907 req-d3892240-cc7b-4d78-b7f8-37ed123e602e 2997b4e0393c4cb9aca06d6143a03f5e 2e8187c5a7ff43bab0ed3ccb93cd3460 - - 41a00e5bc1624bae9876524ff7500768 41a00e5bc1624bae9876524ff7500768] 10.0.0.229 "GET /v2.0/security-groups?id=20974562-4471-4b21-8acd-49baf616497f&fields=id&fields=name HTTP/1.1" status: 200 len: 313 time: 0.0700443
2026-05-10 01:57:54.887 9 INFO neutron.wsgi [req-3d79af77-7856-48c5-a7e2-486ca8bb1dce req-71e46da5-6f8c-4796-b659-3391e02510e2 3e960405db534c129644f864dd8f698b 11f42689d5e64dfa9ea0559a8b9545fc - - default default] 10.0.0.134 "GET /v2.0/ports?device_id=b048479f-acc0-480e-b171-c2ea065bb9ae HTTP/1.1" status: 200 len: 1174 time: 0.1043928
2026-05-10 01:57:54.933 9 INFO neutron.wsgi [req-3d79af77-7856-48c5-a7e2-486ca8bb1dce req-3affbb19-3e34-4744-8e7b-26eadc749158 3e960405db534c129644f864dd8f698b 11f42689d5e64dfa9ea0559a8b9545fc - - default default] 10.0.0.134 "GET /v2.0/security-groups?id=2765417a-702b-4378-9440-6e5077240962&fields=id&fields=name HTTP/1.1" status: 200 len: 286 time: 0.0298319
2026-05-10 01:57:55.020 10 INFO neutron.db.ovn_revision_numbers_db [None req-cccd0224-3ef0-4829-b027-49e4413103f1 a72b53b28ab844869eee847fd706c4b1 438eeca712434e89bfa7f9ef071394ff - - default default] Successfully bumped revision number for resource f09b1de5-d2e1-4f7b-8113-f2810b1612c1 (type: security_groups) to 1
2026-05-10 01:57:55.044 10 WARNING neutron.scheduler.dhcp_agent_scheduler [None req-bf0abf71-7d84-4bd7-bd26-81c947ea8d4a a72b53b28ab844869eee847fd706c4b1 438eeca712434e89bfa7f9ef071394ff - - default default] No more DHCP agents
2026-05-10 01:57:55.046 10 INFO neutron.db.ovn_revision_numbers_db [None req-cccd0224-3ef0-4829-b027-49e4413103f1 a72b53b28ab844869eee847fd706c4b1 438eeca712434e89bfa7f9ef071394ff - - default default] Successfully bumped revision number for resource 1a1aae8e-39ed-4676-b056-df966940effb (type: security_group_rules) to 0
2026-05-10 01:57:55.048 10 WARNING neutron.api.rpc.agentnotifiers.dhcp_rpc_agent_api [None req-bf0abf71-7d84-4bd7-bd26-81c947ea8d4a a72b53b28ab844869eee847fd706c4b1 438eeca712434e89bfa7f9ef071394ff - - default default] Unable to schedule network 364e5f4a-8f91-4827-b233-5db47e9155d6: no agents available; will retry on subsequent port and subnet creation events.
2026-05-10 01:57:55.075 10 INFO neutron.db.ovn_revision_numbers_db [None req-cccd0224-3ef0-4829-b027-49e4413103f1 a72b53b28ab844869eee847fd706c4b1 438eeca712434e89bfa7f9ef071394ff - - default default] Successfully bumped revision number for resource a228cc8f-8b37-4430-aa36-e92ce16e9360 (type: security_group_rules) to 0
2026-05-10 01:57:55.093 10 INFO neutron.db.ovn_revision_numbers_db [None req-cccd0224-3ef0-4829-b027-49e4413103f1 a72b53b28ab844869eee847fd706c4b1 438eeca712434e89bfa7f9ef071394ff - - default default] Successfully bumped revision number for resource cc4c4b4c-9f8c-416b-9b1c-ac898ceb99df (type: security_group_rules) to 0
2026-05-10 01:57:55.119 10 INFO neutron.db.ovn_revision_numbers_db [None req-cccd0224-3ef0-4829-b027-49e4413103f1 a72b53b28ab844869eee847fd706c4b1 438eeca712434e89bfa7f9ef071394ff - - default default] Successfully bumped revision number for resource d0b0a9f3-885b-430d-8cd4-4cdd30b12e83 (type: security_group_rules) to 0
2026-05-10 01:57:55.153 10 INFO neutron.wsgi [None req-cccd0224-3ef0-4829-b027-49e4413103f1 a72b53b28ab844869eee847fd706c4b1 438eeca712434e89bfa7f9ef071394ff - - default default] 10.0.0.141 "GET /v2.0/security-groups?tenant_id=e0419730fa3b46c78535a44b80ef7517&name=default HTTP/1.1" status: 200 len: 2996 time: 0.3317504
2026-05-10 01:57:55.225 10 INFO neutron.db.ovn_revision_numbers_db [None req-bf0abf71-7d84-4bd7-bd26-81c947ea8d4a a72b53b28ab844869eee847fd706c4b1 438eeca712434e89bfa7f9ef071394ff - - default default] Successfully bumped revision number for resource 6a96051c-d23e-44d2-a8d5-f6c1bb9e3471 (type: ports) to 1
2026-05-10 01:57:55.261 10 INFO neutron.notifiers.nova [-] Nova event matching ['req-d40ae74c-4f64-423f-9f9b-867a40fea491'] response: {'server_uuid': 'b048479f-acc0-480e-b171-c2ea065bb9ae', 'name': 'network-vif-plugged', 'status': 'completed', 'tag': '2075a2df-b9cc-4050-ae94-fb88304205ea', 'code': 200}
2026-05-10 01:57:55.332 10 INFO neutron.plugins.ml2.drivers.ovn.mech_driver.mech_driver [None req-b16e519a-6e9a-4667-a667-1917cb12fb06 - - - - - -] OVN reports status down for port: 2075a2df-b9cc-4050-ae94-fb88304205ea
2026-05-10 01:57:55.498 10 INFO neutron.wsgi [req-6efb5c42-d225-4a73-9bb9-32051a986194 req-e4754ad4-7d76-45b3-8e24-dcdb03fd8853 3e960405db534c129644f864dd8f698b 11f42689d5e64dfa9ea0559a8b9545fc - - default default] 10.0.0.134 "GET /v2.0/ports?device_id=b048479f-acc0-480e-b171-c2ea065bb9ae HTTP/1.1" status: 200 len: 1174 time: 0.2000329
2026-05-10 01:57:55.682 9 INFO neutron.wsgi [req-de029557-1cd7-4702-a879-7704e1d7a005 req-f39e3f3b-329e-4097-a6c0-ee1543cb1d81 3e960405db534c129644f864dd8f698b 11f42689d5e64dfa9ea0559a8b9545fc - - default default] 199.204.45.238 "GET /v2.0/ports?device_id=b048479f-acc0-480e-b171-c2ea065bb9ae HTTP/1.1" status: 200 len: 1174 time: 0.0412595
2026-05-10 01:57:55.781 10 INFO neutron.wsgi [req-6efb5c42-d225-4a73-9bb9-32051a986194 req-1c983318-ea82-44e1-b764-7728039e2509 3e960405db534c129644f864dd8f698b 11f42689d5e64dfa9ea0559a8b9545fc - - default default] 10.0.0.134 "GET /v2.0/security-groups?id=2765417a-702b-4378-9440-6e5077240962&fields=id&fields=name HTTP/1.1" status: 200 len: 286 time: 0.2768376
2026-05-10 01:57:55.897 10 INFO neutron.wsgi [None req-1eaa5174-aa83-400f-9893-bd787d8473ba a72b53b28ab844869eee847fd706c4b1 438eeca712434e89bfa7f9ef071394ff - - default default] 10.0.0.141 "DELETE /v2.0/security-groups/f09b1de5-d2e1-4f7b-8113-f2810b1612c1 HTTP/1.1" status: 204 len: 168 time: 0.7375178
2026-05-10 01:57:56.029 9 INFO neutron.wsgi [req-de029557-1cd7-4702-a879-7704e1d7a005 req-e8e2429b-8d4b-4ce8-b196-394c0c4dab90 3e960405db534c129644f864dd8f698b 11f42689d5e64dfa9ea0559a8b9545fc - - default default] 199.204.45.238 "DELETE /v2.0/ports/2075a2df-b9cc-4050-ae94-fb88304205ea HTTP/1.1" status: 204 len: 173 time: 0.3405788
2026-05-10 01:57:56.034 10 ERROR ovsdbapp.backend.ovs_idl.command [None req-b16e519a-6e9a-4667-a667-1917cb12fb06 - - - - - -] Error executing command (LspGetUpCommand): ovsdbapp.backend.ovs_idl.idlutils.RowNotFound: Cannot find Logical_Switch_Port with name=2075a2df-b9cc-4050-ae94-fb88304205ea
2026-05-10 01:57:56.034 10 ERROR ovsdbapp.backend.ovs_idl.command
Traceback (most recent call last):
2026-05-10 01:57:56.034 10 ERROR ovsdbapp.backend.ovs_idl.command
File "/var/lib/openstack/lib/python3.10/site-packages/ovsdbapp/backend/ovs_idl/command.py", line 47, in execute
2026-05-10 01:57:56.034 10 ERROR ovsdbapp.backend.ovs_idl.command self.run_idl(None)
2026-05-10 01:57:56.034 10 ERROR ovsdbapp.backend.ovs_idl.command
File "/var/lib/openstack/lib/python3.10/site-packages/ovsdbapp/schema/ovn_northbound/commands.py", line 672, in run_idl
2026-05-10 01:57:56.034 10 ERROR ovsdbapp.backend.ovs_idl.command lsp = self.api.lookup('Logical_Switch_Port', self.port)
2026-05-10 01:57:56.034 10 ERROR ovsdbapp.backend.ovs_idl.command
File "/var/lib/openstack/lib/python3.10/site-packages/ovsdbapp/backend/ovs_idl/__init__.py", line 184, in lookup
2026-05-10 01:57:56.034 10 ERROR ovsdbapp.backend.ovs_idl.command return self._lookup(table, record)
2026-05-10 01:57:56.034 10 ERROR ovsdbapp.backend.ovs_idl.command
File "/var/lib/openstack/lib/python3.10/site-packages/ovsdbapp/backend/ovs_idl/__init__.py", line 235, in _lookup
2026-05-10 01:57:56.034 10 ERROR ovsdbapp.backend.ovs_idl.command row = idlutils.row_by_value(self, rl.table, rl.column, record)
2026-05-10 01:57:56.034 10 ERROR ovsdbapp.backend.ovs_idl.command
File "/var/lib/openstack/lib/python3.10/site-packages/ovsdbapp/backend/ovs_idl/idlutils.py", line 114, in row_by_value
2026-05-10 01:57:56.034 10 ERROR ovsdbapp.backend.ovs_idl.command raise RowNotFound(table=table, col=column, match=match)
2026-05-10 01:57:56.034 10 ERROR ovsdbapp.backend.ovs_idl.command ovsdbapp.backend.ovs_idl.idlutils.RowNotFound: Cannot find Logical_Switch_Port with name=2075a2df-b9cc-4050-ae94-fb88304205ea
2026-05-10 01:57:56.034 10 ERROR ovsdbapp.backend.ovs_idl.command 
2026-05-10 01:57:56.035 10 ERROR ovsdbapp.event [None req-b16e519a-6e9a-4667-a667-1917cb12fb06 - - - - - -] Unexpected exception in notify_loop: ovsdbapp.backend.ovs_idl.idlutils.RowNotFound: Cannot find Logical_Switch_Port with name=2075a2df-b9cc-4050-ae94-fb88304205ea
2026-05-10 01:57:56.035 10 ERROR ovsdbapp.event
Traceback (most recent call last):
2026-05-10 01:57:56.035 10 ERROR ovsdbapp.event
File "/var/lib/openstack/lib/python3.10/site-packages/ovsdbapp/event.py", line 177, in notify_loop
2026-05-10 01:57:56.035 10 ERROR ovsdbapp.event match.run(event, row, updates)
2026-05-10 01:57:56.035 10 ERROR ovsdbapp.event
File "/var/lib/openstack/lib/python3.10/site-packages/neutron/plugins/ml2/drivers/ovn/mech_driver/ovsdb/ovsdb_monitor.py", line 543, in run
2026-05-10 01:57:56.035 10 ERROR ovsdbapp.event self.driver.set_port_status_down(row.name)
2026-05-10 01:57:56.035 10 ERROR ovsdbapp.event
File "/var/lib/openstack/lib/python3.10/site-packages/neutron/plugins/ml2/drivers/ovn/mech_driver/mech_driver.py", line 1241, in set_port_status_down
2026-05-10 01:57:56.035 10 ERROR ovsdbapp.event self._ovn_client.update_lsp_host_info(
2026-05-10 01:57:56.035 10 ERROR ovsdbapp.event
File "/var/lib/openstack/lib/python3.10/site-packages/neutron/plugins/ml2/drivers/ovn/mech_driver/ovsdb/ovn_client.py", line 297, in update_lsp_host_info
2026-05-10 01:57:56.035 10 ERROR ovsdbapp.event port_up = self._nb_idl.lsp_get_up(db_port.id).execute(
2026-05-10 01:57:56.035 10 ERROR ovsdbapp.event
File "/var/lib/openstack/lib/python3.10/site-packages/ovsdbapp/backend/ovs_idl/command.py", line 47, in execute
2026-05-10 01:57:56.035 10 ERROR ovsdbapp.event self.run_idl(None)
2026-05-10 01:57:56.035 10 ERROR ovsdbapp.event
File "/var/lib/openstack/lib/python3.10/site-packages/ovsdbapp/schema/ovn_northbound/commands.py", line 672, in run_idl
2026-05-10 01:57:56.035 10 ERROR ovsdbapp.event lsp = self.api.lookup('Logical_Switch_Port', self.port)
2026-05-10 01:57:56.035 10 ERROR ovsdbapp.event
File "/var/lib/openstack/lib/python3.10/site-packages/ovsdbapp/backend/ovs_idl/__init__.py", line 184, in lookup
2026-05-10 01:57:56.035 10 ERROR ovsdbapp.event return self._lookup(table, record)
2026-05-10 01:57:56.035 10 ERROR ovsdbapp.event
File "/var/lib/openstack/lib/python3.10/site-packages/ovsdbapp/backend/ovs_idl/__init__.py", line 235, in _lookup
2026-05-10 01:57:56.035 10 ERROR ovsdbapp.event row = idlutils.row_by_value(self, rl.table, rl.column, record)
2026-05-10 01:57:56.035 10 ERROR ovsdbapp.event
File "/var/lib/openstack/lib/python3.10/site-packages/ovsdbapp/backend/ovs_idl/idlutils.py", line 114, in row_by_value
2026-05-10 01:57:56.035 10 ERROR ovsdbapp.event raise RowNotFound(table=table, col=column, match=match)
2026-05-10 01:57:56.035 10 ERROR ovsdbapp.event ovsdbapp.backend.ovs_idl.idlutils.RowNotFound: Cannot find Logical_Switch_Port with name=2075a2df-b9cc-4050-ae94-fb88304205ea
2026-05-10 01:57:56.035 10 ERROR ovsdbapp.event 
2026-05-10 01:57:56.037 10 INFO neutron.plugins.ml2.drivers.ovn.mech_driver.mech_driver [None req-b16e519a-6e9a-4667-a667-1917cb12fb06 - - - - - -] OVN reports status up for port: 2075a2df-b9cc-4050-ae94-fb88304205ea
2026-05-10 01:57:56.076 9 INFO neutron.notifiers.nova [-] Nova event matching ['req-affddaf9-a210-4af9-9345-5e3d9832903d'] response: {'server_uuid': 'b048479f-acc0-480e-b171-c2ea065bb9ae', 'name': 'network-vif-deleted', 'tag': '2075a2df-b9cc-4050-ae94-fb88304205ea', 'status': 'completed', 'code': 200}
2026-05-10 01:57:56.081 10 INFO neutron.plugins.ml2.drivers.ovn.mech_driver.mech_driver [None req-b16e519a-6e9a-4667-a667-1917cb12fb06 - - - - - -] OVN reports status down for port: 2075a2df-b9cc-4050-ae94-fb88304205ea
2026-05-10 01:57:56.234 10 INFO neutron.plugins.ml2.drivers.ovn.mech_driver.mech_driver [None req-b16e519a-6e9a-4667-a667-1917cb12fb06 - - - - - -] OVN reports status up for port: 6a96051c-d23e-44d2-a8d5-f6c1bb9e3471
2026-05-10 01:57:56.252 10 INFO neutron.plugins.ml2.drivers.ovn.mech_driver.ovsdb.ovsdb_monitor [None req-5274259b-b19c-4002-a9df-63de010243ed - - - - - -] Router 928a8bc6-84d3-432d-be05-11e89c87a75b is bound to host instance
2026-05-10 01:57:56.263 10 INFO neutron.plugins.ml2.plugin [None req-b16e519a-6e9a-4667-a667-1917cb12fb06 - - - - - -] Attempt 1 to provision port 6a96051c-d23e-44d2-a8d5-f6c1bb9e3471
2026-05-10 01:57:56.303 10 INFO neutron.db.ovn_revision_numbers_db [None req-bf0abf71-7d84-4bd7-bd26-81c947ea8d4a a72b53b28ab844869eee847fd706c4b1 438eeca712434e89bfa7f9ef071394ff - - default default] Successfully bumped revision number for resource 6a96051c-d23e-44d2-a8d5-f6c1bb9e3471 (type: router_ports) to 1
2026-05-10 01:57:56.422 10 INFO neutron.db.ovn_revision_numbers_db [None req-bf0abf71-7d84-4bd7-bd26-81c947ea8d4a a72b53b28ab844869eee847fd706c4b1 438eeca712434e89bfa7f9ef071394ff - - default default] Successfully bumped revision number for resource 928a8bc6-84d3-432d-be05-11e89c87a75b (type: routers) to 2
2026-05-10 01:57:56.440 10 INFO neutron.wsgi [None req-bf0abf71-7d84-4bd7-bd26-81c947ea8d4a a72b53b28ab844869eee847fd706c4b1 438eeca712434e89bfa7f9ef071394ff - - default default] 10.0.0.141 "POST /v2.0/routers HTTP/1.1" status: 201 len: 876 time: 1.9284182
2026-05-10 01:57:56.782 10 INFO neutron.db.ovn_revision_numbers_db [None req-5274259b-b19c-4002-a9df-63de010243ed - - - - - -] Successfully bumped revision number for resource 6a96051c-d23e-44d2-a8d5-f6c1bb9e3471 (type: ports) to 1
2026-05-10 01:57:56.890 9 WARNING neutron.scheduler.dhcp_agent_scheduler [None req-bbaa377c-4284-4467-ac05-72b95b457a84 a72b53b28ab844869eee847fd706c4b1 438eeca712434e89bfa7f9ef071394ff - - default default] No more DHCP agents
2026-05-10 01:57:56.893 9 WARNING neutron.api.rpc.agentnotifiers.dhcp_rpc_agent_api [None req-bbaa377c-4284-4467-ac05-72b95b457a84 a72b53b28ab844869eee847fd706c4b1 438eeca712434e89bfa7f9ef071394ff - - default default] Unable to schedule network 6e8a93ab-c0ee-4de3-910a-985e84a2997d: no agents available; will retry on subsequent port and subnet creation events.
2026-05-10 01:57:57.047 10 INFO neutron.db.ovn_revision_numbers_db [None req-5274259b-b19c-4002-a9df-63de010243ed - - - - - -] Successfully bumped revision number for resource 6a96051c-d23e-44d2-a8d5-f6c1bb9e3471 (type: router_ports) to 3
2026-05-10 01:57:57.230 10 INFO neutron.db.ovn_revision_numbers_db [None req-5274259b-b19c-4002-a9df-63de010243ed - - - - - -] Successfully bumped revision number for resource 6a96051c-d23e-44d2-a8d5-f6c1bb9e3471 (type: ports) to 2
2026-05-10 01:57:57.241 9 INFO neutron.db.ovn_revision_numbers_db [None req-bbaa377c-4284-4467-ac05-72b95b457a84 a72b53b28ab844869eee847fd706c4b1 438eeca712434e89bfa7f9ef071394ff - - default default] Successfully bumped revision number for resource 003d0883-72e4-42f0-b632-bc3d77639af7 (type: ports) to 1
2026-05-10 01:57:57.311 10 INFO neutron.notifiers.nova [-] Nova event matching ['req-c0b29428-645c-443c-a4fc-70f08814f672'] response: {'server_uuid': 'b048479f-acc0-480e-b171-c2ea065bb9ae', 'name': 'network-vif-unplugged', 'status': 'completed', 'tag': '2075a2df-b9cc-4050-ae94-fb88304205ea', 'code': 200}
2026-05-10 01:57:57.311 10 INFO neutron.notifiers.nova [-] Nova event matching ['req-c0b29428-645c-443c-a4fc-70f08814f672'] response: {'server_uuid': 'b048479f-acc0-480e-b171-c2ea065bb9ae', 'name': 'network-vif-plugged', 'status': 'completed', 'tag': '2075a2df-b9cc-4050-ae94-fb88304205ea', 'code': 200}
2026-05-10 01:57:57.587 10 INFO neutron.db.ovn_revision_numbers_db [None req-5274259b-b19c-4002-a9df-63de010243ed - - - - - -] Successfully bumped revision number for resource 6a96051c-d23e-44d2-a8d5-f6c1bb9e3471 (type: ports) to 4
2026-05-10 01:57:57.683 9 INFO neutron.plugins.ml2.drivers.ovn.mech_driver.mech_driver [None req-e30fdbb3-ecfb-4c9d-bf8c-ae56bdb1dc42 - - - - - -] OVN reports status up for port: 003d0883-72e4-42f0-b632-bc3d77639af7
2026-05-10 01:57:57.698 9 INFO neutron.plugins.ml2.plugin [None req-e30fdbb3-ecfb-4c9d-bf8c-ae56bdb1dc42 - - - - - -] Attempt 1 to provision port 003d0883-72e4-42f0-b632-bc3d77639af7
2026-05-10 01:57:57.718 9 INFO neutron.db.ovn_revision_numbers_db [None req-bbaa377c-4284-4467-ac05-72b95b457a84 a72b53b28ab844869eee847fd706c4b1 438eeca712434e89bfa7f9ef071394ff - - default default] Successfully bumped revision number for resource 003d0883-72e4-42f0-b632-bc3d77639af7 (type: router_ports) to 1
2026-05-10 01:57:57.931 9 INFO neutron.db.ovn_revision_numbers_db [None req-bbaa377c-4284-4467-ac05-72b95b457a84 a72b53b28ab844869eee847fd706c4b1 438eeca712434e89bfa7f9ef071394ff - - default default] Successfully bumped revision number for resource 003d0883-72e4-42f0-b632-bc3d77639af7 (type: ports) to 1
2026-05-10 01:57:58.038 9 WARNING neutron.scheduler.dhcp_agent_scheduler [None req-bbaa377c-4284-4467-ac05-72b95b457a84 a72b53b28ab844869eee847fd706c4b1 438eeca712434e89bfa7f9ef071394ff - - default default] No more DHCP agents
2026-05-10 01:57:58.039 9 WARNING neutron.api.rpc.agentnotifiers.dhcp_rpc_agent_api [None req-bbaa377c-4284-4467-ac05-72b95b457a84 a72b53b28ab844869eee847fd706c4b1 438eeca712434e89bfa7f9ef071394ff - - default default] Unable to schedule network 6e8a93ab-c0ee-4de3-910a-985e84a2997d: no agents available; will retry on subsequent port and subnet creation events.
2026-05-10 01:57:58.052 9 INFO neutron.db.ovn_revision_numbers_db [None req-e30fdbb3-ecfb-4c9d-bf8c-ae56bdb1dc42 - - - - - -] Successfully bumped revision number for resource 003d0883-72e4-42f0-b632-bc3d77639af7 (type: ports) to 2
2026-05-10 01:57:58.087 10 INFO neutron.db.ovn_revision_numbers_db [None req-5274259b-b19c-4002-a9df-63de010243ed - - - - - -] Successfully bumped revision number for resource 6a96051c-d23e-44d2-a8d5-f6c1bb9e3471 (type: router_ports) to 4
2026-05-10 01:57:58.143 9 INFO neutron.db.ovn_revision_numbers_db [None req-e30fdbb3-ecfb-4c9d-bf8c-ae56bdb1dc42 - - - - - -] Successfully bumped revision number for resource 003d0883-72e4-42f0-b632-bc3d77639af7 (type: router_ports) to 2
