2026-04-28 23:31:10.121 8 INFO cinder.api.openstack.wsgi [req-02947457-7747-4f9e-afd5-a64f82ef59ff req-3e0ea681-4cac-4219-b2bc-f011ec8ccc49 db68eed7e3e44c2fa0afebcafd110e32 751dca779d5c4cb69fa2d431c53a7902 - - default default] POST http://cinder-api.openstack.svc.cluster.local:8776/v3/751dca779d5c4cb69fa2d431c53a7902/attachments /var/lib/openstack/lib/python3.10/site-packages/oslo_context/context.py:100: DeprecationWarning: Policy enforcement is depending on the value of is_admin. This key is deprecated. Please update your policy file to use the standard policy values. warnings.warn('Policy enforcement is depending on the value of '
2026-04-28 23:31:10.186 8 INFO cinder.api.openstack.wsgi [req-02947457-7747-4f9e-afd5-a64f82ef59ff req-3e0ea681-4cac-4219-b2bc-f011ec8ccc49 db68eed7e3e44c2fa0afebcafd110e32 751dca779d5c4cb69fa2d431c53a7902 - - default default] http://cinder-api.openstack.svc.cluster.local:8776/v3/751dca779d5c4cb69fa2d431c53a7902/attachments returned with HTTP 200 [pid: 8|app: 0|req: 340/681] 10.0.0.48 () {40 vars in 1056 bytes} [Tue Apr 28 23:31:10 2026] POST /v3/751dca779d5c4cb69fa2d431c53a7902/attachments => generated 273 bytes in 75 msecs (HTTP/1.1 200) 7 headers in 286 bytes (1 switches on core 0)
2026-04-28 23:31:11.129 7 INFO cinder.api.openstack.wsgi [req-02947457-7747-4f9e-afd5-a64f82ef59ff req-af569891-0cfe-4bc1-b111-f23ec2903571 db68eed7e3e44c2fa0afebcafd110e32 751dca779d5c4cb69fa2d431c53a7902 - - default default] GET http://cinder-api.openstack.svc.cluster.local:8776/
2026-04-28 23:31:11.130 7 INFO cinder.api.openstack.wsgi [req-02947457-7747-4f9e-afd5-a64f82ef59ff req-af569891-0cfe-4bc1-b111-f23ec2903571 db68eed7e3e44c2fa0afebcafd110e32 751dca779d5c4cb69fa2d431c53a7902 - - default default] http://cinder-api.openstack.svc.cluster.local:8776/ returned with HTTP 300 [pid: 7|app: 0|req: 342/682] 199.204.45.129 () {32 vars in 840 bytes} [Tue Apr 28 23:31:11 2026] GET / => generated 411 bytes in 2 msecs (HTTP/1.1 300) 5 headers in 169 bytes (1 switches on core 0) /var/lib/openstack/lib/python3.10/site-packages/pycadf/identifier.py:71: UserWarning: Invalid uuid: cinderv3. To ensure interoperability, identifiers should be a valid uuid. warnings.warn(('Invalid uuid: %s. To ensure interoperability, '
2026-04-28 23:31:11.176 8 INFO cinder.api.openstack.wsgi [req-02947457-7747-4f9e-afd5-a64f82ef59ff req-fd6edf63-5f6f-42f5-ac34-b1f4341fb269 db68eed7e3e44c2fa0afebcafd110e32 751dca779d5c4cb69fa2d431c53a7902 - - default default] GET http://cinder-api.openstack.svc.cluster.local:8776/v3/751dca779d5c4cb69fa2d431c53a7902/volumes/3532272f-954d-4337-aec1-190eea0e6077 /var/lib/openstack/lib/python3.10/site-packages/oslo_context/context.py:100: DeprecationWarning: Policy enforcement is depending on the value of is_admin. This key is deprecated. Please update your policy file to use the standard policy values. warnings.warn('Policy enforcement is depending on the value of '
2026-04-28 23:31:11.219 8 INFO cinder.volume.api [req-02947457-7747-4f9e-afd5-a64f82ef59ff req-fd6edf63-5f6f-42f5-ac34-b1f4341fb269 db68eed7e3e44c2fa0afebcafd110e32 751dca779d5c4cb69fa2d431c53a7902 - - default default] Volume info retrieved successfully.
2026-04-28 23:31:11.230 8 INFO cinder.api.openstack.wsgi [req-02947457-7747-4f9e-afd5-a64f82ef59ff req-fd6edf63-5f6f-42f5-ac34-b1f4341fb269 db68eed7e3e44c2fa0afebcafd110e32 751dca779d5c4cb69fa2d431c53a7902 - - default default] http://cinder-api.openstack.svc.cluster.local:8776/v3/751dca779d5c4cb69fa2d431c53a7902/volumes/3532272f-954d-4337-aec1-190eea0e6077 returned with HTTP 200 [pid: 8|app: 0|req: 341/683] 199.204.45.129 () {36 vars in 1073 bytes} [Tue Apr 28 23:31:11 2026] GET /v3/751dca779d5c4cb69fa2d431c53a7902/volumes/3532272f-954d-4337-aec1-190eea0e6077 => generated 1439 bytes in 66 msecs (HTTP/1.1 200) 7 headers in 287 bytes (1 switches on core 0)
2026-04-28 23:31:12.442 8 INFO cinder.api.openstack.wsgi [req-02947457-7747-4f9e-afd5-a64f82ef59ff req-fd6edf63-5f6f-42f5-ac34-b1f4341fb269 db68eed7e3e44c2fa0afebcafd110e32 751dca779d5c4cb69fa2d431c53a7902 - - default default] GET http://10.0.0.66:8776/
2026-04-28 23:31:12.442 7 INFO cinder.api.openstack.wsgi [req-02947457-7747-4f9e-afd5-a64f82ef59ff req-af569891-0cfe-4bc1-b111-f23ec2903571 db68eed7e3e44c2fa0afebcafd110e32 751dca779d5c4cb69fa2d431c53a7902 - - default default] GET http://10.0.0.66:8776/
2026-04-28 23:31:12.442 8 INFO cinder.api.openstack.wsgi [req-02947457-7747-4f9e-afd5-a64f82ef59ff req-fd6edf63-5f6f-42f5-ac34-b1f4341fb269 db68eed7e3e44c2fa0afebcafd110e32 751dca779d5c4cb69fa2d431c53a7902 - - default default] http://10.0.0.66:8776/ returned with HTTP 300
2026-04-28 23:31:12.448 7 INFO cinder.api.openstack.wsgi [req-02947457-7747-4f9e-afd5-a64f82ef59ff req-af569891-0cfe-4bc1-b111-f23ec2903571 db68eed7e3e44c2fa0afebcafd110e32 751dca779d5c4cb69fa2d431c53a7902 - - default default] http://10.0.0.66:8776/ returned with HTTP 300 /var/lib/openstack/lib/python3.10/site-packages/pycadf/identifier.py:71: UserWarning: Invalid uuid: cinderv3. To ensure interoperability, identifiers should be a valid uuid. warnings.warn(('Invalid uuid: %s. To ensure interoperability, '
2026-04-28 23:31:13.262 8 INFO cinder.api.openstack.wsgi [req-02947457-7747-4f9e-afd5-a64f82ef59ff req-dd4f7d2b-66d5-4f17-868b-d7248634e5a0 db68eed7e3e44c2fa0afebcafd110e32 751dca779d5c4cb69fa2d431c53a7902 - - default default] PUT http://cinder-api.openstack.svc.cluster.local:8776/v3/751dca779d5c4cb69fa2d431c53a7902/attachments/7b05750c-be85-4ace-b56d-7d19e9d253ad /var/lib/openstack/lib/python3.10/site-packages/oslo_context/context.py:100: DeprecationWarning: Policy enforcement is depending on the value of is_admin. This key is deprecated. Please update your policy file to use the standard policy values. warnings.warn('Policy enforcement is depending on the value of '
2026-04-28 23:31:13.985 8 INFO cinder.api.openstack.wsgi [req-02947457-7747-4f9e-afd5-a64f82ef59ff req-dd4f7d2b-66d5-4f17-868b-d7248634e5a0 db68eed7e3e44c2fa0afebcafd110e32 751dca779d5c4cb69fa2d431c53a7902 - - default default] http://cinder-api.openstack.svc.cluster.local:8776/v3/751dca779d5c4cb69fa2d431c53a7902/attachments/7b05750c-be85-4ace-b56d-7d19e9d253ad returned with HTTP 200 [pid: 8|app: 0|req: 343/686] 199.204.45.129 () {40 vars in 1134 bytes} [Tue Apr 28 23:31:13 2026] PUT /v3/751dca779d5c4cb69fa2d431c53a7902/attachments/7b05750c-be85-4ace-b56d-7d19e9d253ad => generated 775 bytes in 733 msecs (HTTP/1.1 200) 7 headers in 286 bytes (1 switches on core 0) /var/lib/openstack/lib/python3.10/site-packages/pycadf/identifier.py:71: UserWarning: Invalid uuid: cinderv3. To ensure interoperability, identifiers should be a valid uuid. warnings.warn(('Invalid uuid: %s. To ensure interoperability, '
2026-04-28 23:31:14.029 7 INFO cinder.api.openstack.wsgi [req-02947457-7747-4f9e-afd5-a64f82ef59ff req-14aeb49d-3e41-465a-9468-49de0e1f8375 db68eed7e3e44c2fa0afebcafd110e32 751dca779d5c4cb69fa2d431c53a7902 - - default default] POST http://cinder-api.openstack.svc.cluster.local:8776/v3/751dca779d5c4cb69fa2d431c53a7902/attachments/7b05750c-be85-4ace-b56d-7d19e9d253ad/action /var/lib/openstack/lib/python3.10/site-packages/oslo_context/context.py:100: DeprecationWarning: Policy enforcement is depending on the value of is_admin. This key is deprecated. Please update your policy file to use the standard policy values. warnings.warn('Policy enforcement is depending on the value of '
2026-04-28 23:31:14.084 7 INFO cinder.api.openstack.wsgi [req-02947457-7747-4f9e-afd5-a64f82ef59ff req-14aeb49d-3e41-465a-9468-49de0e1f8375 db68eed7e3e44c2fa0afebcafd110e32 751dca779d5c4cb69fa2d431c53a7902 - - default default] http://cinder-api.openstack.svc.cluster.local:8776/v3/751dca779d5c4cb69fa2d431c53a7902/attachments/7b05750c-be85-4ace-b56d-7d19e9d253ad/action returned with HTTP 204 [pid: 7|app: 0|req: 344/687] 199.204.45.129 () {40 vars in 1148 bytes} [Tue Apr 28 23:31:14 2026] POST /v3/751dca779d5c4cb69fa2d431c53a7902/attachments/7b05750c-be85-4ace-b56d-7d19e9d253ad/action => generated 0 bytes in 69 msecs (HTTP/1.1 204) 7 headers in 292 bytes (1 switches on core 0) /var/lib/openstack/lib/python3.10/site-packages/pycadf/identifier.py:71: UserWarning: Invalid uuid: cinderv3. To ensure interoperability, identifiers should be a valid uuid. warnings.warn(('Invalid uuid: %s. To ensure interoperability, '
2026-04-28 23:31:18.311 8 INFO cinder.api.openstack.wsgi [None req-e3f90e3f-2407-46bb-a041-9c8e0ae92024 e378320fd05f4e70a8aa0bd84dd10e8d 6da7ca489ede4056a9a501dd18f26b63 - - default default] GET http://cinder-api.openstack.svc.cluster.local:8776/v3/6da7ca489ede4056a9a501dd18f26b63/os-quota-sets/538944ecd8a3446094aab9742db2f469?usage=true /var/lib/openstack/lib/python3.10/site-packages/oslo_context/context.py:100: DeprecationWarning: Policy enforcement is depending on the value of is_admin. This key is deprecated. Please update your policy file to use the standard policy values. warnings.warn('Policy enforcement is depending on the value of '
2026-04-28 23:31:18.342 8 INFO cinder.api.openstack.wsgi [None req-e3f90e3f-2407-46bb-a041-9c8e0ae92024 e378320fd05f4e70a8aa0bd84dd10e8d 6da7ca489ede4056a9a501dd18f26b63 - - default default] http://cinder-api.openstack.svc.cluster.local:8776/v3/6da7ca489ede4056a9a501dd18f26b63/os-quota-sets/538944ecd8a3446094aab9742db2f469?usage=true returned with HTTP 200 [pid: 8|app: 0|req: 344/688] 10.0.0.118 () {28 vars in 736 bytes} [Tue Apr 28 23:31:17 2026] GET /v3/6da7ca489ede4056a9a501dd18f26b63/os-quota-sets/538944ecd8a3446094aab9742db2f469?usage=true => generated 847 bytes in 383 msecs (HTTP/1.1 200) 7 headers in 285 bytes (1 switches on core 0) /var/lib/openstack/lib/python3.10/site-packages/pycadf/identifier.py:71: UserWarning: Invalid uuid: cinderv3. To ensure interoperability, identifiers should be a valid uuid. warnings.warn(('Invalid uuid: %s. To ensure interoperability, '
2026-04-28 23:31:18.357 7 INFO cinder.api.openstack.wsgi [None req-c2fd5770-1213-4718-a9bd-abbdb4e13fdb e378320fd05f4e70a8aa0bd84dd10e8d 6da7ca489ede4056a9a501dd18f26b63 - - default default] GET http://cinder-api.openstack.svc.cluster.local:8776/v3/6da7ca489ede4056a9a501dd18f26b63/os-quota-sets/6da7ca489ede4056a9a501dd18f26b63?usage=true
2026-04-28 23:31:18.404 7 INFO cinder.api.openstack.wsgi [None req-c2fd5770-1213-4718-a9bd-abbdb4e13fdb e378320fd05f4e70a8aa0bd84dd10e8d 6da7ca489ede4056a9a501dd18f26b63 - - default default] http://cinder-api.openstack.svc.cluster.local:8776/v3/6da7ca489ede4056a9a501dd18f26b63/os-quota-sets/6da7ca489ede4056a9a501dd18f26b63?usage=true returned with HTTP 200 [pid: 7|app: 0|req: 345/689] 10.0.0.118 () {28 vars in 736 bytes} [Tue Apr 28 23:31:18 2026] GET /v3/6da7ca489ede4056a9a501dd18f26b63/os-quota-sets/6da7ca489ede4056a9a501dd18f26b63?usage=true => generated 845 bytes in 55 msecs (HTTP/1.1 200) 7 headers in 285 bytes (1 switches on core 0)
2026-04-28 23:31:18.416 8 INFO cinder.api.openstack.wsgi [None req-b4862f7a-a913-4532-9eb8-11fa41bc3b84 e378320fd05f4e70a8aa0bd84dd10e8d 6da7ca489ede4056a9a501dd18f26b63 - - default default] GET http://cinder-api.openstack.svc.cluster.local:8776/v3/6da7ca489ede4056a9a501dd18f26b63/os-quota-sets/751dca779d5c4cb69fa2d431c53a7902?usage=true
2026-04-28 23:31:18.466 8 INFO cinder.api.openstack.wsgi [None req-b4862f7a-a913-4532-9eb8-11fa41bc3b84 e378320fd05f4e70a8aa0bd84dd10e8d 6da7ca489ede4056a9a501dd18f26b63 - - default default] http://cinder-api.openstack.svc.cluster.local:8776/v3/6da7ca489ede4056a9a501dd18f26b63/os-quota-sets/751dca779d5c4cb69fa2d431c53a7902?usage=true returned with HTTP 200 [pid: 8|app: 0|req: 345/690] 10.0.0.118 () {28 vars in 736 bytes} [Tue Apr 28 23:31:18 2026] GET /v3/6da7ca489ede4056a9a501dd18f26b63/os-quota-sets/751dca779d5c4cb69fa2d431c53a7902?usage=true => generated 847 bytes in 59 msecs (HTTP/1.1 200) 7 headers in 285 bytes (1 switches on core 0)
2026-04-28 23:31:18.481 7 INFO cinder.api.openstack.wsgi [None req-9601b1df-f4e0-42ae-aebb-ac7aeb613b74 e378320fd05f4e70a8aa0bd84dd10e8d 6da7ca489ede4056a9a501dd18f26b63 - - default default] GET http://cinder-api.openstack.svc.cluster.local:8776/v3/6da7ca489ede4056a9a501dd18f26b63/os-quota-sets/b939f28afb104f59bee21332c0c9a511?usage=true
2026-04-28 23:31:18.510 7 INFO cinder.api.openstack.wsgi [None req-9601b1df-f4e0-42ae-aebb-ac7aeb613b74 e378320fd05f4e70a8aa0bd84dd10e8d 6da7ca489ede4056a9a501dd18f26b63 - - default default] http://cinder-api.openstack.svc.cluster.local:8776/v3/6da7ca489ede4056a9a501dd18f26b63/os-quota-sets/b939f28afb104f59bee21332c0c9a511?usage=true returned with HTTP 200 [pid: 7|app: 0|req: 346/691] 10.0.0.118 () {28 vars in 736 bytes} [Tue Apr 28 23:31:18 2026] GET /v3/6da7ca489ede4056a9a501dd18f26b63/os-quota-sets/b939f28afb104f59bee21332c0c9a511?usage=true => generated 847 bytes in 39 msecs (HTTP/1.1 200) 7 headers in 285 bytes (1 switches on core 0)
2026-04-28 23:31:18.527 8 INFO cinder.api.openstack.wsgi [None req-7216c847-adb1-4ce0-b8b1-29335aa45d48 e378320fd05f4e70a8aa0bd84dd10e8d 6da7ca489ede4056a9a501dd18f26b63 - - default default] GET http://cinder-api.openstack.svc.cluster.local:8776/v3/6da7ca489ede4056a9a501dd18f26b63/os-quota-sets/ba9206892ab0443c9ee5705a81b52d0d?usage=true
2026-04-28 23:31:18.557 8 INFO cinder.api.openstack.wsgi [None req-7216c847-adb1-4ce0-b8b1-29335aa45d48 e378320fd05f4e70a8aa0bd84dd10e8d 6da7ca489ede4056a9a501dd18f26b63 - - default default] http://cinder-api.openstack.svc.cluster.local:8776/v3/6da7ca489ede4056a9a501dd18f26b63/os-quota-sets/ba9206892ab0443c9ee5705a81b52d0d?usage=true returned with HTTP 200 [pid: 8|app: 0|req: 346/692] 10.0.0.118 () {28 vars in 736 bytes} [Tue Apr 28 23:31:18 2026] GET /v3/6da7ca489ede4056a9a501dd18f26b63/os-quota-sets/ba9206892ab0443c9ee5705a81b52d0d?usage=true => generated 847 bytes in 42 msecs (HTTP/1.1 200) 7 headers in 285 bytes (1 switches on core 0)
2026-04-28 23:31:18.570 7 INFO cinder.api.openstack.wsgi [None req-4081dbcb-fb0b-4dab-95bd-4235585913b9 e378320fd05f4e70a8aa0bd84dd10e8d 6da7ca489ede4056a9a501dd18f26b63 - - default default] GET http://cinder-api.openstack.svc.cluster.local:8776/v3/6da7ca489ede4056a9a501dd18f26b63/os-quota-sets/f8d94f0f026949be96249b3c259fb7f6?usage=true
2026-04-28 23:31:18.618 7 INFO cinder.api.openstack.wsgi [None req-4081dbcb-fb0b-4dab-95bd-4235585913b9 e378320fd05f4e70a8aa0bd84dd10e8d 6da7ca489ede4056a9a501dd18f26b63 - - default default] http://cinder-api.openstack.svc.cluster.local:8776/v3/6da7ca489ede4056a9a501dd18f26b63/os-quota-sets/f8d94f0f026949be96249b3c259fb7f6?usage=true returned with HTTP 200 [pid: 7|app: 0|req: 347/693] 10.0.0.118 () {28 vars in 736 bytes} [Tue Apr 28 23:31:18 2026] GET /v3/6da7ca489ede4056a9a501dd18f26b63/os-quota-sets/f8d94f0f026949be96249b3c259fb7f6?usage=true => generated 845 bytes in 57 msecs (HTTP/1.1 200) 7 headers in 285 bytes (1 switches on core 0)
2026-04-28 23:31:18.634 8 INFO cinder.api.openstack.wsgi [None req-c2be89e5-72dc-4378-9920-3ec61f08cf1c e378320fd05f4e70a8aa0bd84dd10e8d 6da7ca489ede4056a9a501dd18f26b63 - - default default] GET http://cinder-api.openstack.svc.cluster.local:8776/v3/6da7ca489ede4056a9a501dd18f26b63/os-quota-sets/fb210eb233c744e78447760ca6763dd6?usage=true
2026-04-28 23:31:18.661 8 INFO cinder.api.openstack.wsgi [None req-c2be89e5-72dc-4378-9920-3ec61f08cf1c e378320fd05f4e70a8aa0bd84dd10e8d 6da7ca489ede4056a9a501dd18f26b63 - - default default] http://cinder-api.openstack.svc.cluster.local:8776/v3/6da7ca489ede4056a9a501dd18f26b63/os-quota-sets/fb210eb233c744e78447760ca6763dd6?usage=true returned with HTTP 200 [pid: 8|app: 0|req: 347/694] 10.0.0.118 () {28 vars in 736 bytes} [Tue Apr 28 23:31:18 2026] GET /v3/6da7ca489ede4056a9a501dd18f26b63/os-quota-sets/fb210eb233c744e78447760ca6763dd6?usage=true => generated 847 bytes in 39 msecs (HTTP/1.1 200) 7 headers in 285 bytes (1 switches on core 0)
2026-04-28 23:31:18.674 7 INFO cinder.api.openstack.wsgi [None req-62f68e8b-f84a-44e6-b104-0063c42aadb7 e378320fd05f4e70a8aa0bd84dd10e8d 6da7ca489ede4056a9a501dd18f26b63 - - default default] GET http://cinder-api.openstack.svc.cluster.local:8776/v3/6da7ca489ede4056a9a501dd18f26b63/snapshots?all_tenants=true
2026-04-28 23:31:18.682 7 INFO cinder.volume.api [None req-62f68e8b-f84a-44e6-b104-0063c42aadb7 e378320fd05f4e70a8aa0bd84dd10e8d 6da7ca489ede4056a9a501dd18f26b63 - - default default] Get all snapshots completed successfully.
2026-04-28 23:31:18.682 7 INFO cinder.api.openstack.wsgi [None req-62f68e8b-f84a-44e6-b104-0063c42aadb7 e378320fd05f4e70a8aa0bd84dd10e8d 6da7ca489ede4056a9a501dd18f26b63 - - default default] http://cinder-api.openstack.svc.cluster.local:8776/v3/6da7ca489ede4056a9a501dd18f26b63/snapshots?all_tenants=true returned with HTTP 200 [pid: 7|app: 0|req: 348/695] 10.0.0.118 () {28 vars in 674 bytes} [Tue Apr 28 23:31:18 2026] GET /v3/6da7ca489ede4056a9a501dd18f26b63/snapshots?all_tenants=true => generated 17 bytes in 15 msecs (HTTP/1.1 200) 7 headers in 284 bytes (1 switches on core 0)
2026-04-28 23:31:18.696 8 INFO cinder.api.openstack.wsgi [None req-b47a6106-1cc6-4353-b5d6-75b8ccc578aa e378320fd05f4e70a8aa0bd84dd10e8d 6da7ca489ede4056a9a501dd18f26b63 - - default default] GET http://cinder-api.openstack.svc.cluster.local:8776/v3/6da7ca489ede4056a9a501dd18f26b63/scheduler-stats/get_pools?detail=true
2026-04-28 23:31:18.712 8 INFO cinder.api.openstack.wsgi [None req-b47a6106-1cc6-4353-b5d6-75b8ccc578aa e378320fd05f4e70a8aa0bd84dd10e8d 6da7ca489ede4056a9a501dd18f26b63 - - default default] http://cinder-api.openstack.svc.cluster.local:8776/v3/6da7ca489ede4056a9a501dd18f26b63/scheduler-stats/get_pools?detail=true returned with HTTP 200 [pid: 8|app: 0|req: 348/696] 10.0.0.118 () {28 vars in 696 bytes} [Tue Apr 28 23:31:18 2026] GET /v3/6da7ca489ede4056a9a501dd18f26b63/scheduler-stats/get_pools?detail=true => generated 670 bytes in 26 msecs (HTTP/1.1 200) 7 headers in 285 bytes (1 switches on core 0)
2026-04-28 23:31:18.725 7 INFO cinder.api.openstack.wsgi [None req-581f0894-26d3-499e-97ce-e4bdee82cfbe e378320fd05f4e70a8aa0bd84dd10e8d 6da7ca489ede4056a9a501dd18f26b63 - - default default] GET http://cinder-api.openstack.svc.cluster.local:8776/v3/6da7ca489ede4056a9a501dd18f26b63/os-services
2026-04-28 23:31:18.734 7 INFO cinder.api.openstack.wsgi [None req-581f0894-26d3-499e-97ce-e4bdee82cfbe e378320fd05f4e70a8aa0bd84dd10e8d 6da7ca489ede4056a9a501dd18f26b63 - - default default] http://cinder-api.openstack.svc.cluster.local:8776/v3/6da7ca489ede4056a9a501dd18f26b63/os-services returned with HTTP 200 [pid: 7|app: 0|req: 349/697] 10.0.0.118 () {28 vars in 645 bytes} [Tue Apr 28 23:31:18 2026] GET /v3/6da7ca489ede4056a9a501dd18f26b63/os-services => generated 646 bytes in 19 msecs (HTTP/1.1 200) 7 headers in 285 bytes (1 switches on core 0)
2026-04-28 23:31:18.745 8 INFO cinder.api.openstack.wsgi [None req-9c678eb0-f784-4f45-8559-83313ebe23d7 e378320fd05f4e70a8aa0bd84dd10e8d 6da7ca489ede4056a9a501dd18f26b63 - - default default] GET http://cinder-api.openstack.svc.cluster.local:8776/v3/6da7ca489ede4056a9a501dd18f26b63/volumes/detail?all_tenants=true
2026-04-28 23:31:18.770 8 INFO cinder.volume.api [None req-9c678eb0-f784-4f45-8559-83313ebe23d7 e378320fd05f4e70a8aa0bd84dd10e8d 6da7ca489ede4056a9a501dd18f26b63 - - default default] Get all volumes completed successfully. /var/lib/openstack/lib/python3.10/site-packages/oslo_context/context.py:100: DeprecationWarning: Policy enforcement is depending on the value of is_admin. This key is deprecated. Please update your policy file to use the standard policy values. warnings.warn('Policy enforcement is depending on the value of '
2026-04-28 23:31:18.780 8 INFO cinder.api.openstack.wsgi [None req-9c678eb0-f784-4f45-8559-83313ebe23d7 e378320fd05f4e70a8aa0bd84dd10e8d 6da7ca489ede4056a9a501dd18f26b63 - - default default] http://cinder-api.openstack.svc.cluster.local:8776/v3/6da7ca489ede4056a9a501dd18f26b63/volumes/detail?all_tenants=true returned with HTTP 200 [pid: 8|app: 0|req: 349/698] 10.0.0.118 () {28 vars in 684 bytes} [Tue Apr 28 23:31:18 2026] GET /v3/6da7ca489ede4056a9a501dd18f26b63/volumes/detail?all_tenants=true => generated 1807 bytes in 43 msecs (HTTP/1.1 200) 7 headers in 286 bytes (1 switches on core 0)
2026-04-28 23:31:18.791 7 INFO cinder.api.openstack.wsgi [None req-2aa062f2-45bd-4e3c-b52e-e593c8078e47 e378320fd05f4e70a8aa0bd84dd10e8d 6da7ca489ede4056a9a501dd18f26b63 - - default default] GET http://cinder-api.openstack.svc.cluster.local:8776/v3/6da7ca489ede4056a9a501dd18f26b63/volumes/detail?all_tenants=true
2026-04-28 23:31:18.813 7 INFO cinder.volume.api [None req-2aa062f2-45bd-4e3c-b52e-e593c8078e47 e378320fd05f4e70a8aa0bd84dd10e8d 6da7ca489ede4056a9a501dd18f26b63 - - default default] Get all volumes completed successfully. /var/lib/openstack/lib/python3.10/site-packages/oslo_context/context.py:100: DeprecationWarning: Policy enforcement is depending on the value of is_admin. This key is deprecated. Please update your policy file to use the standard policy values. warnings.warn('Policy enforcement is depending on the value of '
2026-04-28 23:31:18.821 7 INFO cinder.api.openstack.wsgi [None req-2aa062f2-45bd-4e3c-b52e-e593c8078e47 e378320fd05f4e70a8aa0bd84dd10e8d 6da7ca489ede4056a9a501dd18f26b63 - - default default] http://cinder-api.openstack.svc.cluster.local:8776/v3/6da7ca489ede4056a9a501dd18f26b63/volumes/detail?all_tenants=true returned with HTTP 200 [pid: 7|app: 0|req: 350/699] 10.0.0.118 () {28 vars in 684 bytes} [Tue Apr 28 23:31:18 2026] GET /v3/6da7ca489ede4056a9a501dd18f26b63/volumes/detail?all_tenants=true => generated 1807 bytes in 36 msecs (HTTP/1.1 200) 7 headers in 286 bytes (1 switches on core 0) /var/lib/openstack/lib/python3.10/site-packages/pycadf/identifier.py:71: UserWarning: Invalid uuid: cinderv3. To ensure interoperability, identifiers should be a valid uuid. warnings.warn(('Invalid uuid: %s. To ensure interoperability, '
2026-04-28 23:31:21.905 8 INFO cinder.api.openstack.wsgi [req-47276d86-3598-40bc-b0fa-932851809b1b req-21d3f2c3-5b50-425d-8dd1-d1e3bb359081 db68eed7e3e44c2fa0afebcafd110e32 751dca779d5c4cb69fa2d431c53a7902 - - default default] DELETE http://cinder-api.openstack.svc.cluster.local:8776/v3/751dca779d5c4cb69fa2d431c53a7902/attachments/7b05750c-be85-4ace-b56d-7d19e9d253ad /var/lib/openstack/lib/python3.10/site-packages/oslo_context/context.py:100: DeprecationWarning: Policy enforcement is depending on the value of is_admin. This key is deprecated. Please update your policy file to use the standard policy values. warnings.warn('Policy enforcement is depending on the value of '
2026-04-28 23:31:22.031 8 INFO cinder.api.openstack.wsgi [req-47276d86-3598-40bc-b0fa-932851809b1b req-21d3f2c3-5b50-425d-8dd1-d1e3bb359081 db68eed7e3e44c2fa0afebcafd110e32 751dca779d5c4cb69fa2d431c53a7902 - - default default] http://cinder-api.openstack.svc.cluster.local:8776/v3/751dca779d5c4cb69fa2d431c53a7902/attachments/7b05750c-be85-4ace-b56d-7d19e9d253ad returned with HTTP 200 [pid: 8|app: 0|req: 350/700] 199.204.45.129 () {38 vars in 1103 bytes} [Tue Apr 28 23:31:21 2026] DELETE /v3/751dca779d5c4cb69fa2d431c53a7902/attachments/7b05750c-be85-4ace-b56d-7d19e9d253ad => generated 19 bytes in 139 msecs (HTTP/1.1 200) 7 headers in 285 bytes (1 switches on core 0) /var/lib/openstack/lib/python3.10/site-packages/pycadf/identifier.py:71: UserWarning: Invalid uuid: cinderv3. To ensure interoperability, identifiers should be a valid uuid. warnings.warn(('Invalid uuid: %s. To ensure interoperability, '
2026-04-28 23:31:22.052 7 INFO cinder.api.openstack.wsgi [req-47276d86-3598-40bc-b0fa-932851809b1b req-68d5a1b7-d501-40a1-a749-725dd99d482f db68eed7e3e44c2fa0afebcafd110e32 751dca779d5c4cb69fa2d431c53a7902 - - default default] DELETE http://cinder-api.openstack.svc.cluster.local:8776/v3/751dca779d5c4cb69fa2d431c53a7902/volumes/3532272f-954d-4337-aec1-190eea0e6077
2026-04-28 23:31:22.053 7 INFO cinder.api.v3.volumes [req-47276d86-3598-40bc-b0fa-932851809b1b req-68d5a1b7-d501-40a1-a749-725dd99d482f db68eed7e3e44c2fa0afebcafd110e32 751dca779d5c4cb69fa2d431c53a7902 - - default default] Delete volume with id: 3532272f-954d-4337-aec1-190eea0e6077  /var/lib/openstack/lib/python3.10/site-packages/oslo_context/context.py:100: DeprecationWarning: Policy enforcement is depending on the value of is_admin. This key is deprecated. Please update your policy file to use the standard policy values. warnings.warn('Policy enforcement is depending on the value of '
2026-04-28 23:31:22.072 7 INFO cinder.volume.api [req-47276d86-3598-40bc-b0fa-932851809b1b req-68d5a1b7-d501-40a1-a749-725dd99d482f db68eed7e3e44c2fa0afebcafd110e32 751dca779d5c4cb69fa2d431c53a7902 - - default default] Volume info retrieved successfully.
2026-04-28 23:31:22.106 7 INFO cinder.volume.api [req-47276d86-3598-40bc-b0fa-932851809b1b req-68d5a1b7-d501-40a1-a749-725dd99d482f db68eed7e3e44c2fa0afebcafd110e32 751dca779d5c4cb69fa2d431c53a7902 - - default default] Delete volume request issued successfully.
2026-04-28 23:31:22.106 7 INFO cinder.api.openstack.wsgi [req-47276d86-3598-40bc-b0fa-932851809b1b req-68d5a1b7-d501-40a1-a749-725dd99d482f db68eed7e3e44c2fa0afebcafd110e32 751dca779d5c4cb69fa2d431c53a7902 - - default default] http://cinder-api.openstack.svc.cluster.local:8776/v3/751dca779d5c4cb69fa2d431c53a7902/volumes/3532272f-954d-4337-aec1-190eea0e6077 returned with HTTP 202 [pid: 7|app: 0|req: 351/701] 199.204.45.129 () {36 vars in 1054 bytes} [Tue Apr 28 23:31:22 2026] DELETE /v3/751dca779d5c4cb69fa2d431c53a7902/volumes/3532272f-954d-4337-aec1-190eea0e6077 => generated 0 bytes in 65 msecs (HTTP/1.1 202) 6 headers in 233 bytes (1 switches on core 0)
2026-04-28 23:31:22.440 8 INFO cinder.api.openstack.wsgi [req-47276d86-3598-40bc-b0fa-932851809b1b req-21d3f2c3-5b50-425d-8dd1-d1e3bb359081 db68eed7e3e44c2fa0afebcafd110e32 751dca779d5c4cb69fa2d431c53a7902 - - default default] GET http://10.0.0.66:8776/
2026-04-28 23:31:22.441 8 INFO cinder.api.openstack.wsgi [req-47276d86-3598-40bc-b0fa-932851809b1b req-21d3f2c3-5b50-425d-8dd1-d1e3bb359081 db68eed7e3e44c2fa0afebcafd110e32 751dca779d5c4cb69fa2d431c53a7902 - - default default] http://10.0.0.66:8776/ returned with HTTP 300
2026-04-28 23:31:22.441 7 INFO cinder.api.openstack.wsgi [req-47276d86-3598-40bc-b0fa-932851809b1b req-68d5a1b7-d501-40a1-a749-725dd99d482f db68eed7e3e44c2fa0afebcafd110e32 751dca779d5c4cb69fa2d431c53a7902 - - default default] GET http://10.0.0.66:8776/
2026-04-28 23:31:22.443 7 INFO cinder.api.openstack.wsgi [req-47276d86-3598-40bc-b0fa-932851809b1b req-68d5a1b7-d501-40a1-a749-725dd99d482f db68eed7e3e44c2fa0afebcafd110e32 751dca779d5c4cb69fa2d431c53a7902 - - default default] http://10.0.0.66:8776/ returned with HTTP 300
2026-04-28 23:31:32.441 8 INFO cinder.api.openstack.wsgi [req-47276d86-3598-40bc-b0fa-932851809b1b req-21d3f2c3-5b50-425d-8dd1-d1e3bb359081 db68eed7e3e44c2fa0afebcafd110e32 751dca779d5c4cb69fa2d431c53a7902 - - default default] GET http://10.0.0.66:8776/
2026-04-28 23:31:32.441 7 INFO cinder.api.openstack.wsgi [req-47276d86-3598-40bc-b0fa-932851809b1b req-68d5a1b7-d501-40a1-a749-725dd99d482f db68eed7e3e44c2fa0afebcafd110e32 751dca779d5c4cb69fa2d431c53a7902 - - default default] GET http://10.0.0.66:8776/
2026-04-28 23:31:32.442 8 INFO cinder.api.openstack.wsgi [req-47276d86-3598-40bc-b0fa-932851809b1b req-21d3f2c3-5b50-425d-8dd1-d1e3bb359081 db68eed7e3e44c2fa0afebcafd110e32 751dca779d5c4cb69fa2d431c53a7902 - - default default] http://10.0.0.66:8776/ returned with HTTP 300
2026-04-28 23:31:32.443 7 INFO cinder.api.openstack.wsgi [req-47276d86-3598-40bc-b0fa-932851809b1b req-68d5a1b7-d501-40a1-a749-725dd99d482f db68eed7e3e44c2fa0afebcafd110e32 751dca779d5c4cb69fa2d431c53a7902 - - default default] http://10.0.0.66:8776/ returned with HTTP 300
2026-04-28 23:31:42.441 8 INFO cinder.api.openstack.wsgi [req-47276d86-3598-40bc-b0fa-932851809b1b req-21d3f2c3-5b50-425d-8dd1-d1e3bb359081 db68eed7e3e44c2fa0afebcafd110e32 751dca779d5c4cb69fa2d431c53a7902 - - default default] GET http://10.0.0.66:8776/
2026-04-28 23:31:42.441 7 INFO cinder.api.openstack.wsgi [req-47276d86-3598-40bc-b0fa-932851809b1b req-68d5a1b7-d501-40a1-a749-725dd99d482f db68eed7e3e44c2fa0afebcafd110e32 751dca779d5c4cb69fa2d431c53a7902 - - default default] GET http://10.0.0.66:8776/
2026-04-28 23:31:42.442 7 INFO cinder.api.openstack.wsgi [req-47276d86-3598-40bc-b0fa-932851809b1b req-68d5a1b7-d501-40a1-a749-725dd99d482f db68eed7e3e44c2fa0afebcafd110e32 751dca779d5c4cb69fa2d431c53a7902 - - default default] http://10.0.0.66:8776/ returned with HTTP 300
2026-04-28 23:31:42.442 8 INFO cinder.api.openstack.wsgi [req-47276d86-3598-40bc-b0fa-932851809b1b req-21d3f2c3-5b50-425d-8dd1-d1e3bb359081 db68eed7e3e44c2fa0afebcafd110e32 751dca779d5c4cb69fa2d431c53a7902 - - default default] http://10.0.0.66:8776/ returned with HTTP 300
2026-04-28 23:31:52.441 8 INFO cinder.api.openstack.wsgi [req-47276d86-3598-40bc-b0fa-932851809b1b req-21d3f2c3-5b50-425d-8dd1-d1e3bb359081 db68eed7e3e44c2fa0afebcafd110e32 751dca779d5c4cb69fa2d431c53a7902 - - default default] GET http://10.0.0.66:8776/
2026-04-28 23:31:52.442 7 INFO cinder.api.openstack.wsgi [req-47276d86-3598-40bc-b0fa-932851809b1b req-68d5a1b7-d501-40a1-a749-725dd99d482f db68eed7e3e44c2fa0afebcafd110e32 751dca779d5c4cb69fa2d431c53a7902 - - default default] GET http://10.0.0.66:8776/
2026-04-28 23:31:52.443 8 INFO cinder.api.openstack.wsgi [req-47276d86-3598-40bc-b0fa-932851809b1b req-21d3f2c3-5b50-425d-8dd1-d1e3bb359081 db68eed7e3e44c2fa0afebcafd110e32 751dca779d5c4cb69fa2d431c53a7902 - - default default] http://10.0.0.66:8776/ returned with HTTP 300
2026-04-28 23:31:52.443 7 INFO cinder.api.openstack.wsgi [req-47276d86-3598-40bc-b0fa-932851809b1b req-68d5a1b7-d501-40a1-a749-725dd99d482f db68eed7e3e44c2fa0afebcafd110e32 751dca779d5c4cb69fa2d431c53a7902 - - default default] http://10.0.0.66:8776/ returned with HTTP 300
2026-04-28 23:31:53.524 7 INFO cinder.api.openstack.wsgi [req-47276d86-3598-40bc-b0fa-932851809b1b req-68d5a1b7-d501-40a1-a749-725dd99d482f db68eed7e3e44c2fa0afebcafd110e32 751dca779d5c4cb69fa2d431c53a7902 - - default default] GET http://cinder-api.openstack.svc.cluster.local:8776/
2026-04-28 23:31:53.525 7 INFO cinder.api.openstack.wsgi [req-47276d86-3598-40bc-b0fa-932851809b1b req-68d5a1b7-d501-40a1-a749-725dd99d482f db68eed7e3e44c2fa0afebcafd110e32 751dca779d5c4cb69fa2d431c53a7902 - - default default] http://cinder-api.openstack.svc.cluster.local:8776/ returned with HTTP 300 [pid: 7|app: 0|req: 356/710] 10.0.0.21 () {30 vars in 410 bytes} [Tue Apr 28 23:31:53 2026] GET / => generated 411 bytes in 3 msecs (HTTP/1.1 300) 5 headers in 169 bytes (1 switches on core 0) /var/lib/openstack/lib/python3.10/site-packages/pycadf/identifier.py:71: UserWarning: Invalid uuid: cinderv3. To ensure interoperability, identifiers should be a valid uuid. warnings.warn(('Invalid uuid: %s. To ensure interoperability, '
2026-04-28 23:31:57.167 8 INFO cinder.api.openstack.wsgi [None req-eeab1c52-8061-4612-8b15-e0661ca68449 d05fdd7ca72648e7b38f9b327e6ee47f 9b69b25ea4594c629e0c981d51cbee88 - - default default] GET http://cinder-api.openstack.svc.cluster.local:8776/v3/9b69b25ea4594c629e0c981d51cbee88/volumes /var/lib/openstack/lib/python3.10/site-packages/oslo_context/context.py:100: DeprecationWarning: Policy enforcement is depending on the value of is_admin. This key is deprecated. Please update your policy file to use the standard policy values. warnings.warn('Policy enforcement is depending on the value of '
2026-04-28 23:31:57.197 8 INFO cinder.volume.api [None req-eeab1c52-8061-4612-8b15-e0661ca68449 d05fdd7ca72648e7b38f9b327e6ee47f 9b69b25ea4594c629e0c981d51cbee88 - - default default] Get all volumes completed successfully.
2026-04-28 23:31:57.197 8 INFO cinder.api.openstack.wsgi [None req-eeab1c52-8061-4612-8b15-e0661ca68449 d05fdd7ca72648e7b38f9b327e6ee47f 9b69b25ea4594c629e0c981d51cbee88 - - default default] http://cinder-api.openstack.svc.cluster.local:8776/v3/9b69b25ea4594c629e0c981d51cbee88/volumes returned with HTTP 200 [pid: 8|app: 0|req: 355/711] 10.0.0.21 () {32 vars in 700 bytes} [Tue Apr 28 23:31:56 2026] GET /v3/9b69b25ea4594c629e0c981d51cbee88/volumes => generated 15 bytes in 209 msecs (HTTP/1.1 200) 7 headers in 284 bytes (1 switches on core 0) /var/lib/openstack/lib/python3.10/site-packages/pycadf/identifier.py:71: UserWarning: Invalid uuid: cinderv3. To ensure interoperability, identifiers should be a valid uuid. warnings.warn(('Invalid uuid: %s. To ensure interoperability, '
2026-04-28 23:31:57.213 7 INFO cinder.api.openstack.wsgi [None req-1bd1639e-ce0b-44cd-beac-1b7a0d312444 d05fdd7ca72648e7b38f9b327e6ee47f 9b69b25ea4594c629e0c981d51cbee88 - - default default] POST http://cinder-api.openstack.svc.cluster.local:8776/v3/9b69b25ea4594c629e0c981d51cbee88/volumes
2026-04-28 23:31:57.216 7 INFO cinder.api.v3.volumes [None req-1bd1639e-ce0b-44cd-beac-1b7a0d312444 d05fdd7ca72648e7b38f9b327e6ee47f 9b69b25ea4594c629e0c981d51cbee88 - - default default] Create volume of 1 GB
2026-04-28 23:31:57.228 7 INFO cinder.volume.api [None req-1bd1639e-ce0b-44cd-beac-1b7a0d312444 d05fdd7ca72648e7b38f9b327e6ee47f 9b69b25ea4594c629e0c981d51cbee88 - - default default] Availability Zones retrieved successfully. /var/lib/openstack/lib/python3.10/site-packages/taskflow/engines/action_engine/process_executor.py:17: DeprecationWarning: The asyncore module is deprecated and will be removed in Python 3.12. The recommended replacement is asyncio import asyncore
2026-04-28 23:31:57.444 7 INFO cinder.volume.api [None req-1bd1639e-ce0b-44cd-beac-1b7a0d312444 d05fdd7ca72648e7b38f9b327e6ee47f 9b69b25ea4594c629e0c981d51cbee88 - - default default] Create volume request issued successfully.
2026-04-28 23:31:57.445 7 INFO cinder.api.openstack.wsgi [None req-1bd1639e-ce0b-44cd-beac-1b7a0d312444 d05fdd7ca72648e7b38f9b327e6ee47f 9b69b25ea4594c629e0c981d51cbee88 - - default default] http://cinder-api.openstack.svc.cluster.local:8776/v3/9b69b25ea4594c629e0c981d51cbee88/volumes returned with HTTP 202 [pid: 7|app: 0|req: 357/712] 10.0.0.21 () {34 vars in 722 bytes} [Tue Apr 28 23:31:57 2026] POST /v3/9b69b25ea4594c629e0c981d51cbee88/volumes => generated 874 bytes in 238 msecs (HTTP/1.1 202) 7 headers in 291 bytes (1 switches on core 0)
2026-04-28 23:31:57.467 8 INFO cinder.api.openstack.wsgi [None req-d6c6dcbb-3a20-4509-8269-8a83733d12af d05fdd7ca72648e7b38f9b327e6ee47f 9b69b25ea4594c629e0c981d51cbee88 - - default default] GET http://cinder-api.openstack.svc.cluster.local:8776/v3/9b69b25ea4594c629e0c981d51cbee88/volumes/8aab019a-726f-436d-acdd-675023cbac27 /var/lib/openstack/lib/python3.10/site-packages/oslo_context/context.py:100: DeprecationWarning: Policy enforcement is depending on the value of is_admin. This key is deprecated. Please update your policy file to use the standard policy values. warnings.warn('Policy enforcement is depending on the value of '
2026-04-28 23:31:57.482 8 INFO cinder.volume.api [None req-d6c6dcbb-3a20-4509-8269-8a83733d12af d05fdd7ca72648e7b38f9b327e6ee47f 9b69b25ea4594c629e0c981d51cbee88 - - default default] Volume info retrieved successfully.
2026-04-28 23:31:57.488 8 INFO cinder.api.openstack.wsgi [None req-d6c6dcbb-3a20-4509-8269-8a83733d12af d05fdd7ca72648e7b38f9b327e6ee47f 9b69b25ea4594c629e0c981d51cbee88 - - default default] http://cinder-api.openstack.svc.cluster.local:8776/v3/9b69b25ea4594c629e0c981d51cbee88/volumes/8aab019a-726f-436d-acdd-675023cbac27 returned with HTTP 200 [pid: 8|app: 0|req: 356/713] 10.0.0.21 () {32 vars in 774 bytes} [Tue Apr 28 23:31:57 2026] GET /v3/9b69b25ea4594c629e0c981d51cbee88/volumes/8aab019a-726f-436d-acdd-675023cbac27 => generated 942 bytes in 27 msecs (HTTP/1.1 200) 7 headers in 285 bytes (1 switches on core 0) /var/lib/openstack/lib/python3.10/site-packages/pycadf/identifier.py:71: UserWarning: Invalid uuid: cinderv3. To ensure interoperability, identifiers should be a valid uuid. warnings.warn(('Invalid uuid: %s. To ensure interoperability, '
2026-04-28 23:31:58.519 7 INFO cinder.api.openstack.wsgi [None req-7385e436-512c-4fc8-a4d2-93694d7b9e2d d05fdd7ca72648e7b38f9b327e6ee47f 9b69b25ea4594c629e0c981d51cbee88 - - default default] GET http://cinder-api.openstack.svc.cluster.local:8776/v3/9b69b25ea4594c629e0c981d51cbee88/volumes/8aab019a-726f-436d-acdd-675023cbac27 /var/lib/openstack/lib/python3.10/site-packages/oslo_context/context.py:100: DeprecationWarning: Policy enforcement is depending on the value of is_admin. This key is deprecated. Please update your policy file to use the standard policy values. warnings.warn('Policy enforcement is depending on the value of '
2026-04-28 23:31:58.548 7 INFO cinder.volume.api [None req-7385e436-512c-4fc8-a4d2-93694d7b9e2d d05fdd7ca72648e7b38f9b327e6ee47f 9b69b25ea4594c629e0c981d51cbee88 - - default default] Volume info retrieved successfully.
2026-04-28 23:31:58.559 7 INFO cinder.api.openstack.wsgi [None req-7385e436-512c-4fc8-a4d2-93694d7b9e2d d05fdd7ca72648e7b38f9b327e6ee47f 9b69b25ea4594c629e0c981d51cbee88 - - default default] http://cinder-api.openstack.svc.cluster.local:8776/v3/9b69b25ea4594c629e0c981d51cbee88/volumes/8aab019a-726f-436d-acdd-675023cbac27 returned with HTTP 200 [pid: 7|app: 0|req: 358/714] 10.0.0.21 () {32 vars in 774 bytes} [Tue Apr 28 23:31:58 2026] GET /v3/9b69b25ea4594c629e0c981d51cbee88/volumes/8aab019a-726f-436d-acdd-675023cbac27 => generated 967 bytes in 49 msecs (HTTP/1.1 200) 7 headers in 285 bytes (1 switches on core 0) /var/lib/openstack/lib/python3.10/site-packages/pycadf/identifier.py:71: UserWarning: Invalid uuid: cinderv3. To ensure interoperability, identifiers should be a valid uuid. warnings.warn(('Invalid uuid: %s. To ensure interoperability, '
2026-04-28 23:31:58.583 8 INFO cinder.api.openstack.wsgi [None req-61cc3e28-f65d-41df-b57b-1c81bf3b17cb d05fdd7ca72648e7b38f9b327e6ee47f 9b69b25ea4594c629e0c981d51cbee88 - - default default] GET http://cinder-api.openstack.svc.cluster.local:8776/v3/9b69b25ea4594c629e0c981d51cbee88/volumes/8aab019a-726f-436d-acdd-675023cbac27 /var/lib/openstack/lib/python3.10/site-packages/oslo_context/context.py:100: DeprecationWarning: Policy enforcement is depending on the value of is_admin. This key is deprecated. Please update your policy file to use the standard policy values. warnings.warn('Policy enforcement is depending on the value of '
2026-04-28 23:31:58.608 8 INFO cinder.volume.api [None req-61cc3e28-f65d-41df-b57b-1c81bf3b17cb d05fdd7ca72648e7b38f9b327e6ee47f 9b69b25ea4594c629e0c981d51cbee88 - - default default] Volume info retrieved successfully.
2026-04-28 23:31:58.615 8 INFO cinder.api.openstack.wsgi [None req-61cc3e28-f65d-41df-b57b-1c81bf3b17cb d05fdd7ca72648e7b38f9b327e6ee47f 9b69b25ea4594c629e0c981d51cbee88 - - default default] http://cinder-api.openstack.svc.cluster.local:8776/v3/9b69b25ea4594c629e0c981d51cbee88/volumes/8aab019a-726f-436d-acdd-675023cbac27 returned with HTTP 200 [pid: 8|app: 0|req: 357/715] 10.0.0.21 () {32 vars in 774 bytes} [Tue Apr 28 23:31:58 2026] GET /v3/9b69b25ea4594c629e0c981d51cbee88/volumes/8aab019a-726f-436d-acdd-675023cbac27 => generated 967 bytes in 41 msecs (HTTP/1.1 200) 7 headers in 285 bytes (1 switches on core 0) /var/lib/openstack/lib/python3.10/site-packages/pycadf/identifier.py:71: UserWarning: Invalid uuid: cinderv3. To ensure interoperability, identifiers should be a valid uuid. warnings.warn(('Invalid uuid: %s. To ensure interoperability, '
2026-04-28 23:31:58.639 7 INFO cinder.api.openstack.wsgi [None req-9f1d75b1-6c43-499e-829f-aa72439249d1 d05fdd7ca72648e7b38f9b327e6ee47f 9b69b25ea4594c629e0c981d51cbee88 - - default default] POST http://cinder-api.openstack.svc.cluster.local:8776/v3/9b69b25ea4594c629e0c981d51cbee88/volumes
2026-04-28 23:31:58.642 7 INFO cinder.api.v3.volumes [None req-9f1d75b1-6c43-499e-829f-aa72439249d1 d05fdd7ca72648e7b38f9b327e6ee47f 9b69b25ea4594c629e0c981d51cbee88 - - default default] Create volume of 1 GB
2026-04-28 23:31:58.648 7 INFO cinder.volume.api [None req-9f1d75b1-6c43-499e-829f-aa72439249d1 d05fdd7ca72648e7b38f9b327e6ee47f 9b69b25ea4594c629e0c981d51cbee88 - - default default] Availability Zones retrieved successfully.
2026-04-28 23:31:58.787 7 INFO cinder.volume.api [None req-9f1d75b1-6c43-499e-829f-aa72439249d1 d05fdd7ca72648e7b38f9b327e6ee47f 9b69b25ea4594c629e0c981d51cbee88 - - default default] Create volume request issued successfully.
2026-04-28 23:31:58.788 7 INFO cinder.api.openstack.wsgi [None req-9f1d75b1-6c43-499e-829f-aa72439249d1 d05fdd7ca72648e7b38f9b327e6ee47f 9b69b25ea4594c629e0c981d51cbee88 - - default default] http://cinder-api.openstack.svc.cluster.local:8776/v3/9b69b25ea4594c629e0c981d51cbee88/volumes returned with HTTP 202 [pid: 7|app: 0|req: 359/716] 10.0.0.21 () {34 vars in 722 bytes} [Tue Apr 28 23:31:58 2026] POST /v3/9b69b25ea4594c629e0c981d51cbee88/volumes => generated 875 bytes in 157 msecs (HTTP/1.1 202) 7 headers in 291 bytes (1 switches on core 0) /var/lib/openstack/lib/python3.10/site-packages/pycadf/identifier.py:71: UserWarning: Invalid uuid: cinderv3. To ensure interoperability, identifiers should be a valid uuid. warnings.warn(('Invalid uuid: %s. To ensure interoperability, '
2026-04-28 23:31:58.814 8 INFO cinder.api.openstack.wsgi [None req-722a9c40-9606-42aa-9c42-5ef4b509fda7 d05fdd7ca72648e7b38f9b327e6ee47f 9b69b25ea4594c629e0c981d51cbee88 - - default default] GET http://cinder-api.openstack.svc.cluster.local:8776/v3/9b69b25ea4594c629e0c981d51cbee88/volumes/94119c2d-ee51-4fd8-8c7d-a0d548f10572 /var/lib/openstack/lib/python3.10/site-packages/oslo_context/context.py:100: DeprecationWarning: Policy enforcement is depending on the value of is_admin. This key is deprecated. Please update your policy file to use the standard policy values. warnings.warn('Policy enforcement is depending on the value of '
2026-04-28 23:31:58.833 8 INFO cinder.volume.api [None req-722a9c40-9606-42aa-9c42-5ef4b509fda7 d05fdd7ca72648e7b38f9b327e6ee47f 9b69b25ea4594c629e0c981d51cbee88 - - default default] Volume info retrieved successfully.
2026-04-28 23:31:58.840 8 INFO cinder.api.openstack.wsgi [None req-722a9c40-9606-42aa-9c42-5ef4b509fda7 d05fdd7ca72648e7b38f9b327e6ee47f 9b69b25ea4594c629e0c981d51cbee88 - - default default] http://cinder-api.openstack.svc.cluster.local:8776/v3/9b69b25ea4594c629e0c981d51cbee88/volumes/94119c2d-ee51-4fd8-8c7d-a0d548f10572 returned with HTTP 200 [pid: 8|app: 0|req: 358/717] 10.0.0.21 () {32 vars in 774 bytes} [Tue Apr 28 23:31:58 2026] GET /v3/9b69b25ea4594c629e0c981d51cbee88/volumes/94119c2d-ee51-4fd8-8c7d-a0d548f10572 => generated 943 bytes in 39 msecs (HTTP/1.1 200) 7 headers in 285 bytes (1 switches on core 0) /var/lib/openstack/lib/python3.10/site-packages/pycadf/identifier.py:71: UserWarning: Invalid uuid: cinderv3. To ensure interoperability, identifiers should be a valid uuid. warnings.warn(('Invalid uuid: %s. To ensure interoperability, '
2026-04-28 23:31:59.869 7 INFO cinder.api.openstack.wsgi [None req-88d1bec7-8911-46df-8af9-d13698847182 d05fdd7ca72648e7b38f9b327e6ee47f 9b69b25ea4594c629e0c981d51cbee88 - - default default] GET http://cinder-api.openstack.svc.cluster.local:8776/v3/9b69b25ea4594c629e0c981d51cbee88/volumes/94119c2d-ee51-4fd8-8c7d-a0d548f10572 /var/lib/openstack/lib/python3.10/site-packages/oslo_context/context.py:100: DeprecationWarning: Policy enforcement is depending on the value of is_admin. This key is deprecated. Please update your policy file to use the standard policy values. warnings.warn('Policy enforcement is depending on the value of '
2026-04-28 23:31:59.887 7 INFO cinder.volume.api [None req-88d1bec7-8911-46df-8af9-d13698847182 d05fdd7ca72648e7b38f9b327e6ee47f 9b69b25ea4594c629e0c981d51cbee88 - - default default] Volume info retrieved successfully.
2026-04-28 23:31:59.894 7 INFO cinder.api.openstack.wsgi [None req-88d1bec7-8911-46df-8af9-d13698847182 d05fdd7ca72648e7b38f9b327e6ee47f 9b69b25ea4594c629e0c981d51cbee88 - - default default] http://cinder-api.openstack.svc.cluster.local:8776/v3/9b69b25ea4594c629e0c981d51cbee88/volumes/94119c2d-ee51-4fd8-8c7d-a0d548f10572 returned with HTTP 200 [pid: 7|app: 0|req: 360/718] 10.0.0.21 () {32 vars in 774 bytes} [Tue Apr 28 23:31:59 2026] GET /v3/9b69b25ea4594c629e0c981d51cbee88/volumes/94119c2d-ee51-4fd8-8c7d-a0d548f10572 => generated 968 bytes in 33 msecs (HTTP/1.1 200) 7 headers in 285 bytes (1 switches on core 0) /var/lib/openstack/lib/python3.10/site-packages/pycadf/identifier.py:71: UserWarning: Invalid uuid: cinderv3. To ensure interoperability, identifiers should be a valid uuid. warnings.warn(('Invalid uuid: %s. To ensure interoperability, '
2026-04-28 23:31:59.913 8 INFO cinder.api.openstack.wsgi [None req-cba7dc50-ec58-4152-a56d-1fd1d199e8c8 d05fdd7ca72648e7b38f9b327e6ee47f 9b69b25ea4594c629e0c981d51cbee88 - - default default] GET http://cinder-api.openstack.svc.cluster.local:8776/v3/9b69b25ea4594c629e0c981d51cbee88/volumes/94119c2d-ee51-4fd8-8c7d-a0d548f10572 /var/lib/openstack/lib/python3.10/site-packages/oslo_context/context.py:100: DeprecationWarning: Policy enforcement is depending on the value of is_admin. This key is deprecated. Please update your policy file to use the standard policy values. warnings.warn('Policy enforcement is depending on the value of '
2026-04-28 23:31:59.925 8 INFO cinder.volume.api [None req-cba7dc50-ec58-4152-a56d-1fd1d199e8c8 d05fdd7ca72648e7b38f9b327e6ee47f 9b69b25ea4594c629e0c981d51cbee88 - - default default] Volume info retrieved successfully.
2026-04-28 23:31:59.929 8 INFO cinder.api.openstack.wsgi [None req-cba7dc50-ec58-4152-a56d-1fd1d199e8c8 d05fdd7ca72648e7b38f9b327e6ee47f 9b69b25ea4594c629e0c981d51cbee88 - - default default] http://cinder-api.openstack.svc.cluster.local:8776/v3/9b69b25ea4594c629e0c981d51cbee88/volumes/94119c2d-ee51-4fd8-8c7d-a0d548f10572 returned with HTTP 200 [pid: 8|app: 0|req: 359/719] 10.0.0.21 () {32 vars in 774 bytes} [Tue Apr 28 23:31:59 2026] GET /v3/9b69b25ea4594c629e0c981d51cbee88/volumes/94119c2d-ee51-4fd8-8c7d-a0d548f10572 => generated 968 bytes in 21 msecs (HTTP/1.1 200) 7 headers in 285 bytes (1 switches on core 0) /var/lib/openstack/lib/python3.10/site-packages/pycadf/identifier.py:71: UserWarning: Invalid uuid: cinderv3. To ensure interoperability, identifiers should be a valid uuid. warnings.warn(('Invalid uuid: %s. To ensure interoperability, '
2026-04-28 23:31:59.948 7 INFO cinder.api.openstack.wsgi [None req-03137113-d32d-4eb0-8ed5-69db595f7f1a d05fdd7ca72648e7b38f9b327e6ee47f 9b69b25ea4594c629e0c981d51cbee88 - - default default] POST http://cinder-api.openstack.svc.cluster.local:8776/v3/9b69b25ea4594c629e0c981d51cbee88/volumes
2026-04-28 23:31:59.950 7 INFO cinder.api.v3.volumes [None req-03137113-d32d-4eb0-8ed5-69db595f7f1a d05fdd7ca72648e7b38f9b327e6ee47f 9b69b25ea4594c629e0c981d51cbee88 - - default default] Create volume of 1 GB
2026-04-28 23:31:59.956 7 INFO cinder.volume.api [None req-03137113-d32d-4eb0-8ed5-69db595f7f1a d05fdd7ca72648e7b38f9b327e6ee47f 9b69b25ea4594c629e0c981d51cbee88 - - default default] Availability Zones retrieved successfully.
2026-04-28 23:32:00.100 7 INFO cinder.volume.api [None req-03137113-d32d-4eb0-8ed5-69db595f7f1a d05fdd7ca72648e7b38f9b327e6ee47f 9b69b25ea4594c629e0c981d51cbee88 - - default default] Create volume request issued successfully.
2026-04-28 23:32:00.101 7 INFO cinder.api.openstack.wsgi [None req-03137113-d32d-4eb0-8ed5-69db595f7f1a d05fdd7ca72648e7b38f9b327e6ee47f 9b69b25ea4594c629e0c981d51cbee88 - - default default] http://cinder-api.openstack.svc.cluster.local:8776/v3/9b69b25ea4594c629e0c981d51cbee88/volumes returned with HTTP 202 [pid: 7|app: 0|req: 361/720] 10.0.0.21 () {34 vars in 722 bytes} [Tue Apr 28 23:31:59 2026] POST /v3/9b69b25ea4594c629e0c981d51cbee88/volumes => generated 874 bytes in 159 msecs (HTTP/1.1 202) 7 headers in 291 bytes (1 switches on core 0) /var/lib/openstack/lib/python3.10/site-packages/pycadf/identifier.py:71: UserWarning: Invalid uuid: cinderv3. To ensure interoperability, identifiers should be a valid uuid. warnings.warn(('Invalid uuid: %s. To ensure interoperability, '
2026-04-28 23:32:00.124 8 INFO cinder.api.openstack.wsgi [None req-99ee7b18-b4fc-4dc4-9579-ae3e993c9d33 d05fdd7ca72648e7b38f9b327e6ee47f 9b69b25ea4594c629e0c981d51cbee88 - - default default] GET http://cinder-api.openstack.svc.cluster.local:8776/v3/9b69b25ea4594c629e0c981d51cbee88/volumes/2e6da63a-e4e7-489a-99cc-5d850cbdb95d /var/lib/openstack/lib/python3.10/site-packages/oslo_context/context.py:100: DeprecationWarning: Policy enforcement is depending on the value of is_admin. This key is deprecated. Please update your policy file to use the standard policy values. warnings.warn('Policy enforcement is depending on the value of '
2026-04-28 23:32:00.137 8 INFO cinder.volume.api [None req-99ee7b18-b4fc-4dc4-9579-ae3e993c9d33 d05fdd7ca72648e7b38f9b327e6ee47f 9b69b25ea4594c629e0c981d51cbee88 - - default default] Volume info retrieved successfully.
2026-04-28 23:32:00.142 8 INFO cinder.api.openstack.wsgi [None req-99ee7b18-b4fc-4dc4-9579-ae3e993c9d33 d05fdd7ca72648e7b38f9b327e6ee47f 9b69b25ea4594c629e0c981d51cbee88 - - default default] http://cinder-api.openstack.svc.cluster.local:8776/v3/9b69b25ea4594c629e0c981d51cbee88/volumes/2e6da63a-e4e7-489a-99cc-5d850cbdb95d returned with HTTP 200 [pid: 8|app: 0|req: 360/721] 10.0.0.21 () {32 vars in 774 bytes} [Tue Apr 28 23:32:00 2026] GET /v3/9b69b25ea4594c629e0c981d51cbee88/volumes/2e6da63a-e4e7-489a-99cc-5d850cbdb95d => generated 942 bytes in 28 msecs (HTTP/1.1 200) 7 headers in 285 bytes (1 switches on core 0) /var/lib/openstack/lib/python3.10/site-packages/pycadf/identifier.py:71: UserWarning: Invalid uuid: cinderv3. To ensure interoperability, identifiers should be a valid uuid. warnings.warn(('Invalid uuid: %s. To ensure interoperability, '
