2026-03-10 19:12:52.909 7 INFO neutron.db.ovn_revision_numbers_db [None req-dcaab9fc-efa3-4d52-8bf2-da87010d0c75 e074dd819f7c4bc9a4f7bf72baed0c99 75d0b1fa7169405f9f9efd10a2b5526e - - default default] Successfully bumped revision number for resource 37895d1a-a861-47c3-8da4-112f8c2c779b (type: security_group_rules) to 0
2026-03-10 19:12:52.922 7 INFO neutron.db.ovn_revision_numbers_db [None req-dcaab9fc-efa3-4d52-8bf2-da87010d0c75 e074dd819f7c4bc9a4f7bf72baed0c99 75d0b1fa7169405f9f9efd10a2b5526e - - default default] Successfully bumped revision number for resource a1df67b3-ff42-4ca1-8029-411b411c8130 (type: security_group_rules) to 0
2026-03-10 19:12:52.938 7 INFO neutron.db.ovn_revision_numbers_db [None req-dcaab9fc-efa3-4d52-8bf2-da87010d0c75 e074dd819f7c4bc9a4f7bf72baed0c99 75d0b1fa7169405f9f9efd10a2b5526e - - default default] Successfully bumped revision number for resource f5fe1173-160d-4ff7-a166-9ca52762db74 (type: security_group_rules) to 0
2026-03-10 19:12:53.015 7 INFO neutron.db.segments_db [None req-dcaab9fc-efa3-4d52-8bf2-da87010d0c75 e074dd819f7c4bc9a4f7bf72baed0c99 75d0b1fa7169405f9f9efd10a2b5526e - - default default] Added segment c43fbe64-c550-4f08-8066-774b322b1c05 of type geneve for network c8000382-f03f-484e-85de-d652b38e711a
2026-03-10 19:12:53.117 7 INFO neutron.db.ovn_revision_numbers_db [None req-dcaab9fc-efa3-4d52-8bf2-da87010d0c75 e074dd819f7c4bc9a4f7bf72baed0c99 75d0b1fa7169405f9f9efd10a2b5526e - - default default] Successfully bumped revision number for resource c8000382-f03f-484e-85de-d652b38e711a (type: networks) to 1
2026-03-10 19:12:53.263 7 WARNING neutron.scheduler.dhcp_agent_scheduler [None req-dcaab9fc-efa3-4d52-8bf2-da87010d0c75 e074dd819f7c4bc9a4f7bf72baed0c99 75d0b1fa7169405f9f9efd10a2b5526e - - default default] No more DHCP agents
2026-03-10 19:12:53.264 7 WARNING neutron.api.rpc.agentnotifiers.dhcp_rpc_agent_api [None req-dcaab9fc-efa3-4d52-8bf2-da87010d0c75 e074dd819f7c4bc9a4f7bf72baed0c99 75d0b1fa7169405f9f9efd10a2b5526e - - default default] Unable to schedule network c8000382-f03f-484e-85de-d652b38e711a: no agents available; will retry on subsequent port and subnet creation events.
2026-03-10 19:12:53.398 7 INFO neutron.db.ovn_revision_numbers_db [None req-dcaab9fc-efa3-4d52-8bf2-da87010d0c75 e074dd819f7c4bc9a4f7bf72baed0c99 75d0b1fa7169405f9f9efd10a2b5526e - - default default] Successfully bumped revision number for resource c306f5ad-5946-4cf4-9fc3-6f5673c3638d (type: ports) to 1 [pid: 7|app: 0|req: 769/1355] 10.0.0.82 () {34 vars in 668 bytes} [Tue Mar 10 19:12:52 2026] POST /v2.0/networks => generated 667 bytes in 930 msecs (HTTP/1.1 201) 4 headers in 162 bytes (1 switches on core 0)
2026-03-10 19:12:53.426 8 INFO neutron.db.ovn_revision_numbers_db [None req-f7494ee9-99e3-450d-94dd-3ae900825854 - - - - - -] Successfully bumped revision number for resource 26fbdcde-7627-4322-b04c-d56a2ad487aa (type: ports) to 2 [pid: 7|app: 0|req: 770/1356] 10.0.0.8 () {34 vars in 987 bytes} [Tue Mar 10 19:12:53 2026] GET /v2.0/ports?device_id=a0b9c007-34d6-4632-80db-14b36ce7dc4d => generated 12 bytes in 19 msecs (HTTP/1.1 200) 4 headers in 156 bytes (1 switches on core 0) [pid: 7|app: 0|req: 771/1357] 10.0.0.82 () {32 vars in 621 bytes} [Tue Mar 10 19:12:53 2026] GET / => generated 151 bytes in 1 msecs (HTTP/1.1 200) 3 headers in 91 bytes (1 switches on core 0) [pid: 7|app: 0|req: 772/1358] 10.0.0.82 () {32 vars in 631 bytes} [Tue Mar 10 19:12:53 2026] GET /v2.0/ => generated 632 bytes in 101 msecs (HTTP/1.1 200) 4 headers in 157 bytes (1 switches on core 0)
2026-03-10 19:12:53.816 8 INFO neutron.db.ovn_revision_numbers_db [None req-b70679b7-9143-4c43-af23-56b098a80608 88a634dbc2724957ae09162ca1ff036c 05dffbda817d4a39a9807e1e24eea271 - - default default] Successfully bumped revision number for resource 26fbdcde-7627-4322-b04c-d56a2ad487aa (type: router_ports) to 1 [pid: 8|app: 0|req: 587/1359] 10.0.0.82 () {34 vars in 781 bytes} [Tue Mar 10 19:12:49 2026] PUT /v2.0/routers/dd184b4b-c090-4da2-ae00-7899e2312438/add_router_interface => generated 309 bytes in 3995 msecs (HTTP/1.1 200) 4 headers in 157 bytes (1 switches on core 0)
2026-03-10 19:12:54.068 7 WARNING neutron.scheduler.dhcp_agent_scheduler [None req-54e65259-aaef-4ac7-8990-65935355937a e074dd819f7c4bc9a4f7bf72baed0c99 75d0b1fa7169405f9f9efd10a2b5526e - - default default] No more DHCP agents
2026-03-10 19:12:54.072 7 WARNING neutron.api.rpc.agentnotifiers.dhcp_rpc_agent_api [None req-54e65259-aaef-4ac7-8990-65935355937a e074dd819f7c4bc9a4f7bf72baed0c99 75d0b1fa7169405f9f9efd10a2b5526e - - default default] Unable to schedule network c8000382-f03f-484e-85de-d652b38e711a: no agents available; will retry on subsequent port and subnet creation events.
2026-03-10 19:12:54.110 7 INFO neutron.db.ovn_revision_numbers_db [None req-54e65259-aaef-4ac7-8990-65935355937a e074dd819f7c4bc9a4f7bf72baed0c99 75d0b1fa7169405f9f9efd10a2b5526e - - default default] Successfully bumped revision number for resource ccadc775-cee7-486d-a9ec-95fd5f53ef43 (type: subnets) to 0 [pid: 7|app: 0|req: 773/1360] 10.0.0.82 () {34 vars in 667 bytes} [Tue Mar 10 19:12:53 2026] POST /v2.0/subnets => generated 673 bytes in 220 msecs (HTTP/1.1 201) 4 headers in 162 bytes (1 switches on core 0) /var/lib/openstack/lib/python3.12/site-packages/pycadf/identifier.py:70: UserWarning: Invalid uuid: neutron. To ensure interoperability, identifiers should be a valid uuid. warnings.warn(('Invalid uuid: %s. To ensure interoperability, '
2026-03-10 19:12:54.225 7 INFO neutron.db.segments_db [None req-b3f9b11b-ccc7-4951-8760-00578cf40d5b e074dd819f7c4bc9a4f7bf72baed0c99 75d0b1fa7169405f9f9efd10a2b5526e - - default default] Added segment fb44eb21-bc93-4dce-a603-cf7c74c013f1 of type geneve for network a3140969-e8f8-49ff-aa25-cd38a2a9bb12
2026-03-10 19:12:54.320 8 INFO neutron.db.ovn_revision_numbers_db [None req-c4ed5e65-ab62-40bd-b97c-9fce68ed9e6d 88a634dbc2724957ae09162ca1ff036c 05dffbda817d4a39a9807e1e24eea271 - - default default] Successfully bumped revision number for resource 8b040e01-714a-4335-8409-fbd93810b595 (type: security_groups) to 1
2026-03-10 19:12:54.332 8 INFO neutron.db.ovn_revision_numbers_db [None req-c4ed5e65-ab62-40bd-b97c-9fce68ed9e6d 88a634dbc2724957ae09162ca1ff036c 05dffbda817d4a39a9807e1e24eea271 - - default default] Successfully bumped revision number for resource bddb9d62-9d1c-4bac-9d60-24526d69885c (type: security_group_rules) to 0
2026-03-10 19:12:54.343 8 INFO neutron.db.ovn_revision_numbers_db [None req-c4ed5e65-ab62-40bd-b97c-9fce68ed9e6d 88a634dbc2724957ae09162ca1ff036c 05dffbda817d4a39a9807e1e24eea271 - - default default] Successfully bumped revision number for resource c478e3ab-6f60-4e28-9220-89de2c4dd7c6 (type: security_group_rules) to 0
2026-03-10 19:12:54.369 8 INFO neutron.db.ovn_revision_numbers_db [None req-c4ed5e65-ab62-40bd-b97c-9fce68ed9e6d 88a634dbc2724957ae09162ca1ff036c 05dffbda817d4a39a9807e1e24eea271 - - default default] Successfully bumped revision number for resource d8a9209e-2bad-4db5-8caa-34444db82a6c (type: security_group_rules) to 0
2026-03-10 19:12:54.385 8 INFO neutron.db.ovn_revision_numbers_db [None req-c4ed5e65-ab62-40bd-b97c-9fce68ed9e6d 88a634dbc2724957ae09162ca1ff036c 05dffbda817d4a39a9807e1e24eea271 - - default default] Successfully bumped revision number for resource e15de640-5b3f-4817-9055-3f81e6b76b77 (type: security_group_rules) to 0
2026-03-10 19:12:54.388 7 INFO neutron.db.ovn_revision_numbers_db [None req-b3f9b11b-ccc7-4951-8760-00578cf40d5b e074dd819f7c4bc9a4f7bf72baed0c99 75d0b1fa7169405f9f9efd10a2b5526e - - default default] Successfully bumped revision number for resource a3140969-e8f8-49ff-aa25-cd38a2a9bb12 (type: networks) to 1 [pid: 8|app: 0|req: 588/1361] 10.0.0.82 () {32 vars in 772 bytes} [Tue Mar 10 19:12:54 2026] GET /v2.0/security-groups?tenant_id=067ee40b3cc6488d9bf85786e6479493&name=default => generated 2925 bytes in 367 msecs (HTTP/1.1 200) 4 headers in 158 bytes (1 switches on core 0)
2026-03-10 19:12:54.547 7 WARNING neutron.scheduler.dhcp_agent_scheduler [None req-b3f9b11b-ccc7-4951-8760-00578cf40d5b e074dd819f7c4bc9a4f7bf72baed0c99 75d0b1fa7169405f9f9efd10a2b5526e - - default default] No more DHCP agents
2026-03-10 19:12:54.552 7 WARNING neutron.api.rpc.agentnotifiers.dhcp_rpc_agent_api [None req-b3f9b11b-ccc7-4951-8760-00578cf40d5b e074dd819f7c4bc9a4f7bf72baed0c99 75d0b1fa7169405f9f9efd10a2b5526e - - default default] Unable to schedule network a3140969-e8f8-49ff-aa25-cd38a2a9bb12: no agents available; will retry on subsequent port and subnet creation events.
2026-03-10 19:12:54.681 7 INFO neutron.db.ovn_revision_numbers_db [None req-b3f9b11b-ccc7-4951-8760-00578cf40d5b e074dd819f7c4bc9a4f7bf72baed0c99 75d0b1fa7169405f9f9efd10a2b5526e - - default default] Successfully bumped revision number for resource 4501b24b-c7dc-49b0-bd53-bfc8abfe6cba (type: ports) to 1 [pid: 7|app: 0|req: 774/1362] 10.0.0.82 () {34 vars in 668 bytes} [Tue Mar 10 19:12:54 2026] POST /v2.0/networks => generated 666 bytes in 565 msecs (HTTP/1.1 201) 4 headers in 162 bytes (1 switches on core 0) [pid: 8|app: 0|req: 589/1363] 10.0.0.82 () {32 vars in 738 bytes} [Tue Mar 10 19:12:54 2026] DELETE /v2.0/security-groups/8b040e01-714a-4335-8409-fbd93810b595 => generated 0 bytes in 340 msecs (HTTP/1.1 204) 2 headers in 112 bytes (1 switches on core 0) [pid: 7|app: 0|req: 775/1364] 10.0.0.82 () {32 vars in 738 bytes} [Tue Mar 10 19:12:54 2026] DELETE /v2.0/security-groups/6de8ff5e-0c07-4724-ab45-148a6954e8fc => generated 0 bytes in 189 msecs (HTTP/1.1 204) 2 headers in 112 bytes (1 switches on core 0)
2026-03-10 19:12:54.916 7 INFO neutron.api.v2.resource [None req-e7988fc6-c880-48d1-8228-8defef08fcd7 2d56284314064957b72c0ad84a6ac65e def8442fd39d4f169bb12ca651680e08 - - default default] show failed (client error): The resource could not be found. [pid: 7|app: 0|req: 776/1365] 10.0.0.82 () {32 vars in 735 bytes} [Tue Mar 10 19:12:54 2026] GET /v2.0/security-groups/6de8ff5e-0c07-4724-ab45-148a6954e8fc => generated 146 bytes in 14 msecs (HTTP/1.1 404) 4 headers in 164 bytes (1 switches on core 0)
2026-03-10 19:12:54.977 8 INFO neutron.db.ovn_revision_numbers_db [None req-f52c920b-4c5f-485c-af02-60763cf5aa87 e074dd819f7c4bc9a4f7bf72baed0c99 75d0b1fa7169405f9f9efd10a2b5526e - - default default] Successfully bumped revision number for resource a3140969-e8f8-49ff-aa25-cd38a2a9bb12 (type: networks) to 2 [pid: 8|app: 0|req: 590/1366] 10.0.0.82 () {34 vars in 741 bytes} [Tue Mar 10 19:12:54 2026] PUT /v2.0/networks/a3140969-e8f8-49ff-aa25-cd38a2a9bb12 => generated 636 bytes in 213 msecs (HTTP/1.1 200) 4 headers in 157 bytes (1 switches on core 0)
2026-03-10 19:12:55.062 7 INFO neutron_taas.services.taas.taas_plugin [None req-72bc92c2-4700-4c31-9d0c-c84581bce42c 2d56284314064957b72c0ad84a6ac65e def8442fd39d4f169bb12ca651680e08 - - default default] TaaS: Handle Delete Port: 1504e91e-f673-4d15-b378-aaae9904f055
2026-03-10 19:12:55.065 7 INFO neutron_taas.services.taas.tap_mirror_plugin [None req-72bc92c2-4700-4c31-9d0c-c84581bce42c 2d56284314064957b72c0ad84a6ac65e def8442fd39d4f169bb12ca651680e08 - - default default] Tap Mirror: Handle Delete Port: 1504e91e-f673-4d15-b378-aaae9904f055
2026-03-10 19:12:55.171 8 WARNING neutron.scheduler.dhcp_agent_scheduler [None req-e51394f5-f3d2-43bc-b5e0-23f55ca2f44e e074dd819f7c4bc9a4f7bf72baed0c99 75d0b1fa7169405f9f9efd10a2b5526e - - default default] No more DHCP agents
2026-03-10 19:12:55.172 8 WARNING neutron.api.rpc.agentnotifiers.dhcp_rpc_agent_api [None req-e51394f5-f3d2-43bc-b5e0-23f55ca2f44e e074dd819f7c4bc9a4f7bf72baed0c99 75d0b1fa7169405f9f9efd10a2b5526e - - default default] Unable to schedule network a3140969-e8f8-49ff-aa25-cd38a2a9bb12: no agents available; will retry on subsequent port and subnet creation events.
2026-03-10 19:12:55.210 8 INFO neutron.db.ovn_revision_numbers_db [None req-e51394f5-f3d2-43bc-b5e0-23f55ca2f44e e074dd819f7c4bc9a4f7bf72baed0c99 75d0b1fa7169405f9f9efd10a2b5526e - - default default] Successfully bumped revision number for resource 46e3a43d-ea1b-47f6-8d38-b878376139c2 (type: subnets) to 0 [pid: 7|app: 0|req: 777/1367] 10.0.0.82 () {32 vars in 730 bytes} [Tue Mar 10 19:12:54 2026] DELETE /v2.0/floatingips/fc549a64-621b-4efd-ae70-c61a4d61092f => generated 0 bytes in 297 msecs (HTTP/1.1 204) 2 headers in 112 bytes (1 switches on core 0) [pid: 8|app: 0|req: 591/1368] 10.0.0.82 () {34 vars in 667 bytes} [Tue Mar 10 19:12:54 2026] POST /v2.0/subnets => generated 646 bytes in 238 msecs (HTTP/1.1 201) 4 headers in 162 bytes (1 switches on core 0)
2026-03-10 19:12:55.500 7 INFO neutron_taas.services.taas.taas_plugin [None req-29331f27-3af9-47fd-83ac-98bb15344538 88a634dbc2724957ae09162ca1ff036c 05dffbda817d4a39a9807e1e24eea271 - - default default] TaaS: Handle Delete Port: 78619d9a-96f7-480d-bb1e-cb79a39ce06a
2026-03-10 19:12:55.505 7 INFO neutron_taas.services.taas.tap_mirror_plugin [None req-29331f27-3af9-47fd-83ac-98bb15344538 88a634dbc2724957ae09162ca1ff036c 05dffbda817d4a39a9807e1e24eea271 - - default default] Tap Mirror: Handle Delete Port: 78619d9a-96f7-480d-bb1e-cb79a39ce06a [pid: 7|app: 0|req: 778/1369] 10.0.0.82 () {34 vars in 787 bytes} [Tue Mar 10 19:12:55 2026] PUT /v2.0/routers/e6c5cfeb-9f4e-453e-a2d1-7ba4a52fe78a/remove_router_interface => generated 309 bytes in 1038 msecs (HTTP/1.1 200) 4 headers in 157 bytes (1 switches on core 0) /var/lib/openstack/lib/python3.12/site-packages/pycadf/identifier.py:70: UserWarning: Invalid uuid: neutron. To ensure interoperability, identifiers should be a valid uuid. warnings.warn(('Invalid uuid: %s. To ensure interoperability, ' [pid: 7|app: 0|req: 779/1370] 10.0.0.8 () {34 vars in 979 bytes} [Tue Mar 10 19:12:56 2026] GET /v2.0/networks?id=e33ba707-976e-4543-8498-efddad0f6877 => generated 710 bytes in 37 msecs (HTTP/1.1 200) 4 headers in 157 bytes (1 switches on core 0)
2026-03-10 19:12:56.556 8 INFO neutron.db.ovn_revision_numbers_db [None req-1b87bdee-b675-40ab-aa14-c30b85a11a9a - - - - - -] Successfully bumped revision number for resource 4501b24b-c7dc-49b0-bd53-bfc8abfe6cba (type: ports) to 2
2026-03-10 19:12:56.634 8 INFO neutron.db.ovn_revision_numbers_db [None req-1b87bdee-b675-40ab-aa14-c30b85a11a9a - - - - - -] Successfully bumped revision number for resource 46e3a43d-ea1b-47f6-8d38-b878376139c2 (type: subnets) to 1
2026-03-10 19:12:56.635 7 INFO neutron_taas.services.taas.taas_plugin [None req-a961f0cc-9c00-49f1-bf0e-45a4e7b0eae5 88a634dbc2724957ae09162ca1ff036c 05dffbda817d4a39a9807e1e24eea271 - - default default] TaaS: Handle Delete Port: b0659b28-f01b-4110-a40c-c2f260bbea9a [pid: 8|app: 0|req: 592/1371] 10.0.0.82 () {34 vars in 739 bytes} [Tue Mar 10 19:12:55 2026] PUT /v2.0/subnets/46e3a43d-ea1b-47f6-8d38-b878376139c2 => generated 656 bytes in 1403 msecs (HTTP/1.1 200) 4 headers in 157 bytes (1 switches on core 0)
2026-03-10 19:12:56.639 7 INFO neutron_taas.services.taas.tap_mirror_plugin [None req-a961f0cc-9c00-49f1-bf0e-45a4e7b0eae5 88a634dbc2724957ae09162ca1ff036c 05dffbda817d4a39a9807e1e24eea271 - - default default] Tap Mirror: Handle Delete Port: b0659b28-f01b-4110-a40c-c2f260bbea9a [pid: 8|app: 0|req: 593/1372] 10.0.0.8 () {34 vars in 962 bytes} [Tue Mar 10 19:12:56 2026] GET /v2.0/quotas/64acd4f434d14e618dcee191f4f1cf65 => generated 292 bytes in 10 msecs (HTTP/1.1 200) 4 headers in 157 bytes (1 switches on core 0)
2026-03-10 19:12:56.767 8 INFO neutron_taas.services.taas.taas_plugin [None req-272e53a1-11cc-4282-8813-8b2023fc5689 e074dd819f7c4bc9a4f7bf72baed0c99 75d0b1fa7169405f9f9efd10a2b5526e - - default default] TaaS: Handle Delete Port: 4501b24b-c7dc-49b0-bd53-bfc8abfe6cba
2026-03-10 19:12:56.770 8 INFO neutron_taas.services.taas.tap_mirror_plugin [None req-272e53a1-11cc-4282-8813-8b2023fc5689 e074dd819f7c4bc9a4f7bf72baed0c99 75d0b1fa7169405f9f9efd10a2b5526e - - default default] Tap Mirror: Handle Delete Port: 4501b24b-c7dc-49b0-bd53-bfc8abfe6cba
2026-03-10 19:12:57.061 8 INFO neutron.services.segments.plugin [-] Segment fb44eb21-bc93-4dce-a603-cf7c74c013f1 resource provider aggregate not found
2026-03-10 19:12:57.064 8 INFO neutron.services.segments.plugin [-] Segment fb44eb21-bc93-4dce-a603-cf7c74c013f1 resource provider aggregate not found
2026-03-10 19:12:57.080 8 INFO neutron.services.segments.plugin [-] Segment fb44eb21-bc93-4dce-a603-cf7c74c013f1 resource provider not found; error: Placement Client Error (4xx): {"errors": [{"status": 404, "title": "Not Found", "detail": "The resource could not be found.\n\n No resource provider with uuid fb44eb21-bc93-4dce-a603-cf7c74c013f1 found for delete ", "request_id": "req-debd1492-6c0e-4f32-a59b-9d5eb3558fcc"}]}
2026-03-10 19:12:57.082 8 INFO neutron.services.segments.plugin [-] Segment fb44eb21-bc93-4dce-a603-cf7c74c013f1 resource provider not found; error: Placement Client Error (4xx): {"errors": [{"status": 404, "title": "Not Found", "detail": "The resource could not be found.\n\n No resource provider with uuid fb44eb21-bc93-4dce-a603-cf7c74c013f1 found for delete ", "request_id": "req-b42c10d9-4f1e-4442-af5c-8636d99b5cb1"}]} [pid: 8|app: 0|req: 594/1373] 10.0.0.82 () {32 vars in 724 bytes} [Tue Mar 10 19:12:56 2026] DELETE /v2.0/networks/a3140969-e8f8-49ff-aa25-cd38a2a9bb12 => generated 0 bytes in 464 msecs (HTTP/1.1 204) 3 headers in 131 bytes (1 switches on core 0) [pid: 8|app: 0|req: 597/1376] 10.0.0.8 () {34 vars in 999 bytes} [Tue Mar 10 19:12:57 2026] GET /v2.0/ports?tenant_id=64acd4f434d14e618dcee191f4f1cf65&fields=id => generated 103 bytes in 60 msecs (HTTP/1.1 200) 4 headers in 157 bytes (1 switches on core 0)
2026-03-10 19:12:57.194 8 INFO neutron.pecan_wsgi.hooks.translation [None req-63c292b9-ba79-43f3-b3cb-a4171ae196be e074dd819f7c4bc9a4f7bf72baed0c99 75d0b1fa7169405f9f9efd10a2b5526e - - default default] DELETE failed (client error): The resource could not be found. [pid: 8|app: 0|req: 598/1377] 10.0.0.82 () {32 vars in 724 bytes} [Tue Mar 10 19:12:57 2026] DELETE /v2.0/networks/a3140969-e8f8-49ff-aa25-cd38a2a9bb12 => generated 138 bytes in 22 msecs (HTTP/1.1 404) 4 headers in 164 bytes (1 switches on core 0) [pid: 8|app: 0|req: 599/1378] 10.0.0.8 () {34 vars in 1005 bytes} [Tue Mar 10 19:12:57 2026] GET /v2.0/networks/e33ba707-976e-4543-8498-efddad0f6877?fields=segments => generated 14 bytes in 43 msecs (HTTP/1.1 200) 4 headers in 156 bytes (1 switches on core 0) [pid: 8|app: 0|req: 600/1379] 10.0.0.82 () {32 vars in 692 bytes} [Tue Mar 10 19:12:57 2026] GET /v2.0/networks?router%3Aexternal=True => generated 689 bytes in 60 msecs (HTTP/1.1 200) 4 headers in 157 bytes (1 switches on core 0) [pid: 8|app: 0|req: 601/1380] 10.0.0.8 () {34 vars in 1105 bytes} [Tue Mar 10 19:12:57 2026] GET /v2.0/networks/e33ba707-976e-4543-8498-efddad0f6877?fields=provider%3Aphysical_network&fields=provider%3Anetwork_type => generated 79 bytes in 94 msecs (HTTP/1.1 200) 4 headers in 156 bytes (1 switches on core 0) [pid: 8|app: 0|req: 602/1381] 10.0.0.82 () {32 vars in 740 bytes} [Tue Mar 10 19:12:57 2026] GET /v2.0/subnets?network_id=5f1cc192-8e63-4283-a2fc-230e26e436c0 => generated 649 bytes in 38 msecs (HTTP/1.1 200) 4 headers in 157 bytes (1 switches on core 0) [pid: 8|app: 0|req: 603/1382] 10.0.0.82 () {32 vars in 651 bytes} [Tue Mar 10 19:12:57 2026] GET /v2.0/extensions => generated 20541 bytes in 8 msecs (HTTP/1.1 200) 4 headers in 159 bytes (1 switches on core 0) [pid: 8|app: 0|req: 604/1383] 10.0.0.82 () {32 vars in 647 bytes} [Tue Mar 10 19:12:57 2026] GET /v2.0/networks => generated 1389 bytes in 42 msecs (HTTP/1.1 200) 4 headers in 158 bytes (1 switches on core 0) [pid: 8|app: 0|req: 605/1384] 10.0.0.82 () {32 vars in 645 bytes} [Tue Mar 10 19:12:57 2026] GET /v2.0/subnets => generated 1312 bytes in 31 msecs (HTTP/1.1 200) 4 headers in 158 bytes (1 switches on core 0) [pid: 8|app: 0|req: 606/1385] 10.0.0.8 () {34 vars in 987 bytes} [Tue Mar 10 19:12:57 2026] GET /v2.0/ports?device_id=9695204f-db70-4d89-85d7-a027840a228f => generated 12 bytes in 17 msecs (HTTP/1.1 200) 4 headers in 156 bytes (1 switches on core 0) [pid: 8|app: 0|req: 607/1386] 10.0.0.82 () {32 vars in 721 bytes} [Tue Mar 10 19:12:57 2026] GET /v2.0/networks/c8000382-f03f-484e-85de-d652b38e711a => generated 711 bytes in 57 msecs (HTTP/1.1 200) 4 headers in 157 bytes (1 switches on core 0) [pid: 7|app: 0|req: 780/1387] 10.0.0.82 () {32 vars in 722 bytes} [Tue Mar 10 19:12:56 2026] DELETE /v2.0/routers/e6c5cfeb-9f4e-453e-a2d1-7ba4a52fe78a => generated 0 bytes in 1377 msecs (HTTP/1.1 204) 2 headers in 112 bytes (1 switches on core 0) [pid: 8|app: 0|req: 608/1388] 10.0.0.82 () {32 vars in 719 bytes} [Tue Mar 10 19:12:57 2026] GET /v2.0/subnets/ccadc775-cee7-486d-a9ec-95fd5f53ef43 => generated 673 bytes in 63 msecs (HTTP/1.1 200) 4 headers in 157 bytes (1 switches on core 0)
2026-03-10 19:12:57.696 7 INFO neutron.pecan_wsgi.hooks.translation [None req-090d207d-a474-4075-9b77-1996b5d5b665 e074dd819f7c4bc9a4f7bf72baed0c99 75d0b1fa7169405f9f9efd10a2b5526e - - default default] DELETE failed (client error): The resource could not be found. [pid: 7|app: 0|req: 781/1389] 10.0.0.82 () {32 vars in 722 bytes} [Tue Mar 10 19:12:57 2026] DELETE /v2.0/subnets/46e3a43d-ea1b-47f6-8d38-b878376139c2 => generated 136 bytes in 13 msecs (HTTP/1.1 404) 4 headers in 164 bytes (1 switches on core 0)
2026-03-10 19:12:57.713 7 INFO neutron.pecan_wsgi.hooks.translation [None req-6d2b9be3-5b87-43ad-af9c-7fe21f055705 e074dd819f7c4bc9a4f7bf72baed0c99 75d0b1fa7169405f9f9efd10a2b5526e - - default default] DELETE failed (client error): The resource could not be found. [pid: 7|app: 0|req: 782/1390] 10.0.0.82 () {32 vars in 724 bytes} [Tue Mar 10 19:12:57 2026] DELETE /v2.0/networks/a3140969-e8f8-49ff-aa25-cd38a2a9bb12 => generated 138 bytes in 11 msecs (HTTP/1.1 404) 4 headers in 164 bytes (1 switches on core 0) [pid: 8|app: 0|req: 609/1391] 10.0.0.82 () {32 vars in 722 bytes} [Tue Mar 10 19:12:57 2026] DELETE /v2.0/subnets/4958123e-ddca-4174-84a6-fbc3c12d768a => generated 0 bytes in 162 msecs (HTTP/1.1 204) 3 headers in 131 bytes (1 switches on core 0) [pid: 7|app: 0|req: 783/1392] 10.0.0.82 () {32 vars in 722 bytes} [Tue Mar 10 19:12:57 2026] DELETE /v2.0/subnets/ccadc775-cee7-486d-a9ec-95fd5f53ef43 => generated 0 bytes in 154 msecs (HTTP/1.1 204) 3 headers in 131 bytes (1 switches on core 0)
2026-03-10 19:12:57.962 8 INFO neutron_taas.services.taas.taas_plugin [None req-43b448f5-2ed0-4806-8c51-7326dab82ea3 88a634dbc2724957ae09162ca1ff036c 05dffbda817d4a39a9807e1e24eea271 - - default default] TaaS: Handle Delete Port: 29dc952c-12fc-46ea-9395-7726ecb5df59
2026-03-10 19:12:57.965 8 INFO neutron_taas.services.taas.tap_mirror_plugin [None req-43b448f5-2ed0-4806-8c51-7326dab82ea3 88a634dbc2724957ae09162ca1ff036c 05dffbda817d4a39a9807e1e24eea271 - - default default] Tap Mirror: Handle Delete Port: 29dc952c-12fc-46ea-9395-7726ecb5df59
2026-03-10 19:12:57.982 7 INFO neutron_taas.services.taas.taas_plugin [None req-32f7a1d7-ff4f-490d-9e40-857d3ecb4aff e074dd819f7c4bc9a4f7bf72baed0c99 75d0b1fa7169405f9f9efd10a2b5526e - - default default] TaaS: Handle Delete Port: c306f5ad-5946-4cf4-9fc3-6f5673c3638d
2026-03-10 19:12:57.985 7 INFO neutron_taas.services.taas.tap_mirror_plugin [None req-32f7a1d7-ff4f-490d-9e40-857d3ecb4aff e074dd819f7c4bc9a4f7bf72baed0c99 75d0b1fa7169405f9f9efd10a2b5526e - - default default] Tap Mirror: Handle Delete Port: c306f5ad-5946-4cf4-9fc3-6f5673c3638d
2026-03-10 19:12:58.192 7 INFO neutron.services.segments.plugin [-] Segment c43fbe64-c550-4f08-8066-774b322b1c05 resource provider aggregate not found
2026-03-10 19:12:58.199 7 INFO neutron.services.segments.plugin [-] Segment c43fbe64-c550-4f08-8066-774b322b1c05 resource provider aggregate not found [pid: 8|app: 0|req: 610/1393] 10.0.0.82 () {32 vars in 724 bytes} [Tue Mar 10 19:12:57 2026] DELETE /v2.0/networks/716a9b77-8c39-4a84-9261-e24aa3fceb27 => generated 0 bytes in 355 msecs (HTTP/1.1 204) 3 headers in 131 bytes (1 switches on core 0)
2026-03-10 19:12:58.224 7 INFO neutron.services.segments.plugin [-] Segment c43fbe64-c550-4f08-8066-774b322b1c05 resource provider not found; error: Placement Client Error (4xx): {"errors": [{"status": 404, "title": "Not Found", "detail": "The resource could not be found.\n\n No resource provider with uuid c43fbe64-c550-4f08-8066-774b322b1c05 found for delete ", "request_id": "req-df1e3869-6669-4cdb-b529-196773833f25"}]}
2026-03-10 19:12:58.225 7 INFO neutron.services.segments.plugin [-] Segment c43fbe64-c550-4f08-8066-774b322b1c05 resource provider not found; error: Placement Client Error (4xx): {"errors": [{"status": 404, "title": "Not Found", "detail": "The resource could not be found.\n\n No resource provider with uuid c43fbe64-c550-4f08-8066-774b322b1c05 found for delete ", "request_id": "req-5e787e14-d60e-4927-89a9-6ffa0fd1192e"}]} [pid: 7|app: 0|req: 784/1394] 10.0.0.82 () {32 vars in 724 bytes} [Tue Mar 10 19:12:57 2026] DELETE /v2.0/networks/c8000382-f03f-484e-85de-d652b38e711a => generated 0 bytes in 393 msecs (HTTP/1.1 204) 3 headers in 131 bytes (1 switches on core 0) [pid: 7|app: 0|req: 785/1395] 10.0.0.82 () {32 vars in 772 bytes} [Tue Mar 10 19:12:58 2026] GET /v2.0/security-groups?tenant_id=def8442fd39d4f169bb12ca651680e08&name=default => generated 2925 bytes in 28 msecs (HTTP/1.1 200) 4 headers in 158 bytes (1 switches on core 0)
2026-03-10 19:12:58.585 8 INFO neutron.db.ovn_revision_numbers_db [None req-536bba48-373e-44c3-a180-2c6342121e08 88a634dbc2724957ae09162ca1ff036c 05dffbda817d4a39a9807e1e24eea271 - - default default] Successfully bumped revision number for resource 21660960-43fd-4c0a-bbc1-8ae166381887 (type: security_groups) to 1
2026-03-10 19:12:58.603 8 INFO neutron.db.ovn_revision_numbers_db [None req-536bba48-373e-44c3-a180-2c6342121e08 88a634dbc2724957ae09162ca1ff036c 05dffbda817d4a39a9807e1e24eea271 - - default default] Successfully bumped revision number for resource 47257040-e133-42e9-824f-04e41feed4cc (type: security_group_rules) to 0
2026-03-10 19:12:58.620 8 INFO neutron.db.ovn_revision_numbers_db [None req-536bba48-373e-44c3-a180-2c6342121e08 88a634dbc2724957ae09162ca1ff036c 05dffbda817d4a39a9807e1e24eea271 - - default default] Successfully bumped revision number for resource 6b206055-138b-416f-8651-8f10a5c86d08 (type: security_group_rules) to 0
2026-03-10 19:12:58.633 8 INFO neutron.db.ovn_revision_numbers_db [None req-536bba48-373e-44c3-a180-2c6342121e08 88a634dbc2724957ae09162ca1ff036c 05dffbda817d4a39a9807e1e24eea271 - - default default] Successfully bumped revision number for resource 7ebea8e0-8ef5-4fad-b76e-dcea4bc6e017 (type: security_group_rules) to 0 [pid: 7|app: 0|req: 786/1396] 10.0.0.82 () {32 vars in 738 bytes} [Tue Mar 10 19:12:58 2026] DELETE /v2.0/security-groups/cf83032d-09ed-4bd9-84fa-fbe4b8ea0ad8 => generated 0 bytes in 301 msecs (HTTP/1.1 204) 2 headers in 112 bytes (1 switches on core 0)
2026-03-10 19:12:58.650 8 INFO neutron.db.ovn_revision_numbers_db [None req-536bba48-373e-44c3-a180-2c6342121e08 88a634dbc2724957ae09162ca1ff036c 05dffbda817d4a39a9807e1e24eea271 - - default default] Successfully bumped revision number for resource bee9b68f-e10e-4e4c-9f9f-a66d4df595cc (type: security_group_rules) to 0 [pid: 7|app: 0|req: 787/1397] 10.0.0.8 () {34 vars in 987 bytes} [Tue Mar 10 19:12:58 2026] GET /v2.0/ports?device_id=9695204f-db70-4d89-85d7-a027840a228f => generated 12 bytes in 19 msecs (HTTP/1.1 200) 4 headers in 156 bytes (1 switches on core 0) [pid: 8|app: 0|req: 611/1398] 10.0.0.82 () {32 vars in 772 bytes} [Tue Mar 10 19:12:58 2026] GET /v2.0/security-groups?tenant_id=e44b1ee5986748d68aae271606297095&name=default => generated 2925 bytes in 481 msecs (HTTP/1.1 200) 4 headers in 158 bytes (1 switches on core 0) [pid: 8|app: 0|req: 612/1399] 10.0.0.82 () {32 vars in 772 bytes} [Tue Mar 10 19:12:58 2026] GET /v2.0/security-groups?tenant_id=75d0b1fa7169405f9f9efd10a2b5526e&name=default => generated 2925 bytes in 129 msecs (HTTP/1.1 200) 4 headers in 158 bytes (1 switches on core 0)
2026-03-10 19:12:58.925 8 WARNING neutron.plugins.ml2.drivers.ovn.mech_driver.ovsdb.ovn_client [None req-c491858b-f466-49d1-8188-5861c4e45959 - - - - - -] No hosting information found for port 26fbdcde-7627-4322-b04c-d56a2ad487aa: RuntimeError: No hosting information found for port 26fbdcde-7627-4322-b04c-d56a2ad487aa
2026-03-10 19:12:58.926 8 INFO neutron.plugins.ml2.drivers.ovn.mech_driver.mech_driver [None req-c491858b-f466-49d1-8188-5861c4e45959 - - - - - -] OVN reports status down for port: c306f5ad-5946-4cf4-9fc3-6f5673c3638d [pid: 7|app: 0|req: 788/1400] 10.0.0.82 () {32 vars in 738 bytes} [Tue Mar 10 19:12:58 2026] DELETE /v2.0/security-groups/21660960-43fd-4c0a-bbc1-8ae166381887 => generated 0 bytes in 267 msecs (HTTP/1.1 204) 2 headers in 112 bytes (1 switches on core 0)
2026-03-10 19:12:59.102 8 INFO neutron.services.segments.plugin [-] Segment c9f2d4c6-c533-4368-8e57-9f7ab80c8c03 resource provider aggregate not found
2026-03-10 19:12:59.114 8 INFO neutron.services.segments.plugin [-] Segment c9f2d4c6-c533-4368-8e57-9f7ab80c8c03 resource provider aggregate not found
2026-03-10 19:12:59.137 8 INFO neutron.services.segments.plugin [-] Segment c9f2d4c6-c533-4368-8e57-9f7ab80c8c03 resource provider not found; error: Placement Client Error (4xx): {"errors": [{"status": 404, "title": "Not Found", "detail": "The resource could not be found.\n\n No resource provider with uuid c9f2d4c6-c533-4368-8e57-9f7ab80c8c03 found for delete ", "request_id": "req-3f5992be-1299-46e3-9920-8c654d1daa2e"}]}
2026-03-10 19:12:59.138 8 INFO neutron.services.segments.plugin [-] Segment c9f2d4c6-c533-4368-8e57-9f7ab80c8c03 resource provider not found; error: Placement Client Error (4xx): {"errors": [{"status": 404, "title": "Not Found", "detail": "The resource could not be found.\n\n No resource provider with uuid c9f2d4c6-c533-4368-8e57-9f7ab80c8c03 found for delete ", "request_id": "req-92040292-3c20-4144-bd03-b3f2fe724828"}]}
2026-03-10 19:12:59.205 8 INFO neutron.db.ovn_revision_numbers_db [None req-c491858b-f466-49d1-8188-5861c4e45959 - - - - - -] Successfully bumped revision number for resource 26fbdcde-7627-4322-b04c-d56a2ad487aa (type: router_ports) to 2
2026-03-10 19:12:59.205 8 INFO neutron.plugins.ml2.drivers.ovn.mech_driver.mech_driver [None req-c491858b-f466-49d1-8188-5861c4e45959 - - - - - -] OVN reports status down for port: 4501b24b-c7dc-49b0-bd53-bfc8abfe6cba [pid: 8|app: 0|req: 613/1401] 10.0.0.82 () {32 vars in 738 bytes} [Tue Mar 10 19:12:58 2026] DELETE /v2.0/security-groups/b5856ec0-c677-4e5f-beec-858058c30b72 => generated 0 bytes in 411 msecs (HTTP/1.1 204) 2 headers in 112 bytes (1 switches on core 0) [pid: 7|app: 0|req: 789/1402] 10.0.0.8 () {34 vars in 987 bytes} [Tue Mar 10 19:12:59 2026] GET /v2.0/ports?device_id=9695204f-db70-4d89-85d7-a027840a228f => generated 12 bytes in 38 msecs (HTTP/1.1 200) 4 headers in 156 bytes (1 switches on core 0)
2026-03-10 19:13:00.734 8 INFO neutron.db.ovn_revision_numbers_db [None req-e34b8e96-10e7-45ca-98a2-4395df9e80ed 88a634dbc2724957ae09162ca1ff036c 05dffbda817d4a39a9807e1e24eea271 - - default default] Successfully bumped revision number for resource 661499b0-ab7c-4da8-a815-0fe08bc3c767 (type: security_groups) to 1
2026-03-10 19:13:00.745 8 INFO neutron.db.ovn_revision_numbers_db [None req-e34b8e96-10e7-45ca-98a2-4395df9e80ed 88a634dbc2724957ae09162ca1ff036c 05dffbda817d4a39a9807e1e24eea271 - - default default] Successfully bumped revision number for resource 208d10c0-1452-4977-b138-4feee0810f65 (type: security_group_rules) to 0
2026-03-10 19:13:00.757 8 INFO neutron.db.ovn_revision_numbers_db [None req-e34b8e96-10e7-45ca-98a2-4395df9e80ed 88a634dbc2724957ae09162ca1ff036c 05dffbda817d4a39a9807e1e24eea271 - - default default] Successfully bumped revision number for resource 81f83aea-33b8-495c-b5dd-a3a8685e8950 (type: security_group_rules) to 0
2026-03-10 19:13:00.776 8 INFO neutron.db.ovn_revision_numbers_db [None req-e34b8e96-10e7-45ca-98a2-4395df9e80ed 88a634dbc2724957ae09162ca1ff036c 05dffbda817d4a39a9807e1e24eea271 - - default default] Successfully bumped revision number for resource 8dc2f5bb-2c7b-4a0b-a463-ee871023a378 (type: security_group_rules) to 0
2026-03-10 19:13:00.788 8 INFO neutron.db.ovn_revision_numbers_db [None req-e34b8e96-10e7-45ca-98a2-4395df9e80ed 88a634dbc2724957ae09162ca1ff036c 05dffbda817d4a39a9807e1e24eea271 - - default default] Successfully bumped revision number for resource eca444ea-db57-4fbb-b750-65fde7d62bab (type: security_group_rules) to 0 [pid: 7|app: 0|req: 790/1403] 10.0.0.8 () {34 vars in 987 bytes} [Tue Mar 10 19:13:00 2026] GET /v2.0/ports?device_id=9695204f-db70-4d89-85d7-a027840a228f => generated 12 bytes in 20 msecs (HTTP/1.1 200) 4 headers in 156 bytes (1 switches on core 0)
2026-03-10 19:13:00.871 8 INFO neutron.db.segments_db [None req-e34b8e96-10e7-45ca-98a2-4395df9e80ed 88a634dbc2724957ae09162ca1ff036c 05dffbda817d4a39a9807e1e24eea271 - - default default] Added segment 6eddcda3-a1e9-4706-8e7b-fe116af1f559 of type geneve for network fc56e3c0-c435-4324-95bb-8c2876a0de93
2026-03-10 19:13:00.988 8 INFO neutron.db.ovn_revision_numbers_db [None req-e34b8e96-10e7-45ca-98a2-4395df9e80ed 88a634dbc2724957ae09162ca1ff036c 05dffbda817d4a39a9807e1e24eea271 - - default default] Successfully bumped revision number for resource fc56e3c0-c435-4324-95bb-8c2876a0de93 (type: networks) to 1
2026-03-10 19:13:01.153 8 WARNING neutron.scheduler.dhcp_agent_scheduler [None req-e34b8e96-10e7-45ca-98a2-4395df9e80ed 88a634dbc2724957ae09162ca1ff036c 05dffbda817d4a39a9807e1e24eea271 - - default default] No more DHCP agents
2026-03-10 19:13:01.155 8 WARNING neutron.api.rpc.agentnotifiers.dhcp_rpc_agent_api [None req-e34b8e96-10e7-45ca-98a2-4395df9e80ed 88a634dbc2724957ae09162ca1ff036c 05dffbda817d4a39a9807e1e24eea271 - - default default] Unable to schedule network fc56e3c0-c435-4324-95bb-8c2876a0de93: no agents available; will retry on subsequent port and subnet creation events.
2026-03-10 19:13:01.252 8 INFO neutron.plugins.ml2.drivers.ovn.mech_driver.mech_driver [None req-c491858b-f466-49d1-8188-5861c4e45959 - - - - - -] OVN reports status down for port: 75718e5e-58ab-4490-9845-49cb5c426d99
2026-03-10 19:13:01.349 8 INFO neutron.db.ovn_revision_numbers_db [None req-e34b8e96-10e7-45ca-98a2-4395df9e80ed 88a634dbc2724957ae09162ca1ff036c 05dffbda817d4a39a9807e1e24eea271 - - default default] Successfully bumped revision number for resource 75718e5e-58ab-4490-9845-49cb5c426d99 (type: ports) to 1
2026-03-10 19:13:01.392 7 INFO neutron.db.ovn_revision_numbers_db [None req-a8d0352c-dd5a-41d5-8b9b-e1102fa9573d bb451bd597f447d68e755e72dc388ed2 aa7e811a0d8a48328b5836d8740518c6 - - default default] Successfully bumped revision number for resource 4cb24c38-0611-462b-aaa2-3f00d4ba9d99 (type: security_groups) to 1 [pid: 8|app: 0|req: 614/1404] 10.0.0.82 () {34 vars in 669 bytes} [Tue Mar 10 19:13:00 2026] POST /v2.0/networks => generated 765 bytes in 977 msecs (HTTP/1.1 201) 4 headers in 162 bytes (1 switches on core 0)
2026-03-10 19:13:01.414 7 INFO neutron.db.ovn_revision_numbers_db [None req-a8d0352c-dd5a-41d5-8b9b-e1102fa9573d bb451bd597f447d68e755e72dc388ed2 aa7e811a0d8a48328b5836d8740518c6 - - default default] Successfully bumped revision number for resource 1a67833f-edae-497b-ae12-b7df7345c5c5 (type: security_group_rules) to 0
2026-03-10 19:13:01.432 7 INFO neutron.db.ovn_revision_numbers_db [None req-a8d0352c-dd5a-41d5-8b9b-e1102fa9573d bb451bd597f447d68e755e72dc388ed2 aa7e811a0d8a48328b5836d8740518c6 - - default default] Successfully bumped revision number for resource 7438b985-b259-4c79-a341-4e28577384ff (type: security_group_rules) to 0
2026-03-10 19:13:01.447 7 INFO neutron.db.ovn_revision_numbers_db [None req-a8d0352c-dd5a-41d5-8b9b-e1102fa9573d bb451bd597f447d68e755e72dc388ed2 aa7e811a0d8a48328b5836d8740518c6 - - default default] Successfully bumped revision number for resource 902c0e25-1fce-4ab0-a57b-acaaa96b350f (type: security_group_rules) to 0
2026-03-10 19:13:01.460 7 INFO neutron.db.ovn_revision_numbers_db [None req-a8d0352c-dd5a-41d5-8b9b-e1102fa9573d bb451bd597f447d68e755e72dc388ed2 aa7e811a0d8a48328b5836d8740518c6 - - default default] Successfully bumped revision number for resource 9cebea9b-cc83-4ad3-9bbe-a521f6f282a1 (type: security_group_rules) to 0
2026-03-10 19:13:01.600 8 WARNING neutron.scheduler.dhcp_agent_scheduler [None req-a5cd85b1-e6fc-4725-8ad2-092a7b5b42a0 88a634dbc2724957ae09162ca1ff036c 05dffbda817d4a39a9807e1e24eea271 - - default default] No more DHCP agents
2026-03-10 19:13:01.603 8 WARNING neutron.api.rpc.agentnotifiers.dhcp_rpc_agent_api [None req-a5cd85b1-e6fc-4725-8ad2-092a7b5b42a0 88a634dbc2724957ae09162ca1ff036c 05dffbda817d4a39a9807e1e24eea271 - - default default] Unable to schedule network fc56e3c0-c435-4324-95bb-8c2876a0de93: no agents available; will retry on subsequent port and subnet creation events.
2026-03-10 19:13:01.623 7 INFO neutron.db.ovn_revision_numbers_db [None req-a8d0352c-dd5a-41d5-8b9b-e1102fa9573d bb451bd597f447d68e755e72dc388ed2 aa7e811a0d8a48328b5836d8740518c6 - - default default] Successfully bumped revision number for resource b7688809-fd43-4ac5-8878-fa2d73cee9bc (type: security_groups) to 1
2026-03-10 19:13:01.637 7 INFO neutron.db.ovn_revision_numbers_db [None req-a8d0352c-dd5a-41d5-8b9b-e1102fa9573d bb451bd597f447d68e755e72dc388ed2 aa7e811a0d8a48328b5836d8740518c6 - - default default] Successfully bumped revision number for resource b48e26e9-1933-479b-8732-ede1352a13a7 (type: security_group_rules) to 0
2026-03-10 19:13:01.649 7 INFO neutron.db.ovn_revision_numbers_db [None req-a8d0352c-dd5a-41d5-8b9b-e1102fa9573d bb451bd597f447d68e755e72dc388ed2 aa7e811a0d8a48328b5836d8740518c6 - - default default] Successfully bumped revision number for resource e9efe144-1cea-4084-b56c-318dcee1498b (type: security_group_rules) to 0 [pid: 7|app: 0|req: 791/1405] 10.0.0.82 () {34 vars in 682 bytes} [Tue Mar 10 19:13:00 2026] POST /v2.0/security-groups => generated 1624 bytes in 716 msecs (HTTP/1.1 201) 4 headers in 163 bytes (1 switches on core 0) [pid: 7|app: 0|req: 792/1406] 10.0.0.82 () {32 vars in 661 bytes} [Tue Mar 10 19:13:01 2026] GET /v2.0/security-groups => generated 4529 bytes in 59 msecs (HTTP/1.1 200) 4 headers in 158 bytes (1 switches on core 0)
2026-03-10 19:13:01.828 7 INFO neutron.db.ovn_revision_numbers_db [None req-02e98457-55a5-4794-a56b-d1255b3873c8 bb451bd597f447d68e755e72dc388ed2 aa7e811a0d8a48328b5836d8740518c6 - - default default] Successfully bumped revision number for resource b7688809-fd43-4ac5-8878-fa2d73cee9bc (type: security_groups) to 2 [pid: 7|app: 0|req: 793/1407] 10.0.0.82 () {34 vars in 756 bytes} [Tue Mar 10 19:13:01 2026] PUT /v2.0/security-groups/b7688809-fd43-4ac5-8878-fa2d73cee9bc => generated 1664 bytes in 89 msecs (HTTP/1.1 200) 4 headers in 158 bytes (1 switches on core 0) [pid: 7|app: 0|req: 794/1408] 199.19.213.100 () {34 vars in 985 bytes} [Tue Mar 10 19:13:01 2026] GET /v2.0/networks?id=e33ba707-976e-4543-8498-efddad0f6877 => generated 710 bytes in 46 msecs (HTTP/1.1 200) 4 headers in 157 bytes (1 switches on core 0) [pid: 7|app: 0|req: 795/1409] 10.0.0.82 () {32 vars in 735 bytes} [Tue Mar 10 19:13:01 2026] GET /v2.0/security-groups/b7688809-fd43-4ac5-8878-fa2d73cee9bc => generated 1664 bytes in 22 msecs (HTTP/1.1 200) 4 headers in 158 bytes (1 switches on core 0)
2026-03-10 19:13:02.047 8 INFO neutron.db.ovn_revision_numbers_db [None req-8e8163c2-50cc-4f91-a64c-5b4f8cb779a0 - - - - - -] Successfully bumped revision number for resource 75718e5e-58ab-4490-9845-49cb5c426d99 (type: ports) to 2
2026-03-10 19:13:02.076 8 INFO neutron.db.ovn_revision_numbers_db [None req-8e8163c2-50cc-4f91-a64c-5b4f8cb779a0 - - - - - -] Successfully bumped revision number for resource 3f98efda-d2b2-4ab2-b42e-668f6c72dbe7 (type: subnets) to 0 [pid: 8|app: 0|req: 615/1410] 10.0.0.82 () {34 vars in 667 bytes} [Tue Mar 10 19:13:01 2026] POST /v2.0/subnets => generated 690 bytes in 680 msecs (HTTP/1.1 201) 4 headers in 162 bytes (1 switches on core 0) [pid: 8|app: 0|req: 616/1411] 10.0.0.8 () {34 vars in 987 bytes} [Tue Mar 10 19:13:02 2026] GET /v2.0/ports?device_id=9695204f-db70-4d89-85d7-a027840a228f => generated 12 bytes in 16 msecs (HTTP/1.1 200) 4 headers in 156 bytes (1 switches on core 0) [pid: 8|app: 0|req: 617/1412] 10.0.0.82 () {32 vars in 738 bytes} [Tue Mar 10 19:13:02 2026] DELETE /v2.0/security-groups/b7688809-fd43-4ac5-8878-fa2d73cee9bc => generated 0 bytes in 112 msecs (HTTP/1.1 204) 2 headers in 112 bytes (1 switches on core 0)
2026-03-10 19:13:02.292 7 WARNING neutron.scheduler.dhcp_agent_scheduler [req-17fdea9c-3b4f-486f-8242-2d6ee657f816 req-6f08a581-ee22-4b24-b0e8-45472f91da69 ef5e10f33f594d579a3a024129c03952 64acd4f434d14e618dcee191f4f1cf65 - - default default] No more DHCP agents
2026-03-10 19:13:02.293 7 WARNING neutron.api.rpc.agentnotifiers.dhcp_rpc_agent_api [req-17fdea9c-3b4f-486f-8242-2d6ee657f816 req-6f08a581-ee22-4b24-b0e8-45472f91da69 ef5e10f33f594d579a3a024129c03952 64acd4f434d14e618dcee191f4f1cf65 - - default default] Unable to schedule network e33ba707-976e-4543-8498-efddad0f6877: no agents available; will retry on subsequent port and subnet creation events.
2026-03-10 19:13:02.461 8 INFO neutron.plugins.ml2.drivers.ovn.mech_driver.mech_driver [None req-c491858b-f466-49d1-8188-5861c4e45959 - - - - - -] OVN reports status down for port: e9dcd927-43ce-42b9-867d-c3d05129cbe2
2026-03-10 19:13:02.474 7 INFO neutron.db.ovn_revision_numbers_db [req-17fdea9c-3b4f-486f-8242-2d6ee657f816 req-6f08a581-ee22-4b24-b0e8-45472f91da69 ef5e10f33f594d579a3a024129c03952 64acd4f434d14e618dcee191f4f1cf65 - - default default] Successfully bumped revision number for resource e9dcd927-43ce-42b9-867d-c3d05129cbe2 (type: ports) to 1 [pid: 7|app: 0|req: 796/1413] 199.19.213.100 () {38 vars in 954 bytes} [Tue Mar 10 19:13:01 2026] POST /v2.0/ports => generated 954 bytes in 619 msecs (HTTP/1.1 201) 4 headers in 162 bytes (1 switches on core 0) /var/lib/openstack/lib/python3.12/site-packages/pycadf/identifier.py:70: UserWarning: Invalid uuid: neutron. To ensure interoperability, identifiers should be a valid uuid. warnings.warn(('Invalid uuid: %s. To ensure interoperability, ' [pid: 7|app: 0|req: 797/1414] 10.0.0.82 () {32 vars in 661 bytes} [Tue Mar 10 19:13:02 2026] GET /v2.0/security-groups => generated 2925 bytes in 30 msecs (HTTP/1.1 200) 4 headers in 158 bytes (1 switches on core 0)
2026-03-10 19:13:02.708 8 WARNING neutron.scheduler.dhcp_agent_scheduler [None req-6d6d21f5-a753-4d8a-bd12-d72b794ff388 88a634dbc2724957ae09162ca1ff036c 05dffbda817d4a39a9807e1e24eea271 - - default default] No more DHCP agents
2026-03-10 19:13:02.710 8 WARNING neutron.api.rpc.agentnotifiers.dhcp_rpc_agent_api [None req-6d6d21f5-a753-4d8a-bd12-d72b794ff388 88a634dbc2724957ae09162ca1ff036c 05dffbda817d4a39a9807e1e24eea271 - - default default] Unable to schedule network 5f1cc192-8e63-4283-a2fc-230e26e436c0: no agents available; will retry on subsequent port and subnet creation events.
2026-03-10 19:13:02.814 7 INFO neutron.db.ovn_revision_numbers_db [None req-b2e08335-d698-4d50-a4ae-8c49edfe11ea 88a634dbc2724957ae09162ca1ff036c 05dffbda817d4a39a9807e1e24eea271 - - default default] Successfully bumped revision number for resource e0058245-2e4c-4edc-bf29-cc5741c09072 (type: security_groups) to 1
2026-03-10 19:13:02.826 7 INFO neutron.db.ovn_revision_numbers_db [None req-b2e08335-d698-4d50-a4ae-8c49edfe11ea 88a634dbc2724957ae09162ca1ff036c 05dffbda817d4a39a9807e1e24eea271 - - default default] Successfully bumped revision number for resource 0aa29b48-7f12-4a28-883b-72580df44ba9 (type: security_group_rules) to 0
2026-03-10 19:13:02.836 7 INFO neutron.db.ovn_revision_numbers_db [None req-b2e08335-d698-4d50-a4ae-8c49edfe11ea 88a634dbc2724957ae09162ca1ff036c 05dffbda817d4a39a9807e1e24eea271 - - default default] Successfully bumped revision number for resource 427e44c3-52ee-4feb-940b-c2edc1ad4f67 (type: security_group_rules) to 0
2026-03-10 19:13:02.849 7 INFO neutron.db.ovn_revision_numbers_db [None req-b2e08335-d698-4d50-a4ae-8c49edfe11ea 88a634dbc2724957ae09162ca1ff036c 05dffbda817d4a39a9807e1e24eea271 - - default default] Successfully bumped revision number for resource 5f13191e-c4e1-42af-8d4b-d80ebac29a4e (type: security_group_rules) to 0
2026-03-10 19:13:02.870 7 INFO neutron.db.ovn_revision_numbers_db [None req-b2e08335-d698-4d50-a4ae-8c49edfe11ea 88a634dbc2724957ae09162ca1ff036c 05dffbda817d4a39a9807e1e24eea271 - - default default] Successfully bumped revision number for resource 932c8633-c4bd-4c48-9fb4-90fb566119e3 (type: security_group_rules) to 0
2026-03-10 19:13:02.890 8 INFO neutron.plugins.ml2.drivers.ovn.mech_driver.mech_driver [None req-c491858b-f466-49d1-8188-5861c4e45959 - - - - - -] OVN reports status down for port: 7a5fc068-b89c-4197-ae4c-dac7f1c65b0f [pid: 7|app: 0|req: 798/1415] 10.0.0.82 () {32 vars in 772 bytes} [Tue Mar 10 19:13:02 2026] GET /v2.0/security-groups?tenant_id=cafdedb163d8472690a8aa8f44f42013&name=default => generated 2925 bytes in 360 msecs (HTTP/1.1 200) 4 headers in 158 bytes (1 switches on core 0)
2026-03-10 19:13:02.951 8 INFO neutron.db.ovn_revision_numbers_db [None req-6d6d21f5-a753-4d8a-bd12-d72b794ff388 88a634dbc2724957ae09162ca1ff036c 05dffbda817d4a39a9807e1e24eea271 - - default default] Successfully bumped revision number for resource 7a5fc068-b89c-4197-ae4c-dac7f1c65b0f (type: ports) to 1
2026-03-10 19:13:03.255 7 INFO neutron.db.ovn_revision_numbers_db [req-17fdea9c-3b4f-486f-8242-2d6ee657f816 req-b1b74865-25c4-4878-b12e-008152e288b0 d6b0e01d555042f38cafd86b776db32d dc5e9350eba94e6d95fe3428070f9274 - - a3aae6b7d9154e68bdcadf6198088bb3 a3aae6b7d9154e68bdcadf6198088bb3] Successfully bumped revision number for resource e9dcd927-43ce-42b9-867d-c3d05129cbe2 (type: ports) to 2
2026-03-10 19:13:03.468 7 INFO neutron.db.ovn_revision_numbers_db [req-17fdea9c-3b4f-486f-8242-2d6ee657f816 req-b1b74865-25c4-4878-b12e-008152e288b0 d6b0e01d555042f38cafd86b776db32d dc5e9350eba94e6d95fe3428070f9274 - - a3aae6b7d9154e68bdcadf6198088bb3 a3aae6b7d9154e68bdcadf6198088bb3] Successfully bumped revision number for resource e9dcd927-43ce-42b9-867d-c3d05129cbe2 (type: ports) to 4 [pid: 7|app: 0|req: 799/1416] 199.19.213.100 () {38 vars in 1027 bytes} [Tue Mar 10 19:13:02 2026] PUT /v2.0/ports/e9dcd927-43ce-42b9-867d-c3d05129cbe2 => generated 1204 bytes in 554 msecs (HTTP/1.1 200) 4 headers in 158 bytes (1 switches on core 0) /var/lib/openstack/lib/python3.12/site-packages/pycadf/identifier.py:70: UserWarning: Invalid uuid: neutron. To ensure interoperability, identifiers should be a valid uuid. warnings.warn(('Invalid uuid: %s. To ensure interoperability, '
2026-03-10 19:13:03.502 7 INFO neutron.api.v2.resource [None req-fdfdecb2-819e-4a09-b19e-e3fe8758abb7 bb451bd597f447d68e755e72dc388ed2 aa7e811a0d8a48328b5836d8740518c6 - - default default] delete failed (client error): The resource could not be found. [pid: 7|app: 0|req: 800/1417] 10.0.0.82 () {32 vars in 738 bytes} [Tue Mar 10 19:13:03 2026] DELETE /v2.0/security-groups/b7688809-fd43-4ac5-8878-fa2d73cee9bc => generated 146 bytes in 15 msecs (HTTP/1.1 404) 4 headers in 164 bytes (1 switches on core 0)
2026-03-10 19:13:03.522 7 INFO neutron.notifiers.nova [-] Nova event matching ['req-7a2222c2-6a4f-4d50-9ecd-842994762148'] response: {'name': 'network-changed', 'server_uuid': '9695204f-db70-4d89-85d7-a027840a228f', 'tag': 'e9dcd927-43ce-42b9-867d-c3d05129cbe2', 'status': 'completed', 'code': 200}
2026-03-10 19:13:03.649 8 INFO neutron.plugins.ml2.drivers.ovn.mech_driver.ovsdb.commands [None req-4fdb0adb-83f1-426e-8c47-b9e80e8227a1 - - - - - -] Schedule LRP lrp-7a5fc068-b89c-4197-ae4c-dac7f1c65b0f on gateway 364c672c-367e-46c4-9d46-6705f5a6914f with priority 1
2026-03-10 19:13:03.766 8 INFO neutron.plugins.ml2.drivers.ovn.mech_driver.mech_driver [None req-c491858b-f466-49d1-8188-5861c4e45959 - - - - - -] OVN reports status up for port: 7a5fc068-b89c-4197-ae4c-dac7f1c65b0f
2026-03-10 19:13:03.787 8 INFO neutron.plugins.ml2.drivers.ovn.mech_driver.ovsdb.ovsdb_monitor [None req-1472aa45-786c-45c2-81c7-e76e7c623ca9 - - - - - -] Router d362c3ce-2f94-4c34-a6d0-2af4aeaea25a is bound to host instance
2026-03-10 19:13:03.834 8 INFO neutron.plugins.ml2.plugin [None req-c491858b-f466-49d1-8188-5861c4e45959 - - - - - -] Attempt 1 to provision port 7a5fc068-b89c-4197-ae4c-dac7f1c65b0f
2026-03-10 19:13:03.883 8 INFO neutron.db.ovn_revision_numbers_db [None req-6d6d21f5-a753-4d8a-bd12-d72b794ff388 88a634dbc2724957ae09162ca1ff036c 05dffbda817d4a39a9807e1e24eea271 - - default default] Successfully bumped revision number for resource 7a5fc068-b89c-4197-ae4c-dac7f1c65b0f (type: router_ports) to 1 [pid: 7|app: 0|req: 801/1418] 10.0.0.82 () {32 vars in 738 bytes} [Tue Mar 10 19:13:03 2026] DELETE /v2.0/security-groups/e0058245-2e4c-4edc-bf29-cc5741c09072 => generated 0 bytes in 387 msecs (HTTP/1.1 204) 2 headers in 112 bytes (1 switches on core 0) [pid: 7|app: 0|req: 802/1419] 10.0.0.8 () {34 vars in 987 bytes} [Tue Mar 10 19:13:03 2026] GET /v2.0/ports?device_id=9695204f-db70-4d89-85d7-a027840a228f => generated 969 bytes in 43 msecs (HTTP/1.1 200) 4 headers in 157 bytes (1 switches on core 0)
2026-03-10 19:13:04.073 7 INFO neutron.db.ovn_revision_numbers_db [None req-76923b6d-dc07-4b52-bd03-a4791bbb7bdb bb451bd597f447d68e755e72dc388ed2 aa7e811a0d8a48328b5836d8740518c6 - - default default] Successfully bumped revision number for resource ea26300b-e3ac-406b-83c9-b86d1d5c6363 (type: security_groups) to 1
2026-03-10 19:13:04.099 7 INFO neutron.db.ovn_revision_numbers_db [None req-76923b6d-dc07-4b52-bd03-a4791bbb7bdb bb451bd597f447d68e755e72dc388ed2 aa7e811a0d8a48328b5836d8740518c6 - - default default] Successfully bumped revision number for resource 72e727cc-c786-4c5f-826c-8a3f838035c3 (type: security_group_rules) to 0
2026-03-10 19:13:04.110 7 INFO neutron.db.ovn_revision_numbers_db [None req-76923b6d-dc07-4b52-bd03-a4791bbb7bdb bb451bd597f447d68e755e72dc388ed2 aa7e811a0d8a48328b5836d8740518c6 - - default default] Successfully bumped revision number for resource f9b94a47-d856-4d9d-b7d4-1b66f8f464d8 (type: security_group_rules) to 0
