2026-03-10 19:12:33.619 7 WARNING neutron.api.rpc.agentnotifiers.dhcp_rpc_agent_api [None req-519a93ac-3ba9-43eb-b1a8-cf86c1e49845 75adb8c9ed1a4dcc9533196d2cd8f027 35d3d545d7a04b67bc5706991a9388d9 - - default default] Unable to schedule network 3085ebec-cb8d-45b3-a2fa-f58611a729ef: no agents available; will retry on subsequent port and subnet creation events.
2026-03-10 19:12:33.842 7 INFO neutron.db.ovn_revision_numbers_db [None req-519a93ac-3ba9-43eb-b1a8-cf86c1e49845 75adb8c9ed1a4dcc9533196d2cd8f027 35d3d545d7a04b67bc5706991a9388d9 - - default default] Successfully bumped revision number for resource f0128dd9-125d-4f7f-8bd0-9f0c2500531f (type: ports) to 1 [pid: 7|app: 0|req: 700/1230] 10.0.0.82 () {34 vars in 663 bytes} [Tue Mar 10 19:12:33 2026] POST /v2.0/ports => generated 955 bytes in 604 msecs (HTTP/1.1 201) 4 headers in 162 bytes (1 switches on core 0)
2026-03-10 19:12:33.968 8 INFO neutron.db.ovn_revision_numbers_db [req-4e9264f1-6247-47cb-809e-613d947ad9aa req-929d6d7a-0a89-4efd-9122-75cf92cb76c2 d6b0e01d555042f38cafd86b776db32d dc5e9350eba94e6d95fe3428070f9274 - - a3aae6b7d9154e68bdcadf6198088bb3 a3aae6b7d9154e68bdcadf6198088bb3] Successfully bumped revision number for resource 1123b649-90d5-41ab-a7f4-bce115d35894 (type: ports) to 4 [pid: 8|app: 0|req: 531/1231] 199.19.213.100 () {38 vars in 1027 bytes} [Tue Mar 10 19:12:32 2026] PUT /v2.0/ports/1123b649-90d5-41ab-a7f4-bce115d35894 => generated 1204 bytes in 1453 msecs (HTTP/1.1 200) 4 headers in 158 bytes (1 switches on core 0) /var/lib/openstack/lib/python3.12/site-packages/pycadf/identifier.py:70: UserWarning: Invalid uuid: neutron. To ensure interoperability, identifiers should be a valid uuid. warnings.warn(('Invalid uuid: %s. To ensure interoperability, '
2026-03-10 19:12:34.032 8 INFO neutron.notifiers.nova [-] Nova event matching ['req-359d68d9-f98e-4d02-b284-052c2bf8a8d9'] response: {'name': 'network-changed', 'server_uuid': 'a0b9c007-34d6-4632-80db-14b36ce7dc4d', 'tag': '1123b649-90d5-41ab-a7f4-bce115d35894', 'status': 'completed', 'code': 200} /var/lib/openstack/lib/python3.12/site-packages/pycadf/identifier.py:70: UserWarning: Invalid uuid: neutron. To ensure interoperability, identifiers should be a valid uuid. warnings.warn(('Invalid uuid: %s. To ensure interoperability, '
2026-03-10 19:12:34.252 7 INFO neutron.db.ovn_revision_numbers_db [None req-a9ee0492-490b-4546-986c-ca4bb1f0bbc1 88a634dbc2724957ae09162ca1ff036c 05dffbda817d4a39a9807e1e24eea271 - - default default] Successfully bumped revision number for resource cf04c160-c8ec-4cc4-a500-e84ca5da1a3f (type: security_groups) to 1
2026-03-10 19:12:34.279 7 INFO neutron.db.ovn_revision_numbers_db [None req-a9ee0492-490b-4546-986c-ca4bb1f0bbc1 88a634dbc2724957ae09162ca1ff036c 05dffbda817d4a39a9807e1e24eea271 - - default default] Successfully bumped revision number for resource 1527bcf4-5fa4-4f97-9f47-4e1c00a24fd6 (type: security_group_rules) to 0
2026-03-10 19:12:34.291 7 INFO neutron.db.ovn_revision_numbers_db [None req-a9ee0492-490b-4546-986c-ca4bb1f0bbc1 88a634dbc2724957ae09162ca1ff036c 05dffbda817d4a39a9807e1e24eea271 - - default default] Successfully bumped revision number for resource 5bb997a0-f3f9-4725-abbb-8936ae0e34f7 (type: security_group_rules) to 0
2026-03-10 19:12:34.302 7 INFO neutron.db.ovn_revision_numbers_db [None req-a9ee0492-490b-4546-986c-ca4bb1f0bbc1 88a634dbc2724957ae09162ca1ff036c 05dffbda817d4a39a9807e1e24eea271 - - default default] Successfully bumped revision number for resource 621a5a16-683b-459b-8e2d-3aae0b2f685f (type: security_group_rules) to 0
2026-03-10 19:12:34.320 7 INFO neutron.db.ovn_revision_numbers_db [None req-a9ee0492-490b-4546-986c-ca4bb1f0bbc1 88a634dbc2724957ae09162ca1ff036c 05dffbda817d4a39a9807e1e24eea271 - - default default] Successfully bumped revision number for resource fcd1b4d0-5417-434f-9178-2bdff903d724 (type: security_group_rules) to 0 [pid: 7|app: 0|req: 701/1232] 10.0.0.82 () {32 vars in 772 bytes} [Tue Mar 10 19:12:33 2026] GET /v2.0/security-groups?tenant_id=4eac3b569fdb4d63b70d18346a7985a9&name=default => generated 2925 bytes in 437 msecs (HTTP/1.1 200) 4 headers in 158 bytes (1 switches on core 0)
2026-03-10 19:12:34.376 8 WARNING neutron.scheduler.dhcp_agent_scheduler [None req-2ee8d35a-f639-44a0-91e9-a5f2f0ffe451 75adb8c9ed1a4dcc9533196d2cd8f027 35d3d545d7a04b67bc5706991a9388d9 - - default default] No more DHCP agents
2026-03-10 19:12:34.377 8 WARNING neutron.api.rpc.agentnotifiers.dhcp_rpc_agent_api [None req-2ee8d35a-f639-44a0-91e9-a5f2f0ffe451 75adb8c9ed1a4dcc9533196d2cd8f027 35d3d545d7a04b67bc5706991a9388d9 - - default default] Unable to schedule network 3085ebec-cb8d-45b3-a2fa-f58611a729ef: no agents available; will retry on subsequent port and subnet creation events.
2026-03-10 19:12:34.617 8 INFO neutron.db.ovn_revision_numbers_db [None req-2ee8d35a-f639-44a0-91e9-a5f2f0ffe451 75adb8c9ed1a4dcc9533196d2cd8f027 35d3d545d7a04b67bc5706991a9388d9 - - default default] Successfully bumped revision number for resource d33b45ff-a6ea-416d-8203-4d05aba461d7 (type: ports) to 1 [pid: 8|app: 0|req: 532/1233] 10.0.0.82 () {34 vars in 663 bytes} [Tue Mar 10 19:12:33 2026] POST /v2.0/ports => generated 955 bytes in 719 msecs (HTTP/1.1 201) 4 headers in 162 bytes (1 switches on core 0) /var/lib/openstack/lib/python3.12/site-packages/pycadf/identifier.py:70: UserWarning: Invalid uuid: neutron. To ensure interoperability, identifiers should be a valid uuid. warnings.warn(('Invalid uuid: %s. To ensure interoperability, ' [pid: 8|app: 0|req: 533/1234] 10.0.0.8 () {34 vars in 987 bytes} [Tue Mar 10 19:12:34 2026] GET /v2.0/ports?device_id=a0b9c007-34d6-4632-80db-14b36ce7dc4d => generated 969 bytes in 31 msecs (HTTP/1.1 200) 4 headers in 157 bytes (1 switches on core 0) [pid: 7|app: 0|req: 702/1235] 10.0.0.82 () {32 vars in 738 bytes} [Tue Mar 10 19:12:34 2026] DELETE /v2.0/security-groups/cf04c160-c8ec-4cc4-a500-e84ca5da1a3f => generated 0 bytes in 375 msecs (HTTP/1.1 204) 2 headers in 112 bytes (1 switches on core 0) [pid: 8|app: 0|req: 534/1236] 199.19.213.100 () {34 vars in 1079 bytes} [Tue Mar 10 19:12:34 2026] GET /v2.0/ports?tenant_id=def8442fd39d4f169bb12ca651680e08&device_id=a0b9c007-34d6-4632-80db-14b36ce7dc4d => generated 1207 bytes in 36 msecs (HTTP/1.1 200) 4 headers in 158 bytes (1 switches on core 0) [pid: 8|app: 0|req: 535/1237] 10.0.0.8 () {34 vars in 1037 bytes} [Tue Mar 10 19:12:34 2026] GET /v2.0/security-groups?id=6de8ff5e-0c07-4724-ab45-148a6954e8fc&fields=id&fields=name => generated 114 bytes in 34 msecs (HTTP/1.1 200) 4 headers in 157 bytes (1 switches on core 0) [pid: 8|app: 0|req: 536/1238] 199.19.213.100 () {34 vars in 1017 bytes} [Tue Mar 10 19:12:34 2026] GET /v2.0/networks?tenant_id=def8442fd39d4f169bb12ca651680e08&shared=False => generated 817 bytes in 42 msecs (HTTP/1.1 200) 4 headers in 157 bytes (1 switches on core 0)
2026-03-10 19:12:34.930 7 WARNING neutron.scheduler.dhcp_agent_scheduler [None req-d25f01dd-a2ca-4e02-9c50-9308f6da0fa5 75adb8c9ed1a4dcc9533196d2cd8f027 35d3d545d7a04b67bc5706991a9388d9 - - default default] No more DHCP agents
2026-03-10 19:12:34.931 7 WARNING neutron.api.rpc.agentnotifiers.dhcp_rpc_agent_api [None req-d25f01dd-a2ca-4e02-9c50-9308f6da0fa5 75adb8c9ed1a4dcc9533196d2cd8f027 35d3d545d7a04b67bc5706991a9388d9 - - default default] Unable to schedule network 5f1cc192-8e63-4283-a2fc-230e26e436c0: no agents available; will retry on subsequent port and subnet creation events.
2026-03-10 19:12:35.208 8 INFO neutron.db.ovn_revision_numbers_db [None req-e3199225-2487-4007-952b-fbf0b43efd13 88a634dbc2724957ae09162ca1ff036c 05dffbda817d4a39a9807e1e24eea271 - - default default] Successfully bumped revision number for resource 5571a074-9669-4b8c-a7f3-6c2d2b8e2869 (type: security_groups) to 1
2026-03-10 19:12:35.218 8 INFO neutron.db.ovn_revision_numbers_db [None req-e3199225-2487-4007-952b-fbf0b43efd13 88a634dbc2724957ae09162ca1ff036c 05dffbda817d4a39a9807e1e24eea271 - - default default] Successfully bumped revision number for resource 42e12072-df3c-4fd6-9159-76a151497624 (type: security_group_rules) to 0
2026-03-10 19:12:35.234 8 INFO neutron.db.ovn_revision_numbers_db [None req-e3199225-2487-4007-952b-fbf0b43efd13 88a634dbc2724957ae09162ca1ff036c 05dffbda817d4a39a9807e1e24eea271 - - default default] Successfully bumped revision number for resource 476da1fa-aa0d-456a-8be2-a21efe251898 (type: security_group_rules) to 0
2026-03-10 19:12:35.245 8 INFO neutron.db.ovn_revision_numbers_db [None req-e3199225-2487-4007-952b-fbf0b43efd13 88a634dbc2724957ae09162ca1ff036c 05dffbda817d4a39a9807e1e24eea271 - - default default] Successfully bumped revision number for resource 58e89b25-9d1a-4a62-a08f-f3655c43e0be (type: security_group_rules) to 0
2026-03-10 19:12:35.256 8 INFO neutron.db.ovn_revision_numbers_db [None req-e3199225-2487-4007-952b-fbf0b43efd13 88a634dbc2724957ae09162ca1ff036c 05dffbda817d4a39a9807e1e24eea271 - - default default] Successfully bumped revision number for resource aa2249b8-7f0c-459e-8aa2-64c8de928f0f (type: security_group_rules) to 0 [pid: 8|app: 0|req: 537/1239] 10.0.0.82 () {32 vars in 772 bytes} [Tue Mar 10 19:12:34 2026] GET /v2.0/security-groups?tenant_id=c06d0bd4bae54acba0f906b62058c329&name=default => generated 2925 bytes in 441 msecs (HTTP/1.1 200) 4 headers in 158 bytes (1 switches on core 0)
2026-03-10 19:12:35.469 8 INFO neutron.db.ovn_revision_numbers_db [None req-03fbfa9f-ef09-4c34-8ae4-0a15980c75c6 88a634dbc2724957ae09162ca1ff036c 05dffbda817d4a39a9807e1e24eea271 - - default default] Successfully bumped revision number for resource 190b6f5c-9d0a-4a76-9537-59a39b71a31e (type: security_groups) to 1
2026-03-10 19:12:35.486 8 INFO neutron.db.ovn_revision_numbers_db [None req-03fbfa9f-ef09-4c34-8ae4-0a15980c75c6 88a634dbc2724957ae09162ca1ff036c 05dffbda817d4a39a9807e1e24eea271 - - default default] Successfully bumped revision number for resource 329d99d4-e3c5-403c-95f6-ce6c60166c32 (type: security_group_rules) to 0
2026-03-10 19:12:35.503 8 INFO neutron.db.ovn_revision_numbers_db [None req-03fbfa9f-ef09-4c34-8ae4-0a15980c75c6 88a634dbc2724957ae09162ca1ff036c 05dffbda817d4a39a9807e1e24eea271 - - default default] Successfully bumped revision number for resource 9f6c6911-a2cf-4187-92c3-e45fcd9a8a05 (type: security_group_rules) to 0
2026-03-10 19:12:35.514 8 INFO neutron.db.ovn_revision_numbers_db [None req-03fbfa9f-ef09-4c34-8ae4-0a15980c75c6 88a634dbc2724957ae09162ca1ff036c 05dffbda817d4a39a9807e1e24eea271 - - default default] Successfully bumped revision number for resource a8a48528-4a04-48c2-b04e-180d1b49908c (type: security_group_rules) to 0
2026-03-10 19:12:35.537 8 INFO neutron.db.ovn_revision_numbers_db [None req-03fbfa9f-ef09-4c34-8ae4-0a15980c75c6 88a634dbc2724957ae09162ca1ff036c 05dffbda817d4a39a9807e1e24eea271 - - default default] Successfully bumped revision number for resource eb3e8a36-9afe-4fc4-bc82-ffed867d3549 (type: security_group_rules) to 0 [pid: 8|app: 0|req: 538/1240] 10.0.0.82 () {32 vars in 772 bytes} [Tue Mar 10 19:12:35 2026] GET /v2.0/security-groups?tenant_id=7ca94010e00c4d35809411a24aa57503&name=default => generated 2925 bytes in 277 msecs (HTTP/1.1 200) 4 headers in 158 bytes (1 switches on core 0) [pid: 8|app: 0|req: 539/1241] 199.19.213.100 () {34 vars in 929 bytes} [Tue Mar 10 19:12:35 2026] GET /v2.0/networks?shared=True => generated 791 bytes in 59 msecs (HTTP/1.1 200) 4 headers in 157 bytes (1 switches on core 0)
2026-03-10 19:12:35.737 8 WARNING neutron.plugins.ml2.drivers.ovn.mech_driver.ovsdb.ovn_client [None req-832bb693-38d9-4ce6-afab-83cf233c6886 - - - - - -] No hosting information found for port 6fd0da37-f37c-4ff3-a254-f26ada220937: RuntimeError: No hosting information found for port 6fd0da37-f37c-4ff3-a254-f26ada220937
2026-03-10 19:12:35.738 8 INFO neutron.plugins.ml2.drivers.ovn.mech_driver.mech_driver [None req-832bb693-38d9-4ce6-afab-83cf233c6886 - - - - - -] OVN reports status down for port: 68e12788-5093-46e9-ba77-4125164c0403
2026-03-10 19:12:35.871 8 WARNING neutron.plugins.ml2.drivers.ovn.mech_driver.ovsdb.ovn_client [None req-832bb693-38d9-4ce6-afab-83cf233c6886 - - - - - -] Logical_Switch_Port %s host information not removed, the port state is up
2026-03-10 19:12:35.871 8 INFO neutron.plugins.ml2.drivers.ovn.mech_driver.mech_driver [None req-832bb693-38d9-4ce6-afab-83cf233c6886 - - - - - -] OVN reports status down for port: 1123b649-90d5-41ab-a7f4-bce115d35894
2026-03-10 19:12:35.888 7 INFO neutron.db.ovn_revision_numbers_db [None req-d25f01dd-a2ca-4e02-9c50-9308f6da0fa5 75adb8c9ed1a4dcc9533196d2cd8f027 35d3d545d7a04b67bc5706991a9388d9 - - default default] Successfully bumped revision number for resource 47810089-75ec-4c42-8036-678e3e07d420 (type: floatingips) to 1
2026-03-10 19:12:35.890 7 INFO neutron.db.l3_db [None req-d25f01dd-a2ca-4e02-9c50-9308f6da0fa5 75adb8c9ed1a4dcc9533196d2cd8f027 35d3d545d7a04b67bc5706991a9388d9 - - default default] Floating IP 47810089-75ec-4c42-8036-678e3e07d420 associated. External IP: 10.96.250.217, port: d33b45ff-a6ea-416d-8203-4d05aba461d7. [pid: 7|app: 0|req: 703/1242] 10.0.0.82 () {34 vars in 675 bytes} [Tue Mar 10 19:12:34 2026] POST /v2.0/floatingips => generated 842 bytes in 1201 msecs (HTTP/1.1 201) 4 headers in 162 bytes (1 switches on core 0)
2026-03-10 19:12:35.974 8 INFO neutron.plugins.ml2.drivers.ovn.mech_driver.mech_driver [None req-832bb693-38d9-4ce6-afab-83cf233c6886 - - - - - -] OVN reports status up for port: 68e12788-5093-46e9-ba77-4125164c0403
2026-03-10 19:12:35.987 8 INFO neutron.plugins.ml2.plugin [None req-832bb693-38d9-4ce6-afab-83cf233c6886 - - - - - -] Attempt 1 to provision port 68e12788-5093-46e9-ba77-4125164c0403 [pid: 7|app: 0|req: 704/1243] 10.0.0.82 () {32 vars in 738 bytes} [Tue Mar 10 19:12:35 2026] DELETE /v2.0/security-groups/190b6f5c-9d0a-4a76-9537-59a39b71a31e => generated 0 bytes in 298 msecs (HTTP/1.1 204) 2 headers in 112 bytes (1 switches on core 0) [pid: 8|app: 0|req: 540/1244] 10.0.0.82 () {32 vars in 738 bytes} [Tue Mar 10 19:12:35 2026] DELETE /v2.0/security-groups/5571a074-9669-4b8c-a7f3-6c2d2b8e2869 => generated 0 bytes in 657 msecs (HTTP/1.1 204) 2 headers in 112 bytes (1 switches on core 0) [pid: 7|app: 0|req: 705/1245] 10.0.0.27 () {28 vars in 581 bytes} [Tue Mar 10 19:12:36 2026] GET /v2.0/subnets => generated 2628 bytes in 69 msecs (HTTP/1.1 200) 4 headers in 158 bytes (1 switches on core 0) [pid: 8|app: 0|req: 541/1246] 10.0.0.8 () {34 vars in 987 bytes} [Tue Mar 10 19:12:36 2026] GET /v2.0/ports?device_id=a0b9c007-34d6-4632-80db-14b36ce7dc4d => generated 1207 bytes in 87 msecs (HTTP/1.1 200) 4 headers in 158 bytes (1 switches on core 0) [pid: 7|app: 0|req: 706/1247] 10.0.0.8 () {34 vars in 987 bytes} [Tue Mar 10 19:12:36 2026] GET /v2.0/ports?device_id=a0b9c007-34d6-4632-80db-14b36ce7dc4d => generated 969 bytes in 80 msecs (HTTP/1.1 200) 4 headers in 157 bytes (1 switches on core 0) [pid: 7|app: 0|req: 707/1248] 10.0.0.27 () {28 vars in 577 bytes} [Tue Mar 10 19:12:36 2026] GET /v2.0/ports => generated 16648 bytes in 75 msecs (HTTP/1.1 200) 4 headers in 159 bytes (1 switches on core 0) [pid: 7|app: 0|req: 708/1249] 10.0.0.8 () {34 vars in 1037 bytes} [Tue Mar 10 19:12:36 2026] GET /v2.0/security-groups?id=6de8ff5e-0c07-4724-ab45-148a6954e8fc&fields=id&fields=name => generated 114 bytes in 35 msecs (HTTP/1.1 200) 4 headers in 157 bytes (1 switches on core 0)
2026-03-10 19:12:36.540 8 INFO neutron.notifiers.nova [-] Nova event matching ['req-d2193abc-f841-4286-812e-24261d76000b'] response: {'server_uuid': 'a0b9c007-34d6-4632-80db-14b36ce7dc4d', 'name': 'network-vif-unplugged', 'status': 'completed', 'tag': '1123b649-90d5-41ab-a7f4-bce115d35894', 'code': 200} [pid: 7|app: 0|req: 709/1250] 10.0.0.8 () {34 vars in 1037 bytes} [Tue Mar 10 19:12:36 2026] GET /v2.0/security-groups?id=6de8ff5e-0c07-4724-ab45-148a6954e8fc&fields=id&fields=name => generated 114 bytes in 64 msecs (HTTP/1.1 200) 4 headers in 157 bytes (1 switches on core 0)
2026-03-10 19:12:36.689 8 INFO neutron.db.ovn_revision_numbers_db [None req-832bb693-38d9-4ce6-afab-83cf233c6886 - - - - - -] Successfully bumped revision number for resource 68e12788-5093-46e9-ba77-4125164c0403 (type: ports) to 2 [pid: 7|app: 0|req: 710/1251] 10.0.0.27 () {28 vars in 581 bytes} [Tue Mar 10 19:12:36 2026] GET /v2.0/routers => generated 1943 bytes in 142 msecs (HTTP/1.1 200) 4 headers in 158 bytes (1 switches on core 0) [pid: 7|app: 0|req: 711/1252] 199.19.213.100 () {34 vars in 1079 bytes} [Tue Mar 10 19:12:36 2026] GET /v2.0/ports?tenant_id=def8442fd39d4f169bb12ca651680e08&device_id=a0b9c007-34d6-4632-80db-14b36ce7dc4d => generated 1207 bytes in 41 msecs (HTTP/1.1 200) 4 headers in 158 bytes (1 switches on core 0)
2026-03-10 19:12:36.773 8 INFO neutron.db.ovn_revision_numbers_db [None req-f493e6c8-285d-496d-b75b-aa3599d582fc 75adb8c9ed1a4dcc9533196d2cd8f027 35d3d545d7a04b67bc5706991a9388d9 - - default default] Successfully bumped revision number for resource 47810089-75ec-4c42-8036-678e3e07d420 (type: floatingips) to 2 [pid: 7|app: 0|req: 712/1253] 10.0.0.27 () {28 vars in 622 bytes} [Tue Mar 10 19:12:36 2026] GET /v2.0/agents?binary=ovn-controller => generated 416 bytes in 62 msecs (HTTP/1.1 200) 4 headers in 157 bytes (1 switches on core 0) [pid: 7|app: 0|req: 713/1254] 199.19.213.100 () {34 vars in 1057 bytes} [Tue Mar 10 19:12:36 2026] GET /v2.0/floatingips?fixed_ip_address=10.100.0.5&port_id=1123b649-90d5-41ab-a7f4-bce115d35894 => generated 19 bytes in 20 msecs (HTTP/1.1 200) 4 headers in 156 bytes (1 switches on core 0) [pid: 7|app: 0|req: 714/1255] 10.0.0.27 () {28 vars in 583 bytes} [Tue Mar 10 19:12:36 2026] GET /v2.0/networks => generated 3892 bytes in 50 msecs (HTTP/1.1 200) 4 headers in 158 bytes (1 switches on core 0)
2026-03-10 19:12:36.895 8 INFO neutron.db.l3_db [None req-f493e6c8-285d-496d-b75b-aa3599d582fc 75adb8c9ed1a4dcc9533196d2cd8f027 35d3d545d7a04b67bc5706991a9388d9 - - default default] Floating IP 47810089-75ec-4c42-8036-678e3e07d420 disassociated. External IP: 10.96.250.217, port: d33b45ff-a6ea-416d-8203-4d05aba461d7. [pid: 7|app: 0|req: 715/1256] 199.19.213.100 () {34 vars in 983 bytes} [Tue Mar 10 19:12:36 2026] GET /v2.0/subnets?id=4958123e-ddca-4174-84a6-fbc3c12d768a => generated 698 bytes in 27 msecs (HTTP/1.1 200) 4 headers in 157 bytes (1 switches on core 0) [pid: 8|app: 0|req: 542/1257] 10.0.0.82 () {34 vars in 747 bytes} [Tue Mar 10 19:12:36 2026] PUT /v2.0/floatingips/47810089-75ec-4c42-8036-678e3e07d420 => generated 554 bytes in 536 msecs (HTTP/1.1 200) 4 headers in 157 bytes (1 switches on core 0) [pid: 7|app: 0|req: 716/1258] 10.0.0.27 () {28 vars in 579 bytes} [Tue Mar 10 19:12:36 2026] GET /v2.0/agents => generated 1214 bytes in 12 msecs (HTTP/1.1 200) 4 headers in 158 bytes (1 switches on core 0) [pid: 8|app: 0|req: 543/1259] 199.19.213.100 () {34 vars in 1051 bytes} [Tue Mar 10 19:12:36 2026] GET /v2.0/ports?network_id=716a9b77-8c39-4a84-9261-e24aa3fceb27&device_owner=network%3Adhcp => generated 12 bytes in 13 msecs (HTTP/1.1 200) 4 headers in 156 bytes (1 switches on core 0) [pid: 8|app: 0|req: 544/1260] 10.0.0.27 () {28 vars in 617 bytes} [Tue Mar 10 19:12:36 2026] GET /v2.0/network-ip-availabilities => generated 2023 bytes in 15 msecs (HTTP/1.1 200) 4 headers in 158 bytes (1 switches on core 0) [pid: 8|app: 0|req: 545/1261] 199.19.213.100 () {34 vars in 1011 bytes} [Tue Mar 10 19:12:36 2026] GET /v2.0/networks/716a9b77-8c39-4a84-9261-e24aa3fceb27?fields=segments => generated 14 bytes in 49 msecs (HTTP/1.1 200) 4 headers in 156 bytes (1 switches on core 0) [pid: 8|app: 0|req: 546/1262] 10.0.0.27 () {28 vars in 589 bytes} [Tue Mar 10 19:12:37 2026] GET /v2.0/floatingips => generated 1093 bytes in 24 msecs (HTTP/1.1 200) 4 headers in 158 bytes (1 switches on core 0)
2026-03-10 19:12:37.056 7 INFO neutron_taas.services.taas.taas_plugin [None req-33b81fe5-8703-4d64-9b82-ee38ae6a82cb 75adb8c9ed1a4dcc9533196d2cd8f027 35d3d545d7a04b67bc5706991a9388d9 - - default default] TaaS: Handle Delete Port: 3e9a46c2-68ce-4c33-add4-903304a485f4
2026-03-10 19:12:37.059 7 INFO neutron_taas.services.taas.tap_mirror_plugin [None req-33b81fe5-8703-4d64-9b82-ee38ae6a82cb 75adb8c9ed1a4dcc9533196d2cd8f027 35d3d545d7a04b67bc5706991a9388d9 - - default default] Tap Mirror: Handle Delete Port: 3e9a46c2-68ce-4c33-add4-903304a485f4 [pid: 8|app: 0|req: 547/1263] 199.19.213.100 () {34 vars in 1111 bytes} [Tue Mar 10 19:12:37 2026] GET /v2.0/networks/716a9b77-8c39-4a84-9261-e24aa3fceb27?fields=provider%3Aphysical_network&fields=provider%3Anetwork_type => generated 79 bytes in 39 msecs (HTTP/1.1 200) 4 headers in 156 bytes (1 switches on core 0) [pid: 8|app: 0|req: 548/1264] 10.0.0.27 () {28 vars in 597 bytes} [Tue Mar 10 19:12:37 2026] GET /v2.0/security-groups => generated 26074 bytes in 40 msecs (HTTP/1.1 200) 4 headers in 159 bytes (1 switches on core 0) [pid: 8|app: 0|req: 549/1265] 10.0.0.27 () {28 vars in 581 bytes} [Tue Mar 10 19:12:37 2026] GET /v2.0/subnets => generated 2628 bytes in 30 msecs (HTTP/1.1 200) 4 headers in 158 bytes (1 switches on core 0) [pid: 8|app: 0|req: 550/1266] 10.0.0.27 () {28 vars in 589 bytes} [Tue Mar 10 19:12:37 2026] GET /v2.0/subnetpools => generated 19 bytes in 7 msecs (HTTP/1.1 200) 4 headers in 156 bytes (1 switches on core 0) [pid: 7|app: 0|req: 717/1267] 10.0.0.82 () {32 vars in 730 bytes} [Tue Mar 10 19:12:36 2026] DELETE /v2.0/floatingips/47810089-75ec-4c42-8036-678e3e07d420 => generated 0 bytes in 267 msecs (HTTP/1.1 204) 2 headers in 112 bytes (1 switches on core 0)
2026-03-10 19:12:37.417 8 WARNING neutron.scheduler.dhcp_agent_scheduler [None req-b923df18-891a-4da9-a11f-965c0f9347fa 75adb8c9ed1a4dcc9533196d2cd8f027 35d3d545d7a04b67bc5706991a9388d9 - - default default] No more DHCP agents
2026-03-10 19:12:37.418 8 WARNING neutron.api.rpc.agentnotifiers.dhcp_rpc_agent_api [None req-b923df18-891a-4da9-a11f-965c0f9347fa 75adb8c9ed1a4dcc9533196d2cd8f027 35d3d545d7a04b67bc5706991a9388d9 - - default default] Unable to schedule network 5f1cc192-8e63-4283-a2fc-230e26e436c0: no agents available; will retry on subsequent port and subnet creation events. [pid: 7|app: 0|req: 718/1268] 10.0.0.8 () {34 vars in 987 bytes} [Tue Mar 10 19:12:37 2026] GET /v2.0/ports?device_id=a0b9c007-34d6-4632-80db-14b36ce7dc4d => generated 969 bytes in 34 msecs (HTTP/1.1 200) 4 headers in 157 bytes (1 switches on core 0) [pid: 7|app: 0|req: 719/1269] 10.0.0.8 () {34 vars in 1037 bytes} [Tue Mar 10 19:12:37 2026] GET /v2.0/security-groups?id=6de8ff5e-0c07-4724-ab45-148a6954e8fc&fields=id&fields=name => generated 114 bytes in 27 msecs (HTTP/1.1 200) 4 headers in 157 bytes (1 switches on core 0)
2026-03-10 19:12:38.189 8 INFO neutron.db.ovn_revision_numbers_db [None req-b923df18-891a-4da9-a11f-965c0f9347fa 75adb8c9ed1a4dcc9533196d2cd8f027 35d3d545d7a04b67bc5706991a9388d9 - - default default] Successfully bumped revision number for resource 59c81f37-4f4f-479d-8cdd-f6a76792c013 (type: floatingips) to 1
2026-03-10 19:12:38.190 8 INFO neutron.db.l3_db [None req-b923df18-891a-4da9-a11f-965c0f9347fa 75adb8c9ed1a4dcc9533196d2cd8f027 35d3d545d7a04b67bc5706991a9388d9 - - default default] Floating IP 59c81f37-4f4f-479d-8cdd-f6a76792c013 associated. External IP: 10.96.250.206, port: f0128dd9-125d-4f7f-8bd0-9f0c2500531f. [pid: 8|app: 0|req: 551/1270] 10.0.0.82 () {34 vars in 675 bytes} [Tue Mar 10 19:12:37 2026] POST /v2.0/floatingips => generated 842 bytes in 1026 msecs (HTTP/1.1 201) 4 headers in 162 bytes (1 switches on core 0) [pid: 8|app: 0|req: 552/1271] 10.0.0.82 () {32 vars in 727 bytes} [Tue Mar 10 19:12:38 2026] GET /v2.0/floatingips/59c81f37-4f4f-479d-8cdd-f6a76792c013 => generated 844 bytes in 34 msecs (HTTP/1.1 200) 4 headers in 157 bytes (1 switches on core 0) [pid: 8|app: 0|req: 553/1272] 10.0.0.82 () {32 vars in 653 bytes} [Tue Mar 10 19:12:38 2026] GET /v2.0/floatingips => generated 847 bytes in 63 msecs (HTTP/1.1 200) 4 headers in 157 bytes (1 switches on core 0)
2026-03-10 19:12:38.414 7 INFO neutron.db.ovn_revision_numbers_db [None req-c87ba81f-6c2a-41d0-bd86-13cac47b58de c6f006c331354c4185a98a3e0cf1a87a 150f9f80f09442c781b261c893373882 - - default default] Successfully bumped revision number for resource 21abde18-0f87-4e5b-b14d-a2504adc1c25 (type: security_groups) to 1
2026-03-10 19:12:38.425 7 INFO neutron.db.ovn_revision_numbers_db [None req-c87ba81f-6c2a-41d0-bd86-13cac47b58de c6f006c331354c4185a98a3e0cf1a87a 150f9f80f09442c781b261c893373882 - - default default] Successfully bumped revision number for resource 7422af4d-145e-4d8d-a59d-9d5e37688343 (type: security_group_rules) to 0
2026-03-10 19:12:38.435 7 INFO neutron.db.ovn_revision_numbers_db [None req-c87ba81f-6c2a-41d0-bd86-13cac47b58de c6f006c331354c4185a98a3e0cf1a87a 150f9f80f09442c781b261c893373882 - - default default] Successfully bumped revision number for resource 93163389-93f7-4381-9f3c-d54fd1739793 (type: security_group_rules) to 0
2026-03-10 19:12:38.446 7 INFO neutron.db.ovn_revision_numbers_db [None req-c87ba81f-6c2a-41d0-bd86-13cac47b58de c6f006c331354c4185a98a3e0cf1a87a 150f9f80f09442c781b261c893373882 - - default default] Successfully bumped revision number for resource 9501b4c9-07a3-4c72-a2e0-c7775f81cf2c (type: security_group_rules) to 0
2026-03-10 19:12:38.459 7 INFO neutron.db.ovn_revision_numbers_db [None req-c87ba81f-6c2a-41d0-bd86-13cac47b58de c6f006c331354c4185a98a3e0cf1a87a 150f9f80f09442c781b261c893373882 - - default default] Successfully bumped revision number for resource c58e0913-17f1-47cb-a918-52ba1da8f9a2 (type: security_group_rules) to 0
2026-03-10 19:12:38.545 7 INFO neutron.db.segments_db [None req-c87ba81f-6c2a-41d0-bd86-13cac47b58de c6f006c331354c4185a98a3e0cf1a87a 150f9f80f09442c781b261c893373882 - - default default] Added segment eca4f010-1c17-4bd5-97da-10ce6acd5557 of type geneve for network b9c32bfb-79bf-435c-831a-88d13406d83c
2026-03-10 19:12:38.631 7 INFO neutron.db.segments_db [None req-c87ba81f-6c2a-41d0-bd86-13cac47b58de c6f006c331354c4185a98a3e0cf1a87a 150f9f80f09442c781b261c893373882 - - default default] Added segment 3294e926-d639-4b0a-a382-756874c3276c of type geneve for network 2ca26937-d50a-4709-b61d-5ad7f721e543
2026-03-10 19:12:38.748 7 INFO neutron.db.ovn_revision_numbers_db [None req-c87ba81f-6c2a-41d0-bd86-13cac47b58de c6f006c331354c4185a98a3e0cf1a87a 150f9f80f09442c781b261c893373882 - - default default] Successfully bumped revision number for resource b9c32bfb-79bf-435c-831a-88d13406d83c (type: networks) to 1
2026-03-10 19:12:38.958 7 WARNING neutron.scheduler.dhcp_agent_scheduler [None req-c87ba81f-6c2a-41d0-bd86-13cac47b58de c6f006c331354c4185a98a3e0cf1a87a 150f9f80f09442c781b261c893373882 - - default default] No more DHCP agents
2026-03-10 19:12:38.959 7 WARNING neutron.api.rpc.agentnotifiers.dhcp_rpc_agent_api [None req-c87ba81f-6c2a-41d0-bd86-13cac47b58de c6f006c331354c4185a98a3e0cf1a87a 150f9f80f09442c781b261c893373882 - - default default] Unable to schedule network b9c32bfb-79bf-435c-831a-88d13406d83c: no agents available; will retry on subsequent port and subnet creation events.
2026-03-10 19:12:38.965 8 INFO neutron.db.ovn_revision_numbers_db [None req-608bc6ac-1754-4926-846e-4855ed3c2516 75adb8c9ed1a4dcc9533196d2cd8f027 35d3d545d7a04b67bc5706991a9388d9 - - default default] Successfully bumped revision number for resource 59c81f37-4f4f-479d-8cdd-f6a76792c013 (type: floatingips) to 2
2026-03-10 19:12:39.057 7 INFO neutron.db.ovn_revision_numbers_db [None req-c87ba81f-6c2a-41d0-bd86-13cac47b58de c6f006c331354c4185a98a3e0cf1a87a 150f9f80f09442c781b261c893373882 - - default default] Successfully bumped revision number for resource 04dc791c-8a40-4f63-9e86-e1532d953bdd (type: ports) to 1
2026-03-10 19:12:39.138 8 INFO neutron.db.l3_db [None req-608bc6ac-1754-4926-846e-4855ed3c2516 75adb8c9ed1a4dcc9533196d2cd8f027 35d3d545d7a04b67bc5706991a9388d9 - - default default] Floating IP 59c81f37-4f4f-479d-8cdd-f6a76792c013 associated. External IP: 10.96.250.206, port: f0128dd9-125d-4f7f-8bd0-9f0c2500531f.
2026-03-10 19:12:39.147 7 INFO neutron.db.ovn_revision_numbers_db [None req-c87ba81f-6c2a-41d0-bd86-13cac47b58de c6f006c331354c4185a98a3e0cf1a87a 150f9f80f09442c781b261c893373882 - - default default] Successfully bumped revision number for resource 2ca26937-d50a-4709-b61d-5ad7f721e543 (type: networks) to 1 [pid: 8|app: 0|req: 554/1273] 10.0.0.82 () {34 vars in 747 bytes} [Tue Mar 10 19:12:38 2026] PUT /v2.0/floatingips/59c81f37-4f4f-479d-8cdd-f6a76792c013 => generated 844 bytes in 842 msecs (HTTP/1.1 200) 4 headers in 157 bytes (1 switches on core 0) [pid: 8|app: 0|req: 555/1274] 10.0.0.8 () {34 vars in 987 bytes} [Tue Mar 10 19:12:39 2026] GET /v2.0/ports?device_id=a0b9c007-34d6-4632-80db-14b36ce7dc4d => generated 969 bytes in 71 msecs (HTTP/1.1 200) 4 headers in 157 bytes (1 switches on core 0)
2026-03-10 19:12:39.305 7 WARNING neutron.scheduler.dhcp_agent_scheduler [None req-c87ba81f-6c2a-41d0-bd86-13cac47b58de c6f006c331354c4185a98a3e0cf1a87a 150f9f80f09442c781b261c893373882 - - default default] No more DHCP agents
2026-03-10 19:12:39.306 7 WARNING neutron.api.rpc.agentnotifiers.dhcp_rpc_agent_api [None req-c87ba81f-6c2a-41d0-bd86-13cac47b58de c6f006c331354c4185a98a3e0cf1a87a 150f9f80f09442c781b261c893373882 - - default default] Unable to schedule network 2ca26937-d50a-4709-b61d-5ad7f721e543: no agents available; will retry on subsequent port and subnet creation events.
2026-03-10 19:12:39.436 7 INFO neutron.db.ovn_revision_numbers_db [None req-c87ba81f-6c2a-41d0-bd86-13cac47b58de c6f006c331354c4185a98a3e0cf1a87a 150f9f80f09442c781b261c893373882 - - default default] Successfully bumped revision number for resource f01a66f8-d2f1-472a-ae5b-c01865962c68 (type: ports) to 1 [pid: 7|app: 0|req: 720/1275] 10.0.0.82 () {34 vars in 668 bytes} [Tue Mar 10 19:12:38 2026] POST /v2.0/networks => generated 1284 bytes in 1384 msecs (HTTP/1.1 201) 4 headers in 163 bytes (1 switches on core 0) [pid: 7|app: 0|req: 721/1276] 10.0.0.8 () {34 vars in 1037 bytes} [Tue Mar 10 19:12:39 2026] GET /v2.0/security-groups?id=6de8ff5e-0c07-4724-ab45-148a6954e8fc&fields=id&fields=name => generated 114 bytes in 57 msecs (HTTP/1.1 200) 4 headers in 157 bytes (1 switches on core 0)
2026-03-10 19:12:39.524 8 INFO neutron.db.ovn_revision_numbers_db [None req-5ea616e7-0739-4e54-8047-9951f1c19044 75adb8c9ed1a4dcc9533196d2cd8f027 35d3d545d7a04b67bc5706991a9388d9 - - default default] Successfully bumped revision number for resource 59c81f37-4f4f-479d-8cdd-f6a76792c013 (type: floatingips) to 3
2026-03-10 19:12:39.573 8 INFO neutron.db.l3_db [None req-5ea616e7-0739-4e54-8047-9951f1c19044 75adb8c9ed1a4dcc9533196d2cd8f027 35d3d545d7a04b67bc5706991a9388d9 - - default default] Floating IP 59c81f37-4f4f-479d-8cdd-f6a76792c013 disassociated. External IP: 10.96.250.206, port: d33b45ff-a6ea-416d-8203-4d05aba461d7. [pid: 7|app: 0|req: 722/1277] 10.0.0.82 () {32 vars in 647 bytes} [Tue Mar 10 19:12:39 2026] GET /v2.0/networks => generated 1971 bytes in 69 msecs (HTTP/1.1 200) 4 headers in 158 bytes (1 switches on core 0) [pid: 8|app: 0|req: 556/1278] 10.0.0.82 () {34 vars in 747 bytes} [Tue Mar 10 19:12:39 2026] PUT /v2.0/floatingips/59c81f37-4f4f-479d-8cdd-f6a76792c013 => generated 554 bytes in 353 msecs (HTTP/1.1 200) 4 headers in 157 bytes (1 switches on core 0)
2026-03-10 19:12:39.706 7 INFO neutron_taas.services.taas.taas_plugin [None req-e7c1fda0-d020-4f74-83e4-c22a5a955cd0 c6f006c331354c4185a98a3e0cf1a87a 150f9f80f09442c781b261c893373882 - - default default] TaaS: Handle Delete Port: 04dc791c-8a40-4f63-9e86-e1532d953bdd
2026-03-10 19:12:39.709 7 INFO neutron_taas.services.taas.tap_mirror_plugin [None req-e7c1fda0-d020-4f74-83e4-c22a5a955cd0 c6f006c331354c4185a98a3e0cf1a87a 150f9f80f09442c781b261c893373882 - - default default] Tap Mirror: Handle Delete Port: 04dc791c-8a40-4f63-9e86-e1532d953bdd
2026-03-10 19:12:39.736 8 INFO neutron_taas.services.taas.taas_plugin [None req-8115c39c-24ee-41b2-b589-849dfa277b0c 75adb8c9ed1a4dcc9533196d2cd8f027 35d3d545d7a04b67bc5706991a9388d9 - - default default] TaaS: Handle Delete Port: b7a78d5d-7c8d-4a70-a1f8-f9e929367ef9
2026-03-10 19:12:39.739 8 INFO neutron_taas.services.taas.tap_mirror_plugin [None req-8115c39c-24ee-41b2-b589-849dfa277b0c 75adb8c9ed1a4dcc9533196d2cd8f027 35d3d545d7a04b67bc5706991a9388d9 - - default default] Tap Mirror: Handle Delete Port: b7a78d5d-7c8d-4a70-a1f8-f9e929367ef9
2026-03-10 19:12:39.879 7 INFO neutron.services.segments.plugin [-] Segment eca4f010-1c17-4bd5-97da-10ce6acd5557 resource provider aggregate not found
2026-03-10 19:12:39.885 7 INFO neutron.services.segments.plugin [-] Segment eca4f010-1c17-4bd5-97da-10ce6acd5557 resource provider aggregate not found
2026-03-10 19:12:39.903 7 INFO neutron.services.segments.plugin [-] Segment eca4f010-1c17-4bd5-97da-10ce6acd5557 resource provider not found; error: Placement Client Error (4xx): {"errors": [{"status": 404, "title": "Not Found", "detail": "The resource could not be found.\n\n No resource provider with uuid eca4f010-1c17-4bd5-97da-10ce6acd5557 found for delete ", "request_id": "req-67ac8666-fb6c-4bc7-8550-ca149454dec9"}]}
2026-03-10 19:12:39.909 7 INFO neutron.services.segments.plugin [-] Segment eca4f010-1c17-4bd5-97da-10ce6acd5557 resource provider not found; error: Placement Client Error (4xx): {"errors": [{"status": 404, "title": "Not Found", "detail": "The resource could not be found.\n\n No resource provider with uuid eca4f010-1c17-4bd5-97da-10ce6acd5557 found for delete ", "request_id": "req-8aa9ddb7-170c-48c8-a7f9-5784f62ecf09"}]} [pid: 7|app: 0|req: 723/1279] 10.0.0.82 () {32 vars in 724 bytes} [Tue Mar 10 19:12:39 2026] DELETE /v2.0/networks/b9c32bfb-79bf-435c-831a-88d13406d83c => generated 0 bytes in 344 msecs (HTTP/1.1 204) 3 headers in 131 bytes (1 switches on core 0) [pid: 8|app: 0|req: 557/1280] 10.0.0.82 () {32 vars in 730 bytes} [Tue Mar 10 19:12:39 2026] DELETE /v2.0/floatingips/59c81f37-4f4f-479d-8cdd-f6a76792c013 => generated 0 bytes in 354 msecs (HTTP/1.1 204) 2 headers in 112 bytes (1 switches on core 0)
2026-03-10 19:12:39.990 8 INFO neutron.api.v2.resource [None req-d7f318e1-ea7f-4892-b3b7-0c42d9d8606b 75adb8c9ed1a4dcc9533196d2cd8f027 35d3d545d7a04b67bc5706991a9388d9 - - default default] delete failed (client error): The resource could not be found. [pid: 8|app: 0|req: 558/1281] 10.0.0.82 () {32 vars in 730 bytes} [Tue Mar 10 19:12:39 2026] DELETE /v2.0/floatingips/59c81f37-4f4f-479d-8cdd-f6a76792c013 => generated 144 bytes in 24 msecs (HTTP/1.1 404) 4 headers in 164 bytes (1 switches on core 0)
2026-03-10 19:12:40.060 7 INFO neutron_taas.services.taas.taas_plugin [None req-8a625b6e-fcbf-409e-b15d-908921c59b12 c6f006c331354c4185a98a3e0cf1a87a 150f9f80f09442c781b261c893373882 - - default default] TaaS: Handle Delete Port: f01a66f8-d2f1-472a-ae5b-c01865962c68
2026-03-10 19:12:40.062 7 INFO neutron_taas.services.taas.tap_mirror_plugin [None req-8a625b6e-fcbf-409e-b15d-908921c59b12 c6f006c331354c4185a98a3e0cf1a87a 150f9f80f09442c781b261c893373882 - - default default] Tap Mirror: Handle Delete Port: f01a66f8-d2f1-472a-ae5b-c01865962c68
2026-03-10 19:12:40.154 8 INFO neutron_taas.services.taas.taas_plugin [None req-3a204865-4ae3-45b9-92d0-440917389824 75adb8c9ed1a4dcc9533196d2cd8f027 35d3d545d7a04b67bc5706991a9388d9 - - default default] TaaS: Handle Delete Port: d33b45ff-a6ea-416d-8203-4d05aba461d7
2026-03-10 19:12:40.158 8 INFO neutron_taas.services.taas.tap_mirror_plugin [None req-3a204865-4ae3-45b9-92d0-440917389824 75adb8c9ed1a4dcc9533196d2cd8f027 35d3d545d7a04b67bc5706991a9388d9 - - default default] Tap Mirror: Handle Delete Port: d33b45ff-a6ea-416d-8203-4d05aba461d7 [pid: 7|app: 0|req: 724/1282] 10.0.0.82 () {32 vars in 724 bytes} [Tue Mar 10 19:12:39 2026] DELETE /v2.0/networks/2ca26937-d50a-4709-b61d-5ad7f721e543 => generated 0 bytes in 365 msecs (HTTP/1.1 204) 3 headers in 131 bytes (1 switches on core 0) [pid: 8|app: 0|req: 559/1283] 10.0.0.82 () {32 vars in 718 bytes} [Tue Mar 10 19:12:39 2026] DELETE /v2.0/ports/d33b45ff-a6ea-416d-8203-4d05aba461d7 => generated 0 bytes in 391 msecs (HTTP/1.1 204) 3 headers in 131 bytes (1 switches on core 0) [pid: 7|app: 0|req: 725/1284] 10.0.0.82 () {32 vars in 647 bytes} [Tue Mar 10 19:12:40 2026] GET /v2.0/networks => generated 689 bytes in 108 msecs (HTTP/1.1 200) 4 headers in 157 bytes (1 switches on core 0)
2026-03-10 19:12:40.535 8 INFO neutron_taas.services.taas.taas_plugin [None req-471a6cb7-2406-4649-abc3-ebef7c9b0a17 75adb8c9ed1a4dcc9533196d2cd8f027 35d3d545d7a04b67bc5706991a9388d9 - - default default] TaaS: Handle Delete Port: f0128dd9-125d-4f7f-8bd0-9f0c2500531f
2026-03-10 19:12:40.537 7 INFO neutron.db.segments_db [None req-e21e57e4-c28c-421a-9714-4dec70da2cc5 c6f006c331354c4185a98a3e0cf1a87a 150f9f80f09442c781b261c893373882 - - default default] Added segment a813f13f-c9b0-4f00-86ad-0be234985a12 of type geneve for network 16f0920d-f3e6-4748-a796-6dbe77a5b95d
2026-03-10 19:12:40.542 8 INFO neutron_taas.services.taas.tap_mirror_plugin [None req-471a6cb7-2406-4649-abc3-ebef7c9b0a17 75adb8c9ed1a4dcc9533196d2cd8f027 35d3d545d7a04b67bc5706991a9388d9 - - default default] Tap Mirror: Handle Delete Port: f0128dd9-125d-4f7f-8bd0-9f0c2500531f
2026-03-10 19:12:40.706 7 INFO neutron.db.ovn_revision_numbers_db [None req-e21e57e4-c28c-421a-9714-4dec70da2cc5 c6f006c331354c4185a98a3e0cf1a87a 150f9f80f09442c781b261c893373882 - - default default] Successfully bumped revision number for resource 16f0920d-f3e6-4748-a796-6dbe77a5b95d (type: networks) to 1 [pid: 8|app: 0|req: 560/1285] 10.0.0.82 () {32 vars in 718 bytes} [Tue Mar 10 19:12:40 2026] DELETE /v2.0/ports/f0128dd9-125d-4f7f-8bd0-9f0c2500531f => generated 0 bytes in 522 msecs (HTTP/1.1 204) 3 headers in 131 bytes (1 switches on core 0) [pid: 8|app: 0|req: 561/1286] 10.0.0.8 () {34 vars in 987 bytes} [Tue Mar 10 19:12:40 2026] GET /v2.0/ports?device_id=a0b9c007-34d6-4632-80db-14b36ce7dc4d => generated 969 bytes in 40 msecs (HTTP/1.1 200) 4 headers in 157 bytes (1 switches on core 0)
2026-03-10 19:12:40.959 7 WARNING neutron.scheduler.dhcp_agent_scheduler [None req-e21e57e4-c28c-421a-9714-4dec70da2cc5 c6f006c331354c4185a98a3e0cf1a87a 150f9f80f09442c781b261c893373882 - - default default] No more DHCP agents
2026-03-10 19:12:40.961 7 WARNING neutron.api.rpc.agentnotifiers.dhcp_rpc_agent_api [None req-e21e57e4-c28c-421a-9714-4dec70da2cc5 c6f006c331354c4185a98a3e0cf1a87a 150f9f80f09442c781b261c893373882 - - default default] Unable to schedule network 16f0920d-f3e6-4748-a796-6dbe77a5b95d: no agents available; will retry on subsequent port and subnet creation events. [pid: 8|app: 0|req: 562/1287] 10.0.0.82 () {32 vars in 734 bytes} [Tue Mar 10 19:12:40 2026] GET /v2.0/ports?device_id=48cc7eb1-ec27-4106-b277-cb9b379acc75 => generated 946 bytes in 27 msecs (HTTP/1.1 200) 4 headers in 157 bytes (1 switches on core 0)
2026-03-10 19:12:41.109 7 INFO neutron.db.ovn_revision_numbers_db [None req-e21e57e4-c28c-421a-9714-4dec70da2cc5 c6f006c331354c4185a98a3e0cf1a87a 150f9f80f09442c781b261c893373882 - - default default] Successfully bumped revision number for resource 08f4ed0e-0d02-4737-bcd0-49ada4338adc (type: ports) to 1 [pid: 7|app: 0|req: 726/1288] 10.0.0.82 () {34 vars in 668 bytes} [Tue Mar 10 19:12:40 2026] POST /v2.0/networks => generated 673 bytes in 695 msecs (HTTP/1.1 201) 4 headers in 162 bytes (1 switches on core 0) [pid: 7|app: 0|req: 727/1289] 10.0.0.8 () {34 vars in 1037 bytes} [Tue Mar 10 19:12:41 2026] GET /v2.0/security-groups?id=6de8ff5e-0c07-4724-ab45-148a6954e8fc&fields=id&fields=name => generated 114 bytes in 28 msecs (HTTP/1.1 200) 4 headers in 157 bytes (1 switches on core 0)
2026-03-10 19:12:41.343 8 INFO neutron.db.ovn_revision_numbers_db [None req-d8a9b357-3f9a-4240-8454-3d1891e1bcc1 88a634dbc2724957ae09162ca1ff036c 05dffbda817d4a39a9807e1e24eea271 - - default default] Successfully bumped revision number for resource e8197404-f22b-4d4c-9fbe-9da1f6140fa5 (type: security_groups) to 1
2026-03-10 19:12:41.362 8 INFO neutron.db.ovn_revision_numbers_db [None req-d8a9b357-3f9a-4240-8454-3d1891e1bcc1 88a634dbc2724957ae09162ca1ff036c 05dffbda817d4a39a9807e1e24eea271 - - default default] Successfully bumped revision number for resource 6904912e-8514-4eed-904d-70c7a52980d4 (type: security_group_rules) to 0
2026-03-10 19:12:41.384 8 INFO neutron.db.ovn_revision_numbers_db [None req-d8a9b357-3f9a-4240-8454-3d1891e1bcc1 88a634dbc2724957ae09162ca1ff036c 05dffbda817d4a39a9807e1e24eea271 - - default default] Successfully bumped revision number for resource c73f2d30-a6cf-48ec-9004-e99c8bfacee2 (type: security_group_rules) to 0
2026-03-10 19:12:41.398 8 INFO neutron.db.ovn_revision_numbers_db [None req-d8a9b357-3f9a-4240-8454-3d1891e1bcc1 88a634dbc2724957ae09162ca1ff036c 05dffbda817d4a39a9807e1e24eea271 - - default default] Successfully bumped revision number for resource c79e615f-06f4-4067-8b96-fa2e731e6368 (type: security_group_rules) to 0
2026-03-10 19:12:41.411 8 INFO neutron.db.ovn_revision_numbers_db [None req-d8a9b357-3f9a-4240-8454-3d1891e1bcc1 88a634dbc2724957ae09162ca1ff036c 05dffbda817d4a39a9807e1e24eea271 - - default default] Successfully bumped revision number for resource d500490d-35e9-430c-8e17-728d67ac6ea6 (type: security_group_rules) to 0 [pid: 8|app: 0|req: 563/1290] 10.0.0.82 () {32 vars in 772 bytes} [Tue Mar 10 19:12:40 2026] GET /v2.0/security-groups?tenant_id=81734f29a02944ffac14661effd53969&name=default => generated 2925 bytes in 474 msecs (HTTP/1.1 200) 4 headers in 158 bytes (1 switches on core 0)
2026-03-10 19:12:41.472 7 INFO neutron_taas.services.taas.taas_plugin [None req-e5a2c3b5-bba6-45d0-84f5-92ba63cf0c65 75adb8c9ed1a4dcc9533196d2cd8f027 35d3d545d7a04b67bc5706991a9388d9 - - default default] TaaS: Handle Delete Port: 68e12788-5093-46e9-ba77-4125164c0403
2026-03-10 19:12:41.476 7 INFO neutron_taas.services.taas.tap_mirror_plugin [None req-e5a2c3b5-bba6-45d0-84f5-92ba63cf0c65 75adb8c9ed1a4dcc9533196d2cd8f027 35d3d545d7a04b67bc5706991a9388d9 - - default default] Tap Mirror: Handle Delete Port: 68e12788-5093-46e9-ba77-4125164c0403
2026-03-10 19:12:41.532 8 INFO neutron.db.segments_db [None req-2cff5f4c-f653-4ff1-91ee-0ca670adc05a c6f006c331354c4185a98a3e0cf1a87a 150f9f80f09442c781b261c893373882 - - default default] Added segment b0b7ded9-73e3-48bd-b9de-ec272feeb884 of type geneve for network 567d6a6b-0b9e-4145-8f83-ab84b608588e
2026-03-10 19:12:41.641 8 INFO neutron.db.ovn_revision_numbers_db [None req-2cff5f4c-f653-4ff1-91ee-0ca670adc05a c6f006c331354c4185a98a3e0cf1a87a 150f9f80f09442c781b261c893373882 - - default default] Successfully bumped revision number for resource 567d6a6b-0b9e-4145-8f83-ab84b608588e (type: networks) to 1
2026-03-10 19:12:41.830 8 WARNING neutron.scheduler.dhcp_agent_scheduler [None req-2cff5f4c-f653-4ff1-91ee-0ca670adc05a c6f006c331354c4185a98a3e0cf1a87a 150f9f80f09442c781b261c893373882 - - default default] No more DHCP agents
2026-03-10 19:12:41.831 8 WARNING neutron.api.rpc.agentnotifiers.dhcp_rpc_agent_api [None req-2cff5f4c-f653-4ff1-91ee-0ca670adc05a c6f006c331354c4185a98a3e0cf1a87a 150f9f80f09442c781b261c893373882 - - default default] Unable to schedule network 567d6a6b-0b9e-4145-8f83-ab84b608588e: no agents available; will retry on subsequent port and subnet creation events.
2026-03-10 19:12:41.926 8 WARNING neutron.plugins.ml2.drivers.ovn.mech_driver.ovsdb.ovn_client [None req-ecce8ac6-5c33-48b6-9ba8-1acb00b3dc81 - - - - - -] No port found with ID 68e12788-5093-46e9-ba77-4125164c0403: RuntimeError: No port found with ID 68e12788-5093-46e9-ba77-4125164c0403
2026-03-10 19:12:41.936 7 INFO neutron.services.segments.plugin [-] Segment 3294e926-d639-4b0a-a382-756874c3276c resource provider aggregate not found
2026-03-10 19:12:41.939 8 INFO neutron.plugins.ml2.drivers.ovn.mech_driver.mech_driver [None req-ecce8ac6-5c33-48b6-9ba8-1acb00b3dc81 - - - - - -] OVN reports status down for port: f0128dd9-125d-4f7f-8bd0-9f0c2500531f
2026-03-10 19:12:41.944 7 INFO neutron.services.segments.plugin [-] Segment 3294e926-d639-4b0a-a382-756874c3276c resource provider aggregate not found
2026-03-10 19:12:41.950 8 INFO neutron.plugins.ml2.drivers.ovn.mech_driver.mech_driver [None req-ecce8ac6-5c33-48b6-9ba8-1acb00b3dc81 - - - - - -] OVN reports status down for port: d33b45ff-a6ea-416d-8203-4d05aba461d7
2026-03-10 19:12:41.955 7 INFO neutron.services.segments.plugin [-] Segment 3294e926-d639-4b0a-a382-756874c3276c resource provider not found; error: Placement Client Error (4xx): {"errors": [{"status": 404, "title": "Not Found", "detail": "The resource could not be found.\n\n No resource provider with uuid 3294e926-d639-4b0a-a382-756874c3276c found for delete ", "request_id": "req-c7ed6d80-9c60-419e-a150-46360056f02a"}]}
2026-03-10 19:12:41.960 8 INFO neutron.db.ovn_revision_numbers_db [None req-2cff5f4c-f653-4ff1-91ee-0ca670adc05a c6f006c331354c4185a98a3e0cf1a87a 150f9f80f09442c781b261c893373882 - - default default] Successfully bumped revision number for resource 1522ffeb-d224-497c-9935-83222060b30d (type: ports) to 1
2026-03-10 19:12:41.965 7 INFO neutron.services.segments.plugin [-] Segment 3294e926-d639-4b0a-a382-756874c3276c resource provider not found; error: Placement Client Error (4xx): {"errors": [{"status": 404, "title": "Not Found", "detail": "The resource could not be found.\n\n No resource provider with uuid 3294e926-d639-4b0a-a382-756874c3276c found for delete ", "request_id": "req-9f3c519b-ac2d-4d6c-bd89-456a0dac8d37"}]} [pid: 8|app: 0|req: 564/1291] 10.0.0.82 () {34 vars in 668 bytes} [Tue Mar 10 19:12:41 2026] POST /v2.0/networks => generated 673 bytes in 555 msecs (HTTP/1.1 201) 4 headers in 162 bytes (1 switches on core 0) /var/lib/openstack/lib/python3.12/site-packages/pycadf/identifier.py:70: UserWarning: Invalid uuid: neutron. To ensure interoperability, identifiers should be a valid uuid. warnings.warn(('Invalid uuid: %s. To ensure interoperability, ' [pid: 7|app: 0|req: 728/1292] 10.0.0.82 () {34 vars in 787 bytes} [Tue Mar 10 19:12:41 2026] PUT /v2.0/routers/48cc7eb1-ec27-4106-b277-cb9b379acc75/remove_router_interface => generated 309 bytes in 968 msecs (HTTP/1.1 200) 4 headers in 157 bytes (1 switches on core 0) /var/lib/openstack/lib/python3.12/site-packages/pycadf/identifier.py:70: UserWarning: Invalid uuid: neutron. To ensure interoperability, identifiers should be a valid uuid. warnings.warn(('Invalid uuid: %s. To ensure interoperability, '
2026-03-10 19:12:42.159 8 INFO neutron.plugins.ml2.drivers.ovn.mech_driver.mech_driver [None req-ecce8ac6-5c33-48b6-9ba8-1acb00b3dc81 - - - - - -] OVN reports status down for port: 04dc791c-8a40-4f63-9e86-e1532d953bdd
2026-03-10 19:12:42.215 8 INFO neutron.plugins.ml2.drivers.ovn.mech_driver.mech_driver [None req-ecce8ac6-5c33-48b6-9ba8-1acb00b3dc81 - - - - - -] OVN reports status down for port: f01a66f8-d2f1-472a-ae5b-c01865962c68
2026-03-10 19:12:42.276 8 INFO neutron.plugins.ml2.drivers.ovn.mech_driver.mech_driver [None req-ecce8ac6-5c33-48b6-9ba8-1acb00b3dc81 - - - - - -] OVN reports status up for port: 1123b649-90d5-41ab-a7f4-bce115d35894
2026-03-10 19:12:42.300 8 INFO neutron.plugins.ml2.plugin [None req-ecce8ac6-5c33-48b6-9ba8-1acb00b3dc81 - - - - - -] Attempt 1 to provision port 1123b649-90d5-41ab-a7f4-bce115d35894
2026-03-10 19:12:42.486 8 INFO neutron.notifiers.nova [-] Nova event matching ['req-7b6e4d4d-af9d-4040-a638-c18b83d800be'] response: {'server_uuid': 'a0b9c007-34d6-4632-80db-14b36ce7dc4d', 'name': 'network-vif-plugged', 'status': 'completed', 'tag': '1123b649-90d5-41ab-a7f4-bce115d35894', 'code': 200}
2026-03-10 19:12:42.584 7 WARNING neutron.scheduler.dhcp_agent_scheduler [None req-0570514d-7e13-43a0-b90a-9d50e1c2c0a6 c6f006c331354c4185a98a3e0cf1a87a 150f9f80f09442c781b261c893373882 - - default default] No more DHCP agents
2026-03-10 19:12:42.586 7 WARNING neutron.api.rpc.agentnotifiers.dhcp_rpc_agent_api [None req-0570514d-7e13-43a0-b90a-9d50e1c2c0a6 c6f006c331354c4185a98a3e0cf1a87a 150f9f80f09442c781b261c893373882 - - default default] Unable to schedule network 16f0920d-f3e6-4748-a796-6dbe77a5b95d: no agents available; will retry on subsequent port and subnet creation events. [pid: 8|app: 0|req: 565/1295] 10.0.0.82 () {32 vars in 738 bytes} [Tue Mar 10 19:12:42 2026] DELETE /v2.0/security-groups/e8197404-f22b-4d4c-9fbe-9da1f6140fa5 => generated 0 bytes in 576 msecs (HTTP/1.1 204) 2 headers in 112 bytes (1 switches on core 0) /var/lib/openstack/lib/python3.12/site-packages/pycadf/identifier.py:70: UserWarning: Invalid uuid: neutron. To ensure interoperability, identifiers should be a valid uuid. warnings.warn(('Invalid uuid: %s. To ensure interoperability, '
2026-03-10 19:12:42.733 7 INFO neutron.db.ovn_revision_numbers_db [None req-0570514d-7e13-43a0-b90a-9d50e1c2c0a6 c6f006c331354c4185a98a3e0cf1a87a 150f9f80f09442c781b261c893373882 - - default default] Successfully bumped revision number for resource 8e81e2e7-f154-4d6e-91b7-b3ca211119a6 (type: ports) to 1
2026-03-10 19:12:42.812 7 WARNING neutron.scheduler.dhcp_agent_scheduler [None req-0570514d-7e13-43a0-b90a-9d50e1c2c0a6 c6f006c331354c4185a98a3e0cf1a87a 150f9f80f09442c781b261c893373882 - - default default] No more DHCP agents
2026-03-10 19:12:42.813 7 WARNING neutron.api.rpc.agentnotifiers.dhcp_rpc_agent_api [None req-0570514d-7e13-43a0-b90a-9d50e1c2c0a6 c6f006c331354c4185a98a3e0cf1a87a 150f9f80f09442c781b261c893373882 - - default default] Unable to schedule network 567d6a6b-0b9e-4145-8f83-ab84b608588e: no agents available; will retry on subsequent port and subnet creation events.
2026-03-10 19:12:42.911 8 INFO neutron.db.ovn_revision_numbers_db [None req-ecce8ac6-5c33-48b6-9ba8-1acb00b3dc81 - - - - - -] Successfully bumped revision number for resource 1123b649-90d5-41ab-a7f4-bce115d35894 (type: ports) to 5
