2026-03-10 19:19:40.699 7 INFO neutron.notifiers.nova [-] Nova event matching ['req-2d669420-818e-4460-83e4-4828010d8b8d'] response: {'name': 'network-changed', 'server_uuid': '9823a63c-2b13-421b-acf8-8e768cfc5147', 'tag': '8bba4492-1cab-432d-9324-e9126ffd7d3f', 'status': 'completed', 'code': 200} [pid: 7|app: 0|req: 1965/3607] 10.0.0.8 () {34 vars in 987 bytes} [Tue Mar 10 19:19:40 2026] GET /v2.0/ports?device_id=9823a63c-2b13-421b-acf8-8e768cfc5147 => generated 1204 bytes in 78 msecs (HTTP/1.1 200) 4 headers in 158 bytes (1 switches on core 0) [pid: 8|app: 0|req: 1643/3608] 10.0.0.8 () {34 vars in 1037 bytes} [Tue Mar 10 19:19:40 2026] GET /v2.0/security-groups?id=c953dfc6-99bc-44c9-9f76-89a013d72239&fields=id&fields=name => generated 112 bytes in 46 msecs (HTTP/1.1 200) 4 headers in 157 bytes (1 switches on core 0) [pid: 7|app: 0|req: 1966/3609] 199.19.213.100 () {34 vars in 1079 bytes} [Tue Mar 10 19:19:41 2026] GET /v2.0/ports?tenant_id=79aa9fad37c84681ba787b49ca504874&device_id=9823a63c-2b13-421b-acf8-8e768cfc5147 => generated 1442 bytes in 39 msecs (HTTP/1.1 200) 4 headers in 158 bytes (1 switches on core 0) [pid: 8|app: 0|req: 1644/3610] 199.19.213.100 () {34 vars in 985 bytes} [Tue Mar 10 19:19:41 2026] GET /v2.0/networks?id=43738a0f-2e8b-4d1a-8c42-ee240d6599fc => generated 842 bytes in 56 msecs (HTTP/1.1 200) 4 headers in 157 bytes (1 switches on core 0) [pid: 7|app: 0|req: 1967/3611] 199.19.213.100 () {34 vars in 1057 bytes} [Tue Mar 10 19:19:41 2026] GET /v2.0/floatingips?fixed_ip_address=10.2.2.173&port_id=8bba4492-1cab-432d-9324-e9126ffd7d3f => generated 19 bytes in 32 msecs (HTTP/1.1 200) 4 headers in 156 bytes (1 switches on core 0) [pid: 8|app: 0|req: 1645/3612] 199.19.213.100 () {34 vars in 1105 bytes} [Tue Mar 10 19:19:41 2026] GET /v2.0/floatingips?fixed_ip_address=fd77%3A1457%3A4cf0%3A26a8%3A%3A219&port_id=8bba4492-1cab-432d-9324-e9126ffd7d3f => generated 19 bytes in 24 msecs (HTTP/1.1 200) 4 headers in 156 bytes (1 switches on core 0) [pid: 7|app: 0|req: 1968/3613] 199.19.213.100 () {34 vars in 1063 bytes} [Tue Mar 10 19:19:41 2026] GET /v2.0/subnets?id=d755ee06-7d18-44a0-ab13-a6c14277ea44&id=17e01f02-a766-4d3c-8e0c-69bc5662fbc6 => generated 1414 bytes in 40 msecs (HTTP/1.1 200) 4 headers in 158 bytes (1 switches on core 0) [pid: 8|app: 0|req: 1646/3614] 199.19.213.100 () {34 vars in 1051 bytes} [Tue Mar 10 19:19:41 2026] GET /v2.0/ports?network_id=43738a0f-2e8b-4d1a-8c42-ee240d6599fc&device_owner=network%3Adhcp => generated 12 bytes in 22 msecs (HTTP/1.1 200) 4 headers in 156 bytes (1 switches on core 0) [pid: 7|app: 0|req: 1969/3615] 199.19.213.100 () {34 vars in 1051 bytes} [Tue Mar 10 19:19:41 2026] GET /v2.0/ports?network_id=43738a0f-2e8b-4d1a-8c42-ee240d6599fc&device_owner=network%3Adhcp => generated 12 bytes in 29 msecs (HTTP/1.1 200) 4 headers in 156 bytes (1 switches on core 0) [pid: 8|app: 0|req: 1647/3616] 199.19.213.100 () {34 vars in 1011 bytes} [Tue Mar 10 19:19:41 2026] GET /v2.0/networks/43738a0f-2e8b-4d1a-8c42-ee240d6599fc?fields=segments => generated 14 bytes in 44 msecs (HTTP/1.1 200) 4 headers in 156 bytes (1 switches on core 0) [pid: 7|app: 0|req: 1970/3617] 199.19.213.100 () {34 vars in 1111 bytes} [Tue Mar 10 19:19:41 2026] GET /v2.0/networks/43738a0f-2e8b-4d1a-8c42-ee240d6599fc?fields=provider%3Aphysical_network&fields=provider%3Anetwork_type => generated 79 bytes in 47 msecs (HTTP/1.1 200) 4 headers in 156 bytes (1 switches on core 0)
2026-03-10 19:19:41.921 8 INFO neutron.plugins.ml2.drivers.ovn.mech_driver.mech_driver [None req-147bac7e-fdcd-4d31-a2da-e7b6f7bed0b2 - - - - - -] OVN reports status down for port: 8bba4492-1cab-432d-9324-e9126ffd7d3f
2026-03-10 19:19:42.055 8 INFO neutron.notifiers.nova [-] Nova event matching ['req-e51ae70c-2105-42cc-b3f7-af8ddb2900d0'] response: {'server_uuid': '9823a63c-2b13-421b-acf8-8e768cfc5147', 'name': 'network-vif-unplugged', 'status': 'completed', 'tag': '8bba4492-1cab-432d-9324-e9126ffd7d3f', 'code': 200}
2026-03-10 19:19:42.169 8 INFO neutron.db.ovn_revision_numbers_db [None req-147bac7e-fdcd-4d31-a2da-e7b6f7bed0b2 - - - - - -] Successfully bumped revision number for resource 8bba4492-1cab-432d-9324-e9126ffd7d3f (type: ports) to 6 [pid: 7|app: 0|req: 1972/3620] 199.19.213.100 () {34 vars in 993 bytes} [Tue Mar 10 19:19:43 2026] GET /v2.0/ports?device_id=9823a63c-2b13-421b-acf8-8e768cfc5147 => generated 1202 bytes in 37 msecs (HTTP/1.1 200) 4 headers in 158 bytes (1 switches on core 0) /var/lib/openstack/lib/python3.12/site-packages/pycadf/identifier.py:70: UserWarning: Invalid uuid: neutron. To ensure interoperability, identifiers should be a valid uuid. warnings.warn(('Invalid uuid: %s. To ensure interoperability, '
2026-03-10 19:19:43.283 8 INFO neutron_taas.services.taas.taas_plugin [req-12fe8af4-48b5-4dd1-a3c6-651880204ef0 req-1c65a9aa-5adc-4849-9ac0-4389d6b57234 28ab792de88d44f9a7c5a30e850adbcb 79aa9fad37c84681ba787b49ca504874 - - default default] TaaS: Handle Delete Port: 8bba4492-1cab-432d-9324-e9126ffd7d3f
2026-03-10 19:19:43.286 8 INFO neutron_taas.services.taas.tap_mirror_plugin [req-12fe8af4-48b5-4dd1-a3c6-651880204ef0 req-1c65a9aa-5adc-4849-9ac0-4389d6b57234 28ab792de88d44f9a7c5a30e850adbcb 79aa9fad37c84681ba787b49ca504874 - - default default] Tap Mirror: Handle Delete Port: 8bba4492-1cab-432d-9324-e9126ffd7d3f [pid: 8|app: 0|req: 1649/3621] 199.19.213.100 () {36 vars in 996 bytes} [Tue Mar 10 19:19:43 2026] DELETE /v2.0/ports/8bba4492-1cab-432d-9324-e9126ffd7d3f => generated 0 bytes in 349 msecs (HTTP/1.1 204) 3 headers in 131 bytes (1 switches on core 0)
2026-03-10 19:19:44.093 8 INFO neutron.notifiers.nova [-] Nova event matching ['req-abab77ac-5056-4162-abeb-1d047caaf75e'] response: {'server_uuid': '9823a63c-2b13-421b-acf8-8e768cfc5147', 'name': 'network-vif-unplugged', 'status': 'completed', 'tag': '8bba4492-1cab-432d-9324-e9126ffd7d3f', 'code': 200}
2026-03-10 19:19:44.093 8 INFO neutron.notifiers.nova [-] Nova event matching ['req-abab77ac-5056-4162-abeb-1d047caaf75e'] response: {'server_uuid': '9823a63c-2b13-421b-acf8-8e768cfc5147', 'name': 'network-vif-deleted', 'tag': '8bba4492-1cab-432d-9324-e9126ffd7d3f', 'status': 'completed', 'code': 200} [pid: 7|app: 0|req: 1973/3622] 10.0.0.8 () {34 vars in 987 bytes} [Tue Mar 10 19:19:46 2026] GET /v2.0/ports?device_id=9823a63c-2b13-421b-acf8-8e768cfc5147 => generated 12 bytes in 23 msecs (HTTP/1.1 200) 4 headers in 156 bytes (1 switches on core 0)
2026-03-10 19:19:51.318 8 INFO neutron_taas.services.taas.taas_plugin [None req-22c3259c-e3f9-42f6-b90d-33b419b1810e 28ab792de88d44f9a7c5a30e850adbcb 79aa9fad37c84681ba787b49ca504874 - - default default] TaaS: Handle Delete Port: 758d0555-26e5-427b-9597-16223defaf3c
2026-03-10 19:19:51.321 8 INFO neutron_taas.services.taas.tap_mirror_plugin [None req-22c3259c-e3f9-42f6-b90d-33b419b1810e 28ab792de88d44f9a7c5a30e850adbcb 79aa9fad37c84681ba787b49ca504874 - - default default] Tap Mirror: Handle Delete Port: 758d0555-26e5-427b-9597-16223defaf3c
2026-03-10 19:19:51.619 8 INFO neutron.db.l3_db [None req-22c3259c-e3f9-42f6-b90d-33b419b1810e 28ab792de88d44f9a7c5a30e850adbcb 79aa9fad37c84681ba787b49ca504874 - - default default] Floating IP c1fe4516-2090-477d-820b-e0249cc4b5f5 disassociated (deleted). External IP: 10.96.250.219, port: ec36f204-fad1-43c8-90fb-da57c14fa77b. [pid: 8|app: 0|req: 1650/3623] 10.0.0.82 () {32 vars in 730 bytes} [Tue Mar 10 19:19:51 2026] DELETE /v2.0/floatingips/c1fe4516-2090-477d-820b-e0249cc4b5f5 => generated 0 bytes in 513 msecs (HTTP/1.1 204) 2 headers in 112 bytes (1 switches on core 0)
2026-03-10 19:19:51.686 7 INFO neutron.api.v2.resource [None req-3b484342-3a5d-4342-b75d-7faff59c376e 28ab792de88d44f9a7c5a30e850adbcb 79aa9fad37c84681ba787b49ca504874 - - default default] show failed (client error): The resource could not be found. [pid: 7|app: 0|req: 1974/3624] 10.0.0.82 () {32 vars in 727 bytes} [Tue Mar 10 19:19:51 2026] GET /v2.0/floatingips/c1fe4516-2090-477d-820b-e0249cc4b5f5 => generated 144 bytes in 26 msecs (HTTP/1.1 404) 4 headers in 164 bytes (1 switches on core 0)
2026-03-10 19:19:51.707 8 INFO neutron.notifiers.nova [-] Nova event matching ['req-a5bb1565-c955-4cee-85de-0d7eecd3dfa8'] response: {'name': 'network-changed', 'server_uuid': '5056f1e7-01de-465c-b46e-f1839fcb65b3', 'tag': 'ec36f204-fad1-43c8-90fb-da57c14fa77b', 'status': 'completed', 'code': 200} /var/lib/openstack/lib/python3.12/site-packages/pycadf/identifier.py:70: UserWarning: Invalid uuid: neutron. To ensure interoperability, identifiers should be a valid uuid. warnings.warn(('Invalid uuid: %s. To ensure interoperability, ' [pid: 8|app: 0|req: 1651/3625] 10.0.0.8 () {34 vars in 987 bytes} [Tue Mar 10 19:19:51 2026] GET /v2.0/ports?device_id=5056f1e7-01de-465c-b46e-f1839fcb65b3 => generated 1200 bytes in 72 msecs (HTTP/1.1 200) 4 headers in 158 bytes (1 switches on core 0) [pid: 7|app: 0|req: 1975/3626] 10.0.0.8 () {34 vars in 1037 bytes} [Tue Mar 10 19:19:51 2026] GET /v2.0/security-groups?id=c953dfc6-99bc-44c9-9f76-89a013d72239&fields=id&fields=name => generated 112 bytes in 33 msecs (HTTP/1.1 200) 4 headers in 157 bytes (1 switches on core 0) [pid: 8|app: 0|req: 1652/3627] 199.19.213.100 () {34 vars in 1079 bytes} [Tue Mar 10 19:19:52 2026] GET /v2.0/ports?tenant_id=79aa9fad37c84681ba787b49ca504874&device_id=5056f1e7-01de-465c-b46e-f1839fcb65b3 => generated 1438 bytes in 45 msecs (HTTP/1.1 200) 4 headers in 158 bytes (1 switches on core 0) [pid: 7|app: 0|req: 1976/3628] 199.19.213.100 () {34 vars in 985 bytes} [Tue Mar 10 19:19:52 2026] GET /v2.0/networks?id=64ac2d7b-b113-45ae-8808-7f10408b7952 => generated 841 bytes in 48 msecs (HTTP/1.1 200) 4 headers in 157 bytes (1 switches on core 0) [pid: 8|app: 0|req: 1653/3629] 199.19.213.100 () {34 vars in 1057 bytes} [Tue Mar 10 19:19:52 2026] GET /v2.0/floatingips?fixed_ip_address=10.2.1.138&port_id=ec36f204-fad1-43c8-90fb-da57c14fa77b => generated 19 bytes in 21 msecs (HTTP/1.1 200) 4 headers in 156 bytes (1 switches on core 0) [pid: 7|app: 0|req: 1977/3630] 199.19.213.100 () {34 vars in 1103 bytes} [Tue Mar 10 19:19:52 2026] GET /v2.0/floatingips?fixed_ip_address=fd7b%3Af9f7%3Afff%3A4eca%3A%3A2d4&port_id=ec36f204-fad1-43c8-90fb-da57c14fa77b => generated 19 bytes in 25 msecs (HTTP/1.1 200) 4 headers in 156 bytes (1 switches on core 0) [pid: 8|app: 0|req: 1654/3631] 199.19.213.100 () {34 vars in 1063 bytes} [Tue Mar 10 19:19:52 2026] GET /v2.0/subnets?id=2f312dc0-1350-480b-969c-ce535faa287e&id=e0fc5807-05a2-4497-9010-51c09d68bbcd => generated 1410 bytes in 36 msecs (HTTP/1.1 200) 4 headers in 158 bytes (1 switches on core 0) [pid: 7|app: 0|req: 1978/3632] 199.19.213.100 () {34 vars in 1051 bytes} [Tue Mar 10 19:19:52 2026] GET /v2.0/ports?network_id=64ac2d7b-b113-45ae-8808-7f10408b7952&device_owner=network%3Adhcp => generated 12 bytes in 21 msecs (HTTP/1.1 200) 4 headers in 156 bytes (1 switches on core 0) [pid: 8|app: 0|req: 1655/3633] 199.19.213.100 () {34 vars in 1051 bytes} [Tue Mar 10 19:19:52 2026] GET /v2.0/ports?network_id=64ac2d7b-b113-45ae-8808-7f10408b7952&device_owner=network%3Adhcp => generated 12 bytes in 28 msecs (HTTP/1.1 200) 4 headers in 156 bytes (1 switches on core 0) [pid: 7|app: 0|req: 1979/3634] 199.19.213.100 () {34 vars in 1011 bytes} [Tue Mar 10 19:19:52 2026] GET /v2.0/networks/64ac2d7b-b113-45ae-8808-7f10408b7952?fields=segments => generated 14 bytes in 42 msecs (HTTP/1.1 200) 4 headers in 156 bytes (1 switches on core 0) [pid: 8|app: 0|req: 1656/3635] 199.19.213.100 () {34 vars in 1111 bytes} [Tue Mar 10 19:19:52 2026] GET /v2.0/networks/64ac2d7b-b113-45ae-8808-7f10408b7952?fields=provider%3Aphysical_network&fields=provider%3Anetwork_type => generated 79 bytes in 43 msecs (HTTP/1.1 200) 4 headers in 156 bytes (1 switches on core 0)
2026-03-10 19:19:52.917 8 INFO neutron.plugins.ml2.drivers.ovn.mech_driver.mech_driver [None req-f79dc958-5e62-4560-94ea-eb68360ec0b9 - - - - - -] OVN reports status down for port: ec36f204-fad1-43c8-90fb-da57c14fa77b
2026-03-10 19:19:53.156 8 INFO neutron.db.ovn_revision_numbers_db [None req-f79dc958-5e62-4560-94ea-eb68360ec0b9 - - - - - -] Successfully bumped revision number for resource ec36f204-fad1-43c8-90fb-da57c14fa77b (type: ports) to 6
2026-03-10 19:19:53.741 8 INFO neutron.notifiers.nova [-] Nova event matching ['req-30ea01db-4d70-4128-8ebd-789572feafe9'] response: {'server_uuid': '5056f1e7-01de-465c-b46e-f1839fcb65b3', 'name': 'network-vif-unplugged', 'status': 'completed', 'tag': 'ec36f204-fad1-43c8-90fb-da57c14fa77b', 'code': 200}
2026-03-10 19:19:53.741 8 INFO neutron.notifiers.nova [-] Nova event matching ['req-30ea01db-4d70-4128-8ebd-789572feafe9'] response: {'server_uuid': '5056f1e7-01de-465c-b46e-f1839fcb65b3', 'name': 'network-vif-unplugged', 'status': 'completed', 'tag': 'ec36f204-fad1-43c8-90fb-da57c14fa77b', 'code': 200} [pid: 7|app: 0|req: 1980/3636] 199.19.213.100 () {34 vars in 993 bytes} [Tue Mar 10 19:19:54 2026] GET /v2.0/ports?device_id=5056f1e7-01de-465c-b46e-f1839fcb65b3 => generated 1198 bytes in 84 msecs (HTTP/1.1 200) 4 headers in 158 bytes (1 switches on core 0) /var/lib/openstack/lib/python3.12/site-packages/pycadf/identifier.py:70: UserWarning: Invalid uuid: neutron. To ensure interoperability, identifiers should be a valid uuid. warnings.warn(('Invalid uuid: %s. To ensure interoperability, '
2026-03-10 19:19:54.289 8 INFO neutron_taas.services.taas.taas_plugin [req-28f6365e-57f6-412e-b63a-325ce290f569 req-931bdfe9-0b13-42af-9fed-4517f607366a 28ab792de88d44f9a7c5a30e850adbcb 79aa9fad37c84681ba787b49ca504874 - - default default] TaaS: Handle Delete Port: ec36f204-fad1-43c8-90fb-da57c14fa77b
2026-03-10 19:19:54.292 8 INFO neutron_taas.services.taas.tap_mirror_plugin [req-28f6365e-57f6-412e-b63a-325ce290f569 req-931bdfe9-0b13-42af-9fed-4517f607366a 28ab792de88d44f9a7c5a30e850adbcb 79aa9fad37c84681ba787b49ca504874 - - default default] Tap Mirror: Handle Delete Port: ec36f204-fad1-43c8-90fb-da57c14fa77b [pid: 8|app: 0|req: 1657/3637] 199.19.213.100 () {36 vars in 996 bytes} [Tue Mar 10 19:19:54 2026] DELETE /v2.0/ports/ec36f204-fad1-43c8-90fb-da57c14fa77b => generated 0 bytes in 317 msecs (HTTP/1.1 204) 3 headers in 131 bytes (1 switches on core 0)
2026-03-10 19:19:55.780 8 INFO neutron.notifiers.nova [-] Nova event matching ['req-f17ff408-fda8-4252-8315-2f1806b9662e'] response: {'server_uuid': '5056f1e7-01de-465c-b46e-f1839fcb65b3', 'name': 'network-vif-deleted', 'tag': 'ec36f204-fad1-43c8-90fb-da57c14fa77b', 'status': 'completed', 'code': 200} [pid: 7|app: 0|req: 1982/3640] 10.0.0.8 () {34 vars in 987 bytes} [Tue Mar 10 19:19:56 2026] GET /v2.0/ports?device_id=5056f1e7-01de-465c-b46e-f1839fcb65b3 => generated 12 bytes in 22 msecs (HTTP/1.1 200) 4 headers in 156 bytes (1 switches on core 0) [pid: 8|app: 0|req: 1659/3641] 10.0.0.82 () {32 vars in 748 bytes} [Tue Mar 10 19:20:02 2026] DELETE /v2.0/security-group-rules/49e5d124-9ccf-41fd-8d92-32d9640b0c99 => generated 0 bytes in 193 msecs (HTTP/1.1 204) 2 headers in 112 bytes (1 switches on core 0)
2026-03-10 19:20:02.287 7 INFO neutron.api.v2.resource [None req-014dde7b-8468-45d7-829e-3f91ad5fdae2 28ab792de88d44f9a7c5a30e850adbcb 79aa9fad37c84681ba787b49ca504874 - - default default] show failed (client error): The resource could not be found. [pid: 7|app: 0|req: 1983/3642] 10.0.0.82 () {32 vars in 745 bytes} [Tue Mar 10 19:20:02 2026] GET /v2.0/security-group-rules/49e5d124-9ccf-41fd-8d92-32d9640b0c99 => generated 155 bytes in 12 msecs (HTTP/1.1 404) 4 headers in 164 bytes (1 switches on core 0) [pid: 8|app: 0|req: 1660/3643] 10.0.0.82 () {32 vars in 748 bytes} [Tue Mar 10 19:20:02 2026] DELETE /v2.0/security-group-rules/42dc2bcb-187c-4f1d-8aa3-2b49c2ea7883 => generated 0 bytes in 169 msecs (HTTP/1.1 204) 2 headers in 112 bytes (1 switches on core 0)
2026-03-10 19:20:02.479 7 INFO neutron.api.v2.resource [None req-3567af21-2afe-4e6c-820e-f949a3b2887f 28ab792de88d44f9a7c5a30e850adbcb 79aa9fad37c84681ba787b49ca504874 - - default default] show failed (client error): The resource could not be found. [pid: 7|app: 0|req: 1984/3644] 10.0.0.82 () {32 vars in 745 bytes} [Tue Mar 10 19:20:02 2026] GET /v2.0/security-group-rules/42dc2bcb-187c-4f1d-8aa3-2b49c2ea7883 => generated 155 bytes in 12 msecs (HTTP/1.1 404) 4 headers in 164 bytes (1 switches on core 0) [pid: 8|app: 0|req: 1661/3645] 10.0.0.82 () {32 vars in 748 bytes} [Tue Mar 10 19:20:02 2026] DELETE /v2.0/security-group-rules/ef72cf3e-525a-447b-bab6-f98b33941e22 => generated 0 bytes in 151 msecs (HTTP/1.1 204) 2 headers in 112 bytes (1 switches on core 0)
2026-03-10 19:20:02.653 7 INFO neutron.api.v2.resource [None req-521a6cd5-c1b5-4b2a-8574-e81c609dde59 28ab792de88d44f9a7c5a30e850adbcb 79aa9fad37c84681ba787b49ca504874 - - default default] show failed (client error): The resource could not be found. [pid: 7|app: 0|req: 1985/3646] 10.0.0.82 () {32 vars in 745 bytes} [Tue Mar 10 19:20:02 2026] GET /v2.0/security-group-rules/ef72cf3e-525a-447b-bab6-f98b33941e22 => generated 155 bytes in 13 msecs (HTTP/1.1 404) 4 headers in 164 bytes (1 switches on core 0) [pid: 8|app: 0|req: 1662/3647] 10.0.0.82 () {32 vars in 748 bytes} [Tue Mar 10 19:20:02 2026] DELETE /v2.0/security-group-rules/f5c16359-a3e5-42a9-b1aa-3fceb5e97f0b => generated 0 bytes in 159 msecs (HTTP/1.1 204) 2 headers in 112 bytes (1 switches on core 0)
2026-03-10 19:20:02.839 7 INFO neutron.api.v2.resource [None req-3586900c-8128-41c0-bb8e-4cbef81a58ff 28ab792de88d44f9a7c5a30e850adbcb 79aa9fad37c84681ba787b49ca504874 - - default default] show failed (client error): The resource could not be found. [pid: 7|app: 0|req: 1986/3648] 10.0.0.82 () {32 vars in 745 bytes} [Tue Mar 10 19:20:02 2026] GET /v2.0/security-group-rules/f5c16359-a3e5-42a9-b1aa-3fceb5e97f0b => generated 155 bytes in 17 msecs (HTTP/1.1 404) 4 headers in 164 bytes (1 switches on core 0) [pid: 8|app: 0|req: 1663/3649] 10.0.0.82 () {32 vars in 748 bytes} [Tue Mar 10 19:20:02 2026] DELETE /v2.0/security-group-rules/3824a481-3e06-4dcc-b8c2-08a56f45807c => generated 0 bytes in 152 msecs (HTTP/1.1 204) 2 headers in 112 bytes (1 switches on core 0)
2026-03-10 19:20:03.013 7 INFO neutron.api.v2.resource [None req-0bb81a86-dfd3-4c54-b036-1eacb1be41b4 28ab792de88d44f9a7c5a30e850adbcb 79aa9fad37c84681ba787b49ca504874 - - default default] show failed (client error): The resource could not be found. [pid: 7|app: 0|req: 1987/3650] 10.0.0.82 () {32 vars in 745 bytes} [Tue Mar 10 19:20:03 2026] GET /v2.0/security-group-rules/3824a481-3e06-4dcc-b8c2-08a56f45807c => generated 155 bytes in 13 msecs (HTTP/1.1 404) 4 headers in 164 bytes (1 switches on core 0) [pid: 8|app: 0|req: 1664/3651] 10.0.0.82 () {32 vars in 748 bytes} [Tue Mar 10 19:20:03 2026] DELETE /v2.0/security-group-rules/2e911079-4184-414c-9625-d83546bffd09 => generated 0 bytes in 140 msecs (HTTP/1.1 204) 2 headers in 112 bytes (1 switches on core 0)
2026-03-10 19:20:03.177 7 INFO neutron.api.v2.resource [None req-0ea0d538-8984-416a-b3c6-b154054f19e2 28ab792de88d44f9a7c5a30e850adbcb 79aa9fad37c84681ba787b49ca504874 - - default default] show failed (client error): The resource could not be found. [pid: 7|app: 0|req: 1988/3652] 10.0.0.82 () {32 vars in 745 bytes} [Tue Mar 10 19:20:03 2026] GET /v2.0/security-group-rules/2e911079-4184-414c-9625-d83546bffd09 => generated 155 bytes in 13 msecs (HTTP/1.1 404) 4 headers in 164 bytes (1 switches on core 0) [pid: 8|app: 0|req: 1665/3653] 10.0.0.82 () {32 vars in 748 bytes} [Tue Mar 10 19:20:03 2026] DELETE /v2.0/security-group-rules/918fc2ec-67d0-4175-b59c-355ff09f862e => generated 0 bytes in 165 msecs (HTTP/1.1 204) 2 headers in 112 bytes (1 switches on core 0)
2026-03-10 19:20:03.367 7 INFO neutron.api.v2.resource [None req-d2d18906-0ae6-4c29-a990-7b70b53681a6 28ab792de88d44f9a7c5a30e850adbcb 79aa9fad37c84681ba787b49ca504874 - - default default] show failed (client error): The resource could not be found. [pid: 7|app: 0|req: 1989/3654] 10.0.0.82 () {32 vars in 745 bytes} [Tue Mar 10 19:20:03 2026] GET /v2.0/security-group-rules/918fc2ec-67d0-4175-b59c-355ff09f862e => generated 155 bytes in 14 msecs (HTTP/1.1 404) 4 headers in 164 bytes (1 switches on core 0) [pid: 8|app: 0|req: 1666/3655] 10.0.0.82 () {32 vars in 748 bytes} [Tue Mar 10 19:20:03 2026] DELETE /v2.0/security-group-rules/c2961bef-2e0b-4fe2-b163-9746bec82cdc => generated 0 bytes in 136 msecs (HTTP/1.1 204) 2 headers in 112 bytes (1 switches on core 0)
2026-03-10 19:20:03.526 7 INFO neutron.api.v2.resource [None req-93b51787-7954-4577-a2f5-5b9cb76a9c05 28ab792de88d44f9a7c5a30e850adbcb 79aa9fad37c84681ba787b49ca504874 - - default default] show failed (client error): The resource could not be found. [pid: 7|app: 0|req: 1990/3656] 10.0.0.82 () {32 vars in 745 bytes} [Tue Mar 10 19:20:03 2026] GET /v2.0/security-group-rules/c2961bef-2e0b-4fe2-b163-9746bec82cdc => generated 155 bytes in 13 msecs (HTTP/1.1 404) 4 headers in 164 bytes (1 switches on core 0) [pid: 8|app: 0|req: 1667/3657] 10.0.0.82 () {32 vars in 748 bytes} [Tue Mar 10 19:20:03 2026] DELETE /v2.0/security-group-rules/dd3b8093-6fb9-4219-8c22-3065afad049e => generated 0 bytes in 170 msecs (HTTP/1.1 204) 2 headers in 112 bytes (1 switches on core 0)
2026-03-10 19:20:03.713 7 INFO neutron.api.v2.resource [None req-29f48c29-2701-4a92-9098-2a2f06ff6d50 28ab792de88d44f9a7c5a30e850adbcb 79aa9fad37c84681ba787b49ca504874 - - default default] show failed (client error): The resource could not be found. [pid: 7|app: 0|req: 1991/3658] 10.0.0.82 () {32 vars in 745 bytes} [Tue Mar 10 19:20:03 2026] GET /v2.0/security-group-rules/dd3b8093-6fb9-4219-8c22-3065afad049e => generated 155 bytes in 9 msecs (HTTP/1.1 404) 4 headers in 164 bytes (1 switches on core 0) [pid: 8|app: 0|req: 1668/3659] 10.0.0.82 () {32 vars in 748 bytes} [Tue Mar 10 19:20:03 2026] DELETE /v2.0/security-group-rules/ab4b83ae-0cd8-495e-a169-e4357f3201da => generated 0 bytes in 154 msecs (HTTP/1.1 204) 2 headers in 112 bytes (1 switches on core 0)
2026-03-10 19:20:03.886 7 INFO neutron.api.v2.resource [None req-9bb04d7f-aefa-405d-8af7-6b4e80b15f16 28ab792de88d44f9a7c5a30e850adbcb 79aa9fad37c84681ba787b49ca504874 - - default default] show failed (client error): The resource could not be found. [pid: 7|app: 0|req: 1992/3660] 10.0.0.82 () {32 vars in 745 bytes} [Tue Mar 10 19:20:03 2026] GET /v2.0/security-group-rules/ab4b83ae-0cd8-495e-a169-e4357f3201da => generated 155 bytes in 10 msecs (HTTP/1.1 404) 4 headers in 164 bytes (1 switches on core 0) [pid: 8|app: 0|req: 1669/3661] 10.0.0.82 () {32 vars in 748 bytes} [Tue Mar 10 19:20:03 2026] DELETE /v2.0/security-group-rules/202a1ce8-462c-430a-a5e8-03fb93cfcf99 => generated 0 bytes in 129 msecs (HTTP/1.1 204) 2 headers in 112 bytes (1 switches on core 0)
2026-03-10 19:20:04.043 7 INFO neutron.api.v2.resource [None req-31e91a28-b551-4bb2-893e-7958714f2f9b 28ab792de88d44f9a7c5a30e850adbcb 79aa9fad37c84681ba787b49ca504874 - - default default] show failed (client error): The resource could not be found. [pid: 7|app: 0|req: 1993/3662] 10.0.0.82 () {32 vars in 745 bytes} [Tue Mar 10 19:20:04 2026] GET /v2.0/security-group-rules/202a1ce8-462c-430a-a5e8-03fb93cfcf99 => generated 155 bytes in 19 msecs (HTTP/1.1 404) 4 headers in 164 bytes (1 switches on core 0) [pid: 8|app: 0|req: 1670/3663] 10.0.0.82 () {32 vars in 738 bytes} [Tue Mar 10 19:20:04 2026] DELETE /v2.0/security-groups/c953dfc6-99bc-44c9-9f76-89a013d72239 => generated 0 bytes in 147 msecs (HTTP/1.1 204) 2 headers in 112 bytes (1 switches on core 0)
2026-03-10 19:20:04.211 7 INFO neutron.api.v2.resource [None req-5179e91e-427d-4e9b-ab2a-e5971c4744bb 28ab792de88d44f9a7c5a30e850adbcb 79aa9fad37c84681ba787b49ca504874 - - default default] show failed (client error): The resource could not be found. [pid: 7|app: 0|req: 1994/3664] 10.0.0.82 () {32 vars in 735 bytes} [Tue Mar 10 19:20:04 2026] GET /v2.0/security-groups/c953dfc6-99bc-44c9-9f76-89a013d72239 => generated 146 bytes in 12 msecs (HTTP/1.1 404) 4 headers in 164 bytes (1 switches on core 0)
2026-03-10 19:20:04.523 8 INFO neutron_taas.services.taas.taas_plugin [None req-efa08e2b-29ce-4af7-82b3-aad7cadd648c 28ab792de88d44f9a7c5a30e850adbcb 79aa9fad37c84681ba787b49ca504874 - - default default] TaaS: Handle Delete Port: 526a03cc-e425-4863-b2a9-fbbf80498eeb
2026-03-10 19:20:04.527 8 INFO neutron_taas.services.taas.tap_mirror_plugin [None req-efa08e2b-29ce-4af7-82b3-aad7cadd648c 28ab792de88d44f9a7c5a30e850adbcb 79aa9fad37c84681ba787b49ca504874 - - default default] Tap Mirror: Handle Delete Port: 526a03cc-e425-4863-b2a9-fbbf80498eeb [pid: 8|app: 0|req: 1671/3665] 10.0.0.82 () {34 vars in 787 bytes} [Tue Mar 10 19:20:04 2026] PUT /v2.0/routers/86e07253-7a0d-472e-978b-b177cb866289/remove_router_interface => generated 309 bytes in 912 msecs (HTTP/1.1 200) 4 headers in 157 bytes (1 switches on core 0)
2026-03-10 19:20:05.272 7 INFO neutron.api.v2.resource [None req-aee586c6-c4c0-4842-b792-945a18a983a0 28ab792de88d44f9a7c5a30e850adbcb 79aa9fad37c84681ba787b49ca504874 - - default default] remove_router_interface failed (client error): The resource could not be found. [pid: 7|app: 0|req: 1995/3666] 10.0.0.82 () {34 vars in 787 bytes} [Tue Mar 10 19:20:05 2026] PUT /v2.0/routers/86e07253-7a0d-472e-978b-b177cb866289/remove_router_interface => generated 198 bytes in 98 msecs (HTTP/1.1 404) 4 headers in 164 bytes (1 switches on core 0) /var/lib/openstack/lib/python3.12/site-packages/pycadf/identifier.py:70: UserWarning: Invalid uuid: neutron. To ensure interoperability, identifiers should be a valid uuid. warnings.warn(('Invalid uuid: %s. To ensure interoperability, '
2026-03-10 19:20:05.587 8 INFO neutron_taas.services.taas.taas_plugin [None req-969dac76-cb7e-4879-8e54-2f3760e105c2 28ab792de88d44f9a7c5a30e850adbcb 79aa9fad37c84681ba787b49ca504874 - - default default] TaaS: Handle Delete Port: 849c6406-567d-4807-850d-cb6a9551663d
2026-03-10 19:20:05.598 8 INFO neutron_taas.services.taas.tap_mirror_plugin [None req-969dac76-cb7e-4879-8e54-2f3760e105c2 28ab792de88d44f9a7c5a30e850adbcb 79aa9fad37c84681ba787b49ca504874 - - default default] Tap Mirror: Handle Delete Port: 849c6406-567d-4807-850d-cb6a9551663d [pid: 8|app: 0|req: 1672/3667] 10.0.0.82 () {34 vars in 787 bytes} [Tue Mar 10 19:20:05 2026] PUT /v2.0/routers/86e07253-7a0d-472e-978b-b177cb866289/remove_router_interface => generated 309 bytes in 959 msecs (HTTP/1.1 200) 4 headers in 157 bytes (1 switches on core 0)
2026-03-10 19:20:06.335 7 INFO neutron.api.v2.resource [None req-557fc0b3-6922-4e9f-816b-1615eb2165ff 28ab792de88d44f9a7c5a30e850adbcb 79aa9fad37c84681ba787b49ca504874 - - default default] remove_router_interface failed (client error): The resource could not be found. [pid: 7|app: 0|req: 1996/3668] 10.0.0.82 () {34 vars in 787 bytes} [Tue Mar 10 19:20:06 2026] PUT /v2.0/routers/86e07253-7a0d-472e-978b-b177cb866289/remove_router_interface => generated 198 bytes in 93 msecs (HTTP/1.1 404) 4 headers in 164 bytes (1 switches on core 0) /var/lib/openstack/lib/python3.12/site-packages/pycadf/identifier.py:70: UserWarning: Invalid uuid: neutron. To ensure interoperability, identifiers should be a valid uuid. warnings.warn(('Invalid uuid: %s. To ensure interoperability, '
2026-03-10 19:20:06.638 8 INFO neutron_taas.services.taas.taas_plugin [None req-7bdf4e1a-c2da-487e-bda3-f9edb3cee7dc 28ab792de88d44f9a7c5a30e850adbcb 79aa9fad37c84681ba787b49ca504874 - - default default] TaaS: Handle Delete Port: 4bb5550a-4e22-41d7-87f6-113d0234d3e3
2026-03-10 19:20:06.642 8 INFO neutron_taas.services.taas.tap_mirror_plugin [None req-7bdf4e1a-c2da-487e-bda3-f9edb3cee7dc 28ab792de88d44f9a7c5a30e850adbcb 79aa9fad37c84681ba787b49ca504874 - - default default] Tap Mirror: Handle Delete Port: 4bb5550a-4e22-41d7-87f6-113d0234d3e3 [pid: 8|app: 0|req: 1673/3669] 10.0.0.82 () {34 vars in 787 bytes} [Tue Mar 10 19:20:06 2026] PUT /v2.0/routers/86e07253-7a0d-472e-978b-b177cb866289/remove_router_interface => generated 309 bytes in 900 msecs (HTTP/1.1 200) 4 headers in 157 bytes (1 switches on core 0)
2026-03-10 19:20:07.343 7 INFO neutron.api.v2.resource [None req-b4581e90-c670-4d07-b0be-9ee0fce68719 28ab792de88d44f9a7c5a30e850adbcb 79aa9fad37c84681ba787b49ca504874 - - default default] remove_router_interface failed (client error): The resource could not be found. [pid: 7|app: 0|req: 1997/3670] 10.0.0.82 () {34 vars in 787 bytes} [Tue Mar 10 19:20:07 2026] PUT /v2.0/routers/86e07253-7a0d-472e-978b-b177cb866289/remove_router_interface => generated 198 bytes in 98 msecs (HTTP/1.1 404) 4 headers in 164 bytes (1 switches on core 0) /var/lib/openstack/lib/python3.12/site-packages/pycadf/identifier.py:70: UserWarning: Invalid uuid: neutron. To ensure interoperability, identifiers should be a valid uuid. warnings.warn(('Invalid uuid: %s. To ensure interoperability, '
2026-03-10 19:20:07.651 8 INFO neutron_taas.services.taas.taas_plugin [None req-2abbf14b-1523-45ad-ae72-5355289a0a5d 28ab792de88d44f9a7c5a30e850adbcb 79aa9fad37c84681ba787b49ca504874 - - default default] TaaS: Handle Delete Port: a1ccfbca-0291-489e-848e-6b7681960870
2026-03-10 19:20:07.655 8 INFO neutron_taas.services.taas.tap_mirror_plugin [None req-2abbf14b-1523-45ad-ae72-5355289a0a5d 28ab792de88d44f9a7c5a30e850adbcb 79aa9fad37c84681ba787b49ca504874 - - default default] Tap Mirror: Handle Delete Port: a1ccfbca-0291-489e-848e-6b7681960870 [pid: 8|app: 0|req: 1674/3671] 10.0.0.82 () {32 vars in 722 bytes} [Tue Mar 10 19:20:07 2026] DELETE /v2.0/routers/86e07253-7a0d-472e-978b-b177cb866289 => generated 0 bytes in 758 msecs (HTTP/1.1 204) 2 headers in 112 bytes (1 switches on core 0)
2026-03-10 19:20:08.133 7 INFO neutron.api.v2.resource [None req-a41d1170-b384-4948-bd9b-e1bd5534e2e8 28ab792de88d44f9a7c5a30e850adbcb 79aa9fad37c84681ba787b49ca504874 - - default default] show failed (client error): The resource could not be found. [pid: 7|app: 0|req: 1998/3672] 10.0.0.82 () {32 vars in 719 bytes} [Tue Mar 10 19:20:08 2026] GET /v2.0/routers/86e07253-7a0d-472e-978b-b177cb866289 => generated 135 bytes in 20 msecs (HTTP/1.1 404) 4 headers in 164 bytes (1 switches on core 0) [pid: 8|app: 0|req: 1675/3673] 10.0.0.82 () {32 vars in 722 bytes} [Tue Mar 10 19:20:08 2026] DELETE /v2.0/subnets/17e01f02-a766-4d3c-8e0c-69bc5662fbc6 => generated 0 bytes in 131 msecs (HTTP/1.1 204) 3 headers in 131 bytes (1 switches on core 0)
2026-03-10 19:20:08.292 7 INFO neutron.pecan_wsgi.hooks.translation [None req-ede8b278-f718-43ea-a00a-6b504ede0d8d 28ab792de88d44f9a7c5a30e850adbcb 79aa9fad37c84681ba787b49ca504874 - - default default] GET failed (client error): The resource could not be found. [pid: 7|app: 0|req: 1999/3674] 10.0.0.82 () {32 vars in 719 bytes} [Tue Mar 10 19:20:08 2026] GET /v2.0/subnets/17e01f02-a766-4d3c-8e0c-69bc5662fbc6 => generated 136 bytes in 18 msecs (HTTP/1.1 404) 4 headers in 164 bytes (1 switches on core 0) [pid: 8|app: 0|req: 1676/3675] 10.0.0.82 () {32 vars in 722 bytes} [Tue Mar 10 19:20:08 2026] DELETE /v2.0/subnets/d755ee06-7d18-44a0-ab13-a6c14277ea44 => generated 0 bytes in 155 msecs (HTTP/1.1 204) 3 headers in 131 bytes (1 switches on core 0)
2026-03-10 19:20:08.479 7 INFO neutron.pecan_wsgi.hooks.translation [None req-d2bf5737-ee7b-4c2f-a63d-151598d9ac02 28ab792de88d44f9a7c5a30e850adbcb 79aa9fad37c84681ba787b49ca504874 - - default default] GET failed (client error): The resource could not be found. [pid: 7|app: 0|req: 2000/3676] 10.0.0.82 () {32 vars in 719 bytes} [Tue Mar 10 19:20:08 2026] GET /v2.0/subnets/d755ee06-7d18-44a0-ab13-a6c14277ea44 => generated 136 bytes in 22 msecs (HTTP/1.1 404) 4 headers in 164 bytes (1 switches on core 0)
2026-03-10 19:20:08.593 8 INFO neutron_taas.services.taas.taas_plugin [None req-a53c92f3-bec3-47e9-8490-fdb971ead962 28ab792de88d44f9a7c5a30e850adbcb 79aa9fad37c84681ba787b49ca504874 - - default default] TaaS: Handle Delete Port: 09f5c66d-1db8-42ba-8578-ffa50ff27c66
2026-03-10 19:20:08.597 8 INFO neutron_taas.services.taas.tap_mirror_plugin [None req-a53c92f3-bec3-47e9-8490-fdb971ead962 28ab792de88d44f9a7c5a30e850adbcb 79aa9fad37c84681ba787b49ca504874 - - default default] Tap Mirror: Handle Delete Port: 09f5c66d-1db8-42ba-8578-ffa50ff27c66
2026-03-10 19:20:08.780 8 INFO neutron.services.segments.plugin [-] Segment c853fb02-e130-4aeb-be44-b0d8c387193f resource provider aggregate not found
2026-03-10 19:20:08.782 8 INFO neutron.services.segments.plugin [-] Segment c853fb02-e130-4aeb-be44-b0d8c387193f resource provider aggregate not found
2026-03-10 19:20:08.802 8 INFO neutron.services.segments.plugin [-] Segment c853fb02-e130-4aeb-be44-b0d8c387193f resource provider not found; error: Placement Client Error (4xx): {"errors": [{"status": 404, "title": "Not Found", "detail": "The resource could not be found.\n\n No resource provider with uuid c853fb02-e130-4aeb-be44-b0d8c387193f found for delete ", "request_id": "req-24f0066e-4294-4a32-b25b-b5c8e830717f"}]}
2026-03-10 19:20:08.804 8 INFO neutron.services.segments.plugin [-] Segment c853fb02-e130-4aeb-be44-b0d8c387193f resource provider not found; error: Placement Client Error (4xx): {"errors": [{"status": 404, "title": "Not Found", "detail": "The resource could not be found.\n\n No resource provider with uuid c853fb02-e130-4aeb-be44-b0d8c387193f found for delete ", "request_id": "req-7f2c05fd-a15d-45a6-902e-9587b8f22846"}]} [pid: 8|app: 0|req: 1677/3677] 10.0.0.82 () {32 vars in 724 bytes} [Tue Mar 10 19:20:08 2026] DELETE /v2.0/networks/43738a0f-2e8b-4d1a-8c42-ee240d6599fc => generated 0 bytes in 368 msecs (HTTP/1.1 204) 3 headers in 131 bytes (1 switches on core 0)
2026-03-10 19:20:08.873 7 INFO neutron.pecan_wsgi.hooks.translation [None req-f3cc9d7a-8647-457f-942c-a08c318900bd 28ab792de88d44f9a7c5a30e850adbcb 79aa9fad37c84681ba787b49ca504874 - - default default] GET failed (client error): The resource could not be found. [pid: 7|app: 0|req: 2001/3678] 10.0.0.82 () {32 vars in 721 bytes} [Tue Mar 10 19:20:08 2026] GET /v2.0/networks/43738a0f-2e8b-4d1a-8c42-ee240d6599fc => generated 138 bytes in 16 msecs (HTTP/1.1 404) 4 headers in 164 bytes (1 switches on core 0) [pid: 8|app: 0|req: 1678/3679] 10.0.0.82 () {32 vars in 722 bytes} [Tue Mar 10 19:20:08 2026] DELETE /v2.0/subnets/2f312dc0-1350-480b-969c-ce535faa287e => generated 0 bytes in 150 msecs (HTTP/1.1 204) 3 headers in 131 bytes (1 switches on core 0)
2026-03-10 19:20:09.048 7 INFO neutron.pecan_wsgi.hooks.translation [None req-760005b6-2f93-4166-97d1-d9be2fe27cdf 28ab792de88d44f9a7c5a30e850adbcb 79aa9fad37c84681ba787b49ca504874 - - default default] GET failed (client error): The resource could not be found. [pid: 7|app: 0|req: 2002/3680] 10.0.0.82 () {32 vars in 719 bytes} [Tue Mar 10 19:20:09 2026] GET /v2.0/subnets/2f312dc0-1350-480b-969c-ce535faa287e => generated 136 bytes in 14 msecs (HTTP/1.1 404) 4 headers in 164 bytes (1 switches on core 0) [pid: 8|app: 0|req: 1679/3681] 10.0.0.82 () {32 vars in 722 bytes} [Tue Mar 10 19:20:09 2026] DELETE /v2.0/subnets/e0fc5807-05a2-4497-9010-51c09d68bbcd => generated 0 bytes in 142 msecs (HTTP/1.1 204) 3 headers in 131 bytes (1 switches on core 0)
2026-03-10 19:20:09.215 7 INFO neutron.pecan_wsgi.hooks.translation [None req-a04bbf5d-c7a1-4546-bf84-904d355aa61c 28ab792de88d44f9a7c5a30e850adbcb 79aa9fad37c84681ba787b49ca504874 - - default default] GET failed (client error): The resource could not be found. [pid: 7|app: 0|req: 2003/3682] 10.0.0.82 () {32 vars in 719 bytes} [Tue Mar 10 19:20:09 2026] GET /v2.0/subnets/e0fc5807-05a2-4497-9010-51c09d68bbcd => generated 136 bytes in 16 msecs (HTTP/1.1 404) 4 headers in 164 bytes (1 switches on core 0)
2026-03-10 19:20:09.319 8 INFO neutron_taas.services.taas.taas_plugin [None req-be51142c-e618-48a3-bada-0edb3f354d2d 28ab792de88d44f9a7c5a30e850adbcb 79aa9fad37c84681ba787b49ca504874 - - default default] TaaS: Handle Delete Port: b0d088a9-9127-43e6-9a3f-229b94182636
2026-03-10 19:20:09.321 8 INFO neutron_taas.services.taas.tap_mirror_plugin [None req-be51142c-e618-48a3-bada-0edb3f354d2d 28ab792de88d44f9a7c5a30e850adbcb 79aa9fad37c84681ba787b49ca504874 - - default default] Tap Mirror: Handle Delete Port: b0d088a9-9127-43e6-9a3f-229b94182636 [pid: 8|app: 0|req: 1680/3683] 10.0.0.82 () {32 vars in 724 bytes} [Tue Mar 10 19:20:09 2026] DELETE /v2.0/networks/64ac2d7b-b113-45ae-8808-7f10408b7952 => generated 0 bytes in 324 msecs (HTTP/1.1 204) 3 headers in 131 bytes (1 switches on core 0)
2026-03-10 19:20:09.565 7 INFO neutron.pecan_wsgi.hooks.translation [None req-43c953e3-4083-4c96-b7dc-519d6ca9d9fe 28ab792de88d44f9a7c5a30e850adbcb 79aa9fad37c84681ba787b49ca504874 - - default default] GET failed (client error): The resource could not be found. [pid: 7|app: 0|req: 2004/3684] 10.0.0.82 () {32 vars in 721 bytes} [Tue Mar 10 19:20:09 2026] GET /v2.0/networks/64ac2d7b-b113-45ae-8808-7f10408b7952 => generated 138 bytes in 16 msecs (HTTP/1.1 404) 4 headers in 164 bytes (1 switches on core 0) [pid: 8|app: 0|req: 1681/3685] 10.0.0.82 () {32 vars in 722 bytes} [Tue Mar 10 19:20:09 2026] DELETE /v2.0/subnets/fcfbd233-9bcc-42c2-b61d-78a99cf35691 => generated 0 bytes in 147 msecs (HTTP/1.1 204) 3 headers in 131 bytes (1 switches on core 0)
2026-03-10 19:20:09.737 7 INFO neutron.pecan_wsgi.hooks.translation [None req-ca50d353-8987-4827-927a-62e435ecf145 28ab792de88d44f9a7c5a30e850adbcb 79aa9fad37c84681ba787b49ca504874 - - default default] GET failed (client error): The resource could not be found. [pid: 7|app: 0|req: 2005/3686] 10.0.0.82 () {32 vars in 719 bytes} [Tue Mar 10 19:20:09 2026] GET /v2.0/subnets/fcfbd233-9bcc-42c2-b61d-78a99cf35691 => generated 136 bytes in 13 msecs (HTTP/1.1 404) 4 headers in 164 bytes (1 switches on core 0) [pid: 8|app: 0|req: 1682/3687] 10.0.0.82 () {32 vars in 722 bytes} [Tue Mar 10 19:20:09 2026] DELETE /v2.0/subnets/f41ff5a1-ecd5-4db4-9276-65cef329edc5 => generated 0 bytes in 182 msecs (HTTP/1.1 204) 3 headers in 131 bytes (1 switches on core 0)
2026-03-10 19:20:09.946 7 INFO neutron.pecan_wsgi.hooks.translation [None req-e0e99f54-7524-42d3-93fb-b022f483c8d6 28ab792de88d44f9a7c5a30e850adbcb 79aa9fad37c84681ba787b49ca504874 - - default default] GET failed (client error): The resource could not be found. [pid: 7|app: 0|req: 2006/3688] 10.0.0.82 () {32 vars in 719 bytes} [Tue Mar 10 19:20:09 2026] GET /v2.0/subnets/f41ff5a1-ecd5-4db4-9276-65cef329edc5 => generated 136 bytes in 16 msecs (HTTP/1.1 404) 4 headers in 164 bytes (1 switches on core 0)
2026-03-10 19:20:10.057 8 INFO neutron_taas.services.taas.taas_plugin [None req-ce2888a8-44f0-439a-973c-d70597c05488 28ab792de88d44f9a7c5a30e850adbcb 79aa9fad37c84681ba787b49ca504874 - - default default] TaaS: Handle Delete Port: 6bcd7e68-e325-425f-a74f-698ca935c6c9
2026-03-10 19:20:10.059 8 INFO neutron_taas.services.taas.tap_mirror_plugin [None req-ce2888a8-44f0-439a-973c-d70597c05488 28ab792de88d44f9a7c5a30e850adbcb 79aa9fad37c84681ba787b49ca504874 - - default default] Tap Mirror: Handle Delete Port: 6bcd7e68-e325-425f-a74f-698ca935c6c9 [pid: 8|app: 0|req: 1683/3689] 10.0.0.82 () {32 vars in 724 bytes} [Tue Mar 10 19:20:09 2026] DELETE /v2.0/networks/08b4b8d0-b207-4d96-ab9e-f7c6f4e15fc2 => generated 0 bytes in 330 msecs (HTTP/1.1 204) 3 headers in 131 bytes (1 switches on core 0)
2026-03-10 19:20:10.300 7 INFO neutron.pecan_wsgi.hooks.translation [None req-13dfe20a-78d3-411e-b1bd-49fb348d8ed7 28ab792de88d44f9a7c5a30e850adbcb 79aa9fad37c84681ba787b49ca504874 - - default default] GET failed (client error): The resource could not be found. [pid: 7|app: 0|req: 2007/3690] 10.0.0.82 () {32 vars in 721 bytes} [Tue Mar 10 19:20:10 2026] GET /v2.0/networks/08b4b8d0-b207-4d96-ab9e-f7c6f4e15fc2 => generated 138 bytes in 13 msecs (HTTP/1.1 404) 4 headers in 164 bytes (1 switches on core 0)
2026-03-10 19:20:10.815 8 INFO neutron.services.segments.plugin [-] Segment 5f72ff98-208f-4db1-8318-6a969bd8ee4b resource provider aggregate not found
2026-03-10 19:20:10.819 8 INFO neutron.services.segments.plugin [-] Segment 5f72ff98-208f-4db1-8318-6a969bd8ee4b resource provider aggregate not found
2026-03-10 19:20:10.830 8 INFO neutron.services.segments.plugin [-] Segment 5f72ff98-208f-4db1-8318-6a969bd8ee4b resource provider not found; error: Placement Client Error (4xx): {"errors": [{"status": 404, "title": "Not Found", "detail": "The resource could not be found.\n\n No resource provider with uuid 5f72ff98-208f-4db1-8318-6a969bd8ee4b found for delete ", "request_id": "req-1907863e-8a66-4d09-adc5-445863b0347e"}]}
2026-03-10 19:20:10.839 8 INFO neutron.services.segments.plugin [-] Segment 5f72ff98-208f-4db1-8318-6a969bd8ee4b resource provider not found; error: Placement Client Error (4xx): {"errors": [{"status": 404, "title": "Not Found", "detail": "The resource could not be found.\n\n No resource provider with uuid 5f72ff98-208f-4db1-8318-6a969bd8ee4b found for delete ", "request_id": "req-8524b999-6797-4ab3-ace3-1e911e2fb893"}]}
2026-03-10 19:20:10.842 8 INFO neutron.services.segments.plugin [-] Segment 30b1ce4c-f2bf-465d-a157-96250ce5236f resource provider aggregate not found
2026-03-10 19:20:10.854 8 INFO neutron.services.segments.plugin [-] Segment 30b1ce4c-f2bf-465d-a157-96250ce5236f resource provider aggregate not found
2026-03-10 19:20:10.859 8 INFO neutron.services.segments.plugin [-] Segment 30b1ce4c-f2bf-465d-a157-96250ce5236f resource provider not found; error: Placement Client Error (4xx): {"errors": [{"status": 404, "title": "Not Found", "detail": "The resource could not be found.\n\n No resource provider with uuid 30b1ce4c-f2bf-465d-a157-96250ce5236f found for delete ", "request_id": "req-79d3a7e3-7943-484d-90df-806f67850312"}]}
2026-03-10 19:20:10.866 8 INFO neutron.services.segments.plugin [-] Segment 30b1ce4c-f2bf-465d-a157-96250ce5236f resource provider not found; error: Placement Client Error (4xx): {"errors": [{"status": 404, "title": "Not Found", "detail": "The resource could not be found.\n\n No resource provider with uuid 30b1ce4c-f2bf-465d-a157-96250ce5236f found for delete ", "request_id": "req-4aa723ce-e5f0-423f-8e54-6e5bad003fa6"}]}
2026-03-10 19:20:12.519 8 INFO neutron.db.ovn_revision_numbers_db [None req-47c6324d-b4d3-4df5-8438-2bd622991d52 88a634dbc2724957ae09162ca1ff036c 05dffbda817d4a39a9807e1e24eea271 - - default default] Successfully bumped revision number for resource cb3cf276-7550-4497-87c8-e6e4fda7df30 (type: security_groups) to 1
2026-03-10 19:20:12.531 8 INFO neutron.db.ovn_revision_numbers_db [None req-47c6324d-b4d3-4df5-8438-2bd622991d52 88a634dbc2724957ae09162ca1ff036c 05dffbda817d4a39a9807e1e24eea271 - - default default] Successfully bumped revision number for resource 0e3739cd-56f2-4f69-9367-154b7ba38ca5 (type: security_group_rules) to 0
2026-03-10 19:20:12.542 8 INFO neutron.db.ovn_revision_numbers_db [None req-47c6324d-b4d3-4df5-8438-2bd622991d52 88a634dbc2724957ae09162ca1ff036c 05dffbda817d4a39a9807e1e24eea271 - - default default] Successfully bumped revision number for resource 133d4407-a5a3-4a6e-bf7f-5589a2deed46 (type: security_group_rules) to 0
2026-03-10 19:20:12.553 8 INFO neutron.db.ovn_revision_numbers_db [None req-47c6324d-b4d3-4df5-8438-2bd622991d52 88a634dbc2724957ae09162ca1ff036c 05dffbda817d4a39a9807e1e24eea271 - - default default] Successfully bumped revision number for resource f5c54f6e-b1e4-40b0-827e-f2ddefb736ef (type: security_group_rules) to 0
2026-03-10 19:20:12.563 8 INFO neutron.db.ovn_revision_numbers_db [None req-47c6324d-b4d3-4df5-8438-2bd622991d52 88a634dbc2724957ae09162ca1ff036c 05dffbda817d4a39a9807e1e24eea271 - - default default] Successfully bumped revision number for resource f7cd3028-3054-4b87-8900-8564243a74bd (type: security_group_rules) to 0 [pid: 8|app: 0|req: 1685/3693] 10.0.0.82 () {32 vars in 772 bytes} [Tue Mar 10 19:20:12 2026] GET /v2.0/security-groups?tenant_id=d865cb757fb04bc0b03d8d4c750d867a&name=default => generated 2929 bytes in 494 msecs (HTTP/1.1 200) 4 headers in 158 bytes (1 switches on core 0) [pid: 7|app: 0|req: 2009/3694] 10.0.0.82 () {32 vars in 738 bytes} [Tue Mar 10 19:20:12 2026] DELETE /v2.0/security-groups/cb3cf276-7550-4497-87c8-e6e4fda7df30 => generated 0 bytes in 279 msecs (HTTP/1.1 204) 2 headers in 112 bytes (1 switches on core 0)
2026-03-10 19:20:13.202 8 INFO neutron.db.ovn_revision_numbers_db [None req-1c1641fc-fbdd-4d15-b181-371af58f500c 88a634dbc2724957ae09162ca1ff036c 05dffbda817d4a39a9807e1e24eea271 - - default default] Successfully bumped revision number for resource f4fb8ab3-84eb-4184-ad1d-15240b079db8 (type: security_groups) to 1
2026-03-10 19:20:13.214 8 INFO neutron.db.ovn_revision_numbers_db [None req-1c1641fc-fbdd-4d15-b181-371af58f500c 88a634dbc2724957ae09162ca1ff036c 05dffbda817d4a39a9807e1e24eea271 - - default default] Successfully bumped revision number for resource 0120100f-82c1-4550-8e05-6fcea499d3c8 (type: security_group_rules) to 0
2026-03-10 19:20:13.227 8 INFO neutron.db.ovn_revision_numbers_db [None req-1c1641fc-fbdd-4d15-b181-371af58f500c 88a634dbc2724957ae09162ca1ff036c 05dffbda817d4a39a9807e1e24eea271 - - default default] Successfully bumped revision number for resource d65c17f5-dde1-4ef1-b778-a2520f2fe0d7 (type: security_group_rules) to 0
2026-03-10 19:20:13.240 8 INFO neutron.db.ovn_revision_numbers_db [None req-1c1641fc-fbdd-4d15-b181-371af58f500c 88a634dbc2724957ae09162ca1ff036c 05dffbda817d4a39a9807e1e24eea271 - - default default] Successfully bumped revision number for resource d6ac9a3c-43c8-4317-a1db-adea491a2050 (type: security_group_rules) to 0
2026-03-10 19:20:13.251 8 INFO neutron.db.ovn_revision_numbers_db [None req-1c1641fc-fbdd-4d15-b181-371af58f500c 88a634dbc2724957ae09162ca1ff036c 05dffbda817d4a39a9807e1e24eea271 - - default default] Successfully bumped revision number for resource e8d09c4f-caad-4884-ad83-48069e201340 (type: security_group_rules) to 0 [pid: 8|app: 0|req: 1686/3695] 10.0.0.82 () {32 vars in 772 bytes} [Tue Mar 10 19:20:13 2026] GET /v2.0/security-groups?tenant_id=b1d9d04c0cda4778801a4d5e9f1fd7bf&name=default => generated 2929 bytes in 262 msecs (HTTP/1.1 200) 4 headers in 158 bytes (1 switches on core 0) [pid: 7|app: 0|req: 2010/3696] 10.0.0.82 () {32 vars in 738 bytes} [Tue Mar 10 19:20:13 2026] DELETE /v2.0/security-groups/f4fb8ab3-84eb-4184-ad1d-15240b079db8 => generated 0 bytes in 257 msecs (HTTP/1.1 204) 2 headers in 112 bytes (1 switches on core 0)
2026-03-10 19:20:13.859 8 INFO neutron.db.ovn_revision_numbers_db [None req-43f95bda-5a69-4c8a-9fb2-a292887c2c77 88a634dbc2724957ae09162ca1ff036c 05dffbda817d4a39a9807e1e24eea271 - - default default] Successfully bumped revision number for resource a0a1c2c0-e9f1-4374-97dd-ed1338f892ca (type: security_groups) to 1
2026-03-10 19:20:13.870 8 INFO neutron.db.ovn_revision_numbers_db [None req-43f95bda-5a69-4c8a-9fb2-a292887c2c77 88a634dbc2724957ae09162ca1ff036c 05dffbda817d4a39a9807e1e24eea271 - - default default] Successfully bumped revision number for resource 46fe1c89-35f0-48ed-99d2-1e00ef7de9bd (type: security_group_rules) to 0
2026-03-10 19:20:13.880 8 INFO neutron.db.ovn_revision_numbers_db [None req-43f95bda-5a69-4c8a-9fb2-a292887c2c77 88a634dbc2724957ae09162ca1ff036c 05dffbda817d4a39a9807e1e24eea271 - - default default] Successfully bumped revision number for resource 48b67e51-cd6d-4e07-b3cc-83c221f95cc4 (type: security_group_rules) to 0
2026-03-10 19:20:13.888 8 INFO neutron.db.ovn_revision_numbers_db [None req-43f95bda-5a69-4c8a-9fb2-a292887c2c77 88a634dbc2724957ae09162ca1ff036c 05dffbda817d4a39a9807e1e24eea271 - - default default] Successfully bumped revision number for resource c62de3ee-3032-4821-b7f6-9e6018811966 (type: security_group_rules) to 0
2026-03-10 19:20:13.899 8 INFO neutron.db.ovn_revision_numbers_db [None req-43f95bda-5a69-4c8a-9fb2-a292887c2c77 88a634dbc2724957ae09162ca1ff036c 05dffbda817d4a39a9807e1e24eea271 - - default default] Successfully bumped revision number for resource d5c55318-80fd-45cb-9d86-d2f7d039d7c7 (type: security_group_rules) to 0 [pid: 8|app: 0|req: 1687/3697] 10.0.0.82 () {32 vars in 772 bytes} [Tue Mar 10 19:20:13 2026] GET /v2.0/security-groups?tenant_id=000cfe1d2d9249198390e18265d29565&name=default => generated 2929 bytes in 224 msecs (HTTP/1.1 200) 4 headers in 158 bytes (1 switches on core 0) [pid: 7|app: 0|req: 2011/3698] 10.0.0.82 () {32 vars in 738 bytes} [Tue Mar 10 19:20:13 2026] DELETE /v2.0/security-groups/a0a1c2c0-e9f1-4374-97dd-ed1338f892ca => generated 0 bytes in 226 msecs (HTTP/1.1 204) 2 headers in 112 bytes (1 switches on core 0)
2026-03-10 19:20:14.484 8 INFO neutron.db.ovn_revision_numbers_db [None req-5d8a996c-5d27-4de6-b131-fcfb28ae6797 88a634dbc2724957ae09162ca1ff036c 05dffbda817d4a39a9807e1e24eea271 - - default default] Successfully bumped revision number for resource f657638e-f536-4947-9556-cee3dece730b (type: security_groups) to 1
2026-03-10 19:20:14.495 8 INFO neutron.db.ovn_revision_numbers_db [None req-5d8a996c-5d27-4de6-b131-fcfb28ae6797 88a634dbc2724957ae09162ca1ff036c 05dffbda817d4a39a9807e1e24eea271 - - default default] Successfully bumped revision number for resource 9d8e8c8b-931c-4b4f-90f8-26d00db03f37 (type: security_group_rules) to 0
2026-03-10 19:20:14.506 8 INFO neutron.db.ovn_revision_numbers_db [None req-5d8a996c-5d27-4de6-b131-fcfb28ae6797 88a634dbc2724957ae09162ca1ff036c 05dffbda817d4a39a9807e1e24eea271 - - default default] Successfully bumped revision number for resource 9f80241c-25cd-4fc2-801d-6d983e048b51 (type: security_group_rules) to 0
2026-03-10 19:20:14.517 8 INFO neutron.db.ovn_revision_numbers_db [None req-5d8a996c-5d27-4de6-b131-fcfb28ae6797 88a634dbc2724957ae09162ca1ff036c 05dffbda817d4a39a9807e1e24eea271 - - default default] Successfully bumped revision number for resource cd2cb459-0f87-43af-9ed9-431ec1b892b8 (type: security_group_rules) to 0
2026-03-10 19:20:14.528 8 INFO neutron.db.ovn_revision_numbers_db [None req-5d8a996c-5d27-4de6-b131-fcfb28ae6797 88a634dbc2724957ae09162ca1ff036c 05dffbda817d4a39a9807e1e24eea271 - - default default] Success