2026-03-10 19:15:05.288 8 INFO neutron.notifiers.nova [-] Nova event matching ['req-9f50ccfe-e265-42f6-b216-c598c91c41d3'] response: {'server_uuid': '192b1a0a-96fb-4a93-b7f1-377cba4b5a1b', 'name': 'network-vif-unplugged', 'status': 'completed', 'tag': 'e55f900d-393b-4780-94ee-f0f3bf353f40', 'code': 200} [pid: 7|app: 0|req: 1241/2219] 10.0.0.82 () {32 vars in 772 bytes} [Tue Mar 10 19:15:05 2026] GET /v2.0/security-groups?tenant_id=6c6d26170fa34edabb1cdce20fdb8b23&name=default => generated 2925 bytes in 35 msecs (HTTP/1.1 200) 4 headers in 158 bytes (1 switches on core 0) [pid: 8|app: 0|req: 979/2220] 199.19.213.100 () {36 vars in 996 bytes} [Tue Mar 10 19:15:04 2026] DELETE /v2.0/ports/e55f900d-393b-4780-94ee-f0f3bf353f40 => generated 0 bytes in 675 msecs (HTTP/1.1 204) 3 headers in 131 bytes (1 switches on core 0) [pid: 8|app: 0|req: 980/2221] 10.0.0.8 () {34 vars in 1037 bytes} [Tue Mar 10 19:15:05 2026] GET /v2.0/security-groups?id=0b69718d-8fc7-448e-abfe-80748483f498&fields=id&fields=name => generated 114 bytes in 48 msecs (HTTP/1.1 200) 4 headers in 157 bytes (1 switches on core 0) [pid: 7|app: 0|req: 1242/2222] 10.0.0.82 () {32 vars in 715 bytes} [Tue Mar 10 19:15:05 2026] GET /v2.0/ports/7c62d51a-cd1a-4a5f-abec-be9281f57bd3 => generated 953 bytes in 162 msecs (HTTP/1.1 200) 4 headers in 157 bytes (1 switches on core 0) [pid: 7|app: 0|req: 1243/2223] 10.0.0.82 () {32 vars in 715 bytes} [Tue Mar 10 19:15:05 2026] GET /v2.0/ports/7c62d51a-cd1a-4a5f-abec-be9281f57bd3 => generated 953 bytes in 42 msecs (HTTP/1.1 200) 4 headers in 157 bytes (1 switches on core 0) [pid: 8|app: 0|req: 981/2224] 10.0.0.82 () {32 vars in 738 bytes} [Tue Mar 10 19:15:05 2026] DELETE /v2.0/security-groups/3915f9dd-db61-4a30-9f7e-84077e860967 => generated 0 bytes in 379 msecs (HTTP/1.1 204) 2 headers in 112 bytes (1 switches on core 0) [pid: 7|app: 0|req: 1244/2225] 10.0.0.82 () {32 vars in 715 bytes} [Tue Mar 10 19:15:06 2026] GET /v2.0/ports/7c62d51a-cd1a-4a5f-abec-be9281f57bd3 => generated 953 bytes in 36 msecs (HTTP/1.1 200) 4 headers in 157 bytes (1 switches on core 0) [pid: 8|app: 0|req: 982/2226] 10.0.0.8 () {34 vars in 987 bytes} [Tue Mar 10 19:15:06 2026] GET /v2.0/ports?device_id=192b1a0a-96fb-4a93-b7f1-377cba4b5a1b => generated 12 bytes in 21 msecs (HTTP/1.1 200) 4 headers in 156 bytes (1 switches on core 0)
2026-03-10 19:15:07.334 8 INFO neutron.notifiers.nova [-] Nova event matching ['req-c5ed34ee-47a3-4868-840c-fdbc9411def3'] response: {'server_uuid': '192b1a0a-96fb-4a93-b7f1-377cba4b5a1b', 'name': 'network-vif-deleted', 'tag': 'e55f900d-393b-4780-94ee-f0f3bf353f40', 'status': 'completed', 'code': 200} [pid: 7|app: 0|req: 1245/2227] 10.0.0.82 () {32 vars in 715 bytes} [Tue Mar 10 19:15:07 2026] GET /v2.0/ports/7c62d51a-cd1a-4a5f-abec-be9281f57bd3 => generated 953 bytes in 34 msecs (HTTP/1.1 200) 4 headers in 157 bytes (1 switches on core 0) [pid: 8|app: 0|req: 983/2228] 10.0.0.8 () {34 vars in 987 bytes} [Tue Mar 10 19:15:07 2026] GET /v2.0/ports?device_id=192b1a0a-96fb-4a93-b7f1-377cba4b5a1b => generated 12 bytes in 29 msecs (HTTP/1.1 200) 4 headers in 156 bytes (1 switches on core 0) [pid: 7|app: 0|req: 1246/2229] 10.0.0.82 () {32 vars in 715 bytes} [Tue Mar 10 19:15:08 2026] GET /v2.0/ports/7c62d51a-cd1a-4a5f-abec-be9281f57bd3 => generated 953 bytes in 40 msecs (HTTP/1.1 200) 4 headers in 157 bytes (1 switches on core 0) [pid: 8|app: 0|req: 984/2230] 10.0.0.82 () {32 vars in 738 bytes} [Tue Mar 10 19:15:08 2026] DELETE /v2.0/security-groups/0b69718d-8fc7-448e-abfe-80748483f498 => generated 0 bytes in 252 msecs (HTTP/1.1 204) 2 headers in 112 bytes (1 switches on core 0)
2026-03-10 19:15:09.159 7 INFO neutron_taas.services.taas.taas_plugin [None req-571d1f3d-6afe-4c1d-b3c9-6907a2bed205 477ae1d80eea4168a10a0c32a52c845c 353192f4ad3740a4b3e7e4da6aa57def - - default default] TaaS: Handle Delete Port: 0280a5f3-c20e-4677-af9b-eaca969783d5
2026-03-10 19:15:09.162 7 INFO neutron_taas.services.taas.tap_mirror_plugin [None req-571d1f3d-6afe-4c1d-b3c9-6907a2bed205 477ae1d80eea4168a10a0c32a52c845c 353192f4ad3740a4b3e7e4da6aa57def - - default default] Tap Mirror: Handle Delete Port: 0280a5f3-c20e-4677-af9b-eaca969783d5 [pid: 7|app: 0|req: 1247/2231] 10.0.0.82 () {32 vars in 730 bytes} [Tue Mar 10 19:15:09 2026] DELETE /v2.0/floatingips/b6438b4a-8ca7-46c0-a245-4aa3217bfb9a => generated 0 bytes in 278 msecs (HTTP/1.1 204) 2 headers in 112 bytes (1 switches on core 0) [pid: 8|app: 0|req: 985/2232] 10.0.0.8 () {34 vars in 987 bytes} [Tue Mar 10 19:15:09 2026] GET /v2.0/ports?device_id=0c748acb-8073-4eea-9595-9ca3be638bda => generated 971 bytes in 85 msecs (HTTP/1.1 200) 4 headers in 157 bytes (1 switches on core 0) [pid: 7|app: 0|req: 1248/2233] 10.0.0.8 () {34 vars in 1037 bytes} [Tue Mar 10 19:15:09 2026] GET /v2.0/security-groups?id=833c9bb9-7205-49e0-b8e7-d9b442f319be&fields=id&fields=name => generated 114 bytes in 41 msecs (HTTP/1.1 200) 4 headers in 157 bytes (1 switches on core 0) [pid: 8|app: 0|req: 986/2234] 10.0.0.82 () {32 vars in 715 bytes} [Tue Mar 10 19:15:09 2026] GET /v2.0/ports/7c62d51a-cd1a-4a5f-abec-be9281f57bd3 => generated 953 bytes in 115 msecs (HTTP/1.1 200) 4 headers in 157 bytes (1 switches on core 0)
2026-03-10 19:15:10.206 8 WARNING neutron.plugins.ml2.drivers.ovn.mech_driver.ovsdb.ovn_client [None req-f3654fbb-9b71-4f55-9d14-bc4b3e5058f4 - - - - - -] No hosting information found for port 326be881-94c5-422f-afe2-484deeb28324: RuntimeError: No hosting information found for port 326be881-94c5-422f-afe2-484deeb28324
2026-03-10 19:15:10.286 8 INFO neutron.db.ovn_revision_numbers_db [None req-f3654fbb-9b71-4f55-9d14-bc4b3e5058f4 - - - - - -] Successfully bumped revision number for resource 326be881-94c5-422f-afe2-484deeb28324 (type: router_ports) to 2
2026-03-10 19:15:10.333 8 INFO neutron.plugins.ml2.drivers.ovn.mech_driver.mech_driver [None req-f3654fbb-9b71-4f55-9d14-bc4b3e5058f4 - - - - - -] OVN reports status down for port: 7c62d51a-cd1a-4a5f-abec-be9281f57bd3
2026-03-10 19:15:10.389 8 WARNING neutron.plugins.ml2.drivers.ovn.mech_driver.ovsdb.ovn_client [None req-f3654fbb-9b71-4f55-9d14-bc4b3e5058f4 - - - - - -] Logical_Switch_Port %s host information not removed, the port state is up
2026-03-10 19:15:10.389 8 INFO neutron.plugins.ml2.drivers.ovn.mech_driver.mech_driver [None req-f3654fbb-9b71-4f55-9d14-bc4b3e5058f4 - - - - - -] OVN reports status up for port: 7c62d51a-cd1a-4a5f-abec-be9281f57bd3
2026-03-10 19:15:10.398 8 INFO neutron.plugins.ml2.plugin [None req-f3654fbb-9b71-4f55-9d14-bc4b3e5058f4 - - - - - -] Attempt 1 to provision port 7c62d51a-cd1a-4a5f-abec-be9281f57bd3 [pid: 7|app: 0|req: 1249/2235] 10.0.0.8 () {34 vars in 987 bytes} [Tue Mar 10 19:15:10 2026] GET /v2.0/ports?device_id=0c748acb-8073-4eea-9595-9ca3be638bda => generated 971 bytes in 114 msecs (HTTP/1.1 200) 4 headers in 157 bytes (1 switches on core 0) [pid: 8|app: 0|req: 987/2236] 10.0.0.82 () {32 vars in 715 bytes} [Tue Mar 10 19:15:10 2026] GET /v2.0/ports/7c62d51a-cd1a-4a5f-abec-be9281f57bd3 => generated 955 bytes in 75 msecs (HTTP/1.1 200) 4 headers in 157 bytes (1 switches on core 0) [pid: 7|app: 0|req: 1250/2237] 10.0.0.8 () {34 vars in 1037 bytes} [Tue Mar 10 19:15:10 2026] GET /v2.0/security-groups?id=833c9bb9-7205-49e0-b8e7-d9b442f319be&fields=id&fields=name => generated 114 bytes in 79 msecs (HTTP/1.1 200) 4 headers in 157 bytes (1 switches on core 0)
2026-03-10 19:15:10.958 8 INFO neutron.db.ovn_revision_numbers_db [None req-f3654fbb-9b71-4f55-9d14-bc4b3e5058f4 - - - - - -] Successfully bumped revision number for resource 7c62d51a-cd1a-4a5f-abec-be9281f57bd3 (type: ports) to 2
2026-03-10 19:15:11.227 8 INFO neutron_taas.services.taas.taas_plugin [None req-c33e2de7-3259-4119-bec3-059892be0700 57d32dafdd2b4a35a92f5e439fe36a16 e6fc345e701c42d0ad78b3b64b2b0a8a - - default default] TaaS: Handle Delete Port: 7c62d51a-cd1a-4a5f-abec-be9281f57bd3
2026-03-10 19:15:11.231 8 INFO neutron_taas.services.taas.tap_mirror_plugin [None req-c33e2de7-3259-4119-bec3-059892be0700 57d32dafdd2b4a35a92f5e439fe36a16 e6fc345e701c42d0ad78b3b64b2b0a8a - - default default] Tap Mirror: Handle Delete Port: 7c62d51a-cd1a-4a5f-abec-be9281f57bd3 [pid: 8|app: 0|req: 988/2238] 10.0.0.82 () {34 vars in 787 bytes} [Tue Mar 10 19:15:10 2026] PUT /v2.0/routers/2da8c920-ee7b-4302-9b7c-0d96a94161da/remove_router_interface => generated 309 bytes in 753 msecs (HTTP/1.1 200) 4 headers in 157 bytes (1 switches on core 0) /var/lib/openstack/lib/python3.12/site-packages/pycadf/identifier.py:70: UserWarning: Invalid uuid: neutron. To ensure interoperability, identifiers should be a valid uuid. warnings.warn(('Invalid uuid: %s. To ensure interoperability, ' [pid: 7|app: 0|req: 1251/2241] 10.0.0.82 () {32 vars in 715 bytes} [Tue Mar 10 19:15:11 2026] GET /v2.0/ports/326be881-94c5-422f-afe2-484deeb28324 => generated 947 bytes in 77 msecs (HTTP/1.1 200) 4 headers in 157 bytes (1 switches on core 0) [pid: 8|app: 0|req: 991/2242] 199.19.213.100 () {34 vars in 993 bytes} [Tue Mar 10 19:15:11 2026] GET /v2.0/ports?device_id=0c748acb-8073-4eea-9595-9ca3be638bda => generated 971 bytes in 43 msecs (HTTP/1.1 200) 4 headers in 157 bytes (1 switches on core 0)
2026-03-10 19:15:11.884 8 INFO neutron_taas.services.taas.taas_plugin [req-bbaf8a56-efbf-4aa6-9a2d-1e1be0d6f0c7 req-283bd526-b737-4db3-b877-efdc373417bd 477ae1d80eea4168a10a0c32a52c845c 353192f4ad3740a4b3e7e4da6aa57def - - default default] TaaS: Handle Delete Port: 8b90eb70-8f9e-4cb2-85c8-2381eddd48ed
2026-03-10 19:15:11.887 8 INFO neutron_taas.services.taas.tap_mirror_plugin [req-bbaf8a56-efbf-4aa6-9a2d-1e1be0d6f0c7 req-283bd526-b737-4db3-b877-efdc373417bd 477ae1d80eea4168a10a0c32a52c845c 353192f4ad3740a4b3e7e4da6aa57def - - default default] Tap Mirror: Handle Delete Port: 8b90eb70-8f9e-4cb2-85c8-2381eddd48ed
2026-03-10 19:15:11.965 7 INFO neutron_taas.services.taas.taas_plugin [None req-ae1fdd22-3333-4314-b825-1cf3162ca098 57d32dafdd2b4a35a92f5e439fe36a16 e6fc345e701c42d0ad78b3b64b2b0a8a - - default default] TaaS: Handle Delete Port: 326be881-94c5-422f-afe2-484deeb28324
2026-03-10 19:15:11.968 7 INFO neutron_taas.services.taas.tap_mirror_plugin [None req-ae1fdd22-3333-4314-b825-1cf3162ca098 57d32dafdd2b4a35a92f5e439fe36a16 e6fc345e701c42d0ad78b3b64b2b0a8a - - default default] Tap Mirror: Handle Delete Port: 326be881-94c5-422f-afe2-484deeb28324 [pid: 8|app: 0|req: 992/2243] 199.19.213.100 () {36 vars in 996 bytes} [Tue Mar 10 19:15:11 2026] DELETE /v2.0/ports/8b90eb70-8f9e-4cb2-85c8-2381eddd48ed => generated 0 bytes in 337 msecs (HTTP/1.1 204) 3 headers in 131 bytes (1 switches on core 0) [pid: 8|app: 0|req: 993/2244] 10.0.0.8 () {34 vars in 987 bytes} [Tue Mar 10 19:15:12 2026] GET /v2.0/ports?device_id=0c748acb-8073-4eea-9595-9ca3be638bda => generated 12 bytes in 26 msecs (HTTP/1.1 200) 4 headers in 156 bytes (1 switches on core 0)
2026-03-10 19:15:12.111 8 INFO neutron.notifiers.nova [-] Nova event matching ['req-31aa87c9-bbbd-4653-b9fd-911f648574e3'] response: {'server_uuid': '0c748acb-8073-4eea-9595-9ca3be638bda', 'name': 'network-vif-deleted', 'tag': '8b90eb70-8f9e-4cb2-85c8-2381eddd48ed', 'status': 'completed', 'code': 200} [pid: 7|app: 0|req: 1252/2245] 10.0.0.82 () {34 vars in 787 bytes} [Tue Mar 10 19:15:11 2026] PUT /v2.0/routers/2da8c920-ee7b-4302-9b7c-0d96a94161da/remove_router_interface => generated 309 bytes in 630 msecs (HTTP/1.1 200) 4 headers in 157 bytes (1 switches on core 0) [pid: 8|app: 0|req: 994/2246] 10.0.0.82 () {32 vars in 734 bytes} [Tue Mar 10 19:15:12 2026] GET /v2.0/ports?device_id=2da8c920-ee7b-4302-9b7c-0d96a94161da => generated 12 bytes in 24 msecs (HTTP/1.1 200) 4 headers in 156 bytes (1 switches on core 0) /var/lib/openstack/lib/python3.12/site-packages/pycadf/identifier.py:70: UserWarning: Invalid uuid: neutron. To ensure interoperability, identifiers should be a valid uuid. warnings.warn(('Invalid uuid: %s. To ensure interoperability, ' [pid: 7|app: 0|req: 1253/2247] 10.0.0.82 () {32 vars in 722 bytes} [Tue Mar 10 19:15:12 2026] DELETE /v2.0/routers/2da8c920-ee7b-4302-9b7c-0d96a94161da => generated 0 bytes in 181 msecs (HTTP/1.1 204) 2 headers in 112 bytes (1 switches on core 0) [pid: 8|app: 0|req: 995/2248] 10.0.0.82 () {32 vars in 722 bytes} [Tue Mar 10 19:15:12 2026] DELETE /v2.0/subnets/f29f3fa6-2db7-41c9-8733-ecbc8e4db7bf => generated 0 bytes in 178 msecs (HTTP/1.1 204) 3 headers in 131 bytes (1 switches on core 0) [pid: 7|app: 0|req: 1254/2249] 10.0.0.82 () {32 vars in 722 bytes} [Tue Mar 10 19:15:12 2026] DELETE /v2.0/subnets/b40a2ab1-0700-43cb-94aa-26741bf77a21 => generated 0 bytes in 152 msecs (HTTP/1.1 204) 3 headers in 131 bytes (1 switches on core 0)
2026-03-10 19:15:13.025 8 INFO neutron_taas.services.taas.taas_plugin [None req-6d9f68ec-36e7-428d-af1a-2ee24e8abf93 57d32dafdd2b4a35a92f5e439fe36a16 e6fc345e701c42d0ad78b3b64b2b0a8a - - default default] TaaS: Handle Delete Port: 0b94ba97-f0d0-4a3e-9bf0-c3f732e3d551
2026-03-10 19:15:13.029 8 INFO neutron_taas.services.taas.tap_mirror_plugin [None req-6d9f68ec-36e7-428d-af1a-2ee24e8abf93 57d32dafdd2b4a35a92f5e439fe36a16 e6fc345e701c42d0ad78b3b64b2b0a8a - - default default] Tap Mirror: Handle Delete Port: 0b94ba97-f0d0-4a3e-9bf0-c3f732e3d551 [pid: 7|app: 0|req: 1255/2250] 10.0.0.8 () {34 vars in 987 bytes} [Tue Mar 10 19:15:13 2026] GET /v2.0/ports?device_id=0c748acb-8073-4eea-9595-9ca3be638bda => generated 12 bytes in 21 msecs (HTTP/1.1 200) 4 headers in 156 bytes (1 switches on core 0)
2026-03-10 19:15:13.258 8 INFO neutron.services.segments.plugin [-] Segment ecacbf47-8076-403a-b37a-072f0ac85fd9 resource provider aggregate not found
2026-03-10 19:15:13.264 8 INFO neutron.services.segments.plugin [-] Segment ecacbf47-8076-403a-b37a-072f0ac85fd9 resource provider aggregate not found
2026-03-10 19:15:13.278 8 INFO neutron.services.segments.plugin [-] Segment ecacbf47-8076-403a-b37a-072f0ac85fd9 resource provider not found; error: Placement Client Error (4xx): {"errors": [{"status": 404, "title": "Not Found", "detail": "The resource could not be found.\n\n No resource provider with uuid ecacbf47-8076-403a-b37a-072f0ac85fd9 found for delete ", "request_id": "req-5dcb711f-a595-4e3b-b46a-ffd41ffdaa05"}]}
2026-03-10 19:15:13.282 8 INFO neutron.services.segments.plugin [-] Segment ecacbf47-8076-403a-b37a-072f0ac85fd9 resource provider not found; error: Placement Client Error (4xx): {"errors": [{"status": 404, "title": "Not Found", "detail": "The resource could not be found.\n\n No resource provider with uuid ecacbf47-8076-403a-b37a-072f0ac85fd9 found for delete ", "request_id": "req-2190ca9d-09f3-40b3-9cb6-9350a026e13e"}]} [pid: 8|app: 0|req: 996/2251] 10.0.0.82 () {32 vars in 724 bytes} [Tue Mar 10 19:15:12 2026] DELETE /v2.0/networks/e86ba0f9-162b-4cf9-9739-f01f6ad5dccc => generated 0 bytes in 441 msecs (HTTP/1.1 204) 3 headers in 131 bytes (1 switches on core 0)
2026-03-10 19:15:13.465 7 INFO neutron_taas.services.taas.taas_plugin [None req-e1f7c378-f460-4919-ab24-a83eed605a6d 57d32dafdd2b4a35a92f5e439fe36a16 e6fc345e701c42d0ad78b3b64b2b0a8a - - default default] TaaS: Handle Delete Port: 0b2ccabd-2694-4b22-bd27-1a2d548c4209
2026-03-10 19:15:13.468 7 INFO neutron_taas.services.taas.tap_mirror_plugin [None req-e1f7c378-f460-4919-ab24-a83eed605a6d 57d32dafdd2b4a35a92f5e439fe36a16 e6fc345e701c42d0ad78b3b64b2b0a8a - - default default] Tap Mirror: Handle Delete Port: 0b2ccabd-2694-4b22-bd27-1a2d548c4209
2026-03-10 19:15:13.659 7 INFO neutron.services.segments.plugin [-] Segment 64640f56-49cf-40bb-a95e-d0d24bd3961d resource provider aggregate not found
2026-03-10 19:15:13.669 7 INFO neutron.services.segments.plugin [-] Segment 64640f56-49cf-40bb-a95e-d0d24bd3961d resource provider aggregate not found
2026-03-10 19:15:13.682 7 INFO neutron.services.segments.plugin [-] Segment 64640f56-49cf-40bb-a95e-d0d24bd3961d resource provider not found; error: Placement Client Error (4xx): {"errors": [{"status": 404, "title": "Not Found", "detail": "The resource could not be found.\n\n No resource provider with uuid 64640f56-49cf-40bb-a95e-d0d24bd3961d found for delete ", "request_id": "req-9b536bd1-bb60-4201-87a3-c00a477c0932"}]}
2026-03-10 19:15:13.688 7 INFO neutron.services.segments.plugin [-] Segment 64640f56-49cf-40bb-a95e-d0d24bd3961d resource provider not found; error: Placement Client Error (4xx): {"errors": [{"status": 404, "title": "Not Found", "detail": "The resource could not be found.\n\n No resource provider with uuid 64640f56-49cf-40bb-a95e-d0d24bd3961d found for delete ", "request_id": "req-133f65ae-abf0-42d0-9c32-306ada4853bb"}]} [pid: 7|app: 0|req: 1256/2252] 10.0.0.82 () {32 vars in 724 bytes} [Tue Mar 10 19:15:13 2026] DELETE /v2.0/networks/ea55312b-5b21-4c60-806a-bcc889d45a82 => generated 0 bytes in 396 msecs (HTTP/1.1 204) 3 headers in 131 bytes (1 switches on core 0)
2026-03-10 19:15:13.834 8 INFO neutron.db.segments_db [None req-7670fe31-34c5-4d6a-9d83-7acc8dec254b 57d32dafdd2b4a35a92f5e439fe36a16 e6fc345e701c42d0ad78b3b64b2b0a8a - - default default] Added segment 44f4c643-b6c5-4cd7-867c-8bac9e84f8b7 of type geneve for network 970e1f59-51a9-4bd0-9749-049c75401961
2026-03-10 19:15:13.958 8 INFO neutron.db.ovn_revision_numbers_db [None req-7670fe31-34c5-4d6a-9d83-7acc8dec254b 57d32dafdd2b4a35a92f5e439fe36a16 e6fc345e701c42d0ad78b3b64b2b0a8a - - default default] Successfully bumped revision number for resource 970e1f59-51a9-4bd0-9749-049c75401961 (type: networks) to 1
2026-03-10 19:15:14.132 8 WARNING neutron.scheduler.dhcp_agent_scheduler [None req-7670fe31-34c5-4d6a-9d83-7acc8dec254b 57d32dafdd2b4a35a92f5e439fe36a16 e6fc345e701c42d0ad78b3b64b2b0a8a - - default default] No more DHCP agents
2026-03-10 19:15:14.133 8 WARNING neutron.api.rpc.agentnotifiers.dhcp_rpc_agent_api [None req-7670fe31-34c5-4d6a-9d83-7acc8dec254b 57d32dafdd2b4a35a92f5e439fe36a16 e6fc345e701c42d0ad78b3b64b2b0a8a - - default default] Unable to schedule network 970e1f59-51a9-4bd0-9749-049c75401961: no agents available; will retry on subsequent port and subnet creation events.
2026-03-10 19:15:14.277 8 INFO neutron.db.ovn_revision_numbers_db [None req-7670fe31-34c5-4d6a-9d83-7acc8dec254b 57d32dafdd2b4a35a92f5e439fe36a16 e6fc345e701c42d0ad78b3b64b2b0a8a - - default default] Successfully bumped revision number for resource bdf232e6-7f29-47bb-946a-c263f311ae90 (type: ports) to 1 [pid: 7|app: 0|req: 1257/2253] 10.0.0.8 () {34 vars in 987 bytes} [Tue Mar 10 19:15:14 2026] GET /v2.0/ports?device_id=0c748acb-8073-4eea-9595-9ca3be638bda => generated 12 bytes in 21 msecs (HTTP/1.1 200) 4 headers in 156 bytes (1 switches on core 0) [pid: 8|app: 0|req: 997/2254] 10.0.0.82 () {34 vars in 668 bytes} [Tue Mar 10 19:15:13 2026] POST /v2.0/networks => generated 652 bytes in 561 msecs (HTTP/1.1 201) 4 headers in 162 bytes (1 switches on core 0)
2026-03-10 19:15:14.493 7 WARNING neutron.scheduler.dhcp_agent_scheduler [None req-e44779e9-da94-4669-a67c-e8afb0d22c9e 57d32dafdd2b4a35a92f5e439fe36a16 e6fc345e701c42d0ad78b3b64b2b0a8a - - default default] No more DHCP agents
2026-03-10 19:15:14.494 7 WARNING neutron.api.rpc.agentnotifiers.dhcp_rpc_agent_api [None req-e44779e9-da94-4669-a67c-e8afb0d22c9e 57d32dafdd2b4a35a92f5e439fe36a16 e6fc345e701c42d0ad78b3b64b2b0a8a - - default default] Unable to schedule network 970e1f59-51a9-4bd0-9749-049c75401961: no agents available; will retry on subsequent port and subnet creation events.
2026-03-10 19:15:14.532 7 INFO neutron.db.ovn_revision_numbers_db [None req-e44779e9-da94-4669-a67c-e8afb0d22c9e 57d32dafdd2b4a35a92f5e439fe36a16 e6fc345e701c42d0ad78b3b64b2b0a8a - - default default] Successfully bumped revision number for resource 4f2db426-688d-4019-9199-2f887a82f3fa (type: subnets) to 0 [pid: 7|app: 0|req: 1258/2255] 10.0.0.82 () {34 vars in 667 bytes} [Tue Mar 10 19:15:14 2026] POST /v2.0/subnets => generated 646 bytes in 235 msecs (HTTP/1.1 201) 4 headers in 162 bytes (1 switches on core 0)
2026-03-10 19:15:14.684 7 INFO neutron.db.ovn_revision_numbers_db [None req-27326283-3a67-4e12-8fc4-caceeafeb0e9 57d32dafdd2b4a35a92f5e439fe36a16 e6fc345e701c42d0ad78b3b64b2b0a8a - - default default] Successfully bumped revision number for resource 80a74ef8-f84d-423c-b82e-c2dbc0c654ac (type: routers) to 1 [pid: 7|app: 0|req: 1259/2256] 10.0.0.82 () {34 vars in 667 bytes} [Tue Mar 10 19:15:14 2026] POST /v2.0/routers => generated 607 bytes in 161 msecs (HTTP/1.1 201) 4 headers in 162 bytes (1 switches on core 0)
2026-03-10 19:15:14.894 8 INFO neutron.db.ovn_revision_numbers_db [None req-64e4e390-d880-4541-b460-69977ecbcaa0 28ab792de88d44f9a7c5a30e850adbcb 79aa9fad37c84681ba787b49ca504874 - - default default] Successfully bumped revision number for resource beff7c94-88cc-42b5-8e64-8565329aaec2 (type: security_groups) to 1
2026-03-10 19:15:14.906 8 INFO neutron.db.ovn_revision_numbers_db [None req-64e4e390-d880-4541-b460-69977ecbcaa0 28ab792de88d44f9a7c5a30e850adbcb 79aa9fad37c84681ba787b49ca504874 - - default default] Successfully bumped revision number for resource 19bbd5e4-6896-42d8-ae7a-c83b56844768 (type: security_group_rules) to 0
2026-03-10 19:15:14.918 8 INFO neutron.db.ovn_revision_numbers_db [None req-64e4e390-d880-4541-b460-69977ecbcaa0 28ab792de88d44f9a7c5a30e850adbcb 79aa9fad37c84681ba787b49ca504874 - - default default] Successfully bumped revision number for resource 360d7e4a-9bda-420e-9444-d735a63eac56 (type: security_group_rules) to 0
2026-03-10 19:15:14.930 8 INFO neutron.db.ovn_revision_numbers_db [None req-64e4e390-d880-4541-b460-69977ecbcaa0 28ab792de88d44f9a7c5a30e850adbcb 79aa9fad37c84681ba787b49ca504874 - - default default] Successfully bumped revision number for resource e5644b25-9f5c-4da2-81ad-fa1bc9a5a4f6 (type: security_group_rules) to 0
2026-03-10 19:15:14.941 8 INFO neutron.db.ovn_revision_numbers_db [None req-64e4e390-d880-4541-b460-69977ecbcaa0 28ab792de88d44f9a7c5a30e850adbcb 79aa9fad37c84681ba787b49ca504874 - - default default] Successfully bumped revision number for resource ecbfa0e6-44a3-4b24-9a61-33df85bed200 (type: security_group_rules) to 0
2026-03-10 19:15:15.019 8 INFO neutron.db.segments_db [None req-64e4e390-d880-4541-b460-69977ecbcaa0 28ab792de88d44f9a7c5a30e850adbcb 79aa9fad37c84681ba787b49ca504874 - - default default] Added segment 30b1ce4c-f2bf-465d-a157-96250ce5236f of type geneve for network 08b4b8d0-b207-4d96-ab9e-f7c6f4e15fc2
2026-03-10 19:15:15.025 7 WARNING neutron.scheduler.dhcp_agent_scheduler [None req-46693446-3d35-45c3-a947-cd0ea935988a 57d32dafdd2b4a35a92f5e439fe36a16 e6fc345e701c42d0ad78b3b64b2b0a8a - - default default] No more DHCP agents
2026-03-10 19:15:15.026 7 WARNING neutron.api.rpc.agentnotifiers.dhcp_rpc_agent_api [None req-46693446-3d35-45c3-a947-cd0ea935988a 57d32dafdd2b4a35a92f5e439fe36a16 e6fc345e701c42d0ad78b3b64b2b0a8a - - default default] Unable to schedule network 970e1f59-51a9-4bd0-9749-049c75401961: no agents available; will retry on subsequent port and subnet creation events.
2026-03-10 19:15:15.152 8 INFO neutron.db.ovn_revision_numbers_db [None req-64e4e390-d880-4541-b460-69977ecbcaa0 28ab792de88d44f9a7c5a30e850adbcb 79aa9fad37c84681ba787b49ca504874 - - default default] Successfully bumped revision number for resource 08b4b8d0-b207-4d96-ab9e-f7c6f4e15fc2 (type: networks) to 1
2026-03-10 19:15:15.191 7 INFO neutron.db.ovn_revision_numbers_db [None req-46693446-3d35-45c3-a947-cd0ea935988a 57d32dafdd2b4a35a92f5e439fe36a16 e6fc345e701c42d0ad78b3b64b2b0a8a - - default default] Successfully bumped revision number for resource e46df25b-1cc7-4580-9b6c-d6ca909c7387 (type: ports) to 1 [pid: 7|app: 0|req: 1260/2257] 10.0.0.82 () {34 vars in 663 bytes} [Tue Mar 10 19:15:14 2026] POST /v2.0/ports => generated 964 bytes in 498 msecs (HTTP/1.1 201) 4 headers in 162 bytes (1 switches on core 0) /var/lib/openstack/lib/python3.12/site-packages/pycadf/identifier.py:70: UserWarning: Invalid uuid: neutron. To ensure interoperability, identifiers should be a valid uuid. warnings.warn(('Invalid uuid: %s. To ensure interoperability, '
2026-03-10 19:15:15.349 8 WARNING neutron.scheduler.dhcp_agent_scheduler [None req-64e4e390-d880-4541-b460-69977ecbcaa0 28ab792de88d44f9a7c5a30e850adbcb 79aa9fad37c84681ba787b49ca504874 - - default default] No more DHCP agents
2026-03-10 19:15:15.350 8 WARNING neutron.api.rpc.agentnotifiers.dhcp_rpc_agent_api [None req-64e4e390-d880-4541-b460-69977ecbcaa0 28ab792de88d44f9a7c5a30e850adbcb 79aa9fad37c84681ba787b49ca504874 - - default default] Unable to schedule network 08b4b8d0-b207-4d96-ab9e-f7c6f4e15fc2: no agents available; will retry on subsequent port and subnet creation events.
2026-03-10 19:15:15.463 8 INFO neutron.db.ovn_revision_numbers_db [None req-64e4e390-d880-4541-b460-69977ecbcaa0 28ab792de88d44f9a7c5a30e850adbcb 79aa9fad37c84681ba787b49ca504874 - - default default] Successfully bumped revision number for resource 6bcd7e68-e325-425f-a74f-698ca935c6c9 (type: ports) to 1 [pid: 8|app: 0|req: 998/2258] 10.0.0.82 () {34 vars in 668 bytes} [Tue Mar 10 19:15:14 2026] POST /v2.0/networks => generated 659 bytes in 980 msecs (HTTP/1.1 201) 4 headers in 162 bytes (1 switches on core 0) [pid: 8|app: 0|req: 999/2259] 10.0.0.82 () {32 vars in 738 bytes} [Tue Mar 10 19:15:15 2026] DELETE /v2.0/security-groups/833c9bb9-7205-49e0-b8e7-d9b442f319be => generated 0 bytes in 260 msecs (HTTP/1.1 204) 2 headers in 112 bytes (1 switches on core 0)
2026-03-10 19:15:15.908 7 INFO neutron.db.ovn_revision_numbers_db [None req-a42f2839-e07d-4f4d-9093-f341a42c67b3 57d32dafdd2b4a35a92f5e439fe36a16 e6fc345e701c42d0ad78b3b64b2b0a8a - - default default] Successfully bumped revision number for resource e46df25b-1cc7-4580-9b6c-d6ca909c7387 (type: ports) to 2
2026-03-10 19:15:16.012 8 WARNING neutron.scheduler.dhcp_agent_scheduler [None req-51e6cb02-21f9-4f76-b8de-7d3f9bee47ff 28ab792de88d44f9a7c5a30e850adbcb 79aa9fad37c84681ba787b49ca504874 - - default default] No more DHCP agents
2026-03-10 19:15:16.016 8 WARNING neutron.api.rpc.agentnotifiers.dhcp_rpc_agent_api [None req-51e6cb02-21f9-4f76-b8de-7d3f9bee47ff 28ab792de88d44f9a7c5a30e850adbcb 79aa9fad37c84681ba787b49ca504874 - - default default] Unable to schedule network 08b4b8d0-b207-4d96-ab9e-f7c6f4e15fc2: no agents available; will retry on subsequent port and subnet creation events.
2026-03-10 19:15:16.426 8 WARNING neutron.plugins.ml2.drivers.ovn.mech_driver.ovsdb.ovn_client [None req-db4b4925-bc47-4814-af7c-c0087fe3d7bd - - - - - -] No port found with ID 7c62d51a-cd1a-4a5f-abec-be9281f57bd3: RuntimeError: No port found with ID 7c62d51a-cd1a-4a5f-abec-be9281f57bd3
2026-03-10 19:15:16.489 8 INFO neutron.plugins.ml2.drivers.ovn.mech_driver.mech_driver [None req-db4b4925-bc47-4814-af7c-c0087fe3d7bd - - - - - -] OVN reports status down for port: 8b90eb70-8f9e-4cb2-85c8-2381eddd48ed
2026-03-10 19:15:16.515 8 INFO neutron.plugins.ml2.drivers.ovn.mech_driver.mech_driver [None req-db4b4925-bc47-4814-af7c-c0087fe3d7bd - - - - - -] OVN reports status down for port: bdf232e6-7f29-47bb-946a-c263f311ae90
2026-03-10 19:15:16.526 8 INFO neutron.db.ovn_revision_numbers_db [None req-69b42fe5-0b29-4fe4-95dd-d6cc13c339fa - - - - - -] Successfully bumped revision number for resource 6bcd7e68-e325-425f-a74f-698ca935c6c9 (type: ports) to 2
2026-03-10 19:15:16.555 7 WARNING neutron.scheduler.dhcp_agent_scheduler [None req-a42f2839-e07d-4f4d-9093-f341a42c67b3 57d32dafdd2b4a35a92f5e439fe36a16 e6fc345e701c42d0ad78b3b64b2b0a8a - - default default] No more DHCP agents
2026-03-10 19:15:16.556 7 WARNING neutron.api.rpc.agentnotifiers.dhcp_rpc_agent_api [None req-a42f2839-e07d-4f4d-9093-f341a42c67b3 57d32dafdd2b4a35a92f5e439fe36a16 e6fc345e701c42d0ad78b3b64b2b0a8a - - default default] Unable to schedule network 970e1f59-51a9-4bd0-9749-049c75401961: no agents available; will retry on subsequent port and subnet creation events.
2026-03-10 19:15:16.576 8 INFO neutron.db.ovn_revision_numbers_db [None req-69b42fe5-0b29-4fe4-95dd-d6cc13c339fa - - - - - -] Successfully bumped revision number for resource f41ff5a1-ecd5-4db4-9276-65cef329edc5 (type: subnets) to 0 [pid: 8|app: 0|req: 1000/2260] 10.0.0.82 () {34 vars in 667 bytes} [Tue Mar 10 19:15:15 2026] POST /v2.0/subnets => generated 656 bytes in 861 msecs (HTTP/1.1 201) 4 headers in 162 bytes (1 switches on core 0)
2026-03-10 19:15:16.611 8 INFO neutron.plugins.ml2.drivers.ovn.mech_driver.mech_driver [None req-db4b4925-bc47-4814-af7c-c0087fe3d7bd - - - - - -] OVN reports status down for port: e46df25b-1cc7-4580-9b6c-d6ca909c7387 /var/lib/openstack/lib/python3.12/site-packages/pycadf/identifier.py:70: UserWarning: Invalid uuid: neutron. To ensure interoperability, identifiers should be a valid uuid. warnings.warn(('Invalid uuid: %s. To ensure interoperability, '
2026-03-10 19:15:16.781 7 INFO neutron.db.ovn_revision_numbers_db [None req-a42f2839-e07d-4f4d-9093-f341a42c67b3 57d32dafdd2b4a35a92f5e439fe36a16 e6fc345e701c42d0ad78b3b64b2b0a8a - - default default] Successfully bumped revision number for resource e46df25b-1cc7-4580-9b6c-d6ca909c7387 (type: router_ports) to 2 [pid: 7|app: 0|req: 1261/2261] 10.0.0.82 () {34 vars in 781 bytes} [Tue Mar 10 19:15:15 2026] PUT /v2.0/routers/80a74ef8-f84d-423c-b82e-c2dbc0c654ac/add_router_interface => generated 309 bytes in 1563 msecs (HTTP/1.1 200) 4 headers in 157 bytes (1 switches on core 0) /var/lib/openstack/lib/python3.12/site-packages/pycadf/identifier.py:70: UserWarning: Invalid uuid: neutron. To ensure interoperability, identifiers should be a valid uuid. warnings.warn(('Invalid uuid: %s. To ensure interoperability, '
2026-03-10 19:15:16.827 8 WARNING neutron.plugins.ml2.drivers.ovn.mech_driver.ovsdb.ovn_client [None req-db4b4925-bc47-4814-af7c-c0087fe3d7bd - - - - - -] Logical_Switch_Port %s host information not removed, the port state is up
2026-03-10 19:15:16.828 8 INFO neutron.plugins.ml2.drivers.ovn.mech_driver.mech_driver [None req-db4b4925-bc47-4814-af7c-c0087fe3d7bd - - - - - -] OVN reports status down for port: 6bcd7e68-e325-425f-a74f-698ca935c6c9 [pid: 7|app: 0|req: 1262/2262] 10.0.0.82 () {32 vars in 720 bytes} [Tue Mar 10 19:15:16 2026] GET /v2.0/subnetpools?name=shared-default-subnetpool-v6 => generated 19 bytes in 50 msecs (HTTP/1.1 200) 4 headers in 156 bytes (1 switches on core 0) [pid: 7|app: 0|req: 1263/2263] 10.0.0.82 () {32 vars in 715 bytes} [Tue Mar 10 19:15:16 2026] GET /v2.0/ports/e46df25b-1cc7-4580-9b6c-d6ca909c7387 => generated 1024 bytes in 24 msecs (HTTP/1.1 200) 4 headers in 158 bytes (1 switches on core 0)
2026-03-10 19:15:16.949 8 INFO neutron.plugins.ml2.drivers.ovn.mech_driver.mech_driver [None req-db4b4925-bc47-4814-af7c-c0087fe3d7bd - - - - - -] OVN reports status up for port: e46df25b-1cc7-4580-9b6c-d6ca909c7387
2026-03-10 19:15:16.988 8 INFO neutron.plugins.ml2.plugin [None req-db4b4925-bc47-4814-af7c-c0087fe3d7bd - - - - - -] Attempt 1 to provision port e46df25b-1cc7-4580-9b6c-d6ca909c7387
2026-03-10 19:15:17.036 7 WARNING neutron.scheduler.dhcp_agent_scheduler [None req-fb2cb073-a905-46d9-bad3-569de778f170 28ab792de88d44f9a7c5a30e850adbcb 79aa9fad37c84681ba787b49ca504874 - - default default] No more DHCP agents
2026-03-10 19:15:17.037 7 WARNING neutron.api.rpc.agentnotifiers.dhcp_rpc_agent_api [None req-fb2cb073-a905-46d9-bad3-569de778f170 28ab792de88d44f9a7c5a30e850adbcb 79aa9fad37c84681ba787b49ca504874 - - default default] Unable to schedule network 08b4b8d0-b207-4d96-ab9e-f7c6f4e15fc2: no agents available; will retry on subsequent port and subnet creation events.
2026-03-10 19:15:17.076 7 INFO neutron.db.ovn_revision_numbers_db [None req-fb2cb073-a905-46d9-bad3-569de778f170 28ab792de88d44f9a7c5a30e850adbcb 79aa9fad37c84681ba787b49ca504874 - - default default] Successfully bumped revision number for resource fcfbd233-9bcc-42c2-b61d-78a99cf35691 (type: subnets) to 0 [pid: 7|app: 0|req: 1264/2264] 10.0.0.82 () {34 vars in 667 bytes} [Tue Mar 10 19:15:16 2026] POST /v2.0/subnets => generated 731 bytes in 229 msecs (HTTP/1.1 201) 4 headers in 162 bytes (1 switches on core 0)
2026-03-10 19:15:17.251 8 INFO neutron_taas.services.taas.taas_plugin [None req-a45466a3-490d-43cb-807a-88e33582f713 477ae1d80eea4168a10a0c32a52c845c 353192f4ad3740a4b3e7e4da6aa57def - - default default] TaaS: Handle Delete Port: dbe89180-41cd-48f1-968b-6a93215d19d1
2026-03-10 19:15:17.258 8 INFO neutron_taas.services.taas.tap_mirror_plugin [None req-a45466a3-490d-43cb-807a-88e33582f713 477ae1d80eea4168a10a0c32a52c845c 353192f4ad3740a4b3e7e4da6aa57def - - default default] Tap Mirror: Handle Delete Port: dbe89180-41cd-48f1-968b-6a93215d19d1
2026-03-10 19:15:17.362 7 INFO neutron_taas.services.taas.taas_plugin [None req-f73de565-3c58-4f64-b049-50f099abd0a6 57d32dafdd2b4a35a92f5e439fe36a16 e6fc345e701c42d0ad78b3b64b2b0a8a - - default default] TaaS: Handle Delete Port: e46df25b-1cc7-4580-9b6c-d6ca909c7387
2026-03-10 19:15:17.365 7 INFO neutron_taas.services.taas.tap_mirror_plugin [None req-f73de565-3c58-4f64-b049-50f099abd0a6 57d32dafdd2b4a35a92f5e439fe36a16 e6fc345e701c42d0ad78b3b64b2b0a8a - - default default] Tap Mirror: Handle Delete Port: e46df25b-1cc7-4580-9b6c-d6ca909c7387
2026-03-10 19:15:17.656 8 ERROR ovsdbapp.backend.ovs_idl.command [None req-912e45f2-d94e-4ef6-a074-0bb84be20e2e - - - - - -] Error executing command (LspGetUpCommand): ovsdbapp.backend.ovs_idl.idlutils.RowNotFound: Cannot find Logical_Switch_Port with name=e46df25b-1cc7-4580-9b6c-d6ca909c7387
2026-03-10 19:15:17.656 8 ERROR ovsdbapp.backend.ovs_idl.command
Traceback (most recent call last):
2026-03-10 19:15:17.656 8 ERROR ovsdbapp.backend.ovs_idl.command
File "/var/lib/openstack/lib/python3.12/site-packages/ovsdbapp/backend/ovs_idl/command.py", line 47, in execute
2026-03-10 19:15:17.656 8 ERROR ovsdbapp.backend.ovs_idl.command self.run_idl(None)
2026-03-10 19:15:17.656 8 ERROR ovsdbapp.backend.ovs_idl.command
File "/var/lib/openstack/lib/python3.12/site-packages/ovsdbapp/schema/ovn_northbound/commands.py", line 681, in run_idl
2026-03-10 19:15:17.656 8 ERROR ovsdbapp.backend.ovs_idl.command lsp = self.api.lookup('Logical_Switch_Port', self.port)
2026-03-10 19:15:17.656 8 ERROR ovsdbapp.backend.ovs_idl.command ^^^^^^^^^^^^^^^^^^^^^^^^^^^^^^^^^^^^^^^^^^^^^^^^^
2026-03-10 19:15:17.656 8 ERROR ovsdbapp.backend.ovs_idl.command
File "/var/lib/openstack/lib/python3.12/site-packages/ovsdbapp/backend/ovs_idl/__init__.py", line 184, in lookup
2026-03-10 19:15:17.656 8 ERROR ovsdbapp.backend.ovs_idl.command return self._lookup(table, record)
2026-03-10 19:15:17.656 8 ERROR ovsdbapp.backend.ovs_idl.command ^^^^^^^^^^^^^^^^^^^^^^^^^^^
2026-03-10 19:15:17.656 8 ERROR ovsdbapp.backend.ovs_idl.command
File "/var/lib/openstack/lib/python3.12/site-packages/ovsdbapp/backend/ovs_idl/__init__.py", line 235, in _lookup
2026-03-10 19:15:17.656 8 ERROR ovsdbapp.backend.ovs_idl.command row = idlutils.row_by_value(self, rl.table, rl.column, record)
2026-03-10 19:15:17.656 8 ERROR ovsdbapp.backend.ovs_idl.command ^^^^^^^^^^^^^^^^^^^^^^^^^^^^^^^^^^^^^^^^^^^^^^^^^^^^^^^^
2026-03-10 19:15:17.656 8 ERROR ovsdbapp.backend.ovs_idl.command
File "/var/lib/openstack/lib/python3.12/site-packages/ovsdbapp/backend/ovs_idl/idlutils.py", line 114, in row_by_value
2026-03-10 19:15:17.656 8 ERROR ovsdbapp.backend.ovs_idl.command raise RowNotFound(table=table, col=column, match=match)
2026-03-10 19:15:17.656 8 ERROR ovsdbapp.backend.ovs_idl.command ovsdbapp.backend.ovs_idl.idlutils.RowNotFound: Cannot find Logical_Switch_Port with name=e46df25b-1cc7-4580-9b6c-d6ca909c7387
2026-03-10 19:15:17.656 8 ERROR ovsdbapp.backend.ovs_idl.command
2026-03-10 19:15:17.663 8 ERROR ovsdbapp.event [None req-912e45f2-d94e-4ef6-a074-0bb84be20e2e - - - - - -] Unexpected exception in notify_loop: ovsdbapp.backend.ovs_idl.idlutils.RowNotFound: Cannot find Logical_Switch_Port with name=e46df25b-1cc7-4580-9b6c-d6ca909c7387
2026-03-10 19:15:17.663 8 ERROR ovsdbapp.event
Traceback (most recent call last):
2026-03-10 19:15:17.663 8 ERROR ovsdbapp.event
File "/var/lib/openstack/lib/python3.12/site-packages/ovsdbapp/event.py", line 177, in notify_loop
2026-03-10 19:15:17.663 8 ERROR ovsdbapp.event match.run(event, row, updates)
2026-03-10 19:15:17.663 8 ERROR ovsdbapp.event
File "/var/lib/openstack/lib/python3.12/site-packages/neutron/plugins/ml2/drivers/ovn/mech_driver/ovsdb/ovsdb_monitor.py", line 536, in run
2026-03-10 19:15:17.663 8 ERROR ovsdbapp.event self.driver.set_port_status_up(row.name)
2026-03-10 19:15:17.663 8 ERROR ovsdbapp.event
File "/var/lib/openstack/lib/python3.12/site-packages/neutron/plugins/ml2/drivers/ovn/mech_driver/mech_driver.py", line 1333, in set_port_status_up
2026-03-10 19:15:17.663 8 ERROR ovsdbapp.event self._ovn_client.update_lsp_host_info(admin_context, db_port)
2026-03-10 19:15:17.663 8 ERROR ovsdbapp.event
File "/var/lib/openstack/lib/python3.12/site-packages/neutron/plugins/ml2/drivers/ovn/mech_driver/ovsdb/ovn_client.py", line 305, in update_lsp_host_info
2026-03-10 19:15:17.663 8 ERROR ovsdbapp.event port_up = self._nb_idl.lsp_get_up(db_port.id).execute(
2026-03-10 19:15:17.663 8 ERROR ovsdbapp.event ^^^^^^^^^^^^^^^^^^^^^^^^^^^^^^^^^^^^^^^^^^^^
2026-03-10 19:15:17.663 8 ERROR ovsdbapp.event
File "/var/lib/openstack/lib/python3.12/site-packages/ovsdbapp/backend/ovs_idl/command.py", line 47, in execute
2026-03-10 19:15:17.663 8 ERROR ovsdbapp.event self.run_idl(None)
2026-03-10 19:15:17.663 8 ERROR ovsdbapp.event
File "/var/lib/openstack/lib/python3.12/site-packages/ovsdbapp/schema/ovn_northbound/commands.py", line 681, in run_idl
2026-03-10 19:15:17.663 8 ERROR ovsdbapp.event lsp = self.api.lookup('Logical_Switch_Port', self.port)
2026-03-10 19:15:17.663 8 ERROR ovsdbapp.event ^^^^^^^^^^^^^^^^^^^^^^^^^^^^^^^^^^^^^^^^^^^^^^^^^
2026-03-10 19:15:17.663 8 ERROR ovsdbapp.event
File "/var/lib/openstack/lib/python3.12/site-packages/ovsdbapp/backend/ovs_idl/__init__.py", line 184, in lookup
2026-03-10 19:15:17.663 8 ERROR ovsdbapp.event return self._lookup(table, record)
2026-03-10 19:15:17.663 8 ERROR ovsdbapp.event ^^^^^^^^^^^^^^^^^^^^^^^^^^^
2026-03-10 19:15:17.663 8 ERROR ovsdbapp.event
File "/var/lib/openstack/lib/python3.12/site-packages/ovsdbapp/backend/ovs_idl/__init__.py", line 235, in _lookup
2026-03-10 19:15:17.663 8 ERROR ovsdbapp.event row = idlutils.row_by_value(self, rl.table, rl.column, record)
2026-03-10 19:15:17.663 8 ERROR ovsdbapp.event ^^^^^^^^^^^^^^^^^^^^^^^^^^^^^^^^^^^^^^^^^^^^^^^^^^^^^^^^
2026-03-10 19:15:17.663 8 ERROR ovsdbapp.event
File "/var/lib/openstack/lib/python3.12/site-packages/ovsdbapp/backend/ovs_idl/idlutils.py", line 114, in row_by_value
2026-03-10 19:15:17.663 8 ERROR ovsdbapp.event raise RowNotFound(table=table, col=column, match=match)
2026-03-10 19:15:17.663 8 ERROR ovsdbapp.event ovsdbapp.backend.ovs_idl.idlutils.RowNotFound: Cannot find Logical_Switch_Port with name=e46df25b-1cc7-4580-9b6c-d6ca909c7387
2026-03-10 19:15:17.663 8 ERROR ovsdbapp.event [pid: 7|app: 0|req: 1265/2265] 10.0.0.82 () {34 vars in 787 bytes} [Tue Mar 10 19:15:17 2026] PUT /v2.0/routers/80a74ef8-f84d-423c-b82e-c2dbc0c654ac/remove_router_interface => generated 309 bytes in 598 msecs (HTTP/1.1 200) 4 headers in 157 bytes (1 switches on core 0) /var/lib/openstack/lib/python3.12/site-packages/pycadf/identifier.py:70: UserWarning: Invalid uuid: neutron. To ensure interoperability, identifiers should be a valid uuid. warnings.warn(('Invalid uuid: %s. To ensure interoperability, '
2026-03-10 19:15:17.784 7 INFO neutron.db.segments_db [None req-600ea90a-42e0-4daf-9856-e3895c8fa402 28ab792de88d44f9a7c5a30e850adbcb 79aa9fad37c84681ba787b49ca504874 - - default default] Added segment 5f72ff98-208f-4db1-8318-6a969bd8ee4b of type geneve for network 64ac2d7b-b113-45ae-8808-7f10408b7952
2026-03-10 19:15:17.900 7 INFO neutron.db.ovn_revision_numbers_db [None req-600ea90a-42e0-4daf-9856-e3895c8fa402 28ab792de88d44f9a7c5a30e850adbcb 79aa9fad37c84681ba787b49ca504874 - - default default] Successfully bumped revision number for resource 64ac2d7b-b113-45ae-8808-7f10408b7952 (type: networks) to 1
2026-03-10 19:15:18.051 7 WARNING neutron.scheduler.dhcp_agent_scheduler [None req-600ea90a-42e0-4daf-9856-e3895c8fa402 28ab792de88d44f9a7c5a30e850adbcb 79aa9fad37c84681ba787b49ca504874 - - default default] No more DHCP agents
2026-03-10 19:15:18.052 7 WARNING neutron.api.rpc.agentnotifiers.dhcp_rpc_agent_api [None req-600ea90a-42e0-4daf-9856-e3895c8fa402 28ab792de88d44f9a7c5a30e850adbcb 79aa9fad37c84681ba787b49ca504874 - - default default] Unable to schedule network 64ac2d7b-b113-45ae-8808-7f10408b7952: no agents available; will retry on subsequent port and subnet creation events. [pid: 8|app: 0|req: 1001/2266] 10.0.0.82 () {34 vars in 787 bytes} [Tue Mar 10 19:15:16 2026] PUT /v2.0/routers/f48f9e94-459b-4b56-8822-c48b9b88c6b0/remove_router_interface => generated 309 bytes in 1491 msecs (HTTP/1.1 200) 4 headers in 157 bytes (1 switches on core 0) /var/lib/openstack/lib/python3.12/site-packages/pycadf/identifier.py:70: UserWarning: Invalid uuid: neutron. To ensure interoperability, identifiers should be a valid uuid. warnings.warn(('Invalid uuid: %s. To ensure interoperability, '
2026-03-10 19:15:18.183 8 INFO neutron.plugins.ml2.drivers.ovn.mech_driver.mech_driver [None req-912e45f2-d94e-4ef6-a074-0bb84be20e2e - - - - - -] OVN reports status down for port: b0d088a9-9127-43e6-9a3f-229b94182636
2026-03-10 19:15:18.187 7 INFO neutron.db.ovn_revision_numbers_db [None req-600ea90a-42e0-4daf-9856-e3895c8fa402 28ab792de88d44f9a7c5a30e850adbcb 79aa9fad37c84681ba787b49ca504874 - - default default] Successfully bumped revision number for resource b0d088a9-9127-43e6-9a3f-229b94182636 (type: ports) to 1 [pid: 7|app: 0|req: 1266/2267] 10.0.0.82 () {34 vars in 668 bytes} [Tue Mar 10 19:15:17 2026] POST /v2.0/networks => generated 656 bytes in 517 msecs (HTTP/1.1 201) 4 headers in 162 bytes (1 switches on core 0)
2026-03-10 19:15:18.270 8 INFO neutron.api.v2.resource [None req-05a9ba3d-5375-46ca-bc29-7ddd04ebb26e 57d32dafdd2b4a35a92f5e439fe36a16 e6fc345e701c42d0ad78b3b64b2b0a8a - - default default] remove_router_interface failed (client error): The resource could not be found. [pid: 8|app: 0|req: 1002/2268] 10.0.0.82 () {34 vars in 787 bytes} [Tue Mar 10 19:15:18 2026] PUT /v2.0/routers/80a74ef8-f84d-423c-b82e-c2dbc0c654ac/remove_router_interface => generated 197 bytes in 170 msecs (HTTP/1.1 404) 4 headers in 164 bytes (1 switches on core 0) [pid: 7|app: 0|req: 1267/2269] 10.0.0.82 () {32 vars in 722 bytes} [Tue Mar 10 19:15:18 2026] DELETE /v2.0/subnets/7c027821-7740-44af-a671-cdc4ba708824 => generated 0 bytes in 157 msecs (HTTP/1.1 204) 3 headers in 131 bytes (1 switches on core 0) [pid: 7|app: 0|req: 1268/2270] 10.0.0.82 () {32 vars in 734 bytes} [Tue Mar 10 19:15:18 2026] GET /v2.0/ports?device_id=80a74ef8-f84d-423c-b82e-c2dbc0c654ac => generated 12 bytes in 20 msecs (HTTP/1.1 200) 4 headers in 156 bytes (1 switches on core 0)
2026-03-10 19:15:18.510 8 WARNING neutron.scheduler.dhcp_agent_scheduler [None req-cc65b22f-379b-45b3-a126-a8fc60252ffe 28ab792de88d44f9a7c5a30e850adbcb 79aa9fad37c84681ba787b49ca504874 - - default default] No more DHCP agents
2026-03-10 19:15:18.511 8 WARNING neutron.api.rpc.agentnotifiers.dhcp_rpc_agent_api [None req-cc65b22f-379b-45b3-a126-a8fc60252ffe 28ab792de88d44f9a7c5a30e850adbcb 79aa9fad37c84681ba787b49ca504874 - - default default] Unable to schedule network 64ac2d7b-b113-45ae-8808-7f10408b7952: no agents available; will retry on subsequent port and subnet creation events.
2026-03-10 19:15:18.616 7 INFO neutron_taas.services.taas.taas_plugin [None req-5f78386a-dd3c-4b29-a96f-c0e876685a30 477ae1d80eea4168a10a0c32a52c845c 353192f4ad3740a4b3e7e4da6aa57def - - default default] TaaS: Handle Delete Port: 770e361c-bb68-4947-bf2a-111b223c2234
2026-03-10 19:15:18.618 7 INFO neutron_taas.services.taas.tap_mirror_plugin [None req-5f78386a-dd3c-4b29-a96f-c0e876685a30 477ae1d80eea4168a10a0c32a52c845c 353192f4ad3740a4b3e7e4da6aa57def - - default default] Tap Mirror: Handle Delete Port: 770e361c-bb68-4947-bf2a-111b223c2234
2026-03-10 19:15:19.029 8 INFO neutron.db.ovn_revision_numbers_db [None req-db9d08ba-cdf6-4291-9518-df40e68d10b9 - - - - - -] Successfully bumped revision number for resource b0d088a9-9127-43e6-9a3f-229b94182636 (type: ports) to 2 [pid: 7|app: 0|req: 1269/2271] 10.0.0.82 () {32 vars in 722 bytes} [Tue Mar 10 19:15:18 2026] DELETE /v2.0/routers/f48f9e94-459b-4b56-8822-c48b9b88c6b0 => generated 0 bytes in 683 msecs (HTTP/1.1 204) 2 headers in 112 bytes (1 switches on core 0)
2026-03-10 19:15:19.104 8 INFO neutron.db.ovn_revision_numbers_db [None req-db9d08ba-cdf6-4291-9518-df40e68d10b9 - - - - - -] Successfully bumped revision number for resource e0fc5807-05a2-4497-9010-51c09d68bbcd (type: subnets) to 0 [pid: 8|app: 0|req: 1003/2272] 10.0.0.82 () {34 vars in 667 bytes} [Tue Mar 10 19:15:18 2026] POST /v2.0/subnets => generated 655 bytes in 846 msecs (HTTP/1.1 201) 4 headers in 162 bytes (1 switches on core 0)
2026-03-10 19:15:19.243 8 INFO neutron_taas.services.taas.taas_plugin [None req-d34b019d-ceeb-4280-9abc-01c5954a555e 477ae1d80eea4168a10a0c32a52c845c 353192f4ad3740a4b3e7e4da6aa57def - - default default] TaaS: Handle Delete Port: 81cd9787-d8bb-44a7-ad13-61e4660c4e53
2026-03-10 19:15:19.247 8 INFO neutron_taas.services.taas.tap_mirror_plugin [None req-d34b019d-ceeb-4280-9abc-01c5954a555e 477ae1d80eea4168a10a0c32a52c845c 353192f4ad3740a4b3e7e4da6aa57def - - default default] Tap Mirror: Handle Delete Port: 81cd9787-d8bb-44a7-ad13-61e4660c4e53 [pid: 7|app: 0|req: 1270/2273] 10.0.0.82 () {32 vars in 722 bytes} [Tue Mar 10 19:15:19 2026] DELETE /v2.0/routers/80a74ef8-f84d-423c-b82e-c2dbc0c654ac => generated 0 bytes in 185 msecs (HTTP/1.1 204) 2 headers in 112 bytes (1 switches on core 0)
2026-03-10 19:15:19.456 8 INFO neutron.services.segments.plugin [-] Segment 5e71ca1c-d06a-4bc5-84c6-d8e2ef3bb7fa resource provider aggregate not found
2026-03-10 19:15:19.460 8 INFO neutron.services.segments.plugin [-] Segment 5e71ca1c-d06a-4bc5-84c6-d8e2ef3bb7fa resource provider aggregate not found
2026-03-10 19:15:19.478 8 INFO neutron.services.segments.plugin [-] Segment 5e71ca1c-d06a-4bc5-84c6-d8e2ef3bb7fa resource provider not found; error: Placement Client Error (4xx): {"errors": [{"status": 404, "title": "Not Found", "detail": "The resource could not be found.\n\n No resource provider with uuid 5e71ca1c-d06a-4bc5-84c6-d8e2ef3bb7fa found for delete ", "request_id": "req-a517a217-fa84-41ae-9944-5553bba3d1b3"}]}
2026-03-10 19:15:19.483 8 INFO neutron.services.segments.plugin [-] Segment 5e71ca1c-d06a-4bc5-84c6-d8e2ef3bb7fa resource provider not found; error: Placement Client Error (4xx): {"errors": [{"status": 404, "title": "Not Found", "detail": "The resource could not be found.\n\n No resource provider with uuid 5e71ca1c-d06a-4bc5-84c6-d8e2ef3bb7fa found for delete ", "request_id": "req-0fb91e0e-8c7b-4f8d-a5b7-da69e18cac07"}]} [pid: 8|app: 0|req: 1004/2274] 10.0.0.82 () {32 vars in 724 bytes} [Tue Mar 10 19:15:19 2026] DELETE /v2.0/networks/1e519f76-0c8f-441f-bf95-49bcb0c293a3 => generated 0 bytes in 394 msecs (HTTP/1.1 204) 3 headers in 131 bytes (1 switches on core 0)
2026-03-10 19:15:19.592 7 WARNING neutron.scheduler.dhcp_agent_scheduler [None req-3dcbdca3-3eaf-4bad-8a69-6b8e6245c076 28ab792de88d44f9a7c5a30e850adbcb 79aa9fad37c84681ba787b49ca504874 - - default default] No more DHCP agents
2026-03-10 19:15:19.594 7 WARNING neutron.api.rpc.agentnotifiers.dhcp_rpc_agent_api [None req-3dcbdca3-3eaf-4bad-8a69-6b8e6245c076 28ab792de88d44f9a7c5a30e850adbcb 79aa9fad37c84681ba787b49ca504874 - - default default] Unable to schedule network 64ac2d7b-b113-45ae-8808-7f10408b7952: no agents available; will retry on subsequent port and subnet creation events.
2026-03-10 19:15:19.633 7 INFO neutron.db.ovn_revision_numbers_db [None req-3dcbdca3-3eaf-4bad-8a69-6b8e6245c076 28ab792de88d44f9a7c5a30e850adbcb 79aa9fad37c84681ba787b49ca504874 - - default default] Successfully bumped revision number for resource 2f312dc0-1350-480b-969c-ce535faa287e (type: subnets) to 0 [pid: 7|app: 0|req: 1271/2275] 10.0.0.82 () {34 vars in 667 bytes} [Tue Mar 10 19:15:19 2026] POST /v2.0/subnets => generated 726 bytes in 395 msecs (HTTP/1.1 201) 4 headers in 162 bytes (1 switches on core 0) [pid: 8|app: 0|req: 1005/2276] 10.0.0.82 () {32 vars in 722 bytes} [Tue Mar 10 19:15:19 2026] DELETE /v2.0/subnets/4f2db426-688d-4019-9199-2f887a82f3fa => generated 0 bytes in 178 msecs (HTTP/1.1 204) 3 headers in 131 bytes (1 switches on core 0)
2026-03-10 19:15:19.751 7 INFO neutron.db.segments_db [None req-64472cc0-f2b4-45f3-8c1b-8a75105b3334 28ab792de88d44f9a7c5a30e850adbcb 79aa9fad37c84681ba787b49ca504874 - - default default] Added segment c853fb02-e130-4aeb-be44-b0d8c387193f of type geneve for network 43738a0f-2e8b-4d1a-8c42-ee240d6599fc
2026-03-10 19:15:19.826 8 INFO neutron_taas.services.taas.taas_plugin [None req-27b65e1b-5522-4c4a-983d-ebb35a3a9b88 57d32dafdd2b4a35a92f5e439fe36a16 e6fc345e701c42d0ad78b3b64b2b0a8a - - default default] TaaS: Handle Delete Port: bdf232e6-7f29-47bb-946a-c263f311ae90
2026-03-10 19:15:19.834 8 INFO neutron_taas.services.taas.tap_mirror_plugin [None req-27b65e1b-5522-4c4a-983d-ebb35a3a9b88 57d32dafdd2b4a35a92f5e439fe36a16 e6fc345e701c42d0ad78b3b64b2b0a8a - - default default] Tap Mirror: Handle Delete Port: bdf232e6-7f29-47bb-946a-c263f311ae90
2026-03-10 19:15:19.867 7 INFO neutron.db.ovn_revision_numbers_db [None req-64472cc0-f2b4-45f3-8c1b-8a75105b3334 28ab792de88d44f9a7c5a30e850adbcb 79aa9fad37c84681ba787b49ca504874 - - default default] Successfully bumped revision number for resource 43738a0f-2e8b-4d1a-8c42-ee240d6599fc (type: networks) to 1
2026-03-10 19:15:20.048 7 WARNING neutron.scheduler.dhcp_agent_scheduler [None req-64472cc0-f2b4-45f3-8c1b-8a75105b3334 28ab792de88d44f9a7c5a30e850adbcb 79aa9fad37c84681ba787b49ca504874 - - default default] No more DHCP agents
