2026-03-10 19:15:34.040 8 INFO neutron.db.ovn_revision_numbers_db [None req-ebb260de-1c20-4a1a-bdad-94df02b560ac 28ab792de88d44f9a7c5a30e850adbcb 79aa9fad37c84681ba787b49ca504874 - - default default] Successfully bumped revision number for resource 2e911079-4184-414c-9625-d83546bffd09 (type: security_group_rules) to 0
2026-03-10 19:15:34.051 7 INFO neutron.api.v2.resource [None req-1ea03816-a371-491a-ab81-7b75a48d4300 57d32dafdd2b4a35a92f5e439fe36a16 e6fc345e701c42d0ad78b3b64b2b0a8a - - default default] delete failed (client error): The resource could not be found. [pid: 7|app: 0|req: 1290/2323] 10.0.0.82 () {32 vars in 722 bytes} [Tue Mar 10 19:15:34 2026] DELETE /v2.0/routers/ff4cf706-90b4-4c85-85ad-02391c8fe578 => generated 135 bytes in 26 msecs (HTTP/1.1 404) 4 headers in 164 bytes (1 switches on core 0) [pid: 8|app: 0|req: 1034/2324] 10.0.0.82 () {34 vars in 693 bytes} [Tue Mar 10 19:15:33 2026] POST /v2.0/security-group-rules => generated 597 bytes in 288 msecs (HTTP/1.1 201) 4 headers in 162 bytes (1 switches on core 0) [pid: 8|app: 0|req: 1035/2325] 10.0.0.82 () {32 vars in 734 bytes} [Tue Mar 10 19:15:34 2026] GET /v2.0/ports?device_id=ca0b0bfc-2e17-4e0c-a043-8a3e02798bfb => generated 12 bytes in 24 msecs (HTTP/1.1 200) 4 headers in 156 bytes (1 switches on core 0)
2026-03-10 19:15:34.231 7 WARNING neutron.scheduler.dhcp_agent_scheduler [None req-f69d7960-af7b-47e9-bbb3-0a371c03bd2a ab3e686e5d474d5bacc5cb9fb25a5ba2 14eb435840324a2f99b7c85b7c2b4181 - - default default] No more DHCP agents
2026-03-10 19:15:34.233 7 WARNING neutron.api.rpc.agentnotifiers.dhcp_rpc_agent_api [None req-f69d7960-af7b-47e9-bbb3-0a371c03bd2a ab3e686e5d474d5bacc5cb9fb25a5ba2 14eb435840324a2f99b7c85b7c2b4181 - - default default] Unable to schedule network 1c42ba95-0a98-4574-a1f6-6cc0441d5b0e: no agents available; will retry on subsequent port and subnet creation events.
2026-03-10 19:15:34.276 8 INFO neutron.db.ovn_revision_numbers_db [None req-f5866927-2c66-469f-8f3e-07a28d19628f 28ab792de88d44f9a7c5a30e850adbcb 79aa9fad37c84681ba787b49ca504874 - - default default] Successfully bumped revision number for resource 3824a481-3e06-4dcc-b8c2-08a56f45807c (type: security_group_rules) to 0 [pid: 8|app: 0|req: 1036/2326] 10.0.0.82 () {34 vars in 693 bytes} [Tue Mar 10 19:15:34 2026] POST /v2.0/security-group-rules => generated 597 bytes in 199 msecs (HTTP/1.1 201) 4 headers in 162 bytes (1 switches on core 0)
2026-03-10 19:15:34.339 8 INFO neutron.api.v2.resource [None req-e0245756-1c54-4dfe-8173-0e7ac59eb03e 57d32dafdd2b4a35a92f5e439fe36a16 e6fc345e701c42d0ad78b3b64b2b0a8a - - default default] delete failed (client error): The resource could not be found. [pid: 8|app: 0|req: 1037/2327] 10.0.0.82 () {32 vars in 722 bytes} [Tue Mar 10 19:15:34 2026] DELETE /v2.0/routers/ca0b0bfc-2e17-4e0c-a043-8a3e02798bfb => generated 135 bytes in 31 msecs (HTTP/1.1 404) 4 headers in 164 bytes (1 switches on core 0)
2026-03-10 19:15:34.543 8 INFO neutron.db.ovn_revision_numbers_db [None req-6ba9326a-0500-48ba-82ae-bbbe1deef8ce 28ab792de88d44f9a7c5a30e850adbcb 79aa9fad37c84681ba787b49ca504874 - - default default] Successfully bumped revision number for resource f5c16359-a3e5-42a9-b1aa-3fceb5e97f0b (type: security_group_rules) to 0 [pid: 8|app: 0|req: 1038/2328] 10.0.0.82 () {34 vars in 693 bytes} [Tue Mar 10 19:15:34 2026] POST /v2.0/security-group-rules => generated 597 bytes in 233 msecs (HTTP/1.1 201) 4 headers in 162 bytes (1 switches on core 0)
2026-03-10 19:15:34.589 8 INFO neutron.pecan_wsgi.hooks.translation [None req-05df4487-f14e-451b-b1ef-3000930ee384 57d32dafdd2b4a35a92f5e439fe36a16 e6fc345e701c42d0ad78b3b64b2b0a8a - - default default] DELETE failed (client error): The resource could not be found. [pid: 8|app: 0|req: 1039/2329] 10.0.0.82 () {32 vars in 722 bytes} [Tue Mar 10 19:15:34 2026] DELETE /v2.0/subnets/45c6cc40-b23b-44c3-b3d4-73d8393cbc77 => generated 136 bytes in 17 msecs (HTTP/1.1 404) 4 headers in 164 bytes (1 switches on core 0)
2026-03-10 19:15:34.740 7 INFO neutron.db.ovn_revision_numbers_db [None req-97212630-29aa-4f68-ae51-8e2a4e626333 - - - - - -] Successfully bumped revision number for resource e7bf5d60-d3cd-4287-b71f-1e3cfbb394cc (type: ports) to 2
2026-03-10 19:15:34.784 7 INFO neutron.db.ovn_revision_numbers_db [None req-97212630-29aa-4f68-ae51-8e2a4e626333 - - - - - -] Successfully bumped revision number for resource a54b3886-6a07-4b18-8ab1-7c9383cbee37 (type: subnets) to 0 [pid: 7|app: 0|req: 1291/2330] 10.0.0.82 () {34 vars in 667 bytes} [Tue Mar 10 19:15:34 2026] POST /v2.0/subnets => generated 629 bytes in 756 msecs (HTTP/1.1 201) 4 headers in 162 bytes (1 switches on core 0) [pid: 7|app: 0|req: 1292/2331] 10.0.0.82 () {32 vars in 734 bytes} [Tue Mar 10 19:15:34 2026] GET /v2.0/ports?device_id=80a74ef8-f84d-423c-b82e-c2dbc0c654ac => generated 12 bytes in 26 msecs (HTTP/1.1 200) 4 headers in 156 bytes (1 switches on core 0)
2026-03-10 19:15:34.866 8 INFO neutron.db.ovn_revision_numbers_db [None req-03f4d6bd-dde0-478f-924e-30087d4e1fa1 28ab792de88d44f9a7c5a30e850adbcb 79aa9fad37c84681ba787b49ca504874 - - default default] Successfully bumped revision number for resource ef72cf3e-525a-447b-bab6-f98b33941e22 (type: security_group_rules) to 0 [pid: 8|app: 0|req: 1040/2332] 10.0.0.82 () {34 vars in 693 bytes} [Tue Mar 10 19:15:34 2026] POST /v2.0/security-group-rules => generated 599 bytes in 307 msecs (HTTP/1.1 201) 4 headers in 162 bytes (1 switches on core 0)
2026-03-10 19:15:34.916 8 INFO neutron.api.v2.resource [None req-d4119195-d138-440b-86f6-236bf0adf01c 57d32dafdd2b4a35a92f5e439fe36a16 e6fc345e701c42d0ad78b3b64b2b0a8a - - default default] delete failed (client error): The resource could not be found. [pid: 8|app: 0|req: 1041/2333] 10.0.0.82 () {32 vars in 722 bytes} [Tue Mar 10 19:15:34 2026] DELETE /v2.0/routers/80a74ef8-f84d-423c-b82e-c2dbc0c654ac => generated 135 bytes in 17 msecs (HTTP/1.1 404) 4 headers in 164 bytes (1 switches on core 0)
2026-03-10 19:15:34.933 7 INFO neutron.db.segments_db [None req-575d8bcd-c55b-4fa1-bef8-ca3dbdedc78c ab3e686e5d474d5bacc5cb9fb25a5ba2 14eb435840324a2f99b7c85b7c2b4181 - - default default] Added segment d2212d4b-5908-4fda-85cf-0f5caf1afa5f of type geneve for network 8814795b-0ae3-4399-9370-40d054fa2e31
2026-03-10 19:15:35.048 7 INFO neutron.db.ovn_revision_numbers_db [None req-575d8bcd-c55b-4fa1-bef8-ca3dbdedc78c ab3e686e5d474d5bacc5cb9fb25a5ba2 14eb435840324a2f99b7c85b7c2b4181 - - default default] Successfully bumped revision number for resource 8814795b-0ae3-4399-9370-40d054fa2e31 (type: networks) to 1
2026-03-10 19:15:35.143 8 INFO neutron.db.ovn_revision_numbers_db [None req-dce95501-7c17-4202-9ff6-22eee2dc111b 28ab792de88d44f9a7c5a30e850adbcb 79aa9fad37c84681ba787b49ca504874 - - default default] Successfully bumped revision number for resource 42dc2bcb-187c-4f1d-8aa3-2b49c2ea7883 (type: security_group_rules) to 0 [pid: 8|app: 0|req: 1042/2334] 10.0.0.82 () {34 vars in 693 bytes} [Tue Mar 10 19:15:34 2026] POST /v2.0/security-group-rules => generated 601 bytes in 270 msecs (HTTP/1.1 201) 4 headers in 162 bytes (1 switches on core 0)
2026-03-10 19:15:35.205 8 INFO neutron.pecan_wsgi.hooks.translation [None req-75941da8-d05a-4516-9477-96e90ebba6ee 57d32dafdd2b4a35a92f5e439fe36a16 e6fc345e701c42d0ad78b3b64b2b0a8a - - default default] DELETE failed (client error): The resource could not be found. [pid: 8|app: 0|req: 1043/2335] 10.0.0.82 () {32 vars in 722 bytes} [Tue Mar 10 19:15:35 2026] DELETE /v2.0/subnets/4f2db426-688d-4019-9199-2f887a82f3fa => generated 136 bytes in 20 msecs (HTTP/1.1 404) 4 headers in 164 bytes (1 switches on core 0)
2026-03-10 19:15:35.266 7 WARNING neutron.scheduler.dhcp_agent_scheduler [None req-575d8bcd-c55b-4fa1-bef8-ca3dbdedc78c ab3e686e5d474d5bacc5cb9fb25a5ba2 14eb435840324a2f99b7c85b7c2b4181 - - default default] No more DHCP agents
2026-03-10 19:15:35.268 7 WARNING neutron.api.rpc.agentnotifiers.dhcp_rpc_agent_api [None req-575d8bcd-c55b-4fa1-bef8-ca3dbdedc78c ab3e686e5d474d5bacc5cb9fb25a5ba2 14eb435840324a2f99b7c85b7c2b4181 - - default default] Unable to schedule network 8814795b-0ae3-4399-9370-40d054fa2e31: no agents available; will retry on subsequent port and subnet creation events.
2026-03-10 19:15:35.385 7 INFO neutron.db.ovn_revision_numbers_db [None req-575d8bcd-c55b-4fa1-bef8-ca3dbdedc78c ab3e686e5d474d5bacc5cb9fb25a5ba2 14eb435840324a2f99b7c85b7c2b4181 - - default default] Successfully bumped revision number for resource 8ece482b-9418-4027-a4dd-ad7bedbd6e78 (type: ports) to 1 [pid: 7|app: 0|req: 1293/2336] 10.0.0.82 () {34 vars in 668 bytes} [Tue Mar 10 19:15:34 2026] POST /v2.0/networks => generated 651 bytes in 581 msecs (HTTP/1.1 201) 4 headers in 162 bytes (1 switches on core 0) [pid: 8|app: 0|req: 1044/2337] 10.0.0.27 () {28 vars in 581 bytes} [Tue Mar 10 19:15:35 2026] GET /v2.0/subnets => generated 8054 bytes in 229 msecs (HTTP/1.1 200) 4 headers in 158 bytes (1 switches on core 0) [pid: 8|app: 0|req: 1045/2338] 10.0.0.82 () {32 vars in 734 bytes} [Tue Mar 10 19:15:35 2026] GET /v2.0/ports?device_id=2da8c920-ee7b-4302-9b7c-0d96a94161da => generated 12 bytes in 31 msecs (HTTP/1.1 200) 4 headers in 156 bytes (1 switches on core 0)
2026-03-10 19:15:35.648 7 INFO neutron.db.ovn_revision_numbers_db [None req-61059b0e-1164-4d9d-8f07-1334eb99c25b 28ab792de88d44f9a7c5a30e850adbcb 79aa9fad37c84681ba787b49ca504874 - - default default] Successfully bumped revision number for resource 49e5d124-9ccf-41fd-8d92-32d9640b0c99 (type: security_group_rules) to 0 [pid: 7|app: 0|req: 1294/2339] 10.0.0.82 () {34 vars in 693 bytes} [Tue Mar 10 19:15:35 2026] POST /v2.0/security-group-rules => generated 597 bytes in 261 msecs (HTTP/1.1 201) 4 headers in 162 bytes (1 switches on core 0) [pid: 7|app: 0|req: 1295/2340] 10.0.0.27 () {28 vars in 589 bytes} [Tue Mar 10 19:15:35 2026] GET /v2.0/subnetpools => generated 19 bytes in 16 msecs (HTTP/1.1 200) 4 headers in 156 bytes (1 switches on core 0)
2026-03-10 19:15:35.702 8 WARNING neutron.scheduler.dhcp_agent_scheduler [None req-3d7f27dd-e8e5-4779-8452-e574dcefdc63 ab3e686e5d474d5bacc5cb9fb25a5ba2 14eb435840324a2f99b7c85b7c2b4181 - - default default] No more DHCP agents
2026-03-10 19:15:35.703 8 WARNING neutron.api.rpc.agentnotifiers.dhcp_rpc_agent_api [None req-3d7f27dd-e8e5-4779-8452-e574dcefdc63 ab3e686e5d474d5bacc5cb9fb25a5ba2 14eb435840324a2f99b7c85b7c2b4181 - - default default] Unable to schedule network 8814795b-0ae3-4399-9370-40d054fa2e31: no agents available; will retry on subsequent port and subnet creation events.
2026-03-10 19:15:35.718 7 INFO neutron.api.v2.resource [None req-bac899f5-ed81-4908-8044-e37346a39821 57d32dafdd2b4a35a92f5e439fe36a16 e6fc345e701c42d0ad78b3b64b2b0a8a - - default default] delete failed (client error): The resource could not be found. [pid: 7|app: 0|req: 1296/2341] 10.0.0.82 () {32 vars in 722 bytes} [Tue Mar 10 19:15:35 2026] DELETE /v2.0/routers/2da8c920-ee7b-4302-9b7c-0d96a94161da => generated 135 bytes in 21 msecs (HTTP/1.1 404) 4 headers in 164 bytes (1 switches on core 0) [pid: 7|app: 0|req: 1297/2342] 10.0.0.27 () {28 vars in 583 bytes} [Tue Mar 10 19:15:35 2026] GET /v2.0/networks => generated 8684 bytes in 89 msecs (HTTP/1.1 200) 4 headers in 158 bytes (1 switches on core 0)
2026-03-10 19:15:35.819 7 INFO neutron.pecan_wsgi.hooks.translation [None req-ac15f662-6542-46ee-a176-65b27a155220 57d32dafdd2b4a35a92f5e439fe36a16 e6fc345e701c42d0ad78b3b64b2b0a8a - - default default] DELETE failed (client error): The resource could not be found. [pid: 7|app: 0|req: 1298/2343] 10.0.0.82 () {32 vars in 722 bytes} [Tue Mar 10 19:15:35 2026] DELETE /v2.0/subnets/f29f3fa6-2db7-41c9-8733-ecbc8e4db7bf => generated 136 bytes in 13 msecs (HTTP/1.1 404) 4 headers in 164 bytes (1 switches on core 0) [pid: 7|app: 0|req: 1299/2344] 10.0.0.27 () {28 vars in 617 bytes} [Tue Mar 10 19:15:35 2026] GET /v2.0/network-ip-availabilities => generated 5261 bytes in 27 msecs (HTTP/1.1 200) 4 headers in 158 bytes (1 switches on core 0)
2026-03-10 19:15:35.861 7 INFO neutron.pecan_wsgi.hooks.translation [None req-57dcb35c-6d12-4d78-a9bb-5373ede4d0e4 57d32dafdd2b4a35a92f5e439fe36a16 e6fc345e701c42d0ad78b3b64b2b0a8a - - default default] DELETE failed (client error): The resource could not be found. [pid: 7|app: 0|req: 1300/2345] 10.0.0.82 () {32 vars in 722 bytes} [Tue Mar 10 19:15:35 2026] DELETE /v2.0/subnets/b40a2ab1-0700-43cb-94aa-26741bf77a21 => generated 136 bytes in 12 msecs (HTTP/1.1 404) 4 headers in 164 bytes (1 switches on core 0) [pid: 7|app: 0|req: 1301/2346] 10.0.0.27 () {28 vars in 589 bytes} [Tue Mar 10 19:15:35 2026] GET /v2.0/floatingips => generated 19 bytes in 17 msecs (HTTP/1.1 200) 4 headers in 156 bytes (1 switches on core 0) [pid: 7|app: 0|req: 1302/2347] 10.0.0.27 () {28 vars in 597 bytes} [Tue Mar 10 19:15:35 2026] GET /v2.0/security-groups => generated 34448 bytes in 50 msecs (HTTP/1.1 200) 4 headers in 159 bytes (1 switches on core 0) [pid: 7|app: 0|req: 1303/2348] 10.0.0.27 () {28 vars in 579 bytes} [Tue Mar 10 19:15:35 2026] GET /v2.0/agents => generated 1214 bytes in 101 msecs (HTTP/1.1 200) 4 headers in 158 bytes (1 switches on core 0) [pid: 7|app: 0|req: 1304/2349] 10.0.0.8 () {34 vars in 1093 bytes} [Tue Mar 10 19:15:36 2026] GET /v2.0/security-groups?name=tempest-lb_member_SG-1880932080&fields=id&tenant_id=79aa9fad37c84681ba787b49ca504874 => generated 69 bytes in 44 msecs (HTTP/1.1 200) 4 headers in 156 bytes (1 switches on core 0) [pid: 7|app: 0|req: 1305/2350] 10.0.0.27 () {28 vars in 581 bytes} [Tue Mar 10 19:15:36 2026] GET /v2.0/subnets => generated 8691 bytes in 60 msecs (HTTP/1.1 200) 4 headers in 158 bytes (1 switches on core 0)
2026-03-10 19:15:36.227 8 INFO neutron.db.ovn_revision_numbers_db [None req-bbdce84b-8776-415a-b29e-ee829a2e4f95 - - - - - -] Successfully bumped revision number for resource 8ece482b-9418-4027-a4dd-ad7bedbd6e78 (type: ports) to 2 [pid: 7|app: 0|req: 1306/2351] 10.0.0.8 () {34 vars in 979 bytes} [Tue Mar 10 19:15:36 2026] GET /v2.0/networks?id=64ac2d7b-b113-45ae-8808-7f10408b7952 => generated 742 bytes in 79 msecs (HTTP/1.1 200) 4 headers in 157 bytes (1 switches on core 0)
2026-03-10 19:15:36.251 8 INFO neutron.db.ovn_revision_numbers_db [None req-bbdce84b-8776-415a-b29e-ee829a2e4f95 - - - - - -] Successfully bumped revision number for resource 1a984f0a-bb7e-470c-8aae-69f2520b7a15 (type: subnets) to 0 [pid: 8|app: 0|req: 1046/2352] 10.0.0.82 () {34 vars in 667 bytes} [Tue Mar 10 19:15:35 2026] POST /v2.0/subnets => generated 629 bytes in 798 msecs (HTTP/1.1 201) 4 headers in 162 bytes (1 switches on core 0) [pid: 8|app: 0|req: 1047/2353] 10.0.0.8 () {34 vars in 962 bytes} [Tue Mar 10 19:15:36 2026] GET /v2.0/quotas/79aa9fad37c84681ba787b49ca504874 => generated 292 bytes in 10 msecs (HTTP/1.1 200) 4 headers in 157 bytes (1 switches on core 0) [pid: 8|app: 0|req: 1048/2354] 10.0.0.82 () {34 vars in 749 bytes} [Tue Mar 10 19:15:36 2026] PUT /v2.0/subnets/e0a3531e-d8a3-47f4-bb90-35ad962a8c69/tags => generated 17 bytes in 45 msecs (HTTP/1.1 200) 4 headers in 156 bytes (1 switches on core 0) [pid: 7|app: 0|req: 1307/2355] 10.0.0.27 () {28 vars in 577 bytes} [Tue Mar 10 19:15:36 2026] GET /v2.0/ports => generated 17831 bytes in 110 msecs (HTTP/1.1 200) 4 headers in 159 bytes (1 switches on core 0) [pid: 7|app: 0|req: 1308/2356] 10.0.0.82 () {34 vars in 749 bytes} [Tue Mar 10 19:15:36 2026] PUT /v2.0/subnets/1f597f0f-cdbc-4b77-8872-5414ca48d454/tags => generated 25 bytes in 60 msecs (HTTP/1.1 200) 4 headers in 156 bytes (1 switches on core 0) [pid: 7|app: 0|req: 1309/2357] 10.0.0.27 () {28 vars in 581 bytes} [Tue Mar 10 19:15:36 2026] GET /v2.0/routers => generated 965 bytes in 56 msecs (HTTP/1.1 200) 4 headers in 157 bytes (1 switches on core 0) [pid: 8|app: 0|req: 1049/2358] 10.0.0.8 () {34 vars in 999 bytes} [Tue Mar 10 19:15:36 2026] GET /v2.0/ports?tenant_id=79aa9fad37c84681ba787b49ca504874&fields=id => generated 287 bytes in 168 msecs (HTTP/1.1 200) 4 headers in 157 bytes (1 switches on core 0) [pid: 8|app: 0|req: 1050/2359] 10.0.0.82 () {34 vars in 749 bytes} [Tue Mar 10 19:15:36 2026] PUT /v2.0/subnets/0867fb89-0875-4c56-880d-2ca86462a23c/tags => generated 34 bytes in 48 msecs (HTTP/1.1 200) 4 headers in 156 bytes (1 switches on core 0) [pid: 8|app: 0|req: 1051/2360] 10.0.0.27 () {28 vars in 622 bytes} [Tue Mar 10 19:15:36 2026] GET /v2.0/agents?binary=ovn-controller => generated 416 bytes in 12 msecs (HTTP/1.1 200) 4 headers in 157 bytes (1 switches on core 0) [pid: 7|app: 0|req: 1310/2361] 10.0.0.82 () {32 vars in 772 bytes} [Tue Mar 10 19:15:36 2026] GET /v2.0/security-groups?tenant_id=e6fc345e701c42d0ad78b3b64b2b0a8a&name=default => generated 2925 bytes in 115 msecs (HTTP/1.1 200) 4 headers in 158 bytes (1 switches on core 0) [pid: 8|app: 0|req: 1052/2362] 10.0.0.8 () {34 vars in 1005 bytes} [Tue Mar 10 19:15:36 2026] GET /v2.0/networks/64ac2d7b-b113-45ae-8808-7f10408b7952?fields=segments => generated 14 bytes in 36 msecs (HTTP/1.1 200) 4 headers in 156 bytes (1 switches on core 0) [pid: 7|app: 0|req: 1311/2363] 10.0.0.82 () {34 vars in 749 bytes} [Tue Mar 10 19:15:36 2026] PUT /v2.0/subnets/a54b3886-6a07-4b18-8ab1-7c9383cbee37/tags => generated 19 bytes in 40 msecs (HTTP/1.1 200) 4 headers in 156 bytes (1 switches on core 0) [pid: 7|app: 0|req: 1312/2364] 10.0.0.8 () {34 vars in 1105 bytes} [Tue Mar 10 19:15:36 2026] GET /v2.0/networks/64ac2d7b-b113-45ae-8808-7f10408b7952?fields=provider%3Aphysical_network&fields=provider%3Anetwork_type => generated 79 bytes in 45 msecs (HTTP/1.1 200) 4 headers in 156 bytes (1 switches on core 0) [pid: 7|app: 0|req: 1313/2365] 10.0.0.82 () {32 vars in 662 bytes} [Tue Mar 10 19:15:36 2026] GET /v2.0/subnets?tags=red => generated 1904 bytes in 46 msecs (HTTP/1.1 200) 4 headers in 158 bytes (1 switches on core 0) [pid: 7|app: 0|req: 1314/2366] 10.0.0.82 () {32 vars in 676 bytes} [Tue Mar 10 19:15:36 2026] GET /v2.0/subnets?tags=red%2Cblue => generated 1283 bytes in 54 msecs (HTTP/1.1 200) 4 headers in 158 bytes (1 switches on core 0) [pid: 7|app: 0|req: 1315/2367] 10.0.0.82 () {32 vars in 672 bytes} [Tue Mar 10 19:15:36 2026] GET /v2.0/subnets?tags-any=blue => generated 1283 bytes in 55 msecs (HTTP/1.1 200) 4 headers in 158 bytes (1 switches on core 0) [pid: 7|app: 0|req: 1316/2368] 10.0.0.8 () {34 vars in 987 bytes} [Tue Mar 10 19:15:36 2026] GET /v2.0/ports?device_id=5056f1e7-01de-465c-b46e-f1839fcb65b3 => generated 12 bytes in 23 msecs (HTTP/1.1 200) 4 headers in 156 bytes (1 switches on core 0) [pid: 8|app: 0|req: 1053/2369] 10.0.0.82 () {32 vars in 738 bytes} [Tue Mar 10 19:15:36 2026] DELETE /v2.0/security-groups/359b44f3-277f-433e-9261-5635529f52a0 => generated 0 bytes in 294 msecs (HTTP/1.1 204) 2 headers in 112 bytes (1 switches on core 0) [pid: 7|app: 0|req: 1317/2370] 10.0.0.82 () {32 vars in 684 bytes} [Tue Mar 10 19:15:36 2026] GET /v2.0/subnets?tags-any=red%2Cblue => generated 1904 bytes in 43 msecs (HTTP/1.1 200) 4 headers in 158 bytes (1 switches on core 0) [pid: 8|app: 0|req: 1054/2371] 10.0.0.82 () {32 vars in 670 bytes} [Tue Mar 10 19:15:36 2026] GET /v2.0/subnets?not-tags=red => generated 1894 bytes in 50 msecs (HTTP/1.1 200) 4 headers in 158 bytes (1 switches on core 0) [pid: 7|app: 0|req: 1318/2372] 10.0.0.82 () {32 vars in 684 bytes} [Tue Mar 10 19:15:36 2026] GET /v2.0/subnets?not-tags=red%2Cblue => generated 2515 bytes in 50 msecs (HTTP/1.1 200) 4 headers in 158 bytes (1 switches on core 0) [pid: 8|app: 0|req: 1055/2373] 10.0.0.82 () {32 vars in 680 bytes} [Tue Mar 10 19:15:37 2026] GET /v2.0/subnets?not-tags-any=blue => generated 2515 bytes in 48 msecs (HTTP/1.1 200) 4 headers in 158 bytes (1 switches on core 0) [pid: 7|app: 0|req: 1319/2374] 10.0.0.82 () {32 vars in 692 bytes} [Tue Mar 10 19:15:37 2026] GET /v2.0/subnets?not-tags-any=red%2Cblue => generated 1894 bytes in 47 msecs (HTTP/1.1 200) 4 headers in 158 bytes (1 switches on core 0) [pid: 8|app: 0|req: 1056/2375] 10.0.0.82 () {32 vars in 722 bytes} [Tue Mar 10 19:15:37 2026] DELETE /v2.0/subnets/e0a3531e-d8a3-47f4-bb90-35ad962a8c69 => generated 0 bytes in 170 msecs (HTTP/1.1 204) 3 headers in 131 bytes (1 switches on core 0)
2026-03-10 19:15:37.369 8 WARNING neutron.plugins.ml2.drivers.ovn.mech_driver.ovsdb.ovn_client [None req-694c1e4e-8f4f-47f4-befd-ec23f0e37803 - - - - - -] No hosting information found for port 4bb5550a-4e22-41d7-87f6-113d0234d3e3: RuntimeError: No hosting information found for port 4bb5550a-4e22-41d7-87f6-113d0234d3e3 [pid: 7|app: 0|req: 1320/2376] 10.0.0.82 () {32 vars in 722 bytes} [Tue Mar 10 19:15:37 2026] DELETE /v2.0/subnets/1f597f0f-cdbc-4b77-8872-5414ca48d454 => generated 0 bytes in 198 msecs (HTTP/1.1 204) 3 headers in 131 bytes (1 switches on core 0)
2026-03-10 19:15:37.492 8 INFO neutron.db.ovn_revision_numbers_db [None req-694c1e4e-8f4f-47f4-befd-ec23f0e37803 - - - - - -] Successfully bumped revision number for resource 4bb5550a-4e22-41d7-87f6-113d0234d3e3 (type: router_ports) to 2
2026-03-10 19:15:37.493 8 INFO neutron.plugins.ml2.drivers.ovn.mech_driver.mech_driver [None req-694c1e4e-8f4f-47f4-befd-ec23f0e37803 - - - - - -] OVN reports status down for port: 849c6406-567d-4807-850d-cb6a9551663d
2026-03-10 19:15:37.595 8 WARNING neutron.plugins.ml2.drivers.ovn.mech_driver.ovsdb.ovn_client [None req-694c1e4e-8f4f-47f4-befd-ec23f0e37803 - - - - - -] Logical_Switch_Port %s host information not removed, the port state is up
2026-03-10 19:15:37.595 8 INFO neutron.plugins.ml2.drivers.ovn.mech_driver.mech_driver [None req-694c1e4e-8f4f-47f4-befd-ec23f0e37803 - - - - - -] OVN reports status down for port: de9afe6e-a108-4d0d-aecd-52da84dcc021
2026-03-10 19:15:37.610 8 INFO neutron.plugins.ml2.drivers.ovn.mech_driver.mech_driver [None req-694c1e4e-8f4f-47f4-befd-ec23f0e37803 - - - - - -] OVN reports status up for port: 849c6406-567d-4807-850d-cb6a9551663d
2026-03-10 19:15:37.630 8 INFO neutron.plugins.ml2.plugin [None req-694c1e4e-8f4f-47f4-befd-ec23f0e37803 - - - - - -] Attempt 1 to provision port 849c6406-567d-4807-850d-cb6a9551663d [pid: 8|app: 0|req: 1057/2377] 10.0.0.82 () {32 vars in 722 bytes} [Tue Mar 10 19:15:37 2026] DELETE /v2.0/subnets/0867fb89-0875-4c56-880d-2ca86462a23c => generated 0 bytes in 290 msecs (HTTP/1.1 204) 3 headers in 131 bytes (1 switches on core 0) [pid: 7|app: 0|req: 1321/2378] 10.0.0.82 () {32 vars in 722 bytes} [Tue Mar 10 19:15:37 2026] DELETE /v2.0/subnets/a54b3886-6a07-4b18-8ab1-7c9383cbee37 => generated 0 bytes in 204 msecs (HTTP/1.1 204) 3 headers in 131 bytes (1 switches on core 0)
2026-03-10 19:15:38.169 8 INFO neutron.db.ovn_revision_numbers_db [None req-694c1e4e-8f4f-47f4-befd-ec23f0e37803 - - - - - -] Successfully bumped revision number for resource 849c6406-567d-4807-850d-cb6a9551663d (type: ports) to 2 [pid: 8|app: 0|req: 1058/2379] 10.0.0.82 () {32 vars in 722 bytes} [Tue Mar 10 19:15:37 2026] DELETE /v2.0/subnets/1a984f0a-bb7e-470c-8aae-69f2520b7a15 => generated 0 bytes in 299 msecs (HTTP/1.1 204) 3 headers in 131 bytes (1 switches on core 0)
2026-03-10 19:15:38.404 7 INFO neutron_taas.services.taas.taas_plugin [None req-6e2b8c54-7a76-41c2-9a23-928093483ef4 ab3e686e5d474d5bacc5cb9fb25a5ba2 14eb435840324a2f99b7c85b7c2b4181 - - default default] TaaS: Handle Delete Port: dd255997-fb1f-467e-9c78-f5b4aae18577
2026-03-10 19:15:38.409 7 INFO neutron_taas.services.taas.tap_mirror_plugin [None req-6e2b8c54-7a76-41c2-9a23-928093483ef4 ab3e686e5d474d5bacc5cb9fb25a5ba2 14eb435840324a2f99b7c85b7c2b4181 - - default default] Tap Mirror: Handle Delete Port: dd255997-fb1f-467e-9c78-f5b4aae18577
2026-03-10 19:15:38.622 7 INFO neutron.services.segments.plugin [-] Segment 50856229-9d34-48bc-a21b-c5a3c4c487fe resource provider aggregate not found
2026-03-10 19:15:38.630 7 INFO neutron.services.segments.plugin [-] Segment 50856229-9d34-48bc-a21b-c5a3c4c487fe resource provider aggregate not found
2026-03-10 19:15:38.650 7 INFO neutron.services.segments.plugin [-] Segment 50856229-9d34-48bc-a21b-c5a3c4c487fe resource provider not found; error: Placement Client Error (4xx): {"errors": [{"status": 404, "title": "Not Found", "detail": "The resource could not be found.\n\n No resource provider with uuid 50856229-9d34-48bc-a21b-c5a3c4c487fe found for delete ", "request_id": "req-2fd4dfe6-5201-42c3-bf3d-091c164ffca0"}]}
2026-03-10 19:15:38.657 7 INFO neutron.services.segments.plugin [-] Segment 50856229-9d34-48bc-a21b-c5a3c4c487fe resource provider not found; error: Placement Client Error (4xx): {"errors": [{"status": 404, "title": "Not Found", "detail": "The resource could not be found.\n\n No resource provider with uuid 50856229-9d34-48bc-a21b-c5a3c4c487fe found for delete ", "request_id": "req-c082426a-92b8-4ea6-88e0-7a6209093597"}]} [pid: 7|app: 0|req: 1322/2380] 10.0.0.82 () {32 vars in 724 bytes} [Tue Mar 10 19:15:38 2026] DELETE /v2.0/networks/490a554f-a120-468c-938e-0dd064ca3885 => generated 0 bytes in 392 msecs (HTTP/1.1 204) 3 headers in 131 bytes (1 switches on core 0)
2026-03-10 19:15:38.850 7 INFO neutron_taas.services.taas.taas_plugin [None req-54de705e-0743-438a-9baa-4c86fc83dfb5 ab3e686e5d474d5bacc5cb9fb25a5ba2 14eb435840324a2f99b7c85b7c2b4181 - - default default] TaaS: Handle Delete Port: dfb14fac-5aed-48b2-9a2e-f41ef6d5d28c
2026-03-10 19:15:38.852 7 INFO neutron_taas.services.taas.tap_mirror_plugin [None req-54de705e-0743-438a-9baa-4c86fc83dfb5 ab3e686e5d474d5bacc5cb9fb25a5ba2 14eb435840324a2f99b7c85b7c2b4181 - - default default] Tap Mirror: Handle Delete Port: dfb14fac-5aed-48b2-9a2e-f41ef6d5d28c
2026-03-10 19:15:38.862 8 INFO neutron.db.ovn_revision_numbers_db [None req-264fe512-778d-4ce8-a80f-4f2df62adae3 72aee64a81f648838e74e643336ba729 d2150db64c49453d94a4c0620d28391d - - default default] Successfully bumped revision number for resource 6f552fbe-f14d-4a76-8144-9ae1f1fdef20 (type: security_groups) to 1
2026-03-10 19:15:38.875 8 INFO neutron.db.ovn_revision_numbers_db [None req-264fe512-778d-4ce8-a80f-4f2df62adae3 72aee64a81f648838e74e643336ba729 d2150db64c49453d94a4c0620d28391d - - default default] Successfully bumped revision number for resource 1452086d-f196-4376-b5df-b1f2cc455959 (type: security_group_rules) to 0
2026-03-10 19:15:38.893 8 INFO neutron.db.ovn_revision_numbers_db [None req-264fe512-778d-4ce8-a80f-4f2df62adae3 72aee64a81f648838e74e643336ba729 d2150db64c49453d94a4c0620d28391d - - default default] Successfully bumped revision number for resource 8381fb0a-7d5e-457d-be83-03d222dced06 (type: security_group_rules) to 0
2026-03-10 19:15:38.907 8 INFO neutron.db.ovn_revision_numbers_db [None req-264fe512-778d-4ce8-a80f-4f2df62adae3 72aee64a81f648838e74e643336ba729 d2150db64c49453d94a4c0620d28391d - - default default] Successfully bumped revision number for resource 996b0bb1-6dab-4809-baae-88fc60abe884 (type: security_group_rules) to 0
2026-03-10 19:15:38.921 8 INFO neutron.db.ovn_revision_numbers_db [None req-264fe512-778d-4ce8-a80f-4f2df62adae3 72aee64a81f648838e74e643336ba729 d2150db64c49453d94a4c0620d28391d - - default default] Successfully bumped revision number for resource c97fb2a3-71cb-4a9e-9765-8f3d9d80fc11 (type: security_group_rules) to 0
2026-03-10 19:15:39.035 8 INFO neutron.db.segments_db [None req-264fe512-778d-4ce8-a80f-4f2df62adae3 72aee64a81f648838e74e643336ba729 d2150db64c49453d94a4c0620d28391d - - default default] Added segment a8908112-e979-4609-a869-d18f862fbd1e of type geneve for network 90d0c841-5c67-4e2c-abbb-b99d6862d84a [pid: 7|app: 0|req: 1323/2381] 10.0.0.82 () {32 vars in 724 bytes} [Tue Mar 10 19:15:38 2026] DELETE /v2.0/networks/4be780ab-51b2-43f9-87fd-324a1ea890d7 => generated 0 bytes in 382 msecs (HTTP/1.1 204) 3 headers in 131 bytes (1 switches on core 0)
2026-03-10 19:15:39.182 8 INFO neutron.db.ovn_revision_numbers_db [None req-264fe512-778d-4ce8-a80f-4f2df62adae3 72aee64a81f648838e74e643336ba729 d2150db64c49453d94a4c0620d28391d - - default default] Successfully bumped revision number for resource 90d0c841-5c67-4e2c-abbb-b99d6862d84a (type: networks) to 1
2026-03-10 19:15:39.208 7 INFO neutron_taas.services.taas.taas_plugin [None req-52b9059d-e460-4554-9cf6-803e063017ec ab3e686e5d474d5bacc5cb9fb25a5ba2 14eb435840324a2f99b7c85b7c2b4181 - - default default] TaaS: Handle Delete Port: 709f24a3-4fb6-4234-b919-7338d6fe5617
2026-03-10 19:15:39.211 7 INFO neutron_taas.services.taas.tap_mirror_plugin [None req-52b9059d-e460-4554-9cf6-803e063017ec ab3e686e5d474d5bacc5cb9fb25a5ba2 14eb435840324a2f99b7c85b7c2b4181 - - default default] Tap Mirror: Handle Delete Port: 709f24a3-4fb6-4234-b919-7338d6fe5617
2026-03-10 19:15:39.359 8 WARNING neutron.scheduler.dhcp_agent_scheduler [None req-264fe512-778d-4ce8-a80f-4f2df62adae3 72aee64a81f648838e74e643336ba729 d2150db64c49453d94a4c0620d28391d - - default default] No more DHCP agents
2026-03-10 19:15:39.361 8 WARNING neutron.api.rpc.agentnotifiers.dhcp_rpc_agent_api [None req-264fe512-778d-4ce8-a80f-4f2df62adae3 72aee64a81f648838e74e643336ba729 d2150db64c49453d94a4c0620d28391d - - default default] Unable to schedule network 90d0c841-5c67-4e2c-abbb-b99d6862d84a: no agents available; will retry on subsequent port and subnet creation events. [pid: 7|app: 0|req: 1324/2382] 10.0.0.82 () {32 vars in 724 bytes} [Tue Mar 10 19:15:39 2026] DELETE /v2.0/networks/8bfbc541-97d1-492f-a9c5-5355669d5da1 => generated 0 bytes in 404 msecs (HTTP/1.1 204) 3 headers in 131 bytes (1 switches on core 0)
2026-03-10 19:15:39.497 8 INFO neutron.db.ovn_revision_numbers_db [None req-264fe512-778d-4ce8-a80f-4f2df62adae3 72aee64a81f648838e74e643336ba729 d2150db64c49453d94a4c0620d28391d - - default default] Successfully bumped revision number for resource ac24d7ac-8747-4feb-b60b-f688e1a3d15c (type: ports) to 1 [pid: 8|app: 0|req: 1059/2383] 10.0.0.82 () {34 vars in 668 bytes} [Tue Mar 10 19:15:38 2026] POST /v2.0/networks => generated 649 bytes in 979 msecs (HTTP/1.1 201) 4 headers in 162 bytes (1 switches on core 0)
2026-03-10 19:15:39.615 7 INFO neutron_taas.services.taas.taas_plugin [None req-42a19939-526a-4210-9a57-d91826e041be ab3e686e5d474d5bacc5cb9fb25a5ba2 14eb435840324a2f99b7c85b7c2b4181 - - default default] TaaS: Handle Delete Port: e7bf5d60-d3cd-4287-b71f-1e3cfbb394cc
2026-03-10 19:15:39.620 7 INFO neutron_taas.services.taas.tap_mirror_plugin [None req-42a19939-526a-4210-9a57-d91826e041be ab3e686e5d474d5bacc5cb9fb25a5ba2 14eb435840324a2f99b7c85b7c2b4181 - - default default] Tap Mirror: Handle Delete Port: e7bf5d60-d3cd-4287-b71f-1e3cfbb394cc
2026-03-10 19:15:39.625 8 INFO neutron.db.segments_db [None req-82317eae-07e6-4c36-8b0d-b6a1cb31558d 72aee64a81f648838e74e643336ba729 d2150db64c49453d94a4c0620d28391d - - default default] Added segment fdf7d37f-be40-409a-b2d2-e9c780fd77d4 of type geneve for network 487b1c96-af42-4b64-a7f0-7ff50d18da35
2026-03-10 19:15:39.777 8 INFO neutron.db.ovn_revision_numbers_db [None req-82317eae-07e6-4c36-8b0d-b6a1cb31558d 72aee64a81f648838e74e643336ba729 d2150db64c49453d94a4c0620d28391d - - default default] Successfully bumped revision number for resource 487b1c96-af42-4b64-a7f0-7ff50d18da35 (type: networks) to 1 [pid: 7|app: 0|req: 1325/2384] 10.0.0.82 () {32 vars in 724 bytes} [Tue Mar 10 19:15:39 2026] DELETE /v2.0/networks/1c42ba95-0a98-4574-a1f6-6cc0441d5b0e => generated 0 bytes in 385 msecs (HTTP/1.1 204) 3 headers in 131 bytes (1 switches on core 0)
2026-03-10 19:15:39.963 8 WARNING neutron.scheduler.dhcp_agent_scheduler [None req-82317eae-07e6-4c36-8b0d-b6a1cb31558d 72aee64a81f648838e74e643336ba729 d2150db64c49453d94a4c0620d28391d - - default default] No more DHCP agents
2026-03-10 19:15:39.965 8 WARNING neutron.api.rpc.agentnotifiers.dhcp_rpc_agent_api [None req-82317eae-07e6-4c36-8b0d-b6a1cb31558d 72aee64a81f648838e74e643336ba729 d2150db64c49453d94a4c0620d28391d - - default default] Unable to schedule network 487b1c96-af42-4b64-a7f0-7ff50d18da35: no agents available; will retry on subsequent port and subnet creation events.
2026-03-10 19:15:39.990 7 INFO neutron_taas.services.taas.taas_plugin [None req-529f8ec9-2bb3-45d3-ab60-2b925231f664 ab3e686e5d474d5bacc5cb9fb25a5ba2 14eb435840324a2f99b7c85b7c2b4181 - - default default] TaaS: Handle Delete Port: 8ece482b-9418-4027-a4dd-ad7bedbd6e78
2026-03-10 19:15:39.993 7 INFO neutron_taas.services.taas.tap_mirror_plugin [None req-529f8ec9-2bb3-45d3-ab60-2b925231f664 ab3e686e5d474d5bacc5cb9fb25a5ba2 14eb435840324a2f99b7c85b7c2b4181 - - default default] Tap Mirror: Handle Delete Port: 8ece482b-9418-4027-a4dd-ad7bedbd6e78
2026-03-10 19:15:40.073 8 INFO neutron.db.ovn_revision_numbers_db [None req-82317eae-07e6-4c36-8b0d-b6a1cb31558d 72aee64a81f648838e74e643336ba729 d2150db64c49453d94a4c0620d28391d - - default default] Successfully bumped revision number for resource fba33fda-9366-4950-b022-d82dc0999d9d (type: ports) to 1 [pid: 8|app: 0|req: 1060/2385] 10.0.0.82 () {34 vars in 668 bytes} [Tue Mar 10 19:15:39 2026] POST /v2.0/networks => generated 646 bytes in 574 msecs (HTTP/1.1 201) 4 headers in 162 bytes (1 switches on core 0) [pid: 7|app: 0|req: 1326/2386] 10.0.0.82 () {32 vars in 724 bytes} [Tue Mar 10 19:15:39 2026] DELETE /v2.0/networks/8814795b-0ae3-4399-9370-40d054fa2e31 => generated 0 bytes in 396 msecs (HTTP/1.1 204) 3 headers in 131 bytes (1 switches on core 0)
2026-03-10 19:15:40.333 8 WARNING neutron.scheduler.dhcp_agent_scheduler [None req-7f6f3104-f963-4bf7-8388-6b1d3a9c7672 72aee64a81f648838e74e643336ba729 d2150db64c49453d94a4c0620d28391d - - default default] No more DHCP agents
2026-03-10 19:15:40.334 8 WARNING neutron.api.rpc.agentnotifiers.dhcp_rpc_agent_api [None req-7f6f3104-f963-4bf7-8388-6b1d3a9c7672 72aee64a81f648838e74e643336ba729 d2150db64c49453d94a4c0620d28391d - - default default] Unable to schedule network 90d0c841-5c67-4e2c-abbb-b99d6862d84a: no agents available; will retry on subsequent port and subnet creation events.
2026-03-10 19:15:40.672 7 INFO neutron.services.segments.plugin [-] Segment c816d26d-cb49-4858-8e59-d804c7ece55a resource provider aggregate not found
2026-03-10 19:15:40.677 7 INFO neutron.services.segments.plugin [-] Segment c816d26d-cb49-4858-8e59-d804c7ece55a resource provider aggregate not found
2026-03-10 19:15:40.692 7 INFO neutron.services.segments.plugin [-] Segment c816d26d-cb49-4858-8e59-d804c7ece55a resource provider not found; error: Placement Client Error (4xx): {"errors": [{"status": 404, "title": "Not Found", "detail": "The resource could not be found.\n\n No resource provider with uuid c816d26d-cb49-4858-8e59-d804c7ece55a found for delete ", "request_id": "req-b59639ca-08dc-4c22-b53c-e9526018e70e"}]}
2026-03-10 19:15:40.694 7 INFO neutron.services.segments.plugin [-] Segment c816d26d-cb49-4858-8e59-d804c7ece55a resource provider not found; error: Placement Client Error (4xx): {"errors": [{"status": 404, "title": "Not Found", "detail": "The resource could not be found.\n\n No resource provider with uuid c816d26d-cb49-4858-8e59-d804c7ece55a found for delete ", "request_id": "req-79a6153f-9c0d-45cb-a7fb-41db3929ec79"}]}
2026-03-10 19:15:40.709 7 INFO neutron.services.segments.plugin [-] Segment a82a73d7-b72b-442f-b0a3-2ff3636fd512 resource provider aggregate not found
2026-03-10 19:15:40.722 7 INFO neutron.services.segments.plugin [-] Segment a82a73d7-b72b-442f-b0a3-2ff3636fd512 resource provider aggregate not found
2026-03-10 19:15:40.731 7 INFO neutron.services.segments.plugin [-] Segment a82a73d7-b72b-442f-b0a3-2ff3636fd512 resource provider not found; error: Placement Client Error (4xx): {"errors": [{"status": 404, "title": "Not Found", "detail": "The resource could not be found.\n\n No resource provider with uuid a82a73d7-b72b-442f-b0a3-2ff3636fd512 found for delete ", "request_id": "req-fc9d31ee-0932-4bfe-8d95-41973930b663"}]}
2026-03-10 19:15:40.736 7 INFO neutron.services.segments.plugin [-] Segment a82a73d7-b72b-442f-b0a3-2ff3636fd512 resource provider not found; error: Placement Client Error (4xx): {"errors": [{"status": 404, "title": "Not Found", "detail": "The resource could not be found.\n\n No resource provider with uuid a82a73d7-b72b-442f-b0a3-2ff3636fd512 found for delete ", "request_id": "req-4b2d78c8-8393-40fa-8849-c7646b778461"}]}
2026-03-10 19:15:40.745 7 INFO neutron.services.segments.plugin [-] Segment f7a21ab0-d9eb-420f-8a8a-2e9052cb3365 resource provider aggregate not found
2026-03-10 19:15:40.752 7 INFO neutron.services.segments.plugin [-] Segment f7a21ab0-d9eb-420f-8a8a-2e9052cb3365 resource provider aggregate not found
2026-03-10 19:15:40.773 7 INFO neutron.services.segments.plugin [-] Segment f7a21ab0-d9eb-420f-8a8a-2e9052cb3365 resource provider not found; error: Placement Client Error (4xx): {"errors": [{"status": 404, "title": "Not Found", "detail": "The resource could not be found.\n\n No resource provider with uuid f7a21ab0-d9eb-420f-8a8a-2e9052cb3365 found for delete ", "request_id": "req-ddbbe6af-17b5-4374-b41d-6bbeb78c9020"}]}
2026-03-10 19:15:40.773 7 INFO neutron.services.segments.plugin [-] Segment f7a21ab0-d9eb-420f-8a8a-2e9052cb3365 resource provider not found; error: Placement Client Error (4xx): {"errors": [{"status": 404, "title": "Not Found", "detail": "The resource could not be found.\n\n No resource provider with uuid f7a21ab0-d9eb-420f-8a8a-2e9052cb3365 found for delete ", "request_id": "req-53b58007-fc8b-4ad2-bd57-cfeda5e89fb8"}]}
2026-03-10 19:15:40.790 7 INFO neutron.services.segments.plugin [-] Segment d2212d4b-5908-4fda-85cf-0f5caf1afa5f resource provider aggregate not found
2026-03-10 19:15:40.798 7 INFO neutron.services.segments.plugin [-] Segment d2212d4b-5908-4fda-85cf-0f5caf1afa5f resource provider aggregate not found
2026-03-10 19:15:40.808 7 INFO neutron.services.segments.plugin [-] Segment d2212d4b-5908-4fda-85cf-0f5caf1afa5f resource provider not found; error: Placement Client Error (4xx): {"errors": [{"status": 404, "title": "Not Found", "detail": "The resource could not be found.\n\n No resource provider with uuid d2212d4b-5908-4fda-85cf-0f5caf1afa5f found for delete ", "request_id": "req-38a5162d-14cb-4e16-91b0-f587fd95bcdf"}]}
2026-03-10 19:15:40.820 7 INFO neutron.services.segments.plugin [-] Segment d2212d4b-5908-4fda-85cf-0f5caf1afa5f resource provider not found; error: Placement Client Error (4xx): {"errors": [{"status": 404, "title": "Not Found", "detail": "The resource could not be found.\n\n No resource provider with uuid d2212d4b-5908-4fda-85cf-0f5caf1afa5f found for delete ", "request_id": "req-a0d83030-a5bb-4bf7-bcf4-24da1f32334c"}]}
2026-03-10 19:15:40.829 8 INFO neutron.db.ovn_revision_numbers_db [None req-cbf3884d-1ac6-4e00-a6b5-b6c714e4c6ad - - - - - -] Successfully bumped revision number for resource ac24d7ac-8747-4feb-b60b-f688e1a3d15c (type: ports) to 2
2026-03-10 19:15:40.861 8 INFO neutron.db.ovn_revision_numbers_db [None req-cbf3884d-1ac6-4e00-a6b5-b6c714e4c6ad - - - - - -] Successfully bumped revision number for resource 1337a163-f2c5-4ab5-9f07-1b7fcfd344cc (type: subnets) to 0 [pid: 8|app: 0|req: 1061/2387] 10.0.0.82 () {34 vars in 667 bytes} [Tue Mar 10 19:15:40 2026] POST /v2.0/subnets => generated 626 bytes in 769 msecs (HTTP/1.1 201) 4 headers in 162 bytes (1 switches on core 0)
2026-03-10 19:15:41.071 7 WARNING neutron.scheduler.dhcp_agent_scheduler [None req-f2954d9f-cc54-4e14-a7b1-2ee04a18629e 72aee64a81f648838e74e643336ba729 d2150db64c49453d94a4c0620d28391d - - default default] No more DHCP agents
2026-03-10 19:15:41.072 7 WARNING neutron.api.rpc.agentnotifiers.dhcp_rpc_agent_api [None req-f2954d9f-cc54-4e14-a7b1-2ee04a18629e 72aee64a81f648838e74e643336ba729 d2150db64c49453d94a4c0620d28391d - - default default] Unable to schedule network 487b1c96-af42-4b64-a7f0-7ff50d18da35: no agents available; will retry on subsequent port and subnet creation events. [pid: 8|app: 0|req: 1062/2388] 199.19.213.100 () {34 vars in 985 bytes} [Tue Mar 10 19:15:41 2026] GET /v2.0/networks?id=64ac2d7b-b113-45ae-8808-7f10408b7952 => generated 742 bytes in 56 msecs (HTTP/1.1 200) 4 headers in 157 bytes (1 switches on core 0) [pid: 8|app: 0|req: 1063/2389] 199.19.213.100 () {34 vars in 1049 bytes} [Tue Mar 10 19:15:41 2026] GET /v2.0/security-groups?fields=id&fields=name&tenant_id=79aa9fad37c84681ba787b49ca504874 => generated 179 bytes in 33 msecs (HTTP/1.1 200) 4 headers in 157 bytes (1 switches on core 0)
2026-03-10 19:15:41.455 8 INFO neutron.db.ovn_revision_numbers_db [None req-665987f5-144c-4f9c-b055-f22d9da86a74 88a634dbc2724957ae09162ca1ff036c 05dffbda817d4a39a9807e1e24eea271 - - default default] Successfully bumped revision number for resource 0dd9685c-2281-4288-9285-383812f362de (type: security_groups) to 1
2026-03-10 19:15:41.476 8 INFO neutron.db.ovn_revision_numbers_db [None req-665987f5-144c-4f9c-b055-f22d9da86a74 88a634dbc2724957ae09162ca1ff036c 05dffbda817d4a39a9807e1e24eea271 - - default default] Successfully bumped revision number for resource 0a66a134-d255-48de-9bed-ca0a547e97d3 (type: security_group_rules) to 0
2026-03-10 19:15:41.499 8 INFO neutron.db.ovn_revision_numbers_db [None req-665987f5-144c-4f9c-b055-f22d9da86a74 88a634dbc2724957ae09162ca1ff036c 05dffbda817d4a39a9807e1e24eea271 - - default default] Successfully bumped revision number for resource 1e847ee5-97e2-4bd7-8a20-6d9bac8df639 (type: security_group_rules) to 0
2026-03-10 19:15:41.516 8 INFO neutron.db.ovn_revision_numbers_db [None req-665987f5-144c-4f9c-b055-f22d9da86a74 88a634dbc2724957ae09162ca1ff036c 05dffbda817d4a39a9807e1e24eea271 - - default default] Successfully bumped revision number for resource a0dac586-91de-4fee-bc9e-27b61d9c88c1 (type: security_group_rules) to 0
2026-03-10 19:15:41.526 7 INFO neutron.db.ovn_revision_numbers_db [None req-cbdb8171-731f-4711-9bee-7712191c4e11 - - - - - -] Successfully bumped revision number for resource fba33fda-9366-4950-b022-d82dc0999d9d (type: ports) to 2
2026-03-10 19:15:41.535 8 INFO neutron.db.ovn_revision_numbers_db [None req-665987f5-144c-4f9c-b055-f22d9da86a74 88a634dbc2724957ae09162ca1ff036c 05dffbda817d4a39a9807e1e24eea271 - - default default] Successfully bumped revision number for resource e0d3f0e7-fe82-4d78-b108-ba59b3b8b0d1 (type: security_group_rules) to 0
2026-03-10 19:15:41.552 7 INFO neutron.db.ovn_revision_numbers_db [None req-cbdb8171-731f-4711-9bee-7712191c4e11 - - - - - -] Successfully bumped revision number for resource 0699cc8d-8b75-44ca-bd6f-cf08f30097f8 (type: subnets) to 0 [pid: 7|app: 0|req: 1327/2390] 10.0.0.82 () {34 vars in 667 bytes} [Tue Mar 10 19:15:40 2026] POST /v2.0/subnets => generated 626 bytes in 688 msecs (HTTP/1.1 201) 4 headers in 162 bytes (1 switches on core 0) [pid: 8|app: 0|req: 1064/2391] 10.0.0.82 () {32 vars in 772 bytes} [Tue Mar 10 19:15:41 2026] GET /v2.0/security-groups?tenant_id=c46144c510b94fd2ac8ed5088f0b0ad2&name=default => generated 2925 bytes in 456 msecs (HTTP/1.1 200) 4 headers in 158 bytes (1 switches on core 0)
2026-03-10 19:15:41.707 8 INFO neutron.db.ovn_revision_numbers_db [None req-758fb172-14c5-495f-86b5-d199cad05c56 72aee64a81f648838e74e643336ba729 d2150db64c49453d94a4c0620d28391d - - default default] Successfully bumped revision number for resource ff28648d-7788-4f1b-9f48-28a291124a5c (type: routers) to 1 [pid: 8|app: 0|req: 1065/2392] 10.0.0.82 () {34 vars in 667 bytes} [Tue Mar 10 19:15:41 2026] POST /v2.0/routers => generated 603 bytes in 140 msecs (HTTP/1.1 201) 4 headers in 162 bytes (1 switches on core 0)
2026-03-10 19:15:41.969 7 WARNING neutron.scheduler.dhcp_agent_scheduler [req-ffaf8de4-093d-4265-91e1-5a506c3244bc req-1206875c-7f2e-4533-bf63-16f6443b03c4 28ab792de88d44f9a7c5a30e850adbcb 79aa9fad37c84681ba787b49ca504874 - - default default] No more DHCP agents
2026-03-10 19:15:41.971 7 WARNING neutron.api.rpc.agentnotifiers.dhcp_rpc_agent_api [req-ffaf8de4-093d-4265-91e1-5a506c3244bc req-1206875c-7f2e-4533-bf63-16f6443b03c4 28ab792de88d44f9a7c5a30e850adbcb 79aa9fad37c84681ba787b49ca504874 - - default default] Unable to schedule network 64ac2d7b-b113-45ae-8808-7f10408b7952: no agents available; will retry on subsequent port and subnet creation events. [pid: 8|app: 0|req: 1066/2393] 10.0.0.82 () {32 vars in 738 bytes} [Tue Mar 10 19:15:41 2026] DELETE /v2.0/security-groups/0dd9685c-2281-4288-9285-383812f362de => generated 0 bytes in 317 msecs (HTTP/1.1 204) 2 headers in 112 bytes (1 switches on core 0)
2026-03-10 19:15:42.188 7 INFO neutron.db.ovn_revision_numbers_db [req-ffaf8de4-093d-4265-91e1-5a506c3244bc req-1206875c-7f2e-4533-bf63-16f6443b03c4 28ab792de88d44f9a7c5a30e850adbcb 79aa9fad37c84681ba787b49ca504874 - - default default] Successfully bumped revision number for resource ec36f204-fad1-43c8-90fb-da57c14fa77b (type: ports) to 1 [pid: 7|app: 0|req: 1328/2396] 199.19.213.100 () {38 vars in 954 bytes} [Tue Mar 10 19:15:41 2026] POST /v2.0/ports => generated 1183 bytes in 672 msecs (HTTP/1.1 201) 4 headers in 163 bytes (1 switches on core 0) /var/lib/openstack/lib/python3.12/site-packages/pycadf/identifier.py:70: UserWarning: Invalid uuid: neutron. To ensure interoperability, identifiers should be a valid uuid. warnings.warn(('Invalid uuid: %s. To ensure interoperability, ' [pid: 7|app: 0|req: 1329/2397] 10.0.0.8 () {34 vars in 987 bytes} [Tue Mar 10 19:15:42 2026] GET /v2.0/ports?device_id=5056f1e7-01de-465c-b46e-f1839fcb65b3 => generated 1186 bytes in 35 msecs (HTTP/1.1 200) 4 headers in 158 bytes (1 switches on core 0)
2026-03-10 19:15:42.429 7 INFO neutron.db.ovn_revision_numbers_db [None req-b760a26f-7db1-4f37-9ff1-7fb3a3655079 88a634dbc2724957ae09162ca1ff036c 05dffbda817d4a39a9807e1e24eea271 - - default default] Successfully bumped revision number for resource d0336885-89e3-4753-a282-76c1f9e557e0 (type: security_groups) to 1
2026-03-10 19:15:42.439 7 INFO neutron.db.ovn_revision_numbers_db [None req-b760a26f-7db1-4f37-9ff1-7fb3a3655079 88a634dbc2724957ae09162ca1ff036c 05dffbda817d4a39a9807e1e24eea271 - - default default] Successfully bumped revision number for resource 3a746d07-3343-4ea9-8010-f455174b7292 (type: security_group_rules) to 0
2026-03-10 19:15:42.450 7 INFO neutron.db.ovn_revision_numbers_db [None req-b760a26f-7db1-4f37-9ff1-7fb3a3655079 88a634dbc2724957ae09162ca1ff036c 05dffbda817d4a39a9807e1e24eea271 - - default default] Successfully bumped revision number for resource 67d57836-6f13-4c0f-97bc-5d77058f428c (type: security_group_rules) to 0
2026-03-10 19:15:42.451 8 WARNING neutron.scheduler.dhcp_agent_scheduler [None req-5bb45339-91a2-4399-ad83-2f1ce8a744af 72aee64a81f648838e74e643336ba729 d2150db64c49453d94a4c0620d28391d - - default default] No more DHCP agents
2026-03-10 19:15:42.453 8 WARNING neutron.api.rpc.agentnotifiers.dhcp_rpc_agent_api [None req-5bb45339-91a2-4399-ad83-2f1ce8a744af 72aee64a81f648838e74e643336ba729 d2150db64c49453d94a4c0620d28391d - - default default] Unable to schedule network 90d0c841-5c67-4e2c-abbb-b99d6862d84a: no agents available; will retry on subsequent port and subnet creation events.
2026-03-10 19:15:42.460 7 INFO neutron.db.ovn_revision_numbers_db [None req-b760a26f-7db1-4f37-9ff1-7fb3a3655079 88a634dbc2724957ae09162ca1ff036c 05dffbda817d4a39a9807e1e24eea271 - - default default] Successfully bumped revision number for resource 890ff823-1830-4c81-9662-82ec830ae1fc (type: security_group_rules) to 0
2026-03-10 19:15:42.471 7 INFO neutron.db.ovn_revision_numbers_db [None req-b760a26f-7db1-4f37-9ff1-7fb3a3655079 88a634dbc2724957ae09162ca1ff036c 05dffbda817d4a39a9807e1e24eea271 - - default default] Successfully bumped revision number for resource e0080918-10c6-490a-b1cf-9fd8a0421adb (type: security_group_rules) to 0 [pid: 7|app: 0|req: 1330/2398] 10.0.0.82 () {32 vars in 772 bytes} [Tue Mar 10 19:15:42 2026] GET /v2.0/security-groups?tenant_id=49da7c20b28b40f7b61da9b9f9891434&name=default => generated 2925 bytes in 225 msecs (HTTP/1.1 200) 4 headers in 158 bytes (1 switches on core 0)
2026-03-10 19:15:42.609 8 WARNING neutron.plugins.ml2.drivers.ovn.mech_driver.ovsdb.ovn_client [None req-fc8c0f74-bfa4-4636-a777-3c22e3eca4b3 - - - - - -] No hosting information found for port 849c6406-567d-4807-850d-cb6a9551663d: RuntimeError: No hosting information found for port 849c6406-567d-4807-850d-cb6a9551663d
2026-03-10 19:15:42.663 8 INFO neutron.db.ovn_revision_numbers_db [None req-5bb45339-91a2-4399-ad83-2f1ce8a744af 72aee64a81f648838e74e643336ba729 d2150db64c49453d94a4c0620d28391d - - default default] Successfully bumped revision number for resource a4bedc76-2489-43a8-aecd-46284ba2864f (type: ports) to 1
2026-03-10 19:15:42.770 8 INFO neutron.db.ovn_revision_numbers_db [None req-fc8c0f74-bfa4-4636-a777-3c22e3eca4b3 - - - - - -] Successfully bumped revision number for resource 849c6406-567d-4807-850d-cb6a9551663d (type: router_ports) to 2
2026-03-10 19:15:42.771 8 INFO neutron.plugins.ml2.drivers.ovn.mech_driver.mech_driver [None req-fc8c0f74-bfa4-4636-a777-3c22e3eca4b3 - - - - - -] OVN reports status down for port: dd255997-fb1f-467e-9c78-f5b4aae18577
2026-03-10 19:15:42.793 8 INFO neutron.plugins.ml2.drivers.ovn.mech_driver.mech_driver [None req-fc8c0f74-bfa4-4636-a777-3c22e3eca4b3 - - - - - -] OVN reports status up for port: de9afe6e-a108-4d0d-aecd-52da84dcc021
2026-03-10 19:15:42.811 8 INFO neutron.plugins.ml2.drivers.ovn.mech_driver.mech_driver [None req-fc8c0f74-bfa4-4636-a777-3c22e3eca4b3 - - - - - -] OVN reports status down for port: 526a03cc-e425-4863-b2a9-fbbf80498eeb
2026-03-10 19:15:42.896 7 INFO neutron.db.ovn_revision_numbers_db [req-ffaf8de4-093d-4265-91e1-5a506c3244bc req-4eda0b3a-aca5-4828-8117-ed84252b6770 d6b0e01d555042f38cafd86b776db32d dc5e9350eba94e6d95fe3428070f9274 - - a3aae6b7d9154e68bdcadf6198088bb3 a3aae6b7d9154e68bdcadf6198088bb3] Successfully bumped revision number for resource ec36f204-fad1-43c8-90fb-da57c14fa77b (type: ports) to 2
2026-03-10 19:15:42.954 8 WARNING neutron.plugins.ml2.drivers.ovn.mech_driver.ovsdb.ovn_client [None req-fc8c0f74-bfa4-4636-a777-3c22e3eca4b3 - - - - - -] Logical_Switch_Port %s host information not removed, the port state is up
2026-03-10 19:15:42.954 8 INFO neutron.plugins.ml2.drivers.ovn.mech_driver.mech_driver [None req-fc8c0f74-bfa4-4636-a777-3c22e3eca4b3 - - - - - -] OVN reports status up for port: 526a03cc-e425-4863-b2a9-fbbf80498eeb
