May 19 08:00:37.085601 np0000174676 neutron-periodic-workers[104783]: DEBUG cotyledon.oslo_config_glue [-] database.connection_recycle_time = 3600 {{(pid=104783) log_opt_values /opt/stack/data/venv/lib/python3.12/site-packages/oslo_config/cfg.py:3006}}
May 19 08:00:37.085694 np0000174676 neutron-periodic-workers[104783]: DEBUG cotyledon.oslo_config_glue [-] database.connection_trace = False {{(pid=104783) log_opt_values /opt/stack/data/venv/lib/python3.12/site-packages/oslo_config/cfg.py:3006}}
May 19 08:00:37.085768 np0000174676 neutron-periodic-workers[104783]: DEBUG cotyledon.oslo_config_glue [-] database.db_inc_retry_interval = True {{(pid=104783) log_opt_values /opt/stack/data/venv/lib/python3.12/site-packages/oslo_config/cfg.py:3006}}
May 19 08:00:37.085814 np0000174676 neutron-periodic-workers[104783]: DEBUG cotyledon.oslo_config_glue [-] database.db_max_retries = 20 {{(pid=104783) log_opt_values /opt/stack/data/venv/lib/python3.12/site-packages/oslo_config/cfg.py:3006}}
May 19 08:00:37.085857 np0000174676 neutron-periodic-workers[104783]: DEBUG cotyledon.oslo_config_glue [-] database.db_max_retry_interval = 10 {{(pid=104783) log_opt_values /opt/stack/data/venv/lib/python3.12/site-packages/oslo_config/cfg.py:3006}}
May 19 08:00:37.085899 np0000174676 neutron-periodic-workers[104783]: DEBUG cotyledon.oslo_config_glue [-] database.db_retry_interval = 1 {{(pid=104783) log_opt_values /opt/stack/data/venv/lib/python3.12/site-packages/oslo_config/cfg.py:3006}}
May 19 08:00:37.085942 np0000174676 neutron-periodic-workers[104783]: DEBUG cotyledon.oslo_config_glue [-] database.max_overflow = 50 {{(pid=104783) log_opt_values /opt/stack/data/venv/lib/python3.12/site-packages/oslo_config/cfg.py:3006}}
May 19 08:00:37.085976 np0000174676 neutron-periodic-workers[104783]: DEBUG cotyledon.oslo_config_glue [-] database.max_pool_size = 5 {{(pid=104783) log_opt_values /opt/stack/data/venv/lib/python3.12/site-packages/oslo_config/cfg.py:3006}}
May 19 08:00:37.086023 np0000174676 neutron-periodic-workers[104783]: DEBUG cotyledon.oslo_config_glue [-] database.max_retries = 10 {{(pid=104783) log_opt_values /opt/stack/data/venv/lib/python3.12/site-packages/oslo_config/cfg.py:3006}}
May 19 08:00:37.086056 np0000174676 neutron-periodic-workers[104783]: DEBUG cotyledon.oslo_config_glue [-] database.mysql_sql_mode = TRADITIONAL {{(pid=104783) log_opt_values /opt/stack/data/venv/lib/python3.12/site-packages/oslo_config/cfg.py:3006}}
May 19 08:00:37.086109 np0000174676 neutron-periodic-workers[104783]: DEBUG cotyledon.oslo_config_glue [-] database.mysql_wsrep_sync_wait = None {{(pid=104783) log_opt_values /opt/stack/data/venv/lib/python3.12/site-packages/oslo_config/cfg.py:3006}}
May 19 08:00:37.086151 np0000174676 neutron-periodic-workers[104783]: DEBUG cotyledon.oslo_config_glue [-] database.pool_timeout = None {{(pid=104783) log_opt_values /opt/stack/data/venv/lib/python3.12/site-packages/oslo_config/cfg.py:3006}}
May 19 08:00:37.086192 np0000174676 neutron-periodic-workers[104783]: DEBUG cotyledon.oslo_config_glue [-] database.retry_interval = 10 {{(pid=104783) log_opt_values /opt/stack/data/venv/lib/python3.12/site-packages/oslo_config/cfg.py:3006}}
May 19 08:00:37.086245 np0000174676 neutron-periodic-workers[104783]: DEBUG cotyledon.oslo_config_glue [-] database.slave_connection = **** {{(pid=104783) log_opt_values /opt/stack/data/venv/lib/python3.12/site-packages/oslo_config/cfg.py:3006}}
May 19 08:00:37.086293 np0000174676 neutron-periodic-workers[104783]: DEBUG cotyledon.oslo_config_glue [-] database.sqlite_synchronous = True {{(pid=104783) log_opt_values /opt/stack/data/venv/lib/python3.12/site-packages/oslo_config/cfg.py:3006}}
May 19 08:00:37.086338 np0000174676 neutron-periodic-workers[104783]: DEBUG cotyledon.oslo_config_glue [-] database.synchronous_reader = True {{(pid=104783) log_opt_values /opt/stack/data/venv/lib/python3.12/site-packages/oslo_config/cfg.py:3006}}
May 19 08:00:37.086413 np0000174676 neutron-periodic-workers[104783]: DEBUG cotyledon.oslo_config_glue [-] database.use_db_reconnect = False {{(pid=104783) log_opt_values /opt/stack/data/venv/lib/python3.12/site-packages/oslo_config/cfg.py:3006}}
May 19 08:00:37.086467 np0000174676 neutron-periodic-workers[104783]: DEBUG cotyledon.oslo_config_glue [-] ovn.bfd_min_rx = 1000 {{(pid=104783) log_opt_values /opt/stack/data/venv/lib/python3.12/site-packages/oslo_config/cfg.py:3006}}
May 19 08:00:37.086511 np0000174676 neutron-periodic-workers[104783]: DEBUG cotyledon.oslo_config_glue [-] ovn.bfd_min_tx = 100 {{(pid=104783) log_opt_values /opt/stack/data/venv/lib/python3.12/site-packages/oslo_config/cfg.py:3006}}
May 19 08:00:37.086544 np0000174676 neutron-periodic-workers[104783]: DEBUG cotyledon.oslo_config_glue [-] ovn.bfd_mult = 3 {{(pid=104783) log_opt_values /opt/stack/data/venv/lib/python3.12/site-packages/oslo_config/cfg.py:3006}}
May 19 08:00:37.086579 np0000174676 neutron-periodic-workers[104783]: DEBUG cotyledon.oslo_config_glue [-] ovn.broadcast_arps_to_all_routers = True {{(pid=104783) log_opt_values /opt/stack/data/venv/lib/python3.12/site-packages/oslo_config/cfg.py:3006}}
May 19 08:00:37.086610 np0000174676 neutron-periodic-workers[104783]: DEBUG cotyledon.oslo_config_glue [-] ovn.dhcp_default_lease_time = 43200 {{(pid=104783) log_opt_values /opt/stack/data/venv/lib/python3.12/site-packages/oslo_config/cfg.py:3006}}
May 19 08:00:37.086667 np0000174676 neutron-periodic-workers[104783]: DEBUG cotyledon.oslo_config_glue [-] ovn.disable_ovn_dhcp_for_baremetal_ports = False {{(pid=104783) log_opt_values /opt/stack/data/venv/lib/python3.12/site-packages/oslo_config/cfg.py:3006}}
May 19 08:00:37.086715 np0000174676 neutron-periodic-workers[104783]: DEBUG cotyledon.oslo_config_glue [-] ovn.dns_records_ovn_owned = False {{(pid=104783) log_opt_values /opt/stack/data/venv/lib/python3.12/site-packages/oslo_config/cfg.py:3006}}
May 19 08:00:37.086759 np0000174676 neutron-periodic-workers[104783]: DEBUG cotyledon.oslo_config_glue [-] ovn.dns_servers = [] {{(pid=104783) log_opt_values /opt/stack/data/venv/lib/python3.12/site-packages/oslo_config/cfg.py:3006}}
May 19 08:00:37.086800 np0000174676 neutron-periodic-workers[104783]: DEBUG cotyledon.oslo_config_glue [-] ovn.enable_distributed_floating_ip = False {{(pid=104783) log_opt_values /opt/stack/data/venv/lib/python3.12/site-packages/oslo_config/cfg.py:3006}}
May 19 08:00:37.086841 np0000174676 neutron-periodic-workers[104783]: DEBUG cotyledon.oslo_config_glue [-] ovn.fdb_age_threshold = 300 {{(pid=104783) log_opt_values /opt/stack/data/venv/lib/python3.12/site-packages/oslo_config/cfg.py:3006}}
May 19 08:00:37.086885 np0000174676 neutron-periodic-workers[104783]: DEBUG cotyledon.oslo_config_glue [-] ovn.ha_failover_strategy = normal {{(pid=104783) log_opt_values /opt/stack/data/venv/lib/python3.12/site-packages/oslo_config/cfg.py:3006}}
May 19 08:00:37.086928 np0000174676 neutron-periodic-workers[104783]: DEBUG cotyledon.oslo_config_glue [-] ovn.live_migration_activation_strategy = rarp {{(pid=104783) log_opt_values /opt/stack/data/venv/lib/python3.12/site-packages/oslo_config/cfg.py:3006}}
May 19 08:00:37.086957 np0000174676 neutron-periodic-workers[104783]: DEBUG cotyledon.oslo_config_glue [-] ovn.localnet_learn_fdb = False {{(pid=104783) log_opt_values /opt/stack/data/venv/lib/python3.12/site-packages/oslo_config/cfg.py:3006}}
May 19 08:00:37.087001 np0000174676 neutron-periodic-workers[104783]: DEBUG cotyledon.oslo_config_glue [-] ovn.mac_binding_age_threshold = 300 {{(pid=104783) log_opt_values /opt/stack/data/venv/lib/python3.12/site-packages/oslo_config/cfg.py:3006}}
May 19 08:00:37.087053 np0000174676 neutron-periodic-workers[104783]: DEBUG cotyledon.oslo_config_glue [-] ovn.neutron_sync_mode = log {{(pid=104783) log_opt_values /opt/stack/data/venv/lib/python3.12/site-packages/oslo_config/cfg.py:3006}}
May 19 08:00:37.087095 np0000174676 neutron-periodic-workers[104783]: DEBUG cotyledon.oslo_config_glue [-] ovn.ovn_dhcp4_global_options = {} {{(pid=104783) log_opt_values /opt/stack/data/venv/lib/python3.12/site-packages/oslo_config/cfg.py:3006}}
May 19 08:00:37.087138 np0000174676 neutron-periodic-workers[104783]: DEBUG cotyledon.oslo_config_glue [-] ovn.ovn_dhcp6_global_options = {} {{(pid=104783) log_opt_values /opt/stack/data/venv/lib/python3.12/site-packages/oslo_config/cfg.py:3006}}
May 19 08:00:37.087186 np0000174676 neutron-periodic-workers[104783]: DEBUG cotyledon.oslo_config_glue [-] ovn.ovn_l3_scheduler = leastloaded {{(pid=104783) log_opt_values /opt/stack/data/venv/lib/python3.12/site-packages/oslo_config/cfg.py:3006}}
May 19 08:00:37.087227 np0000174676 neutron-periodic-workers[104783]: DEBUG cotyledon.oslo_config_glue [-] ovn.ovn_metadata_enabled = True {{(pid=104783) log_opt_values /opt/stack/data/venv/lib/python3.12/site-packages/oslo_config/cfg.py:3006}}
May 19 08:00:37.087284 np0000174676 neutron-periodic-workers[104783]: DEBUG cotyledon.oslo_config_glue [-] ovn.ovn_nb_ca_cert = /opt/stack/data/CA/int-ca/ca-chain.pem {{(pid=104783) log_opt_values /opt/stack/data/venv/lib/python3.12/site-packages/oslo_config/cfg.py:3006}}
May 19 08:00:37.087332 np0000174676 neutron-periodic-workers[104783]: DEBUG cotyledon.oslo_config_glue [-] ovn.ovn_nb_certificate = /opt/stack/data/CA/int-ca/devstack-cert.crt {{(pid=104783) log_opt_values /opt/stack/data/venv/lib/python3.12/site-packages/oslo_config/cfg.py:3006}}
May 19 08:00:37.087382 np0000174676 neutron-periodic-workers[104783]: DEBUG cotyledon.oslo_config_glue [-] ovn.ovn_nb_connection = ['ssl:199.204.45.223:6641'] {{(pid=104783) log_opt_values /opt/stack/data/venv/lib/python3.12/site-packages/oslo_config/cfg.py:3006}}
May 19 08:00:37.087415 np0000174676 neutron-periodic-workers[104783]: DEBUG cotyledon.oslo_config_glue [-] ovn.ovn_nb_private_key = /opt/stack/data/CA/int-ca/private/devstack-cert.key {{(pid=104783) log_opt_values /opt/stack/data/venv/lib/python3.12/site-packages/oslo_config/cfg.py:3006}}
May 19 08:00:37.087462 np0000174676 neutron-periodic-workers[104783]: DEBUG cotyledon.oslo_config_glue [-] ovn.ovn_router_indirect_snat = False {{(pid=104783) log_opt_values /opt/stack/data/venv/lib/python3.12/site-packages/oslo_config/cfg.py:3006}}
May 19 08:00:37.087504 np0000174676 neutron-periodic-workers[104783]: DEBUG cotyledon.oslo_config_glue [-] ovn.ovn_sb_ca_cert = /opt/stack/data/CA/int-ca/ca-chain.pem {{(pid=104783) log_opt_values /opt/stack/data/venv/lib/python3.12/site-packages/oslo_config/cfg.py:3006}}
May 19 08:00:37.087545 np0000174676 neutron-periodic-workers[104783]: DEBUG cotyledon.oslo_config_glue [-] ovn.ovn_sb_certificate = /opt/stack/data/CA/int-ca/devstack-cert.crt {{(pid=104783) log_opt_values /opt/stack/data/venv/lib/python3.12/site-packages/oslo_config/cfg.py:3006}}
May 19 08:00:37.087589 np0000174676 neutron-periodic-workers[104783]: DEBUG cotyledon.oslo_config_glue [-] ovn.ovn_sb_connection = ['ssl:199.204.45.223:6642'] {{(pid=104783) log_opt_values /opt/stack/data/venv/lib/python3.12/site-packages/oslo_config/cfg.py:3006}}
May 19 08:00:37.087629 np0000174676 neutron-periodic-workers[104783]: DEBUG cotyledon.oslo_config_glue [-] ovn.ovn_sb_private_key = /opt/stack/data/CA/int-ca/private/devstack-cert.key {{(pid=104783) log_opt_values /opt/stack/data/venv/lib/python3.12/site-packages/oslo_config/cfg.py:3006}}
May 19 08:00:37.087684 np0000174676 neutron-periodic-workers[104783]: DEBUG cotyledon.oslo_config_glue [-] ovn.ovs_create_tap = False {{(pid=104783) log_opt_values /opt/stack/data/venv/lib/python3.12/site-packages/oslo_config/cfg.py:3006}}
May 19 08:00:37.087715 np0000174676 neutron-periodic-workers[104783]: DEBUG cotyledon.oslo_config_glue [-] ovn.ovsdb_connection_timeout = 180 {{(pid=104783) log_opt_values /opt/stack/data/venv/lib/python3.12/site-packages/oslo_config/cfg.py:3006}}
May 19 08:00:37.087760 np0000174676 neutron-periodic-workers[104783]: DEBUG cotyledon.oslo_config_glue [-] ovn.ovsdb_log_level = INFO {{(pid=104783) log_opt_values /opt/stack/data/venv/lib/python3.12/site-packages/oslo_config/cfg.py:3006}}
May 19 08:00:37.087802 np0000174676 neutron-periodic-workers[104783]: DEBUG cotyledon.oslo_config_glue [-] ovn.ovsdb_probe_interval = 60000 {{(pid=104783) log_opt_values /opt/stack/data/venv/lib/python3.12/site-packages/oslo_config/cfg.py:3006}}
May 19 08:00:37.087837 np0000174676 neutron-periodic-workers[104783]: DEBUG cotyledon.oslo_config_glue [-] ovn.ovsdb_retry_max_interval = 180 {{(pid=104783) log_opt_values /opt/stack/data/venv/lib/python3.12/site-packages/oslo_config/cfg.py:3006}}
May 19 08:00:37.087881 np0000174676 neutron-periodic-workers[104783]: DEBUG cotyledon.oslo_config_glue [-] ovn.stateless_nat_enabled = False {{(pid=104783) log_opt_values /opt/stack/data/venv/lib/python3.12/site-packages/oslo_config/cfg.py:3006}}
May 19 08:00:37.087931 np0000174676 neutron-periodic-workers[104783]: DEBUG cotyledon.oslo_config_glue [-] ovn.vhost_sock_dir = /var/run/openvswitch {{(pid=104783) log_opt_values /opt/stack/data/venv/lib/python3.12/site-packages/oslo_config/cfg.py:3006}}
May 19 08:00:37.087987 np0000174676 neutron-periodic-workers[104783]: DEBUG cotyledon.oslo_config_glue [-] OVS.bridge_mac_table_size = 50000 {{(pid=104783) log_opt_values /opt/stack/data/venv/lib/python3.12/site-packages/oslo_config/cfg.py:3006}}
May 19 08:00:37.088032 np0000174676 neutron-periodic-workers[104783]: DEBUG cotyledon.oslo_config_glue [-] OVS.igmp_flood = False {{(pid=104783) log_opt_values /opt/stack/data/venv/lib/python3.12/site-packages/oslo_config/cfg.py:3006}}
May 19 08:00:37.088066 np0000174676 neutron-periodic-workers[104783]: DEBUG cotyledon.oslo_config_glue [-] OVS.igmp_flood_reports = True {{(pid=104783) log_opt_values /opt/stack/data/venv/lib/python3.12/site-packages/oslo_config/cfg.py:3006}}
May 19 08:00:37.088117 np0000174676 neutron-periodic-workers[104783]: DEBUG cotyledon.oslo_config_glue [-] OVS.igmp_flood_unregistered = False {{(pid=104783) log_opt_values /opt/stack/data/venv/lib/python3.12/site-packages/oslo_config/cfg.py:3006}}
May 19 08:00:37.088204 np0000174676 neutron-periodic-workers[104783]: DEBUG cotyledon.oslo_config_glue [-] OVS.igmp_snooping_enable = False {{(pid=104783) log_opt_values /opt/stack/data/venv/lib/python3.12/site-packages/oslo_config/cfg.py:3006}}
May 19 08:00:37.088204 np0000174676 neutron-periodic-workers[104783]: DEBUG cotyledon.oslo_config_glue [-] OVS.ovsdb_timeout = 10 {{(pid=104783) log_opt_values /opt/stack/data/venv/lib/python3.12/site-packages/oslo_config/cfg.py:3006}}
May 19 08:00:37.088263 np0000174676 neutron-periodic-workers[104783]: DEBUG cotyledon.oslo_config_glue [-] ovn_nb_global.fdb_removal_limit = 0 {{(pid=104783) log_opt_values /opt/stack/data/venv/lib/python3.12/site-packages/oslo_config/cfg.py:3006}}
May 19 08:00:37.088326 np0000174676 neutron-periodic-workers[104783]: DEBUG cotyledon.oslo_config_glue [-] ovn_nb_global.ignore_lsp_down = False {{(pid=104783) log_opt_values /opt/stack/data/venv/lib/python3.12/site-packages/oslo_config/cfg.py:3006}}
May 19 08:00:37.088326 np0000174676 neutron-periodic-workers[104783]: DEBUG cotyledon.oslo_config_glue [-] ovn_nb_global.mac_binding_removal_limit = 0 {{(pid=104783) log_opt_values /opt/stack/data/venv/lib/python3.12/site-packages/oslo_config/cfg.py:3006}}
May 19 08:00:37.088414 np0000174676 neutron-periodic-workers[104783]: DEBUG cotyledon.oslo_config_glue [-] ******************************************************************************** {{(pid=104783) log_opt_values /opt/stack/data/venv/lib/python3.12/site-packages/oslo_config/cfg.py:3013}}
May 19 08:00:37.088540 np0000174676 neutron-periodic-workers[104783]: DEBUG cotyledon._service_worker [-] Run service ServiceWrapper(0) [104783] {{(pid=104783) wait_forever /opt/stack/data/venv/lib/python3.12/site-packages/cotyledon/_service_worker.py:218}}
May 19 08:00:46.727364 np0000174676 neutron-periodic-workers[103967]: DEBUG dbcounter [-] [103967] Writing DB stats neutron:SELECT=4 {{(pid=103967) stat_writer /opt/stack/data/venv/lib/python3.12/site-packages/dbcounter.py:115}}
May 19 08:01:37.093063 np0000174676 neutron-periodic-workers[104778]: DEBUG oslo_db.sqlalchemy.engines [None req-7d7d4fe8-47de-4fcc-90cb-a559c72e8436 None None] Parent process 103967 forked (104778) with an open database connection, which is being discarded and recreated. {{(pid=104778) checkout /opt/stack/data/venv/lib/python3.12/site-packages/oslo_db/sqlalchemy/engines.py:402}}
May 19 08:01:37.103367 np0000174676 neutron-periodic-workers[104778]: DEBUG dbcounter [-] [104778] Writer thread running {{(pid=104778) stat_writer /opt/stack/data/venv/lib/python3.12/site-packages/dbcounter.py:102}}
May 19 08:01:37.107383 np0000174676 neutron-periodic-workers[104778]: DEBUG neutron.db.agents_db [None req-7d7d4fe8-47de-4fcc-90cb-a559c72e8436 None None] Agent healthcheck: found 0 active agents {{(pid=104778) agent_health_check /opt/stack/neutron/neutron/db/agents_db.py:322}}
May 19 08:01:37.107561 np0000174676 neutron-periodic-workers[104778]: DEBUG oslo.service.backend._threading.loopingcall [None req-7d7d4fe8-47de-4fcc-90cb-a559c72e8436 None None] Fixed interval looping call 'neutron.plugins.ml2.plugin.AgentDbMixin.agent_health_check' sleeping for 36.98 seconds {{(pid=104778) _run_loop /opt/stack/data/venv/lib/python3.12/site-packages/oslo_service/backend/_threading/loopingcall.py:125}}
May 19 08:01:43.078345 np0000174676 neutron-periodic-workers[104771]: DEBUG dbcounter [-] [104771] Writer thread running {{(pid=104771) stat_writer /opt/stack/data/venv/lib/python3.12/site-packages/dbcounter.py:102}}
May 19 08:01:43.090743 np0000174676 neutron-periodic-workers[104771]: DEBUG oslo.service.backend._threading.loopingcall [None req-1dff0786-2bee-430d-86da-f9c849820a10 None None] Fixed interval looping call 'neutron.plugins.ml2.plugin.DhcpAgentSchedulerDbMixin.remove_networks_from_down_agents' sleeping for 36.97 seconds {{(pid=104771) _run_loop /opt/stack/data/venv/lib/python3.12/site-packages/oslo_service/backend/_threading/loopingcall.py:125}}
May 19 08:01:47.104321 np0000174676 neutron-periodic-workers[104778]: DEBUG dbcounter [-] [104778] Writing DB stats neutron:SELECT=1 {{(pid=104778) stat_writer /opt/stack/data/venv/lib/python3.12/site-packages/dbcounter.py:115}}
May 19 08:01:53.089994 np0000174676 neutron-periodic-workers[104771]: DEBUG dbcounter [-] [104771] Writing DB stats neutron:SELECT=3 {{(pid=104771) stat_writer /opt/stack/data/venv/lib/python3.12/site-packages/dbcounter.py:115}}
May 19 08:02:14.093718 np0000174676 neutron-periodic-workers[104778]: DEBUG neutron.db.agents_db [None req-7d7d4fe8-47de-4fcc-90cb-a559c72e8436 None None] Agent healthcheck: found 0 active agents {{(pid=104778) agent_health_check /opt/stack/neutron/neutron/db/agents_db.py:322}}
May 19 08:02:14.094615 np0000174676 neutron-periodic-workers[104778]: DEBUG oslo.service.backend._threading.loopingcall [None req-7d7d4fe8-47de-4fcc-90cb-a559c72e8436 None None] Fixed interval looping call 'neutron.plugins.ml2.plugin.AgentDbMixin.agent_health_check' sleeping for 36.99 seconds {{(pid=104778) _run_loop /opt/stack/data/venv/lib/python3.12/site-packages/oslo_service/backend/_threading/loopingcall.py:125}}
May 19 08:02:20.071193 np0000174676 neutron-periodic-workers[104771]: DEBUG oslo.service.backend._threading.loopingcall [None req-1dff0786-2bee-430d-86da-f9c849820a10 None None] Fixed interval looping call 'neutron.plugins.ml2.plugin.DhcpAgentSchedulerDbMixin.remove_networks_from_down_agents' sleeping for 36.99 seconds {{(pid=104771) _run_loop /opt/stack/data/venv/lib/python3.12/site-packages/oslo_service/backend/_threading/loopingcall.py:125}}
May 19 08:02:24.091840 np0000174676 neutron-periodic-workers[104778]: DEBUG dbcounter [-] [104778] Writing DB stats neutron:SELECT=1 {{(pid=104778) stat_writer /opt/stack/data/venv/lib/python3.12/site-packages/dbcounter.py:115}}
May 19 08:02:30.070227 np0000174676 neutron-periodic-workers[104771]: DEBUG dbcounter [-] [104771] Writing DB stats neutron:SELECT=3 {{(pid=104771) stat_writer /opt/stack/data/venv/lib/python3.12/site-packages/dbcounter.py:115}}
May 19 08:02:37.106375 np0000174676 neutron-periodic-workers[104783]: DEBUG dbcounter [-] [104783] Writer thread running {{(pid=104783) stat_writer /opt/stack/data/venv/lib/python3.12/site-packages/dbcounter.py:102}}
May 19 08:02:37.108493 np0000174676 neutron-periodic-workers[104783]: DEBUG oslo.service.backend._threading.loopingcall [None req-e5f8a055-0482-47b5-b233-a1c729c8c303 None None] Fixed interval looping call 'neutron.db.quota.driver_nolock.DbQuotaNoLockDriver._remove_expired_reservations' sleeping for 119.98 seconds {{(pid=104783) _run_loop /opt/stack/data/venv/lib/python3.12/site-packages/oslo_service/backend/_threading/loopingcall.py:125}}
May 19 08:02:47.106857 np0000174676 neutron-periodic-workers[104783]: DEBUG dbcounter [-] [104783] Writing DB stats neutron:DELETE=1 {{(pid=104783) stat_writer /opt/stack/data/venv/lib/python3.12/site-packages/dbcounter.py:115}}
May 19 08:02:48.071794 np0000174676 neutron-periodic-workers[104763]: DEBUG dbcounter [-] [104763] Writer thread running {{(pid=104763) stat_writer /opt/stack/data/venv/lib/python3.12/site-packages/dbcounter.py:102}}
May 19 08:02:48.082837 np0000174676 neutron-periodic-workers[104763]: DEBUG oslo.service.backend._threading.loopingcall [None req-e1068e06-4c26-4819-ad70-a146cc5682f0 None None] Fixed interval looping call 'neutron.services.ovn_l3.plugin.L3_NAT_dbonly_mixin._clean_garbage' sleeping for 299.96 seconds {{(pid=104763) _run_loop /opt/stack/data/venv/lib/python3.12/site-packages/oslo_service/backend/_threading/loopingcall.py:125}}
May 19 08:02:51.089531 np0000174676 neutron-periodic-workers[104778]: DEBUG neutron.db.agents_db [None req-7d7d4fe8-47de-4fcc-90cb-a559c72e8436 None None] Agent healthcheck: found 0 active agents {{(pid=104778) agent_health_check /opt/stack/neutron/neutron/db/agents_db.py:322}}
May 19 08:02:51.090082 np0000174676 neutron-periodic-workers[104778]: DEBUG oslo.service.backend._threading.loopingcall [None req-7d7d4fe8-47de-4fcc-90cb-a559c72e8436 None None] Fixed interval looping call 'neutron.plugins.ml2.plugin.AgentDbMixin.agent_health_check' sleeping for 36.99 seconds {{(pid=104778) _run_loop /opt/stack/data/venv/lib/python3.12/site-packages/oslo_service/backend/_threading/loopingcall.py:125}}
May 19 08:02:57.073193 np0000174676 neutron-periodic-workers[104771]: DEBUG oslo.service.backend._threading.loopingcall [None req-1dff0786-2bee-430d-86da-f9c849820a10 None None] Fixed interval looping call 'neutron.plugins.ml2.plugin.DhcpAgentSchedulerDbMixin.remove_networks_from_down_agents' sleeping for 36.99 seconds {{(pid=104771) _run_loop /opt/stack/data/venv/lib/python3.12/site-packages/oslo_service/backend/_threading/loopingcall.py:125}}
May 19 08:02:58.072159 np0000174676 neutron-periodic-workers[104763]: DEBUG dbcounter [-] [104763] Writing DB stats neutron:SELECT=1 {{(pid=104763) stat_writer /opt/stack/data/venv/lib/python3.12/site-packages/dbcounter.py:115}}
May 19 08:03:01.088150 np0000174676 neutron-periodic-workers[104778]: DEBUG dbcounter [-] [104778] Writing DB stats neutron:SELECT=1 {{(pid=104778) stat_writer /opt/stack/data/venv/lib/python3.12/site-packages/dbcounter.py:115}}
May 19 08:03:07.071419 np0000174676 neutron-periodic-workers[104771]: DEBUG dbcounter [-] [104771] Writing DB stats neutron:SELECT=3 {{(pid=104771) stat_writer /opt/stack/data/venv/lib/python3.12/site-packages/dbcounter.py:115}}
May 19 08:03:28.086374 np0000174676 neutron-periodic-workers[104778]: DEBUG neutron.db.agents_db [None req-7d7d4fe8-47de-4fcc-90cb-a559c72e8436 None None] Agent healthcheck: found 0 active agents {{(pid=104778) agent_health_check /opt/stack/neutron/neutron/db/agents_db.py:322}}
May 19 08:03:28.086906 np0000174676 neutron-periodic-workers[104778]: DEBUG oslo.service.backend._threading.loopingcall [None req-7d7d4fe8-47de-4fcc-90cb-a559c72e8436 None None] Fixed interval looping call 'neutron.plugins.ml2.plugin.AgentDbMixin.agent_health_check' sleeping for 36.99 seconds {{(pid=104778) _run_loop /opt/stack/data/venv/lib/python3.12/site-packages/oslo_service/backend/_threading/loopingcall.py:125}}
May 19 08:03:34.075185 np0000174676 neutron-periodic-workers[104771]: DEBUG oslo.service.backend._threading.loopingcall [None req-1dff0786-2bee-430d-86da-f9c849820a10 None None] Fixed interval looping call 'neutron.plugins.ml2.plugin.DhcpAgentSchedulerDbMixin.remove_networks_from_down_agents' sleeping for 36.99 seconds {{(pid=104771) _run_loop /opt/stack/data/venv/lib/python3.12/site-packages/oslo_service/backend/_threading/loopingcall.py:125}}
May 19 08:03:38.084406 np0000174676 neutron-periodic-workers[104778]: DEBUG dbcounter [-] [104778] Writing DB stats neutron:SELECT=1 {{(pid=104778) stat_writer /opt/stack/data/venv/lib/python3.12/site-packages/dbcounter.py:115}}
May 19 08:03:44.073899 np0000174676 neutron-periodic-workers[104771]: DEBUG dbcounter [-] [104771] Writing DB stats neutron:SELECT=3 {{(pid=104771) stat_writer /opt/stack/data/venv/lib/python3.12/site-packages/dbcounter.py:115}}
May 19 08:04:05.082973 np0000174676 neutron-periodic-workers[104778]: DEBUG neutron.db.agents_db [None req-7d7d4fe8-47de-4fcc-90cb-a559c72e8436 None None] Agent healthcheck: found 0 active agents {{(pid=104778) agent_health_check /opt/stack/neutron/neutron/db/agents_db.py:322}}
May 19 08:04:05.083707 np0000174676 neutron-periodic-workers[104778]: DEBUG oslo.service.backend._threading.loopingcall [None req-7d7d4fe8-47de-4fcc-90cb-a559c72e8436 None None] Fixed interval looping call 'neutron.plugins.ml2.plugin.AgentDbMixin.agent_health_check' sleeping for 36.99 seconds {{(pid=104778) _run_loop /opt/stack/data/venv/lib/python3.12/site-packages/oslo_service/backend/_threading/loopingcall.py:125}}
May 19 08:04:11.074734 np0000174676 neutron-periodic-workers[104771]: DEBUG oslo.service.backend._threading.loopingcall [None req-1dff0786-2bee-430d-86da-f9c849820a10 None None] Fixed interval looping call 'neutron.plugins.ml2.plugin.DhcpAgentSchedulerDbMixin.remove_networks_from_down_agents' sleeping for 36.99 seconds {{(pid=104771) _run_loop /opt/stack/data/venv/lib/python3.12/site-packages/oslo_service/backend/_threading/loopingcall.py:125}}
May 19 08:04:15.081201 np0000174676 neutron-periodic-workers[104778]: DEBUG dbcounter [-] [104778] Writing DB stats neutron:SELECT=1 {{(pid=104778) stat_writer /opt/stack/data/venv/lib/python3.12/site-packages/dbcounter.py:115}}
May 19 08:04:21.074461 np0000174676 neutron-periodic-workers[104771]: DEBUG dbcounter [-] [104771] Writing DB stats neutron:SELECT=3 {{(pid=104771) stat_writer /opt/stack/data/venv/lib/python3.12/site-packages/dbcounter.py:115}}
May 19 08:04:37.093863 np0000174676 neutron-periodic-workers[104783]: DEBUG oslo.service.backend._threading.loopingcall [None req-e5f8a055-0482-47b5-b233-a1c729c8c303 None None] Fixed interval looping call 'neutron.db.quota.driver_nolock.DbQuotaNoLockDriver._remove_expired_reservations' sleeping for 120.00 seconds {{(pid=104783) _run_loop /opt/stack/data/venv/lib/python3.12/site-packages/oslo_service/backend/_threading/loopingcall.py:125}}
May 19 08:04:42.077702 np0000174676 neutron-periodic-workers[104778]: DEBUG neutron.db.agents_db [None req-7d7d4fe8-47de-4fcc-90cb-a559c72e8436 None None] Agent healthcheck: found 0 active agents {{(pid=104778) agent_health_check /opt/stack/neutron/neutron/db/agents_db.py:322}}
May 19 08:04:42.078235 np0000174676 neutron-periodic-workers[104778]: DEBUG oslo.service.backend._threading.loopingcall [None req-7d7d4fe8-47de-4fcc-90cb-a559c72e8436 None None] Fixed interval looping call 'neutron.plugins.ml2.plugin.AgentDbMixin.agent_health_check' sleeping for 37.00 seconds {{(pid=104778) _run_loop /opt/stack/data/venv/lib/python3.12/site-packages/oslo_service/backend/_threading/loopingcall.py:125}}
May 19 08:04:47.092361 np0000174676 neutron-periodic-workers[104783]: DEBUG dbcounter [-] [104783] Writing DB stats neutron:DELETE=1 {{(pid=104783) stat_writer /opt/stack/data/venv/lib/python3.12/site-packages/dbcounter.py:115}}
May 19 08:04:48.072030 np0000174676 neutron-periodic-workers[104771]: DEBUG oslo.service.backend._threading.loopingcall [None req-1dff0786-2bee-430d-86da-f9c849820a10 None None] Fixed interval looping call 'neutron.plugins.ml2.plugin.DhcpAgentSchedulerDbMixin.remove_networks_from_down_agents' sleeping for 36.99 seconds {{(pid=104771) _run_loop /opt/stack/data/venv/lib/python3.12/site-packages/oslo_service/backend/_threading/loopingcall.py:125}}
May 19 08:04:52.076320 np0000174676 neutron-periodic-workers[104778]: DEBUG dbcounter [-] [104778] Writing DB stats neutron:SELECT=1 {{(pid=104778) stat_writer /opt/stack/data/venv/lib/python3.12/site-packages/dbcounter.py:115}}
May 19 08:04:58.071111 np0000174676 neutron-periodic-workers[104771]: DEBUG dbcounter [-] [104771] Writing DB stats neutron:SELECT=3 {{(pid=104771) stat_writer /opt/stack/data/venv/lib/python3.12/site-packages/dbcounter.py:115}}
May 19 08:05:19.083539 np0000174676 neutron-periodic-workers[104778]: DEBUG neutron.db.agents_db [None req-7d7d4fe8-47de-4fcc-90cb-a559c72e8436 None None] Agent healthcheck: found 0 active agents {{(pid=104778) agent_health_check /opt/stack/neutron/neutron/db/agents_db.py:322}}
May 19 08:05:19.084123 np0000174676 neutron-periodic-workers[104778]: DEBUG oslo.service.backend._threading.loopingcall [None req-7d7d4fe8-47de-4fcc-90cb-a559c72e8436 None None] Fixed interval looping call 'neutron.plugins.ml2.plugin.AgentDbMixin.agent_health_check' sleeping for 37.00 seconds {{(pid=104778) _run_loop /opt/stack/data/venv/lib/python3.12/site-packages/oslo_service/backend/_threading/loopingcall.py:125}}
May 19 08:05:25.071504 np0000174676 neutron-periodic-workers[104771]: DEBUG oslo.service.backend._threading.loopingcall [None req-1dff0786-2bee-430d-86da-f9c849820a10 None None] Fixed interval looping call 'neutron.plugins.ml2.plugin.DhcpAgentSchedulerDbMixin.remove_networks_from_down_agents' sleeping for 36.99 seconds {{(pid=104771) _run_loop /opt/stack/data/venv/lib/python3.12/site-packages/oslo_service/backend/_threading/loopingcall.py:125}}
May 19 08:05:29.082387 np0000174676 neutron-periodic-workers[104778]: DEBUG dbcounter [-] [104778] Writing DB stats neutron:SELECT=1 {{(pid=104778) stat_writer /opt/stack/data/venv/lib/python3.12/site-packages/dbcounter.py:115}}
May 19 08:05:35.070858 np0000174676 neutron-periodic-workers[104771]: DEBUG dbcounter [-] [104771] Writing DB stats neutron:SELECT=3 {{(pid=104771) stat_writer /opt/stack/data/venv/lib/python3.12/site-packages/dbcounter.py:115}}