May 14 10:17:51.131788 np0000174107 devstack@neutron-api.service[102975]: DEBUG neutron.plugins.ml2.drivers.ovn.mech_driver.ovsdb.ovsdb_monitor [None req-10254197-da82-4ab6-8bf2-61b7d0aa4585 None None] Hash Ring: Node 714f9e38f79056dea86f9439991e2cc6 (host: np0000174107) handling event "create" for row 2bfb7d86-a44b-47cc-a537-ce964ea0ea20 (table: Connection) {{(pid=102975) notify /opt/stack/neutron/neutron/plugins/ml2/drivers/ovn/mech_driver/ovsdb/ovsdb_monitor.py:942}}
May 14 10:17:51.132037 np0000174107 devstack@neutron-api.service[102975]: DEBUG neutron.plugins.ml2.drivers.ovn.mech_driver.ovsdb.ovsdb_monitor [None req-10254197-da82-4ab6-8bf2-61b7d0aa4585 None None] Hash Ring: Node 714f9e38f79056dea86f9439991e2cc6 (host: np0000174107) handling event "create" for row 6d6798fa-b97c-417b-9bc4-7be2b88e9345 (table: SSL) {{(pid=102975) notify /opt/stack/neutron/neutron/plugins/ml2/drivers/ovn/mech_driver/ovsdb/ovsdb_monitor.py:942}}
May 14 10:17:51.133113 np0000174107 devstack@neutron-api.service[102974]: DEBUG neutron.common.ovn.hash_ring_manager [None req-ce680ba1-88c1-4ec8-9bdc-a962c96a6c90 None None] Hash Ring loaded. 4 active nodes. 0 offline nodes {{(pid=102974) _load_hash_ring /opt/stack/neutron/neutron/common/ovn/hash_ring_manager.py:102}}
May 14 10:17:51.133204 np0000174107 devstack@neutron-api.service[102975]: INFO neutron.plugins.ml2.drivers.ovn.mech_driver.ovsdb.impl_idl_ovn [None req-10254197-da82-4ab6-8bf2-61b7d0aa4585 None None] Getting OvsdbSbOvnIdl for WorkerService with retry
May 14 10:17:51.133267 np0000174107 devstack@neutron-api.service[102974]: DEBUG neutron.plugins.ml2.drivers.ovn.mech_driver.ovsdb.ovsdb_monitor [None req-ce680ba1-88c1-4ec8-9bdc-a962c96a6c90 None None] ChassisAgentWriteEvent : Matched Chassis_Private, create, None None {{(pid=102974) matches /opt/stack/neutron/neutron/plugins/ml2/drivers/ovn/mech_driver/ovsdb/ovsdb_monitor.py:64}}
May 14 10:17:51.133442 np0000174107 devstack@neutron-api.service[102974]: DEBUG neutron.plugins.ml2.drivers.ovn.mech_driver.ovsdb.ovsdb_monitor [None req-ce680ba1-88c1-4ec8-9bdc-a962c96a6c90 None None] ChassisOVNAgentWriteEvent : Matched Chassis_Private, create, None None {{(pid=102974) matches /opt/stack/neutron/neutron/plugins/ml2/drivers/ovn/mech_driver/ovsdb/ovsdb_monitor.py:64}}
May 14 10:17:51.135777 np0000174107 devstack@neutron-api.service[102974]: INFO neutron.plugins.ml2.drivers.ovn.mech_driver.mech_driver [None req-ce680ba1-88c1-4ec8-9bdc-a962c96a6c90 None None] WorkerService process has finished the post initialization
May 14 10:17:51.137060 np0000174107 devstack@neutron-api.service[102974]: WSGI app 0 (mountpoint='') ready in 7 seconds on interpreter 0x7a71442a3668 pid: 102974 (default app)
May 14 10:17:51.138892 np0000174107 devstack@neutron-api.service[102973]: DEBUG ovsdbapp.backend.ovs_idl [None req-ec84433b-1fc7-49bc-b97b-0f2607b25306 None None] Created lookup_table index Chassis.name {{(pid=102973) autocreate_indices /opt/stack/data/venv/lib/python3.12/site-packages/ovsdbapp/backend/ovs_idl/__init__.py:87}}
May 14 10:17:51.138987 np0000174107 devstack@neutron-api.service[102973]: DEBUG ovsdbapp.backend.ovs_idl [None req-ec84433b-1fc7-49bc-b97b-0f2607b25306 None None] Created lookup_table index Port_Binding.logical_port {{(pid=102973) autocreate_indices /opt/stack/data/venv/lib/python3.12/site-packages/ovsdbapp/backend/ovs_idl/__init__.py:87}}
May 14 10:17:51.139097 np0000174107 devstack@neutron-api.service[102973]: DEBUG ovsdbapp.backend.ovs_idl [None req-ec84433b-1fc7-49bc-b97b-0f2607b25306 None None] Created schema index Chassis_Private.name {{(pid=102973) autocreate_indices /opt/stack/data/venv/lib/python3.12/site-packages/ovsdbapp/backend/ovs_idl/__init__.py:106}}
May 14 10:17:51.139247 np0000174107 devstack@neutron-api.service[102973]: DEBUG ovsdbapp.backend.ovs_idl [None req-ec84433b-1fc7-49bc-b97b-0f2607b25306 None None] Created schema index Datapath_Binding.tunnel_key {{(pid=102973) autocreate_indices /opt/stack/data/venv/lib/python3.12/site-packages/ovsdbapp/backend/ovs_idl/__init__.py:106}}
May 14 10:17:51.141966 np0000174107 devstack@neutron-api.service[102973]: INFO ovsdbapp.backend.ovs_idl.vlog [None req-ec84433b-1fc7-49bc-b97b-0f2607b25306 None None] ssl:199.204.45.169:6642: connecting...
May 14 10:17:51.147939 np0000174107 devstack@neutron-api.service[102973]: INFO ovsdbapp.backend.ovs_idl.vlog [None req-ec84433b-1fc7-49bc-b97b-0f2607b25306 None None] ssl:199.204.45.169:6642: connected
May 14 10:17:51.162441 np0000174107 devstack@neutron-api.service[102975]: DEBUG ovsdbapp.backend.ovs_idl [None req-10254197-da82-4ab6-8bf2-61b7d0aa4585 None None] Created lookup_table index Chassis.name {{(pid=102975) autocreate_indices /opt/stack/data/venv/lib/python3.12/site-packages/ovsdbapp/backend/ovs_idl/__init__.py:87}}
May 14 10:17:51.162594 np0000174107 devstack@neutron-api.service[102975]: DEBUG ovsdbapp.backend.ovs_idl [None req-10254197-da82-4ab6-8bf2-61b7d0aa4585 None None] Created lookup_table index Port_Binding.logical_port {{(pid=102975) autocreate_indices /opt/stack/data/venv/lib/python3.12/site-packages/ovsdbapp/backend/ovs_idl/__init__.py:87}}
May 14 10:17:51.162594 np0000174107 devstack@neutron-api.service[102975]: DEBUG ovsdbapp.backend.ovs_idl [None req-10254197-da82-4ab6-8bf2-61b7d0aa4585 None None] Created schema index Chassis_Private.name {{(pid=102975) autocreate_indices /opt/stack/data/venv/lib/python3.12/site-packages/ovsdbapp/backend/ovs_idl/__init__.py:106}}
May 14 10:17:51.162720 np0000174107 devstack@neutron-api.service[102975]: DEBUG ovsdbapp.backend.ovs_idl [None req-10254197-da82-4ab6-8bf2-61b7d0aa4585 None None] Created schema index Datapath_Binding.tunnel_key {{(pid=102975) autocreate_indices /opt/stack/data/venv/lib/python3.12/site-packages/ovsdbapp/backend/ovs_idl/__init__.py:106}}
May 14 10:17:51.164647 np0000174107 devstack@neutron-api.service[102975]: INFO ovsdbapp.backend.ovs_idl.vlog [None req-10254197-da82-4ab6-8bf2-61b7d0aa4585 None None] ssl:199.204.45.169:6642: connecting...
May 14 10:17:51.170034 np0000174107 devstack@neutron-api.service[102975]: INFO ovsdbapp.backend.ovs_idl.vlog [None req-10254197-da82-4ab6-8bf2-61b7d0aa4585 None None] ssl:199.204.45.169:6642: connected
May 14 10:17:51.182263 np0000174107 devstack@neutron-api.service[102973]: DEBUG neutron.common.ovn.hash_ring_manager [None req-ec84433b-1fc7-49bc-b97b-0f2607b25306 None None] Allow caching, nodes 4>=4 {{(pid=102973) _wait_startup_before_caching /opt/stack/neutron/neutron/common/ovn/hash_ring_manager.py:65}}
May 14 10:17:51.187489 np0000174107 devstack@neutron-api.service[102973]: DEBUG neutron.common.ovn.hash_ring_manager [None req-ec84433b-1fc7-49bc-b97b-0f2607b25306 None None] Hash Ring loaded. 4 active nodes. 0 offline nodes {{(pid=102973) _load_hash_ring /opt/stack/neutron/neutron/common/ovn/hash_ring_manager.py:102}}
May 14 10:17:51.187489 np0000174107 devstack@neutron-api.service[102973]: DEBUG neutron.plugins.ml2.drivers.ovn.mech_driver.ovsdb.ovsdb_monitor [None req-ec84433b-1fc7-49bc-b97b-0f2607b25306 None None] ChassisAgentWriteEvent : Matched Chassis_Private, create, None None {{(pid=102973) matches /opt/stack/neutron/neutron/plugins/ml2/drivers/ovn/mech_driver/ovsdb/ovsdb_monitor.py:64}}
May 14 10:17:51.187489 np0000174107 devstack@neutron-api.service[102973]: DEBUG neutron.plugins.ml2.drivers.ovn.mech_driver.ovsdb.ovsdb_monitor [None req-ec84433b-1fc7-49bc-b97b-0f2607b25306 None None] ChassisOVNAgentWriteEvent : Matched Chassis_Private, create, None None {{(pid=102973) matches /opt/stack/neutron/neutron/plugins/ml2/drivers/ovn/mech_driver/ovsdb/ovsdb_monitor.py:64}}
May 14 10:17:51.190445 np0000174107 devstack@neutron-api.service[102973]: INFO neutron.plugins.ml2.drivers.ovn.mech_driver.mech_driver [None req-ec84433b-1fc7-49bc-b97b-0f2607b25306 None None] WorkerService process has finished the post initialization
May 14 10:17:51.191737 np0000174107 devstack@neutron-api.service[102973]: WSGI app 0 (mountpoint='') ready in 7 seconds on interpreter 0x7a71442a3668 pid: 102973 (default app)
May 14 10:17:51.195023 np0000174107 devstack@neutron-api.service[102972]: [pid: 102972|app: 0|req: 1/1] 199.204.45.169 () {62 vars in 988 bytes} [Thu May 14 10:17:51 2026] GET /networking => generated 130 bytes in 4 msecs (HTTP/1.1 200) 3 headers in 91 bytes (1 switches on core 0)
May 14 10:17:51.208220 np0000174107 devstack@neutron-api.service[102975]: DEBUG neutron.common.ovn.hash_ring_manager [None req-10254197-da82-4ab6-8bf2-61b7d0aa4585 None None] Allow caching, nodes 4>=4 {{(pid=102975) _wait_startup_before_caching /opt/stack/neutron/neutron/common/ovn/hash_ring_manager.py:65}}
May 14 10:17:51.214161 np0000174107 devstack@neutron-api.service[102975]: DEBUG neutron.common.ovn.hash_ring_manager [None req-10254197-da82-4ab6-8bf2-61b7d0aa4585 None None] Hash Ring loaded. 4 active nodes. 0 offline nodes {{(pid=102975) _load_hash_ring /opt/stack/neutron/neutron/common/ovn/hash_ring_manager.py:102}}
May 14 10:17:51.214279 np0000174107 devstack@neutron-api.service[102975]: DEBUG neutron.plugins.ml2.drivers.ovn.mech_driver.ovsdb.ovsdb_monitor [None req-10254197-da82-4ab6-8bf2-61b7d0aa4585 None None] ChassisAgentWriteEvent : Matched Chassis_Private, create, None None {{(pid=102975) matches /opt/stack/neutron/neutron/plugins/ml2/drivers/ovn/mech_driver/ovsdb/ovsdb_monitor.py:64}}
May 14 10:17:51.214448 np0000174107 devstack@neutron-api.service[102975]: DEBUG neutron.plugins.ml2.drivers.ovn.mech_driver.ovsdb.ovsdb_monitor [None req-10254197-da82-4ab6-8bf2-61b7d0aa4585 None None] ChassisOVNAgentWriteEvent : Matched Chassis_Private, create, None None {{(pid=102975) matches /opt/stack/neutron/neutron/plugins/ml2/drivers/ovn/mech_driver/ovsdb/ovsdb_monitor.py:64}}
May 14 10:17:51.214775 np0000174107 devstack@neutron-api.service[102975]: DEBUG neutron.plugins.ml2.drivers.ovn.mech_driver.ovsdb.ovsdb_monitor [None req-10254197-da82-4ab6-8bf2-61b7d0aa4585 None None] Hash Ring: Node 714f9e38f79056dea86f9439991e2cc6 (host: np0000174107) handling event "create" for row ae5afdcd-7ec0-4722-90ef-b4524242daa2 (table: Chassis_Private) {{(pid=102975) notify /opt/stack/neutron/neutron/plugins/ml2/drivers/ovn/mech_driver/ovsdb/ovsdb_monitor.py:942}}
May 14 10:17:51.216675 np0000174107 devstack@neutron-api.service[102975]: INFO neutron.plugins.ml2.drivers.ovn.mech_driver.mech_driver [None req-10254197-da82-4ab6-8bf2-61b7d0aa4585 None None] WorkerService process has finished the post initialization
May 14 10:17:51.218469 np0000174107 devstack@neutron-api.service[102975]: WSGI app 0 (mountpoint='') ready in 7 seconds on interpreter 0x7a71442a3668 pid: 102975 (default app)
May 14 10:17:53.070833 np0000174107 devstack@neutron-api.service[102975]: DEBUG neutron.plugins.ml2.drivers.ovn.mech_driver.ovsdb.ovsdb_monitor [-] Hash Ring: Node 714f9e38f79056dea86f9439991e2cc6 (host: np0000174107) handling event "update" for row 2bfb7d86-a44b-47cc-a537-ce964ea0ea20 (table: Connection) {{(pid=102975) notify /opt/stack/neutron/neutron/plugins/ml2/drivers/ovn/mech_driver/ovsdb/ovsdb_monitor.py:942}}
May 14 10:17:53.072013 np0000174107 devstack@neutron-api.service[102972]: DEBUG neutron.common.ovn.hash_ring_manager [-] Allow caching, nodes 4>=4 {{(pid=102972) _wait_startup_before_caching /opt/stack/neutron/neutron/common/ovn/hash_ring_manager.py:65}}
May 14 10:17:53.072455 np0000174107 devstack@neutron-api.service[102972]: DEBUG neutron.plugins.ml2.drivers.ovn.mech_driver.ovsdb.ovsdb_monitor [-] Hash Ring: Node b0590965192557a6be1dcc5d3af80dfe (host: np0000174107) handling event "update" for row 2bfb7d86-a44b-47cc-a537-ce964ea0ea20 (table: Connection) {{(pid=102972) notify /opt/stack/neutron/neutron/plugins/ml2/drivers/ovn/mech_driver/ovsdb/ovsdb_monitor.py:942}}
May 14 10:17:55.567090 np0000174107 devstack@neutron-api.service[102972]: DEBUG neutron.plugins.ml2.drivers.ovn.mech_driver.ovsdb.ovsdb_monitor [-] Hash Ring: Node b0590965192557a6be1dcc5d3af80dfe (host: np0000174107) handling event "update" for row 2bfb7d86-a44b-47cc-a537-ce964ea0ea20 (table: Connection) {{(pid=102972) notify /opt/stack/neutron/neutron/plugins/ml2/drivers/ovn/mech_driver/ovsdb/ovsdb_monitor.py:942}}
May 14 10:17:55.567771 np0000174107 devstack@neutron-api.service[102975]: DEBUG neutron.plugins.ml2.drivers.ovn.mech_driver.ovsdb.ovsdb_monitor [-] Hash Ring: Node 714f9e38f79056dea86f9439991e2cc6 (host: np0000174107) handling event "update" for row 2bfb7d86-a44b-47cc-a537-ce964ea0ea20 (table: Connection) {{(pid=102975) notify /opt/stack/neutron/neutron/plugins/ml2/drivers/ovn/mech_driver/ovsdb/ovsdb_monitor.py:942}}
May 14 10:17:57.741744 np0000174107 devstack@neutron-api.service[102974]: DEBUG neutron.api.wsgi [None req-785ad6a8-ea25-43cf-b360-ae77d55cc673 admin admin] Missing Content-Type {{(pid=102974) get_content_type /opt/stack/neutron/neutron/api/wsgi.py:80}}
May 14 10:17:57.742487 np0000174107 devstack@neutron-api.service[102974]: DEBUG neutron.api.wsgi [None req-785ad6a8-ea25-43cf-b360-ae77d55cc673 admin admin] https://199.204.45.169/networking/v2.0/extensions returned with HTTP 200 {{(pid=102974) __call__ /opt/stack/neutron/neutron/api/wsgi.py:540}}
May 14 10:17:57.742591 np0000174107 devstack@neutron-api.service[102974]: [pid: 102974|app: 0|req: 1/2] 199.204.45.169 () {64 vars in 1323 bytes} [Thu May 14 10:17:57 2026] GET /networking/v2.0/extensions => generated 15209 bytes in 258 msecs (HTTP/1.1 200) 4 headers in 159 bytes (1 switches on core 0)
May 14 10:17:58.132404 np0000174107 devstack@neutron-api.service[102973]: DEBUG neutron.api.v2.base [None req-832c0a3f-2982-429e-922e-a686891ea098 admin admin] Request body: {'subnetpool': {'name': 'shared-default-subnetpool-v4', 'prefixes': ['10.1.0.0/20'], 'default_prefixlen': 26, 'shared': True, 'is_default': True}} {{(pid=102973) prepare_request_body /opt/stack/neutron/neutron/api/v2/base.py:727}}
May 14 10:17:58.327035 np0000174107 devstack@neutron-api.service[102973]: DEBUG neutron.policy [None req-832c0a3f-2982-429e-922e-a686891ea098 admin admin] Loaded default policies from ['neutron'] under neutron.policies entry points {{(pid=102973) register_rules /opt/stack/neutron/neutron/policy.py:65}}
May 14 10:17:58.477094 np0000174107 devstack@neutron-api.service[102973]: DEBUG neutron_lib.callbacks.manager [None req-832c0a3f-2982-429e-922e-a686891ea098 admin admin] Publish callbacks ['neutron.objects.securitygroup.RbacNeutronDbObjectMixin.validate_rbac_policy_change-2369713474777', 'neutron.objects.address_group.RbacNeutronDbObjectMixin.validate_rbac_policy_change-2369713452164', 'neutron.objects.network.RbacNeutronDbObjectMixin.validate_rbac_policy_change-2369713838552', 'neutron.objects.qos.policy.RbacNeutronDbObjectMixin.validate_rbac_policy_change-2369713816583', 'neutron.objects.subnetpool.RbacNeutronDbObjectMixin.validate_rbac_policy_change-2369713811871', 'neutron.objects.address_scope.RbacNeutronDbObjectMixin.validate_rbac_policy_change-2369713812465', 'neutron.plugins.ml2.plugin.External_net_db_mixin._process_ext_policy_create-98858', 'neutron.plugins.ml2.plugin.NeutronDbPluginV2.validate_network_rbac_policy_change-109450'] for rbac-policy (None), before_create {{(pid=102973) _notify_loop /opt/stack/data/venv/lib/python3.12/site-packages/neutron_lib/callbacks/manager.py:184}}
May 14 10:17:58.522186 np0000174107 devstack@neutron-api.service[102973]: DEBUG neutron_lib.callbacks.manager [None req-832c0a3f-2982-429e-922e-a686891ea098 admin admin] Publish callbacks [] for subnetpool (None), before_response {{(pid=102973) _notify_loop /opt/stack/data/venv/lib/python3.12/site-packages/neutron_lib/callbacks/manager.py:184}}
May 14 10:17:58.522716 np0000174107 devstack@neutron-api.service[102973]: [pid: 102973|app: 0|req: 1/3] 199.204.45.169 () {68 vars in 1367 bytes} [Thu May 14 10:17:58 2026] POST /networking/v2.0/subnetpools => generated 533 bytes in 497 msecs (HTTP/1.1 201) 4 headers in 162 bytes (1 switches on core 0)
May 14 10:17:58.849638 np0000174107 devstack@neutron-api.service[102972]: DEBUG neutron.api.v2.base [None req-4df8bfa8-3b9e-4d7a-9e23-113f980d3728 admin admin] Request body: {'subnetpool': {'name': 'shared-default-subnetpool-v6', 'prefixes': ['fd75:d734:37eb::/56'], 'default_prefixlen': 64, 'shared': True, 'is_default': True}} {{(pid=102972) prepare_request_body /opt/stack/neutron/neutron/api/v2/base.py:727}}
May 14 10:17:59.022542 np0000174107 devstack@neutron-api.service[102972]: DEBUG neutron.policy [None req-4df8bfa8-3b9e-4d7a-9e23-113f980d3728 admin admin] Loaded default policies from ['neutron'] under neutron.policies entry points {{(pid=102972) register_rules /opt/stack/neutron/neutron/policy.py:65}}
May 14 10:17:59.314532 np0000174107 devstack@neutron-api.service[102972]: DEBUG neutron_lib.callbacks.manager [None req-4df8bfa8-3b9e-4d7a-9e23-113f980d3728 admin admin] Publish callbacks ['neutron.objects.securitygroup.RbacNeutronDbObjectMixin.validate_rbac_policy_change-2369713336191', 'neutron.objects.address_group.RbacNeutronDbObjectMixin.validate_rbac_policy_change-2369713227975', 'neutron.objects.network.RbacNeutronDbObjectMixin.validate_rbac_policy_change-2369713885659', 'neutron.objects.qos.policy.RbacNeutronDbObjectMixin.validate_rbac_policy_change-2369713901982', 'neutron.objects.subnetpool.RbacNeutronDbObjectMixin.validate_rbac_policy_change-2369713906077', 'neutron.objects.address_scope.RbacNeutronDbObjectMixin.validate_rbac_policy_change-2369713929341', 'neutron.plugins.ml2.plugin.External_net_db_mixin._process_ext_policy_create-3393895', 'neutron.plugins.ml2.plugin.NeutronDbPluginV2.validate_network_rbac_policy_change-3397767'] for rbac-policy (None), before_create {{(pid=102972) _notify_loop /opt/stack/data/venv/lib/python3.12/site-packages/neutron_lib/callbacks/manager.py:184}}
May 14 10:17:59.357611 np0000174107 devstack@neutron-api.service[102972]: DEBUG neutron_lib.callbacks.manager [None req-4df8bfa8-3b9e-4d7a-9e23-113f980d3728 admin admin] Publish callbacks [] for subnetpool (None), before_response {{(pid=102972) _notify_loop /opt/stack/data/venv/lib/python3.12/site-packages/neutron_lib/callbacks/manager.py:184}}
May 14 10:17:59.358057 np0000174107 devstack@neutron-api.service[102972]: [pid: 102972|app: 0|req: 2/4] 199.204.45.169 () {68 vars in 1367 bytes} [Thu May 14 10:17:58 2026] POST /networking/v2.0/subnetpools => generated 543 bytes in 608 msecs (HTTP/1.1 201) 4 headers in 162 bytes (1 switches on core 0)
May 14 10:17:59.773792 np0000174107 devstack@neutron-api.service[102975]: DEBUG neutron.api.v2.base [None req-4dac3ff4-9ff1-452e-9593-8715e4b5e0cf admin admin] Request body: {'network': {'admin_state_up': True, 'name': 'private'}} {{(pid=102975) prepare_request_body /opt/stack/neutron/neutron/api/v2/base.py:727}}
May 14 10:17:59.803507 np0000174107 devstack@neutron-api.service[102975]: DEBUG neutron.pecan_wsgi.hooks.quota_enforcement [None req-4dac3ff4-9ff1-452e-9593-8715e4b5e0cf admin admin] Made reservation on behalf of d00e19167be0475485530de61f755f23 for: {'network': 1} {{(pid=102975) before /opt/stack/neutron/neutron/pecan_wsgi/hooks/quota_enforcement.py:66}}
May 14 10:17:59.979336 np0000174107 devstack@neutron-api.service[102975]: DEBUG neutron.policy [None req-4dac3ff4-9ff1-452e-9593-8715e4b5e0cf admin admin] Loaded default policies from ['neutron'] under neutron.policies entry points {{(pid=102975) register_rules /opt/stack/neutron/neutron/policy.py:65}}
May 14 10:18:00.099006 np0000174107 devstack@neutron-api.service[102975]: DEBUG neutron_lib.callbacks.manager [None req-4dac3ff4-9ff1-452e-9593-8715e4b5e0cf admin admin] Publish callbacks ['neutron.plugins.ml2.plugin.SecurityGroupDbMixin._ensure_default_security_group_handler-21517'] for network (None), before_create {{(pid=102975) _notify_loop /opt/stack/data/venv/lib/python3.12/site-packages/neutron_lib/callbacks/manager.py:184}}
May 14 10:18:00.121362 np0000174107 devstack@neutron-api.service[102975]: DEBUG neutron_lib.callbacks.manager [None req-4dac3ff4-9ff1-452e-9593-8715e4b5e0cf admin admin] Publish callbacks [] for security_group (None), before_create {{(pid=102975) _notify_loop /opt/stack/data/venv/lib/python3.12/site-packages/neutron_lib/callbacks/manager.py:184}}
May 14 10:18:00.218638 np0000174107 devstack@neutron-api.service[102975]: DEBUG neutron_lib.callbacks.manager [None req-4dac3ff4-9ff1-452e-9593-8715e4b5e0cf admin admin] Publish callbacks ['neutron.plugins.ml2.drivers.ovn.mech_driver.mech_driver.OVNMechanismDriver._create_security_group_precommit-1897545'] for security_group (9746d25f-2500-49b0-95a5-2a36525dab31), precommit_create {{(pid=102975) _notify_loop /opt/stack/data/venv/lib/python3.12/site-packages/neutron_lib/callbacks/manager.py:184}}
May 14 10:18:00.218638 np0000174107 devstack@neutron-api.service[102975]: DEBUG neutron.db.ovn_revision_numbers_db [None req-4dac3ff4-9ff1-452e-9593-8715e4b5e0cf admin admin] create_initial_revision uuid=9746d25f-2500-49b0-95a5-2a36525dab31, type=security_groups, rev=-1 {{(pid=102975) create_initial_revision /opt/stack/neutron/neutron/db/ovn_revision_numbers_db.py:98}}
May 14 10:18:00.221066 np0000174107 devstack@neutron-api.service[102975]: DEBUG neutron.db.ovn_revision_numbers_db [None req-4dac3ff4-9ff1-452e-9593-8715e4b5e0cf admin admin] create_initial_revision uuid=0f7e3c8a-86b4-482c-b8ee-2b7d0931d304, type=security_group_rules, rev=-1 {{(pid=102975) create_initial_revision /opt/stack/neutron/neutron/db/ovn_revision_numbers_db.py:98}}
May 14 10:18:00.222093 np0000174107 devstack@neutron-api.service[102975]: DEBUG neutron.db.ovn_revision_numbers_db [None req-4dac3ff4-9ff1-452e-9593-8715e4b5e0cf admin admin] create_initial_revision uuid=71547614-4338-4672-bf27-54f1e51bcfd3, type=security_group_rules, rev=-1 {{(pid=102975) create_initial_revision /opt/stack/neutron/neutron/db/ovn_revision_numbers_db.py:98}}
May 14 10:18:00.222997 np0000174107 devstack@neutron-api.service[102975]: DEBUG neutron.db.ovn_revision_numbers_db [None req-4dac3ff4-9ff1-452e-9593-8715e4b5e0cf admin admin] create_initial_revision uuid=bef921df-f53f-4da0-8686-bc0fb78c9adf, type=security_group_rules, rev=-1 {{(pid=102975) create_initial_revision /opt/stack/neutron/neutron/db/ovn_revision_numbers_db.py:98}}
May 14 10:18:00.223911 np0000174107 devstack@neutron-api.service[102975]: DEBUG neutron.db.ovn_revision_numbers_db [None req-4dac3ff4-9ff1-452e-9593-8715e4b5e0cf admin admin] create_initial_revision uuid=f97b7328-c2a2-4d64-ac81-2d72dd6c0a4b, type=security_group_rules, rev=-1 {{(pid=102975) create_initial_revision /opt/stack/neutron/neutron/db/ovn_revision_numbers_db.py:98}}
May 14 10:18:00.230716 np0000174107 devstack@neutron-api.service[102975]: DEBUG neutron_lib.callbacks.manager [None req-4dac3ff4-9ff1-452e-9593-8715e4b5e0cf admin admin] Publish callbacks ['neutron.plugins.ml2.drivers.ovn.mech_driver.mech_driver.OVNMechanismDriver._create_security_group-1897543', 'neutron.plugins.ml2.ovo_rpc._ObjectChangeHandler.handle_event-7297363'] for security_group (9746d25f-2500-49b0-95a5-2a36525dab31), after_create {{(pid=102975) _notify_loop /opt/stack/data/venv/lib/python3.12/site-packages/neutron_lib/callbacks/manager.py:184}}
May 14 10:18:00.230917 np0000174107 devstack@neutron-api.service[102975]: INFO neutron.plugins.ml2.drivers.ovn.mech_driver.ovsdb.extensions.qos [None req-4dac3ff4-9ff1-452e-9593-8715e4b5e0cf admin admin] Starting OVNClientQosExtension
May 14 10:18:00.231018 np0000174107 devstack@neutron-api.service[102975]: INFO neutron.plugins.ml2.drivers.ovn.mech_driver.ovsdb.extensions.placement [None req-4dac3ff4-9ff1-452e-9593-8715e4b5e0cf admin admin] Starting OVNClientPlacementExtension
May 14 10:18:00.232353 np0000174107 devstack@neutron-api.service[102975]: DEBUG ovsdbapp.backend.ovs_idl.transaction [-] Running txn n=1 command(idx=0): PgAddCommand(_result=None, name=pg_9746d25f_2500_49b0_95a5_2a36525dab31, may_exist=False, columns={'acls': [], 'external_ids': {'neutron:security_group_id': '9746d25f-2500-49b0-95a5-2a36525dab31'}}) {{(pid=102975) do_commit /opt/stack/data/venv/lib/python3.12/site-packages/ovsdbapp/backend/ovs_idl/transaction.py:89}}
May 14 10:18:00.234565 np0000174107 devstack@neutron-api.service[102975]: DEBUG ovsdbapp.backend.ovs_idl.transaction [-] Running txn n=1 command(idx=1): PgAclAddCommand(_result=None, entity=pg_9746d25f_2500_49b0_95a5_2a36525dab31, direction=from-lport, priority=1002, match=inport == @pg_9746d25f_2500_49b0_95a5_2a36525dab31 && ip4, action=allow-related, log=False, may_exist=True, severity=[], name=[], meter=[], external_ids={'neutron:security_group_rule_id': '0f7e3c8a-86b4-482c-b8ee-2b7d0931d304'}) {{(pid=102975) do_commit /opt/stack/data/venv/lib/python3.12/site-packages/ovsdbapp/backend/ovs_idl/transaction.py:89}}
May 14 10:18:00.234965 np0000174107 devstack@neutron-api.service[102975]: DEBUG ovsdbapp.backend.ovs_idl.transaction [-] Running txn n=1 command(idx=2): PgAclAddCommand(_result=None, entity=pg_9746d25f_2500_49b0_95a5_2a36525dab31, direction=to-lport, priority=1002, match=outport == @pg_9746d25f_2500_49b0_95a5_2a36525dab31 && ip4 && ip4.src == $pg_9746d25f_2500_49b0_95a5_2a36525dab31_ip4, action=allow-related, log=False, may_exist=True, severity=[], name=[], meter=[], external_ids={'neutron:security_group_rule_id': '71547614-4338-4672-bf27-54f1e51bcfd3'}) {{(pid=102975) do_commit /opt/stack/data/venv/lib/python3.12/site-packages/ovsdbapp/backend/ovs_idl/transaction.py:89}}
May 14 10:18:00.235251 np0000174107 devstack@neutron-api.service[102975]: DEBUG ovsdbapp.backend.ovs_idl.transaction [-] Running txn n=1 command(idx=3): PgAclAddCommand(_result=None, entity=pg_9746d25f_2500_49b0_95a5_2a36525dab31, direction=to-lport, priority=1002, match=outport == @pg_9746d25f_2500_49b0_95a5_2a36525dab31 && ip6 && ip6.src == $pg_9746d25f_2500_49b0_95a5_2a36525dab31_ip6, action=allow-related, log=False, may_exist=True, severity=[], name=[], meter=[], external_ids={'neutron:security_group_rule_id': 'bef921df-f53f-4da0-8686-bc0fb78c9adf'}) {{(pid=102975) do_commit /opt/stack/data/venv/lib/python3.12/site-packages/ovsdbapp/backend/ovs_idl/transaction.py:89}}
May 14 10:18:00.235552 np0000174107 devstack@neutron-api.service[102975]: DEBUG ovsdbapp.backend.ovs_idl.transaction [-] Running txn n=1 command(idx=4): PgAclAddCommand(_result=None, entity=pg_9746d25f_2500_49b0_95a5_2a36525dab31, direction=from-lport, priority=1002, match=inport == @pg_9746d25f_2500_49b0_95a5_2a36525dab31 && ip6, action=allow-related, log=False, may_exist=True, severity=[], name=[], meter=[], external_ids={'neutron:security_group_rule_id': 'f97b7328-c2a2-4d64-ac81-2d72dd6c0a4b'}) {{(pid=102975) do_commit /opt/stack/data/venv/lib/python3.12/site-packages/ovsdbapp/backend/ovs_idl/transaction.py:89}}
May 14 10:18:00.241552 np0000174107 devstack@neutron-api.service[102975]: DEBUG neutron.plugins.ml2.drivers.ovn.mech_driver.ovsdb.ovsdb_monitor [-] Hash Ring: Node 714f9e38f79056dea86f9439991e2cc6 (host: np0000174107) handling event "create" for row 989cf30f-6f34-463e-9007-d32b35c4f6df (table: ACL) {{(pid=102975) notify /opt/stack/neutron/neutron/plugins/ml2/drivers/ovn/mech_driver/ovsdb/ovsdb_monitor.py:942}}
May 14 10:18:00.243641 np0000174107 devstack@neutron-api.service[102972]: DEBUG neutron.plugins.ml2.drivers.ovn.mech_driver.ovsdb.ovsdb_monitor [-] Hash Ring: Node b0590965192557a6be1dcc5d3af80dfe (host: np0000174107) handling event "create" for row 25406da5-c1c6-4ef4-86f6-bd7010558f80 (table: ACL) {{(pid=102972) notify /opt/stack/neutron/neutron/plugins/ml2/drivers/ovn/mech_driver/ovsdb/ovsdb_monitor.py:942}}
May 14 10:18:00.243989 np0000174107 devstack@neutron-api.service[102972]: DEBUG neutron.plugins.ml2.drivers.ovn.mech_driver.ovsdb.ovsdb_monitor [-] Hash Ring: Node b0590965192557a6be1dcc5d3af80dfe (host: np0000174107) handling event "create" for row 2e02ff90-e8b0-42ca-a017-3bd1d2aba6d3 (table: ACL) {{(pid=102972) notify /opt/stack/neutron/neutron/plugins/ml2/drivers/ovn/mech_driver/ovsdb/ovsdb_monitor.py:942}}
May 14 10:18:00.244045 np0000174107 devstack@neutron-api.service[102974]: DEBUG neutron.plugins.ml2.drivers.ovn.mech_driver.ovsdb.ovsdb_monitor [-] Hash Ring: Node 7777e412ea455567ad8aade7260a61b2 (host: np0000174107) handling event "create" for row 2e02ff90-e8b0-42ca-a017-3bd1d2aba6d3 (table: ACL) {{(pid=102974) notify /opt/stack/neutron/neutron/plugins/ml2/drivers/ovn/mech_driver/ovsdb/ovsdb_monitor.py:942}}
May 14 10:18:00.244277 np0000174107 devstack@neutron-api.service[102972]: DEBUG neutron.plugins.ml2.drivers.ovn.mech_driver.ovsdb.ovsdb_monitor [-] Hash Ring: Node b0590965192557a6be1dcc5d3af80dfe (host: np0000174107) handling event "create" for row 989cf30f-6f34-463e-9007-d32b35c4f6df (table: ACL) {{(pid=102972) notify /opt/stack/neutron/neutron/plugins/ml2/drivers/ovn/mech_driver/ovsdb/ovsdb_monitor.py:942}}
May 14 10:18:00.244556 np0000174107 devstack@neutron-api.service[102972]: DEBUG neutron.plugins.ml2.drivers.ovn.mech_driver.ovsdb.ovsdb_monitor [-] Hash Ring: Node b0590965192557a6be1dcc5d3af80dfe (host: np0000174107) handling event "create" for row 9ef67240-619b-4534-81c3-822534004d8b (table: ACL) {{(pid=102972) notify /opt/stack/neutron/neutron/plugins/ml2/drivers/ovn/mech_driver/ovsdb/ovsdb_monitor.py:942}}
May 14 10:18:00.244819 np0000174107 devstack@neutron-api.service[102972]: DEBUG neutron.plugins.ml2.drivers.ovn.mech_driver.ovsdb.ovsdb_monitor [-] Hash Ring: Node b0590965192557a6be1dcc5d3af80dfe (host: np0000174107) handling event "create" for row b55715d1-5946-4fad-9f2d-ce72610098ec (table: Port_Group) {{(pid=102972) notify /opt/stack/neutron/neutron/plugins/ml2/drivers/ovn/mech_driver/ovsdb/ovsdb_monitor.py:942}}
May 14 10:18:00.246439 np0000174107 devstack@neutron-api.service[102973]: DEBUG neutron.plugins.ml2.drivers.ovn.mech_driver.ovsdb.ovsdb_monitor [-] Hash Ring: Node 4b314f4390055dba9f447af8ee2a6f51 (host: np0000174107) handling event "create" for row b55715d1-5946-4fad-9f2d-ce72610098ec (table: Port_Group) {{(pid=102973) notify /opt/stack/neutron/neutron/plugins/ml2/drivers/ovn/mech_driver/ovsdb/ovsdb_monitor.py:942}}
May 14 10:18:00.269238 np0000174107 devstack@neutron-api.service[102975]: INFO neutron.db.ovn_revision_numbers_db [None req-4dac3ff4-9ff1-452e-9593-8715e4b5e0cf admin admin] Successfully bumped revision number for resource 9746d25f-2500-49b0-95a5-2a36525dab31 (type: security_groups) to 1
May 14 10:18:00.286008 np0000174107 devstack@neutron-api.service[102975]: INFO neutron.db.ovn_revision_numbers_db [None req-4dac3ff4-9ff1-452e-9593-8715e4b5e0cf admin admin] Successfully bumped revision number for resource 0f7e3c8a-86b4-482c-b8ee-2b7d0931d304 (type: security_group_rules) to 0
May 14 10:18:00.297349 np0000174107 devstack@neutron-api.service[102975]: INFO neutron.db.ovn_revision_numbers_db [None req-4dac3ff4-9ff1-452e-9593-8715e4b5e0cf admin admin] Successfully bumped revision number for resource 71547614-4338-4672-bf27-54f1e51bcfd3 (type: security_group_rules) to 0
May 14 10:18:00.310480 np0000174107 devstack@neutron-api.service[102975]: INFO neutron.db.ovn_revision_numbers_db [None req-4dac3ff4-9ff1-452e-9593-8715e4b5e0cf admin admin] Successfully bumped revision number for resource bef921df-f53f-4da0-8686-bc0fb78c9adf (type: security_group_rules) to 0
May 14 10:18:00.324470 np0000174107 devstack@neutron-api.service[102975]: INFO neutron.db.ovn_revision_numbers_db [None req-4dac3ff4-9ff1-452e-9593-8715e4b5e0cf admin admin] Successfully bumped revision number for resource f97b7328-c2a2-4d64-ac81-2d72dd6c0a4b (type: security_group_rules) to 0
May 14 10:18:00.348571 np0000174107 devstack@neutron-api.service[102975]: DEBUG neutron.api.rpc.handlers.resources_rpc [None req-4dac3ff4-9ff1-452e-9593-8715e4b5e0cf admin admin] Pushing event updated for resources: {'SecurityGroup': ['ID=9746d25f-2500-49b0-95a5-2a36525dab31,revision_number=1']} {{(pid=102975) push /opt/stack/neutron/neutron/api/rpc/handlers/resources_rpc.py:237}}
May 14 10:18:00.356900 np0000174107 devstack@neutron-api.service[102975]: DEBUG ovsdbapp.backend.ovs_idl.transaction [-] Running txn n=1 command(idx=0): CheckLivenessCommand(_result=None) {{(pid=102975) do_commit /opt/stack/data/venv/lib/python3.12/site-packages/ovsdbapp/backend/ovs_idl/transaction.py:89}}
May 14 10:18:00.405361 np0000174107 devstack@neutron-api.service[102972]: DEBUG neutron.plugins.ml2.drivers.ovn.mech_driver.ovsdb.ovsdb_monitor [-] Hash Ring: Node b0590965192557a6be1dcc5d3af80dfe (host: np0000174107) handling event "update" for row d67a4c81-38c9-44f9-b152-9d89cb62dff4 (table: NB_Global) {{(pid=102972) notify /opt/stack/neutron/neutron/plugins/ml2/drivers/ovn/mech_driver/ovsdb/ovsdb_monitor.py:942}}
May 14 10:18:00.406321 np0000174107 devstack@neutron-api.service[102972]: DEBUG neutron.plugins.ml2.drivers.ovn.mech_driver.ovsdb.ovsdb_monitor [-] Hash Ring: Node b0590965192557a6be1dcc5d3af80dfe (host: np0000174107) handling event "update" for row d67a4c81-38c9-44f9-b152-9d89cb62dff4 (table: NB_Global) {{(pid=102972) notify /opt/stack/neutron/neutron/plugins/ml2/drivers/ovn/mech_driver/ovsdb/ovsdb_monitor.py:942}}
May 14 10:18:00.406544 np0000174107 devstack@neutron-api.service[102973]: DEBUG neutron.plugins.ml2.drivers.ovn.mech_driver.ovsdb.ovsdb_monitor [-] Hash Ring: Node 4b314f4390055dba9f447af8ee2a6f51 (host: np0000174107) handling event "update" for row d67a4c81-38c9-44f9-b152-9d89cb62dff4 (table: NB_Global) {{(pid=102973) notify /opt/stack/neutron/neutron/plugins/ml2/drivers/ovn/mech_driver/ovsdb/ovsdb_monitor.py:942}}
May 14 10:18:00.407500 np0000174107 devstack@neutron-api.service[102973]: DEBUG neutron.plugins.ml2.drivers.ovn.mech_driver.ovsdb.ovsdb_monitor [-] Hash Ring: Node 4b314f4390055dba9f447af8ee2a6f51 (host: np0000174107) handling event "update" for row d67a4c81-38c9-44f9-b152-9d89cb62dff4 (table: NB_Global) {{(pid=102973) notify /opt/stack/neutron/neutron/plugins/ml2/drivers/ovn/mech_driver/ovsdb/ovsdb_monitor.py:942}}
May 14 10:18:00.408154 np0000174107 devstack@neutron-api.service[102972]: DEBUG neutron.plugins.ml2.drivers.ovn.mech_driver.ovsdb.ovsdb_monitor [-] Hash Ring: Node b0590965192557a6be1dcc5d3af80dfe (host: np0000174107) handling event "update" for row d67a4c81-38c9-44f9-b152-9d89cb62dff4 (table: NB_Global) {{(pid=102972) notify /opt/stack/neutron/neutron/plugins/ml2/drivers/ovn/mech_driver/ovsdb/ovsdb_monitor.py:942}}
May 14 10:18:00.410555 np0000174107 devstack@neutron-api.service[102973]: DEBUG neutron.plugins.ml2.drivers.ovn.mech_driver.ovsdb.ovsdb_monitor [-] Hash Ring: Node 4b314f4390055dba9f447af8ee2a6f51 (host: np0000174107) handling event "update" for row d67a4c81-38c9-44f9-b152-9d89cb62dff4 (table: NB_Global) {{(pid=102973) notify /opt/stack/neutron/neutron/plugins/ml2/drivers/ovn/mech_driver/ovsdb/ovsdb_monitor.py:942}}
May 14 10:18:00.410830 np0000174107 devstack@neutron-api.service[102975]: DEBUG neutron.api.rpc.callbacks.version_manager [None req-4dac3ff4-9ff1-452e-9593-8715e4b5e0cf admin admin] Tracked resource versions report:
May 14 10:18:00.410830 np0000174107 devstack@neutron-api.service[102975]: pushed versions:
May 14 10:18:00.410830 np0000174107 devstack@neutron-api.service[102975]: { 'AddressGroup': {'1.2'},
May 14 10:18:00.410830 np0000174107 devstack@neutron-api.service[102975]: 'Agent': {'1.1'},
May 14 10:18:00.410830 np0000174107 devstack@neutron-api.service[102975]: 'ConntrackHelper': {'1.0'},
May 14 10:18:00.410830 np0000174107 devstack@neutron-api.service[102975]: 'LocalIPAssociation': {'1.0'},
May 14 10:18:00.410830 np0000174107 devstack@neutron-api.service[102975]: 'Log': {'1.0'},
May 14 10:18:00.410830 np0000174107 devstack@neutron-api.service[102975]: 'NDPProxy': {'1.0'},
May 14 10:18:00.410830 np0000174107 devstack@neutron-api.service[102975]: 'Network': {'1.2'},
May 14 10:18:00.410830 np0000174107 devstack@neutron-api.service[102975]: 'Port': {'1.10'},
May 14 10:18:00.410830 np0000174107 devstack@neutron-api.service[102975]: 'PortForwarding': {'1.3'},
May 14 10:18:00.410830 np0000174107 devstack@neutron-api.service[102975]: 'QosPolicy': {'1.10'},
May 14 10:18:00.410830 np0000174107 devstack@neutron-api.service[102975]: 'SecurityGroup': {'1.6'},
May 14 10:18:00.410830 np0000174107 devstack@neutron-api.service[102975]: 'SecurityGroupRule': {'1.3'},
May 14 10:18:00.410830 np0000174107 devstack@neutron-api.service[102975]: 'SubPort': {'1.0'},
May 14 10:18:00.410830 np0000174107 devstack@neutron-api.service[102975]: 'Subnet': {'1.2'},
May 14 10:18:00.410830 np0000174107 devstack@neutron-api.service[102975]: 'Trunk': {'1.1'}}
May 14 10:18:00.410830 np0000174107 devstack@neutron-api.service[102975]: consumer versions:
May 14 10:18:00.410830 np0000174107 devstack@neutron-api.service[102975]: {}
May 14 10:18:00.410830 np0000174107 devstack@neutron-api.service[102975]: {{(pid=102975) report /opt/stack/neutron/neutron/api/rpc/callbacks/version_manager.py:183}}
May 14 10:18:00.413285 np0000174107 devstack@neutron-api.service[102972]: DEBUG neutron.plugins.ml2.drivers.ovn.mech_driver.ovsdb.ovsdb_monitor [-] ChassisAgentWriteEvent : Matched Chassis_Private, update, None None {{(pid=102972) matches /opt/stack/neutron/neutron/plugins/ml2/drivers/ovn/mech_driver/ovsdb/ovsdb_monitor.py:64}}
May 14 10:18:00.413923 np0000174107 devstack@neutron-api.service[102973]: DEBUG neutron.plugins.ml2.drivers.ovn.mech_driver.ovsdb.ovsdb_monitor [-] ChassisAgentWriteEvent : Matched Chassis_Private, update, None None {{(pid=102973) matches /opt/stack/neutron/neutron/plugins/ml2/drivers/ovn/mech_driver/ovsdb/ovsdb_monitor.py:64}}
May 14 10:18:00.414211 np0000174107 devstack@neutron-api.service[102974]: DEBUG neutron.plugins.ml2.drivers.ovn.mech_driver.ovsdb.ovsdb_monitor [-] ChassisAgentWriteEvent : Matched Chassis_Private, update, None None {{(pid=102974) matches /opt/stack/neutron/neutron/plugins/ml2/drivers/ovn/mech_driver/ovsdb/ovsdb_monitor.py:64}}
May 14 10:18:00.415127 np0000174107 devstack@neutron-api.service[102973]: DEBUG neutron.plugins.ml2.drivers.ovn.mech_driver.ovsdb.ovsdb_monitor [-] Hash Ring: Node 4b314f4390055dba9f447af8ee2a6f51 (host: np0000174107) handling event "update" for row d67a4c81-38c9-44f9-b152-9d89cb62dff4 (table: NB_Global) {{(pid=102973) notify /opt/stack/neutron/neutron/plugins/ml2/drivers/ovn/mech_driver/ovsdb/ovsdb_monitor.py:942}}
May 14 10:18:00.415597 np0000174107 devstack@neutron-api.service[102974]: DEBUG neutron.plugins.ml2.drivers.ovn.mech_driver.ovsdb.ovsdb_monitor [-] ChassisOVNAgentWriteEvent : Matched Chassis_Private, update, None None {{(pid=102974) matches /opt/stack/neutron/neutron/plugins/ml2/drivers/ovn/mech_driver/ovsdb/ovsdb_monitor.py:64}}
May 14 10:18:00.415843 np0000174107 devstack@neutron-api.service[102973]: DEBUG neutron.plugins.ml2.drivers.ovn.mech_driver.ovsdb.ovsdb_monitor [-] ChassisOVNAgentWriteEvent : Matched Chassis_Private, update, None None {{(pid=102973) matches /opt/stack/neutron/neutron/plugins/ml2/drivers/ovn/mech_driver/ovsdb/ovsdb_monitor.py:64}}
May 14 10:18:00.419565 np0000174107 devstack@neutron-api.service[102972]: DEBUG neutron.plugins.ml2.drivers.ovn.mech_driver.ovsdb.ovsdb_monitor [-] Hash Ring: Node b0590965192557a6be1dcc5d3af80dfe (host: np0000174107) handling event "update" for row d67a4c81-38c9-44f9-b152-9d89cb62dff4 (table: NB_Global) {{(pid=102972) notify /opt/stack/neutron/neutron/plugins/ml2/drivers/ovn/mech_driver/ovsdb/ovsdb_monitor.py:942}}
May 14 10:18:00.420368 np0000174107 devstack@neutron-api.service[102972]: DEBUG neutron.common.ovn.hash_ring_manager [-] Allow caching, nodes 4>=4 {{(pid=102972) _wait_startup_before_caching /opt/stack/neutron/neutron/common/ovn/hash_ring_manager.py:65}}
May 14 10:18:00.420607 np0000174107 devstack@neutron-api.service[102972]: DEBUG neutron.plugins.ml2.drivers.ovn.mech_driver.ovsdb.ovsdb_monitor [-] Hash Ring: Node b0590965192557a6be1dcc5d3af80dfe (host: np0000174107) handling event "update" for row ae5afdcd-7ec0-4722-90ef-b4524242daa2 (table: Chassis_Private) {{(pid=102972) notify /opt/stack/neutron/neutron/plugins/ml2/drivers/ovn/mech_driver/ovsdb/ovsdb_monitor.py:942}}
May 14 10:18:00.421606 np0000174107 devstack@neutron-api.service[102972]: DEBUG neutron.plugins.ml2.drivers.ovn.mech_driver.ovsdb.ovsdb_monitor [-] ChassisOVNAgentWriteEvent : Matched Chassis_Private, update, None None {{(pid=102972) matches /opt/stack/neutron/neutron/plugins/ml2/drivers/ovn/mech_driver/ovsdb/ovsdb_monitor.py:64}}
May 14 10:18:00.421710 np0000174107 devstack@neutron-api.service[102975]: DEBUG neutron.plugins.ml2.drivers.ovn.mech_driver.ovsdb.ovsdb_monitor [-] ChassisAgentWriteEvent : Matched Chassis_Private, update, None None {{(pid=102975) matches /opt/stack/neutron/neutron/plugins/ml2/drivers/ovn/mech_driver/ovsdb/ovsdb_monitor.py:64}}
May 14 10:18:00.421938 np0000174107 devstack@neutron-api.service[102972]: DEBUG neutron.plugins.ml2.drivers.ovn.mech_driver.ovsdb.ovsdb_monitor [-] Hash Ring: Node b0590965192557a6be1dcc5d3af80dfe (host: np0000174107) handling event "update" for row ae5afdcd-7ec0-4722-90ef-b4524242daa2 (table: Chassis_Private) {{(pid=102972) notify /opt/stack/neutron/neutron/plugins/ml2/drivers/ovn/mech_driver/ovsdb/ovsdb_monitor.py:942}}
May 14 10:18:00.422560 np0000174107 devstack@neutron-api.service[102975]: DEBUG neutron.plugins.ml2.drivers.ovn.mech_driver.ovsdb.ovsdb_monitor [-] Hash Ring: Node 714f9e38f79056dea86f9439991e2cc6 (host: np0000174107) handling event "update" for row ae5afdcd-7ec0-4722-90ef-b4524242daa2 (table: Chassis_Private) {{(pid=102975) notify /opt/stack/neutron/neutron/plugins/ml2/drivers/ovn/mech_driver/ovsdb/ovsdb_monitor.py:942}}
May 14 10:18:00.426319 np0000174107 devstack@neutron-api.service[102975]: DEBUG neutron.plugins.ml2.drivers.ovn.mech_driver.ovsdb.ovsdb_monitor [-] ChassisOVNAgentWriteEvent : Matched Chassis_Private, update, None None {{(pid=102975) matches /opt/stack/neutron/neutron/plugins/ml2/drivers/ovn/mech_driver/ovsdb/ovsdb_monitor.py:64}}
May 14 10:18:00.426718 np0000174107 devstack@neutron-api.service[102975]: DEBUG neutron.plugins.ml2.drivers.ovn.mech_driver.ovsdb.ovsdb_monitor [-] Hash Ring: Node 714f9e38f79056dea86f9439991e2cc6 (host: np0000174107) handling event "update" for row ae5afdcd-7ec0-4722-90ef-b4524242daa2 (table: Chassis_Private) {{(pid=102975) notify /opt/stack/neutron/neutron/plugins/ml2/drivers/ovn/mech_driver/ovsdb/ovsdb_monitor.py:942}}
May 14 10:18:00.477027 np0000174107 devstack@neutron-api.service[102975]: DEBUG neutron.plugins.ml2.drivers.helpers [None req-4dac3ff4-9ff1-452e-9593-8715e4b5e0cf admin admin] geneve segment allocate from pool success with {'geneve_vni': 62221} {{(pid=102975) allocate_partially_specified_segment /opt/stack/neutron/neutron/plugins/ml2/drivers/helpers.py:142}}
May 14 10:18:00.489217 np0000174107 devstack@neutron-api.service[102975]: DEBUG neutron_lib.callbacks.manager [None req-4dac3ff4-9ff1-452e-9593-8715e4b5e0cf admin admin] Publish callbacks ['neutron.services.segments.db._add_segment_host_mapping_for_segment-8414173735346', 'neutron.plugins.ml2.plugin.Ml2Plugin._handle_segment_change-293569'] for segment (e06b3d74-0202-4db2-98a7-586319066377), precommit_create {{(pid=102975) _notify_loop /opt/stack/data/venv/lib/python3.12/site-packages/neutron_lib/callbacks/manager.py:184}}
May 14 10:18:00.489217 np0000174107 devstack@neutron-api.service[102975]: INFO neutron.db.segments_db [None req-4dac3ff4-9ff1-452e-9593-8715e4b5e0cf admin admin] Added segment e06b3d74-0202-4db2-98a7-586319066377 of type geneve for network 13d1ae57-b286-4709-9052-ff464b977667
May 14 10:18:00.540681 np0000174107 devstack@neutron-api.service[102975]: DEBUG neutron_lib.callbacks.manager [None req-4dac3ff4-9ff1-452e-9593-8715e4b5e0cf admin admin] Publish callbacks ['neutron.services.auto_allocate.db._ensure_external_network_default_value_callback-8414172406484'] for network (13d1ae57-b286-4709-9052-ff464b977667), precommit_create {{(pid=102975) _notify_loop /opt/stack/data/venv/lib/python3.12/site-packages/neutron_lib/callbacks/manager.py:184}}
May 14 10:18:00.557181 np0000174107 devstack@neutron-api.service[102975]: DEBUG neutron.plugins.ml2.drivers.ovn.mech_driver.mech_driver [None req-4dac3ff4-9ff1-452e-9593-8715e4b5e0cf admin admin] Validating network segment with type geneve, segmentation ID 62221, physical network None {{(pid=102975) _validate_network_segments /opt/stack/neutron/neutron/plugins/ml2/drivers/ovn/mech_driver/mech_driver.py:641}}
May 14 10:18:00.557316 np0000174107 devstack@neutron-api.service[102975]: DEBUG neutron.db.ovn_revision_numbers_db [None req-4dac3ff4-9ff1-452e-9593-8715e4b5e0cf admin admin] create_initial_revision uuid=13d1ae57-b286-4709-9052-ff464b977667, type=networks, rev=-1 {{(pid=102975) create_initial_revision /opt/stack/neutron/neutron/db/ovn_revision_numbers_db.py:98}}
May 14 10:18:00.572955 np0000174107 devstack@neutron-api.service[102975]: DEBUG neutron_lib.callbacks.manager [None req-4dac3ff4-9ff1-452e-9593-8715e4b5e0cf admin admin] Publish callbacks ['neutron.plugins.ml2.ovo_rpc._ObjectChangeHandler.handle_event-7297366'] for network (13d1ae57-b286-4709-9052-ff464b977667), after_create {{(pid=102975) _notify_loop /opt/stack/data/venv/lib/python3.12/site-packages/neutron_lib/callbacks/manager.py:184}}
May 14 10:18:00.621146 np0000174107 devstack@neutron-api.service[102975]: DEBUG neutron.api.rpc.handlers.resources_rpc [None req-4dac3ff4-9ff1-452e-9593-8715e4b5e0cf admin admin] Pushing event updated for resources: {'Network': ['ID=13d1ae57-b286-4709-9052-ff464b977667,revision_number=1']} {{(pid=102975) push /opt/stack/neutron/neutron/api/rpc/handlers/resources_rpc.py:237}}
May 14 10:18:00.629329 np0000174107 devstack@neutron-api.service[102975]: DEBUG ovsdbapp.backend.ovs_idl.transaction [-] Running txn n=1 command(idx=0): AddNetworkCommand(_result=None, network_uuid=13d1ae57-b286-4709-9052-ff464b977667, may_exist=True, columns={'external_ids': {'neutron:network_name': 'private', 'neutron:mtu': '1372', 'neutron:revision_number': '1', 'neutron:availability_zone_hints': '', 'neutron:provnet-network-type': 'geneve'}, 'other_config': {'mcast_snoop': 'false', 'mcast_flood_unregistered': 'false', 'vlan-passthru': 'false'}}) {{(pid=102975) do_commit /opt/stack/data/venv/lib/python3.12/site-packages/ovsdbapp/backend/ovs_idl/transaction.py:89}}
May 14 10:18:00.630226 np0000174107 devstack@neutron-api.service[102975]: DEBUG neutron.common.ovn.utils [-] OVS persist_uuid supported=True {{(pid=102975) ovs_persist_uuid_supported /opt/stack/neutron/neutron/common/ovn/utils.py:1537}}
May 14 10:18:00.635264 np0000174107 devstack@neutron-api.service[102972]: DEBUG neutron.plugins.ml2.drivers.ovn.mech_driver.ovsdb.ovsdb_monitor [-] Hash Ring: Node b0590965192557a6be1dcc5d3af80dfe (host: np0000174107) handling event "create" for row 13d1ae57-b286-4709-9052-ff464b977667 (table: Logical_Switch) {{(pid=102972) notify /opt/stack/neutron/neutron/plugins/ml2/drivers/ovn/mech_driver/ovsdb/ovsdb_monitor.py:942}}
May 14 10:18:00.638742 np0000174107 devstack@neutron-api.service[102974]: DEBUG neutron.plugins.ml2.drivers.ovn.mech_driver.ovsdb.ovsdb_monitor [-] Hash Ring: Node 7777e412ea455567ad8aade7260a61b2 (host: np0000174107) handling event "create" for row 13d1ae57-b286-4709-9052-ff464b977667 (table: Logical_Switch) {{(pid=102974) notify /opt/stack/neutron/neutron/plugins/ml2/drivers/ovn/mech_driver/ovsdb/ovsdb_monitor.py:942}}
May 14 10:18:00.642176 np0000174107 devstack@neutron-api.service[102972]: DEBUG neutron.plugins.ml2.drivers.ovn.mech_driver.ovsdb.ovsdb_monitor [-] Hash Ring: Node b0590965192557a6be1dcc5d3af80dfe (host: np0000174107) handling event "create" for row 99d5b5d3-c4cd-419d-8c00-c7c781b5919a (table: Datapath_Binding) {{(pid=102972) notify /opt/stack/neutron/neutron/plugins/ml2/drivers/ovn/mech_driver/ovsdb/ovsdb_monitor.py:942}}
May 14 10:18:00.642769 np0000174107 devstack@neutron-api.service[102974]: DEBUG neutron.plugins.ml2.drivers.ovn.mech_driver.ovsdb.ovsdb_monitor [-] Hash Ring: Node 7777e412ea455567ad8aade7260a61b2 (host: np0000174107) handling event "create" for row 99d5b5d3-c4cd-419d-8c00-c7c781b5919a (table: Datapath_Binding) {{(pid=102974) notify /opt/stack/neutron/neutron/plugins/ml2/drivers/ovn/mech_driver/ovsdb/ovsdb_monitor.py:942}}
May 14 10:18:00.661108 np0000174107 devstack@neutron-api.service[102975]: INFO neutron.db.ovn_revision_numbers_db [None req-4dac3ff4-9ff1-452e-9593-8715e4b5e0cf admin admin] Successfully bumped revision number for resource 13d1ae57-b286-4709-9052-ff464b977667 (type: networks) to 1
May 14 10:18:00.718821 np0000174107 devstack@neutron-api.service[102975]: DEBUG neutron_lib.callbacks.manager [None req-4dac3ff4-9ff1-452e-9593-8715e4b5e0cf admin admin] Publish callbacks ['neutron.plugins.ml2.plugin.SecurityGroupDbMixin._ensure_default_security_group_handler-21517'] for port (None), before_create {{(pid=102975) _notify_loop /opt/stack/data/venv/lib/python3.12/site-packages/neutron_lib/callbacks/manager.py:184}}
May 14 10:18:00.813287 np0000174107 devstack@neutron-api.service[102975]: DEBUG neutron_lib.callbacks.manager [None req-4dac3ff4-9ff1-452e-9593-8715e4b5e0cf admin admin] Publish callbacks ['neutron.plugins.ml2.drivers.ovn.mech_driver.mech_driver.OVNMechanismDriver._validate_allowed_address_pairs-1897713'] for allowed_address_pair (e6eb7543-135e-491f-aae9-08f5cb12bf26), before_create {{(pid=102975) _notify_loop /opt/stack/data/venv/lib/python3.12/site-packages/neutron_lib/callbacks/manager.py:184}}
May 14 10:18:00.814021 np0000174107 devstack@neutron-api.service[102975]: DEBUG neutron_lib.callbacks.manager [None req-4dac3ff4-9ff1-452e-9593-8715e4b5e0cf admin admin] Publish callbacks [] for port (e6eb7543-135e-491f-aae9-08f5cb12bf26), precommit_create {{(pid=102975) _notify_loop /opt/stack/data/venv/lib/python3.12/site-packages/neutron_lib/callbacks/manager.py:184}}
