May 14 10:17:51.521014 np0000174107 neutron-periodic-workers[104675]: DEBUG cotyledon.oslo_config_glue [-] database.connection_debug = 0 {{(pid=104675) log_opt_values /opt/stack/data/venv/lib/python3.12/site-packages/oslo_config/cfg.py:3006}}
May 14 10:17:51.521081 np0000174107 neutron-periodic-workers[104675]: DEBUG cotyledon.oslo_config_glue [-] database.connection_parameters = {{(pid=104675) log_opt_values /opt/stack/data/venv/lib/python3.12/site-packages/oslo_config/cfg.py:3006}}
May 14 10:17:51.521142 np0000174107 neutron-periodic-workers[104675]: DEBUG cotyledon.oslo_config_glue [-] database.connection_recycle_time = 3600 {{(pid=104675) log_opt_values /opt/stack/data/venv/lib/python3.12/site-packages/oslo_config/cfg.py:3006}}
May 14 10:17:51.521186 np0000174107 neutron-periodic-workers[104675]: DEBUG cotyledon.oslo_config_glue [-] database.connection_trace = False {{(pid=104675) log_opt_values /opt/stack/data/venv/lib/python3.12/site-packages/oslo_config/cfg.py:3006}}
May 14 10:17:51.521218 np0000174107 neutron-periodic-workers[104675]: DEBUG cotyledon.oslo_config_glue [-] database.db_inc_retry_interval = True {{(pid=104675) log_opt_values /opt/stack/data/venv/lib/python3.12/site-packages/oslo_config/cfg.py:3006}}
May 14 10:17:51.521276 np0000174107 neutron-periodic-workers[104675]: DEBUG cotyledon.oslo_config_glue [-] database.db_max_retries = 20 {{(pid=104675) log_opt_values /opt/stack/data/venv/lib/python3.12/site-packages/oslo_config/cfg.py:3006}}
May 14 10:17:51.521308 np0000174107 neutron-periodic-workers[104675]: DEBUG cotyledon.oslo_config_glue [-] database.db_max_retry_interval = 10 {{(pid=104675) log_opt_values /opt/stack/data/venv/lib/python3.12/site-packages/oslo_config/cfg.py:3006}}
May 14 10:17:51.521339 np0000174107 neutron-periodic-workers[104675]: DEBUG cotyledon.oslo_config_glue [-] database.db_retry_interval = 1 {{(pid=104675) log_opt_values /opt/stack/data/venv/lib/python3.12/site-packages/oslo_config/cfg.py:3006}}
May 14 10:17:51.521390 np0000174107 neutron-periodic-workers[104675]: DEBUG cotyledon.oslo_config_glue [-] database.max_overflow = 50 {{(pid=104675) log_opt_values /opt/stack/data/venv/lib/python3.12/site-packages/oslo_config/cfg.py:3006}}
May 14 10:17:51.521452 np0000174107 neutron-periodic-workers[104675]: DEBUG cotyledon.oslo_config_glue [-] database.max_pool_size = 5 {{(pid=104675) log_opt_values /opt/stack/data/venv/lib/python3.12/site-packages/oslo_config/cfg.py:3006}}
May 14 10:17:51.521487 np0000174107 neutron-periodic-workers[104675]: DEBUG cotyledon.oslo_config_glue [-] database.max_retries = 10 {{(pid=104675) log_opt_values /opt/stack/data/venv/lib/python3.12/site-packages/oslo_config/cfg.py:3006}}
May 14 10:17:51.521546 np0000174107 neutron-periodic-workers[104675]: DEBUG cotyledon.oslo_config_glue [-] database.mysql_sql_mode = TRADITIONAL {{(pid=104675) log_opt_values /opt/stack/data/venv/lib/python3.12/site-packages/oslo_config/cfg.py:3006}}
May 14 10:17:51.521596 np0000174107 neutron-periodic-workers[104675]: DEBUG cotyledon.oslo_config_glue [-] database.mysql_wsrep_sync_wait = None {{(pid=104675) log_opt_values /opt/stack/data/venv/lib/python3.12/site-packages/oslo_config/cfg.py:3006}}
May 14 10:17:51.521628 np0000174107 neutron-periodic-workers[104675]: DEBUG cotyledon.oslo_config_glue [-] database.pool_timeout = None {{(pid=104675) log_opt_values /opt/stack/data/venv/lib/python3.12/site-packages/oslo_config/cfg.py:3006}}
May 14 10:17:51.521679 np0000174107 neutron-periodic-workers[104675]: DEBUG cotyledon.oslo_config_glue [-] database.retry_interval = 10 {{(pid=104675) log_opt_values /opt/stack/data/venv/lib/python3.12/site-packages/oslo_config/cfg.py:3006}}
May 14 10:17:51.521735 np0000174107 neutron-periodic-workers[104675]: DEBUG cotyledon.oslo_config_glue [-] database.slave_connection = **** {{(pid=104675) log_opt_values /opt/stack/data/venv/lib/python3.12/site-packages/oslo_config/cfg.py:3006}}
May 14 10:17:51.521769 np0000174107 neutron-periodic-workers[104675]: DEBUG cotyledon.oslo_config_glue [-] database.sqlite_synchronous = True {{(pid=104675) log_opt_values /opt/stack/data/venv/lib/python3.12/site-packages/oslo_config/cfg.py:3006}}
May 14 10:17:51.521818 np0000174107 neutron-periodic-workers[104675]: DEBUG cotyledon.oslo_config_glue [-] database.synchronous_reader = True {{(pid=104675) log_opt_values /opt/stack/data/venv/lib/python3.12/site-packages/oslo_config/cfg.py:3006}}
May 14 10:17:51.521865 np0000174107 neutron-periodic-workers[104675]: DEBUG cotyledon.oslo_config_glue [-] database.use_db_reconnect = False {{(pid=104675) log_opt_values /opt/stack/data/venv/lib/python3.12/site-packages/oslo_config/cfg.py:3006}}
May 14 10:17:51.521935 np0000174107 neutron-periodic-workers[104675]: DEBUG cotyledon.oslo_config_glue [-] ovn.bfd_min_rx = 1000 {{(pid=104675) log_opt_values /opt/stack/data/venv/lib/python3.12/site-packages/oslo_config/cfg.py:3006}}
May 14 10:17:51.521981 np0000174107 neutron-periodic-workers[104675]: DEBUG cotyledon.oslo_config_glue [-] ovn.bfd_min_tx = 100 {{(pid=104675) log_opt_values /opt/stack/data/venv/lib/python3.12/site-packages/oslo_config/cfg.py:3006}}
May 14 10:17:51.522022 np0000174107 neutron-periodic-workers[104675]: DEBUG cotyledon.oslo_config_glue [-] ovn.bfd_mult = 3 {{(pid=104675) log_opt_values /opt/stack/data/venv/lib/python3.12/site-packages/oslo_config/cfg.py:3006}}
May 14 10:17:51.522078 np0000174107 neutron-periodic-workers[104675]: DEBUG cotyledon.oslo_config_glue [-] ovn.broadcast_arps_to_all_routers = True {{(pid=104675) log_opt_values /opt/stack/data/venv/lib/python3.12/site-packages/oslo_config/cfg.py:3006}}
May 14 10:17:51.522112 np0000174107 neutron-periodic-workers[104675]: DEBUG cotyledon.oslo_config_glue [-] ovn.dhcp_default_lease_time = 43200 {{(pid=104675) log_opt_values /opt/stack/data/venv/lib/python3.12/site-packages/oslo_config/cfg.py:3006}}
May 14 10:17:51.522141 np0000174107 neutron-periodic-workers[104675]: DEBUG cotyledon.oslo_config_glue [-] ovn.disable_ovn_dhcp_for_baremetal_ports = False {{(pid=104675) log_opt_values /opt/stack/data/venv/lib/python3.12/site-packages/oslo_config/cfg.py:3006}}
May 14 10:17:51.522187 np0000174107 neutron-periodic-workers[104675]: DEBUG cotyledon.oslo_config_glue [-] ovn.dns_records_ovn_owned = False {{(pid=104675) log_opt_values /opt/stack/data/venv/lib/python3.12/site-packages/oslo_config/cfg.py:3006}}
May 14 10:17:51.522219 np0000174107 neutron-periodic-workers[104675]: DEBUG cotyledon.oslo_config_glue [-] ovn.dns_servers = [] {{(pid=104675) log_opt_values /opt/stack/data/venv/lib/python3.12/site-packages/oslo_config/cfg.py:3006}}
May 14 10:17:51.522277 np0000174107 neutron-periodic-workers[104675]: DEBUG cotyledon.oslo_config_glue [-] ovn.enable_distributed_floating_ip = False {{(pid=104675) log_opt_values /opt/stack/data/venv/lib/python3.12/site-packages/oslo_config/cfg.py:3006}}
May 14 10:17:51.522309 np0000174107 neutron-periodic-workers[104675]: DEBUG cotyledon.oslo_config_glue [-] ovn.fdb_age_threshold = 300 {{(pid=104675) log_opt_values /opt/stack/data/venv/lib/python3.12/site-packages/oslo_config/cfg.py:3006}}
May 14 10:17:51.522356 np0000174107 neutron-periodic-workers[104675]: DEBUG cotyledon.oslo_config_glue [-] ovn.ha_failover_strategy = normal {{(pid=104675) log_opt_values /opt/stack/data/venv/lib/python3.12/site-packages/oslo_config/cfg.py:3006}}
May 14 10:17:51.522393 np0000174107 neutron-periodic-workers[104675]: DEBUG cotyledon.oslo_config_glue [-] ovn.live_migration_activation_strategy = rarp {{(pid=104675) log_opt_values /opt/stack/data/venv/lib/python3.12/site-packages/oslo_config/cfg.py:3006}}
May 14 10:17:51.522452 np0000174107 neutron-periodic-workers[104675]: DEBUG cotyledon.oslo_config_glue [-] ovn.localnet_learn_fdb = False {{(pid=104675) log_opt_values /opt/stack/data/venv/lib/python3.12/site-packages/oslo_config/cfg.py:3006}}
May 14 10:17:51.522487 np0000174107 neutron-periodic-workers[104675]: DEBUG cotyledon.oslo_config_glue [-] ovn.mac_binding_age_threshold = 300 {{(pid=104675) log_opt_values /opt/stack/data/venv/lib/python3.12/site-packages/oslo_config/cfg.py:3006}}
May 14 10:17:51.522550 np0000174107 neutron-periodic-workers[104675]: DEBUG cotyledon.oslo_config_glue [-] ovn.neutron_sync_mode = log {{(pid=104675) log_opt_values /opt/stack/data/venv/lib/python3.12/site-packages/oslo_config/cfg.py:3006}}
May 14 10:17:51.522593 np0000174107 neutron-periodic-workers[104675]: DEBUG cotyledon.oslo_config_glue [-] ovn.ovn_dhcp4_global_options = {} {{(pid=104675) log_opt_values /opt/stack/data/venv/lib/python3.12/site-packages/oslo_config/cfg.py:3006}}
May 14 10:17:51.522625 np0000174107 neutron-periodic-workers[104675]: DEBUG cotyledon.oslo_config_glue [-] ovn.ovn_dhcp6_global_options = {} {{(pid=104675) log_opt_values /opt/stack/data/venv/lib/python3.12/site-packages/oslo_config/cfg.py:3006}}
May 14 10:17:51.522684 np0000174107 neutron-periodic-workers[104675]: DEBUG cotyledon.oslo_config_glue [-] ovn.ovn_l3_scheduler = leastloaded {{(pid=104675) log_opt_values /opt/stack/data/venv/lib/python3.12/site-packages/oslo_config/cfg.py:3006}}
May 14 10:17:51.522778 np0000174107 neutron-periodic-workers[104675]: DEBUG cotyledon.oslo_config_glue [-] ovn.ovn_metadata_enabled = True {{(pid=104675) log_opt_values /opt/stack/data/venv/lib/python3.12/site-packages/oslo_config/cfg.py:3006}}
May 14 10:17:51.522831 np0000174107 neutron-periodic-workers[104675]: DEBUG cotyledon.oslo_config_glue [-] ovn.ovn_nb_ca_cert = /opt/stack/data/CA/int-ca/ca-chain.pem {{(pid=104675) log_opt_values /opt/stack/data/venv/lib/python3.12/site-packages/oslo_config/cfg.py:3006}}
May 14 10:17:51.522869 np0000174107 neutron-periodic-workers[104675]: DEBUG cotyledon.oslo_config_glue [-] ovn.ovn_nb_certificate = /opt/stack/data/CA/int-ca/devstack-cert.crt {{(pid=104675) log_opt_values /opt/stack/data/venv/lib/python3.12/site-packages/oslo_config/cfg.py:3006}}
May 14 10:17:51.522912 np0000174107 neutron-periodic-workers[104675]: DEBUG cotyledon.oslo_config_glue [-] ovn.ovn_nb_connection = ['ssl:199.204.45.169:6641'] {{(pid=104675) log_opt_values /opt/stack/data/venv/lib/python3.12/site-packages/oslo_config/cfg.py:3006}}
May 14 10:17:51.522945 np0000174107 neutron-periodic-workers[104675]: DEBUG cotyledon.oslo_config_glue [-] ovn.ovn_nb_private_key = /opt/stack/data/CA/int-ca/private/devstack-cert.key {{(pid=104675) log_opt_values /opt/stack/data/venv/lib/python3.12/site-packages/oslo_config/cfg.py:3006}}
May 14 10:17:51.523032 np0000174107 neutron-periodic-workers[104675]: DEBUG cotyledon.oslo_config_glue [-] ovn.ovn_router_indirect_snat = False {{(pid=104675) log_opt_values /opt/stack/data/venv/lib/python3.12/site-packages/oslo_config/cfg.py:3006}}
May 14 10:17:51.523084 np0000174107 neutron-periodic-workers[104675]: DEBUG cotyledon.oslo_config_glue [-] ovn.ovn_sb_ca_cert = /opt/stack/data/CA/int-ca/ca-chain.pem {{(pid=104675) log_opt_values /opt/stack/data/venv/lib/python3.12/site-packages/oslo_config/cfg.py:3006}}
May 14 10:17:51.523116 np0000174107 neutron-periodic-workers[104675]: DEBUG cotyledon.oslo_config_glue [-] ovn.ovn_sb_certificate = /opt/stack/data/CA/int-ca/devstack-cert.crt {{(pid=104675) log_opt_values /opt/stack/data/venv/lib/python3.12/site-packages/oslo_config/cfg.py:3006}}
May 14 10:17:51.523159 np0000174107 neutron-periodic-workers[104675]: DEBUG cotyledon.oslo_config_glue [-] ovn.ovn_sb_connection = ['ssl:199.204.45.169:6642'] {{(pid=104675) log_opt_values /opt/stack/data/venv/lib/python3.12/site-packages/oslo_config/cfg.py:3006}}
May 14 10:17:51.523209 np0000174107 neutron-periodic-workers[104675]: DEBUG cotyledon.oslo_config_glue [-] ovn.ovn_sb_private_key = /opt/stack/data/CA/int-ca/private/devstack-cert.key {{(pid=104675) log_opt_values /opt/stack/data/venv/lib/python3.12/site-packages/oslo_config/cfg.py:3006}}
May 14 10:17:51.523240 np0000174107 neutron-periodic-workers[104675]: DEBUG cotyledon.oslo_config_glue [-] ovn.ovs_create_tap = False {{(pid=104675) log_opt_values /opt/stack/data/venv/lib/python3.12/site-packages/oslo_config/cfg.py:3006}}
May 14 10:17:51.523276 np0000174107 neutron-periodic-workers[104675]: DEBUG cotyledon.oslo_config_glue [-] ovn.ovsdb_connection_timeout = 180 {{(pid=104675) log_opt_values /opt/stack/data/venv/lib/python3.12/site-packages/oslo_config/cfg.py:3006}}
May 14 10:17:51.523327 np0000174107 neutron-periodic-workers[104675]: DEBUG cotyledon.oslo_config_glue [-] ovn.ovsdb_log_level = INFO {{(pid=104675) log_opt_values /opt/stack/data/venv/lib/python3.12/site-packages/oslo_config/cfg.py:3006}}
May 14 10:17:51.523359 np0000174107 neutron-periodic-workers[104675]: DEBUG cotyledon.oslo_config_glue [-] ovn.ovsdb_probe_interval = 60000 {{(pid=104675) log_opt_values /opt/stack/data/venv/lib/python3.12/site-packages/oslo_config/cfg.py:3006}}
May 14 10:17:51.523410 np0000174107 neutron-periodic-workers[104675]: DEBUG cotyledon.oslo_config_glue [-] ovn.ovsdb_retry_max_interval = 180 {{(pid=104675) log_opt_values /opt/stack/data/venv/lib/python3.12/site-packages/oslo_config/cfg.py:3006}}
May 14 10:17:51.523466 np0000174107 neutron-periodic-workers[104675]: DEBUG cotyledon.oslo_config_glue [-] ovn.stateless_nat_enabled = False {{(pid=104675) log_opt_values /opt/stack/data/venv/lib/python3.12/site-packages/oslo_config/cfg.py:3006}}
May 14 10:17:51.523520 np0000174107 neutron-periodic-workers[104675]: DEBUG cotyledon.oslo_config_glue [-] ovn.vhost_sock_dir = /var/run/openvswitch {{(pid=104675) log_opt_values /opt/stack/data/venv/lib/python3.12/site-packages/oslo_config/cfg.py:3006}}
May 14 10:17:51.523582 np0000174107 neutron-periodic-workers[104675]: DEBUG cotyledon.oslo_config_glue [-] OVS.bridge_mac_table_size = 50000 {{(pid=104675) log_opt_values /opt/stack/data/venv/lib/python3.12/site-packages/oslo_config/cfg.py:3006}}
May 14 10:17:51.523639 np0000174107 neutron-periodic-workers[104675]: DEBUG cotyledon.oslo_config_glue [-] OVS.igmp_flood = False {{(pid=104675) log_opt_values /opt/stack/data/venv/lib/python3.12/site-packages/oslo_config/cfg.py:3006}}
May 14 10:17:51.523688 np0000174107 neutron-periodic-workers[104675]: DEBUG cotyledon.oslo_config_glue [-] OVS.igmp_flood_reports = True {{(pid=104675) log_opt_values /opt/stack/data/venv/lib/python3.12/site-packages/oslo_config/cfg.py:3006}}
May 14 10:17:51.523730 np0000174107 neutron-periodic-workers[104675]: DEBUG cotyledon.oslo_config_glue [-] OVS.igmp_flood_unregistered = False {{(pid=104675) log_opt_values /opt/stack/data/venv/lib/python3.12/site-packages/oslo_config/cfg.py:3006}}
May 14 10:17:51.523764 np0000174107 neutron-periodic-workers[104675]: DEBUG cotyledon.oslo_config_glue [-] OVS.igmp_snooping_enable = False {{(pid=104675) log_opt_values /opt/stack/data/venv/lib/python3.12/site-packages/oslo_config/cfg.py:3006}}
May 14 10:17:51.524245 np0000174107 neutron-periodic-workers[104675]: DEBUG cotyledon.oslo_config_glue [-] OVS.ovsdb_timeout = 10 {{(pid=104675) log_opt_values /opt/stack/data/venv/lib/python3.12/site-packages/oslo_config/cfg.py:3006}}
May 14 10:17:51.524315 np0000174107 neutron-periodic-workers[104675]: DEBUG cotyledon.oslo_config_glue [-] ovn_nb_global.fdb_removal_limit = 0 {{(pid=104675) log_opt_values /opt/stack/data/venv/lib/python3.12/site-packages/oslo_config/cfg.py:3006}}
May 14 10:17:51.524350 np0000174107 neutron-periodic-workers[104675]: DEBUG cotyledon.oslo_config_glue [-] ovn_nb_global.ignore_lsp_down = False {{(pid=104675) log_opt_values /opt/stack/data/venv/lib/python3.12/site-packages/oslo_config/cfg.py:3006}}
May 14 10:17:51.524396 np0000174107 neutron-periodic-workers[104675]: DEBUG cotyledon.oslo_config_glue [-] ovn_nb_global.mac_binding_removal_limit = 0 {{(pid=104675) log_opt_values /opt/stack/data/venv/lib/python3.12/site-packages/oslo_config/cfg.py:3006}}
May 14 10:17:51.524460 np0000174107 neutron-periodic-workers[104675]: DEBUG cotyledon.oslo_config_glue [-] ******************************************************************************** {{(pid=104675) log_opt_values /opt/stack/data/venv/lib/python3.12/site-packages/oslo_config/cfg.py:3013}}
May 14 10:17:51.524650 np0000174107 neutron-periodic-workers[104675]: DEBUG cotyledon._service_worker [-] Run service ServiceWrapper(0) [104675] {{(pid=104675) wait_forever /opt/stack/data/venv/lib/python3.12/site-packages/cotyledon/_service_worker.py:218}}
May 14 10:18:01.176562 np0000174107 neutron-periodic-workers[103955]: DEBUG dbcounter [-] [103955] Writing DB stats neutron:SELECT=4 {{(pid=103955) stat_writer /opt/stack/data/venv/lib/python3.12/site-packages/dbcounter.py:115}}
May 14 10:18:46.494259 np0000174107 neutron-periodic-workers[104656]: DEBUG oslo_db.sqlalchemy.engines [None req-b9b0b384-d56a-4cdf-9325-f5105f297a7b None None] Parent process 103955 forked (104656) with an open database connection, which is being discarded and recreated. {{(pid=104656) checkout /opt/stack/data/venv/lib/python3.12/site-packages/oslo_db/sqlalchemy/engines.py:402}}
May 14 10:18:46.502925 np0000174107 neutron-periodic-workers[104656]: DEBUG dbcounter [-] [104656] Writer thread running {{(pid=104656) stat_writer /opt/stack/data/venv/lib/python3.12/site-packages/dbcounter.py:102}}
May 14 10:18:46.516770 np0000174107 neutron-periodic-workers[104656]: DEBUG oslo.service.backend._threading.loopingcall [None req-b9b0b384-d56a-4cdf-9325-f5105f297a7b None None] Fixed interval looping call 'neutron.plugins.ml2.plugin.DhcpAgentSchedulerDbMixin.remove_networks_from_down_agents' sleeping for 36.97 seconds {{(pid=104656) _run_loop /opt/stack/data/venv/lib/python3.12/site-packages/oslo_service/backend/_threading/loopingcall.py:125}}
May 14 10:18:56.517497 np0000174107 neutron-periodic-workers[104656]: DEBUG dbcounter [-] [104656] Writing DB stats neutron:SELECT=3 {{(pid=104656) stat_writer /opt/stack/data/venv/lib/python3.12/site-packages/dbcounter.py:115}}
May 14 10:19:03.523766 np0000174107 neutron-periodic-workers[104666]: DEBUG dbcounter [-] [104666] Writer thread running {{(pid=104666) stat_writer /opt/stack/data/venv/lib/python3.12/site-packages/dbcounter.py:102}}
May 14 10:19:03.527754 np0000174107 neutron-periodic-workers[104666]: DEBUG neutron.db.agents_db [None req-10f62e80-cfa2-4892-a916-c2010da97181 None None] Agent healthcheck: found 0 active agents {{(pid=104666) agent_health_check /opt/stack/neutron/neutron/db/agents_db.py:322}}
May 14 10:19:03.527754 np0000174107 neutron-periodic-workers[104666]: DEBUG oslo.service.backend._threading.loopingcall [None req-10f62e80-cfa2-4892-a916-c2010da97181 None None] Fixed interval looping call 'neutron.plugins.ml2.plugin.AgentDbMixin.agent_health_check' sleeping for 36.98 seconds {{(pid=104666) _run_loop /opt/stack/data/venv/lib/python3.12/site-packages/oslo_service/backend/_threading/loopingcall.py:125}}
May 14 10:19:13.524614 np0000174107 neutron-periodic-workers[104666]: DEBUG dbcounter [-] [104666] Writing DB stats neutron:SELECT=1 {{(pid=104666) stat_writer /opt/stack/data/venv/lib/python3.12/site-packages/dbcounter.py:115}}
May 14 10:19:23.693664 np0000174107 neutron-periodic-workers[104656]: DEBUG oslo.service.backend._threading.loopingcall [None req-b9b0b384-d56a-4cdf-9325-f5105f297a7b None None] Fixed interval looping call 'neutron.plugins.ml2.plugin.DhcpAgentSchedulerDbMixin.remove_networks_from_down_agents' sleeping for 36.79 seconds {{(pid=104656) _run_loop /opt/stack/data/venv/lib/python3.12/site-packages/oslo_service/backend/_threading/loopingcall.py:125}}
May 14 10:19:33.559844 np0000174107 neutron-periodic-workers[104656]: DEBUG dbcounter [-] [104656] Writing DB stats neutron:SELECT=3 {{(pid=104656) stat_writer /opt/stack/data/venv/lib/python3.12/site-packages/dbcounter.py:115}}
May 14 10:19:40.514114 np0000174107 neutron-periodic-workers[104666]: DEBUG neutron.db.agents_db [None req-10f62e80-cfa2-4892-a916-c2010da97181 None None] Agent healthcheck: found 0 active agents {{(pid=104666) agent_health_check /opt/stack/neutron/neutron/db/agents_db.py:322}}
May 14 10:19:40.514761 np0000174107 neutron-periodic-workers[104666]: DEBUG oslo.service.backend._threading.loopingcall [None req-10f62e80-cfa2-4892-a916-c2010da97181 None None] Fixed interval looping call 'neutron.plugins.ml2.plugin.AgentDbMixin.agent_health_check' sleeping for 36.99 seconds {{(pid=104666) _run_loop /opt/stack/data/venv/lib/python3.12/site-packages/oslo_service/backend/_threading/loopingcall.py:125}}
May 14 10:19:50.511904 np0000174107 neutron-periodic-workers[104666]: DEBUG dbcounter [-] [104666] Writing DB stats neutron:SELECT=1 {{(pid=104666) stat_writer /opt/stack/data/venv/lib/python3.12/site-packages/dbcounter.py:115}}
May 14 10:19:51.541611 np0000174107 neutron-periodic-workers[104675]: DEBUG dbcounter [-] [104675] Writer thread running {{(pid=104675) stat_writer /opt/stack/data/venv/lib/python3.12/site-packages/dbcounter.py:102}}
May 14 10:19:51.543253 np0000174107 neutron-periodic-workers[104675]: DEBUG oslo.service.backend._threading.loopingcall [None req-f7d3ec77-86b8-4cb6-a26b-d755858e04f4 None None] Fixed interval looping call 'neutron.db.quota.driver_nolock.DbQuotaNoLockDriver._remove_expired_reservations' sleeping for 119.98 seconds {{(pid=104675) _run_loop /opt/stack/data/venv/lib/python3.12/site-packages/oslo_service/backend/_threading/loopingcall.py:125}}
May 14 10:20:00.491631 np0000174107 neutron-periodic-workers[104656]: DEBUG oslo.service.backend._threading.loopingcall [None req-b9b0b384-d56a-4cdf-9325-f5105f297a7b None None] Fixed interval looping call 'neutron.plugins.ml2.plugin.DhcpAgentSchedulerDbMixin.remove_networks_from_down_agents' sleeping for 36.99 seconds {{(pid=104656) _run_loop /opt/stack/data/venv/lib/python3.12/site-packages/oslo_service/backend/_threading/loopingcall.py:125}}
May 14 10:20:01.542134 np0000174107 neutron-periodic-workers[104675]: DEBUG dbcounter [-] [104675] Writing DB stats neutron:DELETE=1 {{(pid=104675) stat_writer /opt/stack/data/venv/lib/python3.12/site-packages/dbcounter.py:115}}
May 14 10:20:10.490989 np0000174107 neutron-periodic-workers[104656]: DEBUG dbcounter [-] [104656] Writing DB stats neutron:SELECT=3 {{(pid=104656) stat_writer /opt/stack/data/venv/lib/python3.12/site-packages/dbcounter.py:115}}
May 14 10:20:17.510462 np0000174107 neutron-periodic-workers[104666]: DEBUG neutron.db.agents_db [None req-10f62e80-cfa2-4892-a916-c2010da97181 None None] Agent healthcheck: found 0 active agents {{(pid=104666) agent_health_check /opt/stack/neutron/neutron/db/agents_db.py:322}}
May 14 10:20:17.510828 np0000174107 neutron-periodic-workers[104666]: DEBUG oslo.service.backend._threading.loopingcall [None req-10f62e80-cfa2-4892-a916-c2010da97181 None None] Fixed interval looping call 'neutron.plugins.ml2.plugin.AgentDbMixin.agent_health_check' sleeping for 36.99 seconds {{(pid=104666) _run_loop /opt/stack/data/venv/lib/python3.12/site-packages/oslo_service/backend/_threading/loopingcall.py:125}}
May 14 10:20:27.508605 np0000174107 neutron-periodic-workers[104666]: DEBUG dbcounter [-] [104666] Writing DB stats neutron:SELECT=1 {{(pid=104666) stat_writer /opt/stack/data/venv/lib/python3.12/site-packages/dbcounter.py:115}}
May 14 10:20:37.491832 np0000174107 neutron-periodic-workers[104656]: DEBUG oslo.service.backend._threading.loopingcall [None req-b9b0b384-d56a-4cdf-9325-f5105f297a7b None None] Fixed interval looping call 'neutron.plugins.ml2.plugin.DhcpAgentSchedulerDbMixin.remove_networks_from_down_agents' sleeping for 36.99 seconds {{(pid=104656) _run_loop /opt/stack/data/venv/lib/python3.12/site-packages/oslo_service/backend/_threading/loopingcall.py:125}}
May 14 10:20:47.490225 np0000174107 neutron-periodic-workers[104656]: DEBUG dbcounter [-] [104656] Writing DB stats neutron:SELECT=3 {{(pid=104656) stat_writer /opt/stack/data/venv/lib/python3.12/site-packages/dbcounter.py:115}}
May 14 10:20:54.506275 np0000174107 neutron-periodic-workers[104666]: DEBUG neutron.db.agents_db [None req-10f62e80-cfa2-4892-a916-c2010da97181 None None] Agent healthcheck: found 0 active agents {{(pid=104666) agent_health_check /opt/stack/neutron/neutron/db/agents_db.py:322}}
May 14 10:20:54.506987 np0000174107 neutron-periodic-workers[104666]: DEBUG oslo.service.backend._threading.loopingcall [None req-10f62e80-cfa2-4892-a916-c2010da97181 None None] Fixed interval looping call 'neutron.plugins.ml2.plugin.AgentDbMixin.agent_health_check' sleeping for 36.99 seconds {{(pid=104666) _run_loop /opt/stack/data/venv/lib/python3.12/site-packages/oslo_service/backend/_threading/loopingcall.py:125}}
May 14 10:21:04.504704 np0000174107 neutron-periodic-workers[104666]: DEBUG dbcounter [-] [104666] Writing DB stats neutron:SELECT=1 {{(pid=104666) stat_writer /opt/stack/data/venv/lib/python3.12/site-packages/dbcounter.py:115}}
May 14 10:21:14.492925 np0000174107 neutron-periodic-workers[104656]: DEBUG oslo.service.backend._threading.loopingcall [None req-b9b0b384-d56a-4cdf-9325-f5105f297a7b None None] Fixed interval looping call 'neutron.plugins.ml2.plugin.DhcpAgentSchedulerDbMixin.remove_networks_from_down_agents' sleeping for 36.99 seconds {{(pid=104656) _run_loop /opt/stack/data/venv/lib/python3.12/site-packages/oslo_service/backend/_threading/loopingcall.py:125}}
May 14 10:21:24.492113 np0000174107 neutron-periodic-workers[104656]: DEBUG dbcounter [-] [104656] Writing DB stats neutron:SELECT=3 {{(pid=104656) stat_writer /opt/stack/data/venv/lib/python3.12/site-packages/dbcounter.py:115}}
May 14 10:21:31.501883 np0000174107 neutron-periodic-workers[104666]: DEBUG neutron.db.agents_db [None req-10f62e80-cfa2-4892-a916-c2010da97181 None None] Agent healthcheck: found 0 active agents {{(pid=104666) agent_health_check /opt/stack/neutron/neutron/db/agents_db.py:322}}
May 14 10:21:31.502419 np0000174107 neutron-periodic-workers[104666]: DEBUG oslo.service.backend._threading.loopingcall [None req-10f62e80-cfa2-4892-a916-c2010da97181 None None] Fixed interval looping call 'neutron.plugins.ml2.plugin.AgentDbMixin.agent_health_check' sleeping for 36.99 seconds {{(pid=104666) _run_loop /opt/stack/data/venv/lib/python3.12/site-packages/oslo_service/backend/_threading/loopingcall.py:125}}
May 14 10:21:41.501153 np0000174107 neutron-periodic-workers[104666]: DEBUG dbcounter [-] [104666] Writing DB stats neutron:SELECT=1 {{(pid=104666) stat_writer /opt/stack/data/venv/lib/python3.12/site-packages/dbcounter.py:115}}
May 14 10:21:51.494650 np0000174107 neutron-periodic-workers[104656]: DEBUG oslo.service.backend._threading.loopingcall [None req-b9b0b384-d56a-4cdf-9325-f5105f297a7b None None] Fixed interval looping call 'neutron.plugins.ml2.plugin.DhcpAgentSchedulerDbMixin.remove_networks_from_down_agents' sleeping for 36.99 seconds {{(pid=104656) _run_loop /opt/stack/data/venv/lib/python3.12/site-packages/oslo_service/backend/_threading/loopingcall.py:125}}
May 14 10:21:51.529608 np0000174107 neutron-periodic-workers[104675]: DEBUG oslo.service.backend._threading.loopingcall [None req-f7d3ec77-86b8-4cb6-a26b-d755858e04f4 None None] Fixed interval looping call 'neutron.db.quota.driver_nolock.DbQuotaNoLockDriver._remove_expired_reservations' sleeping for 119.99 seconds {{(pid=104675) _run_loop /opt/stack/data/venv/lib/python3.12/site-packages/oslo_service/backend/_threading/loopingcall.py:125}}
May 14 10:22:01.493607 np0000174107 neutron-periodic-workers[104656]: DEBUG dbcounter [-] [104656] Writing DB stats neutron:SELECT=3 {{(pid=104656) stat_writer /opt/stack/data/venv/lib/python3.12/site-packages/dbcounter.py:115}}
May 14 10:22:01.528393 np0000174107 neutron-periodic-workers[104675]: DEBUG dbcounter [-] [104675] Writing DB stats neutron:DELETE=1 {{(pid=104675) stat_writer /opt/stack/data/venv/lib/python3.12/site-packages/dbcounter.py:115}}
May 14 10:22:08.497832 np0000174107 neutron-periodic-workers[104666]: DEBUG neutron.db.agents_db [None req-10f62e80-cfa2-4892-a916-c2010da97181 None None] Agent healthcheck: found 0 active agents {{(pid=104666) agent_health_check /opt/stack/neutron/neutron/db/agents_db.py:322}}
May 14 10:22:08.498133 np0000174107 neutron-periodic-workers[104666]: DEBUG oslo.service.backend._threading.loopingcall [None req-10f62e80-cfa2-4892-a916-c2010da97181 None None] Fixed interval looping call 'neutron.plugins.ml2.plugin.AgentDbMixin.agent_health_check' sleeping for 36.99 seconds {{(pid=104666) _run_loop /opt/stack/data/venv/lib/python3.12/site-packages/oslo_service/backend/_threading/loopingcall.py:125}}
May 14 10:22:18.495856 np0000174107 neutron-periodic-workers[104666]: DEBUG dbcounter [-] [104666] Writing DB stats neutron:SELECT=1 {{(pid=104666) stat_writer /opt/stack/data/venv/lib/python3.12/site-packages/dbcounter.py:115}}
May 14 10:22:28.503872 np0000174107 neutron-periodic-workers[104656]: DEBUG oslo.service.backend._threading.loopingcall [None req-b9b0b384-d56a-4cdf-9325-f5105f297a7b None None] Fixed interval looping call 'neutron.plugins.ml2.plugin.DhcpAgentSchedulerDbMixin.remove_networks_from_down_agents' sleeping for 36.98 seconds {{(pid=104656) _run_loop /opt/stack/data/venv/lib/python3.12/site-packages/oslo_service/backend/_threading/loopingcall.py:125}}
May 14 10:22:38.501663 np0000174107 neutron-periodic-workers[104656]: DEBUG dbcounter [-] [104656] Writing DB stats neutron:SELECT=3 {{(pid=104656) stat_writer /opt/stack/data/venv/lib/python3.12/site-packages/dbcounter.py:115}}
May 14 10:22:45.494755 np0000174107 neutron-periodic-workers[104666]: DEBUG neutron.db.agents_db [None req-10f62e80-cfa2-4892-a916-c2010da97181 None None] Agent healthcheck: found 0 active agents {{(pid=104666) agent_health_check /opt/stack/neutron/neutron/db/agents_db.py:322}}
May 14 10:22:45.495539 np0000174107 neutron-periodic-workers[104666]: DEBUG oslo.service.backend._threading.loopingcall [None req-10f62e80-cfa2-4892-a916-c2010da97181 None None] Fixed interval looping call 'neutron.plugins.ml2.plugin.AgentDbMixin.agent_health_check' sleeping for 36.99 seconds {{(pid=104666) _run_loop /opt/stack/data/venv/lib/python3.12/site-packages/oslo_service/backend/_threading/loopingcall.py:125}}
May 14 10:22:49.511065 np0000174107 neutron-periodic-workers[104649]: DEBUG dbcounter [-] [104649] Writer thread running {{(pid=104649) stat_writer /opt/stack/data/venv/lib/python3.12/site-packages/dbcounter.py:102}}
May 14 10:22:49.527040 np0000174107 neutron-periodic-workers[104649]: DEBUG oslo.service.backend._threading.loopingcall [None req-69582bad-a72f-49c1-8187-6b100dd069b8 None None] Fixed interval looping call 'neutron.services.ovn_l3.plugin.L3_NAT_dbonly_mixin._clean_garbage' sleeping for 299.94 seconds {{(pid=104649) _run_loop /opt/stack/data/venv/lib/python3.12/site-packages/oslo_service/backend/_threading/loopingcall.py:125}}
May 14 10:22:55.492617 np0000174107 neutron-periodic-workers[104666]: DEBUG dbcounter [-] [104666] Writing DB stats neutron:SELECT=1 {{(pid=104666) stat_writer /opt/stack/data/venv/lib/python3.12/site-packages/dbcounter.py:115}}
May 14 10:22:59.511792 np0000174107 neutron-periodic-workers[104649]: DEBUG dbcounter [-] [104649] Writing DB stats neutron:SELECT=1 {{(pid=104649) stat_writer /opt/stack/data/venv/lib/python3.12/site-packages/dbcounter.py:115}}