2026-05-11 19:12:15.132 7 INFO neutron.db.ovn_revision_numbers_db [None req-9298daed-90d9-4b42-98c6-9ffdb20ff311 d98eeae39ace48eb86612a94a6b2eccd ddd776f7e04f4d6097749ced490c9065 - - default default] Successfully bumped revision number for resource 65e30ede-4ccc-4c5a-b6e7-21a6848d1b94 (type: subnets) to 0 [pid: 7|app: 0|req: 746/1551] 10.0.0.134 () {34 vars in 668 bytes} [Mon May 11 19:12:14 2026] POST /v2.0/subnets => generated 641 bytes in 775 msecs (HTTP/1.1 201) 4 headers in 162 bytes (1 switches on core 0) [pid: 7|app: 0|req: 747/1552] 10.0.0.180 () {34 vars in 1039 bytes} [Mon May 11 19:12:15 2026] GET /v2.0/security-groups?id=9ecaa0c1-8a83-4d0b-b1b7-039b11a76be8&fields=id&fields=name => generated 88 bytes in 36 msecs (HTTP/1.1 200) 4 headers in 156 bytes (1 switches on core 0)
2026-05-11 19:12:15.282 7 INFO neutron.db.segments_db [None req-8d3792ed-e3b5-4782-a61f-7e96d7f18925 d98eeae39ace48eb86612a94a6b2eccd ddd776f7e04f4d6097749ced490c9065 - - default default] Added segment d11eba8b-3f56-4891-9fb3-4c875fe2ae99 of type geneve for network 211e2f22-cb43-45ba-a3ef-b835bddadef8 [pid: 8|app: 0|req: 806/1553] 10.0.0.134 () {32 vars in 723 bytes} [Mon May 11 19:12:14 2026] DELETE /v2.0/routers/911f048a-aa06-48b5-8a5b-1ddb2b70ca36 => generated 0 bytes in 729 msecs (HTTP/1.1 204) 2 headers in 112 bytes (1 switches on core 0) [pid: 8|app: 0|req: 807/1554] 10.0.0.191 () {34 vars in 989 bytes} [Mon May 11 19:12:15 2026] GET /v2.0/ports?device_id=77b7b7af-5d7e-412d-932c-54785f91967b => generated 1236 bytes in 46 msecs (HTTP/1.1 200) 4 headers in 158 bytes (1 switches on core 0)
2026-05-11 19:12:15.404 7 INFO neutron.db.ovn_revision_numbers_db [None req-8d3792ed-e3b5-4782-a61f-7e96d7f18925 d98eeae39ace48eb86612a94a6b2eccd ddd776f7e04f4d6097749ced490c9065 - - default default] Successfully bumped revision number for resource 211e2f22-cb43-45ba-a3ef-b835bddadef8 (type: networks) to 1
2026-05-11 19:12:15.488 8 INFO neutron.plugins.ml2.drivers.ovn.mech_driver.mech_driver [None req-fdcb6ff3-3ec9-451b-9ea9-67e15a916c13 - - - - - -] OVN reports status down for port: 3e2c68bb-da58-4b78-afb1-edc1302fbadb [pid: 8|app: 0|req: 808/1555] 10.0.0.134 () {32 vars in 723 bytes} [Mon May 11 19:12:15 2026] DELETE /v2.0/subnets/76bfb287-439f-43a4-8809-e8cb453de68c => generated 0 bytes in 167 msecs (HTTP/1.1 204) 3 headers in 131 bytes (1 switches on core 0) [pid: 8|app: 0|req: 809/1556] 10.0.0.191 () {34 vars in 1039 bytes} [Mon May 11 19:12:15 2026] GET /v2.0/security-groups?id=078404bf-6cae-4a9b-b700-0d2e76610695&fields=id&fields=name => generated 114 bytes in 43 msecs (HTTP/1.1 200) 4 headers in 157 bytes (1 switches on core 0)
2026-05-11 19:12:15.574 7 WARNING neutron.scheduler.dhcp_agent_scheduler [None req-8d3792ed-e3b5-4782-a61f-7e96d7f18925 d98eeae39ace48eb86612a94a6b2eccd ddd776f7e04f4d6097749ced490c9065 - - default default] No more DHCP agents
2026-05-11 19:12:15.576 7 WARNING neutron.api.rpc.agentnotifiers.dhcp_rpc_agent_api [None req-8d3792ed-e3b5-4782-a61f-7e96d7f18925 d98eeae39ace48eb86612a94a6b2eccd ddd776f7e04f4d6097749ced490c9065 - - default default] Unable to schedule network 211e2f22-cb43-45ba-a3ef-b835bddadef8: no agents available; will retry on subsequent port and subnet creation events.
2026-05-11 19:12:15.676 7 INFO neutron.db.ovn_revision_numbers_db [None req-8d3792ed-e3b5-4782-a61f-7e96d7f18925 d98eeae39ace48eb86612a94a6b2eccd ddd776f7e04f4d6097749ced490c9065 - - default default] Successfully bumped revision number for resource db7ad207-5547-497e-8c75-86f0b6403efd (type: ports) to 1 [pid: 7|app: 0|req: 748/1557] 10.0.0.134 () {34 vars in 669 bytes} [Mon May 11 19:12:15 2026] POST /v2.0/networks => generated 682 bytes in 504 msecs (HTTP/1.1 201) 4 headers in 162 bytes (1 switches on core 0)
2026-05-11 19:12:15.751 8 INFO neutron.notifiers.nova [-] Nova event matching ['req-7c39941d-d57e-46f7-b1dd-f30010df6bf8'] response: {'server_uuid': '0bcf0e60-f0e3-42bc-ae71-8a508fb9093c', 'name': 'network-vif-unplugged', 'status': 'completed', 'tag': '3e2c68bb-da58-4b78-afb1-edc1302fbadb', 'code': 200}
2026-05-11 19:12:15.832 7 INFO neutron.db.ovn_revision_numbers_db [None req-951bdb00-2b61-4e51-85ee-668b226370c5 d98eeae39ace48eb86612a94a6b2eccd ddd776f7e04f4d6097749ced490c9065 - - default default] Successfully bumped revision number for resource 211e2f22-cb43-45ba-a3ef-b835bddadef8 (type: networks) to 2 [pid: 7|app: 0|req: 749/1558] 10.0.0.134 () {34 vars in 742 bytes} [Mon May 11 19:12:15 2026] PUT /v2.0/networks/211e2f22-cb43-45ba-a3ef-b835bddadef8 => generated 636 bytes in 136 msecs (HTTP/1.1 200) 4 headers in 157 bytes (1 switches on core 0)
2026-05-11 19:12:15.856 8 INFO neutron_taas.services.taas.taas_plugin [None req-4affc898-cb94-42f9-919c-cacaf48ebd4d 8de2a74845744012822718bab70fa595 73aa527d8f32442d90d1be9f4796f6c5 - - default default] TaaS: Handle Delete Port: 533caf9a-519a-4468-931c-af5e843fc473
2026-05-11 19:12:15.861 8 INFO neutron_taas.services.taas.tap_mirror_plugin [None req-4affc898-cb94-42f9-919c-cacaf48ebd4d 8de2a74845744012822718bab70fa595 73aa527d8f32442d90d1be9f4796f6c5 - - default default] Tap Mirror: Handle Delete Port: 533caf9a-519a-4468-931c-af5e843fc473
2026-05-11 19:12:16.043 8 INFO neutron.db.ovn_revision_numbers_db [None req-fdcb6ff3-3ec9-451b-9ea9-67e15a916c13 - - - - - -] Successfully bumped revision number for resource 3e2c68bb-da58-4b78-afb1-edc1302fbadb (type: ports) to 6
2026-05-11 19:12:16.074 7 WARNING neutron.scheduler.dhcp_agent_scheduler [None req-7862b616-99bc-4def-a7bb-477814e4ab29 d98eeae39ace48eb86612a94a6b2eccd ddd776f7e04f4d6097749ced490c9065 - - default default] No more DHCP agents
2026-05-11 19:12:16.077 7 WARNING neutron.api.rpc.agentnotifiers.dhcp_rpc_agent_api [None req-7862b616-99bc-4def-a7bb-477814e4ab29 d98eeae39ace48eb86612a94a6b2eccd ddd776f7e04f4d6097749ced490c9065 - - default default] Unable to schedule network 211e2f22-cb43-45ba-a3ef-b835bddadef8: no agents available; will retry on subsequent port and subnet creation events.
2026-05-11 19:12:16.178 8 INFO neutron.plugins.ml2.drivers.ovn.mech_driver.mech_driver [None req-b0dc8c65-0666-4204-93d5-bdd6a7176368 - - - - - -] OVN reports status down for port: db7ad207-5547-497e-8c75-86f0b6403efd
2026-05-11 19:12:16.263 8 INFO neutron.services.segments.plugin [-] Segment 4b5bcf3e-fe58-4a17-9d59-a40095c06367 resource provider aggregate not found
2026-05-11 19:12:16.286 8 INFO neutron.services.segments.plugin [-] Segment 4b5bcf3e-fe58-4a17-9d59-a40095c06367 resource provider aggregate not found
2026-05-11 19:12:16.295 8 INFO neutron.services.segments.plugin [-] Segment 4b5bcf3e-fe58-4a17-9d59-a40095c06367 resource provider not found; error: Placement Client Error (4xx): {"errors": [{"status": 404, "title": "Not Found", "detail": "The resource could not be found.\n\n No resource provider with uuid 4b5bcf3e-fe58-4a17-9d59-a40095c06367 found for delete ", "request_id": "req-c221d774-b35c-4cdc-ba60-2cddf83a904b"}]}
2026-05-11 19:12:16.309 8 INFO neutron.services.segments.plugin [-] Segment 4b5bcf3e-fe58-4a17-9d59-a40095c06367 resource provider not found; error: Placement Client Error (4xx): {"errors": [{"status": 404, "title": "Not Found", "detail": "The resource could not be found.\n\n No resource provider with uuid 4b5bcf3e-fe58-4a17-9d59-a40095c06367 found for delete ", "request_id": "req-22cc89ec-a313-4a75-a33c-f6345da08fa1"}]} [pid: 8|app: 0|req: 810/1559] 10.0.0.134 () {32 vars in 725 bytes} [Mon May 11 19:12:15 2026] DELETE /v2.0/networks/ecd12acb-3e75-4329-87af-d1a09878817b => generated 0 bytes in 792 msecs (HTTP/1.1 204) 3 headers in 131 bytes (1 switches on core 0) /var/lib/openstack/lib/python3.12/site-packages/pycadf/identifier.py:70: UserWarning: Invalid uuid: neutron. To ensure interoperability, identifiers should be a valid uuid. warnings.warn(('Invalid uuid: %s. To ensure interoperability, ' [pid: 8|app: 0|req: 811/1560] 10.0.0.180 () {34 vars in 989 bytes} [Mon May 11 19:12:16 2026] GET /v2.0/ports?device_id=0bcf0e60-f0e3-42bc-ae71-8a508fb9093c => generated 973 bytes in 63 msecs (HTTP/1.1 200) 4 headers in 157 bytes (1 switches on core 0) [pid: 8|app: 0|req: 812/1561] 10.0.0.180 () {34 vars in 1039 bytes} [Mon May 11 19:12:16 2026] GET /v2.0/security-groups?id=9ecaa0c1-8a83-4d0b-b1b7-039b11a76be8&fields=id&fields=name => generated 88 bytes in 30 msecs (HTTP/1.1 200) 4 headers in 156 bytes (1 switches on core 0)
2026-05-11 19:12:16.565 7 INFO neutron.db.ovn_revision_numbers_db [None req-7862b616-99bc-4def-a7bb-477814e4ab29 d98eeae39ace48eb86612a94a6b2eccd ddd776f7e04f4d6097749ced490c9065 - - default default] Successfully bumped revision number for resource db7ad207-5547-497e-8c75-86f0b6403efd (type: ports) to 2
2026-05-11 19:12:16.611 7 INFO neutron.db.ovn_revision_numbers_db [None req-7862b616-99bc-4def-a7bb-477814e4ab29 d98eeae39ace48eb86612a94a6b2eccd ddd776f7e04f4d6097749ced490c9065 - - default default] Successfully bumped revision number for resource aae64605-608e-4a01-9846-447300c07a5b (type: subnets) to 0 [pid: 7|app: 0|req: 750/1562] 10.0.0.134 () {34 vars in 668 bytes} [Mon May 11 19:12:15 2026] POST /v2.0/subnets => generated 626 bytes in 783 msecs (HTTP/1.1 201) 4 headers in 162 bytes (1 switches on core 0) [pid: 7|app: 0|req: 751/1563] 199.19.213.62 () {34 vars in 992 bytes} [Mon May 11 19:12:16 2026] GET /v2.0/ports?device_id=0bcf0e60-f0e3-42bc-ae71-8a508fb9093c => generated 973 bytes in 80 msecs (HTTP/1.1 200) 4 headers in 157 bytes (1 switches on core 0)
2026-05-11 19:12:16.853 8 INFO neutron.db.ovn_revision_numbers_db [None req-4ca026d9-31e5-40bd-b557-ae815e74af9c d98eeae39ace48eb86612a94a6b2eccd ddd776f7e04f4d6097749ced490c9065 - - default default] Successfully bumped revision number for resource aae64605-608e-4a01-9846-447300c07a5b (type: subnets) to 1 [pid: 8|app: 0|req: 813/1564] 10.0.0.134 () {34 vars in 740 bytes} [Mon May 11 19:12:16 2026] PUT /v2.0/subnets/aae64605-608e-4a01-9846-447300c07a5b => generated 636 bytes in 224 msecs (HTTP/1.1 200) 4 headers in 157 bytes (1 switches on core 0)
2026-05-11 19:12:16.877 7 INFO neutron_taas.services.taas.taas_plugin [req-c72e22fb-0a73-4f21-a9d2-e13539ed1a5e req-29651c81-358d-4e11-bd1b-aca0b3a59746 763bff51b16a41f09aa03825cf80cec7 d958aea6a25b4a2198154e15e8715ed6 - - default default] TaaS: Handle Delete Port: 3e2c68bb-da58-4b78-afb1-edc1302fbadb
2026-05-11 19:12:16.880 7 INFO neutron_taas.services.taas.tap_mirror_plugin [req-c72e22fb-0a73-4f21-a9d2-e13539ed1a5e req-29651c81-358d-4e11-bd1b-aca0b3a59746 763bff51b16a41f09aa03825cf80cec7 d958aea6a25b4a2198154e15e8715ed6 - - default default] Tap Mirror: Handle Delete Port: 3e2c68bb-da58-4b78-afb1-edc1302fbadb
2026-05-11 19:12:16.989 8 INFO neutron_taas.services.taas.taas_plugin [None req-8f083c7c-26a7-4e3b-a1bd-30a2e1559957 d98eeae39ace48eb86612a94a6b2eccd ddd776f7e04f4d6097749ced490c9065 - - default default] TaaS: Handle Delete Port: db7ad207-5547-497e-8c75-86f0b6403efd
2026-05-11 19:12:16.991 8 INFO neutron_taas.services.taas.tap_mirror_plugin [None req-8f083c7c-26a7-4e3b-a1bd-30a2e1559957 d98eeae39ace48eb86612a94a6b2eccd ddd776f7e04f4d6097749ced490c9065 - - default default] Tap Mirror: Handle Delete Port: db7ad207-5547-497e-8c75-86f0b6403efd [pid: 7|app: 0|req: 752/1565] 199.19.213.62 () {36 vars in 995 bytes} [Mon May 11 19:12:16 2026] DELETE /v2.0/ports/3e2c68bb-da58-4b78-afb1-edc1302fbadb => generated 0 bytes in 297 msecs (HTTP/1.1 204) 3 headers in 131 bytes (1 switches on core 0)
2026-05-11 19:12:17.098 7 INFO neutron.notifiers.nova [-] Nova event matching ['req-56d0cd34-1284-41a5-8ac6-05b8a0253799'] response: {'server_uuid': '0bcf0e60-f0e3-42bc-ae71-8a508fb9093c', 'name': 'network-vif-deleted', 'tag': '3e2c68bb-da58-4b78-afb1-edc1302fbadb', 'status': 'completed', 'code': 200}
2026-05-11 19:12:17.148 7 WARNING neutron.db.securitygroups_db [None req-c522636c-adf8-4e74-b661-620f00ffd9cf c0c009aff5ca472db3ed64781930da4e 6eedafe9683f4200ab0d5b41db9d51f7 - - default default] project_id key not found in filters, using tenant_id instead. This support has been deprecated and will be removed in a future release. [pid: 7|app: 0|req: 753/1566] 10.0.0.134 () {32 vars in 773 bytes} [Mon May 11 19:12:17 2026] GET /v2.0/security-groups?tenant_id=73aa527d8f32442d90d1be9f4796f6c5&name=default => generated 2925 bytes in 128 msecs (HTTP/1.1 200) 4 headers in 158 bytes (1 switches on core 0) [pid: 7|app: 0|req: 756/1569] 10.0.0.134 () {32 vars in 739 bytes} [Mon May 11 19:12:17 2026] DELETE /v2.0/security-groups/603cfe81-f97b-41ef-9251-44844216a7bd => generated 0 bytes in 180 msecs (HTTP/1.1 204) 2 headers in 112 bytes (1 switches on core 0) [pid: 8|app: 0|req: 814/1570] 10.0.0.134 () {32 vars in 725 bytes} [Mon May 11 19:12:16 2026] DELETE /v2.0/networks/211e2f22-cb43-45ba-a3ef-b835bddadef8 => generated 0 bytes in 520 msecs (HTTP/1.1 204) 3 headers in 131 bytes (1 switches on core 0)
2026-05-11 19:12:17.401 7 INFO neutron.pecan_wsgi.hooks.translation [None req-5bf2e028-2b43-4577-a5da-42b92d3b8725 d98eeae39ace48eb86612a94a6b2eccd ddd776f7e04f4d6097749ced490c9065 - - default default] DELETE failed (client error): The resource could not be found. [pid: 7|app: 0|req: 757/1571] 10.0.0.134 () {32 vars in 725 bytes} [Mon May 11 19:12:17 2026] DELETE /v2.0/networks/211e2f22-cb43-45ba-a3ef-b835bddadef8 => generated 138 bytes in 15 msecs (HTTP/1.1 404) 4 headers in 164 bytes (1 switches on core 0) [pid: 8|app: 0|req: 815/1572] 10.0.0.134 () {32 vars in 693 bytes} [Mon May 11 19:12:17 2026] GET /v2.0/networks?router%3Aexternal=True => generated 689 bytes in 51 msecs (HTTP/1.1 200) 4 headers in 157 bytes (1 switches on core 0) [pid: 7|app: 0|req: 758/1573] 10.0.0.134 () {32 vars in 741 bytes} [Mon May 11 19:12:17 2026] GET /v2.0/subnets?network_id=100c62f0-980c-4622-99cd-9b7061ede02c => generated 649 bytes in 42 msecs (HTTP/1.1 200) 4 headers in 157 bytes (1 switches on core 0) [pid: 8|app: 0|req: 816/1574] 10.0.0.134 () {32 vars in 652 bytes} [Mon May 11 19:12:17 2026] GET /v2.0/extensions => generated 21706 bytes in 8 msecs (HTTP/1.1 200) 4 headers in 159 bytes (1 switches on core 0) [pid: 7|app: 0|req: 759/1575] 10.0.0.180 () {34 vars in 989 bytes} [Mon May 11 19:12:17 2026] GET /v2.0/ports?device_id=0bcf0e60-f0e3-42bc-ae71-8a508fb9093c => generated 12 bytes in 19 msecs (HTTP/1.1 200) 4 headers in 156 bytes (1 switches on core 0) [pid: 8|app: 0|req: 817/1576] 10.0.0.134 () {32 vars in 648 bytes} [Mon May 11 19:12:17 2026] GET /v2.0/networks => generated 1384 bytes in 51 msecs (HTTP/1.1 200) 4 headers in 158 bytes (1 switches on core 0) [pid: 7|app: 0|req: 760/1577] 10.0.0.134 () {32 vars in 646 bytes} [Mon May 11 19:12:17 2026] GET /v2.0/subnets => generated 1280 bytes in 46 msecs (HTTP/1.1 200) 4 headers in 158 bytes (1 switches on core 0) [pid: 8|app: 0|req: 818/1578] 10.0.0.134 () {32 vars in 722 bytes} [Mon May 11 19:12:17 2026] GET /v2.0/networks/e4ade135-84cb-43ad-964d-e4cb3232aa15 => generated 706 bytes in 42 msecs (HTTP/1.1 200) 4 headers in 157 bytes (1 switches on core 0) [pid: 7|app: 0|req: 761/1579] 10.0.0.134 () {32 vars in 720 bytes} [Mon May 11 19:12:17 2026] GET /v2.0/subnets/65e30ede-4ccc-4c5a-b6e7-21a6848d1b94 => generated 641 bytes in 22 msecs (HTTP/1.1 200) 4 headers in 157 bytes (1 switches on core 0)
2026-05-11 19:12:17.732 8 INFO neutron.pecan_wsgi.hooks.translation [None req-7371aaf3-9e72-421b-bf87-2db7cb999b34 d98eeae39ace48eb86612a94a6b2eccd ddd776f7e04f4d6097749ced490c9065 - - default default] DELETE failed (client error): The resource could not be found. [pid: 8|app: 0|req: 819/1580] 10.0.0.134 () {32 vars in 723 bytes} [Mon May 11 19:12:17 2026] DELETE /v2.0/subnets/aae64605-608e-4a01-9846-447300c07a5b => generated 136 bytes in 16 msecs (HTTP/1.1 404) 4 headers in 164 bytes (1 switches on core 0)
2026-05-11 19:12:17.758 7 INFO neutron.pecan_wsgi.hooks.translation [None req-8c5245bf-03c1-4b1e-8614-293b277fbcbe d98eeae39ace48eb86612a94a6b2eccd ddd776f7e04f4d6097749ced490c9065 - - default default] DELETE failed (client error): The resource could not be found. [pid: 7|app: 0|req: 762/1581] 10.0.0.134 () {32 vars in 725 bytes} [Mon May 11 19:12:17 2026] DELETE /v2.0/networks/211e2f22-cb43-45ba-a3ef-b835bddadef8 => generated 138 bytes in 20 msecs (HTTP/1.1 404) 4 headers in 164 bytes (1 switches on core 0)
2026-05-11 19:12:17.787 8 INFO neutron.notifiers.nova [-] Nova event matching ['req-c54d25ac-fc2d-4bac-bf10-2673f2c04548'] response: {'server_uuid': '0bcf0e60-f0e3-42bc-ae71-8a508fb9093c', 'name': 'network-vif-unplugged', 'status': 'completed', 'tag': '3e2c68bb-da58-4b78-afb1-edc1302fbadb', 'code': 200} [pid: 8|app: 0|req: 820/1582] 10.0.0.134 () {32 vars in 723 bytes} [Mon May 11 19:12:17 2026] DELETE /v2.0/subnets/65e30ede-4ccc-4c5a-b6e7-21a6848d1b94 => generated 0 bytes in 148 msecs (HTTP/1.1 204) 3 headers in 131 bytes (1 switches on core 0)
2026-05-11 19:12:18.041 7 INFO neutron_taas.services.taas.taas_plugin [None req-a421f12d-c5b6-4355-bfd9-dde09177e18c d98eeae39ace48eb86612a94a6b2eccd ddd776f7e04f4d6097749ced490c9065 - - default default] TaaS: Handle Delete Port: 15a4b705-d468-4477-9d43-2a94509a8810
2026-05-11 19:12:18.044 7 INFO neutron_taas.services.taas.tap_mirror_plugin [None req-a421f12d-c5b6-4355-bfd9-dde09177e18c d98eeae39ace48eb86612a94a6b2eccd ddd776f7e04f4d6097749ced490c9065 - - default default] Tap Mirror: Handle Delete Port: 15a4b705-d468-4477-9d43-2a94509a8810
2026-05-11 19:12:18.272 7 INFO neutron.services.segments.plugin [-] Segment 8b296788-cd5b-46d1-b71e-70ce6eadd81d resource provider aggregate not found
2026-05-11 19:12:18.275 7 INFO neutron.services.segments.plugin [-] Segment 8b296788-cd5b-46d1-b71e-70ce6eadd81d resource provider aggregate not found
2026-05-11 19:12:18.298 7 INFO neutron.services.segments.plugin [-] Segment 8b296788-cd5b-46d1-b71e-70ce6eadd81d resource provider not found; error: Placement Client Error (4xx): {"errors": [{"status": 404, "title": "Not Found", "detail": "The resource could not be found.\n\n No resource provider with uuid 8b296788-cd5b-46d1-b71e-70ce6eadd81d found for delete ", "request_id": "req-e75421aa-fdb6-4e70-9ee9-2e742712b857"}]}
2026-05-11 19:12:18.302 7 INFO neutron.services.segments.plugin [-] Segment 8b296788-cd5b-46d1-b71e-70ce6eadd81d resource provider not found; error: Placement Client Error (4xx): {"errors": [{"status": 404, "title": "Not Found", "detail": "The resource could not be found.\n\n No resource provider with uuid 8b296788-cd5b-46d1-b71e-70ce6eadd81d found for delete ", "request_id": "req-764c04d7-00a0-4fe6-9f8c-4f4a1a7b0c13"}]}
2026-05-11 19:12:18.313 8 INFO neutron.services.segments.plugin [-] Segment d11eba8b-3f56-4891-9fb3-4c875fe2ae99 resource provider aggregate not found [pid: 7|app: 0|req: 763/1583] 10.0.0.134 () {32 vars in 725 bytes} [Mon May 11 19:12:17 2026] DELETE /v2.0/networks/e4ade135-84cb-43ad-964d-e4cb3232aa15 => generated 0 bytes in 398 msecs (HTTP/1.1 204) 3 headers in 131 bytes (1 switches on core 0)
2026-05-11 19:12:18.327 8 INFO neutron.services.segments.plugin [-] Segment d11eba8b-3f56-4891-9fb3-4c875fe2ae99 resource provider not found; error: Placement Client Error (4xx): {"errors": [{"status": 404, "title": "Not Found", "detail": "The resource could not be found.\n\n No resource provider with uuid d11eba8b-3f56-4891-9fb3-4c875fe2ae99 found for delete ", "request_id": "req-cd2c9d6f-8329-492e-9caa-ef86afcfe9ee"}]}
2026-05-11 19:12:18.329 8 INFO neutron.services.segments.plugin [-] Segment d11eba8b-3f56-4891-9fb3-4c875fe2ae99 resource provider aggregate not found
2026-05-11 19:12:18.342 8 INFO neutron.services.segments.plugin [-] Segment d11eba8b-3f56-4891-9fb3-4c875fe2ae99 resource provider not found; error: Placement Client Error (4xx): {"errors": [{"status": 404, "title": "Not Found", "detail": "The resource could not be found.\n\n No resource provider with uuid d11eba8b-3f56-4891-9fb3-4c875fe2ae99 found for delete ", "request_id": "req-4199e767-6c15-41bb-864c-1da0825e868f"}]} [pid: 8|app: 0|req: 821/1584] 10.0.0.180 () {34 vars in 989 bytes} [Mon May 11 19:12:18 2026] GET /v2.0/ports?device_id=0bcf0e60-f0e3-42bc-ae71-8a508fb9093c => generated 12 bytes in 21 msecs (HTTP/1.1 200) 4 headers in 156 bytes (1 switches on core 0)
2026-05-11 19:12:18.972 8 WARNING neutron.db.securitygroups_db [None req-528f3157-42f9-4dba-8368-4598934a963e c0c009aff5ca472db3ed64781930da4e 6eedafe9683f4200ab0d5b41db9d51f7 - - default default] project_id key not found in filters, using tenant_id instead. This support has been deprecated and will be removed in a future release. [pid: 8|app: 0|req: 822/1585] 10.0.0.134 () {32 vars in 773 bytes} [Mon May 11 19:12:18 2026] GET /v2.0/security-groups?tenant_id=ddd776f7e04f4d6097749ced490c9065&name=default => generated 2925 bytes in 251 msecs (HTTP/1.1 200) 4 headers in 158 bytes (1 switches on core 0) [pid: 7|app: 0|req: 764/1586] 10.0.0.154 () {28 vars in 598 bytes} [Mon May 11 19:12:18 2026] GET /v2.0/security-groups => generated 28979 bytes in 333 msecs (HTTP/1.1 200) 4 headers in 159 bytes (1 switches on core 0) [pid: 7|app: 0|req: 765/1587] 10.0.0.154 () {28 vars in 582 bytes} [Mon May 11 19:12:19 2026] GET /v2.0/subnets => generated 2665 bytes in 45 msecs (HTTP/1.1 200) 4 headers in 158 bytes (1 switches on core 0) [pid: 8|app: 0|req: 823/1588] 10.0.0.134 () {32 vars in 739 bytes} [Mon May 11 19:12:18 2026] DELETE /v2.0/security-groups/1bb325fd-246d-4ccc-87a0-62e441f93c12 => generated 0 bytes in 192 msecs (HTTP/1.1 204) 2 headers in 112 bytes (1 switches on core 0) [pid: 7|app: 0|req: 766/1589] 10.0.0.154 () {28 vars in 582 bytes} [Mon May 11 19:12:19 2026] GET /v2.0/routers => generated 1980 bytes in 77 msecs (HTTP/1.1 200) 4 headers in 158 bytes (1 switches on core 0) [pid: 7|app: 0|req: 767/1590] 10.0.0.154 () {28 vars in 623 bytes} [Mon May 11 19:12:19 2026] GET /v2.0/agents?binary=ovn-controller => generated 416 bytes in 11 msecs (HTTP/1.1 200) 4 headers in 157 bytes (1 switches on core 0) [pid: 7|app: 0|req: 768/1591] 10.0.0.154 () {28 vars in 580 bytes} [Mon May 11 19:12:19 2026] GET /v2.0/agents => generated 1214 bytes in 10 msecs (HTTP/1.1 200) 4 headers in 158 bytes (1 switches on core 0) [pid: 7|app: 0|req: 769/1592] 10.0.0.154 () {28 vars in 590 bytes} [Mon May 11 19:12:19 2026] GET /v2.0/floatingips => generated 861 bytes in 51 msecs (HTTP/1.1 200) 4 headers in 157 bytes (1 switches on core 0) [pid: 7|app: 0|req: 770/1593] 10.0.0.154 () {28 vars in 584 bytes} [Mon May 11 19:12:19 2026] GET /v2.0/networks => generated 3881 bytes in 54 msecs (HTTP/1.1 200) 4 headers in 158 bytes (1 switches on core 0)
2026-05-11 19:12:19.386 8 INFO neutron.db.ovn_revision_numbers_db [None req-d9ee5a78-e4ec-42ac-94d9-1efbe7460f91 67db393215134ff180129fe5d6809e2d 7c12ee846d0f4f04871b8ff51c9a0b41 - - default default] Successfully bumped revision number for resource 60841596-c47e-4854-83cc-09b27b818b51 (type: security_groups) to 1
2026-05-11 19:12:19.400 8 INFO neutron.db.ovn_revision_numbers_db [None req-d9ee5a78-e4ec-42ac-94d9-1efbe7460f91 67db393215134ff180129fe5d6809e2d 7c12ee846d0f4f04871b8ff51c9a0b41 - - default default] Successfully bumped revision number for resource 7b5b77e4-10f2-4bc7-aa58-7df01f530dbc (type: security_group_rules) to 0
2026-05-11 19:12:19.412 8 INFO neutron.db.ovn_revision_numbers_db [None req-d9ee5a78-e4ec-42ac-94d9-1efbe7460f91 67db393215134ff180129fe5d6809e2d 7c12ee846d0f4f04871b8ff51c9a0b41 - - default default] Successfully bumped revision number for resource 9f098475-d371-4166-ade0-38164cb9ccc7 (type: security_group_rules) to 0
2026-05-11 19:12:19.424 8 INFO neutron.db.ovn_revision_numbers_db [None req-d9ee5a78-e4ec-42ac-94d9-1efbe7460f91 67db393215134ff180129fe5d6809e2d 7c12ee846d0f4f04871b8ff51c9a0b41 - - default default] Successfully bumped revision number for resource a3a548ad-7603-4318-88a8-167b575b0dc2 (type: security_group_rules) to 0
2026-05-11 19:12:19.435 8 INFO neutron.db.ovn_revision_numbers_db [None req-d9ee5a78-e4ec-42ac-94d9-1efbe7460f91 67db393215134ff180129fe5d6809e2d 7c12ee846d0f4f04871b8ff51c9a0b41 - - default default] Successfully bumped revision number for resource cee0a6f7-1875-41cf-ae75-083b617884b0 (type: security_group_rules) to 0 [pid: 7|app: 0|req: 771/1594] 10.0.0.154 () {28 vars in 578 bytes} [Mon May 11 19:12:19 2026] GET /v2.0/ports => generated 13936 bytes in 88 msecs (HTTP/1.1 200) 4 headers in 159 bytes (1 switches on core 0) [pid: 7|app: 0|req: 772/1595] 10.0.0.154 () {28 vars in 618 bytes} [Mon May 11 19:12:19 2026] GET /v2.0/network-ip-availabilities => generated 3417 bytes in 24 msecs (HTTP/1.1 200) 4 headers in 158 bytes (1 switches on core 0)
2026-05-11 19:12:19.507 8 INFO neutron.db.segments_db [None req-d9ee5a78-e4ec-42ac-94d9-1efbe7460f91 67db393215134ff180129fe5d6809e2d 7c12ee846d0f4f04871b8ff51c9a0b41 - - default default] Added segment dc8ca561-61df-4b4a-b3b5-76873d0177a4 of type geneve for network 526bf7dc-a5b7-4af4-87a0-676069877bb8 [pid: 7|app: 0|req: 773/1596] 10.0.0.154 () {28 vars in 582 bytes} [Mon May 11 19:12:19 2026] GET /v2.0/subnets => generated 2665 bytes in 35 msecs (HTTP/1.1 200) 4 headers in 158 bytes (1 switches on core 0) [pid: 7|app: 0|req: 774/1597] 10.0.0.154 () {28 vars in 590 bytes} [Mon May 11 19:12:19 2026] GET /v2.0/subnetpools => generated 19 bytes in 6 msecs (HTTP/1.1 200) 4 headers in 156 bytes (1 switches on core 0)
2026-05-11 19:12:19.605 8 INFO neutron.db.ovn_revision_numbers_db [None req-d9ee5a78-e4ec-42ac-94d9-1efbe7460f91 67db393215134ff180129fe5d6809e2d 7c12ee846d0f4f04871b8ff51c9a0b41 - - default default] Successfully bumped revision number for resource 526bf7dc-a5b7-4af4-87a0-676069877bb8 (type: networks) to 1 [pid: 7|app: 0|req: 775/1598] 10.0.0.180 () {34 vars in 989 bytes} [Mon May 11 19:12:19 2026] GET /v2.0/ports?device_id=0bcf0e60-f0e3-42bc-ae71-8a508fb9093c => generated 12 bytes in 20 msecs (HTTP/1.1 200) 4 headers in 156 bytes (1 switches on core 0)
2026-05-11 19:12:19.772 8 WARNING neutron.scheduler.dhcp_agent_scheduler [None req-d9ee5a78-e4ec-42ac-94d9-1efbe7460f91 67db393215134ff180129fe5d6809e2d 7c12ee846d0f4f04871b8ff51c9a0b41 - - default default] No more DHCP agents
2026-05-11 19:12:19.773 8 WARNING neutron.api.rpc.agentnotifiers.dhcp_rpc_agent_api [None req-d9ee5a78-e4ec-42ac-94d9-1efbe7460f91 67db393215134ff180129fe5d6809e2d 7c12ee846d0f4f04871b8ff51c9a0b41 - - default default] Unable to schedule network 526bf7dc-a5b7-4af4-87a0-676069877bb8: no agents available; will retry on subsequent port and subnet creation events.
2026-05-11 19:12:19.826 8 INFO neutron.plugins.ml2.drivers.ovn.mech_driver.mech_driver [None req-b0dc8c65-0666-4204-93d5-bdd6a7176368 - - - - - -] OVN reports status down for port: d8402aff-97b9-4705-a2f5-a2541accd834
2026-05-11 19:12:19.893 8 INFO neutron.db.ovn_revision_numbers_db [None req-d9ee5a78-e4ec-42ac-94d9-1efbe7460f91 67db393215134ff180129fe5d6809e2d 7c12ee846d0f4f04871b8ff51c9a0b41 - - default default] Successfully bumped revision number for resource d8402aff-97b9-4705-a2f5-a2541accd834 (type: ports) to 1 [pid: 8|app: 0|req: 824/1599] 10.0.0.134 () {34 vars in 669 bytes} [Mon May 11 19:12:19 2026] POST /v2.0/networks => generated 667 bytes in 748 msecs (HTTP/1.1 201) 4 headers in 162 bytes (1 switches on core 0)
2026-05-11 19:12:20.031 7 INFO neutron.db.segments_db [None req-99ebc553-d3bc-4fcd-b935-16c9c593afbc 67db393215134ff180129fe5d6809e2d 7c12ee846d0f4f04871b8ff51c9a0b41 - - default default] Added segment 00c6d020-bddf-4af7-babc-707cc6398184 of type geneve for network 0826fe65-b558-499c-be40-7067db008fec
2026-05-11 19:12:20.139 7 INFO neutron.db.ovn_revision_numbers_db [None req-99ebc553-d3bc-4fcd-b935-16c9c593afbc 67db393215134ff180129fe5d6809e2d 7c12ee846d0f4f04871b8ff51c9a0b41 - - default default] Successfully bumped revision number for resource 0826fe65-b558-499c-be40-7067db008fec (type: networks) to 1
2026-05-11 19:12:20.300 7 WARNING neutron.scheduler.dhcp_agent_scheduler [None req-99ebc553-d3bc-4fcd-b935-16c9c593afbc 67db393215134ff180129fe5d6809e2d 7c12ee846d0f4f04871b8ff51c9a0b41 - - default default] No more DHCP agents
2026-05-11 19:12:20.302 7 WARNING neutron.api.rpc.agentnotifiers.dhcp_rpc_agent_api [None req-99ebc553-d3bc-4fcd-b935-16c9c593afbc 67db393215134ff180129fe5d6809e2d 7c12ee846d0f4f04871b8ff51c9a0b41 - - default default] Unable to schedule network 0826fe65-b558-499c-be40-7067db008fec: no agents available; will retry on subsequent port and subnet creation events.
2026-05-11 19:12:20.346 7 INFO neutron.plugins.ml2.drivers.ovn.mech_driver.mech_driver [None req-3c480735-f4b1-49cf-b798-60639a572a9c - - - - - -] OVN reports status down for port: 7a5f1083-cf17-4292-8de0-adf7d16d5be7
2026-05-11 19:12:20.415 7 INFO neutron.db.ovn_revision_numbers_db [None req-99ebc553-d3bc-4fcd-b935-16c9c593afbc 67db393215134ff180129fe5d6809e2d 7c12ee846d0f4f04871b8ff51c9a0b41 - - default default] Successfully bumped revision number for resource 7a5f1083-cf17-4292-8de0-adf7d16d5be7 (type: ports) to 1 [pid: 7|app: 0|req: 776/1600] 10.0.0.134 () {34 vars in 669 bytes} [Mon May 11 19:12:19 2026] POST /v2.0/networks => generated 667 bytes in 511 msecs (HTTP/1.1 201) 4 headers in 162 bytes (1 switches on core 0)
2026-05-11 19:12:20.634 8 WARNING neutron.scheduler.dhcp_agent_scheduler [None req-dde9ad41-e49a-47c3-bb73-1b38c39cddfa 67db393215134ff180129fe5d6809e2d 7c12ee846d0f4f04871b8ff51c9a0b41 - - default default] No more DHCP agents
2026-05-11 19:12:20.635 8 WARNING neutron.api.rpc.agentnotifiers.dhcp_rpc_agent_api [None req-dde9ad41-e49a-47c3-bb73-1b38c39cddfa 67db393215134ff180129fe5d6809e2d 7c12ee846d0f4f04871b8ff51c9a0b41 - - default default] Unable to schedule network 526bf7dc-a5b7-4af4-87a0-676069877bb8: no agents available; will retry on subsequent port and subnet creation events.
2026-05-11 19:12:21.096 8 INFO neutron.db.ovn_revision_numbers_db [None req-dde9ad41-e49a-47c3-bb73-1b38c39cddfa 67db393215134ff180129fe5d6809e2d 7c12ee846d0f4f04871b8ff51c9a0b41 - - default default] Successfully bumped revision number for resource d8402aff-97b9-4705-a2f5-a2541accd834 (type: ports) to 2
2026-05-11 19:12:21.128 8 INFO neutron.db.ovn_revision_numbers_db [None req-dde9ad41-e49a-47c3-bb73-1b38c39cddfa 67db393215134ff180129fe5d6809e2d 7c12ee846d0f4f04871b8ff51c9a0b41 - - default default] Successfully bumped revision number for resource f73ca7ec-3636-470c-9704-a64bc2529924 (type: subnets) to 0 [pid: 8|app: 0|req: 825/1601] 10.0.0.134 () {34 vars in 668 bytes} [Mon May 11 19:12:20 2026] POST /v2.0/subnets => generated 626 bytes in 684 msecs (HTTP/1.1 201) 4 headers in 162 bytes (1 switches on core 0)
2026-05-11 19:12:21.163 7 INFO neutron.db.ovn_revision_numbers_db [None req-6408fe4f-79d6-453e-8f65-5d1688258e5f b77012c55c5a48e79283df584145f867 3ba2d22dd323447689f76c5307d61cbf - - default default] Successfully bumped revision number for resource cc008b92-0498-495f-b70d-76b2d4aa28f3 (type: security_groups) to 1
2026-05-11 19:12:21.177 7 INFO neutron.db.ovn_revision_numbers_db [None req-6408fe4f-79d6-453e-8f65-5d1688258e5f b77012c55c5a48e79283df584145f867 3ba2d22dd323447689f76c5307d61cbf - - default default] Successfully bumped revision number for resource 3bb43551-19de-4d18-a11c-b08ce8e57caa (type: security_group_rules) to 0
2026-05-11 19:12:21.194 7 INFO neutron.db.ovn_revision_numbers_db [None req-6408fe4f-79d6-453e-8f65-5d1688258e5f b77012c55c5a48e79283df584145f867 3ba2d22dd323447689f76c5307d61cbf - - default default] Successfully bumped revision number for resource 703f8af2-eb46-47e2-9c74-f4cb86cbb4eb (type: security_group_rules) to 0
2026-05-11 19:12:21.207 7 INFO neutron.db.ovn_revision_numbers_db [None req-6408fe4f-79d6-453e-8f65-5d1688258e5f b77012c55c5a48e79283df584145f867 3ba2d22dd323447689f76c5307d61cbf - - default default] Successfully bumped revision number for resource 8adba3ac-8c59-48d1-bbf7-f08a6c53059a (type: security_group_rules) to 0
2026-05-11 19:12:21.221 7 INFO neutron.db.ovn_revision_numbers_db [None req-6408fe4f-79d6-453e-8f65-5d1688258e5f b77012c55c5a48e79283df584145f867 3ba2d22dd323447689f76c5307d61cbf - - default default] Successfully bumped revision number for resource 964765ba-3729-45d7-9d22-cae4d973e4af (type: security_group_rules) to 0
2026-05-11 19:12:21.308 7 INFO neutron.db.segments_db [None req-6408fe4f-79d6-453e-8f65-5d1688258e5f b77012c55c5a48e79283df584145f867 3ba2d22dd323447689f76c5307d61cbf - - default default] Added segment 0b69bff1-1fe5-43c3-a798-787c0f9889c8 of type geneve for network d9758ab9-692a-4856-a36a-e9eecdeec8fb
2026-05-11 19:12:21.325 8 WARNING neutron.scheduler.dhcp_agent_scheduler [None req-7b5abe9f-51ef-412f-9f6b-607c0ea9c420 67db393215134ff180129fe5d6809e2d 7c12ee846d0f4f04871b8ff51c9a0b41 - - default default] No more DHCP agents
2026-05-11 19:12:21.327 8 WARNING neutron.api.rpc.agentnotifiers.dhcp_rpc_agent_api [None req-7b5abe9f-51ef-412f-9f6b-607c0ea9c420 67db393215134ff180129fe5d6809e2d 7c12ee846d0f4f04871b8ff51c9a0b41 - - default default] Unable to schedule network 0826fe65-b558-499c-be40-7067db008fec: no agents available; will retry on subsequent port and subnet creation events.
2026-05-11 19:12:21.424 7 INFO neutron.db.ovn_revision_numbers_db [None req-6408fe4f-79d6-453e-8f65-5d1688258e5f b77012c55c5a48e79283df584145f867 3ba2d22dd323447689f76c5307d61cbf - - default default] Successfully bumped revision number for resource d9758ab9-692a-4856-a36a-e9eecdeec8fb (type: networks) to 1
2026-05-11 19:12:21.594 7 WARNING neutron.scheduler.dhcp_agent_scheduler [None req-6408fe4f-79d6-453e-8f65-5d1688258e5f b77012c55c5a48e79283df584145f867 3ba2d22dd323447689f76c5307d61cbf - - default default] No more DHCP agents
2026-05-11 19:12:21.596 7 WARNING neutron.api.rpc.agentnotifiers.dhcp_rpc_agent_api [None req-6408fe4f-79d6-453e-8f65-5d1688258e5f b77012c55c5a48e79283df584145f867 3ba2d22dd323447689f76c5307d61cbf - - default default] Unable to schedule network d9758ab9-692a-4856-a36a-e9eecdeec8fb: no agents available; will retry on subsequent port and subnet creation events.
2026-05-11 19:12:21.634 7 INFO neutron.plugins.ml2.drivers.ovn.mech_driver.mech_driver [None req-3c480735-f4b1-49cf-b798-60639a572a9c - - - - - -] OVN reports status down for port: f238a029-0012-44c5-947e-a1fe7e18d687
2026-05-11 19:12:21.696 7 INFO neutron.db.ovn_revision_numbers_db [None req-6408fe4f-79d6-453e-8f65-5d1688258e5f b77012c55c5a48e79283df584145f867 3ba2d22dd323447689f76c5307d61cbf - - default default] Successfully bumped revision number for resource f238a029-0012-44c5-947e-a1fe7e18d687 (type: ports) to 1 [pid: 7|app: 0|req: 777/1602] 10.0.0.134 () {34 vars in 669 bytes} [Mon May 11 19:12:20 2026] POST /v2.0/networks => generated 682 bytes in 888 msecs (HTTP/1.1 201) 4 headers in 162 bytes (1 switches on core 0)
2026-05-11 19:12:21.793 8 INFO neutron.db.ovn_revision_numbers_db [None req-7b5abe9f-51ef-412f-9f6b-607c0ea9c420 67db393215134ff180129fe5d6809e2d 7c12ee846d0f4f04871b8ff51c9a0b41 - - default default] Successfully bumped revision number for resource 7a5f1083-cf17-4292-8de0-adf7d16d5be7 (type: ports) to 2 [pid: 7|app: 0|req: 778/1603] 10.0.0.180 () {34 vars in 989 bytes} [Mon May 11 19:12:21 2026] GET /v2.0/ports?device_id=77b7b7af-5d7e-412d-932c-54785f91967b => generated 975 bytes in 93 msecs (HTTP/1.1 200) 4 headers in 157 bytes (1 switches on core 0)
2026-05-11 19:12:21.840 8 INFO neutron.db.ovn_revision_numbers_db [None req-7b5abe9f-51ef-412f-9f6b-607c0ea9c420 67db393215134ff180129fe5d6809e2d 7c12ee846d0f4f04871b8ff51c9a0b41 - - default default] Successfully bumped revision number for resource 862d4d68-bf53-4cc9-b7b6-096a45107882 (type: subnets) to 0 [pid: 8|app: 0|req: 826/1604] 10.0.0.134 () {34 vars in 668 bytes} [Mon May 11 19:12:21 2026] POST /v2.0/subnets => generated 626 bytes in 703 msecs (HTTP/1.1 201) 4 headers in 162 bytes (1 switches on core 0) [pid: 8|app: 0|req: 827/1605] 10.0.0.180 () {34 vars in 1039 bytes} [Mon May 11 19:12:21 2026] GET /v2.0/security-groups?id=078404bf-6cae-4a9b-b700-0d2e76610695&fields=id&fields=name => generated 114 bytes in 29 msecs (HTTP/1.1 200) 4 headers in 157 bytes (1 switches on core 0)
2026-05-11 19:12:22.005 8 INFO neutron.db.ovn_revision_numbers_db [None req-fb1106c0-fa46-4ea3-ab98-7e899443dd0f 67db393215134ff180129fe5d6809e2d 7c12ee846d0f4f04871b8ff51c9a0b41 - - default default] Successfully bumped revision number for resource b80c2ead-d303-4dcd-8da2-2b721fef9dbc (type: routers) to 1 [pid: 8|app: 0|req: 828/1606] 10.0.0.134 () {34 vars in 668 bytes} [Mon May 11 19:12:21 2026] POST /v2.0/routers => generated 624 bytes in 142 msecs (HTTP/1.1 201) 4 headers in 162 bytes (1 switches on core 0)
2026-05-11 19:12:22.067 7 WARNING neutron.scheduler.dhcp_agent_scheduler [None req-33944e8c-022a-4acc-812b-921eafa2a86d b77012c55c5a48e79283df584145f867 3ba2d22dd323447689f76c5307d61cbf - - default default] No more DHCP agents
2026-05-11 19:12:22.068 7 WARNING neutron.api.rpc.agentnotifiers.dhcp_rpc_agent_api [None req-33944e8c-022a-4acc-812b-921eafa2a86d b77012c55c5a48e79283df584145f867 3ba2d22dd323447689f76c5307d61cbf - - default default] Unable to schedule network d9758ab9-692a-4856-a36a-e9eecdeec8fb: no agents available; will retry on subsequent port and subnet creation events.
2026-05-11 19:12:22.125 8 INFO neutron.plugins.ml2.drivers.ovn.mech_driver.mech_driver [None req-b0dc8c65-0666-4204-93d5-bdd6a7176368 - - - - - -] OVN reports status down for port: 3e5dee48-65f0-4d2d-83b2-c1ce3ff0bb7b
2026-05-11 19:12:22.161 7 INFO neutron.db.ovn_revision_numbers_db [None req-33944e8c-022a-4acc-812b-921eafa2a86d b77012c55c5a48e79283df584145f867 3ba2d22dd323447689f76c5307d61cbf - - default default] Successfully bumped revision number for resource 3e5dee48-65f0-4d2d-83b2-c1ce3ff0bb7b (type: ports) to 1 [pid: 7|app: 0|req: 779/1607] 10.0.0.134 () {34 vars in 664 bytes} [Mon May 11 19:12:21 2026] POST /v2.0/ports => generated 775 bytes in 386 msecs (HTTP/1.1 201) 4 headers in 162 bytes (1 switches on core 0) /var/lib/openstack/lib/python3.12/site-packages/pycadf/identifier.py:70: UserWarning: Invalid uuid: neutron. To ensure interoperability, identifiers should be a valid uuid. warnings.warn(('Invalid uuid: %s. To ensure interoperability, '
2026-05-11 19:12:22.416 8 INFO neutron_taas.services.taas.taas_plugin [None req-9f78fb72-9d9e-4ff8-b6cc-7c7912160319 c0c009aff5ca472db3ed64781930da4e 6eedafe9683f4200ab0d5b41db9d51f7 - - default default] TaaS: Handle Delete Port: 230ff69f-a4ee-4eed-9cea-2a3d7dc0825d
2026-05-11 19:12:22.419 8 INFO neutron_taas.services.taas.tap_mirror_plugin [None req-9f78fb72-9d9e-4ff8-b6cc-7c7912160319 c0c009aff5ca472db3ed64781930da4e 6eedafe9683f4200ab0d5b41db9d51f7 - - default default] Tap Mirror: Handle Delete Port: 230ff69f-a4ee-4eed-9cea-2a3d7dc0825d
2026-05-11 19:12:22.583 7 WARNING neutron.scheduler.dhcp_agent_scheduler [None req-08180eaa-19d1-4c7f-8405-76c9b5e501be 67db393215134ff180129fe5d6809e2d 7c12ee846d0f4f04871b8ff51c9a0b41 - - default default] No more DHCP agents
2026-05-11 19:12:22.584 7 WARNING neutron.api.rpc.agentnotifiers.dhcp_rpc_agent_api [None req-08180eaa-19d1-4c7f-8405-76c9b5e501be 67db393215134ff180129fe5d6809e2d 7c12ee846d0f4f04871b8ff51c9a0b41 - - default default] Unable to schedule network 526bf7dc-a5b7-4af4-87a0-676069877bb8: no agents available; will retry on subsequent port and subnet creation events.
2026-05-11 19:12:22.718 8 INFO neutron.plugins.ml2.drivers.ovn.mech_driver.mech_driver [None req-b0dc8c65-0666-4204-93d5-bdd6a7176368 - - - - - -] OVN reports status down for port: b71d7433-5162-458b-817a-2d866e0ca334
2026-05-11 19:12:22.749 7 INFO neutron.db.ovn_revision_numbers_db [None req-08180eaa-19d1-4c7f-8405-76c9b5e501be 67db393215134ff180129fe5d6809e2d 7c12ee846d0f4f04871b8ff51c9a0b41 - - default default] Successfully bumped revision number for resource b71d7433-5162-458b-817a-2d866e0ca334 (type: ports) to 1 [pid: 8|app: 0|req: 829/1608] 10.0.0.134 () {34 vars in 788 bytes} [Mon May 11 19:12:22 2026] PUT /v2.0/routers/eb04698e-2ff5-4ecd-94d0-c16522589d69/remove_router_interface => generated 310 bytes in 1098 msecs (HTTP/1.1 200) 4 headers in 157 bytes (1 switches on core 0) /var/lib/openstack/lib/python3.12/site-packages/pycadf/identifier.py:70: UserWarning: Invalid uuid: neutron. To ensure interoperability, identifiers should be a valid uuid. warnings.warn(('Invalid uuid: %s. To ensure interoperability, '
2026-05-11 19:12:23.153 7 INFO neutron.plugins.ml2.drivers.ovn.mech_driver.mech_driver [None req-3c480735-f4b1-49cf-b798-60639a572a9c - - - - - -] OVN reports status down for port: 5b58f94f-e546-4ea4-9302-eb320169dde2 [pid: 8|app: 0|req: 830/1609] 10.0.0.180 () {34 vars in 989 bytes} [Mon May 11 19:12:23 2026] GET /v2.0/ports?device_id=77b7b7af-5d7e-412d-932c-54785f91967b => generated 975 bytes in 92 msecs (HTTP/1.1 200) 4 headers in 157 bytes (1 switches on core 0)
2026-05-11 19:12:23.313 8 INFO neutron.db.segments_db [None req-b7f936bd-114b-4bae-9eed-8380a46ae5d5 b77012c55c5a48e79283df584145f867 3ba2d22dd323447689f76c5307d61cbf - - default default] Added segment 509d912f-d88e-4698-9d4f-9987f7f9c46c of type geneve for network 442ab0bc-c88c-4805-b01a-c2fc9b965451
2026-05-11 19:12:23.421 8 INFO neutron.db.ovn_revision_numbers_db [None req-b7f936bd-114b-4bae-9eed-8380a46ae5d5 b77012c55c5a48e79283df584145f867 3ba2d22dd323447689f76c5307d61cbf - - default default] Successfully bumped revision number for resource 442ab0bc-c88c-4805-b01a-c2fc9b965451 (type: networks) to 1
2026-05-11 19:12:23.428 7 INFO neutron.notifiers.nova [-] Nova event matching ['req-b1174577-168b-460c-8bdb-ee96d9c3887f'] response: {'server_uuid': '77b7b7af-5d7e-412d-932c-54785f91967b', 'name': 'network-vif-unplugged', 'status': 'completed', 'tag': '5b58f94f-e546-4ea4-9302-eb320169dde2', 'code': 200}
2026-05-11 19:12:23.449 8 INFO neutron.plugins.ml2.drivers.ovn.mech_driver.mech_driver [None req-b0dc8c65-0666-4204-93d5-bdd6a7176368 - - - - - -] OVN reports status up for port: b71d7433-5162-458b-817a-2d866e0ca334
2026-05-11 19:12:23.480 8 INFO neutron.plugins.ml2.plugin [None req-b0dc8c65-0666-4204-93d5-bdd6a7176368 - - - - - -] Attempt 1 to provision port b71d7433-5162-458b-817a-2d866e0ca334
2026-05-11 19:12:23.602 7 WARNING neutron.scheduler.dhcp_agent_scheduler [None req-08180eaa-19d1-4c7f-8405-76c9b5e501be 67db393215134ff180129fe5d6809e2d 7c12ee846d0f4f04871b8ff51c9a0b41 - - default default] No more DHCP agents
2026-05-11 19:12:23.605 7 WARNING neutron.api.rpc.agentnotifiers.dhcp_rpc_agent_api [None req-08180eaa-19d1-4c7f-8405-76c9b5e501be 67db393215134ff180129fe5d6809e2d 7c12ee846d0f4f04871b8ff51c9a0b41 - - default default] Unable to schedule network 526bf7dc-a5b7-4af4-87a0-676069877bb8: no agents available; will retry on subsequent port and subnet creation events.
2026-05-11 19:12:23.688 7 INFO neutron.db.ovn_revision_numbers_db [None req-3c480735-f4b1-49cf-b798-60639a572a9c - - - - - -] Successfully bumped revision number for resource 5b58f94f-e546-4ea4-9302-eb320169dde2 (type: ports) to 8
2026-05-11 19:12:23.726 8 WARNING neutron.scheduler.dhcp_agent_scheduler [None req-b7f936bd-114b-4bae-9eed-8380a46ae5d5 b77012c55c5a48e79283df584145f867 3ba2d22dd323447689f76c5307d61cbf - - default default] No more DHCP agents
2026-05-11 19:12:23.730 8 WARNING neutron.api.rpc.agentnotifiers.dhcp_rpc_agent_api [None req-b7f936bd-114b-4bae-9eed-8380a46ae5d5 b77012c55c5a48e79283df584145f867 3ba2d22dd323447689f76c5307d61cbf - - default default] Unable to schedule network 442ab0bc-c88c-4805-b01a-c2fc9b965451: no agents available; will retry on subsequent port and subnet creation events.
2026-05-11 19:12:23.859 8 INFO neutron.db.ovn_revision_numbers_db [None req-b7f936bd-114b-4bae-9eed-8380a46ae5d5 b77012c55c5a48e79283df584145f867 3ba2d22dd323447689f76c5307d61cbf - - default default] Successfully bumped revision number for resource 6bd90bc1-a4f6-434d-b757-18bdf4f84f0e (type: ports) to 1
2026-05-11 19:12:23.905 7 INFO neutron.db.ovn_revision_numbers_db [None req-08180eaa-19d1-4c7f-8405-76c9b5e501be 67db393215134ff180129fe5d6809e2d 7c12ee846d0f4f04871b8ff51c9a0b41 - - default default] Successfully bumped revision number for resource b71d7433-5162-458b-817a-2d866e0ca334 (type: router_ports) to 1 [pid: 7|app: 0|req: 780/1610] 10.0.0.134 () {34 vars in 782 bytes} [Mon May 11 19:12:22 2026] PUT /v2.0/routers/b80c2ead-d303-4dcd-8da2-2b721fef9dbc/add_router_interface => generated 310 bytes in 1696 msecs (HTTP/1.1 200) 4 headers in 157 bytes (1 switches on core 0) /var/lib/openstack/lib/python3.12/site-packages/pycadf/identifier.py:70: UserWarning: Invalid uuid: neutron. To ensure interoperability, identifiers should be a valid uuid. warnings.warn(('Invalid uuid: %s. To ensure interoperability, ' [pid: 8|app: 0|req: 831/1611] 10.0.0.134 () {34 vars in 669 bytes} [Mon May 11 19:12:23 2026] POST /v2.0/networks => generated 670 bytes in 737 msecs (HTTP/1.1 201) 4 headers in 162 bytes (1 switches on core 0) [pid: 8|app: 0|req: 832/1612] 10.0.0.180 () {34 vars in 1039 bytes} [Mon May 11 19:12:23 2026] GET /v2.0/security-groups?id=078404bf-6cae-4a9b-b700-0d2e76610695&fields=id&fields=name => generated 114 bytes in 77 msecs (HTTP/1.1 200) 4 headers in 157 bytes (1 switches on core 0) [pid: 8|app: 0|req: 833/1613] 10.0.0.134 () {32 vars in 716 bytes} [Mon May 11 19:12:24 2026] GET /v2.0/ports/b71d7433-5162-458b-817a-2d866e0ca334 => generated 943 bytes in 69 msecs (HTTP/1.1 200) 4 headers in 157 bytes (1 switches on core 0)
2026-05-11 19:12:24.237 8 INFO neutron.db.ovn_revision_numbers_db [None req-b0dc8c65-0666-4204-93d5-bdd6a7176368 - - - - - -] Successfully bumped revision number for resource b71d7433-5162-458b-817a-2d866e0ca334 (type: ports) to 2
2026-05-11 19:12:24.239 7 INFO neutron_taas.services.taas.taas_plugin [None req-29ebaa18-6856-456e-a38f-eab446d13d64 c0c009aff5ca472db3ed64781930da4e 6eedafe9683f4200ab0d5b41db9d51f7 - - default default] TaaS: Handle Delete Port: 8eb7d889-d561-4f6f-b40c-6873186c6ed5
2026-05-11 19:12:24.242 7 INFO neutron_taas.services.taas.tap_mirror_plugin [None req-29ebaa18-6856-456e-a38f-eab446d13d64 c0c009aff5ca472db3ed64781930da4e 6eedafe9683f4200ab0d5b41db9d51f7 - - default default] Tap Mirror: Handle Delete Port: 8eb7d889-d561-4f6f-b40c-6873186c6ed5
2026-05-11 19:12:24.494 8 WARNING neutron.scheduler.dhcp_agent_scheduler [None req-b79f1f43-be12-460d-9fca-0934d7eeb31c b77012c55c5a48e79283df584145f867 3ba2d22dd323447689f76c5307d61cbf - - default default] No more DHCP agents
2026-05-11 19:12:24.495 8 WARNING neutron.api.rpc.agentnotifiers.dhcp_rpc_agent_api [None req-b79f1f43-be12-460d-9fca-0934d7eeb31c b77012c55c5a48e79283df584145f867 3ba2d22dd323447689f76c5307d61cbf - - default default] Unable to schedule network 442ab0bc-c88c-4805-b01a-c2fc9b965451: no agents available; will retry on subsequent port and subnet creation events. [pid: 7|app: 0|req: 781/1614] 10.0.0.134 () {32 vars in 723 bytes} [Mon May 11 19:12:23 2026] DELETE /v2.0/routers/eb04698e-2ff5-4ecd-94d0-c16522589d69 => generated 0 bytes in 721 msecs (HTTP/1.1 204) 2 headers in 112 bytes (1 switches on core 0)
2026-05-11 19:12:24.967 8 INFO neutron.db.ovn_revision_numbers_db [None req-b79f1f43-be12-460d-9fca-0934d7eeb31c b77012c55c5a48e79283df584145f867 3ba2d22dd323447689f76c5307d61cbf - - default default] Successfully bumped revision number for resource 6bd90bc1-a4f6-434d-b757-18bdf4f84f0e (type: ports) to 2
2026-05-11 19:12:25.008 8 INFO neutron.db.ovn_revision_numbers_db [None req-b79f1f43-be12-460d-9fca-0934d7eeb31c b77012c55c5a48e79283df584145f867 3ba2d22dd323447689f76c5307d61cbf - - default default] Successfully bumped revision number for resource f064eb66-58b5-46f5-a563-db6d9065f41b (type: subnets) to 0 [pid: 8|app: 0|req: 834/1615] 10.0.0.134 () {34 vars in 668 bytes} [Mon May 11 19:12:24 2026] POST /v2.0/subnets => generated 626 bytes in 931 msecs (HTTP/1.1 201) 4 headers in 162 bytes (1 switches on core 0)
2026-05-11 19:12:25.042 7 WARNING neutron.scheduler.dhcp_agent_scheduler [None req-ce06d7fa-5e64-4458-afd8-601cbcde6323 67db393215134ff180129fe5d6809e2d 7c12ee846d0f4f04871b8ff51c9a0b41 - - default default] No more DHCP agents
2026-05-11 19:12:25.043 7 WARNING neutron.api.rpc.agentnotifiers.dhcp_rpc_agent_api [None req-ce06d7fa-5e64-4458-afd8-601cbcde6323 67db393215134ff180129fe5d6809e2d 7c12ee846d0f4f04871b8ff51c9a0b41 - - default default] Unable to schedule network 0826fe65-b558-499c-be40-7067db008fec: no agents available; will retry on subsequent port and subnet creation events. [pid: 8|app: 0|req: 835/1616] 199.19.213.62 () {34 vars in 992 bytes} [Mon May 11 19:12:25 2026] GET /v2.0/ports?device_id=77b7b7af-5d7e-412d-932c-54785f91967b => generated 973 bytes in 38 msecs (HTTP/1.1 200) 4 headers in 157 bytes (1 switches on core 0)
2026-05-11 19:12:25.157 7 INFO neutron.plugins.ml2.drivers.ovn.mech_driver.mech_driver [None req-e9aab736-f56e-4719-99a9-f899dc412d28 - - - - - -] OVN reports status down for port: fc84f257-b440-4388-8eeb-85fd50561ac8
2026-05-11 19:12:25.219 7 INFO neutron.db.ovn_revision_numbers_db [None req-ce06d7fa-5e64-4458-afd8-601cbcde6323 67db393215134ff180129fe5d6809e2d 7c12ee846d0f4f04871b8ff51c9a0b41 - - default default] Successfully bumped revision number for resource fc84f257-b440-4388-8eeb-85fd50561ac8 (type: ports) to 1 [pid: 8|app: 0|req: 836/1617] 10.0.0.134 () {32 vars in 723 bytes} [Mon May 11 19:12:25 2026] DELETE /v2.0/subnets/c578fa67-e196-47cc-9fe3-0ca95a71b0d3 => generated 0 bytes in 172 msecs (HTTP/1.1 204) 3 headers in 131 bytes (1 switches on core 0)
2026-05-11 19:12:25.474 7 INFO neutron.notifiers.nova [-] Nova event matching ['req-f01ee84b-4ea8-4f4c-9636-4609961ac277'] response: {'server_uuid': '77b7b7af-5d7e-412d-932c-54785f91967b', 'name': 'network-vif-unplugged', 'status': 'completed', 'tag': '5b58f94f-e546-4ea4-9302-eb320169dde2', 'code': 200}
2026-05-11 19:12:25.518 8 WARNING neutron.scheduler.dhcp_agent_scheduler [None req-e4dd2537-1416-4162-8dc5-741ccb0eda2b b77012c55c5a48e79283df584145f867 3ba2d22dd323447689f76c5307d61cbf - - default default] No more DHCP agents
