2026-05-11 19:12:34.072 8 WARNING neutron.db.securitygroups_db [None req-7fac8b8b-dbcb-4031-9b60-608b1f3f45d2 c0c009aff5ca472db3ed64781930da4e 6eedafe9683f4200ab0d5b41db9d51f7 - - default default] project_id key not found in filters, using tenant_id instead. This support has been deprecated and will be removed in a future release. [pid: 7|app: 0|req: 814/1676] 10.0.0.134 () {32 vars in 719 bytes} [Mon May 11 19:12:33 2026] DELETE /v2.0/ports/3e5dee48-65f0-4d2d-83b2-c1ce3ff0bb7b => generated 0 bytes in 307 msecs (HTTP/1.1 204) 3 headers in 131 bytes (1 switches on core 0) [pid: 8|app: 0|req: 863/1677] 10.0.0.134 () {32 vars in 773 bytes} [Mon May 11 19:12:34 2026] GET /v2.0/security-groups?tenant_id=9ac039c3ed2f4dc9be28f46fb0dd955c&name=default => generated 2925 bytes in 50 msecs (HTTP/1.1 200) 4 headers in 158 bytes (1 switches on core 0) [pid: 7|app: 0|req: 815/1678] 10.0.0.134 () {32 vars in 716 bytes} [Mon May 11 19:12:34 2026] GET /v2.0/ports/33a0b8f0-5b45-41dd-8e3a-d7b2d47260d9 => generated 1010 bytes in 34 msecs (HTTP/1.1 200) 4 headers in 158 bytes (1 switches on core 0)
2026-05-11 19:12:34.254 8 INFO neutron_taas.services.taas.taas_plugin [None req-a416b914-92a2-4004-b715-3454c0e425f7 b77012c55c5a48e79283df584145f867 3ba2d22dd323447689f76c5307d61cbf - - default default] TaaS: Handle Delete Port: f238a029-0012-44c5-947e-a1fe7e18d687
2026-05-11 19:12:34.258 8 INFO neutron_taas.services.taas.tap_mirror_plugin [None req-a416b914-92a2-4004-b715-3454c0e425f7 b77012c55c5a48e79283df584145f867 3ba2d22dd323447689f76c5307d61cbf - - default default] Tap Mirror: Handle Delete Port: f238a029-0012-44c5-947e-a1fe7e18d687 [pid: 7|app: 0|req: 816/1679] 10.0.0.134 () {32 vars in 739 bytes} [Mon May 11 19:12:34 2026] DELETE /v2.0/security-groups/e753b599-5739-4b55-ad1f-611413fd6c3e => generated 0 bytes in 161 msecs (HTTP/1.1 204) 2 headers in 112 bytes (1 switches on core 0)
2026-05-11 19:12:34.447 8 INFO neutron.services.segments.plugin [-] Segment 0b69bff1-1fe5-43c3-a798-787c0f9889c8 resource provider aggregate not found
2026-05-11 19:12:34.450 8 INFO neutron.services.segments.plugin [-] Segment 0b69bff1-1fe5-43c3-a798-787c0f9889c8 resource provider aggregate not found
2026-05-11 19:12:34.467 8 INFO neutron.services.segments.plugin [-] Segment 0b69bff1-1fe5-43c3-a798-787c0f9889c8 resource provider not found; error: Placement Client Error (4xx): {"errors": [{"status": 404, "title": "Not Found", "detail": "The resource could not be found.\n\n No resource provider with uuid 0b69bff1-1fe5-43c3-a798-787c0f9889c8 found for delete ", "request_id": "req-bfccbc65-b5ae-44fc-a6d8-94e354119405"}]}
2026-05-11 19:12:34.473 8 INFO neutron.services.segments.plugin [-] Segment 0b69bff1-1fe5-43c3-a798-787c0f9889c8 resource provider not found; error: Placement Client Error (4xx): {"errors": [{"status": 404, "title": "Not Found", "detail": "The resource could not be found.\n\n No resource provider with uuid 0b69bff1-1fe5-43c3-a798-787c0f9889c8 found for delete ", "request_id": "req-742899e8-675a-4c58-b879-c66cfb984820"}]} [pid: 8|app: 0|req: 864/1680] 10.0.0.134 () {32 vars in 725 bytes} [Mon May 11 19:12:34 2026] DELETE /v2.0/networks/d9758ab9-692a-4856-a36a-e9eecdeec8fb => generated 0 bytes in 372 msecs (HTTP/1.1 204) 3 headers in 131 bytes (1 switches on core 0) [pid: 8|app: 0|req: 865/1681] 10.0.0.143 () {32 vars in 801 bytes} [Mon May 11 19:12:34 2026] GET /v2.0/extensions => generated 21706 bytes in 6 msecs (HTTP/1.1 200) 4 headers in 159 bytes (1 switches on core 0)
2026-05-11 19:12:34.575 7 INFO neutron_taas.services.taas.taas_plugin [None req-ccaa83d7-0f46-4245-8b4e-39043fbb60db 67db393215134ff180129fe5d6809e2d 7c12ee846d0f4f04871b8ff51c9a0b41 - - default default] TaaS: Handle Delete Port: 33a0b8f0-5b45-41dd-8e3a-d7b2d47260d9
2026-05-11 19:12:34.578 7 INFO neutron_taas.services.taas.tap_mirror_plugin [None req-ccaa83d7-0f46-4245-8b4e-39043fbb60db 67db393215134ff180129fe5d6809e2d 7c12ee846d0f4f04871b8ff51c9a0b41 - - default default] Tap Mirror: Handle Delete Port: 33a0b8f0-5b45-41dd-8e3a-d7b2d47260d9 [pid: 8|app: 0|req: 866/1682] 10.0.0.143 () {32 vars in 862 bytes} [Mon May 11 19:12:34 2026] GET /v2.0/quotas/95d403cb50c6408bb90b3ab7f9ef35e5/details => generated 847 bytes in 89 msecs (HTTP/1.1 200) 4 headers in 157 bytes (1 switches on core 0) [pid: 7|app: 0|req: 817/1683] 10.0.0.134 () {34 vars in 788 bytes} [Mon May 11 19:12:34 2026] PUT /v2.0/routers/1c1a463c-6999-4130-95b9-8948eecbb498/remove_router_interface => generated 310 bytes in 588 msecs (HTTP/1.1 200) 4 headers in 157 bytes (1 switches on core 0)
2026-05-11 19:12:34.976 8 INFO neutron.api.v2.resource [None req-372bcb48-5c86-460b-9340-7a45af66c8ba 67db393215134ff180129fe5d6809e2d 7c12ee846d0f4f04871b8ff51c9a0b41 - - default default] remove_router_interface failed (client error): The resource could not be found. [pid: 8|app: 0|req: 867/1684] 10.0.0.134 () {34 vars in 788 bytes} [Mon May 11 19:12:34 2026] PUT /v2.0/routers/1c1a463c-6999-4130-95b9-8948eecbb498/remove_router_interface => generated 197 bytes in 81 msecs (HTTP/1.1 404) 4 headers in 164 bytes (1 switches on core 0) [pid: 8|app: 0|req: 868/1685] 10.0.0.134 () {32 vars in 735 bytes} [Mon May 11 19:12:34 2026] GET /v2.0/ports?device_id=1c1a463c-6999-4130-95b9-8948eecbb498 => generated 12 bytes in 20 msecs (HTTP/1.1 200) 4 headers in 156 bytes (1 switches on core 0) /var/lib/openstack/lib/python3.12/site-packages/pycadf/identifier.py:70: UserWarning: Invalid uuid: neutron. To ensure interoperability, identifiers should be a valid uuid. warnings.warn(('Invalid uuid: %s. To ensure interoperability, '
2026-05-11 19:12:35.100 7 WARNING neutron.db.securitygroups_db [None req-1649578b-496e-4da3-a39e-d7c2be5f2324 c0c009aff5ca472db3ed64781930da4e 6eedafe9683f4200ab0d5b41db9d51f7 - - default default] project_id key not found in filters, using tenant_id instead. This support has been deprecated and will be removed in a future release. [pid: 7|app: 0|req: 818/1686] 10.0.0.134 () {32 vars in 773 bytes} [Mon May 11 19:12:34 2026] GET /v2.0/security-groups?tenant_id=3ba2d22dd323447689f76c5307d61cbf&name=default => generated 2925 bytes in 146 msecs (HTTP/1.1 200) 4 headers in 158 bytes (1 switches on core 0) [pid: 7|app: 0|req: 819/1687] 10.0.0.134 () {32 vars in 739 bytes} [Mon May 11 19:12:35 2026] DELETE /v2.0/security-groups/cc008b92-0498-495f-b70d-76b2d4aa28f3 => generated 0 bytes in 187 msecs (HTTP/1.1 204) 2 headers in 112 bytes (1 switches on core 0) [pid: 8|app: 0|req: 869/1688] 10.0.0.134 () {32 vars in 723 bytes} [Mon May 11 19:12:35 2026] DELETE /v2.0/routers/1c1a463c-6999-4130-95b9-8948eecbb498 => generated 0 bytes in 657 msecs (HTTP/1.1 204) 2 headers in 112 bytes (1 switches on core 0) [pid: 7|app: 0|req: 820/1689] 10.0.0.134 () {32 vars in 723 bytes} [Mon May 11 19:12:35 2026] DELETE /v2.0/subnets/4c35bbbb-7710-4032-8382-f46deff6f514 => generated 0 bytes in 180 msecs (HTTP/1.1 204) 3 headers in 131 bytes (1 switches on core 0)
2026-05-11 19:12:35.959 8 INFO neutron_taas.services.taas.taas_plugin [None req-2b947741-1d41-49af-af0a-9b817ab71258 67db393215134ff180129fe5d6809e2d 7c12ee846d0f4f04871b8ff51c9a0b41 - - default default] TaaS: Handle Delete Port: 38d89568-7909-42c9-af0b-94dd661cd3a0
2026-05-11 19:12:35.962 8 INFO neutron_taas.services.taas.tap_mirror_plugin [None req-2b947741-1d41-49af-af0a-9b817ab71258 67db393215134ff180129fe5d6809e2d 7c12ee846d0f4f04871b8ff51c9a0b41 - - default default] Tap Mirror: Handle Delete Port: 38d89568-7909-42c9-af0b-94dd661cd3a0 [pid: 8|app: 0|req: 870/1690] 10.0.0.134 () {32 vars in 725 bytes} [Mon May 11 19:12:35 2026] DELETE /v2.0/networks/313e7222-372c-4fd8-885c-7a36f8a3a6c6 => generated 0 bytes in 303 msecs (HTTP/1.1 204) 3 headers in 131 bytes (1 switches on core 0)
2026-05-11 19:12:36.266 7 INFO neutron.db.segments_db [None req-9f8966d0-1c0d-46be-b6a6-250a54533292 67db393215134ff180129fe5d6809e2d 7c12ee846d0f4f04871b8ff51c9a0b41 - - default default] Added segment 4a79e150-97f8-4be0-a19a-f145456dffc9 of type geneve for network 41d1a8fa-68f7-4116-9498-7f6615480a32
2026-05-11 19:12:36.357 7 INFO neutron.db.ovn_revision_numbers_db [None req-9f8966d0-1c0d-46be-b6a6-250a54533292 67db393215134ff180129fe5d6809e2d 7c12ee846d0f4f04871b8ff51c9a0b41 - - default default] Successfully bumped revision number for resource 41d1a8fa-68f7-4116-9498-7f6615480a32 (type: networks) to 1
2026-05-11 19:12:36.485 8 INFO neutron.services.segments.plugin [-] Segment 1e758fe5-1fa0-452a-b4bf-4b9969af67fa resource provider aggregate not found
2026-05-11 19:12:36.491 8 INFO neutron.services.segments.plugin [-] Segment 1e758fe5-1fa0-452a-b4bf-4b9969af67fa resource provider aggregate not found
2026-05-11 19:12:36.505 8 INFO neutron.services.segments.plugin [-] Segment 1e758fe5-1fa0-452a-b4bf-4b9969af67fa resource provider not found; error: Placement Client Error (4xx): {"errors": [{"status": 404, "title": "Not Found", "detail": "The resource could not be found.\n\n No resource provider with uuid 1e758fe5-1fa0-452a-b4bf-4b9969af67fa found for delete ", "request_id": "req-36f7a508-111c-4e93-98e2-6f6a2fb86b93"}]}
2026-05-11 19:12:36.513 8 INFO neutron.services.segments.plugin [-] Segment 1e758fe5-1fa0-452a-b4bf-4b9969af67fa resource provider not found; error: Placement Client Error (4xx): {"errors": [{"status": 404, "title": "Not Found", "detail": "The resource could not be found.\n\n No resource provider with uuid 1e758fe5-1fa0-452a-b4bf-4b9969af67fa found for delete ", "request_id": "req-963a8e91-5bae-4c8d-a228-bbb978c4e7a0"}]}
2026-05-11 19:12:36.514 7 WARNING neutron.scheduler.dhcp_agent_scheduler [None req-9f8966d0-1c0d-46be-b6a6-250a54533292 67db393215134ff180129fe5d6809e2d 7c12ee846d0f4f04871b8ff51c9a0b41 - - default default] No more DHCP agents
2026-05-11 19:12:36.516 7 WARNING neutron.api.rpc.agentnotifiers.dhcp_rpc_agent_api [None req-9f8966d0-1c0d-46be-b6a6-250a54533292 67db393215134ff180129fe5d6809e2d 7c12ee846d0f4f04871b8ff51c9a0b41 - - default default] Unable to schedule network 41d1a8fa-68f7-4116-9498-7f6615480a32: no agents available; will retry on subsequent port and subnet creation events.
2026-05-11 19:12:36.583 7 INFO neutron.plugins.ml2.drivers.ovn.mech_driver.mech_driver [None req-aa3da93b-860c-470e-bdc5-a4f1c6cf12f2 - - - - - -] OVN reports status down for port: 65932fd0-0ff8-4116-a9cc-ec941aa24afb
2026-05-11 19:12:36.632 7 INFO neutron.db.ovn_revision_numbers_db [None req-9f8966d0-1c0d-46be-b6a6-250a54533292 67db393215134ff180129fe5d6809e2d 7c12ee846d0f4f04871b8ff51c9a0b41 - - default default] Successfully bumped revision number for resource 65932fd0-0ff8-4116-a9cc-ec941aa24afb (type: ports) to 1 [pid: 7|app: 0|req: 821/1691] 10.0.0.134 () {34 vars in 669 bytes} [Mon May 11 19:12:36 2026] POST /v2.0/networks => generated 668 bytes in 520 msecs (HTTP/1.1 201) 4 headers in 162 bytes (1 switches on core 0)
2026-05-11 19:12:36.853 8 WARNING neutron.scheduler.dhcp_agent_scheduler [None req-46e9bf77-858c-497d-a8ce-13be6c576eed 67db393215134ff180129fe5d6809e2d 7c12ee846d0f4f04871b8ff51c9a0b41 - - default default] No more DHCP agents
2026-05-11 19:12:36.855 8 WARNING neutron.api.rpc.agentnotifiers.dhcp_rpc_agent_api [None req-46e9bf77-858c-497d-a8ce-13be6c576eed 67db393215134ff180129fe5d6809e2d 7c12ee846d0f4f04871b8ff51c9a0b41 - - default default] Unable to schedule network 41d1a8fa-68f7-4116-9498-7f6615480a32: no agents available; will retry on subsequent port and subnet creation events. [pid: 7|app: 0|req: 822/1692] 10.0.0.134 () {32 vars in 622 bytes} [Mon May 11 19:12:37 2026] GET / => generated 151 bytes in 3 msecs (HTTP/1.1 200) 3 headers in 91 bytes (1 switches on core 0) [pid: 7|app: 0|req: 823/1693] 10.0.0.134 () {32 vars in 632 bytes} [Mon May 11 19:12:37 2026] GET /v2.0/ => generated 632 bytes in 139 msecs (HTTP/1.1 200) 4 headers in 157 bytes (1 switches on core 0)
2026-05-11 19:12:37.264 8 INFO neutron.db.ovn_revision_numbers_db [None req-46e9bf77-858c-497d-a8ce-13be6c576eed 67db393215134ff180129fe5d6809e2d 7c12ee846d0f4f04871b8ff51c9a0b41 - - default default] Successfully bumped revision number for resource 65932fd0-0ff8-4116-a9cc-ec941aa24afb (type: ports) to 2
2026-05-11 19:12:37.298 8 INFO neutron.db.ovn_revision_numbers_db [None req-46e9bf77-858c-497d-a8ce-13be6c576eed 67db393215134ff180129fe5d6809e2d 7c12ee846d0f4f04871b8ff51c9a0b41 - - default default] Successfully bumped revision number for resource 6c83679c-cd6b-4746-8b06-b3234d036113 (type: subnets) to 0 [pid: 8|app: 0|req: 871/1694] 10.0.0.134 () {34 vars in 668 bytes} [Mon May 11 19:12:36 2026] POST /v2.0/subnets => generated 626 bytes in 626 msecs (HTTP/1.1 201) 4 headers in 162 bytes (1 switches on core 0)
2026-05-11 19:12:37.408 7 WARNING neutron.db.securitygroups_db [None req-4e4d5a5d-f92b-464e-9997-a3ebdeac31b4 c0c009aff5ca472db3ed64781930da4e 6eedafe9683f4200ab0d5b41db9d51f7 - - default default] project_id key not found in filters, using tenant_id instead. This support has been deprecated and will be removed in a future release.
2026-05-11 19:12:37.418 8 INFO neutron.db.ovn_revision_numbers_db [None req-2dfb5848-1ed8-40d0-bc9a-2ba33e66a0e5 67db393215134ff180129fe5d6809e2d 7c12ee846d0f4f04871b8ff51c9a0b41 - - default default] Successfully bumped revision number for resource 24d5ea5a-3545-408e-b495-eec0de85e0c2 (type: routers) to 1 [pid: 8|app: 0|req: 872/1695] 10.0.0.134 () {34 vars in 668 bytes} [Mon May 11 19:12:37 2026] POST /v2.0/routers => generated 624 bytes in 114 msecs (HTTP/1.1 201) 4 headers in 162 bytes (1 switches on core 0)
2026-05-11 19:12:37.603 7 INFO neutron.db.ovn_revision_numbers_db [None req-4e4d5a5d-f92b-464e-9997-a3ebdeac31b4 c0c009aff5ca472db3ed64781930da4e 6eedafe9683f4200ab0d5b41db9d51f7 - - default default] Successfully bumped revision number for resource c4b6d092-c254-4c23-8e97-99e4abf5016d (type: security_groups) to 1
2026-05-11 19:12:37.615 7 INFO neutron.db.ovn_revision_numbers_db [None req-4e4d5a5d-f92b-464e-9997-a3ebdeac31b4 c0c009aff5ca472db3ed64781930da4e 6eedafe9683f4200ab0d5b41db9d51f7 - - default default] Successfully bumped revision number for resource 198da503-f570-4bce-97f9-64478024be79 (type: security_group_rules) to 0
2026-05-11 19:12:37.629 7 INFO neutron.db.ovn_revision_numbers_db [None req-4e4d5a5d-f92b-464e-9997-a3ebdeac31b4 c0c009aff5ca472db3ed64781930da4e 6eedafe9683f4200ab0d5b41db9d51f7 - - default default] Successfully bumped revision number for resource 2f76c888-acef-450f-9215-314d3e2fbb91 (type: security_group_rules) to 0
2026-05-11 19:12:37.638 7 INFO neutron.db.ovn_revision_numbers_db [None req-4e4d5a5d-f92b-464e-9997-a3ebdeac31b4 c0c009aff5ca472db3ed64781930da4e 6eedafe9683f4200ab0d5b41db9d51f7 - - default default] Successfully bumped revision number for resource 4aa28625-a6d0-4932-96b5-6c8749badabe (type: security_group_rules) to 0
2026-05-11 19:12:37.650 7 INFO neutron.db.ovn_revision_numbers_db [None req-4e4d5a5d-f92b-464e-9997-a3ebdeac31b4 c0c009aff5ca472db3ed64781930da4e 6eedafe9683f4200ab0d5b41db9d51f7 - - default default] Successfully bumped revision number for resource 8cbcd8b2-274d-4028-8f46-ba1e8d25e0ce (type: security_group_rules) to 0 [pid: 7|app: 0|req: 824/1696] 10.0.0.134 () {32 vars in 773 bytes} [Mon May 11 19:12:37 2026] GET /v2.0/security-groups?tenant_id=636cd944abfb440eb1d7c1538f8fd996&name=default => generated 2925 bytes in 432 msecs (HTTP/1.1 200) 4 headers in 158 bytes (1 switches on core 0)
2026-05-11 19:12:37.747 8 WARNING neutron.scheduler.dhcp_agent_scheduler [None req-53fea180-10c5-4362-abd8-f340a25175b5 67db393215134ff180129fe5d6809e2d 7c12ee846d0f4f04871b8ff51c9a0b41 - - default default] No more DHCP agents
2026-05-11 19:12:37.748 8 WARNING neutron.api.rpc.agentnotifiers.dhcp_rpc_agent_api [None req-53fea180-10c5-4362-abd8-f340a25175b5 67db393215134ff180129fe5d6809e2d 7c12ee846d0f4f04871b8ff51c9a0b41 - - default default] Unable to schedule network 41d1a8fa-68f7-4116-9498-7f6615480a32: no agents available; will retry on subsequent port and subnet creation events.
2026-05-11 19:12:37.775 7 WARNING neutron.db.securitygroups_db [None req-6bc67ebb-6b0c-4852-a976-fdb625398ead c0c009aff5ca472db3ed64781930da4e 6eedafe9683f4200ab0d5b41db9d51f7 - - default default] project_id key not found in filters, using tenant_id instead. This support has been deprecated and will be removed in a future release.
2026-05-11 19:12:37.878 8 INFO neutron.db.ovn_revision_numbers_db [None req-53fea180-10c5-4362-abd8-f340a25175b5 67db393215134ff180129fe5d6809e2d 7c12ee846d0f4f04871b8ff51c9a0b41 - - default default] Successfully bumped revision number for resource 4c1830db-349c-45e1-8578-bcfbdb874b20 (type: ports) to 1
2026-05-11 19:12:37.888 7 INFO neutron.plugins.ml2.drivers.ovn.mech_driver.mech_driver [None req-aa3da93b-860c-470e-bdc5-a4f1c6cf12f2 - - - - - -] OVN reports status down for port: 4c1830db-349c-45e1-8578-bcfbdb874b20
2026-05-11 19:12:37.981 7 INFO neutron.db.ovn_revision_numbers_db [None req-6bc67ebb-6b0c-4852-a976-fdb625398ead c0c009aff5ca472db3ed64781930da4e 6eedafe9683f4200ab0d5b41db9d51f7 - - default default] Successfully bumped revision number for resource 29926708-bb40-4b75-b4c5-33f9eb4560ed (type: security_groups) to 1
2026-05-11 19:12:38.005 8 WARNING neutron.plugins.ml2.drivers.ovn.mech_driver.ovsdb.ovn_client [None req-864de18c-5960-4d3e-a438-2f333258da68 - - - - - -] No port found with ID 33a0b8f0-5b45-41dd-8e3a-d7b2d47260d9: RuntimeError: No port found with ID 33a0b8f0-5b45-41dd-8e3a-d7b2d47260d9
2026-05-11 19:12:38.007 7 INFO neutron.db.ovn_revision_numbers_db [None req-6bc67ebb-6b0c-4852-a976-fdb625398ead c0c009aff5ca472db3ed64781930da4e 6eedafe9683f4200ab0d5b41db9d51f7 - - default default] Successfully bumped revision number for resource 1d602d20-a7af-4ccf-8d70-8ef5148ace96 (type: security_group_rules) to 0
2026-05-11 19:12:38.021 7 INFO neutron.db.ovn_revision_numbers_db [None req-6bc67ebb-6b0c-4852-a976-fdb625398ead c0c009aff5ca472db3ed64781930da4e 6eedafe9683f4200ab0d5b41db9d51f7 - - default default] Successfully bumped revision number for resource 96975774-5847-4886-81e7-f12a9e9f1e23 (type: security_group_rules) to 0
2026-05-11 19:12:38.032 7 INFO neutron.db.ovn_revision_numbers_db [None req-6bc67ebb-6b0c-4852-a976-fdb625398ead c0c009aff5ca472db3ed64781930da4e 6eedafe9683f4200ab0d5b41db9d51f7 - - default default] Successfully bumped revision number for resource 99443499-983a-4599-9aef-488306f75137 (type: security_group_rules) to 0
2026-05-11 19:12:38.043 7 INFO neutron.db.ovn_revision_numbers_db [None req-6bc67ebb-6b0c-4852-a976-fdb625398ead c0c009aff5ca472db3ed64781930da4e 6eedafe9683f4200ab0d5b41db9d51f7 - - default default] Successfully bumped revision number for resource b9103533-008e-4b6d-a33c-fcf244bb6062 (type: security_group_rules) to 0 [pid: 7|app: 0|req: 825/1697] 10.0.0.134 () {32 vars in 773 bytes} [Mon May 11 19:12:37 2026] GET /v2.0/security-groups?tenant_id=2425136ed3904c61aed96d5bc070f87a&name=default => generated 2925 bytes in 391 msecs (HTTP/1.1 200) 4 headers in 158 bytes (1 switches on core 0) [pid: 7|app: 0|req: 826/1698] 10.0.0.134 () {32 vars in 739 bytes} [Mon May 11 19:12:38 2026] DELETE /v2.0/security-groups/c4b6d092-c254-4c23-8e97-99e4abf5016d => generated 0 bytes in 178 msecs (HTTP/1.1 204) 2 headers in 112 bytes (1 switches on core 0)
2026-05-11 19:12:38.300 7 WARNING neutron.db.securitygroups_db [None req-0b004c7e-5f6f-481e-bd5b-5771d8ff0241 c0c009aff5ca472db3ed64781930da4e 6eedafe9683f4200ab0d5b41db9d51f7 - - default default] project_id key not found in filters, using tenant_id instead. This support has been deprecated and will be removed in a future release.
2026-05-11 19:12:38.438 7 INFO neutron.plugins.ml2.drivers.ovn.mech_driver.mech_driver [None req-aa3da93b-860c-470e-bdc5-a4f1c6cf12f2 - - - - - -] OVN reports status up for port: 4c1830db-349c-45e1-8578-bcfbdb874b20
2026-05-11 19:12:38.481 7 INFO neutron.db.ovn_revision_numbers_db [None req-0b004c7e-5f6f-481e-bd5b-5771d8ff0241 c0c009aff5ca472db3ed64781930da4e 6eedafe9683f4200ab0d5b41db9d51f7 - - default default] Successfully bumped revision number for resource f9df53d0-97e2-4c4e-9db9-7f5cde56315e (type: security_groups) to 1
2026-05-11 19:12:38.482 7 INFO neutron.plugins.ml2.plugin [None req-aa3da93b-860c-470e-bdc5-a4f1c6cf12f2 - - - - - -] Attempt 1 to provision port 4c1830db-349c-45e1-8578-bcfbdb874b20
2026-05-11 19:12:38.507 7 INFO neutron.db.ovn_revision_numbers_db [None req-0b004c7e-5f6f-481e-bd5b-5771d8ff0241 c0c009aff5ca472db3ed64781930da4e 6eedafe9683f4200ab0d5b41db9d51f7 - - default default] Successfully bumped revision number for resource 75fb5e48-9fab-4087-9e22-1ae730211223 (type: security_group_rules) to 0
2026-05-11 19:12:38.522 8 WARNING neutron.scheduler.dhcp_agent_scheduler [None req-53fea180-10c5-4362-abd8-f340a25175b5 67db393215134ff180129fe5d6809e2d 7c12ee846d0f4f04871b8ff51c9a0b41 - - default default] No more DHCP agents
2026-05-11 19:12:38.523 8 WARNING neutron.api.rpc.agentnotifiers.dhcp_rpc_agent_api [None req-53fea180-10c5-4362-abd8-f340a25175b5 67db393215134ff180129fe5d6809e2d 7c12ee846d0f4f04871b8ff51c9a0b41 - - default default] Unable to schedule network 41d1a8fa-68f7-4116-9498-7f6615480a32: no agents available; will retry on subsequent port and subnet creation events.
2026-05-11 19:12:38.530 7 INFO neutron.db.ovn_revision_numbers_db [None req-0b004c7e-5f6f-481e-bd5b-5771d8ff0241 c0c009aff5ca472db3ed64781930da4e 6eedafe9683f4200ab0d5b41db9d51f7 - - default default] Successfully bumped revision number for resource a30fe38e-16ee-4320-9e53-e18f26a51f35 (type: security_group_rules) to 0
2026-05-11 19:12:38.548 7 INFO neutron.db.ovn_revision_numbers_db [None req-0b004c7e-5f6f-481e-bd5b-5771d8ff0241 c0c009aff5ca472db3ed64781930da4e 6eedafe9683f4200ab0d5b41db9d51f7 - - default default] Successfully bumped revision number for resource a6e1374b-4523-4d23-a4ff-53cc85cb1914 (type: security_group_rules) to 0
2026-05-11 19:12:38.571 7 INFO neutron.db.ovn_revision_numbers_db [None req-0b004c7e-5f6f-481e-bd5b-5771d8ff0241 c0c009aff5ca472db3ed64781930da4e 6eedafe9683f4200ab0d5b41db9d51f7 - - default default] Successfully bumped revision number for resource d3f883f9-75db-4a32-afac-eec96e76667f (type: security_group_rules) to 0 [pid: 7|app: 0|req: 827/1699] 10.0.0.134 () {32 vars in 773 bytes} [Mon May 11 19:12:38 2026] GET /v2.0/security-groups?tenant_id=95d403cb50c6408bb90b3ab7f9ef35e5&name=default => generated 2925 bytes in 388 msecs (HTTP/1.1 200) 4 headers in 158 bytes (1 switches on core 0)
2026-05-11 19:12:38.712 8 INFO neutron.db.ovn_revision_numbers_db [None req-53fea180-10c5-4362-abd8-f340a25175b5 67db393215134ff180129fe5d6809e2d 7c12ee846d0f4f04871b8ff51c9a0b41 - - default default] Successfully bumped revision number for resource 4c1830db-349c-45e1-8578-bcfbdb874b20 (type: router_ports) to 1 [pid: 8|app: 0|req: 873/1700] 10.0.0.134 () {34 vars in 782 bytes} [Mon May 11 19:12:37 2026] PUT /v2.0/routers/24d5ea5a-3545-408e-b495-eec0de85e0c2/add_router_interface => generated 310 bytes in 1282 msecs (HTTP/1.1 200) 4 headers in 157 bytes (1 switches on core 0) [pid: 8|app: 0|req: 874/1701] 10.0.0.134 () {32 vars in 739 bytes} [Mon May 11 19:12:38 2026] DELETE /v2.0/security-groups/f9df53d0-97e2-4c4e-9db9-7f5cde56315e => generated 0 bytes in 175 msecs (HTTP/1.1 204) 2 headers in 112 bytes (1 switches on core 0) [pid: 8|app: 0|req: 875/1702] 10.0.0.134 () {32 vars in 716 bytes} [Mon May 11 19:12:38 2026] GET /v2.0/ports/4c1830db-349c-45e1-8578-bcfbdb874b20 => generated 943 bytes in 49 msecs (HTTP/1.1 200) 4 headers in 157 bytes (1 switches on core 0) [pid: 8|app: 0|req: 876/1703] 10.0.0.134 () {32 vars in 716 bytes} [Mon May 11 19:12:38 2026] GET /v2.0/ports/4c1830db-349c-45e1-8578-bcfbdb874b20 => generated 943 bytes in 47 msecs (HTTP/1.1 200) 4 headers in 157 bytes (1 switches on core 0) [pid: 7|app: 0|req: 828/1704] 10.0.0.134 () {32 vars in 739 bytes} [Mon May 11 19:12:38 2026] DELETE /v2.0/security-groups/29926708-bb40-4b75-b4c5-33f9eb4560ed => generated 0 bytes in 451 msecs (HTTP/1.1 204) 2 headers in 112 bytes (1 switches on core 0)
2026-05-11 19:12:39.204 7 INFO neutron.db.ovn_revision_numbers_db [None req-aa3da93b-860c-470e-bdc5-a4f1c6cf12f2 - - - - - -] Successfully bumped revision number for resource 4c1830db-349c-45e1-8578-bcfbdb874b20 (type: ports) to 2
2026-05-11 19:12:39.322 8 INFO neutron_taas.services.taas.taas_plugin [None req-701cc294-802b-4318-9eae-b0d3512359d8 67db393215134ff180129fe5d6809e2d 7c12ee846d0f4f04871b8ff51c9a0b41 - - default default] TaaS: Handle Delete Port: 4c1830db-349c-45e1-8578-bcfbdb874b20
2026-05-11 19:12:39.325 8 INFO neutron_taas.services.taas.tap_mirror_plugin [None req-701cc294-802b-4318-9eae-b0d3512359d8 67db393215134ff180129fe5d6809e2d 7c12ee846d0f4f04871b8ff51c9a0b41 - - default default] Tap Mirror: Handle Delete Port: 4c1830db-349c-45e1-8578-bcfbdb874b20 [pid: 8|app: 0|req: 877/1705] 10.0.0.134 () {34 vars in 788 bytes} [Mon May 11 19:12:39 2026] PUT /v2.0/routers/24d5ea5a-3545-408e-b495-eec0de85e0c2/remove_router_interface => generated 310 bytes in 633 msecs (HTTP/1.1 200) 4 headers in 157 bytes (1 switches on core 0) [pid: 7|app: 0|req: 829/1706] 10.0.0.134 () {32 vars in 735 bytes} [Mon May 11 19:12:39 2026] GET /v2.0/ports?device_id=24d5ea5a-3545-408e-b495-eec0de85e0c2 => generated 12 bytes in 22 msecs (HTTP/1.1 200) 4 headers in 156 bytes (1 switches on core 0) /var/lib/openstack/lib/python3.12/site-packages/pycadf/identifier.py:70: UserWarning: Invalid uuid: neutron. To ensure interoperability, identifiers should be a valid uuid. warnings.warn(('Invalid uuid: %s. To ensure interoperability, ' [pid: 8|app: 0|req: 878/1707] 10.0.0.134 () {32 vars in 723 bytes} [Mon May 11 19:12:39 2026] DELETE /v2.0/routers/24d5ea5a-3545-408e-b495-eec0de85e0c2 => generated 0 bytes in 201 msecs (HTTP/1.1 204) 2 headers in 112 bytes (1 switches on core 0) [pid: 7|app: 0|req: 830/1708] 10.0.0.134 () {32 vars in 723 bytes} [Mon May 11 19:12:39 2026] DELETE /v2.0/subnets/6c83679c-cd6b-4746-8b06-b3234d036113 => generated 0 bytes in 187 msecs (HTTP/1.1 204) 3 headers in 131 bytes (1 switches on core 0)
2026-05-11 19:12:40.194 8 INFO neutron_taas.services.taas.taas_plugin [None req-f2412471-dc00-4e8c-9222-790be11b2f70 67db393215134ff180129fe5d6809e2d 7c12ee846d0f4f04871b8ff51c9a0b41 - - default default] TaaS: Handle Delete Port: 65932fd0-0ff8-4116-a9cc-ec941aa24afb
2026-05-11 19:12:40.197 8 INFO neutron_taas.services.taas.tap_mirror_plugin [None req-f2412471-dc00-4e8c-9222-790be11b2f70 67db393215134ff180129fe5d6809e2d 7c12ee846d0f4f04871b8ff51c9a0b41 - - default default] Tap Mirror: Handle Delete Port: 65932fd0-0ff8-4116-a9cc-ec941aa24afb
2026-05-11 19:12:40.367 8 INFO neutron.services.segments.plugin [-] Segment 4a79e150-97f8-4be0-a19a-f145456dffc9 resource provider aggregate not found
2026-05-11 19:12:40.371 8 INFO neutron.services.segments.plugin [-] Segment 4a79e150-97f8-4be0-a19a-f145456dffc9 resource provider aggregate not found
2026-05-11 19:12:40.393 8 INFO neutron.services.segments.plugin [-] Segment 4a79e150-97f8-4be0-a19a-f145456dffc9 resource provider not found; error: Placement Client Error (4xx): {"errors": [{"status": 404, "title": "Not Found", "detail": "The resource could not be found.\n\n No resource provider with uuid 4a79e150-97f8-4be0-a19a-f145456dffc9 found for delete ", "request_id": "req-a54eef57-9adc-416c-bf3a-c0adbbe72f87"}]}
2026-05-11 19:12:40.400 8 INFO neutron.services.segments.plugin [-] Segment 4a79e150-97f8-4be0-a19a-f145456dffc9 resource provider not found; error: Placement Client Error (4xx): {"errors": [{"status": 404, "title": "Not Found", "detail": "The resource could not be found.\n\n No resource provider with uuid 4a79e150-97f8-4be0-a19a-f145456dffc9 found for delete ", "request_id": "req-894becb1-9ccd-46b2-9dc0-5a1abc25494a"}]} [pid: 8|app: 0|req: 879/1709] 10.0.0.134 () {32 vars in 725 bytes} [Mon May 11 19:12:40 2026] DELETE /v2.0/networks/41d1a8fa-68f7-4116-9498-7f6615480a32 => generated 0 bytes in 346 msecs (HTTP/1.1 204) 3 headers in 131 bytes (1 switches on core 0)
2026-05-11 19:12:40.811 7 WARNING neutron.scheduler.dhcp_agent_scheduler [None req-09e55a23-b3ce-4ad5-bb08-a2636882fe13 67db393215134ff180129fe5d6809e2d 7c12ee846d0f4f04871b8ff51c9a0b41 - - default default] No more DHCP agents
2026-05-11 19:12:40.813 7 WARNING neutron.api.rpc.agentnotifiers.dhcp_rpc_agent_api [None req-09e55a23-b3ce-4ad5-bb08-a2636882fe13 67db393215134ff180129fe5d6809e2d 7c12ee846d0f4f04871b8ff51c9a0b41 - - default default] Unable to schedule network 100c62f0-980c-4622-99cd-9b7061ede02c: no agents available; will retry on subsequent port and subnet creation events.
2026-05-11 19:12:40.975 7 INFO neutron.db.ovn_revision_numbers_db [None req-09e55a23-b3ce-4ad5-bb08-a2636882fe13 67db393215134ff180129fe5d6809e2d 7c12ee846d0f4f04871b8ff51c9a0b41 - - default default] Successfully bumped revision number for resource 7443fddf-40f7-44e1-a418-739905e4b656 (type: ports) to 1
2026-05-11 19:12:42.165 7 INFO neutron.db.ovn_revision_numbers_db [None req-09e55a23-b3ce-4ad5-bb08-a2636882fe13 67db393215134ff180129fe5d6809e2d 7c12ee846d0f4f04871b8ff51c9a0b41 - - default default] Successfully bumped revision number for resource 7443fddf-40f7-44e1-a418-739905e4b656 (type: router_ports) to 1
2026-05-11 19:12:42.225 7 INFO neutron.db.ovn_revision_numbers_db [None req-09e55a23-b3ce-4ad5-bb08-a2636882fe13 67db393215134ff180129fe5d6809e2d 7c12ee846d0f4f04871b8ff51c9a0b41 - - default default] Successfully bumped revision number for resource 310fc1ba-f61f-42a5-b3fd-f3c3db0ce49c (type: routers) to 2 [pid: 7|app: 0|req: 831/1710] 10.0.0.134 () {34 vars in 668 bytes} [Mon May 11 19:12:40 2026] POST /v2.0/routers => generated 969 bytes in 1827 msecs (HTTP/1.1 201) 4 headers in 162 bytes (1 switches on core 0) [pid: 8|app: 0|req: 880/1711] 10.0.0.134 () {32 vars in 720 bytes} [Mon May 11 19:12:42 2026] GET /v2.0/routers/310fc1ba-f61f-42a5-b3fd-f3c3db0ce49c => generated 975 bytes in 126 msecs (HTTP/1.1 200) 4 headers in 157 bytes (1 switches on core 0) [pid: 7|app: 0|req: 832/1712] 10.0.0.134 () {32 vars in 646 bytes} [Mon May 11 19:12:42 2026] GET /v2.0/routers => generated 978 bytes in 63 msecs (HTTP/1.1 200) 4 headers in 157 bytes (1 switches on core 0)
2026-05-11 19:12:42.851 8 INFO neutron.db.ovn_revision_numbers_db [None req-e1b00607-b5a5-463b-8859-145ae001e680 67db393215134ff180129fe5d6809e2d 7c12ee846d0f4f04871b8ff51c9a0b41 - - default default] Successfully bumped revision number for resource 310fc1ba-f61f-42a5-b3fd-f3c3db0ce49c (type: routers) to 3 [pid: 8|app: 0|req: 881/1713] 10.0.0.134 () {34 vars in 740 bytes} [Mon May 11 19:12:42 2026] PUT /v2.0/routers/310fc1ba-f61f-42a5-b3fd-f3c3db0ce49c => generated 982 bytes in 409 msecs (HTTP/1.1 200) 4 headers in 157 bytes (1 switches on core 0) [pid: 7|app: 0|req: 833/1714] 10.0.0.134 () {32 vars in 720 bytes} [Mon May 11 19:12:42 2026] GET /v2.0/routers/310fc1ba-f61f-42a5-b3fd-f3c3db0ce49c => generated 982 bytes in 58 msecs (HTTP/1.1 200) 4 headers in 157 bytes (1 switches on core 0) [pid: 8|app: 0|req: 882/1715] 10.0.0.134 () {32 vars in 735 bytes} [Mon May 11 19:12:42 2026] GET /v2.0/ports?device_id=310fc1ba-f61f-42a5-b3fd-f3c3db0ce49c => generated 12 bytes in 23 msecs (HTTP/1.1 200) 4 headers in 156 bytes (1 switches on core 0)
2026-05-11 19:12:43.249 7 INFO neutron_taas.services.taas.taas_plugin [None req-fcba609c-0301-4c5c-a497-a3215bca6673 67db393215134ff180129fe5d6809e2d 7c12ee846d0f4f04871b8ff51c9a0b41 - - default default] TaaS: Handle Delete Port: 7443fddf-40f7-44e1-a418-739905e4b656
2026-05-11 19:12:43.252 7 INFO neutron_taas.services.taas.tap_mirror_plugin [None req-fcba609c-0301-4c5c-a497-a3215bca6673 67db393215134ff180129fe5d6809e2d 7c12ee846d0f4f04871b8ff51c9a0b41 - - default default] Tap Mirror: Handle Delete Port: 7443fddf-40f7-44e1-a418-739905e4b656
2026-05-11 19:12:43.550 8 WARNING neutron.scheduler.dhcp_agent_scheduler [None req-729c5931-b6e9-4a86-b1e0-2b87021f7b60 46df7c567c93442a9cdc3f8ae545720c f2b0add12a0f472f9017b78f86b83993 - - default default] No more DHCP agents
2026-05-11 19:12:43.551 8 WARNING neutron.api.rpc.agentnotifiers.dhcp_rpc_agent_api [None req-729c5931-b6e9-4a86-b1e0-2b87021f7b60 46df7c567c93442a9cdc3f8ae545720c f2b0add12a0f472f9017b78f86b83993 - - default default] Unable to schedule network 100c62f0-980c-4622-99cd-9b7061ede02c: no agents available; will retry on subsequent port and subnet creation events. [pid: 7|app: 0|req: 834/1716] 10.0.0.134 () {32 vars in 723 bytes} [Mon May 11 19:12:42 2026] DELETE /v2.0/routers/310fc1ba-f61f-42a5-b3fd-f3c3db0ce49c => generated 0 bytes in 790 msecs (HTTP/1.1 204) 2 headers in 112 bytes (1 switches on core 0) [pid: 8|app: 0|req: 883/1717] 10.0.0.134 () {34 vars in 675 bytes} [Mon May 11 19:12:43 2026] POST /v2.0/floatingips => generated 552 bytes in 807 msecs (HTTP/1.1 201) 4 headers in 162 bytes (1 switches on core 0) [pid: 8|app: 0|req: 884/1718] 10.0.0.134 () {32 vars in 735 bytes} [Mon May 11 19:12:43 2026] GET /v2.0/ports?device_id=310fc1ba-f61f-42a5-b3fd-f3c3db0ce49c => generated 12 bytes in 16 msecs (HTTP/1.1 200) 4 headers in 156 bytes (1 switches on core 0)
2026-05-11 19:12:43.915 7 WARNING neutron.db.securitygroups_db [None req-21126da2-00c3-4747-aed7-1c8574c6ac81 c0c009aff5ca472db3ed64781930da4e 6eedafe9683f4200ab0d5b41db9d51f7 - - default default] project_id key not found in filters, using tenant_id instead. This support has been deprecated and will be removed in a future release.
2026-05-11 19:12:44.045 7 INFO neutron.db.ovn_revision_numbers_db [None req-21126da2-00c3-4747-aed7-1c8574c6ac81 c0c009aff5ca472db3ed64781930da4e 6eedafe9683f4200ab0d5b41db9d51f7 - - default default] Successfully bumped revision number for resource dd97d216-7d95-4f47-9b5e-9d75467ee988 (type: security_groups) to 1
2026-05-11 19:12:44.058 7 INFO neutron.db.ovn_revision_numbers_db [None req-21126da2-00c3-4747-aed7-1c8574c6ac81 c0c009aff5ca472db3ed64781930da4e 6eedafe9683f4200ab0d5b41db9d51f7 - - default default] Successfully bumped revision number for resource 1eab0cf9-be59-4be7-baea-5edc5af4762a (type: security_group_rules) to 0
2026-05-11 19:12:44.071 7 INFO neutron.db.ovn_revision_numbers_db [None req-21126da2-00c3-4747-aed7-1c8574c6ac81 c0c009aff5ca472db3ed64781930da4e 6eedafe9683f4200ab0d5b41db9d51f7 - - default default] Successfully bumped revision number for resource 39257178-7b03-4487-9e05-69e02cb886d1 (type: security_group_rules) to 0
2026-05-11 19:12:44.083 7 INFO neutron.db.ovn_revision_numbers_db [None req-21126da2-00c3-4747-aed7-1c8574c6ac81 c0c009aff5ca472db3ed64781930da4e 6eedafe9683f4200ab0d5b41db9d51f7 - - default default] Successfully bumped revision number for resource cea6cfc4-2597-4e11-b5c4-f2af3b1c0b79 (type: security_group_rules) to 0
2026-05-11 19:12:44.092 7 INFO neutron.db.ovn_revision_numbers_db [None req-21126da2-00c3-4747-aed7-1c8574c6ac81 c0c009aff5ca472db3ed64781930da4e 6eedafe9683f4200ab0d5b41db9d51f7 - - default default] Successfully bumped revision number for resource d6bc9dec-3be3-449a-b320-b2cf37aeaaa9 (type: security_group_rules) to 0
2026-05-11 19:12:44.123 8 WARNING neutron.scheduler.dhcp_agent_scheduler [None req-a11aa190-76e5-4aa7-b86d-4380766b9ace 46df7c567c93442a9cdc3f8ae545720c f2b0add12a0f472f9017b78f86b83993 - - default default] No more DHCP agents
2026-05-11 19:12:44.130 8 WARNING neutron.api.rpc.agentnotifiers.dhcp_rpc_agent_api [None req-a11aa190-76e5-4aa7-b86d-4380766b9ace 46df7c567c93442a9cdc3f8ae545720c f2b0add12a0f472f9017b78f86b83993 - - default default] Unable to schedule network 100c62f0-980c-4622-99cd-9b7061ede02c: no agents available; will retry on subsequent port and subnet creation events. [pid: 7|app: 0|req: 835/1719] 10.0.0.134 () {32 vars in 773 bytes} [Mon May 11 19:12:43 2026] GET /v2.0/security-groups?tenant_id=f0abdd3ab4114dac83e613218c739154&name=default => generated 2925 bytes in 385 msecs (HTTP/1.1 200) 4 headers in 158 bytes (1 switches on core 0)
2026-05-11 19:12:44.148 7 INFO neutron.api.v2.resource [None req-debc3877-299f-4462-ae52-33db8f144321 67db393215134ff180129fe5d6809e2d 7c12ee846d0f4f04871b8ff51c9a0b41 - - default default] delete failed (client error): The resource could not be found. [pid: 7|app: 0|req: 836/1720] 10.0.0.134 () {32 vars in 723 bytes} [Mon May 11 19:12:44 2026] DELETE /v2.0/routers/310fc1ba-f61f-42a5-b3fd-f3c3db0ce49c => generated 135 bytes in 18 msecs (HTTP/1.1 404) 4 headers in 164 bytes (1 switches on core 0)
2026-05-11 19:12:44.248 7 WARNING neutron.plugins.ml2.drivers.ovn.mech_driver.ovsdb.ovn_client [None req-d4fa6a07-cd4b-4976-b550-701a0d6fb4c7 - - - - - -] No port found with ID 4c1830db-349c-45e1-8578-bcfbdb874b20: RuntimeError: No port found with ID 4c1830db-349c-45e1-8578-bcfbdb874b20
2026-05-11 19:12:44.279 7 INFO neutron.plugins.ml2.drivers.ovn.mech_driver.mech_driver [None req-d4fa6a07-cd4b-4976-b550-701a0d6fb4c7 - - - - - -] OVN reports status down for port: 7443fddf-40f7-44e1-a418-739905e4b656
2026-05-11 19:12:44.295 7 INFO neutron.plugins.ml2.drivers.ovn.mech_driver.mech_driver [None req-d4fa6a07-cd4b-4976-b550-701a0d6fb4c7 - - - - - -] OVN reports status up for port: 7443fddf-40f7-44e1-a418-739905e4b656 [pid: 7|app: 0|req: 837/1721] 10.0.0.134 () {32 vars in 739 bytes} [Mon May 11 19:12:44 2026] DELETE /v2.0/security-groups/dd97d216-7d95-4f47-9b5e-9d75467ee988 => generated 0 bytes in 212 msecs (HTTP/1.1 204) 2 headers in 112 bytes (1 switches on core 0) [pid: 7|app: 0|req: 838/1722] 10.0.0.134 () {32 vars in 735 bytes} [Mon May 11 19:12:44 2026] GET /v2.0/ports?device_id=24d5ea5a-3545-408e-b495-eec0de85e0c2 => generated 12 bytes in 16 msecs (HTTP/1.1 200) 4 headers in 156 bytes (1 switches on core 0) [pid: 8|app: 0|req: 885/1723] 10.0.0.134 () {34 vars in 675 bytes} [Mon May 11 19:12:43 2026] POST /v2.0/floatingips => generated 552 bytes in 557 msecs (HTTP/1.1 201) 4 headers in 162 bytes (1 switches on core 0)
2026-05-11 19:12:44.456 8 INFO neutron.api.v2.resource [None req-2f5c9367-68dd-4033-99ff-3ae07f715b0b 67db393215134ff180129fe5d6809e2d 7c12ee846d0f4f04871b8ff51c9a0b41 - - default default] delete failed (client error): The resource could not be found. [pid: 8|app: 0|req: 886/1724] 10.0.0.134 () {32 vars in 723 bytes} [Mon May 11 19:12:44 2026] DELETE /v2.0/routers/24d5ea5a-3545-408e-b495-eec0de85e0c2 => generated 135 bytes in 17 msecs (HTTP/1.1 404) 4 headers in 164 bytes (1 switches on core 0)
2026-05-11 19:12:44.461 8 WARNING neutron.db.securitygroups_db [None req-c26d89b9-9d1f-4850-a72c-b9cfe3f6f5b1 c0c009aff5ca472db3ed64781930da4e 6eedafe9683f4200ab0d5b41db9d51f7 - - default default] project_id key not found in filters, using tenant_id instead. This support has been deprecated and will be removed in a future release.
2026-05-11 19:12:44.481 7 WARNING neutron.db.securitygroups_db [None req-e253970a-0718-4411-a756-d9dc6d24660b c0c009aff5ca472db3ed64781930da4e 6eedafe9683f4200ab0d5b41db9d51f7 - - default default] project_id key not found in filters, using tenant_id instead. This support has been deprecated and will be removed in a future release.
2026-05-11 19:12:44.584 7 INFO neutron.db.ovn_revision_numbers_db [None req-e253970a-0718-4411-a756-d9dc6d24660b c0c009aff5ca472db3ed64781930da4e 6eedafe9683f4200ab0d5b41db9d51f7 - - default default] Successfully bumped revision number for resource 30cbf0a8-b3b3-421a-ac78-02d7a4824bae (type: security_groups) to 1
2026-05-11 19:12:44.594 7 INFO neutron.db.ovn_revision_numbers_db [None req-e253970a-0718-4411-a756-d9dc6d24660b c0c009aff5ca472db3ed64781930da4e 6eedafe9683f4200ab0d5b41db9d51f7 - - default default] Successfully bumped revision number for resource 1b0a7b4a-768a-4fb2-9eaa-9045b3d9eaa3 (type: security_group_rules) to 0
2026-05-11 19:12:44.597 8 INFO neutron.db.ovn_revision_numbers_db [None req-c26d89b9-9d1f-4850-a72c-b9cfe3f6f5b1 c0c009aff5ca472db3ed64781930da4e 6eedafe9683f4200ab0d5b41db9d51f7 - - default default] Successfully bumped revision number for resource b89a9a93-cf00-4470-b4ee-a958f1892f6b (type: security_groups) to 1
2026-05-11 19:12:44.604 7 INFO neutron.db.ovn_revision_numbers_db [None req-e253970a-0718-4411-a756-d9dc6d24660b c0c009aff5ca472db3ed64781930da4e 6eedafe9683f4200ab0d5b41db9d51f7 - - default default] Successfully bumped revision number for resource 86260245-fe12-4967-878a-6b32bb899b89 (type: security_group_rules) to 0
2026-05-11 19:12:44.611 8 INFO neutron.db.ovn_revision_numbers_db [None req-c26d89b9-9d1f-4850-a72c-b9cfe3f6f5b1 c0c009aff5ca472db3ed64781930da4e 6eedafe9683f4200ab0d5b41db9d51f7 - - default default] Successfully bumped revision number for resource 2014861f-6458-42b0-ab10-c59dd81a7019 (type: security_group_rules) to 0
2026-05-11 19:12:44.617 7 INFO neutron.db.ovn_revision_numbers_db [None req-e253970a-0718-4411-a756-d9dc6d24660b c0c009aff5ca472db3ed64781930da4e 6eedafe9683f4200ab0d5b41db9d51f7 - - default default] Successfully bumped revision number for resource e1775f6d-247b-4772-a344-53cdf0db6f9a (type: security_group_rules) to 0
2026-05-11 19:12:44.622 8 INFO neutron.db.ovn_revision_numbers_db [None req-c26d89b9-9d1f-4850-a72c-b9cfe3f6f5b1 c0c009aff5ca472db3ed64781930da4e 6eedafe9683f4200ab0d5b41db9d51f7 - - default default] Successfully bumped revision number for resource 27e05011-d5f0-448f-a4f4-2ecf9f25c5dc (type: security_group_rules) to 0
2026-05-11 19:12:44.627 7 INFO neutron.db.ovn_revision_numbers_db [None req-e253970a-0718-4411-a756-d9dc6d24660b c0c009aff5ca472db3ed64781930da4e 6eedafe9683f4200ab0d5b41db9d51f7 - - default default] Successfully bumped revision number for resource ec47ca91-ef16-40f3-9d63-693e76f5c057 (type: security_group_rules) to 0
2026-05-11 19:12:44.632 8 INFO neutron.db.ovn_revision_numbers_db [None req-c26d89b9-9d1f-4850-a72c-b9cfe3f6f5b1 c0c009aff5ca472db3ed64781930da4e 6eedafe9683f4200ab0d5b41db9d51f7 - - default default] Successfully bumped revision number for resource a650a877-0f69-48ac-bff8-ba5d0face4ee (type: security_group_rules) to 0
2026-05-11 19:12:44.643 8 INFO neutron.db.ovn_revision_numbers_db [None req-c26d89b9-9d1f-4850-a72c-b9cfe3f6f5b1 c0c009aff5ca472db3ed64781930da4e 6eedafe9683f4200ab0d5b41db9d51f7 - - default default] Successfully bumped revision number for resource dca5a27e-0424-4d57-9b72-83354291b6ae (type: security_group_rules) to 0 [pid: 7|app: 0|req: 839/1725] 10.0.0.134 () {32 vars in 773 bytes} [Mon May 11 19:12:44 2026] GET /v2.0/security-groups?tenant_id=229f521284914f6ebfdfd83c98bcc016&name=default => generated 2925 bytes in 283 msecs (HTTP/1.1 200) 4 headers in 158 bytes (1 switches on core 0) [pid: 8|app: 0|req: 887/1726] 10.0.0.134 () {32 vars in 773 bytes} [Mon May 11 19:12:44 2026] GET /v2.0/security-groups?tenant_id=7fdbe65b7eca441095a023fb981fd357&name=default => generated 2925 bytes in 221 msecs (HTTP/1.1 200) 4 headers in 158 bytes (1 switches on core 0)
2026-05-11 19:12:44.692 8 INFO neutron.pecan_wsgi.hooks.translation [None req-cd11ba49-d599-469e-81d8-6a06d7c0d4a7 67db393215134ff180129fe5d6809e2d 7c12ee846d0f4f04871b8ff51c9a0b41 - - default default] DELETE failed (client error): The resource could not be found. [pid: 8|app: 0|req: 888/1727] 10.0.0.134 () {32 vars in 723 bytes} [Mon May 11 19:12:44 2026] DELETE /v2.0/subnets/6c83679c-cd6b-4746-8b06-b3234d036113 => generated 136 bytes in 15 msecs (HTTP/1.1 404) 4 headers in 164 bytes (1 switches on core 0) [pid: 8|app: 0|req: 889/1728] 10.0.0.134 () {32 vars in 739 bytes} [Mon May 11 19:12:44 2026] DELETE /v2.0/security-groups/30cbf0a8-b3b3-421a-ac78-02d7a4824bae => generated 0 bytes in 172 msecs (HTTP/1.1 204) 2 headers in 112 bytes (1 switches on core 0)
2026-05-11 19:12:44.891 7 WARNING neutron.scheduler.dhcp_agent_scheduler [None req-35501021-d9e6-4639-bc98-14bf9ccdbab3 46df7c567c93442a9cdc3f8ae545720c f2b0add12a0f472f9017b78f86b83993 - - default default] No more DHCP agents
2026-05-11 19:12:44.892 7 WARNING neutron.api.rpc.agentnotifiers.dhcp_rpc_agent_api [None req-35501021-d9e6-4639-bc98-14bf9ccdbab3 46df7c567c93442a9cdc3f8ae545720c f2b0add12a0f472f9017b78f86b83993 - - default default] Unable to schedule network 100c62f0-980c-4622-99cd-9b7061ede02c: no agents available; will retry on subsequent port and subnet creation events. [pid: 8|app: 0|req: 890/1729] 10.0.0.134 () {32 vars in 739 bytes} [Mon May 11 19:12:44 2026] DELETE /v2.0/security-groups/b89a9a93-cf00-4470-b4ee-a958f1892f6b => generated 0 bytes in 187 msecs (HTTP/1.1 204) 2 headers in 112 bytes (1 switches on core 0) [pid: 8|app: 0|req: 891/1730] 10.0.0.134 () {32 vars in 735 bytes} [Mon May 11 19:12:45 2026] GET /v2.0/ports?device_id=1c1a463c-6999-4130-95b9-8948eecbb498 => generated 12 bytes in 17 msecs (HTTP/1.1 200) 4 headers in 156 bytes (1 switches on core 0)
2026-05-11 19:12:45.075 8 WARNING neutron.db.securitygroups_db [None req-c25fa288-0b69-48b6-adda-f5b642f77e3c c0c009aff5ca472db3ed64781930da4e 6eedafe9683f4200ab0d5b41db9d51f7 - - default default] project_id key not found in filters, using tenant_id instead. This support has been deprecated and will be removed in a future release.
2026-05-11 19:12:45.186 8 INFO neutron.db.ovn_revision_numbers_db [None req-c25fa288-0b69-48b6-adda-f5b642f77e3c c0c009aff5ca472db3ed64781930da4e 6eedafe9683f4200ab0d5b41db9d51f7 - - default default] Successfully bumped revision number for resource 704ff109-abc7-4ba8-884b-3198712df682 (type: security_groups) to 1
2026-05-11 19:12:45.196 8 INFO neutron.db.ovn_revision_numbers_db [None req-c25fa288-0b69-48b6-adda-f5b642f77e3c c0c009aff5ca472db3ed64781930da4e 6eedafe9683f4200ab0d5b41db9d51f7 - - default default] Successfully bumped revision number for resource af25c079-6ec4-4bd7-b96f-e3a6e9747fea (type: security_group_rules) to 0
2026-05-11 19:12:45.205 8 INFO neutron.db.ovn_revision_numbers_db [None req-c25fa288-0b69-48b6-adda-f5b642f77e3c c0c009aff5ca472db3ed64781930da4e 6eedafe9683f4200ab0d5b41db9d51f7 - - default default] Successfully bumped revision number for resource b70ea125-9492-46c3-9c3e-7df7036c471d (type: security_group_rules) to 0 [pid: 7|app: 0|req: 840/1731] 10.0.0.134 () {34 vars in 675 bytes} [Mon May 11 19:12:44 2026] POST /v2.0/floatingips => generated 552 bytes in 550 msecs (HTTP/1.1 201) 4 headers in 162 bytes (1 switches on core 0)
2026-05-11 19:12:45.213 8 INFO neutron.db.ovn_revision_numbers_db [None req-c25fa288-0b69-48b6-adda-f5b642f77e3c c0c009aff5ca472db3ed64781930da4e 6eedafe9683f4200ab0d5b41db9d51f7 - - default default] Successfully bumped revision number for resource c0d20bd0-e3b2-4993-817e-a7ebf1eee469 (type: security_group_rules) to 0
2026-05-11 19:12:45.221 8 INFO neutron.db.ovn_revision_numbers_db [None req-c25fa288-0b69-48b6-adda-f5b642f77e3c c0c009aff5ca472db3ed64781930da4e 6eedafe9683f4200ab0d5b41db9d51f7 - - default default] Successfully bumped revision number for resource dabed5de-9cc1-4f92-bb8b-35fec4847d61 (type: security_group_rules) to 0
2026-05-11 19:12:45.227 7 INFO neutron.api.v2.resource [None req-1fa397b3-aba2-40cf-98b0-795b6ce1ca44 67db393215134ff180129fe5d6809e2d 7c12ee846d0f4f04871b8ff51c9a0b41 - - default default] delete failed (client error): The resource could not be found. [pid: 7|app: 0|req: 841/1732] 10.0.0.134 () {32 vars in 723 bytes} [Mon May 11 19:12:45 2026] DELETE /v2.0/routers/1c1a463c-6999-4130-95b9-8948eecbb498 => generated 135 bytes in 15 msecs (HTTP/1.1 404) 4 headers in 164 bytes (1 switches on core 0) [pid: 8|app: 0|req: 892/1733] 10.0.0.134 () {32 vars in 773 bytes} [Mon May 11 19:12:45 2026] GET /v2.0/security-groups?tenant_id=06843c1ed9cd439eb66f75f27d52fc7f&name=default => generated 2925 bytes in 189 msecs (HTTP/1.1 200) 4 headers in 158 bytes (1 switches on core 0)
2026-05-11 19:12:45.274 8 INFO neutron.pecan_wsgi.hooks.translation [None req-9ea66b63-3f91-4b14-b28e-220f86e6a8aa 67db393215134ff180129fe5d6809e2d 7c12ee846d0f4f04871b8ff51c9a0b41 - - default default] DELETE failed (client error): The resource could not be found. [pid: 8|app: 0|req: 893/1734] 10.0.0.134 () {32 vars in 723 bytes} [Mon May 11 19:12:45 2026] DELETE /v2.0/subnets/4c35bbbb-7710-4032-8382-f46deff6f514 => generated 136 bytes in 13 msecs (HTTP/1.1 404) 4 headers in 164 bytes (1 switches on core 0)
2026-05-11 19:12:45.414 7 WARNING neutron.scheduler.dhcp_agent_scheduler [None req-115f53d3-b172-4690-a87c-c8f2a2e4a90e 46df7c567c93442a9cdc3f8ae545720c f2b0add12a0f472f9017b78f86b83993 - - default default] No more DHCP agents
2026-05-11 19:12:45.419 7 WARNING neutron.api.rpc.agentnotifiers.dhcp_rpc_agent_api [None req-115f53d3-b172-4690-a87c-c8f2a2e4a90e 46df7c567c93442a9cdc3f8ae545720c f2b0add12a0f472f9017b78f86b83993 - - default default] Unable to schedule network 100c62f0-980c-4622-99cd-9b7061ede02c: no agents available; will retry on subsequent port and subnet creation events. [pid: 8|app: 0|req: 894/1735] 10.0.0.134 () {32 vars in 739 bytes} [Mon May 11 19:12:45 2026] DELETE /v2.0/security-groups/704ff109-abc7-4ba8-884b-3198712df682 => generated 0 bytes in 173 msecs (HTTP/1.1 204) 2 headers in 112 bytes (1 switches on core 0) [pid: 8|app: 0|req: 895/1736] 10.0.0.134 () {32 vars in 735 bytes} [Mon May 11 19:12:45 2026] GET /v2.0/ports?device_id=b80c2ead-d303-4dcd-8da2-2b721fef9dbc => generated 12 bytes in 17 msecs (HTTP/1.1 200) 4 headers in 156 bytes (1 switches on core 0)
2026-05-11 19:12:45.488 8 INFO neutron.api.v2.resource [None req-0eaf1a39-a0e8-4e6d-b003-b33f44b69f97 67db393215134ff180129fe5d6809e2d 7c12ee846d0f4f04871b8ff51c9a0b41 - - default default] delete failed (client error): The resource could not be found. [pid: 8|app: 0|req: 896/1737] 10.0.0.134 () {32 vars in 723 bytes} [Mon May 11 19:12:45 2026] DELETE /v2.0/routers/b80c2ead-d303-4dcd-8da2-2b721fef9dbc => generated 135 bytes in 17 msecs (HTTP/1.1 404) 4 headers in 164 bytes (1 switches on core 0)
