2026-05-11 19:12:25.520 8 WARNING neutron.api.rpc.agentnotifiers.dhcp_rpc_agent_api [None req-e4dd2537-1416-4162-8dc5-741ccb0eda2b b77012c55c5a48e79283df584145f867 3ba2d22dd323447689f76c5307d61cbf - - default default] Unable to schedule network 442ab0bc-c88c-4805-b01a-c2fc9b965451: no agents available; will retry on subsequent port and subnet creation events.
2026-05-11 19:12:25.640 7 INFO neutron.plugins.ml2.drivers.ovn.mech_driver.mech_driver [None req-e9aab736-f56e-4719-99a9-f899dc412d28 - - - - - -] OVN reports status down for port: e2ed619e-b269-4446-8bfd-be2f538ef661
2026-05-11 19:12:25.654 8 INFO neutron.db.ovn_revision_numbers_db [None req-e4dd2537-1416-4162-8dc5-741ccb0eda2b b77012c55c5a48e79283df584145f867 3ba2d22dd323447689f76c5307d61cbf - - default default] Successfully bumped revision number for resource e2ed619e-b269-4446-8bfd-be2f538ef661 (type: ports) to 1 [pid: 8|app: 0|req: 837/1618] 10.0.0.134 () {34 vars in 664 bytes} [Mon May 11 19:12:25 2026] POST /v2.0/ports => generated 949 bytes in 430 msecs (HTTP/1.1 201) 4 headers in 162 bytes (1 switches on core 0) /var/lib/openstack/lib/python3.12/site-packages/pycadf/identifier.py:70: UserWarning: Invalid uuid: neutron. To ensure interoperability, identifiers should be a valid uuid. warnings.warn(('Invalid uuid: %s. To ensure interoperability, '
2026-05-11 19:12:25.806 8 INFO neutron_taas.services.taas.taas_plugin [req-01a3a219-abab-4c0b-b190-5a9353b1733a req-5cd59972-8296-40ea-8b99-1550f64c4fe4 ef99dda219d94ba9a44d7aea95fb9e38 9ac039c3ed2f4dc9be28f46fb0dd955c - - default default] TaaS: Handle Delete Port: 5b58f94f-e546-4ea4-9302-eb320169dde2
2026-05-11 19:12:25.810 8 INFO neutron_taas.services.taas.tap_mirror_plugin [req-01a3a219-abab-4c0b-b190-5a9353b1733a req-5cd59972-8296-40ea-8b99-1550f64c4fe4 ef99dda219d94ba9a44d7aea95fb9e38 9ac039c3ed2f4dc9be28f46fb0dd955c - - default default] Tap Mirror: Handle Delete Port: 5b58f94f-e546-4ea4-9302-eb320169dde2
2026-05-11 19:12:25.938 7 INFO neutron.plugins.ml2.drivers.ovn.mech_driver.mech_driver [None req-e9aab736-f56e-4719-99a9-f899dc412d28 - - - - - -] OVN reports status up for port: fc84f257-b440-4388-8eeb-85fd50561ac8
2026-05-11 19:12:25.965 7 INFO neutron.plugins.ml2.plugin [None req-e9aab736-f56e-4719-99a9-f899dc412d28 - - - - - -] Attempt 1 to provision port fc84f257-b440-4388-8eeb-85fd50561ac8
2026-05-11 19:12:26.007 8 INFO neutron.db.l3_db [req-01a3a219-abab-4c0b-b190-5a9353b1733a req-5cd59972-8296-40ea-8b99-1550f64c4fe4 ef99dda219d94ba9a44d7aea95fb9e38 9ac039c3ed2f4dc9be28f46fb0dd955c - - default default] Floating IP f47d4534-4db6-42b1-a258-b07961ddd53d disassociated. External IP: 10.96.250.211, port: 5b58f94f-e546-4ea4-9302-eb320169dde2.
2026-05-11 19:12:26.077 7 WARNING neutron.scheduler.dhcp_agent_scheduler [None req-ce06d7fa-5e64-4458-afd8-601cbcde6323 67db393215134ff180129fe5d6809e2d 7c12ee846d0f4f04871b8ff51c9a0b41 - - default default] No more DHCP agents
2026-05-11 19:12:26.080 7 WARNING neutron.api.rpc.agentnotifiers.dhcp_rpc_agent_api [None req-ce06d7fa-5e64-4458-afd8-601cbcde6323 67db393215134ff180129fe5d6809e2d 7c12ee846d0f4f04871b8ff51c9a0b41 - - default default] Unable to schedule network 0826fe65-b558-499c-be40-7067db008fec: no agents available; will retry on subsequent port and subnet creation events. [pid: 8|app: 0|req: 838/1619] 199.19.213.62 () {36 vars in 995 bytes} [Mon May 11 19:12:25 2026] DELETE /v2.0/ports/5b58f94f-e546-4ea4-9302-eb320169dde2 => generated 0 bytes in 459 msecs (HTTP/1.1 204) 3 headers in 131 bytes (1 switches on core 0) [pid: 8|app: 0|req: 839/1620] 10.0.0.180 () {34 vars in 989 bytes} [Mon May 11 19:12:26 2026] GET /v2.0/ports?device_id=77b7b7af-5d7e-412d-932c-54785f91967b => generated 12 bytes in 31 msecs (HTTP/1.1 200) 4 headers in 156 bytes (1 switches on core 0)
2026-05-11 19:12:26.183 8 INFO neutron.notifiers.nova [-] Nova event matching ['req-80202f2c-ab5a-476d-97ab-81c1874e59c3'] response: {'server_uuid': '77b7b7af-5d7e-412d-932c-54785f91967b', 'name': 'network-vif-deleted', 'tag': '5b58f94f-e546-4ea4-9302-eb320169dde2', 'status': 'completed', 'code': 200}
2026-05-11 19:12:26.300 8 INFO neutron_taas.services.taas.taas_plugin [None req-93f4a66c-d7a6-4fca-ab57-81aeeb4eb7f2 c0c009aff5ca472db3ed64781930da4e 6eedafe9683f4200ab0d5b41db9d51f7 - - default default] TaaS: Handle Delete Port: bfe97b3a-2960-4709-9a8a-864c9be3b144
2026-05-11 19:12:26.303 8 INFO neutron_taas.services.taas.tap_mirror_plugin [None req-93f4a66c-d7a6-4fca-ab57-81aeeb4eb7f2 c0c009aff5ca472db3ed64781930da4e 6eedafe9683f4200ab0d5b41db9d51f7 - - default default] Tap Mirror: Handle Delete Port: bfe97b3a-2960-4709-9a8a-864c9be3b144
2026-05-11 19:12:26.462 8 INFO neutron.services.segments.plugin [-] Segment 8f17b770-5303-4284-979f-741585d53dc9 resource provider aggregate not found
2026-05-11 19:12:26.470 8 INFO neutron.services.segments.plugin [-] Segment 8f17b770-5303-4284-979f-741585d53dc9 resource provider aggregate not found
2026-05-11 19:12:26.488 8 INFO neutron.services.segments.plugin [-] Segment 8f17b770-5303-4284-979f-741585d53dc9 resource provider not found; error: Placement Client Error (4xx): {"errors": [{"status": 404, "title": "Not Found", "detail": "The resource could not be found.\n\n No resource provider with uuid 8f17b770-5303-4284-979f-741585d53dc9 found for delete ", "request_id": "req-085fc499-efff-4467-8ca6-92bb9f6bbcce"}]}
2026-05-11 19:12:26.488 8 INFO neutron.services.segments.plugin [-] Segment 8f17b770-5303-4284-979f-741585d53dc9 resource provider not found; error: Placement Client Error (4xx): {"errors": [{"status": 404, "title": "Not Found", "detail": "The resource could not be found.\n\n No resource provider with uuid 8f17b770-5303-4284-979f-741585d53dc9 found for delete ", "request_id": "req-025a1ee4-3d5c-4abd-acda-5eb7f228bd3f"}]} [pid: 8|app: 0|req: 840/1621] 10.0.0.134 () {32 vars in 725 bytes} [Mon May 11 19:12:26 2026] DELETE /v2.0/networks/d3265651-67e1-46ae-b31c-af33f88d98f7 => generated 0 bytes in 344 msecs (HTTP/1.1 204) 3 headers in 131 bytes (1 switches on core 0)
2026-05-11 19:12:26.550 7 INFO neutron.db.ovn_revision_numbers_db [None req-ce06d7fa-5e64-4458-afd8-601cbcde6323 67db393215134ff180129fe5d6809e2d 7c12ee846d0f4f04871b8ff51c9a0b41 - - default default] Successfully bumped revision number for resource fc84f257-b440-4388-8eeb-85fd50561ac8 (type: router_ports) to 1 [pid: 7|app: 0|req: 782/1622] 10.0.0.134 () {34 vars in 782 bytes} [Mon May 11 19:12:24 2026] PUT /v2.0/routers/b80c2ead-d303-4dcd-8da2-2b721fef9dbc/add_router_interface => generated 310 bytes in 1934 msecs (HTTP/1.1 200) 4 headers in 157 bytes (1 switches on core 0)
2026-05-11 19:12:26.673 8 INFO neutron_taas.services.taas.taas_plugin [None req-4db1e47f-7800-4c8d-8aa3-aa121e5fbb53 b77012c55c5a48e79283df584145f867 3ba2d22dd323447689f76c5307d61cbf - - default default] TaaS: Handle Delete Port: e2ed619e-b269-4446-8bfd-be2f538ef661
2026-05-11 19:12:26.677 8 INFO neutron_taas.services.taas.tap_mirror_plugin [None req-4db1e47f-7800-4c8d-8aa3-aa121e5fbb53 b77012c55c5a48e79283df584145f867 3ba2d22dd323447689f76c5307d61cbf - - default default] Tap Mirror: Handle Delete Port: e2ed619e-b269-4446-8bfd-be2f538ef661 [pid: 7|app: 0|req: 783/1623] 10.0.0.134 () {32 vars in 716 bytes} [Mon May 11 19:12:26 2026] GET /v2.0/ports/fc84f257-b440-4388-8eeb-85fd50561ac8 => generated 943 bytes in 174 msecs (HTTP/1.1 200) 4 headers in 157 bytes (1 switches on core 0)
2026-05-11 19:12:26.753 7 WARNING neutron.db.securitygroups_db [None req-84e80848-ac49-47cf-bcac-a3209a81a38f c0c009aff5ca472db3ed64781930da4e 6eedafe9683f4200ab0d5b41db9d51f7 - - default default] project_id key not found in filters, using tenant_id instead. This support has been deprecated and will be removed in a future release.
2026-05-11 19:12:26.766 7 INFO neutron.db.ovn_revision_numbers_db [None req-e9aab736-f56e-4719-99a9-f899dc412d28 - - - - - -] Successfully bumped revision number for resource fc84f257-b440-4388-8eeb-85fd50561ac8 (type: ports) to 2 [pid: 7|app: 0|req: 784/1624] 10.0.0.134 () {32 vars in 773 bytes} [Mon May 11 19:12:26 2026] GET /v2.0/security-groups?tenant_id=d958aea6a25b4a2198154e15e8715ed6&name=default => generated 2925 bytes in 44 msecs (HTTP/1.1 200) 4 headers in 158 bytes (1 switches on core 0) [pid: 8|app: 0|req: 841/1625] 10.0.0.134 () {32 vars in 719 bytes} [Mon May 11 19:12:26 2026] DELETE /v2.0/ports/e2ed619e-b269-4446-8bfd-be2f538ef661 => generated 0 bytes in 327 msecs (HTTP/1.1 204) 3 headers in 131 bytes (1 switches on core 0) [pid: 7|app: 0|req: 785/1626] 10.0.0.134 () {32 vars in 716 bytes} [Mon May 11 19:12:26 2026] GET /v2.0/ports/fc84f257-b440-4388-8eeb-85fd50561ac8 => generated 943 bytes in 83 msecs (HTTP/1.1 200) 4 headers in 157 bytes (1 switches on core 0)
2026-05-11 19:12:26.906 7 INFO neutron.pecan_wsgi.hooks.translation [None req-402081ef-3cf5-4f3a-b17f-5603462210fd b77012c55c5a48e79283df584145f867 3ba2d22dd323447689f76c5307d61cbf - - default default] DELETE failed (client error): The resource could not be found. [pid: 7|app: 0|req: 786/1627] 10.0.0.134 () {32 vars in 719 bytes} [Mon May 11 19:12:26 2026] DELETE /v2.0/ports/e2ed619e-b269-4446-8bfd-be2f538ef661 => generated 132 bytes in 37 msecs (HTTP/1.1 404) 4 headers in 164 bytes (1 switches on core 0) [pid: 8|app: 0|req: 842/1628] 10.0.0.134 () {32 vars in 739 bytes} [Mon May 11 19:12:26 2026] DELETE /v2.0/security-groups/9ecaa0c1-8a83-4d0b-b1b7-039b11a76be8 => generated 0 bytes in 168 msecs (HTTP/1.1 204) 2 headers in 112 bytes (1 switches on core 0)
2026-05-11 19:12:27.026 8 INFO neutron.pecan_wsgi.hooks.translation [None req-c6330915-04e9-4a7e-889b-1dce7ded7cac b77012c55c5a48e79283df584145f867 3ba2d22dd323447689f76c5307d61cbf - - default default] GET failed (client error): The resource could not be found. [pid: 8|app: 0|req: 843/1629] 10.0.0.134 () {32 vars in 716 bytes} [Mon May 11 19:12:27 2026] GET /v2.0/ports/e2ed619e-b269-4446-8bfd-be2f538ef661 => generated 132 bytes in 16 msecs (HTTP/1.1 404) 4 headers in 164 bytes (1 switches on core 0) [pid: 8|app: 0|req: 844/1630] 10.0.0.134 () {32 vars in 723 bytes} [Mon May 11 19:12:27 2026] DELETE /v2.0/subnets/f064eb66-58b5-46f5-a563-db6d9065f41b => generated 0 bytes in 172 msecs (HTTP/1.1 204) 3 headers in 131 bytes (1 switches on core 0)
2026-05-11 19:12:27.223 7 INFO neutron_taas.services.taas.taas_plugin [None req-5c619004-472d-4110-9fe7-1388b9135293 67db393215134ff180129fe5d6809e2d 7c12ee846d0f4f04871b8ff51c9a0b41 - - default default] TaaS: Handle Delete Port: fc84f257-b440-4388-8eeb-85fd50561ac8
2026-05-11 19:12:27.226 7 INFO neutron_taas.services.taas.tap_mirror_plugin [None req-5c619004-472d-4110-9fe7-1388b9135293 67db393215134ff180129fe5d6809e2d 7c12ee846d0f4f04871b8ff51c9a0b41 - - default default] Tap Mirror: Handle Delete Port: fc84f257-b440-4388-8eeb-85fd50561ac8
2026-05-11 19:12:27.327 8 INFO neutron_taas.services.taas.taas_plugin [None req-7998dbba-5a2c-47ee-abda-1c44f3bfd2a9 b77012c55c5a48e79283df584145f867 3ba2d22dd323447689f76c5307d61cbf - - default default] TaaS: Handle Delete Port: 6bd90bc1-a4f6-434d-b757-18bdf4f84f0e
2026-05-11 19:12:27.330 8 INFO neutron_taas.services.taas.tap_mirror_plugin [None req-7998dbba-5a2c-47ee-abda-1c44f3bfd2a9 b77012c55c5a48e79283df584145f867 3ba2d22dd323447689f76c5307d61cbf - - default default] Tap Mirror: Handle Delete Port: 6bd90bc1-a4f6-434d-b757-18bdf4f84f0e [pid: 8|app: 0|req: 845/1631] 10.0.0.134 () {32 vars in 725 bytes} [Mon May 11 19:12:27 2026] DELETE /v2.0/networks/442ab0bc-c88c-4805-b01a-c2fc9b965451 => generated 0 bytes in 317 msecs (HTTP/1.1 204) 3 headers in 131 bytes (1 switches on core 0) [pid: 8|app: 0|req: 846/1632] 10.0.0.180 () {34 vars in 989 bytes} [Mon May 11 19:12:27 2026] GET /v2.0/ports?device_id=77b7b7af-5d7e-412d-932c-54785f91967b => generated 12 bytes in 19 msecs (HTTP/1.1 200) 4 headers in 156 bytes (1 switches on core 0) [pid: 7|app: 0|req: 787/1633] 10.0.0.134 () {34 vars in 788 bytes} [Mon May 11 19:12:26 2026] PUT /v2.0/routers/b80c2ead-d303-4dcd-8da2-2b721fef9dbc/remove_router_interface => generated 310 bytes in 703 msecs (HTTP/1.1 200) 4 headers in 157 bytes (1 switches on core 0) /var/lib/openstack/lib/python3.12/site-packages/pycadf/identifier.py:70: UserWarning: Invalid uuid: neutron. To ensure interoperability, identifiers should be a valid uuid. warnings.warn(('Invalid uuid: %s. To ensure interoperability, '
2026-05-11 19:12:27.634 8 INFO neutron.db.segments_db [None req-4bb4b87d-1141-4363-9e3b-2c4ee90509b7 b77012c55c5a48e79283df584145f867 3ba2d22dd323447689f76c5307d61cbf - - default default] Added segment 2350f4bd-16a5-4866-aaab-f642a1cc80e6 of type geneve for network c0647d0d-4d80-460c-9c0d-4b7a05a2f1ff [pid: 7|app: 0|req: 788/1634] 10.0.0.134 () {32 vars in 716 bytes} [Mon May 11 19:12:27 2026] GET /v2.0/ports/b71d7433-5162-458b-817a-2d866e0ca334 => generated 943 bytes in 95 msecs (HTTP/1.1 200) 4 headers in 157 bytes (1 switches on core 0)
2026-05-11 19:12:27.732 8 INFO neutron.db.ovn_revision_numbers_db [None req-4bb4b87d-1141-4363-9e3b-2c4ee90509b7 b77012c55c5a48e79283df584145f867 3ba2d22dd323447689f76c5307d61cbf - - default default] Successfully bumped revision number for resource c0647d0d-4d80-460c-9c0d-4b7a05a2f1ff (type: networks) to 1
2026-05-11 19:12:27.910 8 WARNING neutron.scheduler.dhcp_agent_scheduler [None req-4bb4b87d-1141-4363-9e3b-2c4ee90509b7 b77012c55c5a48e79283df584145f867 3ba2d22dd323447689f76c5307d61cbf - - default default] No more DHCP agents
2026-05-11 19:12:27.911 8 WARNING neutron.api.rpc.agentnotifiers.dhcp_rpc_agent_api [None req-4bb4b87d-1141-4363-9e3b-2c4ee90509b7 b77012c55c5a48e79283df584145f867 3ba2d22dd323447689f76c5307d61cbf - - default default] Unable to schedule network c0647d0d-4d80-460c-9c0d-4b7a05a2f1ff: no agents available; will retry on subsequent port and subnet creation events.
2026-05-11 19:12:27.990 8 INFO neutron.db.ovn_revision_numbers_db [None req-4bb4b87d-1141-4363-9e3b-2c4ee90509b7 b77012c55c5a48e79283df584145f867 3ba2d22dd323447689f76c5307d61cbf - - default default] Successfully bumped revision number for resource ecac87f7-0881-4ebc-9de3-afa0ad5c6376 (type: ports) to 1
2026-05-11 19:12:28.018 7 INFO neutron_taas.services.taas.taas_plugin [None req-ac2129ff-9a96-4573-af95-5806cdc6daec 67db393215134ff180129fe5d6809e2d 7c12ee846d0f4f04871b8ff51c9a0b41 - - default default] TaaS: Handle Delete Port: b71d7433-5162-458b-817a-2d866e0ca334 [pid: 8|app: 0|req: 847/1635] 10.0.0.134 () {34 vars in 669 bytes} [Mon May 11 19:12:27 2026] POST /v2.0/networks => generated 669 bytes in 470 msecs (HTTP/1.1 201) 4 headers in 162 bytes (1 switches on core 0)
2026-05-11 19:12:28.021 7 INFO neutron_taas.services.taas.tap_mirror_plugin [None req-ac2129ff-9a96-4573-af95-5806cdc6daec 67db393215134ff180129fe5d6809e2d 7c12ee846d0f4f04871b8ff51c9a0b41 - - default default] Tap Mirror: Handle Delete Port: b71d7433-5162-458b-817a-2d866e0ca334
2026-05-11 19:12:28.223 8 WARNING neutron.scheduler.dhcp_agent_scheduler [None req-cac85342-4d79-41ce-a011-52b58dca1edf b77012c55c5a48e79283df584145f867 3ba2d22dd323447689f76c5307d61cbf - - default default] No more DHCP agents
2026-05-11 19:12:28.225 8 WARNING neutron.api.rpc.agentnotifiers.dhcp_rpc_agent_api [None req-cac85342-4d79-41ce-a011-52b58dca1edf b77012c55c5a48e79283df584145f867 3ba2d22dd323447689f76c5307d61cbf - - default default] Unable to schedule network c0647d0d-4d80-460c-9c0d-4b7a05a2f1ff: no agents available; will retry on subsequent port and subnet creation events. [pid: 7|app: 0|req: 789/1636] 10.0.0.134 () {34 vars in 788 bytes} [Mon May 11 19:12:27 2026] PUT /v2.0/routers/b80c2ead-d303-4dcd-8da2-2b721fef9dbc/remove_router_interface => generated 310 bytes in 600 msecs (HTTP/1.1 200) 4 headers in 157 bytes (1 switches on core 0) /var/lib/openstack/lib/python3.12/site-packages/pycadf/identifier.py:70: UserWarning: Invalid uuid: neutron. To ensure interoperability, identifiers should be a valid uuid. warnings.warn(('Invalid uuid: %s. To ensure interoperability, ' [pid: 7|app: 0|req: 790/1637] 10.0.0.134 () {32 vars in 735 bytes} [Mon May 11 19:12:28 2026] GET /v2.0/ports?device_id=b80c2ead-d303-4dcd-8da2-2b721fef9dbc => generated 12 bytes in 24 msecs (HTTP/1.1 200) 4 headers in 156 bytes (1 switches on core 0)
2026-05-11 19:12:28.514 8 INFO neutron.services.segments.plugin [-] Segment 509d912f-d88e-4698-9d4f-9987f7f9c46c resource provider aggregate not found
2026-05-11 19:12:28.515 8 INFO neutron.services.segments.plugin [-] Segment 509d912f-d88e-4698-9d4f-9987f7f9c46c resource provider aggregate not found
2026-05-11 19:12:28.542 8 INFO neutron.services.segments.plugin [-] Segment 509d912f-d88e-4698-9d4f-9987f7f9c46c resource provider not found; error: Placement Client Error (4xx): {"errors": [{"status": 404, "title": "Not Found", "detail": "The resource could not be found.\n\n No resource provider with uuid 509d912f-d88e-4698-9d4f-9987f7f9c46c found for delete ", "request_id": "req-38d16007-4beb-4ca4-a935-9a1c9c58eb1e"}]}
2026-05-11 19:12:28.543 8 INFO neutron.services.segments.plugin [-] Segment 509d912f-d88e-4698-9d4f-9987f7f9c46c resource provider not found; error: Placement Client Error (4xx): {"errors": [{"status": 404, "title": "Not Found", "detail": "The resource could not be found.\n\n No resource provider with uuid 509d912f-d88e-4698-9d4f-9987f7f9c46c found for delete ", "request_id": "req-80ece26b-6ce9-4ac0-bbaa-8e9cb6d3ec39"}]} [pid: 7|app: 0|req: 791/1638] 10.0.0.134 () {32 vars in 723 bytes} [Mon May 11 19:12:28 2026] DELETE /v2.0/routers/b80c2ead-d303-4dcd-8da2-2b721fef9dbc => generated 0 bytes in 192 msecs (HTTP/1.1 204) 2 headers in 112 bytes (1 switches on core 0)
2026-05-11 19:12:28.700 8 INFO neutron.db.ovn_revision_numbers_db [None req-cac85342-4d79-41ce-a011-52b58dca1edf b77012c55c5a48e79283df584145f867 3ba2d22dd323447689f76c5307d61cbf - - default default] Successfully bumped revision number for resource ecac87f7-0881-4ebc-9de3-afa0ad5c6376 (type: ports) to 2
2026-05-11 19:12:28.725 8 INFO neutron.db.ovn_revision_numbers_db [None req-cac85342-4d79-41ce-a011-52b58dca1edf b77012c55c5a48e79283df584145f867 3ba2d22dd323447689f76c5307d61cbf - - default default] Successfully bumped revision number for resource 5a654d51-2d35-4f60-9446-b37087a2211a (type: subnets) to 0 [pid: 8|app: 0|req: 848/1639] 10.0.0.134 () {34 vars in 668 bytes} [Mon May 11 19:12:28 2026] POST /v2.0/subnets => generated 626 bytes in 721 msecs (HTTP/1.1 201) 4 headers in 162 bytes (1 switches on core 0) [pid: 8|app: 0|req: 849/1640] 10.0.0.180 () {34 vars in 989 bytes} [Mon May 11 19:12:28 2026] GET /v2.0/ports?device_id=77b7b7af-5d7e-412d-932c-54785f91967b => generated 12 bytes in 19 msecs (HTTP/1.1 200) 4 headers in 156 bytes (1 switches on core 0) [pid: 7|app: 0|req: 792/1641] 10.0.0.134 () {32 vars in 723 bytes} [Mon May 11 19:12:28 2026] DELETE /v2.0/subnets/862d4d68-bf53-4cc9-b7b6-096a45107882 => generated 0 bytes in 218 msecs (HTTP/1.1 204) 3 headers in 131 bytes (1 switches on core 0)
2026-05-11 19:12:28.956 8 WARNING neutron.plugins.ml2.drivers.ovn.mech_driver.ovsdb.ovn_client [None req-9d6eef64-766f-4886-89db-0fc6a7e1c37d - - - - - -] No port found with ID b71d7433-5162-458b-817a-2d866e0ca334: RuntimeError: No port found with ID b71d7433-5162-458b-817a-2d866e0ca334
2026-05-11 19:12:28.957 8 INFO neutron.plugins.ml2.drivers.ovn.mech_driver.mech_driver [None req-9d6eef64-766f-4886-89db-0fc6a7e1c37d - - - - - -] OVN reports status down for port: 6bd90bc1-a4f6-434d-b757-18bdf4f84f0e [pid: 7|app: 0|req: 793/1642] 10.0.0.134 () {32 vars in 723 bytes} [Mon May 11 19:12:28 2026] DELETE /v2.0/subnets/f73ca7ec-3636-470c-9704-a64bc2529924 => generated 0 bytes in 196 msecs (HTTP/1.1 204) 3 headers in 131 bytes (1 switches on core 0)
2026-05-11 19:12:29.063 8 INFO neutron.plugins.ml2.drivers.ovn.mech_driver.mech_driver [None req-9d6eef64-766f-4886-89db-0fc6a7e1c37d - - - - - -] OVN reports status down for port: ecac87f7-0881-4ebc-9de3-afa0ad5c6376
2026-05-11 19:12:29.138 7 INFO neutron_taas.services.taas.taas_plugin [None req-53ae64a1-5df1-4ea9-98da-ec7468562a01 67db393215134ff180129fe5d6809e2d 7c12ee846d0f4f04871b8ff51c9a0b41 - - default default] TaaS: Handle Delete Port: 7a5f1083-cf17-4292-8de0-adf7d16d5be7
2026-05-11 19:12:29.142 7 INFO neutron_taas.services.taas.tap_mirror_plugin [None req-53ae64a1-5df1-4ea9-98da-ec7468562a01 67db393215134ff180129fe5d6809e2d 7c12ee846d0f4f04871b8ff51c9a0b41 - - default default] Tap Mirror: Handle Delete Port: 7a5f1083-cf17-4292-8de0-adf7d16d5be7
2026-05-11 19:12:29.149 8 WARNING neutron.scheduler.dhcp_agent_scheduler [None req-1eef05a6-634e-430e-b7bb-444613a898df b77012c55c5a48e79283df584145f867 3ba2d22dd323447689f76c5307d61cbf - - default default] No more DHCP agents
2026-05-11 19:12:29.151 8 WARNING neutron.api.rpc.agentnotifiers.dhcp_rpc_agent_api [None req-1eef05a6-634e-430e-b7bb-444613a898df b77012c55c5a48e79283df584145f867 3ba2d22dd323447689f76c5307d61cbf - - default default] Unable to schedule network c0647d0d-4d80-460c-9c0d-4b7a05a2f1ff: no agents available; will retry on subsequent port and subnet creation events.
2026-05-11 19:12:29.311 8 INFO neutron.plugins.ml2.drivers.ovn.mech_driver.mech_driver [None req-9d6eef64-766f-4886-89db-0fc6a7e1c37d - - - - - -] OVN reports status down for port: 35fc9221-207c-406e-99e6-d54a789086fe
2026-05-11 19:12:29.340 7 INFO neutron.services.segments.plugin [-] Segment 00c6d020-bddf-4af7-babc-707cc6398184 resource provider aggregate not found
2026-05-11 19:12:29.347 7 INFO neutron.services.segments.plugin [-] Segment 00c6d020-bddf-4af7-babc-707cc6398184 resource provider aggregate not found
2026-05-11 19:12:29.365 7 INFO neutron.services.segments.plugin [-] Segment 00c6d020-bddf-4af7-babc-707cc6398184 resource provider not found; error: Placement Client Error (4xx): {"errors": [{"status": 404, "title": "Not Found", "detail": "The resource could not be found.\n\n No resource provider with uuid 00c6d020-bddf-4af7-babc-707cc6398184 found for delete ", "request_id": "req-1f9c7a49-d369-43a7-a4e6-8062e9cac2f4"}]}
2026-05-11 19:12:29.369 7 INFO neutron.services.segments.plugin [-] Segment 00c6d020-bddf-4af7-babc-707cc6398184 resource provider not found; error: Placement Client Error (4xx): {"errors": [{"status": 404, "title": "Not Found", "detail": "The resource could not be found.\n\n No resource provider with uuid 00c6d020-bddf-4af7-babc-707cc6398184 found for delete ", "request_id": "req-be1f008e-99af-4eb6-9ee2-b956847be25e"}]}
2026-05-11 19:12:29.396 8 INFO neutron.db.ovn_revision_numbers_db [None req-1eef05a6-634e-430e-b7bb-444613a898df b77012c55c5a48e79283df584145f867 3ba2d22dd323447689f76c5307d61cbf - - default default] Successfully bumped revision number for resource 35fc9221-207c-406e-99e6-d54a789086fe (type: ports) to 1 [pid: 7|app: 0|req: 794/1643] 10.0.0.134 () {32 vars in 725 bytes} [Mon May 11 19:12:28 2026] DELETE /v2.0/networks/0826fe65-b558-499c-be40-7067db008fec => generated 0 bytes in 423 msecs (HTTP/1.1 204) 3 headers in 131 bytes (1 switches on core 0) [pid: 8|app: 0|req: 850/1644] 10.0.0.134 () {34 vars in 664 bytes} [Mon May 11 19:12:28 2026] POST /v2.0/ports => generated 912 bytes in 682 msecs (HTTP/1.1 201) 4 headers in 162 bytes (1 switches on core 0) /var/lib/openstack/lib/python3.12/site-packages/pycadf/identifier.py:70: UserWarning: Invalid uuid: neutron. To ensure interoperability, identifiers should be a valid uuid. warnings.warn(('Invalid uuid: %s. To ensure interoperability, '
2026-05-11 19:12:29.515 7 INFO neutron_taas.services.taas.taas_plugin [None req-cd14ac9f-30d6-4c62-9a24-bd0b720e445a 67db393215134ff180129fe5d6809e2d 7c12ee846d0f4f04871b8ff51c9a0b41 - - default default] TaaS: Handle Delete Port: d8402aff-97b9-4705-a2f5-a2541accd834
2026-05-11 19:12:29.517 7 INFO neutron_taas.services.taas.tap_mirror_plugin [None req-cd14ac9f-30d6-4c62-9a24-bd0b720e445a 67db393215134ff180129fe5d6809e2d 7c12ee846d0f4f04871b8ff51c9a0b41 - - default default] Tap Mirror: Handle Delete Port: d8402aff-97b9-4705-a2f5-a2541accd834
2026-05-11 19:12:29.583 8 INFO neutron_taas.services.taas.taas_plugin [None req-10108f3f-b9fa-4f0c-8ffb-cde904c402d7 b77012c55c5a48e79283df584145f867 3ba2d22dd323447689f76c5307d61cbf - - default default] TaaS: Handle Delete Port: 35fc9221-207c-406e-99e6-d54a789086fe
2026-05-11 19:12:29.586 8 INFO neutron_taas.services.taas.tap_mirror_plugin [None req-10108f3f-b9fa-4f0c-8ffb-cde904c402d7 b77012c55c5a48e79283df584145f867 3ba2d22dd323447689f76c5307d61cbf - - default default] Tap Mirror: Handle Delete Port: 35fc9221-207c-406e-99e6-d54a789086fe [pid: 7|app: 0|req: 795/1645] 10.0.0.134 () {32 vars in 725 bytes} [Mon May 11 19:12:29 2026] DELETE /v2.0/networks/526bf7dc-a5b7-4af4-87a0-676069877bb8 => generated 0 bytes in 330 msecs (HTTP/1.1 204) 3 headers in 131 bytes (1 switches on core 0) [pid: 8|app: 0|req: 851/1646] 10.0.0.134 () {32 vars in 719 bytes} [Mon May 11 19:12:29 2026] DELETE /v2.0/ports/35fc9221-207c-406e-99e6-d54a789086fe => generated 0 bytes in 296 msecs (HTTP/1.1 204) 3 headers in 131 bytes (1 switches on core 0)
2026-05-11 19:12:29.769 8 INFO neutron.pecan_wsgi.hooks.translation [None req-824e4908-c28b-491a-a8b8-dce161ff0f1f b77012c55c5a48e79283df584145f867 3ba2d22dd323447689f76c5307d61cbf - - default default] GET failed (client error): The resource could not be found. [pid: 8|app: 0|req: 852/1647] 10.0.0.134 () {32 vars in 716 bytes} [Mon May 11 19:12:29 2026] GET /v2.0/ports/35fc9221-207c-406e-99e6-d54a789086fe => generated 132 bytes in 16 msecs (HTTP/1.1 404) 4 headers in 164 bytes (1 switches on core 0)
2026-05-11 19:12:29.862 7 INFO neutron.db.segments_db [None req-bc9a35b5-7530-4fca-a7f4-b4365dcd28ed 67db393215134ff180129fe5d6809e2d 7c12ee846d0f4f04871b8ff51c9a0b41 - - default default] Added segment 1e758fe5-1fa0-452a-b4bf-4b9969af67fa of type geneve for network 313e7222-372c-4fd8-885c-7a36f8a3a6c6 [pid: 8|app: 0|req: 853/1648] 10.0.0.134 () {32 vars in 723 bytes} [Mon May 11 19:12:29 2026] DELETE /v2.0/subnets/5a654d51-2d35-4f60-9446-b37087a2211a => generated 0 bytes in 171 msecs (HTTP/1.1 204) 3 headers in 131 bytes (1 switches on core 0)
2026-05-11 19:12:29.979 7 INFO neutron.db.ovn_revision_numbers_db [None req-bc9a35b5-7530-4fca-a7f4-b4365dcd28ed 67db393215134ff180129fe5d6809e2d 7c12ee846d0f4f04871b8ff51c9a0b41 - - default default] Successfully bumped revision number for resource 313e7222-372c-4fd8-885c-7a36f8a3a6c6 (type: networks) to 1 [pid: 8|app: 0|req: 854/1649] 10.0.0.134 () {32 vars in 739 bytes} [Mon May 11 19:12:29 2026] DELETE /v2.0/security-groups/078404bf-6cae-4a9b-b700-0d2e76610695 => generated 0 bytes in 158 msecs (HTTP/1.1 204) 2 headers in 112 bytes (1 switches on core 0)
2026-05-11 19:12:30.148 7 WARNING neutron.scheduler.dhcp_agent_scheduler [None req-bc9a35b5-7530-4fca-a7f4-b4365dcd28ed 67db393215134ff180129fe5d6809e2d 7c12ee846d0f4f04871b8ff51c9a0b41 - - default default] No more DHCP agents
2026-05-11 19:12:30.150 7 WARNING neutron.api.rpc.agentnotifiers.dhcp_rpc_agent_api [None req-bc9a35b5-7530-4fca-a7f4-b4365dcd28ed 67db393215134ff180129fe5d6809e2d 7c12ee846d0f4f04871b8ff51c9a0b41 - - default default] Unable to schedule network 313e7222-372c-4fd8-885c-7a36f8a3a6c6: no agents available; will retry on subsequent port and subnet creation events.
2026-05-11 19:12:30.237 7 INFO neutron.db.ovn_revision_numbers_db [None req-bc9a35b5-7530-4fca-a7f4-b4365dcd28ed 67db393215134ff180129fe5d6809e2d 7c12ee846d0f4f04871b8ff51c9a0b41 - - default default] Successfully bumped revision number for resource 38d89568-7909-42c9-af0b-94dd661cd3a0 (type: ports) to 1
2026-05-11 19:12:30.241 8 INFO neutron_taas.services.taas.taas_plugin [None req-e0a2962c-405c-4465-91c0-9c097a4636b3 b77012c55c5a48e79283df584145f867 3ba2d22dd323447689f76c5307d61cbf - - default default] TaaS: Handle Delete Port: ecac87f7-0881-4ebc-9de3-afa0ad5c6376
2026-05-11 19:12:30.244 8 INFO neutron_taas.services.taas.tap_mirror_plugin [None req-e0a2962c-405c-4465-91c0-9c097a4636b3 b77012c55c5a48e79283df584145f867 3ba2d22dd323447689f76c5307d61cbf - - default default] Tap Mirror: Handle Delete Port: ecac87f7-0881-4ebc-9de3-afa0ad5c6376 [pid: 7|app: 0|req: 796/1650] 10.0.0.134 () {34 vars in 669 bytes} [Mon May 11 19:12:29 2026] POST /v2.0/networks => generated 668 bytes in 521 msecs (HTTP/1.1 201) 4 headers in 162 bytes (1 switches on core 0)
2026-05-11 19:12:30.269 7 INFO neutron.api.v2.resource [None req-83ed4d2a-f807-4e59-833a-6ad4c2398d19 ef99dda219d94ba9a44d7aea95fb9e38 9ac039c3ed2f4dc9be28f46fb0dd955c - - default default] show failed (client error): The resource could not be found. [pid: 7|app: 0|req: 797/1651] 10.0.0.134 () {32 vars in 736 bytes} [Mon May 11 19:12:30 2026] GET /v2.0/security-groups/078404bf-6cae-4a9b-b700-0d2e76610695 => generated 146 bytes in 11 msecs (HTTP/1.1 404) 4 headers in 164 bytes (1 switches on core 0) [pid: 7|app: 0|req: 798/1652] 10.0.0.143 () {32 vars in 801 bytes} [Mon May 11 19:12:30 2026] GET /v2.0/extensions => generated 21706 bytes in 96 msecs (HTTP/1.1 200) 4 headers in 159 bytes (1 switches on core 0) [pid: 8|app: 0|req: 855/1653] 10.0.0.134 () {32 vars in 725 bytes} [Mon May 11 19:12:30 2026] DELETE /v2.0/networks/c0647d0d-4d80-460c-9c0d-4b7a05a2f1ff => generated 0 bytes in 359 msecs (HTTP/1.1 204) 3 headers in 131 bytes (1 switches on core 0)
2026-05-11 19:12:30.564 8 INFO neutron.services.segments.plugin [-] Segment 2350f4bd-16a5-4866-aaab-f642a1cc80e6 resource provider aggregate not found
2026-05-11 19:12:30.571 8 INFO neutron.services.segments.plugin [-] Segment 2350f4bd-16a5-4866-aaab-f642a1cc80e6 resource provider aggregate not found
2026-05-11 19:12:30.578 7 WARNING neutron.scheduler.dhcp_agent_scheduler [None req-fcabcd3c-82f8-4a1c-b566-e15962f60108 67db393215134ff180129fe5d6809e2d 7c12ee846d0f4f04871b8ff51c9a0b41 - - default default] No more DHCP agents
2026-05-11 19:12:30.580 7 WARNING neutron.api.rpc.agentnotifiers.dhcp_rpc_agent_api [None req-fcabcd3c-82f8-4a1c-b566-e15962f60108 67db393215134ff180129fe5d6809e2d 7c12ee846d0f4f04871b8ff51c9a0b41 - - default default] Unable to schedule network 313e7222-372c-4fd8-885c-7a36f8a3a6c6: no agents available; will retry on subsequent port and subnet creation events.
2026-05-11 19:12:30.590 8 INFO neutron.services.segments.plugin [-] Segment 2350f4bd-16a5-4866-aaab-f642a1cc80e6 resource provider not found; error: Placement Client Error (4xx): {"errors": [{"status": 404, "title": "Not Found", "detail": "The resource could not be found.\n\n No resource provider with uuid 2350f4bd-16a5-4866-aaab-f642a1cc80e6 found for delete ", "request_id": "req-c584b66c-111c-4d7b-8afc-081dd676668a"}]}
2026-05-11 19:12:30.591 8 INFO neutron.services.segments.plugin [-] Segment 2350f4bd-16a5-4866-aaab-f642a1cc80e6 resource provider not found; error: Placement Client Error (4xx): {"errors": [{"status": 404, "title": "Not Found", "detail": "The resource could not be found.\n\n No resource provider with uuid 2350f4bd-16a5-4866-aaab-f642a1cc80e6 found for delete ", "request_id": "req-fbb03b4c-e64b-4a37-81cb-dc121ab2a6a1"}]}
2026-05-11 19:12:30.613 8 INFO neutron_taas.services.taas.taas_plugin [None req-b000e2b0-7f90-47e5-a5b5-9278e2f116b2 ef99dda219d94ba9a44d7aea95fb9e38 9ac039c3ed2f4dc9be28f46fb0dd955c - - default default] TaaS: Handle Delete Port: 15b9a192-d6dd-4e6b-a70a-f03f753d755c
2026-05-11 19:12:30.616 8 INFO neutron_taas.services.taas.tap_mirror_plugin [None req-b000e2b0-7f90-47e5-a5b5-9278e2f116b2 ef99dda219d94ba9a44d7aea95fb9e38 9ac039c3ed2f4dc9be28f46fb0dd955c - - default default] Tap Mirror: Handle Delete Port: 15b9a192-d6dd-4e6b-a70a-f03f753d755c [pid: 8|app: 0|req: 856/1654] 10.0.0.134 () {32 vars in 731 bytes} [Mon May 11 19:12:30 2026] DELETE /v2.0/floatingips/f47d4534-4db6-42b1-a258-b07961ddd53d => generated 0 bytes in 314 msecs (HTTP/1.1 204) 2 headers in 112 bytes (1 switches on core 0)
2026-05-11 19:12:31.011 8 WARNING neutron.scheduler.dhcp_agent_scheduler [None req-dae913c6-35ea-4b5a-a238-7b903505b8ca b77012c55c5a48e79283df584145f867 3ba2d22dd323447689f76c5307d61cbf - - default default] No more DHCP agents
2026-05-11 19:12:31.012 8 WARNING neutron.api.rpc.agentnotifiers.dhcp_rpc_agent_api [None req-dae913c6-35ea-4b5a-a238-7b903505b8ca b77012c55c5a48e79283df584145f867 3ba2d22dd323447689f76c5307d61cbf - - default default] Unable to schedule network d9758ab9-692a-4856-a36a-e9eecdeec8fb: no agents available; will retry on subsequent port and subnet creation events.
2026-05-11 19:12:31.025 7 INFO neutron.db.ovn_revision_numbers_db [None req-fcabcd3c-82f8-4a1c-b566-e15962f60108 67db393215134ff180129fe5d6809e2d 7c12ee846d0f4f04871b8ff51c9a0b41 - - default default] Successfully bumped revision number for resource 38d89568-7909-42c9-af0b-94dd661cd3a0 (type: ports) to 2
2026-05-11 19:12:31.068 7 INFO neutron.db.ovn_revision_numbers_db [None req-fcabcd3c-82f8-4a1c-b566-e15962f60108 67db393215134ff180129fe5d6809e2d 7c12ee846d0f4f04871b8ff51c9a0b41 - - default default] Successfully bumped revision number for resource 4c35bbbb-7710-4032-8382-f46deff6f514 (type: subnets) to 0
2026-05-11 19:12:31.084 8 INFO neutron.db.ovn_revision_numbers_db [None req-dae913c6-35ea-4b5a-a238-7b903505b8ca b77012c55c5a48e79283df584145f867 3ba2d22dd323447689f76c5307d61cbf - - default default] Successfully bumped revision number for resource 68175e5c-179a-4f4f-b5f9-369a95971bfb (type: ports) to 1 [pid: 7|app: 0|req: 799/1655] 10.0.0.134 () {34 vars in 668 bytes} [Mon May 11 19:12:30 2026] POST /v2.0/subnets => generated 626 bytes in 718 msecs (HTTP/1.1 201) 4 headers in 162 bytes (1 switches on core 0) [pid: 8|app: 0|req: 857/1656] 10.0.0.134 () {34 vars in 664 bytes} [Mon May 11 19:12:30 2026] POST /v2.0/ports => generated 774 bytes in 354 msecs (HTTP/1.1 201) 4 headers in 162 bytes (1 switches on core 0) /var/lib/openstack/lib/python3.12/site-packages/pycadf/identifier.py:70: UserWarning: Invalid uuid: neutron. To ensure interoperability, identifiers should be a valid uuid. warnings.warn(('Invalid uuid: %s. To ensure interoperability, ' [pid: 7|app: 0|req: 800/1657] 10.0.0.143 () {32 vars in 862 bytes} [Mon May 11 19:12:31 2026] GET /v2.0/quotas/95d403cb50c6408bb90b3ab7f9ef35e5/details => generated 847 bytes in 102 msecs (HTTP/1.1 200) 4 headers in 157 bytes (1 switches on core 0)
2026-05-11 19:12:31.308 7 INFO neutron.db.ovn_revision_numbers_db [None req-db3cb975-658e-4a75-9f2e-3320904e7f49 67db393215134ff180129fe5d6809e2d 7c12ee846d0f4f04871b8ff51c9a0b41 - - default default] Successfully bumped revision number for resource 1c1a463c-6999-4130-95b9-8948eecbb498 (type: routers) to 1 [pid: 7|app: 0|req: 801/1658] 10.0.0.134 () {34 vars in 668 bytes} [Mon May 11 19:12:31 2026] POST /v2.0/routers => generated 623 bytes in 136 msecs (HTTP/1.1 201) 4 headers in 162 bytes (1 switches on core 0)
2026-05-11 19:12:31.389 7 INFO neutron.services.segments.plugin [-] Segment dc8ca561-61df-4b4a-b3b5-76873d0177a4 resource provider aggregate not found
2026-05-11 19:12:31.398 7 INFO neutron.services.segments.plugin [-] Segment dc8ca561-61df-4b4a-b3b5-76873d0177a4 resource provider aggregate not found
2026-05-11 19:12:31.399 8 INFO neutron_taas.services.taas.taas_plugin [None req-4a978326-cebf-4477-989e-75d21f95168a c0c009aff5ca472db3ed64781930da4e 6eedafe9683f4200ab0d5b41db9d51f7 - - default default] TaaS: Handle Delete Port: eea54e0f-2ba8-41ce-abea-21c7e1b8d36d
2026-05-11 19:12:31.401 8 INFO neutron_taas.services.taas.tap_mirror_plugin [None req-4a978326-cebf-4477-989e-75d21f95168a c0c009aff5ca472db3ed64781930da4e 6eedafe9683f4200ab0d5b41db9d51f7 - - default default] Tap Mirror: Handle Delete Port: eea54e0f-2ba8-41ce-abea-21c7e1b8d36d
2026-05-11 19:12:31.416 7 INFO neutron.services.segments.plugin [-] Segment dc8ca561-61df-4b4a-b3b5-76873d0177a4 resource provider not found; error: Placement Client Error (4xx): {"errors": [{"status": 404, "title": "Not Found", "detail": "The resource could not be found.\n\n No resource provider with uuid dc8ca561-61df-4b4a-b3b5-76873d0177a4 found for delete ", "request_id": "req-0911df84-19c9-4f81-89d2-44eb82e67f25"}]}
2026-05-11 19:12:31.416 7 INFO neutron.services.segments.plugin [-] Segment dc8ca561-61df-4b4a-b3b5-76873d0177a4 resource provider not found; error: Placement Client Error (4xx): {"errors": [{"status": 404, "title": "Not Found", "detail": "The resource could not be found.\n\n No resource provider with uuid dc8ca561-61df-4b4a-b3b5-76873d0177a4 found for delete ", "request_id": "req-aec0f0af-2aa5-4e40-8bbc-35ff1907b4e0"}]}
2026-05-11 19:12:31.626 7 INFO neutron.db.ovn_revision_numbers_db [None req-4dfd187a-9ef8-4712-bd83-1a985d956f27 b77012c55c5a48e79283df584145f867 3ba2d22dd323447689f76c5307d61cbf - - default default] Successfully bumped revision number for resource 68175e5c-179a-4f4f-b5f9-369a95971bfb (type: ports) to 2 [pid: 7|app: 0|req: 802/1659] 10.0.0.134 () {34 vars in 736 bytes} [Mon May 11 19:12:31 2026] PUT /v2.0/ports/68175e5c-179a-4f4f-b5f9-369a95971bfb => generated 752 bytes in 335 msecs (HTTP/1.1 200) 4 headers in 157 bytes (1 switches on core 0) /var/lib/openstack/lib/python3.12/site-packages/pycadf/identifier.py:70: UserWarning: Invalid uuid: neutron. To ensure interoperability, identifiers should be a valid uuid. warnings.warn(('Invalid uuid: %s. To ensure interoperability, '
2026-05-11 19:12:31.931 7 WARNING neutron.scheduler.dhcp_agent_scheduler [None req-f4688952-ad50-49c4-bcf4-662a9798b080 67db393215134ff180129fe5d6809e2d 7c12ee846d0f4f04871b8ff51c9a0b41 - - default default] No more DHCP agents
2026-05-11 19:12:31.933 7 WARNING neutron.api.rpc.agentnotifiers.dhcp_rpc_agent_api [None req-f4688952-ad50-49c4-bcf4-662a9798b080 67db393215134ff180129fe5d6809e2d 7c12ee846d0f4f04871b8ff51c9a0b41 - - default default] Unable to schedule network 313e7222-372c-4fd8-885c-7a36f8a3a6c6: no agents available; will retry on subsequent port and subnet creation events. [pid: 8|app: 0|req: 858/1660] 10.0.0.134 () {34 vars in 788 bytes} [Mon May 11 19:12:31 2026] PUT /v2.0/routers/417311fd-0605-4841-a40e-f9cbd2ed53bd/remove_router_interface => generated 310 bytes in 827 msecs (HTTP/1.1 200) 4 headers in 157 bytes (1 switches on core 0) /var/lib/openstack/lib/python3.12/site-packages/pycadf/identifier.py:70: UserWarning: Invalid uuid: neutron. To ensure interoperability, identifiers should be a valid uuid. warnings.warn(('Invalid uuid: %s. To ensure interoperability, '
2026-05-11 19:12:32.077 8 INFO neutron_taas.services.taas.taas_plugin [None req-65b930ca-c449-4943-8b94-dc8320b37be8 b77012c55c5a48e79283df584145f867 3ba2d22dd323447689f76c5307d61cbf - - default default] TaaS: Handle Delete Port: 68175e5c-179a-4f4f-b5f9-369a95971bfb
2026-05-11 19:12:32.099 8 INFO neutron_taas.services.taas.tap_mirror_plugin [None req-65b930ca-c449-4943-8b94-dc8320b37be8 b77012c55c5a48e79283df584145f867 3ba2d22dd323447689f76c5307d61cbf - - default default] Tap Mirror: Handle Delete Port: 68175e5c-179a-4f4f-b5f9-369a95971bfb
2026-05-11 19:12:32.104 8 INFO neutron.plugins.ml2.drivers.ovn.mech_driver.mech_driver [None req-9d6eef64-766f-4886-89db-0fc6a7e1c37d - - - - - -] OVN reports status down for port: 33a0b8f0-5b45-41dd-8e3a-d7b2d47260d9
2026-05-11 19:12:32.137 7 INFO neutron.db.ovn_revision_numbers_db [None req-f4688952-ad50-49c4-bcf4-662a9798b080 67db393215134ff180129fe5d6809e2d 7c12ee846d0f4f04871b8ff51c9a0b41 - - default default] Successfully bumped revision number for resource 33a0b8f0-5b45-41dd-8e3a-d7b2d47260d9 (type: ports) to 1 [pid: 7|app: 0|req: 803/1661] 10.0.0.134 () {34 vars in 664 bytes} [Mon May 11 19:12:31 2026] POST /v2.0/ports => generated 948 bytes in 505 msecs (HTTP/1.1 201) 4 headers in 162 bytes (1 switches on core 0) /var/lib/openstack/lib/python3.12/site-packages/pycadf/identifier.py:70: UserWarning: Invalid uuid: neutron. To ensure interoperability, identifiers should be a valid uuid. warnings.warn(('Invalid uuid: %s. To ensure interoperability, ' [pid: 8|app: 0|req: 859/1662] 10.0.0.134 () {32 vars in 719 bytes} [Mon May 11 19:12:31 2026] DELETE /v2.0/ports/68175e5c-179a-4f4f-b5f9-369a95971bfb => generated 0 bytes in 312 msecs (HTTP/1.1 204) 3 headers in 131 bytes (1 switches on core 0)
2026-05-11 19:12:32.477 7 INFO neutron_taas.services.taas.taas_plugin [None req-074774b4-df1d-48a5-bacf-22a964cbd4df c0c009aff5ca472db3ed64781930da4e 6eedafe9683f4200ab0d5b41db9d51f7 - - default default] TaaS: Handle Delete Port: 6f6f5cbf-c2ab-48be-a2b5-1b3c15ffd4b4
2026-05-11 19:12:32.481 7 INFO neutron_taas.services.taas.tap_mirror_plugin [None req-074774b4-df1d-48a5-bacf-22a964cbd4df c0c009aff5ca472db3ed64781930da4e 6eedafe9683f4200ab0d5b41db9d51f7 - - default default] Tap Mirror: Handle Delete Port: 6f6f5cbf-c2ab-48be-a2b5-1b3c15ffd4b4
2026-05-11 19:12:32.492 7 WARNING neutron.plugins.ml2.drivers.ovn.mech_driver.ovsdb.ovn_client [None req-aa3da93b-860c-470e-bdc5-a4f1c6cf12f2 - - - - - -] No port found with ID fc84f257-b440-4388-8eeb-85fd50561ac8: RuntimeError: No port found with ID fc84f257-b440-4388-8eeb-85fd50561ac8
2026-05-11 19:12:32.522 7 INFO neutron.plugins.ml2.drivers.ovn.mech_driver.mech_driver [None req-aa3da93b-860c-470e-bdc5-a4f1c6cf12f2 - - - - - -] OVN reports status down for port: 38d89568-7909-42c9-af0b-94dd661cd3a0
2026-05-11 19:12:32.633 7 INFO neutron.plugins.ml2.drivers.ovn.mech_driver.mech_driver [None req-aa3da93b-860c-470e-bdc5-a4f1c6cf12f2 - - - - - -] OVN reports status down for port: 68175e5c-179a-4f4f-b5f9-369a95971bfb
2026-05-11 19:12:32.659 7 INFO neutron.plugins.ml2.drivers.ovn.mech_driver.mech_driver [None req-aa3da93b-860c-470e-bdc5-a4f1c6cf12f2 - - - - - -] OVN reports status down for port: 68175e5c-179a-4f4f-b5f9-369a95971bfb
2026-05-11 19:12:32.734 8 INFO neutron.plugins.ml2.drivers.ovn.mech_driver.mech_driver [None req-9d6eef64-766f-4886-89db-0fc6a7e1c37d - - - - - -] OVN reports status up for port: 33a0b8f0-5b45-41dd-8e3a-d7b2d47260d9
2026-05-11 19:12:32.766 8 INFO neutron.plugins.ml2.plugin [None req-9d6eef64-766f-4886-89db-0fc6a7e1c37d - - - - - -] Attempt 1 to provision port 33a0b8f0-5b45-41dd-8e3a-d7b2d47260d9
2026-05-11 19:12:32.801 8 INFO neutron.db.ovn_revision_numbers_db [None req-4cc92809-f7c0-4e32-89ef-bec28a3a5905 67db393215134ff180129fe5d6809e2d 7c12ee846d0f4f04871b8ff51c9a0b41 - - default default] Successfully bumped revision number for resource 33a0b8f0-5b45-41dd-8e3a-d7b2d47260d9 (type: ports) to 2 [pid: 7|app: 0|req: 804/1665] 10.0.0.134 () {32 vars in 723 bytes} [Mon May 11 19:12:32 2026] DELETE /v2.0/routers/417311fd-0605-4841-a40e-f9cbd2ed53bd => generated 0 bytes in 872 msecs (HTTP/1.1 204) 2 headers in 112 bytes (1 switches on core 0) [pid: 7|app: 0|req: 805/1666] 10.0.0.134 () {32 vars in 642 bytes} [Mon May 11 19:12:33 2026] GET /v2.0/ports => generated 1534 bytes in 41 msecs (HTTP/1.1 200) 4 headers in 158 bytes (1 switches on core 0) [pid: 7|app: 0|req: 806/1667] 10.0.0.134 () {32 vars in 723 bytes} [Mon May 11 19:12:33 2026] DELETE /v2.0/subnets/468caa9f-c4b6-4e70-8956-39eac6b73dbd => generated 0 bytes in 181 msecs (HTTP/1.1 204) 3 headers in 131 bytes (1 switches on core 0)
2026-05-11 19:12:33.280 7 INFO neutron.pecan_wsgi.hooks.translation [None req-ddae874f-87d8-44e5-9ba0-68b9456f74bd b77012c55c5a48e79283df584145f867 3ba2d22dd323447689f76c5307d61cbf - - default default] GET failed (client error): The resource could not be found. [pid: 7|app: 0|req: 807/1668] 10.0.0.134 () {32 vars in 716 bytes} [Mon May 11 19:12:33 2026] GET /v2.0/ports/68175e5c-179a-4f4f-b5f9-369a95971bfb => generated 132 bytes in 20 msecs (HTTP/1.1 404) 4 headers in 164 bytes (1 switches on core 0)
2026-05-11 19:12:33.394 7 INFO neutron_taas.services.taas.taas_plugin [None req-9f9a5eed-dd8f-4370-96de-a46f7582fec4 c0c009aff5ca472db3ed64781930da4e 6eedafe9683f4200ab0d5b41db9d51f7 - - default default] TaaS: Handle Delete Port: d44adfff-f7fe-4ab2-9f7d-bda1f9f6bdb9
2026-05-11 19:12:33.398 7 INFO neutron_taas.services.taas.tap_mirror_plugin [None req-9f9a5eed-dd8f-4370-96de-a46f7582fec4 c0c009aff5ca472db3ed64781930da4e 6eedafe9683f4200ab0d5b41db9d51f7 - - default default] Tap Mirror: Handle Delete Port: d44adfff-f7fe-4ab2-9f7d-bda1f9f6bdb9
2026-05-11 19:12:33.425 8 INFO neutron.db.ovn_revision_numbers_db [None req-9d6eef64-766f-4886-89db-0fc6a7e1c37d - - - - - -] Successfully bumped revision number for resource 33a0b8f0-5b45-41dd-8e3a-d7b2d47260d9 (type: ports) to 3
2026-05-11 19:12:33.565 7 INFO neutron.services.segments.plugin [-] Segment 6651287a-621e-45c6-a724-57b495ff309e resource provider aggregate not found
2026-05-11 19:12:33.570 7 INFO neutron.services.segments.plugin [-] Segment 6651287a-621e-45c6-a724-57b495ff309e resource provider aggregate not found
2026-05-11 19:12:33.579 7 INFO neutron.services.segments.plugin [-] Segment 6651287a-621e-45c6-a724-57b495ff309e resource provider not found; error: Placement Client Error (4xx): {"errors": [{"status": 404, "title": "Not Found", "detail": "The resource could not be found.\n\n No resource provider with uuid 6651287a-621e-45c6-a724-57b495ff309e found for delete ", "request_id": "req-93ec05b5-1312-421a-9805-61c8385a3760"}]}
2026-05-11 19:12:33.593 7 INFO neutron.services.segments.plugin [-] Segment 6651287a-621e-45c6-a724-57b495ff309e resource provider not found; error: Placement Client Error (4xx): {"errors": [{"status": 404, "title": "Not Found", "detail": "The resource could not be found.\n\n No resource provider with uuid 6651287a-621e-45c6-a724-57b495ff309e found for delete ", "request_id": "req-59c875ea-ebf9-49ad-9583-afb3adceb2a6"}]} [pid: 7|app: 0|req: 808/1669] 10.0.0.134 () {32 vars in 725 bytes} [Mon May 11 19:12:33 2026] DELETE /v2.0/networks/47fdbe2d-c93d-401c-aad2-e0ec3b8b5d8e => generated 0 bytes in 348 msecs (HTTP/1.1 204) 3 headers in 131 bytes (1 switches on core 0) [pid: 7|app: 0|req: 809/1670] 10.0.0.134 () {32 vars in 642 bytes} [Mon May 11 19:12:33 2026] GET /v2.0/ports => generated 1534 bytes in 44 msecs (HTTP/1.1 200) 4 headers in 158 bytes (1 switches on core 0) [pid: 7|app: 0|req: 810/1671] 10.0.0.134 () {32 vars in 716 bytes} [Mon May 11 19:12:33 2026] GET /v2.0/ports/3e5dee48-65f0-4d2d-83b2-c1ce3ff0bb7b => generated 775 bytes in 32 msecs (HTTP/1.1 200) 4 headers in 157 bytes (1 switches on core 0)
2026-05-11 19:12:33.741 7 INFO neutron.pecan_wsgi.hooks.translation [None req-5a8297ba-69a9-4957-a82e-f43e807287fe b77012c55c5a48e79283df584145f867 3ba2d22dd323447689f76c5307d61cbf - - default default] DELETE failed (client error): The resource could not be found. [pid: 7|app: 0|req: 811/1672] 10.0.0.134 () {32 vars in 719 bytes} [Mon May 11 19:12:33 2026] DELETE /v2.0/ports/35fc9221-207c-406e-99e6-d54a789086fe => generated 132 bytes in 21 msecs (HTTP/1.1 404) 4 headers in 164 bytes (1 switches on core 0)
2026-05-11 19:12:33.763 7 INFO neutron.pecan_wsgi.hooks.translation [None req-5004ecfd-cfe2-4235-bd73-d0797245ac28 b77012c55c5a48e79283df584145f867 3ba2d22dd323447689f76c5307d61cbf - - default default] DELETE failed (client error): The resource could not be found. [pid: 7|app: 0|req: 812/1673] 10.0.0.134 () {32 vars in 723 bytes} [Mon May 11 19:12:33 2026] DELETE /v2.0/subnets/5a654d51-2d35-4f60-9446-b37087a2211a => generated 136 bytes in 17 msecs (HTTP/1.1 404) 4 headers in 164 bytes (1 switches on core 0)
2026-05-11 19:12:33.792 7 INFO neutron.pecan_wsgi.hooks.translation [None req-65b77543-0db8-402f-903d-2e22fe4fbf17 b77012c55c5a48e79283df584145f867 3ba2d22dd323447689f76c5307d61cbf - - default default] DELETE failed (client error): The resource could not be found. [pid: 7|app: 0|req: 813/1674] 10.0.0.134 () {32 vars in 723 bytes} [Mon May 11 19:12:33 2026] DELETE /v2.0/subnets/f064eb66-58b5-46f5-a563-db6d9065f41b => generated 136 bytes in 25 msecs (HTTP/1.1 404) 4 headers in 164 bytes (1 switches on core 0)
2026-05-11 19:12:33.818 8 WARNING neutron.scheduler.dhcp_agent_scheduler [None req-4cc92809-f7c0-4e32-89ef-bec28a3a5905 67db393215134ff180129fe5d6809e2d 7c12ee846d0f4f04871b8ff51c9a0b41 - - default default] No more DHCP agents
2026-05-11 19:12:33.819 8 WARNING neutron.api.rpc.agentnotifiers.dhcp_rpc_agent_api [None req-4cc92809-f7c0-4e32-89ef-bec28a3a5905 67db393215134ff180129fe5d6809e2d 7c12ee846d0f4f04871b8ff51c9a0b41 - - default default] Unable to schedule network 313e7222-372c-4fd8-885c-7a36f8a3a6c6: no agents available; will retry on subsequent port and subnet creation events.
2026-05-11 19:12:33.990 7 INFO neutron_taas.services.taas.taas_plugin [None req-40161b40-34df-4670-82c0-869a98ed1b23 b77012c55c5a48e79283df584145f867 3ba2d22dd323447689f76c5307d61cbf - - default default] TaaS: Handle Delete Port: 3e5dee48-65f0-4d2d-83b2-c1ce3ff0bb7b
2026-05-11 19:12:33.995 7 INFO neutron_taas.services.taas.tap_mirror_plugin [None req-40161b40-34df-4670-82c0-869a98ed1b23 b77012c55c5a48e79283df584145f867 3ba2d22dd323447689f76c5307d61cbf - - default default] Tap Mirror: Handle Delete Port: 3e5dee48-65f0-4d2d-83b2-c1ce3ff0bb7b
2026-05-11 19:12:34.062 8 INFO neutron.db.ovn_revision_numbers_db [None req-4cc92809-f7c0-4e32-89ef-bec28a3a5905 67db393215134ff180129fe5d6809e2d 7c12ee846d0f4f04871b8ff51c9a0b41 - - default default] Successfully bumped revision number for resource 33a0b8f0-5b45-41dd-8e3a-d7b2d47260d9 (type: router_ports) to 3 [pid: 8|app: 0|req: 862/1675] 10.0.0.134 () {34 vars in 782 bytes} [Mon May 11 19:12:32 2026] PUT /v2.0/routers/1c1a463c-6999-4130-95b9-8948eecbb498/add_router_interface => generated 310 bytes in 1788 msecs (HTTP/1.1 200) 4 headers in 157 bytes (1 switches on core 0) /var/lib/openstack/lib/python3.12/site-packages/pycadf/identifier.py:70: UserWarning: Invalid uuid: neutron. To ensure interoperability, identifiers should be a valid uuid. warnings.warn(('Invalid uuid: %s. To ensure interoperability, '
