2026-02-26 06:19:56.196 9 INFO placement.requestlog [req-edccd48e-35cb-44d9-a877-46921cf8ae04 req-80e8f50d-648a-42e7-adfa-2680d9fe9318 0acabfd317954f539935fc92bc932ed7 f69678884f6b4d38aef1c6d2bcb4a8b1 - - 696fb133442344798119eef536433ea2 696fb133442344798119eef536433ea2] 162.253.55.209 "GET /allocations/5d35d749-9035-47a9-8a50-f2044b13462b" status: 200 len: 258 microversion: 1.28 [pid: 9|app: 0|req: 542/1088] 162.253.55.209 () {34 vars in 861 bytes} [Thu Feb 26 06:19:56 2026] GET /allocations/5d35d749-9035-47a9-8a50-f2044b13462b => generated 258 bytes in 16 msecs (HTTP/1.1 200) 8 headers in 296 bytes (1 switches on core 0)
2026-02-26 06:19:56.214 8 INFO placement.requestlog [req-edccd48e-35cb-44d9-a877-46921cf8ae04 req-80b5d581-b3ab-4c39-b3e9-85c8f97a0443 0acabfd317954f539935fc92bc932ed7 f69678884f6b4d38aef1c6d2bcb4a8b1 - - 696fb133442344798119eef536433ea2 696fb133442344798119eef536433ea2] 162.253.55.209 "GET /allocations/fa78f468-3c6c-446e-9752-151278e6b53e" status: 200 len: 258 microversion: 1.28 [pid: 8|app: 0|req: 547/1089] 162.253.55.209 () {34 vars in 861 bytes} [Thu Feb 26 06:19:56 2026] GET /allocations/fa78f468-3c6c-446e-9752-151278e6b53e => generated 258 bytes in 13 msecs (HTTP/1.1 200) 8 headers in 296 bytes (1 switches on core 0)
2026-02-26 06:19:58.723 8 INFO placement.requestlog [None req-650a274b-47b4-499b-8b6b-c09772de953b 1efcddd759cf4b1abad170cf869cb94f f69678884f6b4d38aef1c6d2bcb4a8b1 - - 696fb133442344798119eef536433ea2 696fb133442344798119eef536433ea2] 10.0.0.31 "GET /resource_providers/02ef8721-ddef-4ec6-ad37-993ab640d686/aggregates" status: 404 len: 235 microversion: 1.1 [pid: 8|app: 0|req: 548/1090] 10.0.0.31 () {32 vars in 822 bytes} [Thu Feb 26 06:19:58 2026] GET /resource_providers/02ef8721-ddef-4ec6-ad37-993ab640d686/aggregates => generated 235 bytes in 7 msecs (HTTP/1.1 404) 5 headers in 202 bytes (1 switches on core 0)
2026-02-26 06:19:58.727 9 INFO placement.requestlog [None req-1d220458-dc73-42d5-a52d-400ee7bdee0f 1efcddd759cf4b1abad170cf869cb94f f69678884f6b4d38aef1c6d2bcb4a8b1 - - 696fb133442344798119eef536433ea2 696fb133442344798119eef536433ea2] 10.0.0.31 "GET /resource_providers/02ef8721-ddef-4ec6-ad37-993ab640d686/aggregates" status: 404 len: 235 microversion: 1.1 [pid: 9|app: 0|req: 543/1091] 10.0.0.31 () {32 vars in 822 bytes} [Thu Feb 26 06:19:58 2026] GET /resource_providers/02ef8721-ddef-4ec6-ad37-993ab640d686/aggregates => generated 235 bytes in 11 msecs (HTTP/1.1 404) 5 headers in 202 bytes (1 switches on core 0)
2026-02-26 06:19:58.739 9 INFO placement.requestlog [None req-7b7f5640-9869-4a29-ad8c-6e584037662a 1efcddd759cf4b1abad170cf869cb94f f69678884f6b4d38aef1c6d2bcb4a8b1 - - 696fb133442344798119eef536433ea2 696fb133442344798119eef536433ea2] 10.0.0.31 "DELETE /resource_providers/02ef8721-ddef-4ec6-ad37-993ab640d686" status: 404 len: 246 microversion: 1.1 [pid: 9|app: 0|req: 544/1092] 10.0.0.31 () {34 vars in 822 bytes} [Thu Feb 26 06:19:58 2026] DELETE /resource_providers/02ef8721-ddef-4ec6-ad37-993ab640d686 => generated 246 bytes in 8 msecs (HTTP/1.1 404) 6 headers in 231 bytes (1 switches on core 0)
2026-02-26 06:19:58.740 8 INFO placement.requestlog [None req-d407caee-0818-457c-abe2-c29871bff466 1efcddd759cf4b1abad170cf869cb94f f69678884f6b4d38aef1c6d2bcb4a8b1 - - 696fb133442344798119eef536433ea2 696fb133442344798119eef536433ea2] 10.0.0.31 "DELETE /resource_providers/02ef8721-ddef-4ec6-ad37-993ab640d686" status: 404 len: 246 microversion: 1.1 [pid: 8|app: 0|req: 549/1093] 10.0.0.31 () {34 vars in 822 bytes} [Thu Feb 26 06:19:58 2026] DELETE /resource_providers/02ef8721-ddef-4ec6-ad37-993ab640d686 => generated 246 bytes in 10 msecs (HTTP/1.1 404) 6 headers in 231 bytes (1 switches on core 0)
2026-02-26 06:19:59.050 8 INFO placement.requestlog [None req-9405ea7d-84ee-4362-853a-dab96feaf80b 1efcddd759cf4b1abad170cf869cb94f f69678884f6b4d38aef1c6d2bcb4a8b1 - - 696fb133442344798119eef536433ea2 696fb133442344798119eef536433ea2] 10.0.0.31 "GET /resource_providers/ef6994b3-c2ef-4a51-a4ed-86455b2e0ac4/aggregates" status: 404 len: 235 microversion: 1.1 [pid: 8|app: 0|req: 550/1094] 10.0.0.31 () {32 vars in 822 bytes} [Thu Feb 26 06:19:59 2026] GET /resource_providers/ef6994b3-c2ef-4a51-a4ed-86455b2e0ac4/aggregates => generated 235 bytes in 9 msecs (HTTP/1.1 404) 5 headers in 202 bytes (1 switches on core 0)
2026-02-26 06:19:59.051 9 INFO placement.requestlog [None req-84f47c43-29a9-4550-bfda-57cc00bc1435 1efcddd759cf4b1abad170cf869cb94f f69678884f6b4d38aef1c6d2bcb4a8b1 - - 696fb133442344798119eef536433ea2 696fb133442344798119eef536433ea2] 10.0.0.31 "GET /resource_providers/ef6994b3-c2ef-4a51-a4ed-86455b2e0ac4/aggregates" status: 404 len: 235 microversion: 1.1 [pid: 9|app: 0|req: 545/1095] 10.0.0.31 () {32 vars in 822 bytes} [Thu Feb 26 06:19:59 2026] GET /resource_providers/ef6994b3-c2ef-4a51-a4ed-86455b2e0ac4/aggregates => generated 235 bytes in 10 msecs (HTTP/1.1 404) 5 headers in 202 bytes (1 switches on core 0)
2026-02-26 06:19:59.067 8 INFO placement.requestlog [None req-b600aecc-8926-4b36-8a53-4b0525a9fdea 1efcddd759cf4b1abad170cf869cb94f f69678884f6b4d38aef1c6d2bcb4a8b1 - - 696fb133442344798119eef536433ea2 696fb133442344798119eef536433ea2] 10.0.0.31 "DELETE /resource_providers/ef6994b3-c2ef-4a51-a4ed-86455b2e0ac4" status: 404 len: 246 microversion: 1.1 [pid: 8|app: 0|req: 551/1096] 10.0.0.31 () {34 vars in 822 bytes} [Thu Feb 26 06:19:59 2026] DELETE /resource_providers/ef6994b3-c2ef-4a51-a4ed-86455b2e0ac4 => generated 246 bytes in 7 msecs (HTTP/1.1 404) 6 headers in 231 bytes (1 switches on core 0)
2026-02-26 06:19:59.068 9 INFO placement.requestlog [None req-9ab1556c-b41e-4b2d-9e80-8baf7483900d 1efcddd759cf4b1abad170cf869cb94f f69678884f6b4d38aef1c6d2bcb4a8b1 - - 696fb133442344798119eef536433ea2 696fb133442344798119eef536433ea2] 10.0.0.31 "DELETE /resource_providers/ef6994b3-c2ef-4a51-a4ed-86455b2e0ac4" status: 404 len: 246 microversion: 1.1 [pid: 9|app: 0|req: 546/1097] 10.0.0.31 () {34 vars in 822 bytes} [Thu Feb 26 06:19:59 2026] DELETE /resource_providers/ef6994b3-c2ef-4a51-a4ed-86455b2e0ac4 => generated 246 bytes in 7 msecs (HTTP/1.1 404) 6 headers in 231 bytes (1 switches on core 0)
2026-02-26 06:19:59.503 9 INFO placement.requestlog [None req-5a3a7d3f-a11b-47a2-a4dc-4e3890cde300 - - - - - -] 10.0.0.93 "GET /" status: 200 len: 136 microversion: 1.0
2026-02-26 06:19:59.503 8 INFO placement.requestlog [None req-fcd57805-ed2e-4d84-93e5-1a3adfa63514 - - - - - -] 10.0.0.93 "GET /" status: 200 len: 136 microversion: 1.0
2026-02-26 06:20:01.086 9 INFO placement.requestlog [None req-f3184a97-1bed-46ca-8bf3-f74fae27a6ea 1efcddd759cf4b1abad170cf869cb94f f69678884f6b4d38aef1c6d2bcb4a8b1 - - 696fb133442344798119eef536433ea2 696fb133442344798119eef536433ea2] 10.0.0.31 "GET /resource_providers/0b0bd1f1-c44f-43fa-b9ec-52f6b455b86b/aggregates" status: 404 len: 235 microversion: 1.1 [pid: 9|app: 0|req: 548/1100] 10.0.0.31 () {32 vars in 822 bytes} [Thu Feb 26 06:20:01 2026] GET /resource_providers/0b0bd1f1-c44f-43fa-b9ec-52f6b455b86b/aggregates => generated 235 bytes in 9 msecs (HTTP/1.1 404) 5 headers in 202 bytes (1 switches on core 0)
2026-02-26 06:20:01.088 8 INFO placement.requestlog [None req-742259bd-f3ad-4737-8fbf-077b98b30a60 1efcddd759cf4b1abad170cf869cb94f f69678884f6b4d38aef1c6d2bcb4a8b1 - - 696fb133442344798119eef536433ea2 696fb133442344798119eef536433ea2] 10.0.0.31 "GET /resource_providers/0b0bd1f1-c44f-43fa-b9ec-52f6b455b86b/aggregates" status: 404 len: 235 microversion: 1.1 [pid: 8|app: 0|req: 553/1101] 10.0.0.31 () {32 vars in 822 bytes} [Thu Feb 26 06:20:01 2026] GET /resource_providers/0b0bd1f1-c44f-43fa-b9ec-52f6b455b86b/aggregates => generated 235 bytes in 11 msecs (HTTP/1.1 404) 5 headers in 202 bytes (1 switches on core 0)
2026-02-26 06:20:01.110 8 INFO placement.requestlog [None req-446efb35-b23c-4e90-ab60-ea3c3faba9c7 1efcddd759cf4b1abad170cf869cb94f f69678884f6b4d38aef1c6d2bcb4a8b1 - - 696fb133442344798119eef536433ea2 696fb133442344798119eef536433ea2] 10.0.0.31 "DELETE /resource_providers/0b0bd1f1-c44f-43fa-b9ec-52f6b455b86b" status: 404 len: 246 microversion: 1.1
2026-02-26 06:20:01.110 9 INFO placement.requestlog [None req-0fb8d5fc-4f1d-4404-8312-237f3f262818 1efcddd759cf4b1abad170cf869cb94f f69678884f6b4d38aef1c6d2bcb4a8b1 - - 696fb133442344798119eef536433ea2 696fb133442344798119eef536433ea2] 10.0.0.31 "DELETE /resource_providers/0b0bd1f1-c44f-43fa-b9ec-52f6b455b86b" status: 404 len: 246 microversion: 1.1 [pid: 8|app: 0|req: 554/1102] 10.0.0.31 () {34 vars in 822 bytes} [Thu Feb 26 06:20:01 2026] DELETE /resource_providers/0b0bd1f1-c44f-43fa-b9ec-52f6b455b86b => generated 246 bytes in 12 msecs (HTTP/1.1 404) 6 headers in 231 bytes (1 switches on core 0) [pid: 9|app: 0|req: 549/1103] 10.0.0.31 () {34 vars in 822 bytes} [Thu Feb 26 06:20:01 2026] DELETE /resource_providers/0b0bd1f1-c44f-43fa-b9ec-52f6b455b86b => generated 246 bytes in 13 msecs (HTTP/1.1 404) 6 headers in 231 bytes (1 switches on core 0)
2026-02-26 06:20:09.503 9 INFO placement.requestlog [None req-4fc708c0-e472-4557-b20a-348a4204a30e - - - - - -] 10.0.0.93 "GET /" status: 200 len: 136 microversion: 1.0
2026-02-26 06:20:09.503 8 INFO placement.requestlog [None req-d91dfedd-43c6-484d-aa01-504db525f2d7 - - - - - -] 10.0.0.93 "GET /" status: 200 len: 136 microversion: 1.0
2026-02-26 06:20:18.646 9 INFO placement.requestlog [None req-4353c443-61a7-4a20-8ffd-732ce6715727 1efcddd759cf4b1abad170cf869cb94f f69678884f6b4d38aef1c6d2bcb4a8b1 - - 696fb133442344798119eef536433ea2 696fb133442344798119eef536433ea2] 10.0.0.31 "GET /resource_providers/e133fa15-ac33-487c-b0c0-04242c0c2043/aggregates" status: 404 len: 235 microversion: 1.1 [pid: 9|app: 0|req: 551/1106] 10.0.0.31 () {32 vars in 822 bytes} [Thu Feb 26 06:20:18 2026] GET /resource_providers/e133fa15-ac33-487c-b0c0-04242c0c2043/aggregates => generated 235 bytes in 10 msecs (HTTP/1.1 404) 5 headers in 202 bytes (1 switches on core 0)
2026-02-26 06:20:18.647 8 INFO placement.requestlog [None req-7c56ae33-8b97-4be0-ac3a-e462bdf5e328 1efcddd759cf4b1abad170cf869cb94f f69678884f6b4d38aef1c6d2bcb4a8b1 - - 696fb133442344798119eef536433ea2 696fb133442344798119eef536433ea2] 10.0.0.31 "GET /resource_providers/e133fa15-ac33-487c-b0c0-04242c0c2043/aggregates" status: 404 len: 235 microversion: 1.1 [pid: 8|app: 0|req: 556/1107] 10.0.0.31 () {32 vars in 822 bytes} [Thu Feb 26 06:20:18 2026] GET /resource_providers/e133fa15-ac33-487c-b0c0-04242c0c2043/aggregates => generated 235 bytes in 11 msecs (HTTP/1.1 404) 5 headers in 202 bytes (1 switches on core 0)
2026-02-26 06:20:18.665 9 INFO placement.requestlog [None req-5f54e899-f79a-46c7-bf37-f4563c064f76 1efcddd759cf4b1abad170cf869cb94f f69678884f6b4d38aef1c6d2bcb4a8b1 - - 696fb133442344798119eef536433ea2 696fb133442344798119eef536433ea2] 10.0.0.31 "DELETE /resource_providers/e133fa15-ac33-487c-b0c0-04242c0c2043" status: 404 len: 246 microversion: 1.1 [pid: 9|app: 0|req: 552/1108] 10.0.0.31 () {34 vars in 822 bytes} [Thu Feb 26 06:20:18 2026] DELETE /resource_providers/e133fa15-ac33-487c-b0c0-04242c0c2043 => generated 246 bytes in 8 msecs (HTTP/1.1 404) 6 headers in 231 bytes (1 switches on core 0)
2026-02-26 06:20:18.667 8 INFO placement.requestlog [None req-e0e53d6a-fba4-4a06-8524-b4ad9fc257bb 1efcddd759cf4b1abad170cf869cb94f f69678884f6b4d38aef1c6d2bcb4a8b1 - - 696fb133442344798119eef536433ea2 696fb133442344798119eef536433ea2] 10.0.0.31 "DELETE /resource_providers/e133fa15-ac33-487c-b0c0-04242c0c2043" status: 404 len: 246 microversion: 1.1 [pid: 8|app: 0|req: 557/1109] 10.0.0.31 () {34 vars in 822 bytes} [Thu Feb 26 06:20:18 2026] DELETE /resource_providers/e133fa15-ac33-487c-b0c0-04242c0c2043 => generated 246 bytes in 10 msecs (HTTP/1.1 404) 6 headers in 231 bytes (1 switches on core 0)
2026-02-26 06:20:19.503 8 INFO placement.requestlog [None req-5e130ac1-f89a-4163-95b7-966ad09e7eef - - - - - -] 10.0.0.93 "GET /" status: 200 len: 136 microversion: 1.0
2026-02-26 06:20:19.503 9 INFO placement.requestlog [None req-0ae90edc-8c28-4cf8-9af1-614052667775 - - - - - -] 10.0.0.93 "GET /" status: 200 len: 136 microversion: 1.0
2026-02-26 06:20:25.595 8 INFO placement.requestlog [None req-ec6cfed8-4451-4d44-8fe2-a5823882376a 1efcddd759cf4b1abad170cf869cb94f f69678884f6b4d38aef1c6d2bcb4a8b1 - - 696fb133442344798119eef536433ea2 696fb133442344798119eef536433ea2] 10.0.0.31 "GET /resource_providers/fa56ba8e-3809-4101-981c-157edb1be093/aggregates" status: 404 len: 235 microversion: 1.1
2026-02-26 06:20:25.595 9 INFO placement.requestlog [None req-2841fb99-28d5-4c4a-bc8c-5a5a20c46178 1efcddd759cf4b1abad170cf869cb94f f69678884f6b4d38aef1c6d2bcb4a8b1 - - 696fb133442344798119eef536433ea2 696fb133442344798119eef536433ea2] 10.0.0.31 "GET /resource_providers/fa56ba8e-3809-4101-981c-157edb1be093/aggregates" status: 404 len: 235 microversion: 1.1 [pid: 8|app: 0|req: 559/1112] 10.0.0.31 () {32 vars in 822 bytes} [Thu Feb 26 06:20:25 2026] GET /resource_providers/fa56ba8e-3809-4101-981c-157edb1be093/aggregates => generated 235 bytes in 10 msecs (HTTP/1.1 404) 5 headers in 202 bytes (1 switches on core 0) [pid: 9|app: 0|req: 554/1113] 10.0.0.31 () {32 vars in 822 bytes} [Thu Feb 26 06:20:25 2026] GET /resource_providers/fa56ba8e-3809-4101-981c-157edb1be093/aggregates => generated 235 bytes in 10 msecs (HTTP/1.1 404) 5 headers in 202 bytes (1 switches on core 0)
2026-02-26 06:20:25.623 8 INFO placement.requestlog [None req-fde0ccc3-d230-46cb-abe0-bc6ad989625e 1efcddd759cf4b1abad170cf869cb94f f69678884f6b4d38aef1c6d2bcb4a8b1 - - 696fb133442344798119eef536433ea2 696fb133442344798119eef536433ea2] 10.0.0.31 "DELETE /resource_providers/fa56ba8e-3809-4101-981c-157edb1be093" status: 404 len: 246 microversion: 1.1
2026-02-26 06:20:25.623 9 INFO placement.requestlog [None req-9c30785d-d60e-432b-8627-166b9e897e80 1efcddd759cf4b1abad170cf869cb94f f69678884f6b4d38aef1c6d2bcb4a8b1 - - 696fb133442344798119eef536433ea2 696fb133442344798119eef536433ea2] 10.0.0.31 "DELETE /resource_providers/fa56ba8e-3809-4101-981c-157edb1be093" status: 404 len: 246 microversion: 1.1 [pid: 8|app: 0|req: 560/1114] 10.0.0.31 () {34 vars in 822 bytes} [Thu Feb 26 06:20:25 2026] DELETE /resource_providers/fa56ba8e-3809-4101-981c-157edb1be093 => generated 246 bytes in 10 msecs (HTTP/1.1 404) 6 headers in 231 bytes (1 switches on core 0) [pid: 9|app: 0|req: 555/1115] 10.0.0.31 () {34 vars in 822 bytes} [Thu Feb 26 06:20:25 2026] DELETE /resource_providers/fa56ba8e-3809-4101-981c-157edb1be093 => generated 246 bytes in 10 msecs (HTTP/1.1 404) 6 headers in 231 bytes (1 switches on core 0)
2026-02-26 06:20:29.503 8 INFO placement.requestlog [None req-fbb28604-a065-4e7c-b914-2979b2683eea - - - - - -] 10.0.0.93 "GET /" status: 200 len: 136 microversion: 1.0
2026-02-26 06:20:29.504 9 INFO placement.requestlog [None req-682ce74e-bfc3-4a93-8d63-cb013b408aeb - - - - - -] 10.0.0.93 "GET /" status: 200 len: 136 microversion: 1.0
2026-02-26 06:20:32.012 8 INFO placement.requestlog [None req-bf615b3b-0d90-450f-a720-52fdd5b9536c a2bcfa1fc6fd4de49e093a02fba1c2b1 470d0f1f3d3941edb0054150f8f68c81 - - default default] 10.0.0.210 "GET /resource_providers" status: 200 len: 406 microversion: 1.0 [pid: 8|app: 0|req: 562/1118] 10.0.0.210 () {28 vars in 592 bytes} [Thu Feb 26 06:20:31 2026] GET /resource_providers => generated 406 bytes in 119 msecs (HTTP/1.1 200) 6 headers in 224 bytes (1 switches on core 0)
2026-02-26 06:20:32.031 9 INFO placement.requestlog [None req-0539f1e9-63f3-4020-a5ff-e83aac0ec2d1 a2bcfa1fc6fd4de49e093a02fba1c2b1 470d0f1f3d3941edb0054150f8f68c81 - - default default] 10.0.0.210 "GET /resource_providers/e241a6fd-358b-4a78-83d7-e1cc94145c40/inventories" status: 200 len: 401 microversion: 1.0 [pid: 9|app: 0|req: 557/1119] 10.0.0.210 () {28 vars in 690 bytes} [Thu Feb 26 06:20:32 2026] GET /resource_providers/e241a6fd-358b-4a78-83d7-e1cc94145c40/inventories => generated 401 bytes in 12 msecs (HTTP/1.1 200) 6 headers in 224 bytes (1 switches on core 0)
2026-02-26 06:20:32.053 8 INFO placement.requestlog [None req-112dd508-749b-4a03-871e-cee5f9ec26e7 a2bcfa1fc6fd4de49e093a02fba1c2b1 470d0f1f3d3941edb0054150f8f68c81 - - default default] 10.0.0.210 "GET /resource_providers/e241a6fd-358b-4a78-83d7-e1cc94145c40/usages" status: 200 len: 92 microversion: 1.0 [pid: 8|app: 0|req: 563/1120] 10.0.0.210 () {28 vars in 680 bytes} [Thu Feb 26 06:20:32 2026] GET /resource_providers/e241a6fd-358b-4a78-83d7-e1cc94145c40/usages => generated 92 bytes in 17 msecs (HTTP/1.1 200) 6 headers in 223 bytes (1 switches on core 0)
2026-02-26 06:20:39.502 9 INFO placement.requestlog [None req-b285cbee-a565-4e05-865b-64b93877fcb0 - - - - - -] 10.0.0.93 "GET /" status: 200 len: 136 microversion: 1.0
2026-02-26 06:20:39.502 8 INFO placement.requestlog [None req-dc76c956-24eb-44df-9c2b-3d96923a9897 - - - - - -] 10.0.0.93 "GET /" status: 200 len: 136 microversion: 1.0
2026-02-26 06:20:49.506 8 INFO placement.requestlog [None req-ad8b6ea7-9f49-4c0e-a918-ef96b3f97ccf - - - - - -] 10.0.0.93 "GET /" status: 200 len: 136 microversion: 1.0
2026-02-26 06:20:49.506 9 INFO placement.requestlog [None req-a5058cd9-39a8-4bcb-a197-fa9ffba547d7 - - - - - -] 10.0.0.93 "GET /" status: 200 len: 136 microversion: 1.0
2026-02-26 06:20:56.189 8 INFO placement.requestlog [req-a3c1255c-742f-42f0-827c-819f8c5d63bc req-c08bfb6a-e9c4-4a63-b1b2-0217dedf80f7 0acabfd317954f539935fc92bc932ed7 f69678884f6b4d38aef1c6d2bcb4a8b1 - - 696fb133442344798119eef536433ea2 696fb133442344798119eef536433ea2] 162.253.55.209 "GET /resource_providers/e241a6fd-358b-4a78-83d7-e1cc94145c40/allocations" status: 200 len: 340 microversion: 1.0 [pid: 8|app: 0|req: 566/1125] 162.253.55.209 () {32 vars in 855 bytes} [Thu Feb 26 06:20:56 2026] GET /resource_providers/e241a6fd-358b-4a78-83d7-e1cc94145c40/allocations => generated 340 bytes in 15 msecs (HTTP/1.1 200) 6 headers in 224 bytes (1 switches on core 0)
2026-02-26 06:20:56.214 9 INFO placement.requestlog [req-a3c1255c-742f-42f0-827c-819f8c5d63bc req-2431825e-babe-4d0d-b707-6e697b46a4c7 0acabfd317954f539935fc92bc932ed7 f69678884f6b4d38aef1c6d2bcb4a8b1 - - 696fb133442344798119eef536433ea2 696fb133442344798119eef536433ea2] 162.253.55.209 "GET /resource_providers/e241a6fd-358b-4a78-83d7-e1cc94145c40/allocations" status: 200 len: 340 microversion: 1.0 [pid: 9|app: 0|req: 560/1126] 162.253.55.209 () {32 vars in 855 bytes} [Thu Feb 26 06:20:56 2026] GET /resource_providers/e241a6fd-358b-4a78-83d7-e1cc94145c40/allocations => generated 340 bytes in 16 msecs (HTTP/1.1 200) 6 headers in 224 bytes (1 switches on core 0)
2026-02-26 06:20:56.232 8 INFO placement.requestlog [req-a3c1255c-742f-42f0-827c-819f8c5d63bc req-a8d6af29-7725-421a-850e-efdb7f2fef1b 0acabfd317954f539935fc92bc932ed7 f69678884f6b4d38aef1c6d2bcb4a8b1 - - 696fb133442344798119eef536433ea2 696fb133442344798119eef536433ea2] 162.253.55.209 "GET /allocations/735293f1-6f49-49f8-85c3-3ed06607a917" status: 200 len: 245 microversion: 1.28 [pid: 8|app: 0|req: 567/1127] 162.253.55.209 () {34 vars in 861 bytes} [Thu Feb 26 06:20:56 2026] GET /allocations/735293f1-6f49-49f8-85c3-3ed06607a917 => generated 245 bytes in 11 msecs (HTTP/1.1 200) 8 headers in 296 bytes (1 switches on core 0)
2026-02-26 06:20:56.251 9 INFO placement.requestlog [req-a3c1255c-742f-42f0-827c-819f8c5d63bc req-b173ab0e-5307-48a2-b1a3-ca597c22b58c 0acabfd317954f539935fc92bc932ed7 f69678884f6b4d38aef1c6d2bcb4a8b1 - - 696fb133442344798119eef536433ea2 696fb133442344798119eef536433ea2] 162.253.55.209 "GET /allocations/5d35d749-9035-47a9-8a50-f2044b13462b" status: 200 len: 258 microversion: 1.28 [pid: 9|app: 0|req: 561/1128] 162.253.55.209 () {34 vars in 861 bytes} [Thu Feb 26 06:20:56 2026] GET /allocations/5d35d749-9035-47a9-8a50-f2044b13462b => generated 258 bytes in 12 msecs (HTTP/1.1 200) 8 headers in 296 bytes (1 switches on core 0)
2026-02-26 06:20:56.274 8 INFO placement.requestlog [req-a3c1255c-742f-42f0-827c-819f8c5d63bc req-afd7fb09-e26f-497a-ab2e-d44c97f14cee 0acabfd317954f539935fc92bc932ed7 f69678884f6b4d38aef1c6d2bcb4a8b1 - - 696fb133442344798119eef536433ea2 696fb133442344798119eef536433ea2] 162.253.55.209 "GET /allocations/fa78f468-3c6c-446e-9752-151278e6b53e" status: 200 len: 258 microversion: 1.28 [pid: 8|app: 0|req: 568/1129] 162.253.55.209 () {34 vars in 861 bytes} [Thu Feb 26 06:20:56 2026] GET /allocations/fa78f468-3c6c-446e-9752-151278e6b53e => generated 258 bytes in 16 msecs (HTTP/1.1 200) 8 headers in 296 bytes (1 switches on core 0)
2026-02-26 06:20:59.504 8 INFO placement.requestlog [None req-be12859d-b860-42c0-a159-67cb7713e9f1 - - - - - -] 10.0.0.93 "GET /" status: 200 len: 136 microversion: 1.0
2026-02-26 06:20:59.504 9 INFO placement.requestlog [None req-a0d661c2-ba35-43af-9478-4ea549ecdf3f - - - - - -] 10.0.0.93 "GET /" status: 200 len: 136 microversion: 1.0
2026-02-26 06:21:09.503 8 INFO placement.requestlog [None req-410f2213-2953-4de1-9a3f-302a50444de8 - - - - - -] 10.0.0.93 "GET /" status: 200 len: 136 microversion: 1.0
2026-02-26 06:21:09.503 9 INFO placement.requestlog [None req-5fecdc5c-b752-464d-b720-d6bd9132e669 - - - - - -] 10.0.0.93 "GET /" status: 200 len: 136 microversion: 1.0
2026-02-26 06:21:19.503 9 INFO placement.requestlog [None req-172f7c3c-d7f0-43e3-aa8d-4af205af3c41 - - - - - -] 10.0.0.93 "GET /" status: 200 len: 136 microversion: 1.0
2026-02-26 06:21:19.503 8 INFO placement.requestlog [None req-753d741a-0abe-45a4-9333-a08964abdee0 - - - - - -] 10.0.0.93 "GET /" status: 200 len: 136 microversion: 1.0
2026-02-26 06:21:29.503 8 INFO placement.requestlog [None req-d333e9be-6d6a-4bb4-90ea-92ebcf661432 - - - - - -] 10.0.0.93 "GET /" status: 200 len: 136 microversion: 1.0
2026-02-26 06:21:29.503 9 INFO placement.requestlog [None req-8935ebe8-f0e9-4461-a174-acd8f31888ab - - - - - -] 10.0.0.93 "GET /" status: 200 len: 136 microversion: 1.0
2026-02-26 06:21:31.903 8 INFO placement.requestlog [None req-19140490-8b4c-4448-8d77-cb0b579efe6e a2bcfa1fc6fd4de49e093a02fba1c2b1 470d0f1f3d3941edb0054150f8f68c81 - - default default] 10.0.0.210 "GET /resource_providers" status: 200 len: 406 microversion: 1.0 [pid: 8|app: 0|req: 573/1138] 10.0.0.210 () {28 vars in 592 bytes} [Thu Feb 26 06:21:31 2026] GET /resource_providers => generated 406 bytes in 72 msecs (HTTP/1.1 200) 6 headers in 224 bytes (1 switches on core 0)
2026-02-26 06:21:31.948 9 INFO placement.requestlog [None req-f453385a-200b-4260-9f9d-2d49b90332ad a2bcfa1fc6fd4de49e093a02fba1c2b1 470d0f1f3d3941edb0054150f8f68c81 - - default default] 10.0.0.210 "GET /resource_providers/e241a6fd-358b-4a78-83d7-e1cc94145c40/inventories" status: 200 len: 401 microversion: 1.0 [pid: 9|app: 0|req: 566/1139] 10.0.0.210 () {28 vars in 690 bytes} [Thu Feb 26 06:21:31 2026] GET /resource_providers/e241a6fd-358b-4a78-83d7-e1cc94145c40/inventories => generated 401 bytes in 38 msecs (HTTP/1.1 200) 6 headers in 224 bytes (1 switches on core 0)
2026-02-26 06:21:31.983 8 INFO placement.requestlog [None req-51e8289e-0772-4e88-9725-4324b386233d a2bcfa1fc6fd4de49e093a02fba1c2b1 470d0f1f3d3941edb0054150f8f68c81 - - default default] 10.0.0.210 "GET /resource_providers/e241a6fd-358b-4a78-83d7-e1cc94145c40/usages" status: 200 len: 92 microversion: 1.0 [pid: 8|app: 0|req: 574/1140] 10.0.0.210 () {28 vars in 680 bytes} [Thu Feb 26 06:21:31 2026] GET /resource_providers/e241a6fd-358b-4a78-83d7-e1cc94145c40/usages => generated 92 bytes in 28 msecs (HTTP/1.1 200) 6 headers in 223 bytes (1 switches on core 0)
2026-02-26 06:21:39.503 9 INFO placement.requestlog [None req-c513b88e-034e-4d7f-9d67-3e0c1aba348c - - - - - -] 10.0.0.93 "GET /" status: 200 len: 136 microversion: 1.0
2026-02-26 06:21:39.504 8 INFO placement.requestlog [None req-4183f154-57c4-4050-8159-9fd5a8369238 - - - - - -] 10.0.0.93 "GET /" status: 200 len: 136 microversion: 1.0
2026-02-26 06:21:49.503 9 INFO placement.requestlog [None req-5131f763-1762-437f-9ab5-cd88fa161370 - - - - - -] 10.0.0.93 "GET /" status: 200 len: 136 microversion: 1.0
2026-02-26 06:21:49.503 8 INFO placement.requestlog [None req-c86255e9-30e4-4b70-b758-61f29f6d1956 - - - - - -] 10.0.0.93 "GET /" status: 200 len: 136 microversion: 1.0
2026-02-26 06:21:58.968 8 INFO placement.requestlog [req-e92c092a-e1f0-4f41-9f39-613cd6a647e6 req-cf0afeac-d3de-4bf1-8b26-1a34b7837642 0acabfd317954f539935fc92bc932ed7 f69678884f6b4d38aef1c6d2bcb4a8b1 - - 696fb133442344798119eef536433ea2 696fb133442344798119eef536433ea2] 162.253.55.209 "GET /resource_providers/e241a6fd-358b-4a78-83d7-e1cc94145c40/allocations" status: 200 len: 340 microversion: 1.0 [pid: 8|app: 0|req: 577/1145] 162.253.55.209 () {32 vars in 855 bytes} [Thu Feb 26 06:21:58 2026] GET /resource_providers/e241a6fd-358b-4a78-83d7-e1cc94145c40/allocations => generated 340 bytes in 17 msecs (HTTP/1.1 200) 6 headers in 224 bytes (1 switches on core 0)
2026-02-26 06:21:58.995 9 INFO placement.requestlog [req-e92c092a-e1f0-4f41-9f39-613cd6a647e6 req-b6f3a757-59cb-44c8-a4ce-31a809c6e53a 0acabfd317954f539935fc92bc932ed7 f69678884f6b4d38aef1c6d2bcb4a8b1 - - 696fb133442344798119eef536433ea2 696fb133442344798119eef536433ea2] 162.253.55.209 "GET /resource_providers/e241a6fd-358b-4a78-83d7-e1cc94145c40/allocations" status: 200 len: 340 microversion: 1.0 [pid: 9|app: 0|req: 569/1146] 162.253.55.209 () {32 vars in 855 bytes} [Thu Feb 26 06:21:58 2026] GET /resource_providers/e241a6fd-358b-4a78-83d7-e1cc94145c40/allocations => generated 340 bytes in 19 msecs (HTTP/1.1 200) 6 headers in 224 bytes (1 switches on core 0)
2026-02-26 06:21:59.021 8 INFO placement.requestlog [req-e92c092a-e1f0-4f41-9f39-613cd6a647e6 req-d802908c-7080-467b-a53f-6a35aa4c7bc0 0acabfd317954f539935fc92bc932ed7 f69678884f6b4d38aef1c6d2bcb4a8b1 - - 696fb133442344798119eef536433ea2 696fb133442344798119eef536433ea2] 162.253.55.209 "GET /allocations/735293f1-6f49-49f8-85c3-3ed06607a917" status: 200 len: 245 microversion: 1.28 [pid: 8|app: 0|req: 578/1147] 162.253.55.209 () {34 vars in 861 bytes} [Thu Feb 26 06:21:59 2026] GET /allocations/735293f1-6f49-49f8-85c3-3ed06607a917 => generated 245 bytes in 17 msecs (HTTP/1.1 200) 8 headers in 296 bytes (1 switches on core 0)
2026-02-26 06:21:59.050 9 INFO placement.requestlog [req-e92c092a-e1f0-4f41-9f39-613cd6a647e6 req-dd484e41-21bd-4fcb-9be4-58029cc929a3 0acabfd317954f539935fc92bc932ed7 f69678884f6b4d38aef1c6d2bcb4a8b1 - - 696fb133442344798119eef536433ea2 696fb133442344798119eef536433ea2] 162.253.55.209 "GET /allocations/5d35d749-9035-47a9-8a50-f2044b13462b" status: 200 len: 258 microversion: 1.28 [pid: 9|app: 0|req: 570/1148] 162.253.55.209 () {34 vars in 861 bytes} [Thu Feb 26 06:21:59 2026] GET /allocations/5d35d749-9035-47a9-8a50-f2044b13462b => generated 258 bytes in 22 msecs (HTTP/1.1 200) 8 headers in 296 bytes (1 switches on core 0)
2026-02-26 06:21:59.068 8 INFO placement.requestlog [req-e92c092a-e1f0-4f41-9f39-613cd6a647e6 req-9f845b78-0b06-4c61-806f-6e05e1103bf3 0acabfd317954f539935fc92bc932ed7 f69678884f6b4d38aef1c6d2bcb4a8b1 - - 696fb133442344798119eef536433ea2 696fb133442344798119eef536433ea2] 162.253.55.209 "GET /allocations/fa78f468-3c6c-446e-9752-151278e6b53e" status: 200 len: 258 microversion: 1.28 [pid: 8|app: 0|req: 579/1149] 162.253.55.209 () {34 vars in 861 bytes} [Thu Feb 26 06:21:59 2026] GET /allocations/fa78f468-3c6c-446e-9752-151278e6b53e => generated 258 bytes in 13 msecs (HTTP/1.1 200) 8 headers in 296 bytes (1 switches on core 0)
2026-02-26 06:21:59.503 8 INFO placement.requestlog [None req-726027ed-8c75-436c-a1d0-d21b6368e7f9 - - - - - -] 10.0.0.93 "GET /" status: 200 len: 136 microversion: 1.0
2026-02-26 06:21:59.503 9 INFO placement.requestlog [None req-2be3eb2c-b2f4-4410-a5d6-409730458e40 - - - - - -] 10.0.0.93 "GET /" status: 200 len: 136 microversion: 1.0
2026-02-26 06:22:07.850 8 INFO placement.requestlog [req-bb9da8d9-a064-44b1-bf51-344c332439c7 req-ef6e63d8-af10-4dd0-8eee-6e3366fe3209 0acabfd317954f539935fc92bc932ed7 f69678884f6b4d38aef1c6d2bcb4a8b1 - - 696fb133442344798119eef536433ea2 696fb133442344798119eef536433ea2] 162.253.55.209 "GET /resource_providers/e241a6fd-358b-4a78-83d7-e1cc94145c40/allocations" status: 200 len: 340 microversion: 1.0 [pid: 8|app: 0|req: 581/1152] 162.253.55.209 () {32 vars in 855 bytes} [Thu Feb 26 06:22:07 2026] GET /resource_providers/e241a6fd-358b-4a78-83d7-e1cc94145c40/allocations => generated 340 bytes in 18 msecs (HTTP/1.1 200) 6 headers in 224 bytes (1 switches on core 0)
2026-02-26 06:22:07.882 9 INFO placement.requestlog [req-bb9da8d9-a064-44b1-bf51-344c332439c7 req-38cedfd8-a859-464e-9260-723cb431a8e7 0acabfd317954f539935fc92bc932ed7 f69678884f6b4d38aef1c6d2bcb4a8b1 - - 696fb133442344798119eef536433ea2 696fb133442344798119eef536433ea2] 162.253.55.209 "GET /allocations/735293f1-6f49-49f8-85c3-3ed06607a917" status: 200 len: 245 microversion: 1.28 [pid: 9|app: 0|req: 572/1153] 162.253.55.209 () {34 vars in 861 bytes} [Thu Feb 26 06:22:07 2026] GET /allocations/735293f1-6f49-49f8-85c3-3ed06607a917 => generated 245 bytes in 27 msecs (HTTP/1.1 200) 8 headers in 296 bytes (1 switches on core 0)
2026-02-26 06:22:07.899 8 INFO placement.requestlog [req-bb9da8d9-a064-44b1-bf51-344c332439c7 req-fd5ced68-58d5-469e-b937-e013e8aeb8e8 0acabfd317954f539935fc92bc932ed7 f69678884f6b4d38aef1c6d2bcb4a8b1 - - 696fb133442344798119eef536433ea2 696fb133442344798119eef536433ea2] 162.253.55.209 "GET /allocations/5d35d749-9035-47a9-8a50-f2044b13462b" status: 200 len: 258 microversion: 1.28 [pid: 8|app: 0|req: 582/1154] 162.253.55.209 () {34 vars in 861 bytes} [Thu Feb 26 06:22:07 2026] GET /allocations/5d35d749-9035-47a9-8a50-f2044b13462b => generated 258 bytes in 11 msecs (HTTP/1.1 200) 8 headers in 296 bytes (1 switches on core 0)
2026-02-26 06:22:07.921 9 INFO placement.requestlog [req-bb9da8d9-a064-44b1-bf51-344c332439c7 req-1dcd908f-5223-4c89-9e19-950ca1fee09e 0acabfd317954f539935fc92bc932ed7 f69678884f6b4d38aef1c6d2bcb4a8b1 - - 696fb133442344798119eef536433ea2 696fb133442344798119eef536433ea2] 162.253.55.209 "GET /allocations/fa78f468-3c6c-446e-9752-151278e6b53e" status: 200 len: 258 microversion: 1.28 [pid: 9|app: 0|req: 573/1155] 162.253.55.209 () {34 vars in 861 bytes} [Thu Feb 26 06:22:07 2026] GET /allocations/fa78f468-3c6c-446e-9752-151278e6b53e => generated 258 bytes in 16 msecs (HTTP/1.1 200) 8 headers in 296 bytes (1 switches on core 0)
2026-02-26 06:22:08.969 8 INFO placement.requestlog [req-bb9da8d9-a064-44b1-bf51-344c332439c7 req-1fd8174d-969d-4d86-9101-9be64352f34f 0acabfd317954f539935fc92bc932ed7 f69678884f6b4d38aef1c6d2bcb4a8b1 - - 696fb133442344798119eef536433ea2 696fb133442344798119eef536433ea2] 162.253.55.209 "DELETE /allocations/735293f1-6f49-49f8-85c3-3ed06607a917" status: 204 len: 0 microversion: 1.0 [pid: 8|app: 0|req: 583/1156] 162.253.55.209 () {34 vars in 839 bytes} [Thu Feb 26 06:22:08 2026] DELETE /allocations/735293f1-6f49-49f8-85c3-3ed06607a917 => generated 0 bytes in 20 msecs (HTTP/1.1 204) 5 headers in 198 bytes (1 switches on core 0)
2026-02-26 06:22:09.503 9 INFO placement.requestlog [None req-8ea3b4d2-734f-4bc1-8707-957d568f143f - - - - - -] 10.0.0.93 "GET /" status: 200 len: 136 microversion: 1.0
2026-02-26 06:22:09.503 8 INFO placement.requestlog [None req-bc24840a-2271-4749-ae6b-b5bb422247de - - - - - -] 10.0.0.93 "GET /" status: 200 len: 136 microversion: 1.0
2026-02-26 06:22:12.348 9 INFO placement.requestlog [req-30d34300-4966-40d7-a544-e04adcf81323 req-19860bd4-828c-4fcb-a999-1f307c3279f0 0acabfd317954f539935fc92bc932ed7 f69678884f6b4d38aef1c6d2bcb4a8b1 - - 696fb133442344798119eef536433ea2 696fb133442344798119eef536433ea2] 162.253.55.209 "GET /resource_providers/e241a6fd-358b-4a78-83d7-e1cc94145c40/allocations" status: 200 len: 253 microversion: 1.0 [pid: 9|app: 0|req: 575/1159] 162.253.55.209 () {32 vars in 855 bytes} [Thu Feb 26 06:22:12 2026] GET /resource_providers/e241a6fd-358b-4a78-83d7-e1cc94145c40/allocations => generated 253 bytes in 16 msecs (HTTP/1.1 200) 6 headers in 224 bytes (1 switches on core 0)
2026-02-26 06:22:12.372 8 INFO placement.requestlog [req-30d34300-4966-40d7-a544-e04adcf81323 req-f6e41659-d7a9-472a-aab6-dc4e4c41cb97 0acabfd317954f539935fc92bc932ed7 f69678884f6b4d38aef1c6d2bcb4a8b1 - - 696fb133442344798119eef536433ea2 696fb133442344798119eef536433ea2] 162.253.55.209 "GET /allocations/5d35d749-9035-47a9-8a50-f2044b13462b" status: 200 len: 258 microversion: 1.28 [pid: 8|app: 0|req: 585/1160] 162.253.55.209 () {34 vars in 861 bytes} [Thu Feb 26 06:22:12 2026] GET /allocations/5d35d749-9035-47a9-8a50-f2044b13462b => generated 258 bytes in 16 msecs (HTTP/1.1 200) 8 headers in 296 bytes (1 switches on core 0)
2026-02-26 06:22:12.391 9 INFO placement.requestlog [req-30d34300-4966-40d7-a544-e04adcf81323 req-2f505372-e5b3-43ff-bfbc-df8ce2f5f074 0acabfd317954f539935fc92bc932ed7 f69678884f6b4d38aef1c6d2bcb4a8b1 - - 696fb133442344798119eef536433ea2 696fb133442344798119eef536433ea2] 162.253.55.209 "GET /allocations/fa78f468-3c6c-446e-9752-151278e6b53e" status: 200 len: 258 microversion: 1.28 [pid: 9|app: 0|req: 576/1161] 162.253.55.209 () {34 vars in 861 bytes} [Thu Feb 26 06:22:12 2026] GET /allocations/fa78f468-3c6c-446e-9752-151278e6b53e => generated 258 bytes in 11 msecs (HTTP/1.1 200) 8 headers in 296 bytes (1 switches on core 0)
2026-02-26 06:22:13.443 8 INFO placement.requestlog [req-30d34300-4966-40d7-a544-e04adcf81323 req-119babea-9bce-46d6-87b8-4022ee327381 0acabfd317954f539935fc92bc932ed7 f69678884f6b4d38aef1c6d2bcb4a8b1 - - 696fb133442344798119eef536433ea2 696fb133442344798119eef536433ea2] 162.253.55.209 "DELETE /allocations/5d35d749-9035-47a9-8a50-f2044b13462b" status: 204 len: 0 microversion: 1.0 [pid: 8|app: 0|req: 586/1162] 162.253.55.209 () {34 vars in 839 bytes} [Thu Feb 26 06:22:13 2026] DELETE /allocations/5d35d749-9035-47a9-8a50-f2044b13462b => generated 0 bytes in 28 msecs (HTTP/1.1 204) 5 headers in 198 bytes (1 switches on core 0)
2026-02-26 06:22:19.502 9 INFO placement.requestlog [None req-e4480708-69cb-48bc-9e80-8f0b6dd0de87 - - - - - -] 10.0.0.93 "GET /" status: 200 len: 136 microversion: 1.0
2026-02-26 06:22:19.503 8 INFO placement.requestlog [None req-43a0d4f4-5237-4405-af21-71f4139b3f85 - - - - - -] 10.0.0.93 "GET /" status: 200 len: 136 microversion: 1.0
2026-02-26 06:22:23.161 9 INFO placement.requestlog [req-031c1c08-6fdf-4a97-bceb-003d9c51453e req-00030e83-c8bf-441e-a46f-05789531fab9 0acabfd317954f539935fc92bc932ed7 f69678884f6b4d38aef1c6d2bcb4a8b1 - - 696fb133442344798119eef536433ea2 696fb133442344798119eef536433ea2] 162.253.55.209 "GET /resource_providers/e241a6fd-358b-4a78-83d7-e1cc94145c40/allocations" status: 200 len: 153 microversion: 1.0 [pid: 9|app: 0|req: 578/1165] 162.253.55.209 () {32 vars in 855 bytes} [Thu Feb 26 06:22:23 2026] GET /resource_providers/e241a6fd-358b-4a78-83d7-e1cc94145c40/allocations => generated 153 bytes in 15 msecs (HTTP/1.1 200) 6 headers in 224 bytes (1 switches on core 0)
2026-02-26 06:22:23.183 8 INFO placement.requestlog [req-031c1c08-6fdf-4a97-bceb-003d9c51453e req-9ed96343-a40a-4bb0-a5b7-c50d92d50b3f 0acabfd317954f539935fc92bc932ed7 f69678884f6b4d38aef1c6d2bcb4a8b1 - - 696fb133442344798119eef536433ea2 696fb133442344798119eef536433ea2] 162.253.55.209 "GET /allocations/fa78f468-3c6c-446e-9752-151278e6b53e" status: 200 len: 258 microversion: 1.28 [pid: 8|app: 0|req: 588/1166] 162.253.55.209 () {34 vars in 861 bytes} [Thu Feb 26 06:22:23 2026] GET /allocations/fa78f468-3c6c-446e-9752-151278e6b53e => generated 258 bytes in 15 msecs (HTTP/1.1 200) 8 headers in 296 bytes (1 switches on core 0)
2026-02-26 06:22:24.233 9 INFO placement.requestlog [req-031c1c08-6fdf-4a97-bceb-003d9c51453e req-0df9cff9-b9a3-4df9-a13c-3b92e306467d 0acabfd317954f539935fc92bc932ed7 f69678884f6b4d38aef1c6d2bcb4a8b1 - - 696fb133442344798119eef536433ea2 696fb133442344798119eef536433ea2] 162.253.55.209 "DELETE /allocations/fa78f468-3c6c-446e-9752-151278e6b53e" status: 204 len: 0 microversion: 1.0 [pid: 9|app: 0|req: 579/1167] 162.253.55.209 () {34 vars in 839 bytes} [Thu Feb 26 06:22:24 2026] DELETE /allocations/fa78f468-3c6c-446e-9752-151278e6b53e => generated 0 bytes in 24 msecs (HTTP/1.1 204) 5 headers in 198 bytes (1 switches on core 0)
2026-02-26 06:22:29.503 8 INFO placement.requestlog [None req-80defcc2-1707-4c16-9d10-b3063d953513 - - - - - -] 10.0.0.93 "GET /" status: 200 len: 136 microversion: 1.0
2026-02-26 06:22:29.503 9 INFO placement.requestlog [None req-14e5bf9d-93eb-4026-8ae6-381142c94e42 - - - - - -] 10.0.0.93 "GET /" status: 200 len: 136 microversion: 1.0
2026-02-26 06:22:31.836 8 INFO placement.requestlog [None req-208420a4-4174-4891-aa13-dd1470187097 a2bcfa1fc6fd4de49e093a02fba1c2b1 470d0f1f3d3941edb0054150f8f68c81 - - default default] 10.0.0.210 "GET /resource_providers" status: 200 len: 406 microversion: 1.0 [pid: 8|app: 0|req: 590/1170] 10.0.0.210 () {28 vars in 592 bytes} [Thu Feb 26 06:22:31 2026] GET /resource_providers => generated 406 bytes in 69 msecs (HTTP/1.1 200) 6 headers in 224 bytes (1 switches on core 0)
2026-02-26 06:22:31.857 9 INFO placement.requestlog [None req-47181861-a5f1-4344-9ee1-017a8410ffac a2bcfa1fc6fd4de49e093a02fba1c2b1 470d0f1f3d3941edb0054150f8f68c81 - - default default] 10.0.0.210 "GET /resource_providers/e241a6fd-358b-4a78-83d7-e1cc94145c40/inventories" status: 200 len: 401 microversion: 1.0 [pid: 9|app: 0|req: 581/1171] 10.0.0.210 () {28 vars in 690 bytes} [Thu Feb 26 06:22:31 2026] GET /resource_providers/e241a6fd-358b-4a78-83d7-e1cc94145c40/inventories => generated 401 bytes in 17 msecs (HTTP/1.1 200) 6 headers in 224 bytes (1 switches on core 0)
2026-02-26 06:22:31.880 8 INFO placement.requestlog [None req-602200bb-eeca-46fb-9d50-8624ff1babfd a2bcfa1fc6fd4de49e093a02fba1c2b1 470d0f1f3d3941edb0054150f8f68c81 - - default default] 10.0.0.210 "GET /resource_providers/e241a6fd-358b-4a78-83d7-e1cc94145c40/usages" status: 200 len: 89 microversion: 1.0 [pid: 8|app: 0|req: 591/1172] 10.0.0.210 () {28 vars in 680 bytes} [Thu Feb 26 06:22:31 2026] GET /resource_providers/e241a6fd-358b-4a78-83d7-e1cc94145c40/usages => generated 89 bytes in 15 msecs (HTTP/1.1 200) 6 headers in 223 bytes (1 switches on core 0)
2026-02-26 06:22:35.404 8 INFO placement.requestlog [None req-7547afbc-7153-45f0-b192-f952732dc7d4 1efcddd759cf4b1abad170cf869cb94f f69678884f6b4d38aef1c6d2bcb4a8b1 - - 696fb133442344798119eef536433ea2 696fb133442344798119eef536433ea2] 10.0.0.31 "GET /resource_providers/c41b7cd0-677b-4200-9779-b2c656c748b3/aggregates" status: 404 len: 235 microversion: 1.1 [pid: 8|app: 0|req: 592/1173] 10.0.0.31 () {32 vars in 822 bytes} [Thu Feb 26 06:22:35 2026] GET /resource_providers/c41b7cd0-677b-4200-9779-b2c656c748b3/aggregates => generated 235 bytes in 41 msecs (HTTP/1.1 404) 5 headers in 202 bytes (1 switches on core 0)
2026-02-26 06:22:35.406 9 INFO placement.requestlog [None req-4f2183c5-0d1f-4556-ad55-dbefe455fc4e 1efcddd759cf4b1abad170cf869cb94f f69678884f6b4d38aef1c6d2bcb4a8b1 - - 696fb133442344798119eef536433ea2 696fb133442344798119eef536433ea2] 10.0.0.31 "GET /resource_providers/c41b7cd0-677b-4200-9779-b2c656c748b3/aggregates" status: 404 len: 235 microversion: 1.1 [pid: 9|app: 0|req: 582/1174] 10.0.0.31 () {32 vars in 822 bytes} [Thu Feb 26 06:22:35 2026] GET /resource_providers/c41b7cd0-677b-4200-9779-b2c656c748b3/aggregates => generated 235 bytes in 44 msecs (HTTP/1.1 404) 5 headers in 202 bytes (1 switches on core 0)
2026-02-26 06:22:35.422 9 INFO placement.requestlog [None req-d042de3e-8c7a-440e-8f7f-c120a2da877a 1efcddd759cf4b1abad170cf869cb94f f69678884f6b4d38aef1c6d2bcb4a8b1 - - 696fb133442344798119eef536433ea2 696fb133442344798119eef536433ea2] 10.0.0.31 "DELETE /resource_providers/c41b7cd0-677b-4200-9779-b2c656c748b3" status: 404 len: 246 microversion: 1.1 [pid: 9|app: 0|req: 583/1175] 10.0.0.31 () {34 vars in 822 bytes} [Thu Feb 26 06:22:35 2026] DELETE /resource_providers/c41b7cd0-677b-4200-9779-b2c656c748b3 => generated 246 bytes in 9 msecs (HTTP/1.1 404) 6 headers in 231 bytes (1 switches on core 0)
2026-02-26 06:22:35.424 8 INFO placement.requestlog [None req-289074b6-dde3-435b-be83-9ec73f6ea6b9 1efcddd759cf4b1abad170cf869cb94f f69678884f6b4d38aef1c6d2bcb4a8b1 - - 696fb133442344798119eef536433ea2 696fb133442344798119eef536433ea2] 10.0.0.31 "DELETE /resource_providers/c41b7cd0-677b-4200-9779-b2c656c748b3" status: 404 len: 246 microversion: 1.1 [pid: 8|app: 0|req: 593/1176] 10.0.0.31 () {34 vars in 822 bytes} [Thu Feb 26 06:22:35 2026] DELETE /resource_providers/c41b7cd0-677b-4200-9779-b2c656c748b3 => generated 246 bytes in 12 msecs (HTTP/1.1 404) 6 headers in 231 bytes (1 switches on core 0)
2026-02-26 06:22:37.442 9 INFO placement.requestlog [None req-f9d54eed-35e6-42b3-9e85-50fd003c8dc7 1efcddd759cf4b1abad170cf869cb94f f69678884f6b4d38aef1c6d2bcb4a8b1 - - 696fb133442344798119eef536433ea2 696fb133442344798119eef536433ea2] 10.0.0.31 "GET /resource_providers/d97523be-e973-46b1-bf72-bf7e092748cc/aggregates" status: 404 len: 235 microversion: 1.1 [pid: 9|app: 0|req: 584/1177] 10.0.0.31 () {32 vars in 822 bytes} [Thu Feb 26 06:22:37 2026] GET /resource_providers/d97523be-e973-46b1-bf72-bf7e092748cc/aggregates => generated 235 bytes in 11 msecs (HTTP/1.1 404) 5 headers in 202 bytes (1 switches on core 0)
2026-02-26 06:22:37.447 8 INFO placement.requestlog [None req-08bb7351-e480-4a8a-8878-688f45927f9b 1efcddd759cf4b1abad170cf869cb94f f69678884f6b4d38aef1c6d2bcb4a8b1 - - 696fb133442344798119eef536433ea2 696fb133442344798119eef536433ea2] 10.0.0.31 "GET /resource_providers/d97523be-e973-46b1-bf72-bf7e092748cc/aggregates" status: 404 len: 235 microversion: 1.1 [pid: 8|app: 0|req: 594/1178] 10.0.0.31 () {32 vars in 822 bytes} [Thu Feb 26 06:22:37 2026] GET /resource_providers/d97523be-e973-46b1-bf72-bf7e092748cc/aggregates => generated 235 bytes in 11 msecs (HTTP/1.1 404) 5 headers in 202 bytes (1 switches on core 0)
2026-02-26 06:22:37.464 9 INFO placement.requestlog [None req-70869314-8bd6-4746-bb18-28959971a076 1efcddd759cf4b1abad170cf869cb94f f69678884f6b4d38aef1c6d2bcb4a8b1 - - 696fb133442344798119eef536433ea2 696fb133442344798119eef536433ea2] 10.0.0.31 "DELETE /resource_providers/d97523be-e973-46b1-bf72-bf7e092748cc" status: 404 len: 246 microversion: 1.1 [pid: 9|app: 0|req: 585/1179] 10.0.0.31 () {34 vars in 822 bytes} [Thu Feb 26 06:22:37 2026] DELETE /resource_providers/d97523be-e973-46b1-bf72-bf7e092748cc => generated 246 bytes in 9 msecs (HTTP/1.1 404) 6 headers in 231 bytes (1 switches on core 0)
2026-02-26 06:22:37.466 8 INFO placement.requestlog [None req-6a3a15fe-b042-45b4-82a4-0a9def2186b6 1efcddd759cf4b1abad170cf869cb94f f69678884f6b4d38aef1c6d2bcb4a8b1 - - 696fb133442344798119eef536433ea2 696fb133442344798119eef536433ea2] 10.0.0.31 "DELETE /resource_providers/d97523be-e973-46b1-bf72-bf7e092748cc" status: 404 len: 246 microversion: 1.1 [pid: 8|app: 0|req: 595/1180] 10.0.0.31 () {34 vars in 822 bytes} [Thu Feb 26 06:22:37 2026] DELETE /resource_providers/d97523be-e973-46b1-bf72-bf7e092748cc => generated 246 bytes in 11 msecs (HTTP/1.1 404) 6 headers in 231 bytes (1 switches on core 0)
2026-02-26 06:22:37.482 8 INFO placement.requestlog [None req-0893542c-afd9-4697-b3c4-fc13def588fe 1efcddd759cf4b1abad170cf869cb94f f69678884f6b4d38aef1c6d2bcb4a8b1 - - 696fb133442344798119eef536433ea2 696fb133442344798119eef536433ea2] 10.0.0.31 "GET /resource_providers/f7f33585-2490-4843-8639-107570cfac1f/aggregates" status: 404 len: 235 microversion: 1.1 [pid: 8|app: 0|req: 596/1181] 10.0.0.31 () {32 vars in 822 bytes} [Thu Feb 26 06:22:37 2026] GET /resource_providers/f7f33585-2490-4843-8639-107570cfac1f/aggregates => generated 235 bytes in 8 msecs (HTTP/1.1 404) 5 headers in 202 bytes (1 switches on core 0)
2026-02-26 06:22:37.484 9 INFO placement.requestlog [None req-b26358e8-af9e-4d1d-b78b-115d03396bb6 1efcddd759cf4b1abad170cf869cb94f f69678884f6b4d38aef1c6d2bcb4a8b1 - - 696fb133442344798119eef536433ea2 696fb133442344798119eef536433ea2] 10.0.0.31 "GET /resource_providers/f7f33585-2490-4843-8639-107570cfac1f/aggregates" status: 404 len: 235 microversion: 1.1 [pid: 9|app: 0|req: 586/1182] 10.0.0.31 () {32 vars in 822 bytes} [Thu Feb 26 06:22:37 2026] GET /resource_providers/f7f33585-2490-4843-8639-107570cfac1f/aggregates => generated 235 bytes in 10 msecs (HTTP/1.1 404) 5 headers in 202 bytes (1 switches on core 0)
2026-02-26 06:22:37.501 8 INFO placement.requestlog [None req-8500ad3e-5796-4c6f-b409-3d3525ca772c 1efcddd759cf4b1abad170cf869cb94f f69678884f6b4d38aef1c6d2bcb4a8b1 - - 696fb133442344798119eef536433ea2 696fb133442344798119eef536433ea2] 10.0.0.31 "DELETE /resource_providers/f7f33585-2490-4843-8639-107570cfac1f" status: 404 len: 246 microversion: 1.1 [pid: 8|app: 0|req: 597/1183] 10.0.0.31 () {34 vars in 822 bytes} [Thu Feb 26 06:22:37 2026] DELETE /resource_providers/f7f33585-2490-4843-8639-107570cfac1f => generated 246 bytes in 7 msecs (HTTP/1.1 404) 6 headers in 231 bytes (1 switches on core 0)
2026-02-26 06:22:37.504 9 INFO placement.requestlog [None req-7a356433-db1d-49cb-9bd4-4570665fb8ac 1efcddd759cf4b1abad170cf869cb94f f69678884f6b4d38aef1c6d2bcb4a8b1 - - 696fb133442344798119eef536433ea2 696fb133442344798119eef536433ea2] 10.0.0.31 "DELETE /resource_providers/f7f33585-2490-4843-8639-107570cfac1f" status: 404 len: 246 microversion: 1.1 [pid: 9|app: 0|req: 587/1184] 10.0.0.31 () {34 vars in 822 bytes} [Thu Feb 26 06:22:37 2026] DELETE /resource_providers/f7f33585-2490-4843-8639-107570cfac1f => generated 246 bytes in 10 msecs (HTTP/1.1 404) 6 headers in 231 bytes (1 switches on core 0)
2026-02-26 06:22:39.504 8 INFO placement.requestlog [None req-a455e1e8-560f-4dfd-a829-10e994cd3a9b - - - - - -] 10.0.0.93 "GET /" status: 200 len: 136 microversion: 1.0
2026-02-26 06:22:39.505 9 INFO placement.requestlog [None req-1c2de950-ef43-4936-8f18-be01f48d4b76 - - - - - -] 10.0.0.93 "GET /" status: 200 len: 136 microversion: 1.0
2026-02-26 06:22:49.503 8 INFO placement.requestlog [None req-913b829c-6991-4f9a-ac5f-a5bcf4fda0c1 - - - - - -] 10.0.0.93 "GET /" status: 200 len: 136 microversion: 1.0
2026-02-26 06:22:49.503 9 INFO placement.requestlog [None req-03b6a80b-4edc-4162-a029-5a032c548571 - - - - - -] 10.0.0.93 "GET /" status: 200 len: 136 microversion: 1.0
2026-02-26 06:22:53.312 9 INFO placement.requestlog [None req-25b30a64-921c-4b05-a99d-257de9ac4aae 1efcddd759cf4b1abad170cf869cb94f f69678884f6b4d38aef1c6d2bcb4a8b1 - - 696fb133442344798119eef536433ea2 696fb133442344798119eef536433ea2] 10.0.0.31 "GET /resource_providers/c709b0f1-aa90-4db9-bfe4-ffe347f0865b/aggregates" status: 404 len: 235 microversion: 1.1 [pid: 9|app: 0|req: 590/1189] 10.0.0.31 () {32 vars in 822 bytes} [Thu Feb 26 06:22:53 2026] GET /resource_providers/c709b0f1-aa90-4db9-bfe4-ffe347f0865b/aggregates => generated 235 bytes in 7 msecs (HTTP/1.1 404) 5 headers in 202 bytes (1 switches on core 0)
2026-02-26 06:22:53.318 8 INFO placement.requestlog [None req-fbecbcdf-0464-44ec-a3ca-5595975c00ad 1efcddd759cf4b1abad170cf869cb94f f69678884f6b4d38aef1c6d2bcb4a8b1 - - 696fb133442344798119eef536433ea2 696fb133442344798119eef536433ea2] 10.0.0.31 "GET /resource_providers/c709b0f1-aa90-4db9-bfe4-ffe347f0865b/aggregates" status: 404 len: 235 microversion: 1.1 [pid: 8|app: 0|req: 600/1190] 10.0.0.31 () {32 vars in 822 bytes} [Thu Feb 26 06:22:53 2026] GET /resource_providers/c709b0f1-aa90-4db9-bfe4-ffe347f0865b/aggregates => generated 235 bytes in 13 msecs (HTTP/1.1 404) 5 headers in 202 bytes (1 switches on core 0)
2026-02-26 06:22:53.325 9 INFO placement.requestlog [None req-83bb4d9f-9707-4924-8556-063402405b3f 1efcddd759cf4b1abad170cf869cb94f f69678884f6b4d38aef1c6d2bcb4a8b1 - - 696fb133442344798119eef536433ea2 696fb133442344798119eef536433ea2] 10.0.0.31 "DELETE /resource_providers/c709b0f1-aa90-4db9-bfe4-ffe347f0865b" status: 404 len: 246 microversion: 1.1 [pid: 9|app: 0|req: 591/1191] 10.0.0.31 () {34 vars in 822 bytes} [Thu Feb 26 06:22:53 2026] DELETE /resource_providers/c709b0f1-aa90-4db9-bfe4-ffe347f0865b => generated 246 bytes in 8 msecs (HTTP/1.1 404) 6 headers in 231 bytes (1 switches on core 0)
2026-02-26 06:22:53.333 8 INFO placement.requestlog [None req-4ff80710-441d-4598-8b3f-5b4cdb015618 1efcddd759cf4b1abad170cf869cb94f f69678884f6b4d38aef1c6d2bcb4a8b1 - - 696fb133442344798119eef536433ea2 696fb133442344798119eef536433ea2] 10.0.0.31 "DELETE /resource_providers/c709b0f1-aa90-4db9-bfe4-ffe347f0865b" status: 404 len: 246 microversion: 1.1 [pid: 8|app: 0|req: 601/1192] 10.0.0.31 () {34 vars in 822 bytes} [Thu Feb 26 06:22:53 2026] DELETE /resource_providers/c709b0f1-aa90-4db9-bfe4-ffe347f0865b => generated 246 bytes in 8 msecs (HTTP/1.1 404) 6 headers in 231 bytes (1 switches on core 0)
2026-02-26 06:22:55.347 9 INFO placement.requestlog [None req-92431b8e-7b8e-457e-9fcb-2eb27fdf0da0 1efcddd759cf4b1abad170cf869cb94f f69678884f6b4d38aef1c6d2bcb4a8b1 - - 696fb133442344798119eef536433ea2 696fb133442344798119eef536433ea2] 10.0.0.31 "GET /resource_providers/7c7ae561-4e41-4eae-bc74-496e9616baca/aggregates" status: 404 len: 235 microversion: 1.1 [pid: 9|app: 0|req: 592/1193] 10.0.0.31 () {32 vars in 822 bytes} [Thu Feb 26 06:22:55 2026] GET /resource_providers/7c7ae561-4e41-4eae-bc74-496e9616baca/aggregates => generated 235 bytes in 12 msecs (HTTP/1.1 404) 5 headers in 202 bytes (1 switches on core 0)
2026-02-26 06:22:55.351 8 INFO placement.requestlog [None req-51fd7c90-9e20-4358-8db5-23c3c717667f 1efcddd759cf4b1abad170cf869cb94f f69678884f6b4d38aef1c6d2bcb4a8b1 - - 696fb133442344798119eef536433ea2 696fb133442344798119eef536433ea2] 10.0.0.31 "GET /resource_providers/7c7ae561-4e41-4eae-bc74-496e9616baca/aggregates" status: 404 len: 235 microversion: 1.1 [pid: 8|app: 0|req: 602/1194] 10.0.0.31 () {32 vars in 822 bytes} [Thu Feb 26 06:22:55 2026] GET /resource_providers/7c7ae561-4e41-4eae-bc74-496e9616baca/aggregates => generated 235 bytes in 11 msecs (HTTP/1.1 404) 5 headers in 202 bytes (1 switches on core 0)
