+ COMMAND=start + start + for KEYSTONE_WSGI_SCRIPT in keystone-wsgi-public ++ type -p keystone-wsgi-public + cp -a /var/lib/openstack/bin/keystone-wsgi-public /var/www/cgi-bin/keystone/ + '[' -f /etc/apache2/envvars ']' + source /etc/apache2/envvars ++ unset HOME ++ '[' '' '!=' '' ']' ++ SUFFIX= ++ export APACHE_RUN_USER=www-data ++ APACHE_RUN_USER=www-data ++ export APACHE_RUN_GROUP=www-data ++ APACHE_RUN_GROUP=www-data ++ export APACHE_PID_FILE=/var/run/apache2/apache2.pid ++ APACHE_PID_FILE=/var/run/apache2/apache2.pid ++ export APACHE_RUN_DIR=/var/run/apache2 ++ APACHE_RUN_DIR=/var/run/apache2 ++ export APACHE_LOCK_DIR=/var/lock/apache2 ++ APACHE_LOCK_DIR=/var/lock/apache2 ++ export APACHE_LOG_DIR=/var/log/apache2 ++ APACHE_LOG_DIR=/var/log/apache2 ++ export LANG=C ++ LANG=C ++ export LANG + '[' -f /var/run/apache2/apache2.pid ']' + exec apache2 -DFOREGROUND AH00558: apache2: Could not reliably determine the server's fully qualified domain name, using 10.0.0.26. Set the 'ServerName' directive globally to suppress this message AH00558: apache2: Could not reliably determine the server's fully qualified domain name, using 10.0.0.26. Set the 'ServerName' directive globally to suppress this message
[Wed Aug 26 07:14:09.083653 2026] [mpm_event:notice] [pid 1:tid 140440910391168] AH00489: Apache/2.4.58 (Ubuntu) mod_wsgi/5.0.0 Python/3.12 configured -- resuming normal operations
[Wed Aug 26 07:14:09.083796 2026] [core:notice] [pid 1:tid 140440910391168] AH00094: Command line: 'apache2 -D FOREGROUND'
[Wed Aug 26 07:15:06.095393 2026] [wsgi:error] [pid 10:tid 140440272570048] /var/lib/openstack/lib/python3.12/site-packages/oslo_utils/importutils.py:77: EventletDeprecationWarning:
[Wed Aug 26 07:15:06.095443 2026] [wsgi:error] [pid 10:tid 140440272570048] Eventlet is deprecated. It is currently being maintained in bugfix mode, and
[Wed Aug 26 07:15:06.095445 2026] [wsgi:error] [pid 10:tid 140440272570048] we strongly recommend against using it for new projects.
[Wed Aug 26 07:15:06.095447 2026] [wsgi:error] [pid 10:tid 140440272570048]
[Wed Aug 26 07:15:06.095448 2026] [wsgi:error] [pid 10:tid 140440272570048] If you are already using Eventlet, we recommend migrating to a different
[Wed Aug 26 07:15:06.095449 2026] [wsgi:error] [pid 10:tid 140440272570048] framework. For more detail see
[Wed Aug 26 07:15:06.095450 2026] [wsgi:error] [pid 10:tid 140440272570048] https://eventlet.readthedocs.io/en/latest/asyncio/migration.html
[Wed Aug 26 07:15:06.095451 2026] [wsgi:error] [pid 10:tid 140440272570048]
[Wed Aug 26 07:15:06.095452 2026] [wsgi:error] [pid 10:tid 140440272570048] __import__(import_str)
[Wed Aug 26 07:15:06.106415 2026] [wsgi:error] [pid 12:tid 140440272570048] /var/lib/openstack/lib/python3.12/site-packages/oslo_utils/importutils.py:77: EventletDeprecationWarning:
[Wed Aug 26 07:15:06.106559 2026] [wsgi:error] [pid 12:tid 140440272570048] Eventlet is deprecated. It is currently being maintained in bugfix mode, and
[Wed Aug 26 07:15:06.106614 2026] [wsgi:error] [pid 12:tid 140440272570048] we strongly recommend against using it for new projects.
[Wed Aug 26 07:15:06.106663 2026] [wsgi:error] [pid 12:tid 140440272570048]
[Wed Aug 26 07:15:06.106706 2026] [wsgi:error] [pid 12:tid 140440272570048] If you are already using Eventlet, we recommend migrating to a different
[Wed Aug 26 07:15:06.106767 2026] [wsgi:error] [pid 12:tid 140440272570048] framework. For more detail see
[Wed Aug 26 07:15:06.106815 2026] [wsgi:error] [pid 12:tid 140440272570048] https://eventlet.readthedocs.io/en/latest/asyncio/migration.html
[Wed Aug 26 07:15:06.106869 2026] [wsgi:error] [pid 12:tid 140440272570048]
[Wed Aug 26 07:15:06.106912 2026] [wsgi:error] [pid 12:tid 140440272570048] __import__(import_str) 10.0.0.50 - - [26/Aug/2026:07:15:05 +0000] "GET /v3/ HTTP/1.1" 200 249 10.0.0.50 - - [26/Aug/2026:07:15:05 +0000] "GET /v3/ HTTP/1.1" 200 249
[Wed Aug 26 07:15:18.508904 2026] [wsgi:error] [pid 9:tid 140440272570048] /var/lib/openstack/lib/python3.12/site-packages/oslo_utils/importutils.py:77: EventletDeprecationWarning:
[Wed Aug 26 07:15:18.508950 2026] [wsgi:error] [pid 9:tid 140440272570048] Eventlet is deprecated. It is currently being maintained in bugfix mode, and
[Wed Aug 26 07:15:18.508952 2026] [wsgi:error] [pid 9:tid 140440272570048] we strongly recommend against using it for new projects.
[Wed Aug 26 07:15:18.508953 2026] [wsgi:error] [pid 9:tid 140440272570048]
[Wed Aug 26 07:15:18.508955 2026] [wsgi:error] [pid 9:tid 140440272570048] If you are already using Eventlet, we recommend migrating to a different
[Wed Aug 26 07:15:18.508956 2026] [wsgi:error] [pid 9:tid 140440272570048] framework. For more detail see
[Wed Aug 26 07:15:18.508957 2026] [wsgi:error] [pid 9:tid 140440272570048] https://eventlet.readthedocs.io/en/latest/asyncio/migration.html
[Wed Aug 26 07:15:18.508958 2026] [wsgi:error] [pid 9:tid 140440272570048]
[Wed Aug 26 07:15:18.508959 2026] [wsgi:error] [pid 9:tid 140440272570048] __import__(import_str) 10.0.0.92 - - [26/Aug/2026:07:15:17 +0000] "GET / HTTP/1.1" 300 295
[Wed Aug 26 07:15:23.903230 2026] [wsgi:error] [pid 11:tid 140440272570048] /var/lib/openstack/lib/python3.12/site-packages/oslo_utils/importutils.py:77: EventletDeprecationWarning:
[Wed Aug 26 07:15:23.903271 2026] [wsgi:error] [pid 11:tid 140440272570048] Eventlet is deprecated. It is currently being maintained in bugfix mode, and
[Wed Aug 26 07:15:23.903272 2026] [wsgi:error] [pid 11:tid 140440272570048] we strongly recommend against using it for new projects.
[Wed Aug 26 07:15:23.903274 2026] [wsgi:error] [pid 11:tid 140440272570048]
[Wed Aug 26 07:15:23.903275 2026] [wsgi:error] [pid 11:tid 140440272570048] If you are already using Eventlet, we recommend migrating to a different
[Wed Aug 26 07:15:23.903276 2026] [wsgi:error] [pid 11:tid 140440272570048] framework. For more detail see
[Wed Aug 26 07:15:23.903277 2026] [wsgi:error] [pid 11:tid 140440272570048] https://eventlet.readthedocs.io/en/latest/asyncio/migration.html
[Wed Aug 26 07:15:23.903278 2026] [wsgi:error] [pid 11:tid 140440272570048]
[Wed Aug 26 07:15:23.903279 2026] [wsgi:error] [pid 11:tid 140440272570048] __import__(import_str)
[Wed Aug 26 07:15:28.593080 2026] [wsgi:error] [pid 11:tid 140440272570048] [remote 10.0.0.92:53798] 2026-08-26 07:15:28.589 11 WARNING keystone.identity.core [None req-7a1bb9e5-4f22-4da3-adac-74ef80651acb - - - - - -] Invalid domain name (atmosphere) found in config file name: keystone.exception.DomainNotFound: Could not find domain: atmosphere.
[Wed Aug 26 07:15:28.645729 2026] [wsgi:error] [pid 11:tid 140440272570048] [remote 10.0.0.92:53798] 2026-08-26 07:15:28.645 11 WARNING keystone.common.password_hashing [None req-7a1bb9e5-4f22-4da3-adac-74ef80651acb - - - - - -] Truncating password to algorithm specific maximum length 72 characters.
[Wed Aug 26 07:15:28.927625 2026] [wsgi:error] [pid 11:tid 140440272570048] [remote 10.0.0.92:53798] 2026-08-26 07:15:28.927 11 WARNING keystone.common.fernet_utils [None req-7a1bb9e5-4f22-4da3-adac-74ef80651acb - - - - - -] key_repository is world readable: /etc/keystone/fernet-keys/ 10.0.0.92 - - [26/Aug/2026:07:15:23 +0000] "POST /v3/auth/tokens HTTP/1.1" 201 1359
[Wed Aug 26 07:15:29.289850 2026] [wsgi:error] [pid 10:tid 140440272570048] [remote 10.0.0.92:53798] 2026-08-26 07:15:29.286 10 WARNING keystone.identity.core [None req-3bf5cfdf-eb63-40ec-9add-828939699f19 - - - - - -] Invalid domain name (atmosphere) found in config file name: keystone.exception.DomainNotFound: Could not find domain: atmosphere. 10.0.0.92 - - [26/Aug/2026:07:15:29 +0000] "POST /v3/domains HTTP/1.1" 201 261 10.0.0.160 - - [26/Aug/2026:07:15:40 +0000] "GET / HTTP/1.1" 300 295
[Wed Aug 26 07:15:41.168614 2026] [wsgi:error] [pid 9:tid 140440272570048] [remote 10.0.0.160:58500] 2026-08-26 07:15:41.168 9 WARNING keystone.common.password_hashing [None req-1f6de6ad-6781-448d-92e4-81fd554fb50a - - - - - -] Truncating password to algorithm specific maximum length 72 characters.
[Wed Aug 26 07:15:41.437740 2026] [wsgi:error] [pid 9:tid 140440272570048] [remote 10.0.0.160:58500] 2026-08-26 07:15:41.437 9 WARNING keystone.common.fernet_utils [None req-1f6de6ad-6781-448d-92e4-81fd554fb50a - - - - - -] key_repository is world readable: /etc/keystone/fernet-keys/ 10.0.0.160 - - [26/Aug/2026:07:15:40 +0000] "POST /v3/auth/tokens HTTP/1.1" 201 1359 10.0.0.160 - - [26/Aug/2026:07:15:41 +0000] "GET /v3/roles/admin HTTP/1.1" 404 83
[Wed Aug 26 07:15:41.699749 2026] [wsgi:error] [pid 10:tid 140440272570048] [remote 10.0.0.160:58500] 2026-08-26 07:15:41.699 10 WARNING keystone.common.rbac_enforcer.enforcer [None req-64bec6d7-c9b9-4566-86b3-a0a4d178347e 56bb5563461b48e89d1cf3714097cef2 cc76b7c95dae4317bfaf2b63626ea2e5 - - default default] Deprecated policy rules found. Use oslopolicy-policy-generator and oslopolicy-policy-upgrade to detect and resolve deprecated policies in your configuration. 10.0.0.160 - - [26/Aug/2026:07:15:41 +0000] "GET /v3/roles?name=admin HTTP/1.1" 200 389
[Wed Aug 26 07:15:42.220053 2026] [wsgi:error] [pid 12:tid 140440272570048] [remote 10.0.0.160:58500] 2026-08-26 07:15:42.219 12 WARNING keystone.common.rbac_enforcer.enforcer [None req-929c40b9-91e2-43cc-b089-be6aecf77b9d 56bb5563461b48e89d1cf3714097cef2 cc76b7c95dae4317bfaf2b63626ea2e5 - - default default] Deprecated policy rules found. Use oslopolicy-policy-generator and oslopolicy-policy-upgrade to detect and resolve deprecated policies in your configuration. 10.0.0.160 - - [26/Aug/2026:07:15:41 +0000] "GET /v3/users/admin-RegionOne HTTP/1.1" 404 93
[Wed Aug 26 07:15:42.387717 2026] [wsgi:error] [pid 9:tid 140440272570048] [remote 10.0.0.160:58500] 2026-08-26 07:15:42.387 9 WARNING keystone.common.rbac_enforcer.enforcer [None req-e264bda1-24c6-46c8-a43b-8ac21e62ca40 56bb5563461b48e89d1cf3714097cef2 cc76b7c95dae4317bfaf2b63626ea2e5 - - default default] Deprecated policy rules found. Use oslopolicy-policy-generator and oslopolicy-policy-upgrade to detect and resolve deprecated policies in your configuration. 10.0.0.160 - - [26/Aug/2026:07:15:42 +0000] "GET /v3/users?name=admin-RegionOne HTTP/1.1" 200 422
[Wed Aug 26 07:15:42.555460 2026] [wsgi:error] [pid 11:tid 140440272570048] [remote 10.0.0.160:58500] 2026-08-26 07:15:42.555 11 WARNING keystone.common.rbac_enforcer.enforcer [None req-b675f4c0-ff30-449b-af2f-84332b434f45 56bb5563461b48e89d1cf3714097cef2 cc76b7c95dae4317bfaf2b63626ea2e5 - - default default] Deprecated policy rules found. Use oslopolicy-policy-generator and oslopolicy-policy-upgrade to detect and resolve deprecated policies in your configuration. 10.0.0.160 - - [26/Aug/2026:07:15:42 +0000] "GET /v3/domains/default HTTP/1.1" 200 224 10.0.0.160 - - [26/Aug/2026:07:15:42 +0000] "PUT /v3/domains/default/users/56bb5563461b48e89d1cf3714097cef2/roles/27cb23f1a7854cd688fc2cd6ae8362ee HTTP/1.1" 204 - 10.0.0.50 - - [26/Aug/2026:07:15:52 +0000] "GET / HTTP/1.1" 300 280 10.0.0.50 - - [26/Aug/2026:07:15:53 +0000] "GET /v3 HTTP/1.1" 200 265
[Wed Aug 26 07:15:53.867008 2026] [wsgi:error] [pid 11:tid 140440272570048] [remote 10.0.0.50:47046] 2026-08-26 07:15:53.866 11 WARNING keystone.common.password_hashing [None req-2d8c896d-b5df-4008-be3b-fb88ab9ac312 - - - - - -] Truncating password to algorithm specific maximum length 72 characters.
[Wed Aug 26 07:15:54.136303 2026] [wsgi:error] [pid 11:tid 140440272570048] [remote 10.0.0.50:47046] 2026-08-26 07:15:54.136 11 WARNING keystone.common.fernet_utils [None req-2d8c896d-b5df-4008-be3b-fb88ab9ac312 - - - - - -] key_repository is world readable: /etc/keystone/fernet-keys/ 10.0.0.50 - - [26/Aug/2026:07:15:53 +0000] "POST /v3/auth/tokens HTTP/1.1" 201 1359 10.0.0.50 - - [26/Aug/2026:07:15:54 +0000] "GET / HTTP/1.1" 300 280 10.0.0.50 - - [26/Aug/2026:07:15:54 +0000] "GET /v3/domains/atmosphere HTTP/1.1" 404 90 10.0.0.50 - - [26/Aug/2026:07:15:54 +0000] "GET /v3/domains?name=atmosphere HTTP/1.1" 200 368 10.0.0.50 - - [26/Aug/2026:07:15:54 +0000] "GET /v3/domains/43dfdbb1480e4a1ca0386fd3c60a2c08 HTTP/1.1" 200 246 10.0.0.50 - - [26/Aug/2026:07:15:55 +0000] "GET /v3 HTTP/1.1" 200 265
[Wed Aug 26 07:15:55.198967 2026] [wsgi:error] [pid 12:tid 140440272570048] [remote 10.0.0.50:47046] 2026-08-26 07:15:55.198 12 WARNING keystone.common.password_hashing [None req-0164ab2d-f736-49c1-8f72-709320980795 - - - - - -] Truncating password to algorithm specific maximum length 72 characters.
[Wed Aug 26 07:15:55.474772 2026] [wsgi:error] [pid 12:tid 140440272570048] [remote 10.0.0.50:47046] 2026-08-26 07:15:55.474 12 WARNING keystone.common.fernet_utils [None req-0164ab2d-f736-49c1-8f72-709320980795 - - - - - -] key_repository is world readable: /etc/keystone/fernet-keys/ 10.0.0.50 - - [26/Aug/2026:07:15:55 +0000] "POST /v3/auth/tokens HTTP/1.1" 201 1359 10.0.0.50 - - [26/Aug/2026:07:15:55 +0000] "GET / HTTP/1.1" 300 280 10.0.0.50 - - [26/Aug/2026:07:15:55 +0000] "GET /v3/OS-FEDERATION/identity_providers/atmosphere HTTP/1.1" 404 101 10.0.0.50 - - [26/Aug/2026:07:15:55 +0000] "GET /v3/OS-FEDERATION/identity_providers HTTP/1.1" 200 155 10.0.0.50 - - [26/Aug/2026:07:15:55 +0000] "PUT /v3/OS-FEDERATION/identity_providers/atmosphere HTTP/1.1" 201 340 10.0.0.50 - - [26/Aug/2026:07:15:56 +0000] "GET /v3 HTTP/1.1" 200 265
[Wed Aug 26 07:15:56.200972 2026] [wsgi:error] [pid 11:tid 140440272570048] [remote 10.0.0.50:47044] 2026-08-26 07:15:56.200 11 WARNING keystone.common.password_hashing [None req-d9b13cee-2192-435c-b6b5-378c286913e9 - - - - - -] Truncating password to algorithm specific maximum length 72 characters.
[Wed Aug 26 07:15:56.473318 2026] [wsgi:error] [pid 11:tid 140440272570048] [remote 10.0.0.50:47044] 2026-08-26 07:15:56.473 11 WARNING keystone.common.fernet_utils [None req-d9b13cee-2192-435c-b6b5-378c286913e9 - - - - - -] key_repository is world readable: /etc/keystone/fernet-keys/ 10.0.0.50 - - [26/Aug/2026:07:15:56 +0000] "POST /v3/auth/tokens HTTP/1.1" 201 1359 10.0.0.50 - - [26/Aug/2026:07:15:56 +0000] "GET / HTTP/1.1" 300 280 10.0.0.50 - - [26/Aug/2026:07:15:56 +0000] "GET /v3/OS-FEDERATION/mappings/atmosphere-openid HTTP/1.1" 404 98 10.0.0.50 - - [26/Aug/2026:07:15:56 +0000] "GET /v3/OS-FEDERATION/mappings HTTP/1.1" 200 135 10.0.0.50 - - [26/Aug/2026:07:15:56 +0000] "PUT /v3/OS-FEDERATION/mappings/atmosphere-openid HTTP/1.1" 201 356 10.0.0.50 - - [26/Aug/2026:07:15:57 +0000] "GET /v3 HTTP/1.1" 200 265
[Wed Aug 26 07:15:57.211273 2026] [wsgi:error] [pid 12:tid 140440272570048] [remote 10.0.0.50:47046] 2026-08-26 07:15:57.211 12 WARNING keystone.common.password_hashing [None req-9a4490f0-c799-4a5b-8e75-6a5e83e60dbe - - - - - -] Truncating password to algorithm specific maximum length 72 characters.
[Wed Aug 26 07:15:57.487256 2026] [wsgi:error] [pid 12:tid 140440272570048] [remote 10.0.0.50:47046] 2026-08-26 07:15:57.487 12 WARNING keystone.common.fernet_utils [None req-9a4490f0-c799-4a5b-8e75-6a5e83e60dbe - - - - - -] key_repository is world readable: /etc/keystone/fernet-keys/ 10.0.0.50 - - [26/Aug/2026:07:15:57 +0000] "POST /v3/auth/tokens HTTP/1.1" 201 1359 10.0.0.50 - - [26/Aug/2026:07:15:57 +0000] "GET / HTTP/1.1" 300 280 10.0.0.50 - - [26/Aug/2026:07:15:57 +0000] "GET /v3/OS-FEDERATION/identity_providers/atmosphere/protocols/openid?idp_id=atmosphere HTTP/1.1" 404 131 10.0.0.50 - - [26/Aug/2026:07:15:57 +0000] "GET /v3/OS-FEDERATION/identity_providers/atmosphere/protocols HTTP/1.1" 200 167 10.0.0.50 - - [26/Aug/2026:07:15:57 +0000] "PUT /v3/OS-FEDERATION/identity_providers/atmosphere/protocols/openid HTTP/1.1" 201 222 10.0.0.50 - - [26/Aug/2026:07:16:05 +0000] "GET /v3/ HTTP/1.1" 200 249 10.0.0.50 - - [26/Aug/2026:07:16:05 +0000] "GET /v3/ HTTP/1.1" 200 249 10.0.0.50 - - [26/Aug/2026:07:17:05 +0000] "GET /v3/ HTTP/1.1" 200 249 10.0.0.50 - - [26/Aug/2026:07:17:05 +0000] "GET /v3/ HTTP/1.1" 200 249 10.0.0.193 - - [26/Aug/2026:07:17:18 +0000] "GET / HTTP/1.1" 300 295
[Wed Aug 26 07:17:18.741931 2026] [wsgi:error] [pid 11:tid 140440272570048] [remote 10.0.0.193:36878] 2026-08-26 07:17:18.741 11 WARNING keystone.common.password_hashing [None req-cdf9619e-572d-4e33-a652-1120f8c42d89 - - - - - -] Truncating password to algorithm specific maximum length 72 characters.
[Wed Aug 26 07:17:19.035738 2026] [wsgi:error] [pid 11:tid 140440272570048] [remote 10.0.0.193:36878] 2026-08-26 07:17:19.035 11 WARNING keystone.common.fernet_utils [None req-cdf9619e-572d-4e33-a652-1120f8c42d89 - - - - - -] key_repository is world readable: /etc/keystone/fernet-keys/ 10.0.0.193 - - [26/Aug/2026:07:17:18 +0000] "POST /v3/auth/tokens HTTP/1.1" 201 1359 10.0.0.193 - - [26/Aug/2026:07:17:19 +0000] "GET /v3/services HTTP/1.1" 200 355 10.0.0.193 - - [26/Aug/2026:07:17:22 +0000] "GET / HTTP/1.1" 300 295
[Wed Aug 26 07:17:22.460352 2026] [wsgi:error] [pid 9:tid 140440272570048] [remote 10.0.0.193:36880] 2026-08-26 07:17:22.460 9 WARNING keystone.common.password_hashing [None req-dab817d4-7efc-473e-a078-1c967e85c82e - - - - - -] Truncating password to algorithm specific maximum length 72 characters.
[Wed Aug 26 07:17:22.750933 2026] [wsgi:error] [pid 9:tid 140440272570048] [remote 10.0.0.193:36880] 2026-08-26 07:17:22.750 9 WARNING keystone.common.fernet_utils [None req-dab817d4-7efc-473e-a078-1c967e85c82e - - - - - -] key_repository is world readable: /etc/keystone/fernet-keys/ 10.0.0.193 - - [26/Aug/2026:07:17:22 +0000] "POST /v3/auth/tokens HTTP/1.1" 201 1359 10.0.0.193 - - [26/Aug/2026:07:17:22 +0000] "GET /v3/services HTTP/1.1" 200 355 10.0.0.193 - - [26/Aug/2026:07:17:26 +0000] "GET / HTTP/1.1" 300 295
[Wed Aug 26 07:17:26.166472 2026] [wsgi:error] [pid 12:tid 140440272570048] [remote 10.0.0.193:36890] 2026-08-26 07:17:26.166 12 WARNING keystone.common.password_hashing [None req-824fcdd6-9ed2-4e31-9490-a813aa65993b - - - - - -] Truncating password to algorithm specific maximum length 72 characters.
[Wed Aug 26 07:17:26.456363 2026] [wsgi:error] [pid 12:tid 140440272570048] [remote 10.0.0.193:36890] 2026-08-26 07:17:26.456 12 WARNING keystone.common.fernet_utils [None req-824fcdd6-9ed2-4e31-9490-a813aa65993b - - - - - -] key_repository is world readable: /etc/keystone/fernet-keys/ 10.0.0.193 - - [26/Aug/2026:07:17:26 +0000] "POST /v3/auth/tokens HTTP/1.1" 201 1359 10.0.0.193 - - [26/Aug/2026:07:17:26 +0000] "GET /v3/services HTTP/1.1" 200 355 10.0.0.193 - - [26/Aug/2026:07:17:29 +0000] "GET / HTTP/1.1" 300 295
[Wed Aug 26 07:17:29.856930 2026] [wsgi:error] [pid 10:tid 140440272570048] [remote 10.0.0.193:34956] 2026-08-26 07:17:29.856 10 WARNING keystone.common.password_hashing [None req-1dab5a39-ac85-4acf-88ef-ceaf290706be - - - - - -] Truncating password to algorithm specific maximum length 72 characters.
[Wed Aug 26 07:17:30.130652 2026] [wsgi:error] [pid 10:tid 140440272570048] [remote 10.0.0.193:34956] 2026-08-26 07:17:30.130 10 WARNING keystone.common.fernet_utils [None req-1dab5a39-ac85-4acf-88ef-ceaf290706be - - - - - -] key_repository is world readable: /etc/keystone/fernet-keys/ 10.0.0.193 - - [26/Aug/2026:07:17:29 +0000] "POST /v3/auth/tokens HTTP/1.1" 201 1359 10.0.0.193 - - [26/Aug/2026:07:17:30 +0000] "POST /v3/services HTTP/1.1" 201 296 10.0.0.58 - - [26/Aug/2026:07:17:40 +0000] "GET / HTTP/1.1" 300 295
[Wed Aug 26 07:17:40.848196 2026] [wsgi:error] [pid 11:tid 140440272570048] [remote 10.0.0.58:52554] 2026-08-26 07:17:40.847 11 WARNING keystone.common.password_hashing [None req-36ea6006-a7a3-4425-a2c2-b8fe32ea676a - - - - - -] Truncating password to algorithm specific maximum length 72 characters. 10.0.0.58 - - [26/Aug/2026:07:17:40 +0000] "GET / HTTP/1.1" 300 295
[Wed Aug 26 07:17:40.994964 2026] [wsgi:error] [pid 12:tid 140440272570048] [remote 10.0.0.58:52562] 2026-08-26 07:17:40.994 12 WARNING keystone.common.password_hashing [None req-aadbaa78-ce88-4411-a966-c4e4e8036c25 - - - - - -] Truncating password to algorithm specific maximum length 72 characters. 10.0.0.58 - - [26/Aug/2026:07:17:41 +0000] "GET / HTTP/1.1" 300 295
[Wed Aug 26 07:17:41.102287 2026] [wsgi:error] [pid 10:tid 140440272570048] [remote 10.0.0.58:52578] 2026-08-26 07:17:41.102 10 WARNING keystone.common.password_hashing [None req-5375841e-8e13-48f4-af50-15cc3f4a1fd9 - - - - - -] Truncating password to algorithm specific maximum length 72 characters.
[Wed Aug 26 07:17:41.123082 2026] [wsgi:error] [pid 11:tid 140440272570048] [remote 10.0.0.58:52554] 2026-08-26 07:17:41.122 11 WARNING keystone.common.fernet_utils [None req-36ea6006-a7a3-4425-a2c2-b8fe32ea676a - - - - - -] key_repository is world readable: /etc/keystone/fernet-keys/ 10.0.0.58 - - [26/Aug/2026:07:17:40 +0000] "POST /v3/auth/tokens HTTP/1.1" 201 1463 10.0.0.58 - - [26/Aug/2026:07:17:41 +0000] "GET /v3/services HTTP/1.1" 200 639
[Wed Aug 26 07:17:41.268609 2026] [wsgi:error] [pid 12:tid 140440272570048] [remote 10.0.0.58:52562] 2026-08-26 07:17:41.268 12 WARNING keystone.common.fernet_utils [None req-aadbaa78-ce88-4411-a966-c4e4e8036c25 - - - - - -] key_repository is world readable: /etc/keystone/fernet-keys/ 10.0.0.58 - - [26/Aug/2026:07:17:40 +0000] "POST /v3/auth/tokens HTTP/1.1" 201 1463
[Wed Aug 26 07:17:41.375430 2026] [wsgi:error] [pid 10:tid 140440272570048] [remote 10.0.0.58:52578] 2026-08-26 07:17:41.375 10 WARNING keystone.common.fernet_utils [None req-5375841e-8e13-48f4-af50-15cc3f4a1fd9 - - - - - -] key_repository is world readable: /etc/keystone/fernet-keys/ 10.0.0.58 - - [26/Aug/2026:07:17:41 +0000] "POST /v3/auth/tokens HTTP/1.1" 201 1463 10.0.0.58 - - [26/Aug/2026:07:17:41 +0000] "GET /v3/services HTTP/1.1" 200 639 10.0.0.58 - - [26/Aug/2026:07:17:41 +0000] "GET /v3/services HTTP/1.1" 200 639 10.0.0.58 - - [26/Aug/2026:07:17:42 +0000] "GET / HTTP/1.1" 300 295
[Wed Aug 26 07:17:42.567163 2026] [wsgi:error] [pid 10:tid 140440272570048] [remote 10.0.0.58:52580] 2026-08-26 07:17:42.566 10 WARNING keystone.common.password_hashing [None req-815734c9-c15b-4ed3-917c-8f871ed7bee4 - - - - - -] Truncating password to algorithm specific maximum length 72 characters. 10.0.0.58 - - [26/Aug/2026:07:17:42 +0000] "GET / HTTP/1.1" 300 295
[Wed Aug 26 07:17:42.845701 2026] [wsgi:error] [pid 10:tid 140440272570048] [remote 10.0.0.58:52580] 2026-08-26 07:17:42.845 10 WARNING keystone.common.fernet_utils [None req-815734c9-c15b-4ed3-917c-8f871ed7bee4 - - - - - -] key_repository is world readable: /etc/keystone/fernet-keys/ 10.0.0.58 - - [26/Aug/2026:07:17:42 +0000] "POST /v3/auth/tokens HTTP/1.1" 201 1463
[Wed Aug 26 07:17:42.863441 2026] [wsgi:error] [pid 9:tid 140440272570048] [remote 10.0.0.58:52594] 2026-08-26 07:17:42.863 9 WARNING keystone.common.password_hashing [None req-fbc59ada-6ff2-4f20-8510-13860c08292b - - - - - -] Truncating password to algorithm specific maximum length 72 characters. 10.0.0.58 - - [26/Aug/2026:07:17:42 +0000] "GET / HTTP/1.1" 300 295
[Wed Aug 26 07:17:42.955978 2026] [wsgi:error] [pid 11:tid 140440272570048] [remote 10.0.0.58:52608] 2026-08-26 07:17:42.955 11 WARNING keystone.common.password_hashing [None req-f936d69f-5287-4daf-8df5-3ffe70da193b - - - - - -] Truncating password to algorithm specific maximum length 72 characters. 10.0.0.58 - - [26/Aug/2026:07:17:42 +0000] "GET /v3/endpoints HTTP/1.1" 200 1226 10.0.0.58 - - [26/Aug/2026:07:17:42 +0000] "GET /v3/services/a2aeba95308547baabd388b243f4c8dc HTTP/1.1" 200 233 10.0.0.58 - - [26/Aug/2026:07:17:43 +0000] "GET /v3/services/a2aeba95308547baabd388b243f4c8dc HTTP/1.1" 200 233 10.0.0.58 - - [26/Aug/2026:07:17:43 +0000] "GET /v3/services/a2aeba95308547baabd388b243f4c8dc HTTP/1.1" 200 233
[Wed Aug 26 07:17:43.140796 2026] [wsgi:error] [pid 9:tid 140440272570048] [remote 10.0.0.58:52594] 2026-08-26 07:17:43.140 9 WARNING keystone.common.fernet_utils [None req-fbc59ada-6ff2-4f20-8510-13860c08292b - - - - - -] key_repository is world readable: /etc/keystone/fernet-keys/ 10.0.0.58 - - [26/Aug/2026:07:17:42 +0000] "POST /v3/auth/tokens HTTP/1.1" 201 1463
[Wed Aug 26 07:17:43.243200 2026] [wsgi:error] [pid 11:tid 140440272570048] [remote 10.0.0.58:52608] 2026-08-26 07:17:43.243 11 WARNING keystone.common.fernet_utils [None req-f936d69f-5287-4daf-8df5-3ffe70da193b - - - - - -] key_repository is world readable: /etc/keystone/fernet-keys/ 10.0.0.58 - - [26/Aug/2026:07:17:42 +0000] "POST /v3/auth/tokens HTTP/1.1" 201 1463 10.0.0.58 - - [26/Aug/2026:07:17:43 +0000] "GET /v3/endpoints HTTP/1.1" 200 1226 10.0.0.58 - - [26/Aug/2026:07:17:43 +0000] "GET /v3/services/a2aeba95308547baabd388b243f4c8dc HTTP/1.1" 200 233 10.0.0.58 - - [26/Aug/2026:07:17:43 +0000] "GET /v3/services/a2aeba95308547baabd388b243f4c8dc HTTP/1.1" 200 233 10.0.0.58 - - [26/Aug/2026:07:17:43 +0000] "GET /v3/services/a2aeba95308547baabd388b243f4c8dc HTTP/1.1" 200 233 10.0.0.58 - - [26/Aug/2026:07:17:43 +0000] "GET /v3/endpoints HTTP/1.1" 200 1226 10.0.0.58 - - [26/Aug/2026:07:17:43 +0000] "GET /v3/services/a2aeba95308547baabd388b243f4c8dc HTTP/1.1" 200 233 10.0.0.58 - - [26/Aug/2026:07:17:43 +0000] "GET /v3/services/a2aeba95308547baabd388b243f4c8dc HTTP/1.1" 200 233 10.0.0.58 - - [26/Aug/2026:07:17:43 +0000] "GET /v3/services/a2aeba95308547baabd388b243f4c8dc HTTP/1.1" 200 233 10.0.0.58 - - [26/Aug/2026:07:17:44 +0000] "GET / HTTP/1.1" 300 295
[Wed Aug 26 07:17:44.384580 2026] [wsgi:error] [pid 12:tid 140440272570048] [remote 10.0.0.58:52618] 2026-08-26 07:17:44.384 12 WARNING keystone.common.password_hashing [None req-f0e9c60a-323c-4662-bf03-d8710ba841ff - - - - - -] Truncating password to algorithm specific maximum length 72 characters.
[Wed Aug 26 07:17:44.666724 2026] [wsgi:error] [pid 12:tid 140440272570048] [remote 10.0.0.58:52618] 2026-08-26 07:17:44.666 12 WARNING keystone.common.fernet_utils [None req-f0e9c60a-323c-4662-bf03-d8710ba841ff - - - - - -] key_repository is world readable: /etc/keystone/fernet-keys/ 10.0.0.58 - - [26/Aug/2026:07:17:44 +0000] "POST /v3/auth/tokens HTTP/1.1" 201 1463 10.0.0.58 - - [26/Aug/2026:07:17:44 +0000] "GET / HTTP/1.1" 300 295
[Wed Aug 26 07:17:44.743359 2026] [wsgi:error] [pid 11:tid 140440272570048] [remote 10.0.0.58:52626] 2026-08-26 07:17:44.743 11 WARNING keystone.common.password_hashing [None req-8d5caf80-5ced-48b9-b929-784f7e5a3023 - - - - - -] Truncating password to algorithm specific maximum length 72 characters. 10.0.0.58 - - [26/Aug/2026:07:17:44 +0000] "GET /v3/services/2062336ec29041a38b38ee62283e3de3 HTTP/1.1" 200 296 10.0.0.58 - - [26/Aug/2026:07:17:44 +0000] "GET / HTTP/1.1" 300 295
[Wed Aug 26 07:17:44.822276 2026] [wsgi:error] [pid 10:tid 140440272570048] [remote 10.0.0.58:52638] 2026-08-26 07:17:44.822 10 WARNING keystone.common.password_hashing [None req-82a6f443-c471-4bd9-a0cf-529fd8dd9015 - - - - - -] Truncating password to algorithm specific maximum length 72 characters. 10.0.0.58 - - [26/Aug/2026:07:17:44 +0000] "GET /v3/regions/RegionOne HTTP/1.1" 200 173 10.0.0.58 - - [26/Aug/2026:07:17:44 +0000] "POST /v3/endpoints HTTP/1.1" 201 380
[Wed Aug 26 07:17:45.028320 2026] [wsgi:error] [pid 11:tid 140440272570048] [remote 10.0.0.58:52626] 2026-08-26 07:17:45.028 11 WARNING keystone.common.fernet_utils [None req-8d5caf80-5ced-48b9-b929-784f7e5a3023 - - - - - -] key_repository is world readable: /etc/keystone/fernet-keys/ 10.0.0.58 - - [26/Aug/2026:07:17:44 +0000] "POST /v3/auth/tokens HTTP/1.1" 201 1640
[Wed Aug 26 07:17:45.099985 2026] [wsgi:error] [pid 10:tid 140440272570048] [remote 10.0.0.58:52638] 2026-08-26 07:17:45.099 10 WARNING keystone.common.fernet_utils [None req-82a6f443-c471-4bd9-a0cf-529fd8dd9015 - - - - - -] key_repository is world readable: /etc/keystone/fernet-keys/ 10.0.0.58 - - [26/Aug/2026:07:17:44 +0000] "POST /v3/auth/tokens HTTP/1.1" 201 1640 10.0.0.58 - - [26/Aug/2026:07:17:45 +0000] "GET /v3/services/2062336ec29041a38b38ee62283e3de3 HTTP/1.1" 200 296 10.0.0.58 - - [26/Aug/2026:07:17:45 +0000] "GET /v3/regions/RegionOne HTTP/1.1" 200 173 10.0.0.58 - - [26/Aug/2026:07:17:45 +0000] "GET /v3/services/2062336ec29041a38b38ee62283e3de3 HTTP/1.1" 200 296 10.0.0.58 - - [26/Aug/2026:07:17:45 +0000] "GET /v3/regions/RegionOne HTTP/1.1" 200 173 10.0.0.58 - - [26/Aug/2026:07:17:45 +0000] "POST /v3/endpoints HTTP/1.1" 201 369 10.0.0.58 - - [26/Aug/2026:07:17:45 +0000] "POST /v3/endpoints HTTP/1.1" 201 383 10.0.0.58 - - [26/Aug/2026:07:17:46 +0000] "GET / HTTP/1.1" 300 295
[Wed Aug 26 07:17:46.216140 2026] [wsgi:error] [pid 9:tid 140440272570048] [remote 10.0.0.58:52646] 2026-08-26 07:17:46.215 9 WARNING keystone.common.password_hashing [None req-43304509-3cde-4e71-b90a-6359a8efd803 - - - - - -] Truncating password to algorithm specific maximum length 72 characters.
[Wed Aug 26 07:17:46.508675 2026] [wsgi:error] [pid 9:tid 140440272570048] [remote 10.0.0.58:52646] 2026-08-26 07:17:46.508 9 WARNING keystone.common.fernet_utils [None req-43304509-3cde-4e71-b90a-6359a8efd803 - - - - - -] key_repository is world readable: /etc/keystone/fernet-keys/ 10.0.0.58 - - [26/Aug/2026:07:17:46 +0000] "POST /v3/auth/tokens HTTP/1.1" 201 1990 10.0.0.58 - - [26/Aug/2026:07:17:46 +0000] "GET / HTTP/1.1" 300 295
[Wed Aug 26 07:17:46.566890 2026] [wsgi:error] [pid 11:tid 140440272570048] [remote 10.0.0.58:52652] 2026-08-26 07:17:46.566 11 WARNING keystone.common.password_hashing [None req-961eb570-846a-4775-80db-e492742bd6dd - - - - - -] Truncating password to algorithm specific maximum length 72 characters. 10.0.0.58 - - [26/Aug/2026:07:17:46 +0000] "GET /v3/endpoints/8dbaebd1012f41b5a6a45b82fbac45cb HTTP/1.1" 200 380 10.0.0.58 - - [26/Aug/2026:07:17:46 +0000] "GET /v3/services/2062336ec29041a38b38ee62283e3de3 HTTP/1.1" 200 296 10.0.0.58 - - [26/Aug/2026:07:17:46 +0000] "GET / HTTP/1.1" 300 295
[Wed Aug 26 07:17:46.711506 2026] [wsgi:error] [pid 10:tid 140440272570048] [remote 10.0.0.58:52664] 2026-08-26 07:17:46.711 10 WARNING keystone.common.password_hashing [None req-88bc422c-8253-482f-b3da-5c13c9512230 - - - - - -] Truncating password to algorithm specific maximum length 72 characters.
[Wed Aug 26 07:17:46.847590 2026] [wsgi:error] [pid 11:tid 140440272570048] [remote 10.0.0.58:52652] 2026-08-26 07:17:46.847 11 WARNING keystone.common.fernet_utils [None req-961eb570-846a-4775-80db-e492742bd6dd - - - - - -] key_repository is world readable: /etc/keystone/fernet-keys/ 10.0.0.58 - - [26/Aug/2026:07:17:46 +0000] "POST /v3/auth/tokens HTTP/1.1" 201 1990 10.0.0.58 - - [26/Aug/2026:07:17:46 +0000] "GET /v3/endpoints/62d8dd68ecdc4242bd0db636a67f7741 HTTP/1.1" 200 369 10.0.0.58 - - [26/Aug/2026:07:17:46 +0000] "GET /v3/services/2062336ec29041a38b38ee62283e3de3 HTTP/1.1" 200 296
[Wed Aug 26 07:17:46.992898 2026] [wsgi:error] [pid 10:tid 140440272570048] [remote 10.0.0.58:52664] 2026-08-26 07:17:46.992 10 WARNING keystone.common.fernet_utils [None req-88bc422c-8253-482f-b3da-5c13c9512230 - - - - - -] key_repository is world readable: /etc/keystone/fernet-keys/ 10.0.0.58 - - [26/Aug/2026:07:17:46 +0000] "POST /v3/auth/tokens HTTP/1.1" 201 1990 10.0.0.58 - - [26/Aug/2026:07:17:47 +0000] "GET /v3/endpoints/dd4cb65eddab4999872b74e735de9036 HTTP/1.1" 200 383 10.0.0.58 - - [26/Aug/2026:07:17:47 +0000] "GET /v3/services/2062336ec29041a38b38ee62283e3de3 HTTP/1.1" 200 296 10.0.0.245 - - [26/Aug/2026:07:17:58 +0000] "GET / HTTP/1.1" 300 295
[Wed Aug 26 07:17:58.113778 2026] [wsgi:error] [pid 10:tid 140440272570048] [remote 10.0.0.245:53808] 2026-08-26 07:17:58.113 10 WARNING keystone.common.password_hashing [None req-4b98a58d-1c93-4cd2-8f0b-78cbac885099 - - - - - -] Truncating password to algorithm specific maximum length 72 characters.
[Wed Aug 26 07:17:58.385555 2026] [wsgi:error] [pid 10:tid 140440272570048] [remote 10.0.0.245:53808] 2026-08-26 07:17:58.385 10 WARNING keystone.common.fernet_utils [None req-4b98a58d-1c93-4cd2-8f0b-78cbac885099 - - - - - -] key_repository is world readable: /etc/keystone/fernet-keys/ 10.0.0.245 - - [26/Aug/2026:07:17:58 +0000] "POST /v3/auth/tokens HTTP/1.1" 201 1990 10.0.0.245 - - [26/Aug/2026:07:17:58 +0000] "POST /v3/domains HTTP/1.1" 201 284 10.0.0.245 - - [26/Aug/2026:07:17:59 +0000] "GET / HTTP/1.1" 300 295
[Wed Aug 26 07:17:59.882426 2026] [wsgi:error] [pid 12:tid 140440272570048] [remote 10.0.0.245:53812] 2026-08-26 07:17:59.882 12 WARNING keystone.common.password_hashing [None req-3a3e4cb8-42dc-4505-85ea-a90cab8634c6 - - - - - -] Truncating password to algorithm specific maximum length 72 characters.
[Wed Aug 26 07:18:00.155759 2026] [wsgi:error] [pid 12:tid 140440272570048] [remote 10.0.0.245:53812] 2026-08-26 07:18:00.155 12 WARNING keystone.common.fernet_utils [None req-3a3e4cb8-42dc-4505-85ea-a90cab8634c6 - - - - - -] key_repository is world readable: /etc/keystone/fernet-keys/ 10.0.0.245 - - [26/Aug/2026:07:17:59 +0000] "POST /v3/auth/tokens HTTP/1.1" 201 1990
[Wed Aug 26 07:18:00.355351 2026] [wsgi:error] [pid 10:tid 140440272570048] [remote 10.0.0.245:53812] 2026-08-26 07:18:00.342 10 ERROR keystone.server.flask.application [None req-da122bc7-bfaa-4f87-a2bf-c727d74bed46 56bb5563461b48e89d1cf3714097cef2 cc76b7c95dae4317bfaf2b63626ea2e5 - - default default] Conflict occurred attempting to store project - it is not permitted to have two projects acting as domains with the same name: service.: keystone.exception.Conflict: Conflict occurred attempting to store project - it is not permitted to have two projects acting as domains with the same name: service.
[Wed Aug 26 07:18:00.355378 2026] [wsgi:error] [pid 10:tid 140440272570048] [remote 10.0.0.245:53812] 2026-08-26 07:18:00.342 10 ERROR keystone.server.flask.application
Traceback (most recent call last):
[Wed Aug 26 07:18:00.355380 2026] [wsgi:error] [pid 10:tid 140440272570048] [remote 10.0.0.245:53812] 2026-08-26 07:18:00.342 10 ERROR keystone.server.flask.application
File "/var/lib/openstack/lib/python3.12/site-packages/sqlalchemy/engine/base.py", line 1969, in _exec_single_context
[Wed Aug 26 07:18:00.355382 2026] [wsgi:error] [pid 10:tid 140440272570048] [remote 10.0.0.245:53812] 2026-08-26 07:18:00.342 10 ERROR keystone.server.flask.application self.dialect.do_execute(
[Wed Aug 26 07:18:00.355384 2026] [wsgi:error] [pid 10:tid 140440272570048] [remote 10.0.0.245:53812] 2026-08-26 07:18:00.342 10 ERROR keystone.server.flask.application
File "/var/lib/openstack/lib/python3.12/site-packages/sqlalchemy/engine/default.py", line 952, in do_execute
[Wed Aug 26 07:18:00.355385 2026] [wsgi:error] [pid 10:tid 140440272570048] [remote 10.0.0.245:53812] 2026-08-26 07:18:00.342 10 ERROR keystone.server.flask.application cursor.execute(statement, parameters)
[Wed Aug 26 07:18:00.355387 2026] [wsgi:error] [pid 10:tid 140440272570048] [remote 10.0.0.245:53812] 2026-08-26 07:18:00.342 10 ERROR keystone.server.flask.application
File "/var/lib/openstack/lib/python3.12/site-packages/pymysql/cursors.py", line 159, in execute
[Wed Aug 26 07:18:00.355388 2026] [wsgi:error] [pid 10:tid 140440272570048] [remote 10.0.0.245:53812] 2026-08-26 07:18:00.342 10 ERROR keystone.server.flask.application result = self._query(query)
[Wed Aug 26 07:18:00.355390 2026] [wsgi:error] [pid 10:tid 140440272570048] [remote 10.0.0.245:53812] 2026-08-26 07:18:00.342 10 ERROR keystone.server.flask.application ^^^^^^^^^^^^^^^^^^
[Wed Aug 26 07:18:00.355391 2026] [wsgi:error] [pid 10:tid 140440272570048] [remote 10.0.0.245:53812] 2026-08-26 07:18:00.342 10 ERROR keystone.server.flask.application
File "/var/lib/openstack/lib/python3.12/site-packages/pymysql/cursors.py", line 330, in _query
[Wed Aug 26 07:18:00.355393 2026] [wsgi:error] [pid 10:tid 140440272570048] [remote 10.0.0.245:53812] 2026-08-26 07:18:00.342 10 ERROR keystone.server.flask.application conn.query(q)
[Wed Aug 26 07:18:00.355394 2026] [wsgi:error] [pid 10:tid 140440272570048] [remote 10.0.0.245:53812] 2026-08-26 07:18:00.342 10 ERROR keystone.server.flask.application
File "/var/lib/openstack/lib/python3.12/site-packages/pymysql/connections.py", line 582, in query
[Wed Aug 26 07:18:00.355396 2026] [wsgi:error] [pid 10:tid 140440272570048] [remote 10.0.0.245:53812] 2026-08-26 07:18:00.342 10 ERROR keystone.server.flask.application self._affected_rows = self._read_query_result(unbuffered=unbuffered)
[Wed Aug 26 07:18:00.355397 2026] [wsgi:error] [pid 10:tid 140440272570048] [remote 10.0.0.245:53812] 2026-08-26 07:18:00.342 10 ERROR keystone.server.flask.application ^^^^^^^^^^^^^^^^^^^^^^^^^^^^^^^^^^^^^^^^^^^^^^
[Wed Aug 26 07:18:00.355399 2026] [wsgi:error] [pid 10:tid 140440272570048] [remote 10.0.0.245:53812] 2026-08-26 07:18:00.342 10 ERROR keystone.server.flask.application
File "/var/lib/openstack/lib/python3.12/site-packages/pymysql/connections.py", line 847, in _read_query_result
[Wed Aug 26 07:18:00.355400 2026] [wsgi:error] [pid 10:tid 140440272570048] [remote 10.0.0.245:53812] 2026-08-26 07:18:00.342 10 ERROR keystone.server.flask.application result.read()
[Wed Aug 26 07:18:00.355403 2026] [wsgi:error] [pid 10:tid 140440272570048] [remote 10.0.0.245:53812] 2026-08-26 07:18:00.342 10 ERROR keystone.server.flask.application
File "/var/lib/openstack/lib/python3.12/site-packages/pymysql/connections.py", line 1245, in read
[Wed Aug 26 07:18:00.355421 2026] [wsgi:error] [pid 10:tid 140440272570048] [remote 10.0.0.245:53812] 2026-08-26 07:18:00.342 10 ERROR keystone.server.flask.application first_packet = self.connection._read_packet()
[Wed Aug 26 07:18:00.355422 2026] [wsgi:error] [pid 10:tid 140440272570048] [remote 10.0.0.245:53812] 2026-08-26 07:18:00.342 10 ERROR keystone.server.flask.application ^^^^^^^^^^^^^^^^^^^^^^^^^^^^^^
[Wed Aug 26 07:18:00.355424 2026] [wsgi:error] [pid 10:tid 140440272570048] [remote 10.0.0.245:53812] 2026-08-26 07:18:00.342 10 ERROR keystone.server.flask.application
File "/var/lib/openstack/lib/python3.12/site-packages/pymysql/connections.py", line 803, in _read_packet
[Wed Aug 26 07:18:00.355426 2026] [wsgi:error] [pid 10:tid 140440272570048] [remote 10.0.0.245:53812] 2026-08-26 07:18:00.342 10 ERROR keystone.server.flask.application packet.raise_for_error()
[Wed Aug 26 07:18:00.355427 2026] [wsgi:error] [pid 10:tid 140440272570048] [remote 10.0.0.245:53812] 2026-08-26 07:18:00.342 10 ERROR keystone.server.flask.application
File "/var/lib/openstack/lib/python3.12/site-packages/pymysql/protocol.py", line 219, in raise_for_error
[Wed Aug 26 07:18:00.355428 2026] [wsgi:error] [pid 10:tid 140440272570048] [remote 10.0.0.245:53812] 2026-08-26 07:18:00.342 10 ERROR keystone.server.flask.application err.raise_mysql_exception(self._data)
[Wed Aug 26 07:18:00.355430 2026] [wsgi:error] [pid 10:tid 140440272570048] [remote 10.0.0.245:53812] 2026-08-26 07:18:00.342 10 ERROR keystone.server.flask.application
File "/var/lib/openstack/lib/python3.12/site-packages/pymysql/err.py", line 154, in raise_mysql_exception
[Wed Aug 26 07:18:00.355431 2026] [wsgi:error] [pid 10:tid 140440272570048] [remote 10.0.0.245:53812] 2026-08-26 07:18:00.342 10 ERROR keystone.server.flask.application raise errorclass(errno, errval, sqlstate=sqlstate)
[Wed Aug 26 07:18:00.355433 2026] [wsgi:error] [pid 10:tid 140440272570048] [remote 10.0.0.245:53812] 2026-08-26 07:18:00.342 10 ERROR keystone.server.flask.application pymysql.err.IntegrityError: (1062, "Duplicate entry '<>-service' for key 'project.ixu_project_name_domain_id'")
[Wed Aug 26 07:18:00.355435 2026] [wsgi:error] [pid 10:tid 140440272570048] [remote 10.0.0.245:53812] 2026-08-26 07:18:00.342 10 ERROR keystone.server.flask.application
[Wed Aug 26 07:18:00.355436 2026] [wsgi:error] [pid 10:tid 140440272570048] [remote 10.0.0.245:53812] 2026-08-26 07:18:00.342 10 ERROR keystone.server.flask.application The above exception was the direct cause of the following exception:
[Wed Aug 26 07:18:00.355437 2026] [wsgi:error] [pid 10:tid 140440272570048] [remote 10.0.0.245:53812] 2026-08-26 07:18:00.342 10 ERROR keystone.server.flask.application
[Wed Aug 26 07:18:00.355439 2026] [wsgi:error] [pid 10:tid 140440272570048] [remote 10.0.0.245:53812] 2026-08-26 07:18:00.342 10 ERROR keystone.server.flask.application
Traceback (most recent call last):
[Wed Aug 26 07:18:00.355440 2026] [wsgi:error] [pid 10:tid 140440272570048] [remote 10.0.0.245:53812] 2026-08-26 07:18:00.342 10 ERROR keystone.server.flask.application
File "/var/lib/openstack/lib/python3.12/site-packages/keystone/common/sql/core.py", line 575, in wrapper
[Wed Aug 26 07:18:00.355442 2026] [wsgi:error] [pid 10:tid 140440272570048] [remote 10.0.0.245:53812] 2026-08-26 07:18:00.342 10 ERROR keystone.server.flask.application return method(*args, **kwargs)
[Wed Aug 26 07:18:00.355443 2026] [wsgi:error] [pid 10:tid 140440272570048] [remote 10.0.0.245:53812] 2026-08-26 07:18:00.342 10 ERROR keystone.server.flask.application ^^^^^^^^^^^^^^^^^^^^^^^
[Wed Aug 26 07:18:00.355445 2026] [wsgi:error] [pid 10:tid 140440272570048] [remote 10.0.0.245:53812] 2026-08-26 07:18:00.342 10 ERROR keystone.server.flask.application
File "/var/lib/openstack/lib/python3.12/site-packages/keystone/resource/backends/sql.py", line 278, in create_project
[Wed Aug 26 07:18:00.355447 2026] [wsgi:error] [pid 10:tid 140440272570048] [remote 10.0.0.245:53812] 2026-08-26 07:18:00.342 10 ERROR keystone.server.flask.application with sql.session_for_write() as session:
[Wed Aug 26 07:18:00.355448 2026] [wsgi:error] [pid 10:tid 140440272570048] [remote 10.0.0.245:53812] 2026-08-26 07:18:00.342 10 ERROR keystone.server.flask.application
File "/usr/lib/python3.12/contextlib.py", line 144, in __exit__
[Wed Aug 26 07:18:00.355450 2026] [wsgi:error] [pid 10:tid 140440272570048] [remote 10.0.0.245:53812] 2026-08-26 07:18:00.342 10 ERROR keystone.server.flask.application next(self.gen)
[Wed Aug 26 07:18:00.355482 2026] [wsgi:error] [pid 10:tid 140440272570048] [remote 10.0.0.245:53812] 2026-08-26 07:18:00.342 10 ERROR keystone.server.flask.application
File "/var/lib/openstack/lib/python3.12/site-packages/oslo_db/sqlalchemy/enginefacade.py", line 1175, in _transaction_scope
[Wed Aug 26 07:18:00.355484 2026] [wsgi:error] [pid 10:tid 140440272570048] [remote 10.0.0.245:53812] 2026-08-26 07:18:00.342 10 ERROR keystone.server.flask.application with current._produce_block(
[Wed Aug 26 07:18:00.355498 2026] [wsgi:error] [pid 10:tid 140440272570048] [remote 10.0.0.245:53812] 2026-08-26 07:18:00.342 10 ERROR keystone.server.flask.application
File "/usr/lib/python3.12/contextlib.py", line 144, in __exit__
[Wed Aug 26 07:18:00.355500 2026] [wsgi:error] [pid 10:tid 140440272570048] [remote 10.0.0.245:53812] 2026-08-26 07:18:00.342 10 ERROR keystone.server.flask.application next(self.gen)
[Wed Aug 26 07:18:00.355501 2026] [wsgi:error] [pid 10:tid 140440272570048] [remote 10.0.0.245:53812] 2026-08-26 07:18:00.342 10 ERROR keystone.server.flask.application
File "/var/lib/openstack/lib/python3.12/site-packages/oslo_db/sqlalchemy/enginefacade.py", line 837, in _session
[Wed Aug 26 07:18:00.355503 2026] [wsgi:error] [pid 10:tid 140440272570048] [remote 10.0.0.245:53812] 2026-08-26 07:18:00.342 10 ERROR keystone.server.flask.application with excutils.save_and_reraise_exception():
[Wed Aug 26 07:18:00.355505 2026] [wsgi:error] [pid 10:tid 140440272570048] [remote 10.0.0.245:53812] 2026-08-26 07:18:00.342 10 ERROR keystone.server.flask.application
File "/var/lib/openstack/lib/python3.12/site-packages/oslo_utils/excutils.py", line 266, in __exit__
[Wed Aug 26 07:18:00.355507 2026] [wsgi:error] [pid 10:tid 140440272570048] [remote 10.0.0.245:53812] 2026-08-26 07:18:00.342 10 ERROR keystone.server.flask.application self.force_reraise()
[Wed Aug 26 07:18:00.355508 2026] [wsgi:error] [pid 10:tid 140440272570048] [remote 10.0.0.245:53812] 2026-08-26 07:18:00.342 10 ERROR keystone.server.flask.application
File "/var/lib/openstack/lib/python3.12/site-packages/oslo_utils/excutils.py", line 232, in force_reraise
[Wed Aug 26 07:18:00.355510 2026] [wsgi:error] [pid 10:tid 140440272570048] [remote 10.0.0.245:53812] 2026-08-26 07:18:00.342 10 ERROR keystone.server.flask.application raise self.value
[Wed Aug 26 07:18:00.355512 2026] [wsgi:error] [pid 10:tid 140440272570048] [remote 10.0.0.245:53812] 2026-08-26 07:18:00.342 10 ERROR keystone.server.flask.application
File "/var/lib/openstack/lib/python3.12/site-packages/oslo_db/sqlalchemy/enginefacade.py", line 835, in _session
[Wed Aug 26 07:18:00.355515 2026] [wsgi:error] [pid 10:tid 140440272570048] [remote 10.0.0.245:53812] 2026-08-26 07:18:00.342 10 ERROR keystone.server.flask.application self._end_session_transaction(self.session)
[Wed Aug 26 07:18:00.355517 2026] [wsgi:error] [pid 10:tid 140440272570048] [remote 10.0.0.245:53812] 2026-08-26 07:18:00.342 10 ERROR keystone.server.flask.application
File "/var/lib/openstack/lib/python3.12/site-packages/oslo_db/sqlalchemy/enginefacade.py", line 748, in _end_session_transaction
[Wed Aug 26 07:18:00.355519 2026] [wsgi:error] [pid 10:tid 140440272570048] [remote 10.0.0.245:53812] 2026-08-26 07:18:00.342 10 ERROR keystone.server.flask.application session.commit()
[Wed Aug 26 07:18:00.355521 2026] [wsgi:error] [pid 10:tid 140440272570048] [remote 10.0.0.245:53812] 2026-08-26 07:18:00.342 10 ERROR keystone.server.flask.application
File "/var/lib/openstack/lib/python3.12/site-packages/sqlalchemy/orm/session.py", line 2034, in commit
[Wed Aug 26 07:18:00.355524 2026] [wsgi:error] [pid 10:tid 140440272570048] [remote 10.0.0.245:53812] 2026-08-26 07:18:00.342 10 ERROR keystone.server.flask.application trans.commit(_to_root=True)
[Wed Aug 26 07:18:00.355526 2026] [wsgi:error] [pid 10:tid 140440272570048] [remote 10.0.0.245:53812] 2026-08-26 07:18:00.342 10 ERROR keystone.server.flask.application File "", line 2, in commit
[Wed Aug 26 07:18:00.355528 2026] [wsgi:error] [pid 10:tid 140440272570048] [remote 10.0.0.245:53812] 2026-08-26 07:18:00.342 10 ERROR keystone.server.flask.application
File "/var/lib/openstack/lib/python3.12/site-packages/sqlalchemy/orm/state_changes.py", line 137, in _go
[Wed Aug 26 07:18:00.355530 2026] [wsgi:error] [pid 10:tid 140440272570048] [remote 10.0.0.245:53812] 2026-08-26 07:18:00.342 10 ERROR keystone.server.flask.application ret_value = fn(self, *arg, **kw)
[Wed Aug 26 07:18:00.355531 2026] [wsgi:error] [pid 10:tid 140440272570048] [remote 10.0.0.245:53812] 2026-08-26 07:18:00.342 10 ERROR keystone.server.flask.application ^^^^^^^^^^^^^^^^^^^^
[Wed Aug 26 07:18:00.355534 2026] [wsgi:error] [pid 10:tid 140440272570048] [remote 10.0.0.245:53812] 2026-08-26 07:18:00.342 10 ERROR keystone.server.flask.application
File "/var/lib/openstack/lib/python3.12/site-packages/sqlalchemy/orm/session.py", line 1315, in commit
[Wed Aug 26 07:18:00.355536 2026] [wsgi:error] [pid 10:tid 140440272570048] [remote 10.0.0.245:53812] 2026-08-26 07:18:00.342 10 ERROR keystone.server.flask.application self._prepare_impl()
[Wed Aug 26 07:18:00.355539 2026] [wsgi:error] [pid 10:tid 140440272570048] [remote 10.0.0.245:53812] 2026-08-26 07:18:00.342 10 ERROR keystone.server.flask.application File "", line 2, in _prepare_impl
[Wed Aug 26 07:18:00.355541 2026] [wsgi:error] [pid 10:tid 140440272570048] [remote 10.0.0.245:53812] 2026-08-26 07:18:00.342 10 ERROR keystone.server.flask.application
File "/var/lib/openstack/lib/python3.12/site-packages/sqlalchemy/orm/state_changes.py", line 137, in _go
[Wed Aug 26 07:18:00.355543 2026] [wsgi:error] [pid 10:tid 140440272570048] [remote 10.0.0.245:53812] 2026-08-26 07:18:00.342 10 ERROR keystone.server.flask.application ret_value = fn(self, *arg, **kw)
[Wed Aug 26 07:18:00.355545 2026] [wsgi:error] [pid 10:tid 140440272570048] [remote 10.0.0.245:53812] 2026-08-26 07:18:00.342 10 ERROR keystone.server.flask.application ^^^^^^^^^^^^^^^^^^^^
[Wed Aug 26 07:18:00.355548 2026] [wsgi:error] [pid 10:tid 140440272570048] [remote 10.0.0.245:53812] 2026-08-26 07:18:00.342 10 ERROR keystone.server.flask.application
File "/var/lib/openstack/lib/python3.12/site-packages/sqlalchemy/orm/session.py", line 1290, in _prepare_impl
[Wed Aug 26 07:18:00.355552 2026] [wsgi:error] [pid 10:tid 140440272570048] [remote 10.0.0.245:53812] 2026-08-26 07:18:00.342 10 ERROR keystone.server.flask.application self.session.flush()
[Wed Aug 26 07:18:00.355555 2026] [wsgi:error] [pid 10:tid 140440272570048] [remote 10.0.0.245:53812] 2026-08-26 07:18:00.342 10 ERROR keystone.server.flask.application
File "/var/lib/openstack/lib/python3.12/site-packages/sqlalchemy/orm/session.py", line 4352, in flush
[Wed Aug 26 07:18:00.355558 2026] [wsgi:error] [pid 10:tid 140440272570048] [remote 10.0.0.245:53812] 2026-08-26 07:18:00.342 10 ERROR keystone.server.flask.application self._flush(objects)
[Wed Aug 26 07:18:00.355561 2026] [wsgi:error] [pid 10:tid 140440272570048] [remote 10.0.0.245:53812] 2026-08-26 07:18:00.342 10 ERROR keystone.server.flask.application
File "/var/lib/openstack/lib/python3.12/site-packages/sqlalchemy/orm/session.py", line 4487, in _flush
[Wed Aug 26 07:18:00.355563 2026] [wsgi:error] [pid 10:tid 140440272570048] [remote 10.0.0.245:53812] 2026-08-26 07:18:00.342 10 ERROR keystone.server.flask.application with util.safe_reraise():
[Wed Aug 26 07:18:00.355583 2026] [wsgi:error] [pid 10:tid 140440272570048] [remote 10.0.0.245:53812] 2026-08-26 07:18:00.342 10 ERROR keystone.server.flask.application
File "/var/lib/openstack/lib/python3.12/site-packages/sqlalchemy/util/langhelpers.py", line 122, in __exit__
[Wed Aug 26 07:18:00.355586 2026] [wsgi:error] [pid 10:tid 140440272570048] [remote 10.0.0.245:53812] 2026-08-26 07:18:00.342 10 ERROR keystone.server.flask.application raise exc_value.with_traceback(exc_tb)
[Wed Aug 26 07:18:00.355587 2026] [wsgi:error] [pid 10:tid 140440272570048] [remote 10.0.0.245:53812] 2026-08-26 07:18:00.342 10 ERROR keystone.server.flask.application
File "/var/lib/openstack/lib/python3.12/site-packages/sqlalchemy/orm/session.py", line 4448, in _flush
[Wed Aug 26 07:18:00.355589 2026] [wsgi:error] [pid 10:tid 140440272570048] [remote 10.0.0.245:53812] 2026-08-26 07:18:00.342 10 ERROR keystone.server.flask.application flush_context.execute()
[Wed Aug 26 07:18:00.355590 2026] [wsgi:error] [pid 10:tid 140440272570048] [remote 10.0.0.245:53812] 2026-08-26 07:18:00.342 10 ERROR keystone.server.flask.application
File "/var/lib/openstack/lib/python3.12/site-packages/sqlalchemy/orm/unitofwork.py", line 465, in execute
