May 18 18:32:22.910971 np0000174513 devstack@neutron-api.service[103397]: DEBUG neutron.common.ovn.hash_ring_manager [None req-ac662a0a-e46f-4fb6-a807-2ea0aacccb23 None None] Hash Ring loaded. 4 active nodes. 0 offline nodes {{(pid=103397) _load_hash_ring /opt/stack/neutron/neutron/common/ovn/hash_ring_manager.py:102}}
May 18 18:32:22.911311 np0000174513 devstack@neutron-api.service[103397]: DEBUG neutron.plugins.ml2.drivers.ovn.mech_driver.ovsdb.ovsdb_monitor [None req-ac662a0a-e46f-4fb6-a807-2ea0aacccb23 None None] Hash Ring: Node 210d4f5f87f5500a85c922459a521f61 (host: np0000174513) handling event "create" for row 4d1abb6b-157f-43b3-983d-c327fcbd3e93 (table: Connection) {{(pid=103397) notify /opt/stack/neutron/neutron/plugins/ml2/drivers/ovn/mech_driver/ovsdb/ovsdb_monitor.py:942}}
May 18 18:32:22.911572 np0000174513 devstack@neutron-api.service[103397]: DEBUG neutron.plugins.ml2.drivers.ovn.mech_driver.ovsdb.ovsdb_monitor [None req-ac662a0a-e46f-4fb6-a807-2ea0aacccb23 None None] Hash Ring: Node 210d4f5f87f5500a85c922459a521f61 (host: np0000174513) handling event "create" for row cd97dffd-7973-449e-a9cf-f4c205f74f41 (table: Port_Group) {{(pid=103397) notify /opt/stack/neutron/neutron/plugins/ml2/drivers/ovn/mech_driver/ovsdb/ovsdb_monitor.py:942}}
May 18 18:32:22.912917 np0000174513 devstack@neutron-api.service[103397]: INFO neutron.plugins.ml2.drivers.ovn.mech_driver.ovsdb.impl_idl_ovn [None req-ac662a0a-e46f-4fb6-a807-2ea0aacccb23 None None] Getting OvsdbSbOvnIdl for WorkerService with retry
May 18 18:32:22.929284 np0000174513 devstack@neutron-api.service[103395]: DEBUG ovsdbapp.backend.ovs_idl [None req-c0daa0c3-dfa1-4986-96ad-33f8dca6bc12 None None] Created lookup_table index Chassis.name {{(pid=103395) autocreate_indices /opt/stack/data/venv/lib/python3.12/site-packages/ovsdbapp/backend/ovs_idl/__init__.py:87}}
May 18 18:32:22.929359 np0000174513 devstack@neutron-api.service[103395]: DEBUG ovsdbapp.backend.ovs_idl [None req-c0daa0c3-dfa1-4986-96ad-33f8dca6bc12 None None] Created lookup_table index Port_Binding.logical_port {{(pid=103395) autocreate_indices /opt/stack/data/venv/lib/python3.12/site-packages/ovsdbapp/backend/ovs_idl/__init__.py:87}}
May 18 18:32:22.929467 np0000174513 devstack@neutron-api.service[103395]: DEBUG ovsdbapp.backend.ovs_idl [None req-c0daa0c3-dfa1-4986-96ad-33f8dca6bc12 None None] Created schema index Chassis_Private.name {{(pid=103395) autocreate_indices /opt/stack/data/venv/lib/python3.12/site-packages/ovsdbapp/backend/ovs_idl/__init__.py:106}}
May 18 18:32:22.929559 np0000174513 devstack@neutron-api.service[103395]: DEBUG ovsdbapp.backend.ovs_idl [None req-c0daa0c3-dfa1-4986-96ad-33f8dca6bc12 None None] Created schema index Datapath_Binding.tunnel_key {{(pid=103395) autocreate_indices /opt/stack/data/venv/lib/python3.12/site-packages/ovsdbapp/backend/ovs_idl/__init__.py:106}}
May 18 18:32:22.931940 np0000174513 devstack@neutron-api.service[103395]: INFO ovsdbapp.backend.ovs_idl.vlog [None req-c0daa0c3-dfa1-4986-96ad-33f8dca6bc12 None None] ssl:199.204.45.22:6642: connecting...
May 18 18:32:22.936941 np0000174513 devstack@neutron-api.service[103395]: INFO ovsdbapp.backend.ovs_idl.vlog [None req-c0daa0c3-dfa1-4986-96ad-33f8dca6bc12 None None] ssl:199.204.45.22:6642: connected
May 18 18:32:22.941666 np0000174513 devstack@neutron-api.service[103396]: [pid: 103396|app: 0|req: 1/1] 199.204.45.22 () {62 vars in 981 bytes} [Mon May 18 18:32:22 2026] GET /networking => generated 129 bytes in 4 msecs (HTTP/1.1 200) 3 headers in 91 bytes (1 switches on core 0)
May 18 18:32:22.944908 np0000174513 devstack@neutron-api.service[103397]: DEBUG ovsdbapp.backend.ovs_idl [None req-ac662a0a-e46f-4fb6-a807-2ea0aacccb23 None None] Created lookup_table index Chassis.name {{(pid=103397) autocreate_indices /opt/stack/data/venv/lib/python3.12/site-packages/ovsdbapp/backend/ovs_idl/__init__.py:87}}
May 18 18:32:22.944985 np0000174513 devstack@neutron-api.service[103397]: DEBUG ovsdbapp.backend.ovs_idl [None req-ac662a0a-e46f-4fb6-a807-2ea0aacccb23 None None] Created lookup_table index Port_Binding.logical_port {{(pid=103397) autocreate_indices /opt/stack/data/venv/lib/python3.12/site-packages/ovsdbapp/backend/ovs_idl/__init__.py:87}}
May 18 18:32:22.945093 np0000174513 devstack@neutron-api.service[103397]: DEBUG ovsdbapp.backend.ovs_idl [None req-ac662a0a-e46f-4fb6-a807-2ea0aacccb23 None None] Created schema index Chassis_Private.name {{(pid=103397) autocreate_indices /opt/stack/data/venv/lib/python3.12/site-packages/ovsdbapp/backend/ovs_idl/__init__.py:106}}
May 18 18:32:22.945178 np0000174513 devstack@neutron-api.service[103397]: DEBUG ovsdbapp.backend.ovs_idl [None req-ac662a0a-e46f-4fb6-a807-2ea0aacccb23 None None] Created schema index Datapath_Binding.tunnel_key {{(pid=103397) autocreate_indices /opt/stack/data/venv/lib/python3.12/site-packages/ovsdbapp/backend/ovs_idl/__init__.py:106}}
May 18 18:32:22.947376 np0000174513 devstack@neutron-api.service[103397]: INFO ovsdbapp.backend.ovs_idl.vlog [None req-ac662a0a-e46f-4fb6-a807-2ea0aacccb23 None None] ssl:199.204.45.22:6642: connecting...
May 18 18:32:23.003015 np0000174513 devstack@neutron-api.service[103397]: INFO ovsdbapp.backend.ovs_idl.vlog [None req-ac662a0a-e46f-4fb6-a807-2ea0aacccb23 None None] ssl:199.204.45.22:6642: connected
May 18 18:32:23.006438 np0000174513 devstack@neutron-api.service[103395]: DEBUG neutron.common.ovn.hash_ring_manager [None req-c0daa0c3-dfa1-4986-96ad-33f8dca6bc12 None None] Allow caching, nodes 4>=4 {{(pid=103395) _wait_startup_before_caching /opt/stack/neutron/neutron/common/ovn/hash_ring_manager.py:65}}
May 18 18:32:23.011174 np0000174513 devstack@neutron-api.service[103395]: DEBUG neutron.common.ovn.hash_ring_manager [None req-c0daa0c3-dfa1-4986-96ad-33f8dca6bc12 None None] Hash Ring loaded. 4 active nodes. 0 offline nodes {{(pid=103395) _load_hash_ring /opt/stack/neutron/neutron/common/ovn/hash_ring_manager.py:102}}
May 18 18:32:23.011239 np0000174513 devstack@neutron-api.service[103395]: DEBUG neutron.plugins.ml2.drivers.ovn.mech_driver.ovsdb.ovsdb_monitor [None req-c0daa0c3-dfa1-4986-96ad-33f8dca6bc12 None None] ChassisAgentWriteEvent : Matched Chassis_Private, create, None None {{(pid=103395) matches /opt/stack/neutron/neutron/plugins/ml2/drivers/ovn/mech_driver/ovsdb/ovsdb_monitor.py:64}}
May 18 18:32:23.011437 np0000174513 devstack@neutron-api.service[103395]: DEBUG neutron.plugins.ml2.drivers.ovn.mech_driver.ovsdb.ovsdb_monitor [None req-c0daa0c3-dfa1-4986-96ad-33f8dca6bc12 None None] ChassisOVNAgentWriteEvent : Matched Chassis_Private, create, None None {{(pid=103395) matches /opt/stack/neutron/neutron/plugins/ml2/drivers/ovn/mech_driver/ovsdb/ovsdb_monitor.py:64}}
May 18 18:32:23.011990 np0000174513 devstack@neutron-api.service[103395]: DEBUG neutron.plugins.ml2.drivers.ovn.mech_driver.ovsdb.ovsdb_monitor [None req-c0daa0c3-dfa1-4986-96ad-33f8dca6bc12 None None] Hash Ring: Node 5fe18c568cfe53d89069e5cc493d81db (host: np0000174513) handling event "create" for row 767e8a63-a9b8-41e2-a494-7757890c9776 (table: Encap) {{(pid=103395) notify /opt/stack/neutron/neutron/plugins/ml2/drivers/ovn/mech_driver/ovsdb/ovsdb_monitor.py:942}}
May 18 18:32:23.014459 np0000174513 devstack@neutron-api.service[103395]: INFO neutron.plugins.ml2.drivers.ovn.mech_driver.mech_driver [None req-c0daa0c3-dfa1-4986-96ad-33f8dca6bc12 None None] WorkerService process has finished the post initialization
May 18 18:32:23.016205 np0000174513 devstack@neutron-api.service[103395]: WSGI app 0 (mountpoint='') ready in 8 seconds on interpreter 0x7571894a3668 pid: 103395 (default app)
May 18 18:32:23.032031 np0000174513 devstack@neutron-api.service[103397]: DEBUG neutron.common.ovn.hash_ring_manager [None req-ac662a0a-e46f-4fb6-a807-2ea0aacccb23 None None] Allow caching, nodes 4>=4 {{(pid=103397) _wait_startup_before_caching /opt/stack/neutron/neutron/common/ovn/hash_ring_manager.py:65}}
May 18 18:32:23.036151 np0000174513 devstack@neutron-api.service[103397]: DEBUG neutron.common.ovn.hash_ring_manager [None req-ac662a0a-e46f-4fb6-a807-2ea0aacccb23 None None] Hash Ring loaded. 4 active nodes. 0 offline nodes {{(pid=103397) _load_hash_ring /opt/stack/neutron/neutron/common/ovn/hash_ring_manager.py:102}}
May 18 18:32:23.036409 np0000174513 devstack@neutron-api.service[103397]: DEBUG neutron.plugins.ml2.drivers.ovn.mech_driver.ovsdb.ovsdb_monitor [None req-ac662a0a-e46f-4fb6-a807-2ea0aacccb23 None None] ChassisAgentWriteEvent : Matched Chassis_Private, create, None None {{(pid=103397) matches /opt/stack/neutron/neutron/plugins/ml2/drivers/ovn/mech_driver/ovsdb/ovsdb_monitor.py:64}}
May 18 18:32:23.036689 np0000174513 devstack@neutron-api.service[103397]: DEBUG neutron.plugins.ml2.drivers.ovn.mech_driver.ovsdb.ovsdb_monitor [None req-ac662a0a-e46f-4fb6-a807-2ea0aacccb23 None None] ChassisOVNAgentWriteEvent : Matched Chassis_Private, create, None None {{(pid=103397) matches /opt/stack/neutron/neutron/plugins/ml2/drivers/ovn/mech_driver/ovsdb/ovsdb_monitor.py:64}}
May 18 18:32:23.040255 np0000174513 devstack@neutron-api.service[103397]: INFO neutron.plugins.ml2.drivers.ovn.mech_driver.mech_driver [None req-ac662a0a-e46f-4fb6-a807-2ea0aacccb23 None None] WorkerService process has finished the post initialization
May 18 18:32:23.041767 np0000174513 devstack@neutron-api.service[103397]: WSGI app 0 (mountpoint='') ready in 8 seconds on interpreter 0x7571894a3668 pid: 103397 (default app)
May 18 18:32:24.711939 np0000174513 devstack@neutron-api.service[103397]: DEBUG neutron.plugins.ml2.drivers.ovn.mech_driver.ovsdb.ovsdb_monitor [-] Hash Ring: Node 210d4f5f87f5500a85c922459a521f61 (host: np0000174513) handling event "update" for row 4d1abb6b-157f-43b3-983d-c327fcbd3e93 (table: Connection) {{(pid=103397) notify /opt/stack/neutron/neutron/plugins/ml2/drivers/ovn/mech_driver/ovsdb/ovsdb_monitor.py:942}}
May 18 18:32:24.716245 np0000174513 devstack@neutron-api.service[103396]: DEBUG neutron.common.ovn.hash_ring_manager [-] Allow caching, nodes 4>=4 {{(pid=103396) _wait_startup_before_caching /opt/stack/neutron/neutron/common/ovn/hash_ring_manager.py:65}}
May 18 18:32:24.716544 np0000174513 devstack@neutron-api.service[103396]: DEBUG neutron.plugins.ml2.drivers.ovn.mech_driver.ovsdb.ovsdb_monitor [-] Hash Ring: Node 9ceff8c1054950eebb87f617dc9d766b (host: np0000174513) handling event "update" for row 4d1abb6b-157f-43b3-983d-c327fcbd3e93 (table: Connection) {{(pid=103396) notify /opt/stack/neutron/neutron/plugins/ml2/drivers/ovn/mech_driver/ovsdb/ovsdb_monitor.py:942}}
May 18 18:32:27.207028 np0000174513 devstack@neutron-api.service[103396]: DEBUG neutron.plugins.ml2.drivers.ovn.mech_driver.ovsdb.ovsdb_monitor [-] Hash Ring: Node 9ceff8c1054950eebb87f617dc9d766b (host: np0000174513) handling event "update" for row 4d1abb6b-157f-43b3-983d-c327fcbd3e93 (table: Connection) {{(pid=103396) notify /opt/stack/neutron/neutron/plugins/ml2/drivers/ovn/mech_driver/ovsdb/ovsdb_monitor.py:942}}
May 18 18:32:27.207895 np0000174513 devstack@neutron-api.service[103397]: DEBUG neutron.plugins.ml2.drivers.ovn.mech_driver.ovsdb.ovsdb_monitor [-] Hash Ring: Node 210d4f5f87f5500a85c922459a521f61 (host: np0000174513) handling event "update" for row 4d1abb6b-157f-43b3-983d-c327fcbd3e93 (table: Connection) {{(pid=103397) notify /opt/stack/neutron/neutron/plugins/ml2/drivers/ovn/mech_driver/ovsdb/ovsdb_monitor.py:942}}
May 18 18:32:29.368022 np0000174513 devstack@neutron-api.service[103398]: DEBUG neutron.api.wsgi [None req-872d2145-ddd2-4d6a-91f5-25e5756dc4fe admin admin] Missing Content-Type {{(pid=103398) get_content_type /opt/stack/neutron/neutron/api/wsgi.py:80}}
May 18 18:32:29.368600 np0000174513 devstack@neutron-api.service[103398]: DEBUG neutron.api.wsgi [None req-872d2145-ddd2-4d6a-91f5-25e5756dc4fe admin admin] https://199.204.45.22/networking/v2.0/extensions returned with HTTP 200 {{(pid=103398) __call__ /opt/stack/neutron/neutron/api/wsgi.py:540}}
May 18 18:32:29.368811 np0000174513 devstack@neutron-api.service[103398]: [pid: 103398|app: 0|req: 1/2] 199.204.45.22 () {64 vars in 1316 bytes} [Mon May 18 18:32:29 2026] GET /networking/v2.0/extensions => generated 15209 bytes in 277 msecs (HTTP/1.1 200) 4 headers in 159 bytes (1 switches on core 0)
May 18 18:32:29.750481 np0000174513 devstack@neutron-api.service[103396]: DEBUG neutron.api.v2.base [None req-78acf26d-7609-4087-9a08-a1f2bd728ff0 admin admin] Request body: {'subnetpool': {'default_prefixlen': 26, 'shared': True, 'prefixes': ['10.1.0.0/20'], 'is_default': True, 'name': 'shared-default-subnetpool-v4'}} {{(pid=103396) prepare_request_body /opt/stack/neutron/neutron/api/v2/base.py:727}}
May 18 18:32:30.113146 np0000174513 devstack@neutron-api.service[103396]: DEBUG neutron.policy [None req-78acf26d-7609-4087-9a08-a1f2bd728ff0 admin admin] Loaded default policies from ['neutron'] under neutron.policies entry points {{(pid=103396) register_rules /opt/stack/neutron/neutron/policy.py:65}}
May 18 18:32:30.264312 np0000174513 devstack@neutron-api.service[103396]: DEBUG neutron_lib.callbacks.manager [None req-78acf26d-7609-4087-9a08-a1f2bd728ff0 admin admin] Publish callbacks ['neutron.objects.securitygroup.RbacNeutronDbObjectMixin.validate_rbac_policy_change-2466841511551', 'neutron.objects.address_group.RbacNeutronDbObjectMixin.validate_rbac_policy_change-2466841509452', 'neutron.objects.network.RbacNeutronDbObjectMixin.validate_rbac_policy_change-2466841228567', 'neutron.objects.qos.policy.RbacNeutronDbObjectMixin.validate_rbac_policy_change-2466841229512', 'neutron.objects.subnetpool.RbacNeutronDbObjectMixin.validate_rbac_policy_change-2466841209183', 'neutron.objects.address_scope.RbacNeutronDbObjectMixin.validate_rbac_policy_change-2466841188320', 'neutron.plugins.ml2.plugin.External_net_db_mixin._process_ext_policy_create-1107604', 'neutron.plugins.ml2.plugin.NeutronDbPluginV2.validate_network_rbac_policy_change-2041504'] for rbac-policy (None), before_create {{(pid=103396) _notify_loop /opt/stack/data/venv/lib/python3.12/site-packages/neutron_lib/callbacks/manager.py:184}}
May 18 18:32:30.314599 np0000174513 devstack@neutron-api.service[103396]: DEBUG neutron_lib.callbacks.manager [None req-78acf26d-7609-4087-9a08-a1f2bd728ff0 admin admin] Publish callbacks [] for subnetpool (None), before_response {{(pid=103396) _notify_loop /opt/stack/data/venv/lib/python3.12/site-packages/neutron_lib/callbacks/manager.py:184}}
May 18 18:32:30.315512 np0000174513 devstack@neutron-api.service[103396]: [pid: 103396|app: 0|req: 2/3] 199.204.45.22 () {68 vars in 1360 bytes} [Mon May 18 18:32:29 2026] POST /networking/v2.0/subnetpools => generated 533 bytes in 669 msecs (HTTP/1.1 201) 4 headers in 162 bytes (1 switches on core 0)
May 18 18:32:30.642236 np0000174513 devstack@neutron-api.service[103395]: DEBUG neutron.api.v2.base [None req-88de564d-a306-47b4-bd6a-0c96ce385b97 admin admin] Request body: {'subnetpool': {'default_prefixlen': 64, 'shared': True, 'prefixes': ['fd7d:1d76:24ba::/56'], 'is_default': True, 'name': 'shared-default-subnetpool-v6'}} {{(pid=103395) prepare_request_body /opt/stack/neutron/neutron/api/v2/base.py:727}}
May 18 18:32:30.810395 np0000174513 devstack@neutron-api.service[103395]: DEBUG neutron.policy [None req-88de564d-a306-47b4-bd6a-0c96ce385b97 admin admin] Loaded default policies from ['neutron'] under neutron.policies entry points {{(pid=103395) register_rules /opt/stack/neutron/neutron/policy.py:65}}
May 18 18:32:30.952652 np0000174513 devstack@neutron-api.service[103395]: DEBUG neutron_lib.callbacks.manager [None req-88de564d-a306-47b4-bd6a-0c96ce385b97 admin admin] Publish callbacks ['neutron.objects.securitygroup.RbacNeutronDbObjectMixin.validate_rbac_policy_change-2466841603655', 'neutron.objects.address_group.RbacNeutronDbObjectMixin.validate_rbac_policy_change-2466841384506', 'neutron.objects.network.RbacNeutronDbObjectMixin.validate_rbac_policy_change-2466841249638', 'neutron.objects.qos.policy.RbacNeutronDbObjectMixin.validate_rbac_policy_change-2466841247133', 'neutron.objects.subnetpool.RbacNeutronDbObjectMixin.validate_rbac_policy_change-2466841237719', 'neutron.objects.address_scope.RbacNeutronDbObjectMixin.validate_rbac_policy_change-2466841237063', 'neutron.plugins.ml2.plugin.External_net_db_mixin._process_ext_policy_create-904928', 'neutron.plugins.ml2.plugin.NeutronDbPluginV2.validate_network_rbac_policy_change-142992'] for rbac-policy (None), before_create {{(pid=103395) _notify_loop /opt/stack/data/venv/lib/python3.12/site-packages/neutron_lib/callbacks/manager.py:184}}
May 18 18:32:30.996956 np0000174513 devstack@neutron-api.service[103395]: DEBUG neutron_lib.callbacks.manager [None req-88de564d-a306-47b4-bd6a-0c96ce385b97 admin admin] Publish callbacks [] for subnetpool (None), before_response {{(pid=103395) _notify_loop /opt/stack/data/venv/lib/python3.12/site-packages/neutron_lib/callbacks/manager.py:184}}
May 18 18:32:30.997736 np0000174513 devstack@neutron-api.service[103395]: [pid: 103395|app: 0|req: 1/4] 199.204.45.22 () {68 vars in 1360 bytes} [Mon May 18 18:32:30 2026] POST /networking/v2.0/subnetpools => generated 543 bytes in 461 msecs (HTTP/1.1 201) 4 headers in 162 bytes (1 switches on core 0)
May 18 18:32:31.397475 np0000174513 devstack@neutron-api.service[103397]: DEBUG neutron.api.v2.base [None req-36efdeb7-7fd1-479b-8390-42e4e5aac972 admin admin] Request body: {'network': {'admin_state_up': True, 'name': 'private'}} {{(pid=103397) prepare_request_body /opt/stack/neutron/neutron/api/v2/base.py:727}}
May 18 18:32:31.422857 np0000174513 devstack@neutron-api.service[103397]: DEBUG neutron.pecan_wsgi.hooks.quota_enforcement [None req-36efdeb7-7fd1-479b-8390-42e4e5aac972 admin admin] Made reservation on behalf of a257ee47623545bcb10bc94257bc7025 for: {'network': 1} {{(pid=103397) before /opt/stack/neutron/neutron/pecan_wsgi/hooks/quota_enforcement.py:66}}
May 18 18:32:31.616751 np0000174513 devstack@neutron-api.service[103397]: DEBUG neutron.policy [None req-36efdeb7-7fd1-479b-8390-42e4e5aac972 admin admin] Loaded default policies from ['neutron'] under neutron.policies entry points {{(pid=103397) register_rules /opt/stack/neutron/neutron/policy.py:65}}
May 18 18:32:31.719922 np0000174513 devstack@neutron-api.service[103397]: DEBUG neutron_lib.callbacks.manager [None req-36efdeb7-7fd1-479b-8390-42e4e5aac972 admin admin] Publish callbacks ['neutron.plugins.ml2.plugin.SecurityGroupDbMixin._ensure_default_security_group_handler-68912'] for network (None), before_create {{(pid=103397) _notify_loop /opt/stack/data/venv/lib/python3.12/site-packages/neutron_lib/callbacks/manager.py:184}}
May 18 18:32:31.742267 np0000174513 devstack@neutron-api.service[103397]: DEBUG neutron_lib.callbacks.manager [None req-36efdeb7-7fd1-479b-8390-42e4e5aac972 admin admin] Publish callbacks [] for security_group (None), before_create {{(pid=103397) _notify_loop /opt/stack/data/venv/lib/python3.12/site-packages/neutron_lib/callbacks/manager.py:184}}
May 18 18:32:31.843181 np0000174513 devstack@neutron-api.service[103397]: DEBUG neutron_lib.callbacks.manager [None req-36efdeb7-7fd1-479b-8390-42e4e5aac972 admin admin] Publish callbacks ['neutron.plugins.ml2.drivers.ovn.mech_driver.mech_driver.OVNMechanismDriver._create_security_group_precommit-330747'] for security_group (d5b92257-7f0b-4cc3-946d-4d04bb92d9f9), precommit_create {{(pid=103397) _notify_loop /opt/stack/data/venv/lib/python3.12/site-packages/neutron_lib/callbacks/manager.py:184}}
May 18 18:32:31.843436 np0000174513 devstack@neutron-api.service[103397]: DEBUG neutron.db.ovn_revision_numbers_db [None req-36efdeb7-7fd1-479b-8390-42e4e5aac972 admin admin] create_initial_revision uuid=d5b92257-7f0b-4cc3-946d-4d04bb92d9f9, type=security_groups, rev=-1 {{(pid=103397) create_initial_revision /opt/stack/neutron/neutron/db/ovn_revision_numbers_db.py:98}}
May 18 18:32:31.845731 np0000174513 devstack@neutron-api.service[103397]: DEBUG neutron.db.ovn_revision_numbers_db [None req-36efdeb7-7fd1-479b-8390-42e4e5aac972 admin admin] create_initial_revision uuid=5be182f7-6c80-424d-af80-f2b70b7ba48e, type=security_group_rules, rev=-1 {{(pid=103397) create_initial_revision /opt/stack/neutron/neutron/db/ovn_revision_numbers_db.py:98}}
May 18 18:32:31.846784 np0000174513 devstack@neutron-api.service[103397]: DEBUG neutron.db.ovn_revision_numbers_db [None req-36efdeb7-7fd1-479b-8390-42e4e5aac972 admin admin] create_initial_revision uuid=96fedb28-9d51-405f-a20d-2454edd07f2b, type=security_group_rules, rev=-1 {{(pid=103397) create_initial_revision /opt/stack/neutron/neutron/db/ovn_revision_numbers_db.py:98}}
May 18 18:32:31.847905 np0000174513 devstack@neutron-api.service[103397]: DEBUG neutron.db.ovn_revision_numbers_db [None req-36efdeb7-7fd1-479b-8390-42e4e5aac972 admin admin] create_initial_revision uuid=bc3f9e66-283f-425d-b1c8-b7be30ae6b70, type=security_group_rules, rev=-1 {{(pid=103397) create_initial_revision /opt/stack/neutron/neutron/db/ovn_revision_numbers_db.py:98}}
May 18 18:32:31.849222 np0000174513 devstack@neutron-api.service[103397]: DEBUG neutron.db.ovn_revision_numbers_db [None req-36efdeb7-7fd1-479b-8390-42e4e5aac972 admin admin] create_initial_revision uuid=f496bb78-f525-453f-b4fc-eeeba8d7b6da, type=security_group_rules, rev=-1 {{(pid=103397) create_initial_revision /opt/stack/neutron/neutron/db/ovn_revision_numbers_db.py:98}}
May 18 18:32:31.857682 np0000174513 devstack@neutron-api.service[103397]: DEBUG neutron_lib.callbacks.manager [None req-36efdeb7-7fd1-479b-8390-42e4e5aac972 admin admin] Publish callbacks ['neutron.plugins.ml2.drivers.ovn.mech_driver.mech_driver.OVNMechanismDriver._create_security_group-330721', 'neutron.plugins.ml2.ovo_rpc._ObjectChangeHandler.handle_event-2768753'] for security_group (d5b92257-7f0b-4cc3-946d-4d04bb92d9f9), after_create {{(pid=103397) _notify_loop /opt/stack/data/venv/lib/python3.12/site-packages/neutron_lib/callbacks/manager.py:184}}
May 18 18:32:31.858030 np0000174513 devstack@neutron-api.service[103397]: INFO neutron.plugins.ml2.drivers.ovn.mech_driver.ovsdb.extensions.qos [None req-36efdeb7-7fd1-479b-8390-42e4e5aac972 admin admin] Starting OVNClientQosExtension
May 18 18:32:31.858275 np0000174513 devstack@neutron-api.service[103397]: INFO neutron.plugins.ml2.drivers.ovn.mech_driver.ovsdb.extensions.placement [None req-36efdeb7-7fd1-479b-8390-42e4e5aac972 admin admin] Starting OVNClientPlacementExtension
May 18 18:32:31.860048 np0000174513 devstack@neutron-api.service[103397]: DEBUG ovsdbapp.backend.ovs_idl.transaction [-] Running txn n=1 command(idx=0): PgAddCommand(_result=None, name=pg_d5b92257_7f0b_4cc3_946d_4d04bb92d9f9, may_exist=False, columns={'acls': [], 'external_ids': {'neutron:security_group_id': 'd5b92257-7f0b-4cc3-946d-4d04bb92d9f9'}}) {{(pid=103397) do_commit /opt/stack/data/venv/lib/python3.12/site-packages/ovsdbapp/backend/ovs_idl/transaction.py:89}}
May 18 18:32:31.862090 np0000174513 devstack@neutron-api.service[103397]: DEBUG ovsdbapp.backend.ovs_idl.transaction [-] Running txn n=1 command(idx=1): PgAclAddCommand(_result=None, entity=pg_d5b92257_7f0b_4cc3_946d_4d04bb92d9f9, direction=from-lport, priority=1002, match=inport == @pg_d5b92257_7f0b_4cc3_946d_4d04bb92d9f9 && ip4, action=allow-related, log=False, may_exist=True, severity=[], name=[], meter=[], external_ids={'neutron:security_group_rule_id': '5be182f7-6c80-424d-af80-f2b70b7ba48e'}) {{(pid=103397) do_commit /opt/stack/data/venv/lib/python3.12/site-packages/ovsdbapp/backend/ovs_idl/transaction.py:89}}
May 18 18:32:31.862885 np0000174513 devstack@neutron-api.service[103397]: DEBUG ovsdbapp.backend.ovs_idl.transaction [-] Running txn n=1 command(idx=2): PgAclAddCommand(_result=None, entity=pg_d5b92257_7f0b_4cc3_946d_4d04bb92d9f9, direction=from-lport, priority=1002, match=inport == @pg_d5b92257_7f0b_4cc3_946d_4d04bb92d9f9 && ip6, action=allow-related, log=False, may_exist=True, severity=[], name=[], meter=[], external_ids={'neutron:security_group_rule_id': '96fedb28-9d51-405f-a20d-2454edd07f2b'}) {{(pid=103397) do_commit /opt/stack/data/venv/lib/python3.12/site-packages/ovsdbapp/backend/ovs_idl/transaction.py:89}}
May 18 18:32:31.863474 np0000174513 devstack@neutron-api.service[103397]: DEBUG ovsdbapp.backend.ovs_idl.transaction [-] Running txn n=1 command(idx=3): PgAclAddCommand(_result=None, entity=pg_d5b92257_7f0b_4cc3_946d_4d04bb92d9f9, direction=to-lport, priority=1002, match=outport == @pg_d5b92257_7f0b_4cc3_946d_4d04bb92d9f9 && ip6 && ip6.src == $pg_d5b92257_7f0b_4cc3_946d_4d04bb92d9f9_ip6, action=allow-related, log=False, may_exist=True, severity=[], name=[], meter=[], external_ids={'neutron:security_group_rule_id': 'bc3f9e66-283f-425d-b1c8-b7be30ae6b70'}) {{(pid=103397) do_commit /opt/stack/data/venv/lib/python3.12/site-packages/ovsdbapp/backend/ovs_idl/transaction.py:89}}
May 18 18:32:31.864010 np0000174513 devstack@neutron-api.service[103397]: DEBUG ovsdbapp.backend.ovs_idl.transaction [-] Running txn n=1 command(idx=4): PgAclAddCommand(_result=None, entity=pg_d5b92257_7f0b_4cc3_946d_4d04bb92d9f9, direction=to-lport, priority=1002, match=outport == @pg_d5b92257_7f0b_4cc3_946d_4d04bb92d9f9 && ip4 && ip4.src == $pg_d5b92257_7f0b_4cc3_946d_4d04bb92d9f9_ip4, action=allow-related, log=False, may_exist=True, severity=[], name=[], meter=[], external_ids={'neutron:security_group_rule_id': 'f496bb78-f525-453f-b4fc-eeeba8d7b6da'}) {{(pid=103397) do_commit /opt/stack/data/venv/lib/python3.12/site-packages/ovsdbapp/backend/ovs_idl/transaction.py:89}}
May 18 18:32:31.874326 np0000174513 devstack@neutron-api.service[103397]: DEBUG neutron.plugins.ml2.drivers.ovn.mech_driver.ovsdb.ovsdb_monitor [-] Hash Ring: Node 210d4f5f87f5500a85c922459a521f61 (host: np0000174513) handling event "create" for row 4a8f2e4a-49d1-429e-93f9-77c391ea50d2 (table: ACL) {{(pid=103397) notify /opt/stack/neutron/neutron/plugins/ml2/drivers/ovn/mech_driver/ovsdb/ovsdb_monitor.py:942}}
May 18 18:32:31.874479 np0000174513 devstack@neutron-api.service[103398]: DEBUG neutron.plugins.ml2.drivers.ovn.mech_driver.ovsdb.ovsdb_monitor [-] Hash Ring: Node 6e1f49f4fc6f5ddcb729327b62cf950f (host: np0000174513) handling event "create" for row 4c587734-7fbe-4275-b303-f5efd343c801 (table: ACL) {{(pid=103398) notify /opt/stack/neutron/neutron/plugins/ml2/drivers/ovn/mech_driver/ovsdb/ovsdb_monitor.py:942}}
May 18 18:32:31.874879 np0000174513 devstack@neutron-api.service[103395]: DEBUG neutron.plugins.ml2.drivers.ovn.mech_driver.ovsdb.ovsdb_monitor [-] Hash Ring: Node 5fe18c568cfe53d89069e5cc493d81db (host: np0000174513) handling event "create" for row b63607ba-8c32-421f-ae2d-1a4e2ae09f69 (table: ACL) {{(pid=103395) notify /opt/stack/neutron/neutron/plugins/ml2/drivers/ovn/mech_driver/ovsdb/ovsdb_monitor.py:942}}
May 18 18:32:31.875691 np0000174513 devstack@neutron-api.service[103396]: DEBUG neutron.plugins.ml2.drivers.ovn.mech_driver.ovsdb.ovsdb_monitor [-] Hash Ring: Node 9ceff8c1054950eebb87f617dc9d766b (host: np0000174513) handling event "create" for row 40b3b422-c3e9-41f4-be1b-48027b72559d (table: ACL) {{(pid=103396) notify /opt/stack/neutron/neutron/plugins/ml2/drivers/ovn/mech_driver/ovsdb/ovsdb_monitor.py:942}}
May 18 18:32:31.875915 np0000174513 devstack@neutron-api.service[103396]: DEBUG neutron.plugins.ml2.drivers.ovn.mech_driver.ovsdb.ovsdb_monitor [-] Hash Ring: Node 9ceff8c1054950eebb87f617dc9d766b (host: np0000174513) handling event "create" for row 4a8f2e4a-49d1-429e-93f9-77c391ea50d2 (table: ACL) {{(pid=103396) notify /opt/stack/neutron/neutron/plugins/ml2/drivers/ovn/mech_driver/ovsdb/ovsdb_monitor.py:942}}
May 18 18:32:31.876025 np0000174513 devstack@neutron-api.service[103396]: DEBUG neutron.plugins.ml2.drivers.ovn.mech_driver.ovsdb.ovsdb_monitor [-] Hash Ring: Node 9ceff8c1054950eebb87f617dc9d766b (host: np0000174513) handling event "create" for row 4c587734-7fbe-4275-b303-f5efd343c801 (table: ACL) {{(pid=103396) notify /opt/stack/neutron/neutron/plugins/ml2/drivers/ovn/mech_driver/ovsdb/ovsdb_monitor.py:942}}
May 18 18:32:31.876151 np0000174513 devstack@neutron-api.service[103396]: DEBUG neutron.plugins.ml2.drivers.ovn.mech_driver.ovsdb.ovsdb_monitor [-] Hash Ring: Node 9ceff8c1054950eebb87f617dc9d766b (host: np0000174513) handling event "create" for row b63607ba-8c32-421f-ae2d-1a4e2ae09f69 (table: ACL) {{(pid=103396) notify /opt/stack/neutron/neutron/plugins/ml2/drivers/ovn/mech_driver/ovsdb/ovsdb_monitor.py:942}}
May 18 18:32:31.876268 np0000174513 devstack@neutron-api.service[103396]: DEBUG neutron.plugins.ml2.drivers.ovn.mech_driver.ovsdb.ovsdb_monitor [-] Hash Ring: Node 9ceff8c1054950eebb87f617dc9d766b (host: np0000174513) handling event "create" for row 3df521f7-e4e9-413f-a2d8-9a94e9b41b9a (table: Port_Group) {{(pid=103396) notify /opt/stack/neutron/neutron/plugins/ml2/drivers/ovn/mech_driver/ovsdb/ovsdb_monitor.py:942}}
May 18 18:32:31.901579 np0000174513 devstack@neutron-api.service[103397]: INFO neutron.db.ovn_revision_numbers_db [None req-36efdeb7-7fd1-479b-8390-42e4e5aac972 admin admin] Successfully bumped revision number for resource d5b92257-7f0b-4cc3-946d-4d04bb92d9f9 (type: security_groups) to 1
May 18 18:32:31.918465 np0000174513 devstack@neutron-api.service[103397]: INFO neutron.db.ovn_revision_numbers_db [None req-36efdeb7-7fd1-479b-8390-42e4e5aac972 admin admin] Successfully bumped revision number for resource 5be182f7-6c80-424d-af80-f2b70b7ba48e (type: security_group_rules) to 0
May 18 18:32:31.931159 np0000174513 devstack@neutron-api.service[103397]: INFO neutron.db.ovn_revision_numbers_db [None req-36efdeb7-7fd1-479b-8390-42e4e5aac972 admin admin] Successfully bumped revision number for resource 96fedb28-9d51-405f-a20d-2454edd07f2b (type: security_group_rules) to 0
May 18 18:32:31.944006 np0000174513 devstack@neutron-api.service[103397]: INFO neutron.db.ovn_revision_numbers_db [None req-36efdeb7-7fd1-479b-8390-42e4e5aac972 admin admin] Successfully bumped revision number for resource bc3f9e66-283f-425d-b1c8-b7be30ae6b70 (type: security_group_rules) to 0
May 18 18:32:31.956531 np0000174513 devstack@neutron-api.service[103397]: INFO neutron.db.ovn_revision_numbers_db [None req-36efdeb7-7fd1-479b-8390-42e4e5aac972 admin admin] Successfully bumped revision number for resource f496bb78-f525-453f-b4fc-eeeba8d7b6da (type: security_group_rules) to 0
May 18 18:32:31.980899 np0000174513 devstack@neutron-api.service[103397]: DEBUG neutron.api.rpc.handlers.resources_rpc [None req-36efdeb7-7fd1-479b-8390-42e4e5aac972 admin admin] Pushing event updated for resources: {'SecurityGroup': ['ID=d5b92257-7f0b-4cc3-946d-4d04bb92d9f9,revision_number=1']} {{(pid=103397) push /opt/stack/neutron/neutron/api/rpc/handlers/resources_rpc.py:237}}
May 18 18:32:31.988428 np0000174513 devstack@neutron-api.service[103397]: DEBUG ovsdbapp.backend.ovs_idl.transaction [-] Running txn n=1 command(idx=0): CheckLivenessCommand(_result=None) {{(pid=103397) do_commit /opt/stack/data/venv/lib/python3.12/site-packages/ovsdbapp/backend/ovs_idl/transaction.py:89}}
May 18 18:32:31.992318 np0000174513 devstack@neutron-api.service[103396]: DEBUG neutron.plugins.ml2.drivers.ovn.mech_driver.ovsdb.ovsdb_monitor [-] Hash Ring: Node 9ceff8c1054950eebb87f617dc9d766b (host: np0000174513) handling event "update" for row f8e1790f-0325-4932-8588-ff155671e74f (table: NB_Global) {{(pid=103396) notify /opt/stack/neutron/neutron/plugins/ml2/drivers/ovn/mech_driver/ovsdb/ovsdb_monitor.py:942}}
May 18 18:32:31.992910 np0000174513 devstack@neutron-api.service[103398]: DEBUG neutron.plugins.ml2.drivers.ovn.mech_driver.ovsdb.ovsdb_monitor [-] Hash Ring: Node 6e1f49f4fc6f5ddcb729327b62cf950f (host: np0000174513) handling event "update" for row f8e1790f-0325-4932-8588-ff155671e74f (table: NB_Global) {{(pid=103398) notify /opt/stack/neutron/neutron/plugins/ml2/drivers/ovn/mech_driver/ovsdb/ovsdb_monitor.py:942}}
May 18 18:32:31.995283 np0000174513 devstack@neutron-api.service[103398]: DEBUG neutron.plugins.ml2.drivers.ovn.mech_driver.ovsdb.ovsdb_monitor [-] Hash Ring: Node 6e1f49f4fc6f5ddcb729327b62cf950f (host: np0000174513) handling event "update" for row f8e1790f-0325-4932-8588-ff155671e74f (table: NB_Global) {{(pid=103398) notify /opt/stack/neutron/neutron/plugins/ml2/drivers/ovn/mech_driver/ovsdb/ovsdb_monitor.py:942}}
May 18 18:32:31.995499 np0000174513 devstack@neutron-api.service[103396]: DEBUG neutron.plugins.ml2.drivers.ovn.mech_driver.ovsdb.ovsdb_monitor [-] Hash Ring: Node 9ceff8c1054950eebb87f617dc9d766b (host: np0000174513) handling event "update" for row f8e1790f-0325-4932-8588-ff155671e74f (table: NB_Global) {{(pid=103396) notify /opt/stack/neutron/neutron/plugins/ml2/drivers/ovn/mech_driver/ovsdb/ovsdb_monitor.py:942}}
May 18 18:32:31.995692 np0000174513 devstack@neutron-api.service[103397]: DEBUG neutron.api.rpc.callbacks.version_manager [None req-36efdeb7-7fd1-479b-8390-42e4e5aac972 admin admin] Tracked resource versions report:
May 18 18:32:31.995692 np0000174513 devstack@neutron-api.service[103397]: pushed versions:
May 18 18:32:31.995692 np0000174513 devstack@neutron-api.service[103397]: { 'AddressGroup': {'1.2'},
May 18 18:32:31.995692 np0000174513 devstack@neutron-api.service[103397]: 'Agent': {'1.1'},
May 18 18:32:31.995692 np0000174513 devstack@neutron-api.service[103397]: 'ConntrackHelper': {'1.0'},
May 18 18:32:31.995692 np0000174513 devstack@neutron-api.service[103397]: 'LocalIPAssociation': {'1.0'},
May 18 18:32:31.995692 np0000174513 devstack@neutron-api.service[103397]: 'Log': {'1.0'},
May 18 18:32:31.995692 np0000174513 devstack@neutron-api.service[103397]: 'NDPProxy': {'1.0'},
May 18 18:32:31.995692 np0000174513 devstack@neutron-api.service[103397]: 'Network': {'1.2'},
May 18 18:32:31.995692 np0000174513 devstack@neutron-api.service[103397]: 'Port': {'1.10'},
May 18 18:32:31.995692 np0000174513 devstack@neutron-api.service[103397]: 'PortForwarding': {'1.3'},
May 18 18:32:31.995692 np0000174513 devstack@neutron-api.service[103397]: 'QosPolicy': {'1.10'},
May 18 18:32:31.995692 np0000174513 devstack@neutron-api.service[103397]: 'SecurityGroup': {'1.6'},
May 18 18:32:31.995692 np0000174513 devstack@neutron-api.service[103397]: 'SecurityGroupRule': {'1.3'},
May 18 18:32:31.995692 np0000174513 devstack@neutron-api.service[103397]: 'SubPort': {'1.0'},
May 18 18:32:31.995692 np0000174513 devstack@neutron-api.service[103397]: 'Subnet': {'1.2'},
May 18 18:32:31.995692 np0000174513 devstack@neutron-api.service[103397]: 'Trunk': {'1.1'}}
May 18 18:32:31.995692 np0000174513 devstack@neutron-api.service[103397]: consumer versions:
May 18 18:32:31.995692 np0000174513 devstack@neutron-api.service[103397]: {}
May 18 18:32:31.995692 np0000174513 devstack@neutron-api.service[103397]: {{(pid=103397) report /opt/stack/neutron/neutron/api/rpc/callbacks/version_manager.py:183}}
May 18 18:32:31.996468 np0000174513 devstack@neutron-api.service[103396]: DEBUG neutron.plugins.ml2.drivers.ovn.mech_driver.ovsdb.ovsdb_monitor [-] ChassisAgentWriteEvent : Matched Chassis_Private, update, None None {{(pid=103396) matches /opt/stack/neutron/neutron/plugins/ml2/drivers/ovn/mech_driver/ovsdb/ovsdb_monitor.py:64}}
May 18 18:32:31.996601 np0000174513 devstack@neutron-api.service[103398]: DEBUG neutron.plugins.ml2.drivers.ovn.mech_driver.ovsdb.ovsdb_monitor [-] Hash Ring: Node 6e1f49f4fc6f5ddcb729327b62cf950f (host: np0000174513) handling event "update" for row f8e1790f-0325-4932-8588-ff155671e74f (table: NB_Global) {{(pid=103398) notify /opt/stack/neutron/neutron/plugins/ml2/drivers/ovn/mech_driver/ovsdb/ovsdb_monitor.py:942}}
May 18 18:32:31.996971 np0000174513 devstack@neutron-api.service[103395]: DEBUG neutron.plugins.ml2.drivers.ovn.mech_driver.ovsdb.ovsdb_monitor [-] ChassisAgentWriteEvent : Matched Chassis_Private, update, None None {{(pid=103395) matches /opt/stack/neutron/neutron/plugins/ml2/drivers/ovn/mech_driver/ovsdb/ovsdb_monitor.py:64}}
May 18 18:32:31.997118 np0000174513 devstack@neutron-api.service[103398]: DEBUG neutron.plugins.ml2.drivers.ovn.mech_driver.ovsdb.ovsdb_monitor [-] Hash Ring: Node 6e1f49f4fc6f5ddcb729327b62cf950f (host: np0000174513) handling event "update" for row f8e1790f-0325-4932-8588-ff155671e74f (table: NB_Global) {{(pid=103398) notify /opt/stack/neutron/neutron/plugins/ml2/drivers/ovn/mech_driver/ovsdb/ovsdb_monitor.py:942}}
May 18 18:32:32.001224 np0000174513 devstack@neutron-api.service[103396]: DEBUG neutron.plugins.ml2.drivers.ovn.mech_driver.ovsdb.ovsdb_monitor [-] Hash Ring: Node 9ceff8c1054950eebb87f617dc9d766b (host: np0000174513) handling event "update" for row f8e1790f-0325-4932-8588-ff155671e74f (table: NB_Global) {{(pid=103396) notify /opt/stack/neutron/neutron/plugins/ml2/drivers/ovn/mech_driver/ovsdb/ovsdb_monitor.py:942}}
May 18 18:32:32.001384 np0000174513 devstack@neutron-api.service[103398]: DEBUG neutron.plugins.ml2.drivers.ovn.mech_driver.ovsdb.ovsdb_monitor [-] ChassisAgentWriteEvent : Matched Chassis_Private, update, None None {{(pid=103398) matches /opt/stack/neutron/neutron/plugins/ml2/drivers/ovn/mech_driver/ovsdb/ovsdb_monitor.py:64}}
May 18 18:32:32.001479 np0000174513 devstack@neutron-api.service[103396]: DEBUG neutron.plugins.ml2.drivers.ovn.mech_driver.ovsdb.ovsdb_monitor [-] Hash Ring: Node 9ceff8c1054950eebb87f617dc9d766b (host: np0000174513) handling event "update" for row f8e1790f-0325-4932-8588-ff155671e74f (table: NB_Global) {{(pid=103396) notify /opt/stack/neutron/neutron/plugins/ml2/drivers/ovn/mech_driver/ovsdb/ovsdb_monitor.py:942}}
May 18 18:32:32.001816 np0000174513 devstack@neutron-api.service[103396]: DEBUG neutron.common.ovn.hash_ring_manager [-] Allow caching, nodes 4>=4 {{(pid=103396) _wait_startup_before_caching /opt/stack/neutron/neutron/common/ovn/hash_ring_manager.py:65}}
May 18 18:32:32.002005 np0000174513 devstack@neutron-api.service[103396]: DEBUG neutron.plugins.ml2.drivers.ovn.mech_driver.ovsdb.ovsdb_monitor [-] Hash Ring: Node 9ceff8c1054950eebb87f617dc9d766b (host: np0000174513) handling event "update" for row bdfbd398-fcf4-4ebd-bcb8-be5e6061c1f1 (table: Chassis_Private) {{(pid=103396) notify /opt/stack/neutron/neutron/plugins/ml2/drivers/ovn/mech_driver/ovsdb/ovsdb_monitor.py:942}}
May 18 18:32:32.003437 np0000174513 devstack@neutron-api.service[103397]: DEBUG neutron.plugins.ml2.drivers.ovn.mech_driver.ovsdb.ovsdb_monitor [-] ChassisAgentWriteEvent : Matched Chassis_Private, update, None None {{(pid=103397) matches /opt/stack/neutron/neutron/plugins/ml2/drivers/ovn/mech_driver/ovsdb/ovsdb_monitor.py:64}}
May 18 18:32:32.005994 np0000174513 devstack@neutron-api.service[103396]: DEBUG neutron.plugins.ml2.drivers.ovn.mech_driver.ovsdb.ovsdb_monitor [-] ChassisOVNAgentWriteEvent : Matched Chassis_Private, update, None None {{(pid=103396) matches /opt/stack/neutron/neutron/plugins/ml2/drivers/ovn/mech_driver/ovsdb/ovsdb_monitor.py:64}}
May 18 18:32:32.006224 np0000174513 devstack@neutron-api.service[103396]: DEBUG neutron.plugins.ml2.drivers.ovn.mech_driver.ovsdb.ovsdb_monitor [-] Hash Ring: Node 9ceff8c1054950eebb87f617dc9d766b (host: np0000174513) handling event "update" for row bdfbd398-fcf4-4ebd-bcb8-be5e6061c1f1 (table: Chassis_Private) {{(pid=103396) notify /opt/stack/neutron/neutron/plugins/ml2/drivers/ovn/mech_driver/ovsdb/ovsdb_monitor.py:942}}
May 18 18:32:32.006753 np0000174513 devstack@neutron-api.service[103395]: DEBUG neutron.plugins.ml2.drivers.ovn.mech_driver.ovsdb.ovsdb_monitor [-] ChassisOVNAgentWriteEvent : Matched Chassis_Private, update, None None {{(pid=103395) matches /opt/stack/neutron/neutron/plugins/ml2/drivers/ovn/mech_driver/ovsdb/ovsdb_monitor.py:64}}
May 18 18:32:32.006972 np0000174513 devstack@neutron-api.service[103397]: DEBUG neutron.plugins.ml2.drivers.ovn.mech_driver.ovsdb.ovsdb_monitor [-] ChassisOVNAgentWriteEvent : Matched Chassis_Private, update, None None {{(pid=103397) matches /opt/stack/neutron/neutron/plugins/ml2/drivers/ovn/mech_driver/ovsdb/ovsdb_monitor.py:64}}
May 18 18:32:32.008659 np0000174513 devstack@neutron-api.service[103398]: DEBUG neutron.plugins.ml2.drivers.ovn.mech_driver.ovsdb.ovsdb_monitor [-] ChassisOVNAgentWriteEvent : Matched Chassis_Private, update, None None {{(pid=103398) matches /opt/stack/neutron/neutron/plugins/ml2/drivers/ovn/mech_driver/ovsdb/ovsdb_monitor.py:64}}
May 18 18:32:32.059819 np0000174513 devstack@neutron-api.service[103397]: DEBUG neutron.plugins.ml2.drivers.helpers [None req-36efdeb7-7fd1-479b-8390-42e4e5aac972 admin admin] geneve segment allocate from pool success with {'geneve_vni': 44604} {{(pid=103397) allocate_partially_specified_segment /opt/stack/neutron/neutron/plugins/ml2/drivers/helpers.py:142}}
May 18 18:32:32.070920 np0000174513 devstack@neutron-api.service[103397]: DEBUG neutron_lib.callbacks.manager [None req-36efdeb7-7fd1-479b-8390-42e4e5aac972 admin admin] Publish callbacks ['neutron.services.segments.db._add_segment_host_mapping_for_segment-8070648832564', 'neutron.plugins.ml2.plugin.Ml2Plugin._handle_segment_change-879352'] for segment (fe780702-e996-4b30-aa59-b91728eec66a), precommit_create {{(pid=103397) _notify_loop /opt/stack/data/venv/lib/python3.12/site-packages/neutron_lib/callbacks/manager.py:184}}
May 18 18:32:32.071045 np0000174513 devstack@neutron-api.service[103397]: INFO neutron.db.segments_db [None req-36efdeb7-7fd1-479b-8390-42e4e5aac972 admin admin] Added segment fe780702-e996-4b30-aa59-b91728eec66a of type geneve for network a1e0d226-4b74-45fa-8f40-a02623ab48bf
May 18 18:32:32.118189 np0000174513 devstack@neutron-api.service[103397]: DEBUG neutron_lib.callbacks.manager [None req-36efdeb7-7fd1-479b-8390-42e4e5aac972 admin admin] Publish callbacks ['neutron.services.auto_allocate.db._ensure_external_network_default_value_callback-8070647563328'] for network (a1e0d226-4b74-45fa-8f40-a02623ab48bf), precommit_create {{(pid=103397) _notify_loop /opt/stack/data/venv/lib/python3.12/site-packages/neutron_lib/callbacks/manager.py:184}}
May 18 18:32:32.133345 np0000174513 devstack@neutron-api.service[103397]: DEBUG neutron.plugins.ml2.drivers.ovn.mech_driver.mech_driver [None req-36efdeb7-7fd1-479b-8390-42e4e5aac972 admin admin] Validating network segment with type geneve, segmentation ID 44604, physical network None {{(pid=103397) _validate_network_segments /opt/stack/neutron/neutron/plugins/ml2/drivers/ovn/mech_driver/mech_driver.py:641}}
May 18 18:32:32.133471 np0000174513 devstack@neutron-api.service[103397]: DEBUG neutron.db.ovn_revision_numbers_db [None req-36efdeb7-7fd1-479b-8390-42e4e5aac972 admin admin] create_initial_revision uuid=a1e0d226-4b74-45fa-8f40-a02623ab48bf, type=networks, rev=-1 {{(pid=103397) create_initial_revision /opt/stack/neutron/neutron/db/ovn_revision_numbers_db.py:98}}
May 18 18:32:32.149855 np0000174513 devstack@neutron-api.service[103397]: DEBUG neutron_lib.callbacks.manager [None req-36efdeb7-7fd1-479b-8390-42e4e5aac972 admin admin] Publish callbacks ['neutron.plugins.ml2.ovo_rpc._ObjectChangeHandler.handle_event-2768756'] for network (a1e0d226-4b74-45fa-8f40-a02623ab48bf), after_create {{(pid=103397) _notify_loop /opt/stack/data/venv/lib/python3.12/site-packages/neutron_lib/callbacks/manager.py:184}}
May 18 18:32:32.196716 np0000174513 devstack@neutron-api.service[103397]: DEBUG neutron.api.rpc.handlers.resources_rpc [None req-36efdeb7-7fd1-479b-8390-42e4e5aac972 admin admin] Pushing event updated for resources: {'Network': ['ID=a1e0d226-4b74-45fa-8f40-a02623ab48bf,revision_number=1']} {{(pid=103397) push /opt/stack/neutron/neutron/api/rpc/handlers/resources_rpc.py:237}}
May 18 18:32:32.205892 np0000174513 devstack@neutron-api.service[103397]: DEBUG ovsdbapp.backend.ovs_idl.transaction [-] Running txn n=1 command(idx=0): AddNetworkCommand(_result=None, network_uuid=a1e0d226-4b74-45fa-8f40-a02623ab48bf, may_exist=True, columns={'external_ids': {'neutron:network_name': 'private', 'neutron:mtu': '1372', 'neutron:revision_number': '1', 'neutron:availability_zone_hints': '', 'neutron:provnet-network-type': 'geneve'}, 'other_config': {'mcast_snoop': 'false', 'mcast_flood_unregistered': 'false', 'vlan-passthru': 'false'}}) {{(pid=103397) do_commit /opt/stack/data/venv/lib/python3.12/site-packages/ovsdbapp/backend/ovs_idl/transaction.py:89}}
May 18 18:32:32.206563 np0000174513 devstack@neutron-api.service[103397]: DEBUG neutron.common.ovn.utils [-] OVS persist_uuid supported=True {{(pid=103397) ovs_persist_uuid_supported /opt/stack/neutron/neutron/common/ovn/utils.py:1537}}
May 18 18:32:32.210776 np0000174513 devstack@neutron-api.service[103396]: DEBUG neutron.plugins.ml2.drivers.ovn.mech_driver.ovsdb.ovsdb_monitor [-] Hash Ring: Node 9ceff8c1054950eebb87f617dc9d766b (host: np0000174513) handling event "create" for row a1e0d226-4b74-45fa-8f40-a02623ab48bf (table: Logical_Switch) {{(pid=103396) notify /opt/stack/neutron/neutron/plugins/ml2/drivers/ovn/mech_driver/ovsdb/ovsdb_monitor.py:942}}
May 18 18:32:32.211989 np0000174513 devstack@neutron-api.service[103395]: DEBUG neutron.plugins.ml2.drivers.ovn.mech_driver.ovsdb.ovsdb_monitor [-] Hash Ring: Node 5fe18c568cfe53d89069e5cc493d81db (host: np0000174513) handling event "create" for row a1e0d226-4b74-45fa-8f40-a02623ab48bf (table: Logical_Switch) {{(pid=103395) notify /opt/stack/neutron/neutron/plugins/ml2/drivers/ovn/mech_driver/ovsdb/ovsdb_monitor.py:942}}
May 18 18:32:32.217719 np0000174513 devstack@neutron-api.service[103396]: DEBUG neutron.plugins.ml2.drivers.ovn.mech_driver.ovsdb.ovsdb_monitor [-] Hash Ring: Node 9ceff8c1054950eebb87f617dc9d766b (host: np0000174513) handling event "create" for row 9901b982-c2c1-4451-93f8-c7f0a5e2b9f7 (table: Datapath_Binding) {{(pid=103396) notify /opt/stack/neutron/neutron/plugins/ml2/drivers/ovn/mech_driver/ovsdb/ovsdb_monitor.py:942}}
May 18 18:32:32.221843 np0000174513 devstack@neutron-api.service[103397]: DEBUG neutron.plugins.ml2.drivers.ovn.mech_driver.ovsdb.ovsdb_monitor [-] Hash Ring: Node 210d4f5f87f5500a85c922459a521f61 (host: np0000174513) handling event "create" for row 9901b982-c2c1-4451-93f8-c7f0a5e2b9f7 (table: Datapath_Binding) {{(pid=103397) notify /opt/stack/neutron/neutron/plugins/ml2/drivers/ovn/mech_driver/ovsdb/ovsdb_monitor.py:942}}
May 18 18:32:32.241701 np0000174513 devstack@neutron-api.service[103397]: INFO neutron.db.ovn_revision_numbers_db [None req-36efdeb7-7fd1-479b-8390-42e4e5aac972 admin admin] Successfully bumped revision number for resource a1e0d226-4b74-45fa-8f40-a02623ab48bf (type: networks) to 1
May 18 18:32:32.298977 np0000174513 devstack@neutron-api.service[103397]: DEBUG neutron_lib.callbacks.manager [None req-36efdeb7-7fd1-479b-8390-42e4e5aac972 admin admin] Publish callbacks ['neutron.plugins.ml2.plugin.SecurityGroupDbMixin._ensure_default_security_group_handler-68912'] for port (None), before_create {{(pid=103397) _notify_loop /opt/stack/data/venv/lib/python3.12/site-packages/neutron_lib/callbacks/manager.py:184}}
May 18 18:32:32.442642 np0000174513 devstack@neutron-api.service[103397]: DEBUG neutron_lib.callbacks.manager [None req-36efdeb7-7fd1-479b-8390-42e4e5aac972 admin admin] Publish callbacks ['neutron.plugins.ml2.drivers.ovn.mech_driver.mech_driver.OVNMechanismDriver._validate_allowed_address_pairs-330355'] for allowed_address_pair (d0de0b36-5012-43c6-9445-b09c334012e7), before_create {{(pid=103397) _notify_loop /opt/stack/data/venv/lib/python3.12/site-packages/neutron_lib/callbacks/manager.py:184}}
May 18 18:32:32.443469 np0000174513 devstack@neutron-api.service[103397]: DEBUG neutron_lib.callbacks.manager [None req-36efdeb7-7fd1-479b-8390-42e4e5aac972 admin admin] Publish callbacks [] for port (d0de0b36-5012-43c6-9445-b09c334012e7), precommit_create {{(pid=103397) _notify_loop /opt/stack/data/venv/lib/python3.12/site-packages/neutron_lib/callbacks/manager.py:184}}
May 18 18:32:32.443469 np0000174513 devstack@neutron-api.service[103397]: DEBUG neutron.plugins.ml2.drivers.ovn.mech_driver.mech_driver [None req-36efdeb7-7fd1-479b-8390-42e4e5aac972 admin admin] No provisioning block for port d0de0b36-5012-43c6-9445-b09c334012e7 since it does not have a host {{(pid=103397) _is_port_provisioning_required /opt/stack/neutron/neutron/plugins/ml2/drivers/ovn/mech_driver/mech_driver.py:894}}
May 18 18:32:32.443469 np0000174513 devstack@neutron-api.service[103397]: DEBUG neutron.db.ovn_revision_numbers_db [None req-36efdeb7-7fd1-479b-8390-42e4e5aac972 admin admin] create_initial_revision uuid=d0de0b36-5012-43c6-9445-b09c334012e7, type=ports, rev=-1 {{(pid=103397) create_initial_revision /opt/stack/neutron/neutron/db/ovn_revision_numbers_db.py:98}}
May 18 18:32:32.513508 np0000174513 devstack@neutron-api.service[103397]: DEBUG neutron_lib.callbacks.manager [None req-36efdeb7-7fd1-479b-8390-42e4e5aac972 admin admin] Publish callbacks ['neutron.plugins.ml2.ovo_rpc._ObjectChangeHandler.handle_event-2768743'] for port (d0de0b36-5012-43c6-9445-b09c334012e7), after_create {{(pid=103397) _notify_loop /opt/stack/data/venv/lib/python3.12/site-packages/neutron_lib/callbacks/manager.py:184}}
May 18 18:32:32.746361 np0000174513 devstack@neutron-api.service[103397]: DEBUG neutron.api.rpc.handlers.resources_rpc [None req-36efdeb7-7fd1-479b-8390-42e4e5aac972 admin admin] Pushing event updated for resources: {'Port': ['ID=d0de0b36-5012-43c6-9445-b09c334012e7,revision_number=1']} {{(pid=103397) push /opt/stack/neutron/neutron/api/rpc/handlers/resources_rpc.py:237}}
