2026-05-06 02:30:48.422 8 INFO placement.requestlog [req-8bc38573-ccae-443a-8d22-93496c0fa0d6 req-3be03176-0826-48d8-b6a9-c90329e85e64 eaaac14950d54707a13751bbee465348 ce3081d1a7c14b3b92917046142a00b9 - - 72ed192ac1fc4a63b9411e18e38783ac 72ed192ac1fc4a63b9411e18e38783ac] 10.0.0.195 "GET /allocation_candidates?limit=1000&resources=DISK_GB%3A1%2CMEMORY_MB%3A512%2CVCPU%3A1&root_required=%21COMPUTE_STATUS_DISABLED" status: 200 len: 2445 microversion: 1.36 [pid: 8|app: 0|req: 465/933] 10.0.0.195 () {34 vars in 1011 bytes} [Wed May 6 02:30:48 2026] GET /allocation_candidates?limit=1000&resources=DISK_GB%3A1%2CMEMORY_MB%3A512%2CVCPU%3A1&root_required=%21COMPUTE_STATUS_DISABLED => generated 2445 bytes in 41 msecs (HTTP/1.1 200) 8 headers in 297 bytes (1 switches on core 0)
2026-05-06 02:30:48.451 7 INFO placement.requestlog [req-8bc38573-ccae-443a-8d22-93496c0fa0d6 req-42e8cfe2-7cf2-4bd2-b1db-2e9bf14deefb eaaac14950d54707a13751bbee465348 ce3081d1a7c14b3b92917046142a00b9 - - 72ed192ac1fc4a63b9411e18e38783ac 72ed192ac1fc4a63b9411e18e38783ac] 10.0.0.195 "GET /allocations/728394c4-4bc6-44b3-88a5-df9b7aea9d46" status: 200 len: 19 microversion: 1.28 [pid: 7|app: 0|req: 469/934] 10.0.0.195 () {34 vars in 860 bytes} [Wed May 6 02:30:48 2026] GET /allocations/728394c4-4bc6-44b3-88a5-df9b7aea9d46 => generated 19 bytes in 12 msecs (HTTP/1.1 200) 8 headers in 295 bytes (1 switches on core 0)
2026-05-06 02:30:48.504 8 INFO placement.requestlog [req-8bc38573-ccae-443a-8d22-93496c0fa0d6 req-2744425f-c52f-4b2c-ac0c-37999741d2fc eaaac14950d54707a13751bbee465348 ce3081d1a7c14b3b92917046142a00b9 - - 72ed192ac1fc4a63b9411e18e38783ac 72ed192ac1fc4a63b9411e18e38783ac] 10.0.0.195 "PUT /allocations/728394c4-4bc6-44b3-88a5-df9b7aea9d46" status: 204 len: 0 microversion: 1.36 [pid: 8|app: 0|req: 466/935] 10.0.0.195 () {38 vars in 913 bytes} [Wed May 6 02:30:48 2026] PUT /allocations/728394c4-4bc6-44b3-88a5-df9b7aea9d46 => generated 0 bytes in 45 msecs (HTTP/1.1 204) 5 headers in 199 bytes (1 switches on core 0)
2026-05-06 02:30:50.003 7 INFO placement.requestlog [req-8bc38573-ccae-443a-8d22-93496c0fa0d6 req-c1322239-2679-49a6-8042-f4f1762229dd eaaac14950d54707a13751bbee465348 ce3081d1a7c14b3b92917046142a00b9 - - 72ed192ac1fc4a63b9411e18e38783ac 72ed192ac1fc4a63b9411e18e38783ac] 199.19.213.75 "GET /allocations/728394c4-4bc6-44b3-88a5-df9b7aea9d46" status: 200 len: 258 microversion: 1.28 [pid: 7|app: 0|req: 470/936] 199.19.213.75 () {34 vars in 861 bytes} [Wed May 6 02:30:49 2026] GET /allocations/728394c4-4bc6-44b3-88a5-df9b7aea9d46 => generated 258 bytes in 13 msecs (HTTP/1.1 200) 8 headers in 296 bytes (1 switches on core 0)
2026-05-06 02:30:51.045 8 INFO placement.requestlog [req-8bc38573-ccae-443a-8d22-93496c0fa0d6 req-a58beee7-aae2-4c93-8506-ac62260f60c3 eaaac14950d54707a13751bbee465348 ce3081d1a7c14b3b92917046142a00b9 - - 72ed192ac1fc4a63b9411e18e38783ac 72ed192ac1fc4a63b9411e18e38783ac] 199.19.213.75 "GET /resource_providers/b257527e-6abe-4722-880d-26f0f263ca39/allocations" status: 200 len: 453 microversion: 1.0 [pid: 8|app: 0|req: 467/937] 199.19.213.75 () {32 vars in 855 bytes} [Wed May 6 02:30:51 2026] GET /resource_providers/b257527e-6abe-4722-880d-26f0f263ca39/allocations => generated 453 bytes in 16 msecs (HTTP/1.1 200) 6 headers in 224 bytes (1 switches on core 0)
2026-05-06 02:30:51.062 7 INFO placement.requestlog [req-8bc38573-ccae-443a-8d22-93496c0fa0d6 req-7f644aa8-981c-43b3-afbb-a0268bc00351 eaaac14950d54707a13751bbee465348 ce3081d1a7c14b3b92917046142a00b9 - - 72ed192ac1fc4a63b9411e18e38783ac 72ed192ac1fc4a63b9411e18e38783ac] 199.19.213.75 "GET /allocations/127a62e3-5741-47cf-b81a-ac2af8a5b9fb" status: 200 len: 258 microversion: 1.28 [pid: 7|app: 0|req: 471/938] 199.19.213.75 () {34 vars in 861 bytes} [Wed May 6 02:30:51 2026] GET /allocations/127a62e3-5741-47cf-b81a-ac2af8a5b9fb => generated 258 bytes in 13 msecs (HTTP/1.1 200) 8 headers in 296 bytes (1 switches on core 0)
2026-05-06 02:30:51.083 8 INFO placement.requestlog [req-8bc38573-ccae-443a-8d22-93496c0fa0d6 req-4a6b8931-b5d6-4548-830e-67a2d383e33e eaaac14950d54707a13751bbee465348 ce3081d1a7c14b3b92917046142a00b9 - - 72ed192ac1fc4a63b9411e18e38783ac 72ed192ac1fc4a63b9411e18e38783ac] 199.19.213.75 "GET /allocations/27c985eb-3548-496e-ac87-99a3c0e0b996" status: 200 len: 258 microversion: 1.28 [pid: 8|app: 0|req: 468/939] 199.19.213.75 () {34 vars in 861 bytes} [Wed May 6 02:30:51 2026] GET /allocations/27c985eb-3548-496e-ac87-99a3c0e0b996 => generated 258 bytes in 11 msecs (HTTP/1.1 200) 8 headers in 296 bytes (1 switches on core 0)
2026-05-06 02:30:51.103 7 INFO placement.requestlog [req-8bc38573-ccae-443a-8d22-93496c0fa0d6 req-6958f616-e883-4c85-808f-28a77e76eb8d eaaac14950d54707a13751bbee465348 ce3081d1a7c14b3b92917046142a00b9 - - 72ed192ac1fc4a63b9411e18e38783ac 72ed192ac1fc4a63b9411e18e38783ac] 199.19.213.75 "GET /allocations/728394c4-4bc6-44b3-88a5-df9b7aea9d46" status: 200 len: 258 microversion: 1.28 [pid: 7|app: 0|req: 472/940] 199.19.213.75 () {34 vars in 861 bytes} [Wed May 6 02:30:51 2026] GET /allocations/728394c4-4bc6-44b3-88a5-df9b7aea9d46 => generated 258 bytes in 14 msecs (HTTP/1.1 200) 8 headers in 296 bytes (1 switches on core 0)
2026-05-06 02:30:51.124 8 INFO placement.requestlog [req-8bc38573-ccae-443a-8d22-93496c0fa0d6 req-d0084c21-c0ef-4485-ae9b-aa65ab210616 eaaac14950d54707a13751bbee465348 ce3081d1a7c14b3b92917046142a00b9 - - 72ed192ac1fc4a63b9411e18e38783ac 72ed192ac1fc4a63b9411e18e38783ac] 199.19.213.75 "GET /allocations/7b18906e-4a3b-48f3-afd3-fb6c396978a4" status: 200 len: 258 microversion: 1.28 [pid: 8|app: 0|req: 469/941] 199.19.213.75 () {34 vars in 861 bytes} [Wed May 6 02:30:51 2026] GET /allocations/7b18906e-4a3b-48f3-afd3-fb6c396978a4 => generated 258 bytes in 16 msecs (HTTP/1.1 200) 8 headers in 296 bytes (1 switches on core 0)
2026-05-06 02:30:52.853 7 INFO placement.requestlog [None req-536f6f67-9f56-4f14-9de2-8039060c3cb2 - - - - - -] 10.0.0.86 "GET /" status: 200 len: 136 microversion: 1.0
2026-05-06 02:30:52.854 8 INFO placement.requestlog [None req-c82c36ce-3b4a-4582-b3ba-5a6b73ed931f - - - - - -] 10.0.0.86 "GET /" status: 200 len: 136 microversion: 1.0
2026-05-06 02:30:56.534 8 INFO placement.requestlog [None req-934125bd-91fa-43bb-8fc9-b725f6f56a02 bafb212e7ead40f39a3ffc7381f0a946 ce3081d1a7c14b3b92917046142a00b9 - - 72ed192ac1fc4a63b9411e18e38783ac 72ed192ac1fc4a63b9411e18e38783ac] 10.0.0.35 "GET /resource_providers/e95a8d7a-8363-4e0a-8251-d267a9e5d900/aggregates" status: 404 len: 235 microversion: 1.1 [pid: 8|app: 0|req: 471/944] 10.0.0.35 () {32 vars in 814 bytes} [Wed May 6 02:30:56 2026] GET /resource_providers/e95a8d7a-8363-4e0a-8251-d267a9e5d900/aggregates => generated 235 bytes in 9 msecs (HTTP/1.1 404) 5 headers in 202 bytes (1 switches on core 0)
2026-05-06 02:30:56.535 7 INFO placement.requestlog [None req-939ae711-bad0-4ba8-8725-253cae594a26 bafb212e7ead40f39a3ffc7381f0a946 ce3081d1a7c14b3b92917046142a00b9 - - 72ed192ac1fc4a63b9411e18e38783ac 72ed192ac1fc4a63b9411e18e38783ac] 10.0.0.35 "GET /resource_providers/e95a8d7a-8363-4e0a-8251-d267a9e5d900/aggregates" status: 404 len: 235 microversion: 1.1 [pid: 7|app: 0|req: 474/945] 10.0.0.35 () {32 vars in 814 bytes} [Wed May 6 02:30:56 2026] GET /resource_providers/e95a8d7a-8363-4e0a-8251-d267a9e5d900/aggregates => generated 235 bytes in 14 msecs (HTTP/1.1 404) 5 headers in 202 bytes (1 switches on core 0)
2026-05-06 02:30:56.555 8 INFO placement.requestlog [None req-5a517ada-919e-4081-86ca-6598fcd50223 bafb212e7ead40f39a3ffc7381f0a946 ce3081d1a7c14b3b92917046142a00b9 - - 72ed192ac1fc4a63b9411e18e38783ac 72ed192ac1fc4a63b9411e18e38783ac] 10.0.0.35 "DELETE /resource_providers/e95a8d7a-8363-4e0a-8251-d267a9e5d900" status: 404 len: 246 microversion: 1.1 [pid: 8|app: 0|req: 472/946] 10.0.0.35 () {34 vars in 814 bytes} [Wed May 6 02:30:56 2026] DELETE /resource_providers/e95a8d7a-8363-4e0a-8251-d267a9e5d900 => generated 246 bytes in 8 msecs (HTTP/1.1 404) 6 headers in 231 bytes (1 switches on core 0)
2026-05-06 02:30:56.555 7 INFO placement.requestlog [None req-4d67c65a-ee93-4bda-b04e-65d476934516 bafb212e7ead40f39a3ffc7381f0a946 ce3081d1a7c14b3b92917046142a00b9 - - 72ed192ac1fc4a63b9411e18e38783ac 72ed192ac1fc4a63b9411e18e38783ac] 10.0.0.35 "DELETE /resource_providers/e95a8d7a-8363-4e0a-8251-d267a9e5d900" status: 404 len: 246 microversion: 1.1 [pid: 7|app: 0|req: 475/947] 10.0.0.35 () {34 vars in 814 bytes} [Wed May 6 02:30:56 2026] DELETE /resource_providers/e95a8d7a-8363-4e0a-8251-d267a9e5d900 => generated 246 bytes in 7 msecs (HTTP/1.1 404) 6 headers in 231 bytes (1 switches on core 0)
2026-05-06 02:30:56.670 8 INFO placement.requestlog [None req-f626ee29-fd68-4a07-97fb-b93ea599eee3 bafb212e7ead40f39a3ffc7381f0a946 ce3081d1a7c14b3b92917046142a00b9 - - 72ed192ac1fc4a63b9411e18e38783ac 72ed192ac1fc4a63b9411e18e38783ac] 10.0.0.35 "GET /resource_providers/475dca97-776c-471d-9dd8-71f8988d7c3d/aggregates" status: 404 len: 235 microversion: 1.1 [pid: 8|app: 0|req: 473/948] 10.0.0.35 () {32 vars in 814 bytes} [Wed May 6 02:30:56 2026] GET /resource_providers/475dca97-776c-471d-9dd8-71f8988d7c3d/aggregates => generated 235 bytes in 11 msecs (HTTP/1.1 404) 5 headers in 202 bytes (1 switches on core 0)
2026-05-06 02:30:56.674 7 INFO placement.requestlog [None req-b7c318cc-2878-47f1-be8e-f163d8ce0ad7 bafb212e7ead40f39a3ffc7381f0a946 ce3081d1a7c14b3b92917046142a00b9 - - 72ed192ac1fc4a63b9411e18e38783ac 72ed192ac1fc4a63b9411e18e38783ac] 10.0.0.35 "GET /resource_providers/475dca97-776c-471d-9dd8-71f8988d7c3d/aggregates" status: 404 len: 235 microversion: 1.1 [pid: 7|app: 0|req: 476/949] 10.0.0.35 () {32 vars in 814 bytes} [Wed May 6 02:30:56 2026] GET /resource_providers/475dca97-776c-471d-9dd8-71f8988d7c3d/aggregates => generated 235 bytes in 10 msecs (HTTP/1.1 404) 5 headers in 202 bytes (1 switches on core 0)
2026-05-06 02:30:56.697 7 INFO placement.requestlog [None req-3e07b42a-d9e6-43b3-837d-8a5799b3e15a bafb212e7ead40f39a3ffc7381f0a946 ce3081d1a7c14b3b92917046142a00b9 - - 72ed192ac1fc4a63b9411e18e38783ac 72ed192ac1fc4a63b9411e18e38783ac] 10.0.0.35 "DELETE /resource_providers/475dca97-776c-471d-9dd8-71f8988d7c3d" status: 404 len: 246 microversion: 1.1 [pid: 7|app: 0|req: 477/950] 10.0.0.35 () {34 vars in 814 bytes} [Wed May 6 02:30:56 2026] DELETE /resource_providers/475dca97-776c-471d-9dd8-71f8988d7c3d => generated 246 bytes in 10 msecs (HTTP/1.1 404) 6 headers in 231 bytes (1 switches on core 0)
2026-05-06 02:30:56.697 8 INFO placement.requestlog [None req-f9559022-02d6-46fc-9143-5f14dd077094 bafb212e7ead40f39a3ffc7381f0a946 ce3081d1a7c14b3b92917046142a00b9 - - 72ed192ac1fc4a63b9411e18e38783ac 72ed192ac1fc4a63b9411e18e38783ac] 10.0.0.35 "DELETE /resource_providers/475dca97-776c-471d-9dd8-71f8988d7c3d" status: 404 len: 246 microversion: 1.1 [pid: 8|app: 0|req: 474/951] 10.0.0.35 () {34 vars in 814 bytes} [Wed May 6 02:30:56 2026] DELETE /resource_providers/475dca97-776c-471d-9dd8-71f8988d7c3d => generated 246 bytes in 13 msecs (HTTP/1.1 404) 6 headers in 231 bytes (1 switches on core 0)
2026-05-06 02:30:58.541 7 INFO placement.requestlog [req-109df89f-713b-44f5-bfd9-d23803482b7d req-28036cb0-56f0-4fb5-a737-3b6936b3e209 eaaac14950d54707a13751bbee465348 ce3081d1a7c14b3b92917046142a00b9 - - 72ed192ac1fc4a63b9411e18e38783ac 72ed192ac1fc4a63b9411e18e38783ac] 199.19.213.75 "GET /resource_providers/b257527e-6abe-4722-880d-26f0f263ca39/allocations" status: 200 len: 453 microversion: 1.0 [pid: 7|app: 0|req: 478/952] 199.19.213.75 () {32 vars in 855 bytes} [Wed May 6 02:30:58 2026] GET /resource_providers/b257527e-6abe-4722-880d-26f0f263ca39/allocations => generated 453 bytes in 20 msecs (HTTP/1.1 200) 6 headers in 224 bytes (1 switches on core 0)
2026-05-06 02:30:58.574 8 INFO placement.requestlog [req-109df89f-713b-44f5-bfd9-d23803482b7d req-96b59c25-e8e5-482f-be01-eac48b15727a eaaac14950d54707a13751bbee465348 ce3081d1a7c14b3b92917046142a00b9 - - 72ed192ac1fc4a63b9411e18e38783ac 72ed192ac1fc4a63b9411e18e38783ac] 199.19.213.75 "GET /allocations/127a62e3-5741-47cf-b81a-ac2af8a5b9fb" status: 200 len: 258 microversion: 1.28 [pid: 8|app: 0|req: 475/953] 199.19.213.75 () {34 vars in 861 bytes} [Wed May 6 02:30:58 2026] GET /allocations/127a62e3-5741-47cf-b81a-ac2af8a5b9fb => generated 258 bytes in 25 msecs (HTTP/1.1 200) 8 headers in 296 bytes (1 switches on core 0)
2026-05-06 02:30:58.594 7 INFO placement.requestlog [req-109df89f-713b-44f5-bfd9-d23803482b7d req-12afc505-6d9f-4bab-a727-396261fd1ef6 eaaac14950d54707a13751bbee465348 ce3081d1a7c14b3b92917046142a00b9 - - 72ed192ac1fc4a63b9411e18e38783ac 72ed192ac1fc4a63b9411e18e38783ac] 199.19.213.75 "GET /allocations/27c985eb-3548-496e-ac87-99a3c0e0b996" status: 200 len: 258 microversion: 1.28 [pid: 7|app: 0|req: 479/954] 199.19.213.75 () {34 vars in 861 bytes} [Wed May 6 02:30:58 2026] GET /allocations/27c985eb-3548-496e-ac87-99a3c0e0b996 => generated 258 bytes in 15 msecs (HTTP/1.1 200) 8 headers in 296 bytes (1 switches on core 0)
2026-05-06 02:30:58.613 8 INFO placement.requestlog [req-109df89f-713b-44f5-bfd9-d23803482b7d req-89977016-4fbe-4fef-82db-b2927b576e7e eaaac14950d54707a13751bbee465348 ce3081d1a7c14b3b92917046142a00b9 - - 72ed192ac1fc4a63b9411e18e38783ac 72ed192ac1fc4a63b9411e18e38783ac] 199.19.213.75 "GET /allocations/728394c4-4bc6-44b3-88a5-df9b7aea9d46" status: 200 len: 258 microversion: 1.28 [pid: 8|app: 0|req: 476/955] 199.19.213.75 () {34 vars in 861 bytes} [Wed May 6 02:30:58 2026] GET /allocations/728394c4-4bc6-44b3-88a5-df9b7aea9d46 => generated 258 bytes in 13 msecs (HTTP/1.1 200) 8 headers in 296 bytes (1 switches on core 0)
2026-05-06 02:30:58.631 7 INFO placement.requestlog [req-109df89f-713b-44f5-bfd9-d23803482b7d req-ac03932a-66e7-4b7d-96a8-bce08d3dee98 eaaac14950d54707a13751bbee465348 ce3081d1a7c14b3b92917046142a00b9 - - 72ed192ac1fc4a63b9411e18e38783ac 72ed192ac1fc4a63b9411e18e38783ac] 199.19.213.75 "GET /allocations/7b18906e-4a3b-48f3-afd3-fb6c396978a4" status: 200 len: 258 microversion: 1.28 [pid: 7|app: 0|req: 480/956] 199.19.213.75 () {34 vars in 861 bytes} [Wed May 6 02:30:58 2026] GET /allocations/7b18906e-4a3b-48f3-afd3-fb6c396978a4 => generated 258 bytes in 12 msecs (HTTP/1.1 200) 8 headers in 296 bytes (1 switches on core 0)
2026-05-06 02:30:59.682 7 INFO placement.requestlog [req-abe29405-798c-43fe-9cff-7b5adb1a2c48 req-9a562b76-023d-45e1-9e2a-a5cf765b7b0e eaaac14950d54707a13751bbee465348 ce3081d1a7c14b3b92917046142a00b9 - - 72ed192ac1fc4a63b9411e18e38783ac 72ed192ac1fc4a63b9411e18e38783ac] 199.19.213.75 "GET /resource_providers/b257527e-6abe-4722-880d-26f0f263ca39/allocations" status: 200 len: 353 microversion: 1.0 [pid: 7|app: 0|req: 481/957] 199.19.213.75 () {32 vars in 855 bytes} [Wed May 6 02:30:59 2026] GET /resource_providers/b257527e-6abe-4722-880d-26f0f263ca39/allocations => generated 353 bytes in 21 msecs (HTTP/1.1 200) 6 headers in 224 bytes (1 switches on core 0)
2026-05-06 02:30:59.687 8 INFO placement.requestlog [req-109df89f-713b-44f5-bfd9-d23803482b7d req-e31c04b0-5d83-4918-9afd-d1a49fe3dccf eaaac14950d54707a13751bbee465348 ce3081d1a7c14b3b92917046142a00b9 - - 72ed192ac1fc4a63b9411e18e38783ac 72ed192ac1fc4a63b9411e18e38783ac] 199.19.213.75 "DELETE /allocations/127a62e3-5741-47cf-b81a-ac2af8a5b9fb" status: 204 len: 0 microversion: 1.0 [pid: 8|app: 0|req: 477/958] 199.19.213.75 () {34 vars in 839 bytes} [Wed May 6 02:30:59 2026] DELETE /allocations/127a62e3-5741-47cf-b81a-ac2af8a5b9fb => generated 0 bytes in 30 msecs (HTTP/1.1 204) 5 headers in 198 bytes (1 switches on core 0)
2026-05-06 02:30:59.721 7 INFO placement.requestlog [req-abe29405-798c-43fe-9cff-7b5adb1a2c48 req-32909836-5f05-4ccf-9819-a71dca928663 eaaac14950d54707a13751bbee465348 ce3081d1a7c14b3b92917046142a00b9 - - 72ed192ac1fc4a63b9411e18e38783ac 72ed192ac1fc4a63b9411e18e38783ac] 199.19.213.75 "GET /allocations/27c985eb-3548-496e-ac87-99a3c0e0b996" status: 200 len: 258 microversion: 1.28 [pid: 7|app: 0|req: 482/959] 199.19.213.75 () {34 vars in 861 bytes} [Wed May 6 02:30:59 2026] GET /allocations/27c985eb-3548-496e-ac87-99a3c0e0b996 => generated 258 bytes in 33 msecs (HTTP/1.1 200) 8 headers in 296 bytes (1 switches on core 0)
2026-05-06 02:30:59.754 8 INFO placement.requestlog [req-abe29405-798c-43fe-9cff-7b5adb1a2c48 req-d64dfe26-eadd-463d-b4f2-8f74ec6c861e eaaac14950d54707a13751bbee465348 ce3081d1a7c14b3b92917046142a00b9 - - 72ed192ac1fc4a63b9411e18e38783ac 72ed192ac1fc4a63b9411e18e38783ac] 199.19.213.75 "GET /allocations/728394c4-4bc6-44b3-88a5-df9b7aea9d46" status: 200 len: 258 microversion: 1.28 [pid: 8|app: 0|req: 478/960] 199.19.213.75 () {34 vars in 861 bytes} [Wed May 6 02:30:59 2026] GET /allocations/728394c4-4bc6-44b3-88a5-df9b7aea9d46 => generated 258 bytes in 25 msecs (HTTP/1.1 200) 8 headers in 296 bytes (1 switches on core 0)
2026-05-06 02:30:59.785 7 INFO placement.requestlog [req-abe29405-798c-43fe-9cff-7b5adb1a2c48 req-b033e9bc-8f20-4557-9b1a-411e621cf58b eaaac14950d54707a13751bbee465348 ce3081d1a7c14b3b92917046142a00b9 - - 72ed192ac1fc4a63b9411e18e38783ac 72ed192ac1fc4a63b9411e18e38783ac] 199.19.213.75 "GET /allocations/7b18906e-4a3b-48f3-afd3-fb6c396978a4" status: 200 len: 258 microversion: 1.28 [pid: 7|app: 0|req: 483/961] 199.19.213.75 () {34 vars in 861 bytes} [Wed May 6 02:30:59 2026] GET /allocations/7b18906e-4a3b-48f3-afd3-fb6c396978a4 => generated 258 bytes in 21 msecs (HTTP/1.1 200) 8 headers in 296 bytes (1 switches on core 0)
2026-05-06 02:31:00.848 8 INFO placement.requestlog [req-abe29405-798c-43fe-9cff-7b5adb1a2c48 req-cecfb368-f6aa-4094-844e-a4c874821215 eaaac14950d54707a13751bbee465348 ce3081d1a7c14b3b92917046142a00b9 - - 72ed192ac1fc4a63b9411e18e38783ac 72ed192ac1fc4a63b9411e18e38783ac] 199.19.213.75 "DELETE /allocations/27c985eb-3548-496e-ac87-99a3c0e0b996" status: 204 len: 0 microversion: 1.0 [pid: 8|app: 0|req: 479/962] 199.19.213.75 () {34 vars in 839 bytes} [Wed May 6 02:31:00 2026] DELETE /allocations/27c985eb-3548-496e-ac87-99a3c0e0b996 => generated 0 bytes in 30 msecs (HTTP/1.1 204) 5 headers in 198 bytes (1 switches on core 0)
2026-05-06 02:31:02.853 7 INFO placement.requestlog [None req-4b16c84b-5e67-4ea8-834f-5e89e245b893 - - - - - -] 10.0.0.86 "GET /" status: 200 len: 136 microversion: 1.0
2026-05-06 02:31:02.854 8 INFO placement.requestlog [None req-863eda2d-db41-4489-8af5-04248a45768b - - - - - -] 10.0.0.86 "GET /" status: 200 len: 136 microversion: 1.0
2026-05-06 02:31:03.426 7 INFO placement.requestlog [None req-23648b56-985c-4c8e-ba1e-5b6a4c77f6f4 bafb212e7ead40f39a3ffc7381f0a946 ce3081d1a7c14b3b92917046142a00b9 - - 72ed192ac1fc4a63b9411e18e38783ac 72ed192ac1fc4a63b9411e18e38783ac] 10.0.0.35 "GET /resource_providers/34b2a0e5-4cbb-4212-930e-6975364a00bf/aggregates" status: 404 len: 235 microversion: 1.1 [pid: 7|app: 0|req: 485/965] 10.0.0.35 () {32 vars in 814 bytes} [Wed May 6 02:31:03 2026] GET /resource_providers/34b2a0e5-4cbb-4212-930e-6975364a00bf/aggregates => generated 235 bytes in 10 msecs (HTTP/1.1 404) 5 headers in 202 bytes (1 switches on core 0)
2026-05-06 02:31:03.428 8 INFO placement.requestlog [None req-4f9292bf-3bfc-494e-bcf4-212d6da2ca83 bafb212e7ead40f39a3ffc7381f0a946 ce3081d1a7c14b3b92917046142a00b9 - - 72ed192ac1fc4a63b9411e18e38783ac 72ed192ac1fc4a63b9411e18e38783ac] 10.0.0.35 "GET /resource_providers/34b2a0e5-4cbb-4212-930e-6975364a00bf/aggregates" status: 404 len: 235 microversion: 1.1 [pid: 8|app: 0|req: 481/966] 10.0.0.35 () {32 vars in 814 bytes} [Wed May 6 02:31:03 2026] GET /resource_providers/34b2a0e5-4cbb-4212-930e-6975364a00bf/aggregates => generated 235 bytes in 14 msecs (HTTP/1.1 404) 5 headers in 202 bytes (1 switches on core 0)
2026-05-06 02:31:03.457 7 INFO placement.requestlog [None req-a95749b2-024f-45dc-a605-d756b45c2519 bafb212e7ead40f39a3ffc7381f0a946 ce3081d1a7c14b3b92917046142a00b9 - - 72ed192ac1fc4a63b9411e18e38783ac 72ed192ac1fc4a63b9411e18e38783ac] 10.0.0.35 "DELETE /resource_providers/34b2a0e5-4cbb-4212-930e-6975364a00bf" status: 404 len: 246 microversion: 1.1 [pid: 7|app: 0|req: 486/967] 10.0.0.35 () {34 vars in 814 bytes} [Wed May 6 02:31:03 2026] DELETE /resource_providers/34b2a0e5-4cbb-4212-930e-6975364a00bf => generated 246 bytes in 8 msecs (HTTP/1.1 404) 6 headers in 231 bytes (1 switches on core 0)
2026-05-06 02:31:03.468 8 INFO placement.requestlog [None req-444b5346-3ba4-4a14-a8be-721b4d82e76e bafb212e7ead40f39a3ffc7381f0a946 ce3081d1a7c14b3b92917046142a00b9 - - 72ed192ac1fc4a63b9411e18e38783ac 72ed192ac1fc4a63b9411e18e38783ac] 10.0.0.35 "DELETE /resource_providers/34b2a0e5-4cbb-4212-930e-6975364a00bf" status: 404 len: 246 microversion: 1.1 [pid: 8|app: 0|req: 482/968] 10.0.0.35 () {34 vars in 814 bytes} [Wed May 6 02:31:03 2026] DELETE /resource_providers/34b2a0e5-4cbb-4212-930e-6975364a00bf => generated 246 bytes in 18 msecs (HTTP/1.1 404) 6 headers in 231 bytes (1 switches on core 0)
2026-05-06 02:31:04.255 7 INFO placement.requestlog [None req-563e671c-8350-4999-86b3-c05308814b2f bafb212e7ead40f39a3ffc7381f0a946 ce3081d1a7c14b3b92917046142a00b9 - - 72ed192ac1fc4a63b9411e18e38783ac 72ed192ac1fc4a63b9411e18e38783ac] 10.0.0.35 "GET /resource_providers/51e145d3-4b02-4779-805b-656f1292a7f7/aggregates" status: 404 len: 235 microversion: 1.1 [pid: 7|app: 0|req: 487/969] 10.0.0.35 () {32 vars in 814 bytes} [Wed May 6 02:31:04 2026] GET /resource_providers/51e145d3-4b02-4779-805b-656f1292a7f7/aggregates => generated 235 bytes in 12 msecs (HTTP/1.1 404) 5 headers in 202 bytes (1 switches on core 0)
2026-05-06 02:31:04.261 8 INFO placement.requestlog [None req-748d3676-ecba-4488-8799-14566947e475 bafb212e7ead40f39a3ffc7381f0a946 ce3081d1a7c14b3b92917046142a00b9 - - 72ed192ac1fc4a63b9411e18e38783ac 72ed192ac1fc4a63b9411e18e38783ac] 10.0.0.35 "GET /resource_providers/51e145d3-4b02-4779-805b-656f1292a7f7/aggregates" status: 404 len: 235 microversion: 1.1 [pid: 8|app: 0|req: 483/970] 10.0.0.35 () {32 vars in 814 bytes} [Wed May 6 02:31:04 2026] GET /resource_providers/51e145d3-4b02-4779-805b-656f1292a7f7/aggregates => generated 235 bytes in 15 msecs (HTTP/1.1 404) 5 headers in 202 bytes (1 switches on core 0)
2026-05-06 02:31:04.280 8 INFO placement.requestlog [None req-fd8915c2-1f1a-4364-8f3f-f150752fc567 bafb212e7ead40f39a3ffc7381f0a946 ce3081d1a7c14b3b92917046142a00b9 - - 72ed192ac1fc4a63b9411e18e38783ac 72ed192ac1fc4a63b9411e18e38783ac] 10.0.0.35 "DELETE /resource_providers/51e145d3-4b02-4779-805b-656f1292a7f7" status: 404 len: 246 microversion: 1.1 [pid: 8|app: 0|req: 484/971] 10.0.0.35 () {34 vars in 814 bytes} [Wed May 6 02:31:04 2026] DELETE /resource_providers/51e145d3-4b02-4779-805b-656f1292a7f7 => generated 246 bytes in 8 msecs (HTTP/1.1 404) 6 headers in 231 bytes (1 switches on core 0)
2026-05-06 02:31:04.281 7 INFO placement.requestlog [None req-fee3e038-34df-4229-95ec-072abe150e70 bafb212e7ead40f39a3ffc7381f0a946 ce3081d1a7c14b3b92917046142a00b9 - - 72ed192ac1fc4a63b9411e18e38783ac 72ed192ac1fc4a63b9411e18e38783ac] 10.0.0.35 "DELETE /resource_providers/51e145d3-4b02-4779-805b-656f1292a7f7" status: 404 len: 246 microversion: 1.1 [pid: 7|app: 0|req: 488/972] 10.0.0.35 () {34 vars in 814 bytes} [Wed May 6 02:31:04 2026] DELETE /resource_providers/51e145d3-4b02-4779-805b-656f1292a7f7 => generated 246 bytes in 11 msecs (HTTP/1.1 404) 6 headers in 231 bytes (1 switches on core 0)
2026-05-06 02:31:05.479 8 INFO placement.requestlog [None req-9b878622-f31a-4e29-ad9e-39e0e1ce4c51 bafb212e7ead40f39a3ffc7381f0a946 ce3081d1a7c14b3b92917046142a00b9 - - 72ed192ac1fc4a63b9411e18e38783ac 72ed192ac1fc4a63b9411e18e38783ac] 10.0.0.35 "GET /resource_providers/018c46f3-c2d5-4578-94fe-257723427f7d/aggregates" status: 404 len: 235 microversion: 1.1 [pid: 8|app: 0|req: 485/973] 10.0.0.35 () {32 vars in 814 bytes} [Wed May 6 02:31:05 2026] GET /resource_providers/018c46f3-c2d5-4578-94fe-257723427f7d/aggregates => generated 235 bytes in 15 msecs (HTTP/1.1 404) 5 headers in 202 bytes (1 switches on core 0)
2026-05-06 02:31:05.489 8 INFO placement.requestlog [None req-758815d8-8ed2-4ca5-8a89-783caa49e0d2 bafb212e7ead40f39a3ffc7381f0a946 ce3081d1a7c14b3b92917046142a00b9 - - 72ed192ac1fc4a63b9411e18e38783ac 72ed192ac1fc4a63b9411e18e38783ac] 10.0.0.35 "DELETE /resource_providers/018c46f3-c2d5-4578-94fe-257723427f7d" status: 404 len: 246 microversion: 1.1 [pid: 8|app: 0|req: 486/974] 10.0.0.35 () {34 vars in 814 bytes} [Wed May 6 02:31:05 2026] DELETE /resource_providers/018c46f3-c2d5-4578-94fe-257723427f7d => generated 246 bytes in 5 msecs (HTTP/1.1 404) 6 headers in 231 bytes (1 switches on core 0)
2026-05-06 02:31:05.498 7 INFO placement.requestlog [None req-d9b61b1f-63b5-4d26-bf7f-94c2eed92c77 bafb212e7ead40f39a3ffc7381f0a946 ce3081d1a7c14b3b92917046142a00b9 - - 72ed192ac1fc4a63b9411e18e38783ac 72ed192ac1fc4a63b9411e18e38783ac] 10.0.0.35 "GET /resource_providers/018c46f3-c2d5-4578-94fe-257723427f7d/aggregates" status: 404 len: 235 microversion: 1.1 [pid: 7|app: 0|req: 489/975] 10.0.0.35 () {32 vars in 814 bytes} [Wed May 6 02:31:05 2026] GET /resource_providers/018c46f3-c2d5-4578-94fe-257723427f7d/aggregates => generated 235 bytes in 19 msecs (HTTP/1.1 404) 5 headers in 202 bytes (1 switches on core 0)
2026-05-06 02:31:05.522 8 INFO placement.requestlog [None req-c1a618a5-299a-4ee0-b025-e423ba558cc2 bafb212e7ead40f39a3ffc7381f0a946 ce3081d1a7c14b3b92917046142a00b9 - - 72ed192ac1fc4a63b9411e18e38783ac 72ed192ac1fc4a63b9411e18e38783ac] 10.0.0.35 "DELETE /resource_providers/018c46f3-c2d5-4578-94fe-257723427f7d" status: 404 len: 246 microversion: 1.1 [pid: 8|app: 0|req: 487/976] 10.0.0.35 () {34 vars in 814 bytes} [Wed May 6 02:31:05 2026] DELETE /resource_providers/018c46f3-c2d5-4578-94fe-257723427f7d => generated 246 bytes in 14 msecs (HTTP/1.1 404) 6 headers in 231 bytes (1 switches on core 0)
2026-05-06 02:31:06.305 7 INFO placement.requestlog [None req-61158675-beca-4740-b577-caa471a02d72 bafb212e7ead40f39a3ffc7381f0a946 ce3081d1a7c14b3b92917046142a00b9 - - 72ed192ac1fc4a63b9411e18e38783ac 72ed192ac1fc4a63b9411e18e38783ac] 10.0.0.35 "GET /resource_providers/c90c174a-78aa-4faa-8a51-f9574aab5e8e/aggregates" status: 404 len: 235 microversion: 1.1 [pid: 7|app: 0|req: 490/977] 10.0.0.35 () {32 vars in 814 bytes} [Wed May 6 02:31:06 2026] GET /resource_providers/c90c174a-78aa-4faa-8a51-f9574aab5e8e/aggregates => generated 235 bytes in 10 msecs (HTTP/1.1 404) 5 headers in 202 bytes (1 switches on core 0)
2026-05-06 02:31:06.312 8 INFO placement.requestlog [None req-6cd9c644-096a-4cbd-94b4-6e1a45481533 bafb212e7ead40f39a3ffc7381f0a946 ce3081d1a7c14b3b92917046142a00b9 - - 72ed192ac1fc4a63b9411e18e38783ac 72ed192ac1fc4a63b9411e18e38783ac] 10.0.0.35 "GET /resource_providers/c90c174a-78aa-4faa-8a51-f9574aab5e8e/aggregates" status: 404 len: 235 microversion: 1.1 [pid: 8|app: 0|req: 488/978] 10.0.0.35 () {32 vars in 814 bytes} [Wed May 6 02:31:06 2026] GET /resource_providers/c90c174a-78aa-4faa-8a51-f9574aab5e8e/aggregates => generated 235 bytes in 16 msecs (HTTP/1.1 404) 5 headers in 202 bytes (1 switches on core 0)
2026-05-06 02:31:06.328 8 INFO placement.requestlog [None req-07e012e9-1a22-4354-920f-1d07010dd059 bafb212e7ead40f39a3ffc7381f0a946 ce3081d1a7c14b3b92917046142a00b9 - - 72ed192ac1fc4a63b9411e18e38783ac 72ed192ac1fc4a63b9411e18e38783ac] 10.0.0.35 "DELETE /resource_providers/c90c174a-78aa-4faa-8a51-f9574aab5e8e" status: 404 len: 246 microversion: 1.1 [pid: 8|app: 0|req: 489/979] 10.0.0.35 () {34 vars in 814 bytes} [Wed May 6 02:31:06 2026] DELETE /resource_providers/c90c174a-78aa-4faa-8a51-f9574aab5e8e => generated 246 bytes in 9 msecs (HTTP/1.1 404) 6 headers in 231 bytes (1 switches on core 0)
2026-05-06 02:31:06.329 7 INFO placement.requestlog [None req-8cbb03eb-7fd1-47b6-aee9-f3f15372e573 bafb212e7ead40f39a3ffc7381f0a946 ce3081d1a7c14b3b92917046142a00b9 - - 72ed192ac1fc4a63b9411e18e38783ac 72ed192ac1fc4a63b9411e18e38783ac] 10.0.0.35 "DELETE /resource_providers/c90c174a-78aa-4faa-8a51-f9574aab5e8e" status: 404 len: 246 microversion: 1.1 [pid: 7|app: 0|req: 491/980] 10.0.0.35 () {34 vars in 814 bytes} [Wed May 6 02:31:06 2026] DELETE /resource_providers/c90c174a-78aa-4faa-8a51-f9574aab5e8e => generated 246 bytes in 11 msecs (HTTP/1.1 404) 6 headers in 231 bytes (1 switches on core 0)
2026-05-06 02:31:12.853 7 INFO placement.requestlog [None req-2f89c0fb-2b6d-405a-8de9-13c10b795dfb - - - - - -] 10.0.0.86 "GET /" status: 200 len: 136 microversion: 1.0
2026-05-06 02:31:12.854 8 INFO placement.requestlog [None req-a3a56299-7e95-4064-a88e-5d8bdc5e0e7a - - - - - -] 10.0.0.86 "GET /" status: 200 len: 136 microversion: 1.0
2026-05-06 02:31:14.444 7 INFO placement.requestlog [req-e10a5a5f-34e2-4d4f-be49-42fea32790ad req-8ab1fd72-4537-436e-b4a0-cb01ecc49a97 eaaac14950d54707a13751bbee465348 ce3081d1a7c14b3b92917046142a00b9 - - 72ed192ac1fc4a63b9411e18e38783ac 72ed192ac1fc4a63b9411e18e38783ac] 199.19.213.75 "GET /resource_providers/b257527e-6abe-4722-880d-26f0f263ca39/allocations" status: 200 len: 253 microversion: 1.0 [pid: 7|app: 0|req: 493/983] 199.19.213.75 () {32 vars in 855 bytes} [Wed May 6 02:31:14 2026] GET /resource_providers/b257527e-6abe-4722-880d-26f0f263ca39/allocations => generated 253 bytes in 18 msecs (HTTP/1.1 200) 6 headers in 224 bytes (1 switches on core 0)
2026-05-06 02:31:14.471 8 INFO placement.requestlog [req-e10a5a5f-34e2-4d4f-be49-42fea32790ad req-46e40f6b-2e0b-4653-8380-d330988c4d75 eaaac14950d54707a13751bbee465348 ce3081d1a7c14b3b92917046142a00b9 - - 72ed192ac1fc4a63b9411e18e38783ac 72ed192ac1fc4a63b9411e18e38783ac] 199.19.213.75 "GET /resource_providers/b257527e-6abe-4722-880d-26f0f263ca39/allocations" status: 200 len: 253 microversion: 1.0 [pid: 8|app: 0|req: 491/984] 199.19.213.75 () {32 vars in 855 bytes} [Wed May 6 02:31:14 2026] GET /resource_providers/b257527e-6abe-4722-880d-26f0f263ca39/allocations => generated 253 bytes in 19 msecs (HTTP/1.1 200) 6 headers in 224 bytes (1 switches on core 0)
2026-05-06 02:31:14.493 7 INFO placement.requestlog [req-e10a5a5f-34e2-4d4f-be49-42fea32790ad req-954c882b-a58b-4265-99c1-8b32d2a8a5e4 eaaac14950d54707a13751bbee465348 ce3081d1a7c14b3b92917046142a00b9 - - 72ed192ac1fc4a63b9411e18e38783ac 72ed192ac1fc4a63b9411e18e38783ac] 199.19.213.75 "GET /allocations/728394c4-4bc6-44b3-88a5-df9b7aea9d46" status: 200 len: 258 microversion: 1.28 [pid: 7|app: 0|req: 494/985] 199.19.213.75 () {34 vars in 861 bytes} [Wed May 6 02:31:14 2026] GET /allocations/728394c4-4bc6-44b3-88a5-df9b7aea9d46 => generated 258 bytes in 18 msecs (HTTP/1.1 200) 8 headers in 296 bytes (1 switches on core 0)
2026-05-06 02:31:14.512 7 INFO placement.requestlog [None req-34ccae01-adb9-4ed3-b068-69fca29af97e bafb212e7ead40f39a3ffc7381f0a946 ce3081d1a7c14b3b92917046142a00b9 - - 72ed192ac1fc4a63b9411e18e38783ac 72ed192ac1fc4a63b9411e18e38783ac] 10.0.0.35 "GET /resource_providers/a9d63150-7ab0-4b14-893e-fa1ba011ebf4/aggregates" status: 404 len: 235 microversion: 1.1 [pid: 7|app: 0|req: 495/986] 10.0.0.35 () {32 vars in 814 bytes} [Wed May 6 02:31:14 2026] GET /resource_providers/a9d63150-7ab0-4b14-893e-fa1ba011ebf4/aggregates => generated 235 bytes in 9 msecs (HTTP/1.1 404) 5 headers in 202 bytes (1 switches on core 0)
2026-05-06 02:31:14.513 8 INFO placement.requestlog [req-e10a5a5f-34e2-4d4f-be49-42fea32790ad req-a0ee0d01-f7fc-469c-bd41-75e37d0b8fae eaaac14950d54707a13751bbee465348 ce3081d1a7c14b3b92917046142a00b9 - - 72ed192ac1fc4a63b9411e18e38783ac 72ed192ac1fc4a63b9411e18e38783ac] 199.19.213.75 "GET /allocations/7b18906e-4a3b-48f3-afd3-fb6c396978a4" status: 200 len: 258 microversion: 1.28 [pid: 8|app: 0|req: 492/987] 199.19.213.75 () {34 vars in 861 bytes} [Wed May 6 02:31:14 2026] GET /allocations/7b18906e-4a3b-48f3-afd3-fb6c396978a4 => generated 258 bytes in 15 msecs (HTTP/1.1 200) 8 headers in 296 bytes (1 switches on core 0)
2026-05-06 02:31:14.519 7 INFO placement.requestlog [None req-e6027769-ed20-4aab-a817-81c7c27358a4 bafb212e7ead40f39a3ffc7381f0a946 ce3081d1a7c14b3b92917046142a00b9 - - 72ed192ac1fc4a63b9411e18e38783ac 72ed192ac1fc4a63b9411e18e38783ac] 10.0.0.35 "GET /resource_providers/a9d63150-7ab0-4b14-893e-fa1ba011ebf4/aggregates" status: 404 len: 235 microversion: 1.1 [pid: 7|app: 0|req: 496/988] 10.0.0.35 () {32 vars in 814 bytes} [Wed May 6 02:31:14 2026] GET /resource_providers/a9d63150-7ab0-4b14-893e-fa1ba011ebf4/aggregates => generated 235 bytes in 7 msecs (HTTP/1.1 404) 5 headers in 202 bytes (1 switches on core 0)
2026-05-06 02:31:14.535 8 INFO placement.requestlog [None req-16e3648f-a5a8-4b08-98e9-d0414a559d68 bafb212e7ead40f39a3ffc7381f0a946 ce3081d1a7c14b3b92917046142a00b9 - - 72ed192ac1fc4a63b9411e18e38783ac 72ed192ac1fc4a63b9411e18e38783ac] 10.0.0.35 "DELETE /resource_providers/a9d63150-7ab0-4b14-893e-fa1ba011ebf4" status: 404 len: 246 microversion: 1.1 [pid: 8|app: 0|req: 493/989] 10.0.0.35 () {34 vars in 814 bytes} [Wed May 6 02:31:14 2026] DELETE /resource_providers/a9d63150-7ab0-4b14-893e-fa1ba011ebf4 => generated 246 bytes in 13 msecs (HTTP/1.1 404) 6 headers in 231 bytes (1 switches on core 0)
2026-05-06 02:31:14.538 7 INFO placement.requestlog [None req-25baad31-ecff-4f01-a9d2-c4fd016ae3dd bafb212e7ead40f39a3ffc7381f0a946 ce3081d1a7c14b3b92917046142a00b9 - - 72ed192ac1fc4a63b9411e18e38783ac 72ed192ac1fc4a63b9411e18e38783ac] 10.0.0.35 "DELETE /resource_providers/a9d63150-7ab0-4b14-893e-fa1ba011ebf4" status: 404 len: 246 microversion: 1.1 [pid: 7|app: 0|req: 497/990] 10.0.0.35 () {34 vars in 814 bytes} [Wed May 6 02:31:14 2026] DELETE /resource_providers/a9d63150-7ab0-4b14-893e-fa1ba011ebf4 => generated 246 bytes in 9 msecs (HTTP/1.1 404) 6 headers in 231 bytes (1 switches on core 0)
2026-05-06 02:31:14.790 8 INFO placement.requestlog [None req-19964ac5-86f2-4388-8105-f46ceecaa35d bafb212e7ead40f39a3ffc7381f0a946 ce3081d1a7c14b3b92917046142a00b9 - - 72ed192ac1fc4a63b9411e18e38783ac 72ed192ac1fc4a63b9411e18e38783ac] 10.0.0.35 "GET /resource_providers/463b5b52-7258-4f24-9b1b-46d2938181a5/aggregates" status: 404 len: 235 microversion: 1.1 [pid: 8|app: 0|req: 494/991] 10.0.0.35 () {32 vars in 814 bytes} [Wed May 6 02:31:14 2026] GET /resource_providers/463b5b52-7258-4f24-9b1b-46d2938181a5/aggregates => generated 235 bytes in 9 msecs (HTTP/1.1 404) 5 headers in 202 bytes (1 switches on core 0)
2026-05-06 02:31:14.804 7 INFO placement.requestlog [None req-007259fa-6847-4a34-bf1c-cb17815d3e91 bafb212e7ead40f39a3ffc7381f0a946 ce3081d1a7c14b3b92917046142a00b9 - - 72ed192ac1fc4a63b9411e18e38783ac 72ed192ac1fc4a63b9411e18e38783ac] 10.0.0.35 "GET /resource_providers/463b5b52-7258-4f24-9b1b-46d2938181a5/aggregates" status: 404 len: 235 microversion: 1.1 [pid: 7|app: 0|req: 498/992] 10.0.0.35 () {32 vars in 814 bytes} [Wed May 6 02:31:14 2026] GET /resource_providers/463b5b52-7258-4f24-9b1b-46d2938181a5/aggregates => generated 235 bytes in 18 msecs (HTTP/1.1 404) 5 headers in 202 bytes (1 switches on core 0)
2026-05-06 02:31:14.813 8 INFO placement.requestlog [None req-0ebcbbbc-6b1c-4bbf-ae4f-0dc8c09fdd45 bafb212e7ead40f39a3ffc7381f0a946 ce3081d1a7c14b3b92917046142a00b9 - - 72ed192ac1fc4a63b9411e18e38783ac 72ed192ac1fc4a63b9411e18e38783ac] 10.0.0.35 "DELETE /resource_providers/463b5b52-7258-4f24-9b1b-46d2938181a5" status: 404 len: 246 microversion: 1.1 [pid: 8|app: 0|req: 495/993] 10.0.0.35 () {34 vars in 814 bytes} [Wed May 6 02:31:14 2026] DELETE /resource_providers/463b5b52-7258-4f24-9b1b-46d2938181a5 => generated 246 bytes in 10 msecs (HTTP/1.1 404) 6 headers in 231 bytes (1 switches on core 0)
2026-05-06 02:31:14.823 7 INFO placement.requestlog [None req-55f77614-8638-4854-a48f-ab5b50209047 bafb212e7ead40f39a3ffc7381f0a946 ce3081d1a7c14b3b92917046142a00b9 - - 72ed192ac1fc4a63b9411e18e38783ac 72ed192ac1fc4a63b9411e18e38783ac] 10.0.0.35 "DELETE /resource_providers/463b5b52-7258-4f24-9b1b-46d2938181a5" status: 404 len: 246 microversion: 1.1 [pid: 7|app: 0|req: 499/994] 10.0.0.35 () {34 vars in 814 bytes} [Wed May 6 02:31:14 2026] DELETE /resource_providers/463b5b52-7258-4f24-9b1b-46d2938181a5 => generated 246 bytes in 7 msecs (HTTP/1.1 404) 6 headers in 231 bytes (1 switches on core 0)
2026-05-06 02:31:18.024 7 INFO placement.requestlog [None req-6ee64c4d-ad64-4462-bd9b-4edc4436ce12 bafb212e7ead40f39a3ffc7381f0a946 ce3081d1a7c14b3b92917046142a00b9 - - 72ed192ac1fc4a63b9411e18e38783ac 72ed192ac1fc4a63b9411e18e38783ac] 10.0.0.35 "GET /resource_providers/e457396f-1b5b-4566-9050-3aadf2d92e4d/aggregates" status: 404 len: 235 microversion: 1.1 [pid: 7|app: 0|req: 500/995] 10.0.0.35 () {32 vars in 814 bytes} [Wed May 6 02:31:18 2026] GET /resource_providers/e457396f-1b5b-4566-9050-3aadf2d92e4d/aggregates => generated 235 bytes in 10 msecs (HTTP/1.1 404) 5 headers in 202 bytes (1 switches on core 0)
2026-05-06 02:31:18.026 8 INFO placement.requestlog [None req-22805367-ba31-4f65-9b46-2b4cf02faa38 bafb212e7ead40f39a3ffc7381f0a946 ce3081d1a7c14b3b92917046142a00b9 - - 72ed192ac1fc4a63b9411e18e38783ac 72ed192ac1fc4a63b9411e18e38783ac] 10.0.0.35 "GET /resource_providers/e457396f-1b5b-4566-9050-3aadf2d92e4d/aggregates" status: 404 len: 235 microversion: 1.1 [pid: 8|app: 0|req: 496/996] 10.0.0.35 () {32 vars in 814 bytes} [Wed May 6 02:31:18 2026] GET /resource_providers/e457396f-1b5b-4566-9050-3aadf2d92e4d/aggregates => generated 235 bytes in 12 msecs (HTTP/1.1 404) 5 headers in 202 bytes (1 switches on core 0)
2026-05-06 02:31:18.047 7 INFO placement.requestlog [None req-49d6b310-66f2-4e7d-960c-1a0e0c7b4b2f bafb212e7ead40f39a3ffc7381f0a946 ce3081d1a7c14b3b92917046142a00b9 - - 72ed192ac1fc4a63b9411e18e38783ac 72ed192ac1fc4a63b9411e18e38783ac] 10.0.0.35 "DELETE /resource_providers/e457396f-1b5b-4566-9050-3aadf2d92e4d" status: 404 len: 246 microversion: 1.1 [pid: 7|app: 0|req: 501/997] 10.0.0.35 () {34 vars in 814 bytes} [Wed May 6 02:31:18 2026] DELETE /resource_providers/e457396f-1b5b-4566-9050-3aadf2d92e4d => generated 246 bytes in 9 msecs (HTTP/1.1 404) 6 headers in 231 bytes (1 switches on core 0)
2026-05-06 02:31:18.050 8 INFO placement.requestlog [None req-057feae3-e4e6-4ce3-8085-e1acdc653918 bafb212e7ead40f39a3ffc7381f0a946 ce3081d1a7c14b3b92917046142a00b9 - - 72ed192ac1fc4a63b9411e18e38783ac 72ed192ac1fc4a63b9411e18e38783ac] 10.0.0.35 "DELETE /resource_providers/e457396f-1b5b-4566-9050-3aadf2d92e4d" status: 404 len: 246 microversion: 1.1 [pid: 8|app: 0|req: 497/998] 10.0.0.35 () {34 vars in 814 bytes} [Wed May 6 02:31:18 2026] DELETE /resource_providers/e457396f-1b5b-4566-9050-3aadf2d92e4d => generated 246 bytes in 11 msecs (HTTP/1.1 404) 6 headers in 231 bytes (1 switches on core 0)
2026-05-06 02:31:18.201 8 INFO placement.requestlog [None req-ff19443e-f795-4e0b-abcd-d5b5d6046171 bafb212e7ead40f39a3ffc7381f0a946 ce3081d1a7c14b3b92917046142a00b9 - - 72ed192ac1fc4a63b9411e18e38783ac 72ed192ac1fc4a63b9411e18e38783ac] 10.0.0.35 "GET /resource_providers/57453504-21eb-48e2-87d8-ba3454f0d065/aggregates" status: 404 len: 235 microversion: 1.1 [pid: 8|app: 0|req: 498/999] 10.0.0.35 () {32 vars in 814 bytes} [Wed May 6 02:31:18 2026] GET /resource_providers/57453504-21eb-48e2-87d8-ba3454f0d065/aggregates => generated 235 bytes in 8 msecs (HTTP/1.1 404) 5 headers in 202 bytes (1 switches on core 0)
2026-05-06 02:31:18.205 7 INFO placement.requestlog [None req-05d0f4be-79da-4489-98b8-55836c433695 bafb212e7ead40f39a3ffc7381f0a946 ce3081d1a7c14b3b92917046142a00b9 - - 72ed192ac1fc4a63b9411e18e38783ac 72ed192ac1fc4a63b9411e18e38783ac] 10.0.0.35 "GET /resource_providers/57453504-21eb-48e2-87d8-ba3454f0d065/aggregates" status: 404 len: 235 microversion: 1.1 [pid: 7|app: 0|req: 502/1000] 10.0.0.35 () {32 vars in 814 bytes} [Wed May 6 02:31:18 2026] GET /resource_providers/57453504-21eb-48e2-87d8-ba3454f0d065/aggregates => generated 235 bytes in 22 msecs (HTTP/1.1 404) 5 headers in 202 bytes (1 switches on core 0)
2026-05-06 02:31:18.223 8 INFO placement.requestlog [None req-c90321eb-d3ea-4e99-874d-67502233207f bafb212e7ead40f39a3ffc7381f0a946 ce3081d1a7c14b3b92917046142a00b9 - - 72ed192ac1fc4a63b9411e18e38783ac 72ed192ac1fc4a63b9411e18e38783ac] 10.0.0.35 "DELETE /resource_providers/57453504-21eb-48e2-87d8-ba3454f0d065" status: 404 len: 246 microversion: 1.1 [pid: 8|app: 0|req: 499/1001] 10.0.0.35 () {34 vars in 814 bytes} [Wed May 6 02:31:18 2026] DELETE /resource_providers/57453504-21eb-48e2-87d8-ba3454f0d065 => generated 246 bytes in 7 msecs (HTTP/1.1 404) 6 headers in 231 bytes (1 switches on core 0)
2026-05-06 02:31:18.226 7 INFO placement.requestlog [None req-d05ef027-a399-4c4b-9bf4-6f180c36e0be bafb212e7ead40f39a3ffc7381f0a946 ce3081d1a7c14b3b92917046142a00b9 - - 72ed192ac1fc4a63b9411e18e38783ac 72ed192ac1fc4a63b9411e18e38783ac] 10.0.0.35 "DELETE /resource_providers/57453504-21eb-48e2-87d8-ba3454f0d065" status: 404 len: 246 microversion: 1.1 [pid: 7|app: 0|req: 503/1002] 10.0.0.35 () {34 vars in 814 bytes} [Wed May 6 02:31:18 2026] DELETE /resource_providers/57453504-21eb-48e2-87d8-ba3454f0d065 => generated 246 bytes in 9 msecs (HTTP/1.1 404) 6 headers in 231 bytes (1 switches on core 0)
2026-05-06 02:31:20.081 7 INFO placement.requestlog [None req-358f36b4-cec3-4475-a5b5-7f14a33485b3 bafb212e7ead40f39a3ffc7381f0a946 ce3081d1a7c14b3b92917046142a00b9 - - 72ed192ac1fc4a63b9411e18e38783ac 72ed192ac1fc4a63b9411e18e38783ac] 10.0.0.35 "GET /resource_providers/e8c1a62e-36f1-42bf-9a1b-004f710d5fe3/aggregates" status: 404 len: 235 microversion: 1.1 [pid: 7|app: 0|req: 504/1003] 10.0.0.35 () {32 vars in 814 bytes} [Wed May 6 02:31:20 2026] GET /resource_providers/e8c1a62e-36f1-42bf-9a1b-004f710d5fe3/aggregates => generated 235 bytes in 21 msecs (HTTP/1.1 404) 5 headers in 202 bytes (1 switches on core 0)
2026-05-06 02:31:20.085 8 INFO placement.requestlog [None req-627615b6-6aec-41b7-8018-beddc93f528a bafb212e7ead40f39a3ffc7381f0a946 ce3081d1a7c14b3b92917046142a00b9 - - 72ed192ac1fc4a63b9411e18e38783ac 72ed192ac1fc4a63b9411e18e38783ac] 10.0.0.35 "GET /resource_providers/e8c1a62e-36f1-42bf-9a1b-004f710d5fe3/aggregates" status: 404 len: 235 microversion: 1.1 [pid: 8|app: 0|req: 500/1004] 10.0.0.35 () {32 vars in 814 bytes} [Wed May 6 02:31:20 2026] GET /resource_providers/e8c1a62e-36f1-42bf-9a1b-004f710d5fe3/aggregates => generated 235 bytes in 26 msecs (HTTP/1.1 404) 5 headers in 202 bytes (1 switches on core 0)
2026-05-06 02:31:20.110 7 INFO placement.requestlog [None req-15a4294c-563d-46a1-bb39-4817daa77c37 bafb212e7ead40f39a3ffc7381f0a946 ce3081d1a7c14b3b92917046142a00b9 - - 72ed192ac1fc4a63b9411e18e38783ac 72ed192ac1fc4a63b9411e18e38783ac] 10.0.0.35 "DELETE /resource_providers/e8c1a62e-36f1-42bf-9a1b-004f710d5fe3" status: 404 len: 246 microversion: 1.1 [pid: 7|app: 0|req: 505/1005] 10.0.0.35 () {34 vars in 814 bytes} [Wed May 6 02:31:20 2026] DELETE /resource_providers/e8c1a62e-36f1-42bf-9a1b-004f710d5fe3 => generated 246 bytes in 13 msecs (HTTP/1.1 404) 6 headers in 231 bytes (1 switches on core 0)
2026-05-06 02:31:20.112 8 INFO placement.requestlog [None req-acbd3340-8c48-4502-8db3-74b831cf7bfb bafb212e7ead40f39a3ffc7381f0a946 ce3081d1a7c14b3b92917046142a00b9 - - 72ed192ac1fc4a63b9411e18e38783ac 72ed192ac1fc4a63b9411e18e38783ac] 10.0.0.35 "DELETE /resource_providers/e8c1a62e-36f1-42bf-9a1b-004f710d5fe3" status: 404 len: 246 microversion: 1.1 [pid: 8|app: 0|req: 501/1006] 10.0.0.35 () {34 vars in 814 bytes} [Wed May 6 02:31:20 2026] DELETE /resource_providers/e8c1a62e-36f1-42bf-9a1b-004f710d5fe3 => generated 246 bytes in 10 msecs (HTTP/1.1 404) 6 headers in 231 bytes (1 switches on core 0)
2026-05-06 02:31:20.247 7 INFO placement.requestlog [None req-31142ad3-10b1-4b46-b3d9-cc01f52fc4e6 bafb212e7ead40f39a3ffc7381f0a946 ce3081d1a7c14b3b92917046142a00b9 - - 72ed192ac1fc4a63b9411e18e38783ac 72ed192ac1fc4a63b9411e18e38783ac] 10.0.0.35 "GET /resource_providers/1d2eac9c-d11d-4ce6-a159-b7c33e9254c1/aggregates" status: 404 len: 235 microversion: 1.1 [pid: 7|app: 0|req: 506/1007] 10.0.0.35 () {32 vars in 814 bytes} [Wed May 6 02:31:20 2026] GET /resource_providers/1d2eac9c-d11d-4ce6-a159-b7c33e9254c1/aggregates => generated 235 bytes in 11 msecs (HTTP/1.1 404) 5 headers in 202 bytes (1 switches on core 0)
2026-05-06 02:31:20.248 8 INFO placement.requestlog [None req-65b71e55-a907-4c55-9025-2a0ead08f3ed bafb212e7ead40f39a3ffc7381f0a946 ce3081d1a7c14b3b92917046142a00b9 - - 72ed192ac1fc4a63b9411e18e38783ac 72ed192ac1fc4a63b9411e18e38783ac] 10.0.0.35 "GET /resource_providers/1d2eac9c-d11d-4ce6-a159-b7c33e9254c1/aggregates" status: 404 len: 235 microversion: 1.1 [pid: 8|app: 0|req: 502/1008] 10.0.0.35 () {32 vars in 814 bytes} [Wed May 6 02:31:20 2026] GET /resource_providers/1d2eac9c-d11d-4ce6-a159-b7c33e9254c1/aggregates => generated 235 bytes in 12 msecs (HTTP/1.1 404) 5 headers in 202 bytes (1 switches on core 0)
2026-05-06 02:31:20.268 7 INFO placement.requestlog [None req-77de9652-c43e-4aef-a459-4af13534305d bafb212e7ead40f39a3ffc7381f0a946 ce3081d1a7c14b3b92917046142a00b9 - - 72ed192ac1fc4a63b9411e18e38783ac 72ed192ac1fc4a63b9411e18e38783ac] 10.0.0.35 "DELETE /resource_providers/1d2eac9c-d11d-4ce6-a159-b7c33e9254c1" status: 404 len: 246 microversion: 1.1 [pid: 7|app: 0|req: 507/1009] 10.0.0.35 () {34 vars in 814 bytes} [Wed May 6 02:31:20 2026] DELETE /resource_providers/1d2eac9c-d11d-4ce6-a159-b7c33e9254c1 => generated 246 bytes in 9 msecs (HTTP/1.1 404) 6 headers in 231 bytes (1 switches on core 0)
2026-05-06 02:31:20.278 8 INFO placement.requestlog [None req-99d4202b-ea90-411a-984b-251eb0e3e672 bafb212e7ead40f39a3ffc7381f0a946 ce3081d1a7c14b3b92917046142a00b9 - - 72ed192ac1fc4a63b9411e18e38783ac 72ed192ac1fc4a63b9411e18e38783ac] 10.0.0.35 "DELETE /resource_providers/1d2eac9c-d11d-4ce6-a159-b7c33e9254c1" status: 404 len: 246 microversion: 1.1 [pid: 8|app: 0|req: 503/1010] 10.0.0.35 () {34 vars in 814 bytes} [Wed May 6 02:31:20 2026] DELETE /resource_providers/1d2eac9c-d11d-4ce6-a159-b7c33e9254c1 => generated 246 bytes in 17 msecs (HTTP/1.1 404) 6 headers in 231 bytes (1 switches on core 0)
2026-05-06 02:31:22.483 8 INFO placement.requestlog [None req-10289367-05e2-4df5-81ad-b92b818c4030 bafb212e7ead40f39a3ffc7381f0a946 ce3081d1a7c14b3b92917046142a00b9 - - 72ed192ac1fc4a63b9411e18e38783ac 72ed192ac1fc4a63b9411e18e38783ac] 10.0.0.35 "GET /resource_providers/7a1fa8b2-878a-4d93-a7ca-578e8a7e14d0/aggregates" status: 404 len: 235 microversion: 1.1 [pid: 8|app: 0|req: 504/1011] 10.0.0.35 () {32 vars in 814 bytes} [Wed May 6 02:31:22 2026] GET /resource_providers/7a1fa8b2-878a-4d93-a7ca-578e8a7e14d0/aggregates => generated 235 bytes in 10 msecs (HTTP/1.1 404) 5 headers in 202 bytes (1 switches on core 0)
2026-05-06 02:31:22.483 7 INFO placement.requestlog [None req-c8825a00-f088-4f9b-9017-c795f6873be2 bafb212e7ead40f39a3ffc7381f0a946 ce3081d1a7c14b3b92917046142a00b9 - - 72ed192ac1fc4a63b9411e18e38783ac 72ed192ac1fc4a63b9411e18e38783ac] 10.0.0.35 "GET /resource_providers/7a1fa8b2-878a-4d93-a7ca-578e8a7e14d0/aggregates" status: 404 len: 235 microversion: 1.1 [pid: 7|app: 0|req: 508/1012] 10.0.0.35 () {32 vars in 814 bytes} [Wed May 6 02:31:22 2026] GET /resource_providers/7a1fa8b2-878a-4d93-a7ca-578e8a7e14d0/aggregates => generated 235 bytes in 11 msecs (HTTP/1.1 404) 5 headers in 202 bytes (1 switches on core 0)
2026-05-06 02:31:22.508 8 INFO placement.requestlog [None req-b33995f1-09d0-4291-a40a-e19d609a2cd1 bafb212e7ead40f39a3ffc7381f0a946 ce3081d1a7c14b3b92917046142a00b9 - - 72ed192ac1fc4a63b9411e18e38783ac 72ed192ac1fc4a63b9411e18e38783ac] 10.0.0.35 "DELETE /resource_providers/7a1fa8b2-878a-4d93-a7ca-578e8a7e14d0" status: 404 len: 246 microversion: 1.1 [pid: 8|app: 0|req: 505/1013] 10.0.0.35 () {34 vars in 814 bytes} [Wed May 6 02:31:22 2026] DELETE /resource_providers/7a1fa8b2-878a-4d93-a7ca-578e8a7e14d0 => generated 246 bytes in 12 msecs (HTTP/1.1 404) 6 headers in 231 bytes (1 switches on core 0)
2026-05-06 02:31:22.512 7 INFO placement.requestlog [None req-1be98f20-7782-40e9-bf1e-d1918c920a47 bafb212e7ead40f39a3ffc7381f0a946 ce3081d1a7c14b3b92917046142a00b9 - - 72ed192ac1fc4a63b9411e18e38783ac 72ed192ac1fc4a63b9411e18e38783ac] 10.0.0.35 "DELETE /resource_providers/7a1fa8b2-878a-4d93-a7ca-578e8a7e14d0" status: 404 len: 246 microversion: 1.1 [pid: 7|app: 0|req: 509/1014] 10.0.0.35 () {34 vars in 814 bytes} [Wed May 6 02:31:22 2026] DELETE /resource_providers/7a1fa8b2-878a-4d93-a7ca-578e8a7e14d0 => generated 246 bytes in 15 msecs (HTTP/1.1 404) 6 headers in 231 bytes (1 switches on core 0)
2026-05-06 02:31:22.855 7 INFO placement.requestlog [None req-ddd62931-78e5-485d-bf3b-86b959d3db61 - - - - - -] 10.0.0.86 "GET /" status: 200 len: 136 microversion: 1.0
2026-05-06 02:31:22.855 8 INFO placement.requestlog [None req-34b41a1d-1a02-4242-b1ae-925ef8eccfe1 - - - - - -] 10.0.0.86 "GET /" status: 200 len: 136 microversion: 1.0
2026-05-06 02:31:23.282 8 INFO placement.requestlog [None req-c4ba9745-7751-4559-a13e-574b3d0a6bcd bafb212e7ead40f39a3ffc7381f0a946 ce3081d1a7c14b3b92917046142a00b9 - - 72ed192ac1fc4a63b9411e18e38783ac 72ed192ac1fc4a63b9411e18e38783ac] 10.0.0.35 "GET /resource_providers/ebef3045-4a5c-40be-a272-7527259d9870/aggregates" status: 404 len: 235 microversion: 1.1 [pid: 8|app: 0|req: 507/1017] 10.0.0.35 () {32 vars in 814 bytes} [Wed May 6 02:31:23 2026] GET /resource_providers/ebef3045-4a5c-40be-a272-7527259d9870/aggregates => generated 235 bytes in 10 msecs (HTTP/1.1 404) 5 headers in 202 bytes (1 switches on core 0)
2026-05-06 02:31:23.288 7 INFO placement.requestlog [None req-aee5dc70-b22e-43c6-a4e2-b196798217ce bafb212e7ead40f39a3ffc7381f0a946 ce3081d1a7c14b3b92917046142a00b9 - - 72ed192ac1fc4a63b9411e18e38783ac 72ed192ac1fc4a63b9411e18e38783ac] 10.0.0.35 "GET /resource_providers/ebef3045-4a5c-40be-a272-7527259d9870/aggregates" status: 404 len: 235 microversion: 1.1 [pid: 7|app: 0|req: 511/1018] 10.0.0.35 () {32 vars in 814 bytes} [Wed May 6 02:31:23 2026] GET /resource_providers/ebef3045-4a5c-40be-a272-7527259d9870/aggregates => generated 235 bytes in 12 msecs (HTTP/1.1 404) 5 headers in 202 bytes (1 switches on core 0)
