May 20 22:07:07.858815 np0000175567 devstack@g-api.service[115032]: DEBUG dbcounter [-] [115032] Writer thread running {{(pid=115032) stat_writer /opt/stack/data/venv/lib/python3.12/site-packages/dbcounter.py:102}}
May 20 22:07:07.859772 np0000175567 devstack@g-api.service[115031]: DEBUG glance.image_cache.drivers.centralized_db [None req-37e23ea8-d229-4ad5-acfe-66421801932c None None] Node reference is already recorded, ignoring it {{(pid=115031) configure /opt/stack/glance/glance/image_cache/drivers/centralized_db.py:71}}
May 20 22:07:07.860441 np0000175567 devstack@g-api.service[115034]: INFO glance.image_cache [None req-0bba1667-a402-4201-b78d-90788a25d79c None None] Image cache loaded driver 'centralized_db'.
May 20 22:07:07.861864 np0000175567 devstack@g-api.service[115033]: DEBUG glance.image_cache.drivers.centralized_db [None req-049628c2-8102-4390-9f0e-f6f6301b8de0 None None] Node reference is already recorded, ignoring it {{(pid=115033) configure /opt/stack/glance/glance/image_cache/drivers/centralized_db.py:71}}
May 20 22:07:07.863642 np0000175567 devstack@g-api.service[115032]: DEBUG glance.image_cache.drivers.centralized_db [None req-aa5e9b67-d2c6-4f8c-907d-1bb2f26f70fe None None] Node reference is already recorded, ignoring it {{(pid=115032) configure /opt/stack/glance/glance/image_cache/drivers/centralized_db.py:71}}
May 20 22:07:07.865100 np0000175567 devstack@g-api.service[115031]: DEBUG glance.api.v2.cached_images [None req-37e23ea8-d229-4ad5-acfe-66421801932c None None] Started cache worker thread {{(pid=115031) __init__ /opt/stack/glance/glance/api/v2/cached_images.py:69}}
May 20 22:07:07.865854 np0000175567 devstack@g-api.service[115031]: INFO glance.image_cache [None req-37e23ea8-d229-4ad5-acfe-66421801932c None None] Image cache loaded driver 'centralized_db'.
May 20 22:07:07.869009 np0000175567 devstack@g-api.service[115034]: DEBUG glance.image_cache.drivers.centralized_db [None req-0bba1667-a402-4201-b78d-90788a25d79c None None] Node reference is already recorded, ignoring it {{(pid=115034) configure /opt/stack/glance/glance/image_cache/drivers/centralized_db.py:71}}
May 20 22:07:07.870149 np0000175567 devstack@g-api.service[115033]: DEBUG glance.api.v2.cached_images [None req-049628c2-8102-4390-9f0e-f6f6301b8de0 None None] Started cache worker thread {{(pid=115033) __init__ /opt/stack/glance/glance/api/v2/cached_images.py:69}}
May 20 22:07:07.871272 np0000175567 devstack@g-api.service[115033]: INFO glance.image_cache [None req-049628c2-8102-4390-9f0e-f6f6301b8de0 None None] Image cache loaded driver 'centralized_db'.
May 20 22:07:07.871865 np0000175567 devstack@g-api.service[115032]: INFO glance.image_cache [None req-aa5e9b67-d2c6-4f8c-907d-1bb2f26f70fe None None] Image cache loaded driver 'centralized_db'.
May 20 22:07:07.873522 np0000175567 devstack@g-api.service[115031]: DEBUG glance.image_cache.drivers.centralized_db [None req-37e23ea8-d229-4ad5-acfe-66421801932c None None] Node reference is already recorded, ignoring it {{(pid=115031) configure /opt/stack/glance/glance/image_cache/drivers/centralized_db.py:71}}
May 20 22:07:07.878322 np0000175567 devstack@g-api.service[115034]: DEBUG glance.api.v2.cached_images [None req-0bba1667-a402-4201-b78d-90788a25d79c None None] Started cache worker thread {{(pid=115034) __init__ /opt/stack/glance/glance/api/v2/cached_images.py:69}}
May 20 22:07:07.878636 np0000175567 devstack@g-api.service[115031]: INFO glance.api.middleware.cache_manage [None req-37e23ea8-d229-4ad5-acfe-66421801932c None None] Initialized image cache management middleware
May 20 22:07:07.878774 np0000175567 devstack@g-api.service[115031]: INFO glance.image_cache [None req-37e23ea8-d229-4ad5-acfe-66421801932c None None] Image cache loaded driver 'centralized_db'.
May 20 22:07:07.879213 np0000175567 devstack@g-api.service[115034]: INFO glance.image_cache [None req-0bba1667-a402-4201-b78d-90788a25d79c None None] Image cache loaded driver 'centralized_db'.
May 20 22:07:07.879979 np0000175567 devstack@g-api.service[115033]: DEBUG glance.image_cache.drivers.centralized_db [None req-049628c2-8102-4390-9f0e-f6f6301b8de0 None None] Node reference is already recorded, ignoring it {{(pid=115033) configure /opt/stack/glance/glance/image_cache/drivers/centralized_db.py:71}}
May 20 22:07:07.884442 np0000175567 devstack@g-api.service[115032]: DEBUG glance.image_cache.drivers.centralized_db [None req-aa5e9b67-d2c6-4f8c-907d-1bb2f26f70fe None None] Node reference is already recorded, ignoring it {{(pid=115032) configure /opt/stack/glance/glance/image_cache/drivers/centralized_db.py:71}}
May 20 22:07:07.885115 np0000175567 devstack@g-api.service[115033]: INFO glance.api.middleware.cache_manage [None req-049628c2-8102-4390-9f0e-f6f6301b8de0 None None] Initialized image cache management middleware
May 20 22:07:07.885304 np0000175567 devstack@g-api.service[115033]: INFO glance.image_cache [None req-049628c2-8102-4390-9f0e-f6f6301b8de0 None None] Image cache loaded driver 'centralized_db'.
May 20 22:07:07.886576 np0000175567 devstack@g-api.service[115031]: DEBUG glance.image_cache.drivers.centralized_db [None req-37e23ea8-d229-4ad5-acfe-66421801932c None None] Node reference is already recorded, ignoring it {{(pid=115031) configure /opt/stack/glance/glance/image_cache/drivers/centralized_db.py:71}}
May 20 22:07:07.888735 np0000175567 devstack@g-api.service[115034]: DEBUG glance.image_cache.drivers.centralized_db [None req-0bba1667-a402-4201-b78d-90788a25d79c None None] Node reference is already recorded, ignoring it {{(pid=115034) configure /opt/stack/glance/glance/image_cache/drivers/centralized_db.py:71}}
May 20 22:07:07.890015 np0000175567 devstack@g-api.service[115032]: DEBUG glance.api.v2.cached_images [None req-aa5e9b67-d2c6-4f8c-907d-1bb2f26f70fe None None] Started cache worker thread {{(pid=115032) __init__ /opt/stack/glance/glance/api/v2/cached_images.py:69}}
May 20 22:07:07.890590 np0000175567 devstack@g-api.service[115031]: INFO glance.api.middleware.cache [None req-37e23ea8-d229-4ad5-acfe-66421801932c None None] Initialized image cache middleware
May 20 22:07:07.891245 np0000175567 devstack@g-api.service[115032]: INFO glance.image_cache [None req-aa5e9b67-d2c6-4f8c-907d-1bb2f26f70fe None None] Image cache loaded driver 'centralized_db'.
May 20 22:07:07.896146 np0000175567 devstack@g-api.service[115033]: DEBUG glance.image_cache.drivers.centralized_db [None req-049628c2-8102-4390-9f0e-f6f6301b8de0 None None] Node reference is already recorded, ignoring it {{(pid=115033) configure /opt/stack/glance/glance/image_cache/drivers/centralized_db.py:71}}
May 20 22:07:07.897485 np0000175567 devstack@g-api.service[115034]: INFO glance.api.middleware.cache_manage [None req-0bba1667-a402-4201-b78d-90788a25d79c None None] Initialized image cache management middleware
May 20 22:07:07.897686 np0000175567 devstack@g-api.service[115034]: INFO glance.image_cache [None req-0bba1667-a402-4201-b78d-90788a25d79c None None] Image cache loaded driver 'centralized_db'.
May 20 22:07:07.900423 np0000175567 devstack@g-api.service[115032]: DEBUG glance.image_cache.drivers.centralized_db [None req-aa5e9b67-d2c6-4f8c-907d-1bb2f26f70fe None None] Node reference is already recorded, ignoring it {{(pid=115032) configure /opt/stack/glance/glance/image_cache/drivers/centralized_db.py:71}}
May 20 22:07:07.900874 np0000175567 devstack@g-api.service[115033]: INFO glance.api.middleware.cache [None req-049628c2-8102-4390-9f0e-f6f6301b8de0 None None] Initialized image cache middleware
May 20 22:07:07.902683 np0000175567 devstack@g-api.service[115031]: DEBUG glance.common.config [None req-37e23ea8-d229-4ad5-acfe-66421801932c None None] ******************************************************************************** {{(pid=115031) log_opt_values /opt/stack/data/venv/lib/python3.12/site-packages/oslo_config/cfg.py:3229}}
May 20 22:07:07.902791 np0000175567 devstack@g-api.service[115031]: DEBUG glance.common.config [None req-37e23ea8-d229-4ad5-acfe-66421801932c None None] Configuration options gathered from: {{(pid=115031) log_opt_values /opt/stack/data/venv/lib/python3.12/site-packages/oslo_config/cfg.py:3230}}
May 20 22:07:07.903093 np0000175567 devstack@g-api.service[115031]: DEBUG glance.common.config [None req-37e23ea8-d229-4ad5-acfe-66421801932c None None] command line args: [] {{(pid=115031) log_opt_values /opt/stack/data/venv/lib/python3.12/site-packages/oslo_config/cfg.py:3231}}
May 20 22:07:07.903206 np0000175567 devstack@g-api.service[115031]: DEBUG glance.common.config [None req-37e23ea8-d229-4ad5-acfe-66421801932c None None] config files: ['/etc/glance/glance-image-import.conf', '/etc/glance/glance-api.conf'] {{(pid=115031) log_opt_values /opt/stack/data/venv/lib/python3.12/site-packages/oslo_config/cfg.py:3232}}
May 20 22:07:07.903327 np0000175567 devstack@g-api.service[115031]: DEBUG glance.common.config [None req-37e23ea8-d229-4ad5-acfe-66421801932c None None] ================================================================================ {{(pid=115031) log_opt_values /opt/stack/data/venv/lib/python3.12/site-packages/oslo_config/cfg.py:3237}}
May 20 22:07:07.903421 np0000175567 devstack@g-api.service[115031]: DEBUG glance.common.config [None req-37e23ea8-d229-4ad5-acfe-66421801932c None None] allow_anonymous_access = False {{(pid=115031) log_opt_values /opt/stack/data/venv/lib/python3.12/site-packages/oslo_config/cfg.py:3245}}
May 20 22:07:07.903525 np0000175567 devstack@g-api.service[115031]: DEBUG glance.common.config [None req-37e23ea8-d229-4ad5-acfe-66421801932c None None] api_limit_max = 1000 {{(pid=115031) log_opt_values /opt/stack/data/venv/lib/python3.12/site-packages/oslo_config/cfg.py:3245}}
May 20 22:07:07.903629 np0000175567 devstack@g-api.service[115031]: DEBUG glance.common.config [None req-37e23ea8-d229-4ad5-acfe-66421801932c None None] backlog = 4096 {{(pid=115031) log_opt_values /opt/stack/data/venv/lib/python3.12/site-packages/oslo_config/cfg.py:3245}}
May 20 22:07:07.903772 np0000175567 devstack@g-api.service[115031]: DEBUG glance.common.config [None req-37e23ea8-d229-4ad5-acfe-66421801932c None None] bind_host = 0.0.0.0 {{(pid=115031) log_opt_values /opt/stack/data/venv/lib/python3.12/site-packages/oslo_config/cfg.py:3245}}
May 20 22:07:07.903902 np0000175567 devstack@g-api.service[115031]: DEBUG glance.common.config [None req-37e23ea8-d229-4ad5-acfe-66421801932c None None] bind_port = 19292 {{(pid=115031) log_opt_values /opt/stack/data/venv/lib/python3.12/site-packages/oslo_config/cfg.py:3245}}
May 20 22:07:07.903970 np0000175567 devstack@g-api.service[115031]: DEBUG glance.common.config [None req-37e23ea8-d229-4ad5-acfe-66421801932c None None] client_socket_timeout = 900 {{(pid=115031) log_opt_values /opt/stack/data/venv/lib/python3.12/site-packages/oslo_config/cfg.py:3245}}
May 20 22:07:07.904087 np0000175567 devstack@g-api.service[115031]: DEBUG glance.common.config [None req-37e23ea8-d229-4ad5-acfe-66421801932c None None] config_dir = [] {{(pid=115031) log_opt_values /opt/stack/data/venv/lib/python3.12/site-packages/oslo_config/cfg.py:3245}}
May 20 22:07:07.904151 np0000175567 devstack@g-api.service[115031]: DEBUG glance.common.config [None req-37e23ea8-d229-4ad5-acfe-66421801932c None None] config_file = ['/etc/glance/glance-image-import.conf', '/etc/glance/glance-api.conf'] {{(pid=115031) log_opt_values /opt/stack/data/venv/lib/python3.12/site-packages/oslo_config/cfg.py:3245}}
May 20 22:07:07.904273 np0000175567 devstack@g-api.service[115031]: DEBUG glance.common.config [None req-37e23ea8-d229-4ad5-acfe-66421801932c None None] config_source = [] {{(pid=115031) log_opt_values /opt/stack/data/venv/lib/python3.12/site-packages/oslo_config/cfg.py:3245}}
May 20 22:07:07.904374 np0000175567 devstack@g-api.service[115031]: DEBUG glance.common.config [None req-37e23ea8-d229-4ad5-acfe-66421801932c None None] control_exchange = glance {{(pid=115031) log_opt_values /opt/stack/data/venv/lib/python3.12/site-packages/oslo_config/cfg.py:3245}}
May 20 22:07:07.904435 np0000175567 devstack@g-api.service[115031]: DEBUG glance.common.config [None req-37e23ea8-d229-4ad5-acfe-66421801932c None None] debug = True {{(pid=115031) log_opt_values /opt/stack/data/venv/lib/python3.12/site-packages/oslo_config/cfg.py:3245}}
May 20 22:07:07.904669 np0000175567 devstack@g-api.service[115031]: DEBUG glance.common.config [None req-37e23ea8-d229-4ad5-acfe-66421801932c None None] default_log_levels = ['amqp=WARN', 'boto=WARN', 'sqlalchemy=WARN', 'suds=INFO', 'oslo.messaging=INFO', 'oslo_messaging=INFO', 'iso8601=WARN', 'requests.packages.urllib3.connectionpool=WARN', 'urllib3.connectionpool=WARN', 'websocket=WARN', 'requests.packages.urllib3.util.retry=WARN', 'urllib3.util.retry=WARN', 'keystonemiddleware=WARN', 'routes.middleware=WARN', 'stevedore=WARN', 'taskflow=WARN', 'keystoneauth=WARN', 'oslo.cache=INFO', 'oslo_policy=INFO', 'dogpile.core.dogpile=INFO'] {{(pid=115031) log_opt_values /opt/stack/data/venv/lib/python3.12/site-packages/oslo_config/cfg.py:3245}}
May 20 22:07:07.904826 np0000175567 devstack@g-api.service[115031]: DEBUG glance.common.config [None req-37e23ea8-d229-4ad5-acfe-66421801932c None None] default_publisher_id = image.localhost {{(pid=115031) log_opt_values /opt/stack/data/venv/lib/python3.12/site-packages/oslo_config/cfg.py:3245}}
May 20 22:07:07.904919 np0000175567 devstack@g-api.service[115031]: DEBUG glance.common.config [None req-37e23ea8-d229-4ad5-acfe-66421801932c None None] delayed_delete = False {{(pid=115031) log_opt_values /opt/stack/data/venv/lib/python3.12/site-packages/oslo_config/cfg.py:3245}}
May 20 22:07:07.904980 np0000175567 devstack@g-api.service[115031]: DEBUG glance.common.config [None req-37e23ea8-d229-4ad5-acfe-66421801932c None None] digest_algorithm = sha256 {{(pid=115031) log_opt_values /opt/stack/data/venv/lib/python3.12/site-packages/oslo_config/cfg.py:3245}}
May 20 22:07:07.905044 np0000175567 devstack@g-api.service[115031]: DEBUG glance.common.config [None req-37e23ea8-d229-4ad5-acfe-66421801932c None None] disabled_notifications = [] {{(pid=115031) log_opt_values /opt/stack/data/venv/lib/python3.12/site-packages/oslo_config/cfg.py:3245}}
May 20 22:07:07.905172 np0000175567 devstack@g-api.service[115031]: DEBUG glance.common.config [None req-37e23ea8-d229-4ad5-acfe-66421801932c None None] do_secure_hash = True {{(pid=115031) log_opt_values /opt/stack/data/venv/lib/python3.12/site-packages/oslo_config/cfg.py:3245}}
May 20 22:07:07.905391 np0000175567 devstack@g-api.service[115031]: DEBUG glance.common.config [None req-37e23ea8-d229-4ad5-acfe-66421801932c None None] enabled_backends = None {{(pid=115031) log_opt_values /opt/stack/data/venv/lib/python3.12/site-packages/oslo_config/cfg.py:3245}}
May 20 22:07:07.905391 np0000175567 devstack@g-api.service[115031]: DEBUG glance.common.config [None req-37e23ea8-d229-4ad5-acfe-66421801932c None None] enabled_import_methods = ['glance-direct', 'web-download', 'copy-image'] {{(pid=115031) log_opt_values /opt/stack/data/venv/lib/python3.12/site-packages/oslo_config/cfg.py:3245}}
May 20 22:07:07.905529 np0000175567 devstack@g-api.service[115031]: DEBUG glance.common.config [None req-37e23ea8-d229-4ad5-acfe-66421801932c None None] hashing_algorithm = sha512 {{(pid=115031) log_opt_values /opt/stack/data/venv/lib/python3.12/site-packages/oslo_config/cfg.py:3245}}
May 20 22:07:07.905588 np0000175567 devstack@g-api.service[115031]: DEBUG glance.common.config [None req-37e23ea8-d229-4ad5-acfe-66421801932c None None] http_keepalive = True {{(pid=115031) log_opt_values /opt/stack/data/venv/lib/python3.12/site-packages/oslo_config/cfg.py:3245}}
May 20 22:07:07.905662 np0000175567 devstack@g-api.service[115031]: DEBUG glance.common.config [None req-37e23ea8-d229-4ad5-acfe-66421801932c None None] http_retries = 3 {{(pid=115031) log_opt_values /opt/stack/data/venv/lib/python3.12/site-packages/oslo_config/cfg.py:3245}}
May 20 22:07:07.905769 np0000175567 devstack@g-api.service[115031]: DEBUG glance.common.config [None req-37e23ea8-d229-4ad5-acfe-66421801932c None None] image_cache_dir = /opt/stack/data/glance/cache/ {{(pid=115031) log_opt_values /opt/stack/data/venv/lib/python3.12/site-packages/oslo_config/cfg.py:3245}}
May 20 22:07:07.905891 np0000175567 devstack@g-api.service[115031]: DEBUG glance.common.config [None req-37e23ea8-d229-4ad5-acfe-66421801932c None None] image_cache_driver = centralized_db {{(pid=115031) log_opt_values /opt/stack/data/venv/lib/python3.12/site-packages/oslo_config/cfg.py:3245}}
May 20 22:07:07.905961 np0000175567 devstack@g-api.service[115031]: DEBUG glance.common.config [None req-37e23ea8-d229-4ad5-acfe-66421801932c None None] image_cache_max_size = 10737418240 {{(pid=115031) log_opt_values /opt/stack/data/venv/lib/python3.12/site-packages/oslo_config/cfg.py:3245}}
May 20 22:07:07.906064 np0000175567 devstack@g-api.service[115031]: DEBUG glance.common.config [None req-37e23ea8-d229-4ad5-acfe-66421801932c None None] image_cache_sqlite_db = cache.db {{(pid=115031) log_opt_values /opt/stack/data/venv/lib/python3.12/site-packages/oslo_config/cfg.py:3245}}
May 20 22:07:07.906164 np0000175567 devstack@g-api.service[115031]: DEBUG glance.common.config [None req-37e23ea8-d229-4ad5-acfe-66421801932c None None] image_cache_stall_time = 86400 {{(pid=115031) log_opt_values /opt/stack/data/venv/lib/python3.12/site-packages/oslo_config/cfg.py:3245}}
May 20 22:07:07.906273 np0000175567 devstack@g-api.service[115031]: DEBUG glance.common.config [None req-37e23ea8-d229-4ad5-acfe-66421801932c None None] image_location_quota = 10 {{(pid=115031) log_opt_values /opt/stack/data/venv/lib/python3.12/site-packages/oslo_config/cfg.py:3245}}
May 20 22:07:07.906369 np0000175567 devstack@g-api.service[115031]: DEBUG glance.common.config [None req-37e23ea8-d229-4ad5-acfe-66421801932c None None] image_member_quota = 128 {{(pid=115031) log_opt_values /opt/stack/data/venv/lib/python3.12/site-packages/oslo_config/cfg.py:3245}}
May 20 22:07:07.906508 np0000175567 devstack@g-api.service[115031]: DEBUG glance.common.config [None req-37e23ea8-d229-4ad5-acfe-66421801932c None None] image_property_quota = 128 {{(pid=115031) log_opt_values /opt/stack/data/venv/lib/python3.12/site-packages/oslo_config/cfg.py:3245}}
May 20 22:07:07.906569 np0000175567 devstack@g-api.service[115031]: DEBUG glance.common.config [None req-37e23ea8-d229-4ad5-acfe-66421801932c None None] image_size_cap = 1099511627776 {{(pid=115031) log_opt_values /opt/stack/data/venv/lib/python3.12/site-packages/oslo_config/cfg.py:3245}}
May 20 22:07:07.906652 np0000175567 devstack@g-api.service[115031]: DEBUG glance.common.config [None req-37e23ea8-d229-4ad5-acfe-66421801932c None None] image_tag_quota = 128 {{(pid=115031) log_opt_values /opt/stack/data/venv/lib/python3.12/site-packages/oslo_config/cfg.py:3245}}
May 20 22:07:07.906756 np0000175567 devstack@g-api.service[115031]: DEBUG glance.common.config [None req-37e23ea8-d229-4ad5-acfe-66421801932c None None] instance_format = [instance: %(uuid)s] {{(pid=115031) log_opt_values /opt/stack/data/venv/lib/python3.12/site-packages/oslo_config/cfg.py:3245}}
May 20 22:07:07.906857 np0000175567 devstack@g-api.service[115031]: DEBUG glance.common.config [None req-37e23ea8-d229-4ad5-acfe-66421801932c None None] instance_uuid_format = [instance: %(uuid)s] {{(pid=115031) log_opt_values /opt/stack/data/venv/lib/python3.12/site-packages/oslo_config/cfg.py:3245}}
May 20 22:07:07.906918 np0000175567 devstack@g-api.service[115034]: DEBUG glance.image_cache.drivers.centralized_db [None req-0bba1667-a402-4201-b78d-90788a25d79c None None] Node reference is already recorded, ignoring it {{(pid=115034) configure /opt/stack/glance/glance/image_cache/drivers/centralized_db.py:71}}
May 20 22:07:07.906977 np0000175567 devstack@g-api.service[115031]: DEBUG glance.common.config [None req-37e23ea8-d229-4ad5-acfe-66421801932c None None] limit_param_default = 25 {{(pid=115031) log_opt_values /opt/stack/data/venv/lib/python3.12/site-packages/oslo_config/cfg.py:3245}}
May 20 22:07:07.907036 np0000175567 devstack@g-api.service[115031]: DEBUG glance.common.config [None req-37e23ea8-d229-4ad5-acfe-66421801932c None None] log_color = False {{(pid=115031) log_opt_values /opt/stack/data/venv/lib/python3.12/site-packages/oslo_config/cfg.py:3245}}
May 20 22:07:07.907154 np0000175567 devstack@g-api.service[115031]: DEBUG glance.common.config [None req-37e23ea8-d229-4ad5-acfe-66421801932c None None] log_config_append = None {{(pid=115031) log_opt_values /opt/stack/data/venv/lib/python3.12/site-packages/oslo_config/cfg.py:3245}}
May 20 22:07:07.907269 np0000175567 devstack@g-api.service[115031]: DEBUG glance.common.config [None req-37e23ea8-d229-4ad5-acfe-66421801932c None None] log_date_format = %Y-%m-%d %H:%M:%S {{(pid=115031) log_opt_values /opt/stack/data/venv/lib/python3.12/site-packages/oslo_config/cfg.py:3245}}
May 20 22:07:07.907377 np0000175567 devstack@g-api.service[115032]: INFO glance.api.middleware.cache_manage [None req-aa5e9b67-d2c6-4f8c-907d-1bb2f26f70fe None None] Initialized image cache management middleware
May 20 22:07:07.907448 np0000175567 devstack@g-api.service[115031]: DEBUG glance.common.config [None req-37e23ea8-d229-4ad5-acfe-66421801932c None None] log_dir = None {{(pid=115031) log_opt_values /opt/stack/data/venv/lib/python3.12/site-packages/oslo_config/cfg.py:3245}}
May 20 22:07:07.907579 np0000175567 devstack@g-api.service[115031]: DEBUG glance.common.config [None req-37e23ea8-d229-4ad5-acfe-66421801932c None None] log_file = None {{(pid=115031) log_opt_values /opt/stack/data/venv/lib/python3.12/site-packages/oslo_config/cfg.py:3245}}
May 20 22:07:07.907649 np0000175567 devstack@g-api.service[115032]: INFO glance.image_cache [None req-aa5e9b67-d2c6-4f8c-907d-1bb2f26f70fe None None] Image cache loaded driver 'centralized_db'.
May 20 22:07:07.907708 np0000175567 devstack@g-api.service[115031]: DEBUG glance.common.config [None req-37e23ea8-d229-4ad5-acfe-66421801932c None None] log_rotate_interval = 1 {{(pid=115031) log_opt_values /opt/stack/data/venv/lib/python3.12/site-packages/oslo_config/cfg.py:3245}}
May 20 22:07:07.907708 np0000175567 devstack@g-api.service[115031]: DEBUG glance.common.config [None req-37e23ea8-d229-4ad5-acfe-66421801932c None None] log_rotate_interval_type = days {{(pid=115031) log_opt_values /opt/stack/data/venv/lib/python3.12/site-packages/oslo_config/cfg.py:3245}}
May 20 22:07:07.907819 np0000175567 devstack@g-api.service[115031]: DEBUG glance.common.config [None req-37e23ea8-d229-4ad5-acfe-66421801932c None None] log_rotation_type = none {{(pid=115031) log_opt_values /opt/stack/data/venv/lib/python3.12/site-packages/oslo_config/cfg.py:3245}}
May 20 22:07:07.907819 np0000175567 devstack@g-api.service[115031]: DEBUG glance.common.config [None req-37e23ea8-d229-4ad5-acfe-66421801932c None None] logging_context_format_string = %(color)s%(levelname)s %(name)s [%(global_request_id)s %(request_id)s %(project_name)s %(user_name)s%(color)s] %(instance)s%(color)s%(message)s {{(pid=115031) log_opt_values /opt/stack/data/venv/lib/python3.12/site-packages/oslo_config/cfg.py:3245}}
May 20 22:07:07.907943 np0000175567 devstack@g-api.service[115031]: DEBUG glance.common.config [None req-37e23ea8-d229-4ad5-acfe-66421801932c None None] logging_debug_format_suffix = {{(pid=%(process)d) %(funcName)s %(pathname)s:%(lineno)d}} {{(pid=115031) log_opt_values /opt/stack/data/venv/lib/python3.12/site-packages/oslo_config/cfg.py:3245}}
May 20 22:07:07.908009 np0000175567 devstack@g-api.service[115031]: DEBUG glance.common.config [None req-37e23ea8-d229-4ad5-acfe-66421801932c None None] logging_default_format_string = %(color)s%(levelname)s %(name)s [-%(color)s] %(instance)s%(color)s%(message)s {{(pid=115031) log_opt_values /opt/stack/data/venv/lib/python3.12/site-packages/oslo_config/cfg.py:3245}}
May 20 22:07:07.908098 np0000175567 devstack@g-api.service[115031]: DEBUG glance.common.config [None req-37e23ea8-d229-4ad5-acfe-66421801932c None None] logging_exception_prefix = ERROR %(name)s %(instance)s {{(pid=115031) log_opt_values /opt/stack/data/venv/lib/python3.12/site-packages/oslo_config/cfg.py:3245}}
May 20 22:07:07.908157 np0000175567 devstack@g-api.service[115031]: DEBUG glance.common.config [None req-37e23ea8-d229-4ad5-acfe-66421801932c None None] logging_user_identity_format = %(user)s %(project)s %(domain)s %(system_scope)s %(user_domain)s %(project_domain)s {{(pid=115031) log_opt_values /opt/stack/data/venv/lib/python3.12/site-packages/oslo_config/cfg.py:3245}}
May 20 22:07:07.908278 np0000175567 devstack@g-api.service[115031]: DEBUG glance.common.config [None req-37e23ea8-d229-4ad5-acfe-66421801932c None None] max_header_line = 16384 {{(pid=115031) log_opt_values /opt/stack/data/venv/lib/python3.12/site-packages/oslo_config/cfg.py:3245}}
May 20 22:07:07.908372 np0000175567 devstack@g-api.service[115031]: DEBUG glance.common.config [None req-37e23ea8-d229-4ad5-acfe-66421801932c None None] max_logfile_count = 30 {{(pid=115031) log_opt_values /opt/stack/data/venv/lib/python3.12/site-packages/oslo_config/cfg.py:3245}}
May 20 22:07:07.908470 np0000175567 devstack@g-api.service[115031]: DEBUG glance.common.config [None req-37e23ea8-d229-4ad5-acfe-66421801932c None None] max_logfile_size_mb = 200 {{(pid=115031) log_opt_values /opt/stack/data/venv/lib/python3.12/site-packages/oslo_config/cfg.py:3245}}
May 20 22:07:07.908742 np0000175567 devstack@g-api.service[115031]: DEBUG glance.common.config [None req-37e23ea8-d229-4ad5-acfe-66421801932c None None] max_request_id_length = 64 {{(pid=115031) log_opt_values /opt/stack/data/venv/lib/python3.12/site-packages/oslo_config/cfg.py:3245}}
May 20 22:07:07.908742 np0000175567 devstack@g-api.service[115031]: DEBUG glance.common.config [None req-37e23ea8-d229-4ad5-acfe-66421801932c None None] metadata_encryption_key = **** {{(pid=115031) log_opt_values /opt/stack/data/venv/lib/python3.12/site-packages/oslo_config/cfg.py:3245}}
May 20 22:07:07.908870 np0000175567 devstack@g-api.service[115031]: DEBUG glance.common.config [None req-37e23ea8-d229-4ad5-acfe-66421801932c None None] node_staging_uri = file:///tmp/staging/ {{(pid=115031) log_opt_values /opt/stack/data/venv/lib/python3.12/site-packages/oslo_config/cfg.py:3245}}
May 20 22:07:07.908870 np0000175567 devstack@g-api.service[115031]: DEBUG glance.common.config [None req-37e23ea8-d229-4ad5-acfe-66421801932c None None] property_protection_file = None {{(pid=115031) log_opt_values /opt/stack/data/venv/lib/python3.12/site-packages/oslo_config/cfg.py:3245}}
May 20 22:07:07.908987 np0000175567 devstack@g-api.service[115031]: DEBUG glance.common.config [None req-37e23ea8-d229-4ad5-acfe-66421801932c None None] property_protection_rule_format = roles {{(pid=115031) log_opt_values /opt/stack/data/venv/lib/python3.12/site-packages/oslo_config/cfg.py:3245}}
May 20 22:07:07.909052 np0000175567 devstack@g-api.service[115031]: DEBUG glance.common.config [None req-37e23ea8-d229-4ad5-acfe-66421801932c None None] public_endpoint = https://199.19.213.157/image {{(pid=115031) log_opt_values /opt/stack/data/venv/lib/python3.12/site-packages/oslo_config/cfg.py:3245}}
May 20 22:07:07.909160 np0000175567 devstack@g-api.service[115031]: DEBUG glance.common.config [None req-37e23ea8-d229-4ad5-acfe-66421801932c None None] publish_errors = False {{(pid=115031) log_opt_values /opt/stack/data/venv/lib/python3.12/site-packages/oslo_config/cfg.py:3245}}
May 20 22:07:07.909268 np0000175567 devstack@g-api.service[115031]: DEBUG glance.common.config [None req-37e23ea8-d229-4ad5-acfe-66421801932c None None] pydev_worker_debug_host = None {{(pid=115031) log_opt_values /opt/stack/data/venv/lib/python3.12/site-packages/oslo_config/cfg.py:3245}}
May 20 22:07:07.909384 np0000175567 devstack@g-api.service[115031]: DEBUG glance.common.config [None req-37e23ea8-d229-4ad5-acfe-66421801932c None None] pydev_worker_debug_port = 5678 {{(pid=115031) log_opt_values /opt/stack/data/venv/lib/python3.12/site-packages/oslo_config/cfg.py:3245}}
May 20 22:07:07.909461 np0000175567 devstack@g-api.service[115031]: DEBUG glance.common.config [None req-37e23ea8-d229-4ad5-acfe-66421801932c None None] rate_limit_burst = 0 {{(pid=115031) log_opt_values /opt/stack/data/venv/lib/python3.12/site-packages/oslo_config/cfg.py:3245}}
May 20 22:07:07.909573 np0000175567 devstack@g-api.service[115031]: DEBUG glance.common.config [None req-37e23ea8-d229-4ad5-acfe-66421801932c None None] rate_limit_except_level = CRITICAL {{(pid=115031) log_opt_values /opt/stack/data/venv/lib/python3.12/site-packages/oslo_config/cfg.py:3245}}
May 20 22:07:07.909667 np0000175567 devstack@g-api.service[115031]: DEBUG glance.common.config [None req-37e23ea8-d229-4ad5-acfe-66421801932c None None] rate_limit_interval = 0 {{(pid=115031) log_opt_values /opt/stack/data/venv/lib/python3.12/site-packages/oslo_config/cfg.py:3245}}
May 20 22:07:07.909768 np0000175567 devstack@g-api.service[115031]: DEBUG glance.common.config [None req-37e23ea8-d229-4ad5-acfe-66421801932c None None] scrub_pool_size = 1 {{(pid=115031) log_opt_values /opt/stack/data/venv/lib/python3.12/site-packages/oslo_config/cfg.py:3245}}
May 20 22:07:07.909864 np0000175567 devstack@g-api.service[115031]: DEBUG glance.common.config [None req-37e23ea8-d229-4ad5-acfe-66421801932c None None] scrub_time = 0 {{(pid=115031) log_opt_values /opt/stack/data/venv/lib/python3.12/site-packages/oslo_config/cfg.py:3245}}
May 20 22:07:07.909958 np0000175567 devstack@g-api.service[115031]: DEBUG glance.common.config [None req-37e23ea8-d229-4ad5-acfe-66421801932c None None] shell_completion = None {{(pid=115031) log_opt_values /opt/stack/data/venv/lib/python3.12/site-packages/oslo_config/cfg.py:3245}}
May 20 22:07:07.910060 np0000175567 devstack@g-api.service[115031]: DEBUG glance.common.config [None req-37e23ea8-d229-4ad5-acfe-66421801932c None None] show_image_direct_url = False {{(pid=115031) log_opt_values /opt/stack/data/venv/lib/python3.12/site-packages/oslo_config/cfg.py:3245}}
May 20 22:07:07.910296 np0000175567 devstack@g-api.service[115031]: WARNING oslo_config.cfg [None req-37e23ea8-d229-4ad5-acfe-66421801932c None None] Deprecated: Option "show_multiple_locations" from group "DEFAULT" is deprecated for removal (Use of this option, deprecated since Newton, is a security risk and will be removed once we figure out a way to satisfy those use cases that currently require it. An earlier announcement that the same functionality can be achieved with greater granularity by using policies is incorrect. You cannot work around this option via policy configuration at the present time, though that is the direction we believe the fix will take. Please keep an eye on the Glance release notes to stay up to date on progress in addressing this issue.). Its value may be silently ignored in the future.
May 20 22:07:07.910408 np0000175567 devstack@g-api.service[115031]: DEBUG glance.common.config [None req-37e23ea8-d229-4ad5-acfe-66421801932c None None] show_multiple_locations = False {{(pid=115031) log_opt_values /opt/stack/data/venv/lib/python3.12/site-packages/oslo_config/cfg.py:3245}}
May 20 22:07:07.910508 np0000175567 devstack@g-api.service[115031]: DEBUG glance.common.config [None req-37e23ea8-d229-4ad5-acfe-66421801932c None None] syslog_log_facility = LOG_USER {{(pid=115031) log_opt_values /opt/stack/data/venv/lib/python3.12/site-packages/oslo_config/cfg.py:3245}}
May 20 22:07:07.910609 np0000175567 devstack@g-api.service[115031]: DEBUG glance.common.config [None req-37e23ea8-d229-4ad5-acfe-66421801932c None None] tcp_keepidle = 600 {{(pid=115031) log_opt_values /opt/stack/data/venv/lib/python3.12/site-packages/oslo_config/cfg.py:3245}}
May 20 22:07:07.910712 np0000175567 devstack@g-api.service[115031]: DEBUG glance.common.config [None req-37e23ea8-d229-4ad5-acfe-66421801932c None None] transport_url = **** {{(pid=115031) log_opt_values /opt/stack/data/venv/lib/python3.12/site-packages/oslo_config/cfg.py:3245}}
May 20 22:07:07.910812 np0000175567 devstack@g-api.service[115031]: DEBUG glance.common.config [None req-37e23ea8-d229-4ad5-acfe-66421801932c None None] use_journal = False {{(pid=115031) log_opt_values /opt/stack/data/venv/lib/python3.12/site-packages/oslo_config/cfg.py:3245}}
May 20 22:07:07.910911 np0000175567 devstack@g-api.service[115031]: DEBUG glance.common.config [None req-37e23ea8-d229-4ad5-acfe-66421801932c None None] use_json = False {{(pid=115031) log_opt_values /opt/stack/data/venv/lib/python3.12/site-packages/oslo_config/cfg.py:3245}}
May 20 22:07:07.911013 np0000175567 devstack@g-api.service[115031]: DEBUG glance.common.config [None req-37e23ea8-d229-4ad5-acfe-66421801932c None None] use_keystone_limits = True {{(pid=115031) log_opt_values /opt/stack/data/venv/lib/python3.12/site-packages/oslo_config/cfg.py:3245}}
May 20 22:07:07.911111 np0000175567 devstack@g-api.service[115031]: DEBUG glance.common.config [None req-37e23ea8-d229-4ad5-acfe-66421801932c None None] use_stderr = False {{(pid=115031) log_opt_values /opt/stack/data/venv/lib/python3.12/site-packages/oslo_config/cfg.py:3245}}
May 20 22:07:07.911214 np0000175567 devstack@g-api.service[115031]: DEBUG glance.common.config [None req-37e23ea8-d229-4ad5-acfe-66421801932c None None] use_syslog = False {{(pid=115031) log_opt_values /opt/stack/data/venv/lib/python3.12/site-packages/oslo_config/cfg.py:3245}}
May 20 22:07:07.911338 np0000175567 devstack@g-api.service[115031]: DEBUG glance.common.config [None req-37e23ea8-d229-4ad5-acfe-66421801932c None None] user_storage_quota = 0 {{(pid=115031) log_opt_values /opt/stack/data/venv/lib/python3.12/site-packages/oslo_config/cfg.py:3245}}
May 20 22:07:07.911442 np0000175567 devstack@g-api.service[115031]: DEBUG glance.common.config [None req-37e23ea8-d229-4ad5-acfe-66421801932c None None] worker_self_reference_url = http://127.0.0.1:60999 {{(pid=115031) log_opt_values /opt/stack/data/venv/lib/python3.12/site-packages/oslo_config/cfg.py:3245}}
May 20 22:07:07.911536 np0000175567 devstack@g-api.service[115031]: DEBUG glance.common.config [None req-37e23ea8-d229-4ad5-acfe-66421801932c None None] workers = None {{(pid=115031) log_opt_values /opt/stack/data/venv/lib/python3.12/site-packages/oslo_config/cfg.py:3245}}
May 20 22:07:07.911650 np0000175567 devstack@g-api.service[115031]: DEBUG glance.common.config [None req-37e23ea8-d229-4ad5-acfe-66421801932c None None] oslo_concurrency.disable_process_locking = False {{(pid=115031) log_opt_values /opt/stack/data/venv/lib/python3.12/site-packages/oslo_config/cfg.py:3256}}
May 20 22:07:07.911755 np0000175567 devstack@g-api.service[115031]: DEBUG glance.common.config [None req-37e23ea8-d229-4ad5-acfe-66421801932c None None] oslo_concurrency.lock_path = /opt/stack/data/glance/locks {{(pid=115031) log_opt_values /opt/stack/data/venv/lib/python3.12/site-packages/oslo_config/cfg.py:3256}}
May 20 22:07:07.911866 np0000175567 devstack@g-api.service[115031]: DEBUG glance.common.config [None req-37e23ea8-d229-4ad5-acfe-66421801932c None None] oslo_middleware.enable_proxy_headers_parsing = False {{(pid=115031) log_opt_values /opt/stack/data/venv/lib/python3.12/site-packages/oslo_config/cfg.py:3256}}
May 20 22:07:07.911971 np0000175567 devstack@g-api.service[115031]: DEBUG glance.common.config [None req-37e23ea8-d229-4ad5-acfe-66421801932c None None] oslo_middleware.http_basic_auth_user_file = /etc/htpasswd {{(pid=115031) log_opt_values /opt/stack/data/venv/lib/python3.12/site-packages/oslo_config/cfg.py:3256}}
May 20 22:07:07.912073 np0000175567 devstack@g-api.service[115031]: DEBUG glance.common.config [None req-37e23ea8-d229-4ad5-acfe-66421801932c None None] paste_deploy.config_file = None {{(pid=115031) log_opt_values /opt/stack/data/venv/lib/python3.12/site-packages/oslo_config/cfg.py:3256}}
May 20 22:07:07.912178 np0000175567 devstack@g-api.service[115031]: DEBUG glance.common.config [None req-37e23ea8-d229-4ad5-acfe-66421801932c None None] paste_deploy.flavor = keystone+cachemanagement {{(pid=115031) log_opt_values /opt/stack/data/venv/lib/python3.12/site-packages/oslo_config/cfg.py:3256}}
May 20 22:07:07.912349 np0000175567 devstack@g-api.service[115031]: DEBUG glance.common.config [None req-37e23ea8-d229-4ad5-acfe-66421801932c None None] image_format.container_formats = ['ami', 'ari', 'aki', 'bare', 'ovf', 'ova', 'docker', 'compressed'] {{(pid=115031) log_opt_values /opt/stack/data/venv/lib/python3.12/site-packages/oslo_config/cfg.py:3256}}
May 20 22:07:07.912488 np0000175567 devstack@g-api.service[115031]: DEBUG glance.common.config [None req-37e23ea8-d229-4ad5-acfe-66421801932c None None] image_format.disk_formats = ['ami', 'ari', 'aki', 'vhd', 'vhdx', 'vmdk', 'raw', 'qcow2', 'vdi', 'iso', 'ploop'] {{(pid=115031) log_opt_values /opt/stack/data/venv/lib/python3.12/site-packages/oslo_config/cfg.py:3256}}
May 20 22:07:07.912605 np0000175567 devstack@g-api.service[115031]: DEBUG glance.common.config [None req-37e23ea8-d229-4ad5-acfe-66421801932c None None] image_format.gpt_safety_checks_nonfatal = [] {{(pid=115031) log_opt_values /opt/stack/data/venv/lib/python3.12/site-packages/oslo_config/cfg.py:3256}}
May 20 22:07:07.912710 np0000175567 devstack@g-api.service[115031]: DEBUG glance.common.config [None req-37e23ea8-d229-4ad5-acfe-66421801932c None None] image_format.require_image_format_match = True {{(pid=115031) log_opt_values /opt/stack/data/venv/lib/python3.12/site-packages/oslo_config/cfg.py:3256}}
May 20 22:07:07.912824 np0000175567 devstack@g-api.service[115031]: DEBUG glance.common.config [None req-37e23ea8-d229-4ad5-acfe-66421801932c None None] image_format.vmdk_allowed_types = ['streamOptimized', 'monolithicSparse'] {{(pid=115031) log_opt_values /opt/stack/data/venv/lib/python3.12/site-packages/oslo_config/cfg.py:3256}}
May 20 22:07:07.912935 np0000175567 devstack@g-api.service[115031]: DEBUG glance.common.config [None req-37e23ea8-d229-4ad5-acfe-66421801932c None None] task.task_executor = taskflow {{(pid=115031) log_opt_values /opt/stack/data/venv/lib/python3.12/site-packages/oslo_config/cfg.py:3256}}
May 20 22:07:07.913039 np0000175567 devstack@g-api.service[115031]: DEBUG glance.common.config [None req-37e23ea8-d229-4ad5-acfe-66421801932c None None] task.task_time_to_live = 48 {{(pid=115031) log_opt_values /opt/stack/data/venv/lib/python3.12/site-packages/oslo_config/cfg.py:3256}}
May 20 22:07:07.913113 np0000175567 devstack@g-api.service[115034]: INFO glance.api.middleware.cache [None req-0bba1667-a402-4201-b78d-90788a25d79c None None] Initialized image cache middleware
May 20 22:07:07.913175 np0000175567 devstack@g-api.service[115031]: DEBUG glance.common.config [None req-37e23ea8-d229-4ad5-acfe-66421801932c None None] task.work_dir = None {{(pid=115031) log_opt_values /opt/stack/data/venv/lib/python3.12/site-packages/oslo_config/cfg.py:3256}}
May 20 22:07:07.913258 np0000175567 devstack@g-api.service[115031]: DEBUG glance.common.config [None req-37e23ea8-d229-4ad5-acfe-66421801932c None None] wsgi.python_interpreter = /opt/stack/data/venv/bin/python3 {{(pid=115031) log_opt_values /opt/stack/data/venv/lib/python3.12/site-packages/oslo_config/cfg.py:3256}}
May 20 22:07:07.913363 np0000175567 devstack@g-api.service[115031]: DEBUG glance.common.config [None req-37e23ea8-d229-4ad5-acfe-66421801932c None None] wsgi.task_pool_threads = 16 {{(pid=115031) log_opt_values /opt/stack/data/venv/lib/python3.12/site-packages/oslo_config/cfg.py:3256}}
May 20 22:07:07.913475 np0000175567 devstack@g-api.service[115031]: DEBUG glance.common.config [None req-37e23ea8-d229-4ad5-acfe-66421801932c None None] profiler.connection_string = messaging:// {{(pid=115031) log_opt_values /opt/stack/data/venv/lib/python3.12/site-packages/oslo_config/cfg.py:3256}}
May 20 22:07:07.913577 np0000175567 devstack@g-api.service[115031]: DEBUG glance.common.config [None req-37e23ea8-d229-4ad5-acfe-66421801932c None None] profiler.enabled = False {{(pid=115031) log_opt_values /opt/stack/data/venv/lib/python3.12/site-packages/oslo_config/cfg.py:3256}}
May 20 22:07:07.913683 np0000175567 devstack@g-api.service[115031]: DEBUG glance.common.config [None req-37e23ea8-d229-4ad5-acfe-66421801932c None None] profiler.es_doc_type = notification {{(pid=115031) log_opt_values /opt/stack/data/venv/lib/python3.12/site-packages/oslo_config/cfg.py:3256}}
May 20 22:07:07.913783 np0000175567 devstack@g-api.service[115031]: DEBUG glance.common.config [None req-37e23ea8-d229-4ad5-acfe-66421801932c None None] profiler.es_scroll_size = 10000 {{(pid=115031) log_opt_values /opt/stack/data/venv/lib/python3.12/site-packages/oslo_config/cfg.py:3256}}
May 20 22:07:07.913889 np0000175567 devstack@g-api.service[115031]: DEBUG glance.common.config [None req-37e23ea8-d229-4ad5-acfe-66421801932c None None] profiler.es_scroll_time = 2m {{(pid=115031) log_opt_values /opt/stack/data/venv/lib/python3.12/site-packages/oslo_config/cfg.py:3256}}
May 20 22:07:07.914010 np0000175567 devstack@g-api.service[115031]: DEBUG glance.common.config [None req-37e23ea8-d229-4ad5-acfe-66421801932c None None] profiler.filter_error_trace = False {{(pid=115031) log_opt_values /opt/stack/data/venv/lib/python3.12/site-packages/oslo_config/cfg.py:3256}}
May 20 22:07:07.914103 np0000175567 devstack@g-api.service[115031]: DEBUG glance.common.config [None req-37e23ea8-d229-4ad5-acfe-66421801932c None None] profiler.hmac_keys = **** {{(pid=115031) log_opt_values /opt/stack/data/venv/lib/python3.12/site-packages/oslo_config/cfg.py:3256}}
May 20 22:07:07.914208 np0000175567 devstack@g-api.service[115031]: DEBUG glance.common.config [None req-37e23ea8-d229-4ad5-acfe-66421801932c None None] profiler.sentinel_service_name = mymaster {{(pid=115031) log_opt_values /opt/stack/data/venv/lib/python3.12/site-packages/oslo_config/cfg.py:3256}}
May 20 22:07:07.914335 np0000175567 devstack@g-api.service[115031]: DEBUG glance.common.config [None req-37e23ea8-d229-4ad5-acfe-66421801932c None None] profiler.socket_timeout = 0.1 {{(pid=115031) log_opt_values /opt/stack/data/venv/lib/python3.12/site-packages/oslo_config/cfg.py:3256}}
May 20 22:07:07.914438 np0000175567 devstack@g-api.service[115031]: DEBUG glance.common.config [None req-37e23ea8-d229-4ad5-acfe-66421801932c None None] profiler.trace_requests = False {{(pid=115031) log_opt_values /opt/stack/data/venv/lib/python3.12/site-packages/oslo_config/cfg.py:3256}}
May 20 22:07:07.914538 np0000175567 devstack@g-api.service[115031]: DEBUG glance.common.config [None req-37e23ea8-d229-4ad5-acfe-66421801932c None None] profiler.trace_sqlalchemy = False {{(pid=115031) log_opt_values /opt/stack/data/venv/lib/python3.12/site-packages/oslo_config/cfg.py:3256}}
May 20 22:07:07.914645 np0000175567 devstack@g-api.service[115031]: DEBUG glance.common.config [None req-37e23ea8-d229-4ad5-acfe-66421801932c None None] profiler_jaeger.process_tags = {} {{(pid=115031) log_opt_values /opt/stack/data/venv/lib/python3.12/site-packages/oslo_config/cfg.py:3256}}
May 20 22:07:07.914743 np0000175567 devstack@g-api.service[115031]: DEBUG glance.common.config [None req-37e23ea8-d229-4ad5-acfe-66421801932c None None] profiler_jaeger.service_name_prefix = None {{(pid=115031) log_opt_values /opt/stack/data/venv/lib/python3.12/site-packages/oslo_config/cfg.py:3256}}
May 20 22:07:07.914844 np0000175567 devstack@g-api.service[115031]: DEBUG glance.common.config [None req-37e23ea8-d229-4ad5-acfe-66421801932c None None] profiler_otlp.service_name_prefix = None {{(pid=115031) log_opt_values /opt/stack/data/venv/lib/python3.12/site-packages/oslo_config/cfg.py:3256}}
May 20 22:07:07.914951 np0000175567 devstack@g-api.service[115031]: DEBUG glance.common.config [None req-37e23ea8-d229-4ad5-acfe-66421801932c None None] import_filtering_opts.allowed_hosts = [] {{(pid=115031) log_opt_values /opt/stack/data/venv/lib/python3.12/site-packages/oslo_config/cfg.py:3256}}
May 20 22:07:07.915061 np0000175567 devstack@g-api.service[115031]: DEBUG glance.common.config [None req-37e23ea8-d229-4ad5-acfe-66421801932c None None] import_filtering_opts.allowed_ports = [80, 443] {{(pid=115031) log_opt_values /opt/stack/data/venv/lib/python3.12/site-packages/oslo_config/cfg.py:3256}}
May 20 22:07:07.915182 np0000175567 devstack@g-api.service[115031]: DEBUG glance.common.config [None req-37e23ea8-d229-4ad5-acfe-66421801932c None None] import_filtering_opts.allowed_schemes = ['http', 'https'] {{(pid=115031) log_opt_values /opt/stack/data/venv/lib/python3.12/site-packages/oslo_config/cfg.py:3256}}
May 20 22:07:07.915295 np0000175567 devstack@g-api.service[115031]: DEBUG glance.common.config [None req-37e23ea8-d229-4ad5-acfe-66421801932c None None] import_filtering_opts.disallowed_hosts = [] {{(pid=115031) log_opt_values /opt/stack/data/venv/lib/python3.12/site-packages/oslo_config/cfg.py:3256}}
May 20 22:07:07.915395 np0000175567 devstack@g-api.service[115031]: DEBUG glance.common.config [None req-37e23ea8-d229-4ad5-acfe-66421801932c None None] import_filtering_opts.disallowed_ports = [] {{(pid=115031) log_opt_values /opt/stack/data/venv/lib/python3.12/site-packages/oslo_config/cfg.py:3256}}
May 20 22:07:07.915497 np0000175567 devstack@g-api.service[115031]: DEBUG glance.common.config [None req-37e23ea8-d229-4ad5-acfe-66421801932c None None] import_filtering_opts.disallowed_schemes = [] {{(pid=115031) log_opt_values /opt/stack/data/venv/lib/python3.12/site-packages/oslo_config/cfg.py:3256}}
May 20 22:07:07.915603 np0000175567 devstack@g-api.service[115031]: DEBUG glance.common.config [None req-37e23ea8-d229-4ad5-acfe-66421801932c None None] oslo_messaging_metrics.metrics_buffer_size = 1000 {{(pid=115031) log_opt_values /opt/stack/data/venv/lib/python3.12/site-packages/oslo_config/cfg.py:3256}}
May 20 22:07:07.915702 np0000175567 devstack@g-api.service[115031]: DEBUG glance.common.config [None req-37e23ea8-d229-4ad5-acfe-66421801932c None None] oslo_messaging_metrics.metrics_enabled = False {{(pid=115031) log_opt_values /opt/stack/data/venv/lib/python3.12/site-packages/oslo_config/cfg.py:3256}}
May 20 22:07:07.915750 np0000175567 devstack@g-api.service[115033]: DEBUG glance.common.config [None req-049628c2-8102-4390-9f0e-f6f6301b8de0 None None] ******************************************************************************** {{(pid=115033) log_opt_values /opt/stack/data/venv/lib/python3.12/site-packages/oslo_config/cfg.py:3229}}
May 20 22:07:07.915800 np0000175567 devstack@g-api.service[115031]: DEBUG glance.common.config [None req-37e23ea8-d229-4ad5-acfe-66421801932c None None] oslo_messaging_metrics.metrics_process_name = {{(pid=115031) log_opt_values /opt/stack/data/venv/lib/python3.12/site-packages/oslo_config/cfg.py:3256}}
May 20 22:07:07.915868 np0000175567 devstack@g-api.service[115033]: DEBUG glance.common.config [None req-049628c2-8102-4390-9f0e-f6f6301b8de0 None None] Configuration options gathered from: {{(pid=115033) log_opt_values /opt/stack/data/venv/lib/python3.12/site-packages/oslo_config/cfg.py:3230}}
May 20 22:07:07.915910 np0000175567 devstack@g-api.service[115031]: DEBUG glance.common.config [None req-37e23ea8-d229-4ad5-acfe-66421801932c None None] oslo_messaging_metrics.metrics_socket_file = /var/tmp/metrics_collector.sock {{(pid=115031) log_opt_values /opt/stack/data/venv/lib/python3.12/site-packages/oslo_config/cfg.py:3256}}
May 20 22:07:07.916276 np0000175567 devstack@g-api.service[115031]: DEBUG glance.common.config [None req-37e23ea8-d229-4ad5-acfe-66421801932c None None] oslo_messaging_metrics.metrics_thread_stop_timeout = 10 {{(pid=115031) log_opt_values /opt/stack/data/venv/lib/python3.12/site-packages/oslo_config/cfg.py:3256}}
May 20 22:07:07.916276 np0000175567 devstack@g-api.service[115031]: DEBUG glance.common.config [None req-37e23ea8-d229-4ad5-acfe-66421801932c None None] os_brick.lightos_discovery_client_address = localhost {{(pid=115031) log_opt_values /opt/stack/data/venv/lib/python3.12/site-packages/oslo_config/cfg.py:3256}}
May 20 22:07:07.916276 np0000175567 devstack@g-api.service[115031]: DEBUG glance.common.config [None req-37e23ea8-d229-4ad5-acfe-66421801932c None None] os_brick.lightos_discovery_client_dir_path = /etc/discovery-client/discovery.d/ {{(pid=115031) log_opt_values /opt/stack/data/venv/lib/python3.12/site-packages/oslo_config/cfg.py:3256}}
May 20 22:07:07.916430 np0000175567 devstack@g-api.service[115033]: DEBUG glance.common.config [None req-049628c2-8102-4390-9f0e-f6f6301b8de0 None None] command line args: [] {{(pid=115033) log_opt_values /opt/stack/data/venv/lib/python3.12/site-packages/oslo_config/cfg.py:3231}}
May 20 22:07:07.916478 np0000175567 devstack@g-api.service[115031]: DEBUG glance.common.config [None req-37e23ea8-d229-4ad5-acfe-66421801932c None None] os_brick.lightos_discovery_client_port = 6060 {{(pid=115031) log_opt_values /opt/stack/data/venv/lib/python3.12/site-packages/oslo_config/cfg.py:3256}}
May 20 22:07:07.916547 np0000175567 devstack@g-api.service[115033]: DEBUG glance.common.config [None req-049628c2-8102-4390-9f0e-f6f6301b8de0 None None] config files: ['/etc/glance/glance-image-import.conf', '/etc/glance/glance-api.conf'] {{(pid=115033) log_opt_values /opt/stack/data/venv/lib/python3.12/site-packages/oslo_config/cfg.py:3232}}
May 20 22:07:07.916600 np0000175567 devstack@g-api.service[115031]: DEBUG glance.common.config [None req-37e23ea8-d229-4ad5-acfe-66421801932c None None] os_brick.lock_path = /opt/stack/data/os_brick {{(pid=115031) log_opt_values /opt/stack/data/venv/lib/python3.12/site-packages/oslo_config/cfg.py:3256}}
May 20 22:07:07.916649 np0000175567 devstack@g-api.service[115032]: DEBUG glance.image_cache.drivers.centralized_db [None req-aa5e9b67-d2c6-4f8c-907d-1bb2f26f70fe None None] Node reference is already recorded, ignoring it {{(pid=115032) configure /opt/stack/glance/glance/image_cache/drivers/centralized_db.py:71}}
