May 20 22:05:59.766976 np0000175567 devstack@neutron-api.service[103145]: DEBUG neutron.api.extensions [None req-0b5aa477-d485-4f59-bbb1-c340bcfb7cc3 None None] Loading extension file: agent_sort_key.py {{(pid=103145) _load_all_extensions_from_path /opt/stack/neutron/neutron/api/extensions.py:449}}
May 20 22:05:59.767290 np0000175567 devstack@neutron-api.service[103145]: DEBUG neutron.api.extensions [None req-0b5aa477-d485-4f59-bbb1-c340bcfb7cc3 None None] Ext name="Agents Sort Key" alias="agent_sort_key" description="Enabling the keyword sort_key for sorting in agents." updated="2013-02-03T10:00:00-00:00" {{(pid=103145) _check_extension /opt/stack/neutron/neutron/api/extensions.py:415}}
May 20 22:05:59.767290 np0000175567 devstack@neutron-api.service[103145]: INFO neutron.api.extensions [None req-0b5aa477-d485-4f59-bbb1-c340bcfb7cc3 None None] Extension agent_sort_key not supported by any of loaded plugins
May 20 22:05:59.767509 np0000175567 devstack@neutron-api.service[103145]: DEBUG neutron.api.extensions [None req-0b5aa477-d485-4f59-bbb1-c340bcfb7cc3 None None] Loading extension file: allowedaddresspairs.py {{(pid=103145) _load_all_extensions_from_path /opt/stack/neutron/neutron/api/extensions.py:449}}
May 20 22:05:59.768033 np0000175567 devstack@neutron-api.service[103145]: DEBUG neutron.api.extensions [None req-0b5aa477-d485-4f59-bbb1-c340bcfb7cc3 None None] Ext name="Allowed Address Pairs" alias="allowed-address-pairs" description="Provides allowed address pairs" updated="2013-07-23T10:00:00-00:00" {{(pid=103145) _check_extension /opt/stack/neutron/neutron/api/extensions.py:415}}
May 20 22:05:59.768240 np0000175567 devstack@neutron-api.service[103145]: INFO neutron.api.extensions [None req-0b5aa477-d485-4f59-bbb1-c340bcfb7cc3 None None] Loaded extension: allowed-address-pairs
May 20 22:05:59.768346 np0000175567 devstack@neutron-api.service[103145]: DEBUG neutron.api.extensions [None req-0b5aa477-d485-4f59-bbb1-c340bcfb7cc3 None None] Loading extension file: auto_allocated_topology.py {{(pid=103145) _load_all_extensions_from_path /opt/stack/neutron/neutron/api/extensions.py:449}}
May 20 22:05:59.768591 np0000175567 devstack@neutron-api.service[103145]: DEBUG neutron.api.extensions [None req-0b5aa477-d485-4f59-bbb1-c340bcfb7cc3 None None] Ext name="Auto Allocated Topology Services" alias="auto-allocated-topology" description="Auto Allocated Topology Services." updated="2016-01-01T00:00:00-00:00" {{(pid=103145) _check_extension /opt/stack/neutron/neutron/api/extensions.py:415}}
May 20 22:05:59.768762 np0000175567 devstack@neutron-api.service[103145]: INFO neutron.api.extensions [None req-0b5aa477-d485-4f59-bbb1-c340bcfb7cc3 None None] Loaded extension: auto-allocated-topology
May 20 22:05:59.768911 np0000175567 devstack@neutron-api.service[103145]: DEBUG neutron.api.extensions [None req-0b5aa477-d485-4f59-bbb1-c340bcfb7cc3 None None] Loading extension file: availability_zone.py {{(pid=103145) _load_all_extensions_from_path /opt/stack/neutron/neutron/api/extensions.py:449}}
May 20 22:05:59.769120 np0000175567 devstack@neutron-api.service[103145]: DEBUG neutron.api.extensions [None req-0b5aa477-d485-4f59-bbb1-c340bcfb7cc3 None None] Ext name="Availability Zone" alias="availability_zone" description="The availability zone extension." updated="2015-01-01T10:00:00-00:00" {{(pid=103145) _check_extension /opt/stack/neutron/neutron/api/extensions.py:415}}
May 20 22:05:59.769364 np0000175567 devstack@neutron-api.service[103145]: INFO neutron.api.extensions [None req-0b5aa477-d485-4f59-bbb1-c340bcfb7cc3 None None] Loaded extension: availability_zone
May 20 22:05:59.769412 np0000175567 devstack@neutron-api.service[103145]: DEBUG neutron.api.extensions [None req-0b5aa477-d485-4f59-bbb1-c340bcfb7cc3 None None] Loading extension file: availability_zone_filter.py {{(pid=103145) _load_all_extensions_from_path /opt/stack/neutron/neutron/api/extensions.py:449}}
May 20 22:05:59.769610 np0000175567 devstack@neutron-api.service[103145]: DEBUG neutron.api.extensions [None req-0b5aa477-d485-4f59-bbb1-c340bcfb7cc3 None None] Ext name="Availability Zone Filter Extension" alias="availability_zone_filter" description="Add filter parameters to AvailabilityZone resource" updated="2018-06-22T10:00:00-00:00" {{(pid=103145) _check_extension /opt/stack/neutron/neutron/api/extensions.py:415}}
May 20 22:05:59.769877 np0000175567 devstack@neutron-api.service[103145]: INFO neutron.api.extensions [None req-0b5aa477-d485-4f59-bbb1-c340bcfb7cc3 None None] Extension availability_zone_filter not supported by any of loaded plugins
May 20 22:05:59.769877 np0000175567 devstack@neutron-api.service[103145]: DEBUG neutron.api.extensions [None req-0b5aa477-d485-4f59-bbb1-c340bcfb7cc3 None None] Loading extension file: data_plane_status.py {{(pid=103145) _load_all_extensions_from_path /opt/stack/neutron/neutron/api/extensions.py:449}}
May 20 22:05:59.770109 np0000175567 devstack@neutron-api.service[103145]: DEBUG neutron.api.extensions [None req-0b5aa477-d485-4f59-bbb1-c340bcfb7cc3 None None] Ext name="Port data plane status extension" alias="data-plane-status" description="Expose status of underlying data plane" updated="2017-01-24T10:00:00-00:00" {{(pid=103145) _check_extension /opt/stack/neutron/neutron/api/extensions.py:415}}
May 20 22:05:59.770312 np0000175567 devstack@neutron-api.service[103145]: INFO neutron.api.extensions [None req-0b5aa477-d485-4f59-bbb1-c340bcfb7cc3 None None] Extension data-plane-status not supported by any of loaded plugins
May 20 22:05:59.770394 np0000175567 devstack@neutron-api.service[103145]: DEBUG neutron.api.extensions [None req-0b5aa477-d485-4f59-bbb1-c340bcfb7cc3 None None] Loading extension file: default_subnetpools.py {{(pid=103145) _load_all_extensions_from_path /opt/stack/neutron/neutron/api/extensions.py:449}}
May 20 22:05:59.771213 np0000175567 devstack@neutron-api.service[103145]: DEBUG neutron.api.extensions [None req-0b5aa477-d485-4f59-bbb1-c340bcfb7cc3 None None] Ext name="Default Subnetpools" alias="default-subnetpools" description="Provides ability to mark and use a subnetpool as the default." updated="2016-02-18T18:00:00-00:00" {{(pid=103145) _check_extension /opt/stack/neutron/neutron/api/extensions.py:415}}
May 20 22:05:59.771213 np0000175567 devstack@neutron-api.service[103145]: INFO neutron.api.extensions [None req-0b5aa477-d485-4f59-bbb1-c340bcfb7cc3 None None] Loaded extension: default-subnetpools
May 20 22:05:59.771213 np0000175567 devstack@neutron-api.service[103145]: DEBUG neutron.api.extensions [None req-0b5aa477-d485-4f59-bbb1-c340bcfb7cc3 None None] Loading extension file: dhcpagentscheduler.py {{(pid=103145) _load_all_extensions_from_path /opt/stack/neutron/neutron/api/extensions.py:449}}
May 20 22:05:59.771213 np0000175567 devstack@neutron-api.service[103145]: DEBUG neutron.api.extensions [None req-0b5aa477-d485-4f59-bbb1-c340bcfb7cc3 None None] Ext name="DHCP Agent Scheduler" alias="dhcp_agent_scheduler" description="Schedule networks among dhcp agents" updated="2013-02-07T10:00:00-00:00" {{(pid=103145) _check_extension /opt/stack/neutron/neutron/api/extensions.py:415}}
May 20 22:05:59.771626 np0000175567 devstack@neutron-api.service[103145]: INFO neutron.api.extensions [None req-0b5aa477-d485-4f59-bbb1-c340bcfb7cc3 None None] Loaded extension: dhcp_agent_scheduler
May 20 22:05:59.771626 np0000175567 devstack@neutron-api.service[103145]: DEBUG neutron.api.extensions [None req-0b5aa477-d485-4f59-bbb1-c340bcfb7cc3 None None] Loading extension file: dns.py {{(pid=103145) _load_all_extensions_from_path /opt/stack/neutron/neutron/api/extensions.py:449}}
May 20 22:05:59.771710 np0000175567 devstack@neutron-api.service[103144]: INFO neutron.plugins.ml2.drivers.type_vlan [None req-9f32940e-d6f6-4a0e-8b0e-af05c292db3b None None] VlanTypeDriver initialization complete
May 20 22:05:59.771710 np0000175567 devstack@neutron-api.service[103144]: INFO neutron.plugins.ml2.managers [None req-9f32940e-d6f6-4a0e-8b0e-af05c292db3b None None] Initializing extension driver 'port_security'
May 20 22:05:59.772073 np0000175567 devstack@neutron-api.service[103145]: DEBUG neutron.api.extensions [None req-0b5aa477-d485-4f59-bbb1-c340bcfb7cc3 None None] Ext name="DNS Integration" alias="dns-integration" description="Provides integration with DNS." updated="2015-08-15T18:00:00-00:00" {{(pid=103145) _check_extension /opt/stack/neutron/neutron/api/extensions.py:415}}
May 20 22:05:59.772152 np0000175567 devstack@neutron-api.service[103144]: INFO neutron.plugins.ml2.extensions.port_security [None req-9f32940e-d6f6-4a0e-8b0e-af05c292db3b None None] PortSecurityExtensionDriver initialization complete
May 20 22:05:59.772152 np0000175567 devstack@neutron-api.service[103144]: INFO neutron.plugins.ml2.managers [None req-9f32940e-d6f6-4a0e-8b0e-af05c292db3b None None] Initializing extension driver 'qos'
May 20 22:05:59.772202 np0000175567 devstack@neutron-api.service[103145]: INFO neutron.api.extensions [None req-0b5aa477-d485-4f59-bbb1-c340bcfb7cc3 None None] Loaded extension: dns-integration
May 20 22:05:59.772299 np0000175567 devstack@neutron-api.service[103144]: DEBUG neutron.plugins.ml2.extensions.qos [None req-9f32940e-d6f6-4a0e-8b0e-af05c292db3b None None] QosExtensionDriver initialization complete {{(pid=103144) initialize /opt/stack/neutron/neutron/plugins/ml2/extensions/qos.py:31}}
May 20 22:05:59.772338 np0000175567 devstack@neutron-api.service[103145]: DEBUG neutron.api.extensions [None req-0b5aa477-d485-4f59-bbb1-c340bcfb7cc3 None None] Loading extension file: dns_domain_ports.py {{(pid=103145) _load_all_extensions_from_path /opt/stack/neutron/neutron/api/extensions.py:449}}
May 20 22:05:59.772398 np0000175567 devstack@neutron-api.service[103144]: INFO neutron.plugins.ml2.managers [None req-9f32940e-d6f6-4a0e-8b0e-af05c292db3b None None] Initializing mechanism driver 'ovn'
May 20 22:05:59.772398 np0000175567 devstack@neutron-api.service[103144]: INFO neutron.plugins.ml2.drivers.ovn.mech_driver.mech_driver [None req-9f32940e-d6f6-4a0e-8b0e-af05c292db3b None None] Starting OVNMechanismDriver
May 20 22:05:59.772464 np0000175567 devstack@neutron-api.service[103145]: DEBUG neutron.api.extensions [None req-0b5aa477-d485-4f59-bbb1-c340bcfb7cc3 None None] Ext name="dns_domain for ports" alias="dns-domain-ports" description="Allows the DNS domain to be specified for a network port." updated="2017-04-24T10:00:00-00:00" {{(pid=103145) _check_extension /opt/stack/neutron/neutron/api/extensions.py:415}}
May 20 22:05:59.772464 np0000175567 devstack@neutron-api.service[103145]: INFO neutron.api.extensions [None req-0b5aa477-d485-4f59-bbb1-c340bcfb7cc3 None None] Loaded extension: dns-domain-ports
May 20 22:05:59.772464 np0000175567 devstack@neutron-api.service[103145]: DEBUG neutron.api.extensions [None req-0b5aa477-d485-4f59-bbb1-c340bcfb7cc3 None None] Loading extension file: dns_integration_domain_keywords.py {{(pid=103145) _load_all_extensions_from_path /opt/stack/neutron/neutron/api/extensions.py:449}}
May 20 22:05:59.772701 np0000175567 devstack@neutron-api.service[103145]: DEBUG neutron.api.extensions [None req-0b5aa477-d485-4f59-bbb1-c340bcfb7cc3 None None] Ext name="DNS domain names with keywords allowed" alias="dns-integration-domain-keywords" description="Allows to use keywords like , , and as DNS domain name" updated="2020-06-15T18:00:00-00:00" {{(pid=103145) _check_extension /opt/stack/neutron/neutron/api/extensions.py:415}}
May 20 22:05:59.772780 np0000175567 devstack@neutron-api.service[103145]: INFO neutron.api.extensions [None req-0b5aa477-d485-4f59-bbb1-c340bcfb7cc3 None None] Loaded extension: dns-integration-domain-keywords
May 20 22:05:59.772888 np0000175567 devstack@neutron-api.service[103145]: DEBUG neutron.api.extensions [None req-0b5aa477-d485-4f59-bbb1-c340bcfb7cc3 None None] Loading extension file: dvr.py {{(pid=103145) _load_all_extensions_from_path /opt/stack/neutron/neutron/api/extensions.py:449}}
May 20 22:05:59.773131 np0000175567 devstack@neutron-api.service[103145]: DEBUG neutron.api.extensions [None req-0b5aa477-d485-4f59-bbb1-c340bcfb7cc3 None None] Ext name="Distributed Virtual Router" alias="dvr" description="Enables configuration of Distributed Virtual Routers." updated="2014-06-1T10:00:00-00:00" {{(pid=103145) _check_extension /opt/stack/neutron/neutron/api/extensions.py:415}}
May 20 22:05:59.773311 np0000175567 devstack@neutron-api.service[103145]: INFO neutron.api.extensions [None req-0b5aa477-d485-4f59-bbb1-c340bcfb7cc3 None None] Extension dvr not supported by any of loaded plugins
May 20 22:05:59.773400 np0000175567 devstack@neutron-api.service[103145]: DEBUG neutron.api.extensions [None req-0b5aa477-d485-4f59-bbb1-c340bcfb7cc3 None None] Loading extension file: ecmp_routes.py {{(pid=103145) _load_all_extensions_from_path /opt/stack/neutron/neutron/api/extensions.py:449}}
May 20 22:05:59.773631 np0000175567 devstack@neutron-api.service[103145]: DEBUG neutron.api.extensions [None req-0b5aa477-d485-4f59-bbb1-c340bcfb7cc3 None None] Ext name="Equal Cost Multipath Routing" alias="ecmp_routes" description="Allows traffic to reach thesame destination via multiple different links " updated="2020-11-26T18:00:00-00:00" {{(pid=103145) _check_extension /opt/stack/neutron/neutron/api/extensions.py:415}}
May 20 22:05:59.773663 np0000175567 devstack@neutron-api.service[103144]: DEBUG neutron_lib.callbacks.manager [None req-9f32940e-d6f6-4a0e-8b0e-af05c292db3b None None] Subscribe: > process before_spawn 55550000, False {{(pid=103144) subscribe /opt/stack/data/venv/lib/python3.12/site-packages/neutron_lib/callbacks/manager.py:52}}
May 20 22:05:59.773800 np0000175567 devstack@neutron-api.service[103145]: INFO neutron.api.extensions [None req-0b5aa477-d485-4f59-bbb1-c340bcfb7cc3 None None] Extension ecmp_routes not supported by any of loaded plugins
May 20 22:05:59.773832 np0000175567 devstack@neutron-api.service[103144]: DEBUG neutron_lib.callbacks.manager [None req-9f32940e-d6f6-4a0e-8b0e-af05c292db3b None None] Subscribe: > process after_init 55550000, True {{(pid=103144) subscribe /opt/stack/data/venv/lib/python3.12/site-packages/neutron_lib/callbacks/manager.py:52}}
May 20 22:05:59.773886 np0000175567 devstack@neutron-api.service[103145]: DEBUG neutron.api.extensions [None req-0b5aa477-d485-4f59-bbb1-c340bcfb7cc3 None None] Loading extension file: empty_string_filtering.py {{(pid=103145) _load_all_extensions_from_path /opt/stack/neutron/neutron/api/extensions.py:449}}
May 20 22:05:59.773914 np0000175567 devstack@neutron-api.service[103144]: DEBUG neutron_lib.callbacks.manager [None req-9f32940e-d6f6-4a0e-8b0e-af05c292db3b None None] Subscribe: > segment after_create 55550000, False {{(pid=103144) subscribe /opt/stack/data/venv/lib/python3.12/site-packages/neutron_lib/callbacks/manager.py:52}}
May 20 22:05:59.774057 np0000175567 devstack@neutron-api.service[103144]: DEBUG neutron_lib.callbacks.manager [None req-9f32940e-d6f6-4a0e-8b0e-af05c292db3b None None] Subscribe: > segment after_create 55550000, False {{(pid=103144) subscribe /opt/stack/data/venv/lib/python3.12/site-packages/neutron_lib/callbacks/manager.py:52}}
May 20 22:05:59.774093 np0000175567 devstack@neutron-api.service[103145]: DEBUG neutron.api.extensions [None req-0b5aa477-d485-4f59-bbb1-c340bcfb7cc3 None None] Ext name="Empty String Filtering Extension" alias="empty-string-filtering" description="Allow filtering by attributes with empty string value" updated="2018-05-01T10:00:00-00:00" {{(pid=103145) _check_extension /opt/stack/neutron/neutron/api/extensions.py:415}}
May 20 22:05:59.774128 np0000175567 devstack@neutron-api.service[103144]: DEBUG neutron_lib.callbacks.manager [None req-9f32940e-d6f6-4a0e-8b0e-af05c292db3b None None] Subscribe: > segment after_delete 55550000, False {{(pid=103144) subscribe /opt/stack/data/venv/lib/python3.12/site-packages/neutron_lib/callbacks/manager.py:52}}
May 20 22:05:59.774246 np0000175567 devstack@neutron-api.service[103144]: DEBUG neutron_lib.callbacks.manager [None req-9f32940e-d6f6-4a0e-8b0e-af05c292db3b None None] Subscribe: > allowed_address_pair before_create 55550000, False {{(pid=103144) subscribe /opt/stack/data/venv/lib/python3.12/site-packages/neutron_lib/callbacks/manager.py:52}}
May 20 22:05:59.774323 np0000175567 devstack@neutron-api.service[103145]: INFO neutron.api.extensions [None req-0b5aa477-d485-4f59-bbb1-c340bcfb7cc3 None None] Loaded extension: empty-string-filtering
May 20 22:05:59.774359 np0000175567 devstack@neutron-api.service[103144]: DEBUG neutron_lib.callbacks.manager [None req-9f32940e-d6f6-4a0e-8b0e-af05c292db3b None None] Subscribe: > security_group precommit_create 55550000, False {{(pid=103144) subscribe /opt/stack/data/venv/lib/python3.12/site-packages/neutron_lib/callbacks/manager.py:52}}
May 20 22:05:59.774393 np0000175567 devstack@neutron-api.service[103145]: DEBUG neutron.api.extensions [None req-0b5aa477-d485-4f59-bbb1-c340bcfb7cc3 None None] Loading extension file: expose_l3_conntrack_helper.py {{(pid=103145) _load_all_extensions_from_path /opt/stack/neutron/neutron/api/extensions.py:449}}
May 20 22:05:59.774448 np0000175567 devstack@neutron-api.service[103144]: DEBUG neutron_lib.callbacks.manager [None req-9f32940e-d6f6-4a0e-8b0e-af05c292db3b None None] Subscribe: > security_group after_update 55550000, False {{(pid=103144) subscribe /opt/stack/data/venv/lib/python3.12/site-packages/neutron_lib/callbacks/manager.py:52}}
May 20 22:05:59.774546 np0000175567 devstack@neutron-api.service[103144]: DEBUG neutron_lib.callbacks.manager [None req-9f32940e-d6f6-4a0e-8b0e-af05c292db3b None None] Subscribe: > security_group after_create 55550000, False {{(pid=103144) subscribe /opt/stack/data/venv/lib/python3.12/site-packages/neutron_lib/callbacks/manager.py:52}}
May 20 22:05:59.774609 np0000175567 devstack@neutron-api.service[103145]: DEBUG neutron.api.extensions [None req-0b5aa477-d485-4f59-bbb1-c340bcfb7cc3 None None] Ext name="Expose CT target rules for conntrack helper" alias="expose-l3-conntrack-helper" description="Expose allow adding CT target rules for conntrack helper" updated="2019-04-04T10:00:00-00:00" {{(pid=103145) _check_extension /opt/stack/neutron/neutron/api/extensions.py:415}}
May 20 22:05:59.774677 np0000175567 devstack@neutron-api.service[103144]: DEBUG neutron_lib.callbacks.manager [None req-9f32940e-d6f6-4a0e-8b0e-af05c292db3b None None] Subscribe: > security_group precommit_delete 55550000, False {{(pid=103144) subscribe /opt/stack/data/venv/lib/python3.12/site-packages/neutron_lib/callbacks/manager.py:52}}
May 20 22:05:59.774789 np0000175567 devstack@neutron-api.service[103145]: INFO neutron.api.extensions [None req-0b5aa477-d485-4f59-bbb1-c340bcfb7cc3 None None] Extension expose-l3-conntrack-helper not supported by any of loaded plugins
May 20 22:05:59.774825 np0000175567 devstack@neutron-api.service[103144]: DEBUG neutron_lib.callbacks.manager [None req-9f32940e-d6f6-4a0e-8b0e-af05c292db3b None None] Subscribe: > security_group after_delete 55550000, False {{(pid=103144) subscribe /opt/stack/data/venv/lib/python3.12/site-packages/neutron_lib/callbacks/manager.py:52}}
May 20 22:05:59.774915 np0000175567 devstack@neutron-api.service[103145]: DEBUG neutron.api.extensions [None req-0b5aa477-d485-4f59-bbb1-c340bcfb7cc3 None None] Loading extension file: expose_port_forwarding_in_fip.py {{(pid=103145) _load_all_extensions_from_path /opt/stack/neutron/neutron/api/extensions.py:449}}
May 20 22:05:59.774940 np0000175567 devstack@neutron-api.service[103144]: DEBUG neutron_lib.callbacks.manager [None req-9f32940e-d6f6-4a0e-8b0e-af05c292db3b None None] Subscribe: > security_group_rule precommit_create 55550000, False {{(pid=103144) subscribe /opt/stack/data/venv/lib/python3.12/site-packages/neutron_lib/callbacks/manager.py:52}}
May 20 22:05:59.774993 np0000175567 devstack@neutron-api.service[103144]: DEBUG neutron_lib.callbacks.manager [None req-9f32940e-d6f6-4a0e-8b0e-af05c292db3b None None] Subscribe: > security_group_rule after_create 55550000, False {{(pid=103144) subscribe /opt/stack/data/venv/lib/python3.12/site-packages/neutron_lib/callbacks/manager.py:52}}
May 20 22:05:59.775092 np0000175567 devstack@neutron-api.service[103144]: DEBUG neutron_lib.callbacks.manager [None req-9f32940e-d6f6-4a0e-8b0e-af05c292db3b None None] Subscribe: > security_group_rule before_delete 55550000, False {{(pid=103144) subscribe /opt/stack/data/venv/lib/python3.12/site-packages/neutron_lib/callbacks/manager.py:52}}
May 20 22:05:59.775129 np0000175567 devstack@neutron-api.service[103145]: DEBUG neutron.api.extensions [None req-0b5aa477-d485-4f59-bbb1-c340bcfb7cc3 None None] Ext name="Expose Floating IP port forwardings" alias="expose-port-forwarding-in-fip" description="Expose port forwarding fields in floating IP response" updated="2018-06-28T16:00:00-00:00" {{(pid=103145) _check_extension /opt/stack/neutron/neutron/api/extensions.py:415}}
May 20 22:05:59.775197 np0000175567 devstack@neutron-api.service[103144]: DEBUG neutron_lib.callbacks.manager [None req-9f32940e-d6f6-4a0e-8b0e-af05c292db3b None None] Subscribe: > address_group after_create 55550000, False {{(pid=103144) subscribe /opt/stack/data/venv/lib/python3.12/site-packages/neutron_lib/callbacks/manager.py:52}}
May 20 22:05:59.775277 np0000175567 devstack@neutron-api.service[103145]: INFO neutron.api.extensions [None req-0b5aa477-d485-4f59-bbb1-c340bcfb7cc3 None None] Extension expose-port-forwarding-in-fip not supported by any of loaded plugins
May 20 22:05:59.775315 np0000175567 devstack@neutron-api.service[103144]: DEBUG neutron_lib.callbacks.manager [None req-9f32940e-d6f6-4a0e-8b0e-af05c292db3b None None] Subscribe: > address_group after_update 55550000, False {{(pid=103144) subscribe /opt/stack/data/venv/lib/python3.12/site-packages/neutron_lib/callbacks/manager.py:52}}
May 20 22:05:59.775406 np0000175567 devstack@neutron-api.service[103145]: DEBUG neutron.api.extensions [None req-0b5aa477-d485-4f59-bbb1-c340bcfb7cc3 None None] Loading extension file: external_net.py {{(pid=103145) _load_all_extensions_from_path /opt/stack/neutron/neutron/api/extensions.py:449}}
May 20 22:05:59.775434 np0000175567 devstack@neutron-api.service[103144]: DEBUG neutron_lib.callbacks.manager [None req-9f32940e-d6f6-4a0e-8b0e-af05c292db3b None None] Subscribe: > address_group after_delete 55550000, False {{(pid=103144) subscribe /opt/stack/data/venv/lib/python3.12/site-packages/neutron_lib/callbacks/manager.py:52}}
May 20 22:05:59.775583 np0000175567 devstack@neutron-api.service[103145]: DEBUG neutron.api.extensions [None req-0b5aa477-d485-4f59-bbb1-c340bcfb7cc3 None None] Ext name="Neutron external network" alias="external-net" description="Adds external network attribute to network resource." updated="2013-01-14T10:00:00-00:00" {{(pid=103145) _check_extension /opt/stack/neutron/neutron/api/extensions.py:415}}
May 20 22:05:59.775614 np0000175567 devstack@neutron-api.service[103144]: DEBUG neutron_lib.callbacks.manager [None req-9f32940e-d6f6-4a0e-8b0e-af05c292db3b None None] Subscribe: > qos_plugin after_init 55550000, False {{(pid=103144) subscribe /opt/stack/data/venv/lib/python3.12/site-packages/neutron_lib/callbacks/manager.py:52}}
May 20 22:05:59.775754 np0000175567 devstack@neutron-api.service[103145]: INFO neutron.api.extensions [None req-0b5aa477-d485-4f59-bbb1-c340bcfb7cc3 None None] Loaded extension: external-net
May 20 22:05:59.775784 np0000175567 devstack@neutron-api.service[103144]: DEBUG neutron_lib.callbacks.manager [None req-9f32940e-d6f6-4a0e-8b0e-af05c292db3b None None] Subscribe: > trunk_plugin after_init 55550000, False {{(pid=103144) subscribe /opt/stack/data/venv/lib/python3.12/site-packages/neutron_lib/callbacks/manager.py:52}}
May 20 22:05:59.775838 np0000175567 devstack@neutron-api.service[103145]: DEBUG neutron.api.extensions [None req-0b5aa477-d485-4f59-bbb1-c340bcfb7cc3 None None] Loading extension file: extra_dhcp_opt.py {{(pid=103145) _load_all_extensions_from_path /opt/stack/neutron/neutron/api/extensions.py:449}}
May 20 22:05:59.775976 np0000175567 devstack@neutron-api.service[103144]: DEBUG neutron_lib.callbacks.manager [None req-9f32940e-d6f6-4a0e-8b0e-af05c292db3b None None] Subscribe: > logging-plugin after_init 55550000, False {{(pid=103144) subscribe /opt/stack/data/venv/lib/python3.12/site-packages/neutron_lib/callbacks/manager.py:52}}
May 20 22:05:59.776054 np0000175567 devstack@neutron-api.service[103145]: DEBUG neutron.api.extensions [None req-0b5aa477-d485-4f59-bbb1-c340bcfb7cc3 None None] Ext name="Neutron Extra DHCP options" alias="extra_dhcp_opt" description="Extra options configuration for DHCP. For example PXE boot options to DHCP clients can be specified (e.g. tftp-server, server-ip-address, bootfile-name)" updated="2013-03-17T12:00:00-00:00" {{(pid=103145) _check_extension /opt/stack/neutron/neutron/api/extensions.py:415}}
May 20 22:05:59.776218 np0000175567 devstack@neutron-api.service[103145]: INFO neutron.api.extensions [None req-0b5aa477-d485-4f59-bbb1-c340bcfb7cc3 None None] Loaded extension: extra_dhcp_opt
May 20 22:05:59.776343 np0000175567 devstack@neutron-api.service[103145]: DEBUG neutron.api.extensions [None req-0b5aa477-d485-4f59-bbb1-c340bcfb7cc3 None None] Loading extension file: extraroute.py {{(pid=103145) _load_all_extensions_from_path /opt/stack/neutron/neutron/api/extensions.py:449}}
May 20 22:05:59.776450 np0000175567 devstack@neutron-api.service[103144]: INFO neutron.services.logapi.drivers.ovn.driver [None req-9f32940e-d6f6-4a0e-8b0e-af05c292db3b None None] OVN logging driver registered
May 20 22:05:59.776562 np0000175567 devstack@neutron-api.service[103145]: DEBUG neutron.api.extensions [None req-0b5aa477-d485-4f59-bbb1-c340bcfb7cc3 None None] Ext name="Neutron Extra Route" alias="extraroute" description="Extra routes configuration for L3 router" updated="2013-02-01T10:00:00-00:00" {{(pid=103145) _check_extension /opt/stack/neutron/neutron/api/extensions.py:415}}
May 20 22:05:59.776700 np0000175567 devstack@neutron-api.service[103145]: INFO neutron.api.extensions [None req-0b5aa477-d485-4f59-bbb1-c340bcfb7cc3 None None] Loaded extension: extraroute
May 20 22:05:59.776817 np0000175567 devstack@neutron-api.service[103145]: DEBUG neutron.api.extensions [None req-0b5aa477-d485-4f59-bbb1-c340bcfb7cc3 None None] Loading extension file: extraroute_atomic.py {{(pid=103145) _load_all_extensions_from_path /opt/stack/neutron/neutron/api/extensions.py:449}}
May 20 22:05:59.777061 np0000175567 devstack@neutron-api.service[103145]: DEBUG neutron.api.extensions [None req-0b5aa477-d485-4f59-bbb1-c340bcfb7cc3 None None] Ext name="Atomically add/remove extra routes" alias="extraroute-atomic" description="Edit extra routes of a router on server side by atomically adding/removing extra routes" updated="2019-07-10T00:00:00+00:00" {{(pid=103145) _check_extension /opt/stack/neutron/neutron/api/extensions.py:415}}
May 20 22:05:59.777200 np0000175567 devstack@neutron-api.service[103145]: INFO neutron.api.extensions [None req-0b5aa477-d485-4f59-bbb1-c340bcfb7cc3 None None] Loaded extension: extraroute-atomic
May 20 22:05:59.777330 np0000175567 devstack@neutron-api.service[103145]: DEBUG neutron.api.extensions [None req-0b5aa477-d485-4f59-bbb1-c340bcfb7cc3 None None] Loading extension file: filter_validation.py {{(pid=103145) _load_all_extensions_from_path /opt/stack/neutron/neutron/api/extensions.py:449}}
May 20 22:05:59.777547 np0000175567 devstack@neutron-api.service[103145]: DEBUG neutron.api.extensions [None req-0b5aa477-d485-4f59-bbb1-c340bcfb7cc3 None None] Ext name="Filter parameters validation" alias="filter-validation" description="Provides validation on filter parameters." updated="2018-07-04T10:00:00-00:00" {{(pid=103145) _check_extension /opt/stack/neutron/neutron/api/extensions.py:415}}
May 20 22:05:59.777776 np0000175567 devstack@neutron-api.service[103145]: INFO neutron.api.extensions [None req-0b5aa477-d485-4f59-bbb1-c340bcfb7cc3 None None] Loaded extension: filter-validation
May 20 22:05:59.777867 np0000175567 devstack@neutron-api.service[103145]: DEBUG neutron.api.extensions [None req-0b5aa477-d485-4f59-bbb1-c340bcfb7cc3 None None] Loading extension file: fip_pf_description.py {{(pid=103145) _load_all_extensions_from_path /opt/stack/neutron/neutron/api/extensions.py:449}}
May 20 22:05:59.777999 np0000175567 devstack@neutron-api.service[103144]: DEBUG neutron.plugins.ml2.plugin [None req-9f32940e-d6f6-4a0e-8b0e-af05c292db3b None None] neutron.plugins.ml2.plugin.Ml2Plugin method _start_rpc_notifiers called with arguments () {} {{(pid=103144) wrapper /opt/stack/data/venv/lib/python3.12/site-packages/oslo_log/helpers.py:77}}
May 20 22:05:59.778108 np0000175567 devstack@neutron-api.service[103145]: DEBUG neutron.api.extensions [None req-0b5aa477-d485-4f59-bbb1-c340bcfb7cc3 None None] Ext name="Floating IP Port Forwarding new attribute description" alias="floating-ip-port-forwarding-description" description="Add a description field to Port Forwarding rules" updated="2019-11-01T10:00:00-00:00" {{(pid=103145) _check_extension /opt/stack/neutron/neutron/api/extensions.py:415}}
May 20 22:05:59.778307 np0000175567 devstack@neutron-api.service[103144]: DEBUG neutron_lib.callbacks.manager [None req-9f32940e-d6f6-4a0e-8b0e-af05c292db3b None None] Subscribe: > port after_create 55550000, False {{(pid=103144) subscribe /opt/stack/data/venv/lib/python3.12/site-packages/neutron_lib/callbacks/manager.py:52}}
May 20 22:05:59.778497 np0000175567 devstack@neutron-api.service[103145]: INFO neutron.api.extensions [None req-0b5aa477-d485-4f59-bbb1-c340bcfb7cc3 None None] Extension floating-ip-port-forwarding-description not supported by any of loaded plugins
May 20 22:05:59.778656 np0000175567 devstack@neutron-api.service[103144]: DEBUG neutron_lib.callbacks.manager [None req-9f32940e-d6f6-4a0e-8b0e-af05c292db3b None None] Subscribe: > port after_update 55550000, False {{(pid=103144) subscribe /opt/stack/data/venv/lib/python3.12/site-packages/neutron_lib/callbacks/manager.py:52}}
May 20 22:05:59.778791 np0000175567 devstack@neutron-api.service[103145]: DEBUG neutron.api.extensions [None req-0b5aa477-d485-4f59-bbb1-c340bcfb7cc3 None None] Loading extension file: fip_pf_detail.py {{(pid=103145) _load_all_extensions_from_path /opt/stack/neutron/neutron/api/extensions.py:449}}
May 20 22:05:59.778933 np0000175567 devstack@neutron-api.service[103144]: DEBUG neutron_lib.callbacks.manager [None req-9f32940e-d6f6-4a0e-8b0e-af05c292db3b None None] Subscribe: > port after_delete 55550000, False {{(pid=103144) subscribe /opt/stack/data/venv/lib/python3.12/site-packages/neutron_lib/callbacks/manager.py:52}}
May 20 22:05:59.778933 np0000175567 devstack@neutron-api.service[103144]: DEBUG neutron_lib.callbacks.manager [None req-9f32940e-d6f6-4a0e-8b0e-af05c292db3b None None] Subscribe: > subnet after_create 55550000, False {{(pid=103144) subscribe /opt/stack/data/venv/lib/python3.12/site-packages/neutron_lib/callbacks/manager.py:52}}
May 20 22:05:59.779070 np0000175567 devstack@neutron-api.service[103145]: DEBUG neutron.api.extensions [None req-0b5aa477-d485-4f59-bbb1-c340bcfb7cc3 None None] Ext name="Floating IP port forwarding detail" alias="floating-ip-port-forwarding-detail" description="Allow list floating ip return more port forwarding data, include'id' and 'internal_port_id'" updated="2022-05-06T10:00:00-00:00" {{(pid=103145) _check_extension /opt/stack/neutron/neutron/api/extensions.py:415}}
May 20 22:05:59.779153 np0000175567 devstack@neutron-api.service[103144]: DEBUG neutron_lib.callbacks.manager [None req-9f32940e-d6f6-4a0e-8b0e-af05c292db3b None None] Subscribe: > subnet after_update 55550000, False {{(pid=103144) subscribe /opt/stack/data/venv/lib/python3.12/site-packages/neutron_lib/callbacks/manager.py:52}}
May 20 22:05:59.779153 np0000175567 devstack@neutron-api.service[103144]: DEBUG neutron_lib.callbacks.manager [None req-9f32940e-d6f6-4a0e-8b0e-af05c292db3b None None] Subscribe: > subnet after_delete 55550000, False {{(pid=103144) subscribe /opt/stack/data/venv/lib/python3.12/site-packages/neutron_lib/callbacks/manager.py:52}}
May 20 22:05:59.779153 np0000175567 devstack@neutron-api.service[103144]: DEBUG neutron_lib.callbacks.manager [None req-9f32940e-d6f6-4a0e-8b0e-af05c292db3b None None] Subscribe: > network after_create 55550000, False {{(pid=103144) subscribe /opt/stack/data/venv/lib/python3.12/site-packages/neutron_lib/callbacks/manager.py:52}}
May 20 22:05:59.779246 np0000175567 devstack@neutron-api.service[103145]: INFO neutron.api.extensions [None req-0b5aa477-d485-4f59-bbb1-c340bcfb7cc3 None None] Loaded extension: floating-ip-port-forwarding-detail
May 20 22:05:59.779398 np0000175567 devstack@neutron-api.service[103144]: DEBUG neutron_lib.callbacks.manager [None req-9f32940e-d6f6-4a0e-8b0e-af05c292db3b None None] Subscribe: > network after_update 55550000, False {{(pid=103144) subscribe /opt/stack/data/venv/lib/python3.12/site-packages/neutron_lib/callbacks/manager.py:52}}
May 20 22:05:59.779619 np0000175567 devstack@neutron-api.service[103145]: DEBUG neutron.api.extensions [None req-0b5aa477-d485-4f59-bbb1-c340bcfb7cc3 None None] Loading extension file: fip_pf_port_range.py {{(pid=103145) _load_all_extensions_from_path /opt/stack/neutron/neutron/api/extensions.py:449}}
May 20 22:05:59.779726 np0000175567 devstack@neutron-api.service[103144]: DEBUG neutron_lib.callbacks.manager [None req-9f32940e-d6f6-4a0e-8b0e-af05c292db3b None None] Subscribe: > network after_delete 55550000, False {{(pid=103144) subscribe /opt/stack/data/venv/lib/python3.12/site-packages/neutron_lib/callbacks/manager.py:52}}
May 20 22:05:59.779726 np0000175567 devstack@neutron-api.service[103144]: DEBUG neutron_lib.callbacks.manager [None req-9f32940e-d6f6-4a0e-8b0e-af05c292db3b None None] Subscribe: > security_group after_create 55550000, False {{(pid=103144) subscribe /opt/stack/data/venv/lib/python3.12/site-packages/neutron_lib/callbacks/manager.py:52}}
May 20 22:05:59.779869 np0000175567 devstack@neutron-api.service[103145]: DEBUG neutron.api.extensions [None req-0b5aa477-d485-4f59-bbb1-c340bcfb7cc3 None None] Ext name="Floating IP Port Forwarding support port ranges" alias="floating-ip-port-forwarding-port-ranges" description="Add support to port ranges" updated="2020-07-01T10:00:00-00:00" {{(pid=103145) _check_extension /opt/stack/neutron/neutron/api/extensions.py:415}}
May 20 22:05:59.779927 np0000175567 devstack@neutron-api.service[103144]: DEBUG neutron_lib.callbacks.manager [None req-9f32940e-d6f6-4a0e-8b0e-af05c292db3b None None] Subscribe: > security_group after_update 55550000, False {{(pid=103144) subscribe /opt/stack/data/venv/lib/python3.12/site-packages/neutron_lib/callbacks/manager.py:52}}
May 20 22:05:59.779927 np0000175567 devstack@neutron-api.service[103144]: DEBUG neutron_lib.callbacks.manager [None req-9f32940e-d6f6-4a0e-8b0e-af05c292db3b None None] Subscribe: > security_group after_delete 55550000, False {{(pid=103144) subscribe /opt/stack/data/venv/lib/python3.12/site-packages/neutron_lib/callbacks/manager.py:52}}
May 20 22:05:59.779978 np0000175567 devstack@neutron-api.service[103145]: INFO neutron.api.extensions [None req-0b5aa477-d485-4f59-bbb1-c340bcfb7cc3 None None] Extension floating-ip-port-forwarding-port-ranges not supported by any of loaded plugins
May 20 22:05:59.780039 np0000175567 devstack@neutron-api.service[103144]: DEBUG neutron_lib.callbacks.manager [None req-9f32940e-d6f6-4a0e-8b0e-af05c292db3b None None] Subscribe: > security_group_rule after_create 55550000, False {{(pid=103144) subscribe /opt/stack/data/venv/lib/python3.12/site-packages/neutron_lib/callbacks/manager.py:52}}
May 20 22:05:59.780095 np0000175567 devstack@neutron-api.service[103145]: DEBUG neutron.api.extensions [None req-0b5aa477-d485-4f59-bbb1-c340bcfb7cc3 None None] Loading extension file: fip_port_details.py {{(pid=103145) _load_all_extensions_from_path /opt/stack/neutron/neutron/api/extensions.py:449}}
May 20 22:05:59.780148 np0000175567 devstack@neutron-api.service[103144]: DEBUG neutron_lib.callbacks.manager [None req-9f32940e-d6f6-4a0e-8b0e-af05c292db3b None None] Subscribe: > security_group_rule after_update 55550000, False {{(pid=103144) subscribe /opt/stack/data/venv/lib/python3.12/site-packages/neutron_lib/callbacks/manager.py:52}}
May 20 22:05:59.780148 np0000175567 devstack@neutron-api.service[103144]: DEBUG neutron_lib.callbacks.manager [None req-9f32940e-d6f6-4a0e-8b0e-af05c292db3b None None] Subscribe: > security_group_rule after_delete 55550000, False {{(pid=103144) subscribe /opt/stack/data/venv/lib/python3.12/site-packages/neutron_lib/callbacks/manager.py:52}}
May 20 22:05:59.780195 np0000175567 devstack@neutron-api.service[103145]: DEBUG neutron.api.extensions [None req-0b5aa477-d485-4f59-bbb1-c340bcfb7cc3 None None] Ext name="Floating IP Port Details Extension" alias="fip-port-details" description="Add port_details attribute to Floating IP resource" updated="2018-04-09T10:00:00-00:00" {{(pid=103145) _check_extension /opt/stack/neutron/neutron/api/extensions.py:415}}
May 20 22:05:59.780272 np0000175567 devstack@neutron-api.service[103144]: DEBUG neutron_lib.callbacks.manager [None req-9f32940e-d6f6-4a0e-8b0e-af05c292db3b None None] Subscribe: > address_group after_create 55550000, False {{(pid=103144) subscribe /opt/stack/data/venv/lib/python3.12/site-packages/neutron_lib/callbacks/manager.py:52}}
May 20 22:05:59.780272 np0000175567 devstack@neutron-api.service[103144]: DEBUG neutron_lib.callbacks.manager [None req-9f32940e-d6f6-4a0e-8b0e-af05c292db3b None None] Subscribe: > address_group after_update 55550000, False {{(pid=103144) subscribe /opt/stack/data/venv/lib/python3.12/site-packages/neutron_lib/callbacks/manager.py:52}}
May 20 22:05:59.780347 np0000175567 devstack@neutron-api.service[103145]: INFO neutron.api.extensions [None req-0b5aa477-d485-4f59-bbb1-c340bcfb7cc3 None None] Loaded extension: fip-port-details
May 20 22:05:59.780395 np0000175567 devstack@neutron-api.service[103144]: DEBUG neutron_lib.callbacks.manager [None req-9f32940e-d6f6-4a0e-8b0e-af05c292db3b None None] Subscribe: > address_group after_delete 55550000, False {{(pid=103144) subscribe /opt/stack/data/venv/lib/python3.12/site-packages/neutron_lib/callbacks/manager.py:52}}
May 20 22:05:59.780433 np0000175567 devstack@neutron-api.service[103145]: DEBUG neutron.api.extensions [None req-0b5aa477-d485-4f59-bbb1-c340bcfb7cc3 None None] Loading extension file: flavors.py {{(pid=103145) _load_all_extensions_from_path /opt/stack/neutron/neutron/api/extensions.py:449}}
May 20 22:05:59.780516 np0000175567 devstack@neutron-api.service[103144]: DEBUG neutron.plugins.ml2.ovo_rpc [None req-9f32940e-d6f6-4a0e-8b0e-af05c292db3b None None] ML2 OVO RPC backend initialized. {{(pid=103144) __init__ /opt/stack/neutron/neutron/plugins/ml2/ovo_rpc.py:117}}
May 20 22:05:59.780568 np0000175567 devstack@neutron-api.service[103145]: DEBUG neutron.api.extensions [None req-0b5aa477-d485-4f59-bbb1-c340bcfb7cc3 None None] Ext name="Neutron Service Flavors" alias="flavors" description="Flavor specification for Neutron advanced services." updated="2015-09-17T10:00:00-00:00" {{(pid=103145) _check_extension /opt/stack/neutron/neutron/api/extensions.py:415}}
May 20 22:05:59.780568 np0000175567 devstack@neutron-api.service[103145]: INFO neutron.api.extensions [None req-0b5aa477-d485-4f59-bbb1-c340bcfb7cc3 None None] Loaded extension: flavors
May 20 22:05:59.780568 np0000175567 devstack@neutron-api.service[103145]: DEBUG neutron.api.extensions [None req-0b5aa477-d485-4f59-bbb1-c340bcfb7cc3 None None] Loading extension file: floating_ip_port_forwarding.py {{(pid=103145) _load_all_extensions_from_path /opt/stack/neutron/neutron/api/extensions.py:449}}
May 20 22:05:59.780699 np0000175567 devstack@neutron-api.service[103145]: DEBUG neutron.api.extensions [None req-0b5aa477-d485-4f59-bbb1-c340bcfb7cc3 None None] Ext name="Floating IP Port Forwarding" alias="floating-ip-port-forwarding" description="Allow port forwarding from floating IP port to an internal port" updated="2018-01-19T10:00:00-00:00" {{(pid=103145) _check_extension /opt/stack/neutron/neutron/api/extensions.py:415}}
May 20 22:05:59.780740 np0000175567 devstack@neutron-api.service[103144]: INFO neutron.quota [None req-9f32940e-d6f6-4a0e-8b0e-af05c292db3b None None] Loaded quota_driver: .
May 20 22:05:59.780848 np0000175567 devstack@neutron-api.service[103144]: INFO neutron.plugins.ml2.plugin [None req-9f32940e-d6f6-4a0e-8b0e-af05c292db3b None None] Modular L2 Plugin initialization complete
May 20 22:05:59.780883 np0000175567 devstack@neutron-api.service[103145]: INFO neutron.api.extensions [None req-0b5aa477-d485-4f59-bbb1-c340bcfb7cc3 None None] Extension floating-ip-port-forwarding not supported by any of loaded plugins
May 20 22:05:59.780919 np0000175567 devstack@neutron-api.service[103145]: DEBUG neutron.api.extensions [None req-0b5aa477-d485-4f59-bbb1-c340bcfb7cc3 None None] Loading extension file: floatingip_pools.py {{(pid=103145) _load_all_extensions_from_path /opt/stack/neutron/neutron/api/extensions.py:449}}
May 20 22:05:59.781002 np0000175567 devstack@neutron-api.service[103144]: DEBUG neutron.manager [None req-9f32940e-d6f6-4a0e-8b0e-af05c292db3b None None] Loading services supported by the core plugin {{(pid=103144) _load_services_from_core_plugin /opt/stack/neutron/neutron/manager.py:170}}
May 20 22:05:59.781152 np0000175567 devstack@neutron-api.service[103144]: INFO neutron.plugins.ml2.managers [None req-9f32940e-d6f6-4a0e-8b0e-af05c292db3b None None] Got port-security extension from driver 'port_security'
May 20 22:05:59.781317 np0000175567 devstack@neutron-api.service[103145]: DEBUG neutron.api.extensions [None req-0b5aa477-d485-4f59-bbb1-c340bcfb7cc3 None None] Ext name="Floating IP Pools Extension" alias="floatingip-pools" description="Provides a floating IP pools API." updated="2018-03-21T10:00:00-00:00" {{(pid=103145) _check_extension /opt/stack/neutron/neutron/api/extensions.py:415}}
May 20 22:05:59.781519 np0000175567 devstack@neutron-api.service[103144]: DEBUG neutron.manager [None req-9f32940e-d6f6-4a0e-8b0e-af05c292db3b None None] Loading service plugins: ['ovn-router', 'auto_allocate', 'tag', 'timestamp', 'network_ip_availability', 'flavors', 'revisions'] {{(pid=103144) _load_service_plugins /opt/stack/neutron/neutron/manager.py:195}}
May 20 22:05:59.781712 np0000175567 devstack@neutron-api.service[103145]: INFO neutron.api.extensions [None req-0b5aa477-d485-4f59-bbb1-c340bcfb7cc3 None None] Loaded extension: floatingip-pools
May 20 22:05:59.781830 np0000175567 devstack@neutron-api.service[103144]: INFO neutron.manager [None req-9f32940e-d6f6-4a0e-8b0e-af05c292db3b None None] Loading Plugin: ovn-router
May 20 22:05:59.781954 np0000175567 devstack@neutron-api.service[103145]: DEBUG neutron.api.extensions [None req-0b5aa477-d485-4f59-bbb1-c340bcfb7cc3 None None] Loading extension file: ip_allocation.py {{(pid=103145) _load_all_extensions_from_path /opt/stack/neutron/neutron/api/extensions.py:449}}
May 20 22:05:59.781954 np0000175567 devstack@neutron-api.service[103145]: DEBUG neutron.api.extensions [None req-0b5aa477-d485-4f59-bbb1-c340bcfb7cc3 None None] Ext name="IP Allocation" alias="ip_allocation" description="IP allocation extension." updated="2016-06-10T23:00:00-00:00" {{(pid=103145) _check_extension /opt/stack/neutron/neutron/api/extensions.py:415}}
May 20 22:05:59.781954 np0000175567 devstack@neutron-api.service[103145]: INFO neutron.api.extensions [None req-0b5aa477-d485-4f59-bbb1-c340bcfb7cc3 None None] Extension ip_allocation not supported by any of loaded plugins
May 20 22:05:59.781954 np0000175567 devstack@neutron-api.service[103145]: DEBUG neutron.api.extensions [None req-0b5aa477-d485-4f59-bbb1-c340bcfb7cc3 None None] Loading extension file: ip_substring_port_filtering.py {{(pid=103145) _load_all_extensions_from_path /opt/stack/neutron/neutron/api/extensions.py:449}}
May 20 22:05:59.782259 np0000175567 devstack@neutron-api.service[103145]: DEBUG neutron.api.extensions [None req-0b5aa477-d485-4f59-bbb1-c340bcfb7cc3 None None] Ext name="IP address substring filtering" alias="ip-substring-filtering" description="Provides IP address substring filtering when listing ports" updated="2017-11-28T09:00:00-00:00" {{(pid=103145) _check_extension /opt/stack/neutron/neutron/api/extensions.py:415}}
May 20 22:05:59.782381 np0000175567 devstack@neutron-api.service[103145]: INFO neutron.api.extensions [None req-0b5aa477-d485-4f59-bbb1-c340bcfb7cc3 None None] Extension ip-substring-filtering not supported by any of loaded plugins
May 20 22:05:59.782412 np0000175567 devstack@neutron-api.service[103145]: DEBUG neutron.api.extensions [None req-0b5aa477-d485-4f59-bbb1-c340bcfb7cc3 None None] Loading extension file: l2_adjacency.py {{(pid=103145) _load_all_extensions_from_path /opt/stack/neutron/neutron/api/extensions.py:449}}
May 20 22:05:59.782647 np0000175567 devstack@neutron-api.service[103145]: DEBUG neutron.api.extensions [None req-0b5aa477-d485-4f59-bbb1-c340bcfb7cc3 None None] Ext name="L2 Adjacency" alias="l2_adjacency" description="Display L2 Adjacency for Neutron Networks." updated="2016-04-12T16:00:00-00:00" {{(pid=103145) _check_extension /opt/stack/neutron/neutron/api/extensions.py:415}}
May 20 22:05:59.782791 np0000175567 devstack@neutron-api.service[103145]: INFO neutron.api.extensions [None req-0b5aa477-d485-4f59-bbb1-c340bcfb7cc3 None None] Extension l2_adjacency not supported by any of loaded plugins
May 20 22:05:59.782889 np0000175567 devstack@neutron-api.service[103145]: DEBUG neutron.api.extensions [None req-0b5aa477-d485-4f59-bbb1-c340bcfb7cc3 None None] Loading extension file: l3.py {{(pid=103145) _load_all_extensions_from_path /opt/stack/neutron/neutron/api/extensions.py:449}}
May 20 22:05:59.783293 np0000175567 devstack@neutron-api.service[103145]: DEBUG neutron.api.extensions [None req-0b5aa477-d485-4f59-bbb1-c340bcfb7cc3 None None] Ext name="Neutron L3 Router" alias="router" description="Router abstraction for basic L3 forwarding between L2 Neutron networks and access to external networks via a NAT gateway." updated="2012-07-20T10:00:00-00:00" {{(pid=103145) _check_extension /opt/stack/neutron/neutron/api/extensions.py:415}}
May 20 22:05:59.783457 np0000175567 devstack@neutron-api.service[103145]: INFO neutron.api.extensions [None req-0b5aa477-d485-4f59-bbb1-c340bcfb7cc3 None None] Loaded extension: router
May 20 22:05:59.783549 np0000175567 devstack@neutron-api.service[103145]: DEBUG neutron.api.extensions [None req-0b5aa477-d485-4f59-bbb1-c340bcfb7cc3 None None] Loading extension file: l3_conntrack_helper.py {{(pid=103145) _load_all_extensions_from_path /opt/stack/neutron/neutron/api/extensions.py:449}}
May 20 22:05:59.784300 np0000175567 devstack@neutron-api.service[103145]: DEBUG neutron.api.extensions [None req-0b5aa477-d485-4f59-bbb1-c340bcfb7cc3 None None] Ext name="L3 Conntrack helper" alias="l3-conntrack-helper" description="Allow adding CT target rules for conntrack helper" updated="2019-04-04T10:00:00-00:00" {{(pid=103145) _check_extension /opt/stack/neutron/neutron/api/extensions.py:415}}
May 20 22:05:59.784471 np0000175567 devstack@neutron-api.service[103145]: INFO neutron.api.extensions [None req-0b5aa477-d485-4f59-bbb1-c340bcfb7cc3 None None] Extension l3-conntrack-helper not supported by any of loaded plugins
May 20 22:05:59.784576 np0000175567 devstack@neutron-api.service[103145]: DEBUG neutron.api.extensions [None req-0b5aa477-d485-4f59-bbb1-c340bcfb7cc3 None None] Loading extension file: l3_enable_default_route_bfd.py {{(pid=103145) _load_all_extensions_from_path /opt/stack/neutron/neutron/api/extensions.py:449}}
May 20 22:05:59.784829 np0000175567 devstack@neutron-api.service[103145]: DEBUG neutron.api.extensions [None req-0b5aa477-d485-4f59-bbb1-c340bcfb7cc3 None None] Ext name="Enable Default Route BFD" alias="enable-default-route-bfd" description="Enables configurable BFD behavior for default routes" updated="2023-02-27T00:00:00-00:00" {{(pid=103145) _check_extension /opt/stack/neutron/neutron/api/extensions.py:415}}
May 20 22:05:59.784989 np0000175567 devstack@neutron-api.service[103145]: INFO neutron.api.extensions [None req-0b5aa477-d485-4f59-bbb1-c340bcfb7cc3 None None] Loaded extension: enable-default-route-bfd
May 20 22:05:59.785064 np0000175567 devstack@neutron-api.service[103145]: DEBUG neutron.api.extensions [None req-0b5aa477-d485-4f59-bbb1-c340bcfb7cc3 None None] Loading extension file: l3_enable_default_route_ecmp.py {{(pid=103145) _load_all_extensions_from_path /opt/stack/neutron/neutron/api/extensions.py:449}}
May 20 22:05:59.785332 np0000175567 devstack@neutron-api.service[103145]: DEBUG neutron.api.extensions [None req-0b5aa477-d485-4f59-bbb1-c340bcfb7cc3 None None] Ext name="Enable Default Route ECMP" alias="enable-default-route-ecmp" description="Enables configurable ECMP behavior for default routes" updated="2023-02-27T00:00:00-00:00" {{(pid=103145) _check_extension /opt/stack/neutron/neutron/api/extensions.py:415}}
May 20 22:05:59.785485 np0000175567 devstack@neutron-api.service[103145]: INFO neutron.api.extensions [None req-0b5aa477-d485-4f59-bbb1-c340bcfb7cc3 None None] Loaded extension: enable-default-route-ecmp
May 20 22:05:59.785569 np0000175567 devstack@neutron-api.service[103145]: DEBUG neutron.api.extensions [None req-0b5aa477-d485-4f59-bbb1-c340bcfb7cc3 None None] Loading extension file: l3_ext_gw_mode.py {{(pid=103145) _load_all_extensions_from_path /opt/stack/neutron/neutron/api/extensions.py:449}}
May 20 22:05:59.785835 np0000175567 devstack@neutron-api.service[103145]: DEBUG neutron.api.extensions [None req-0b5aa477-d485-4f59-bbb1-c340bcfb7cc3 None None] Ext name="Neutron L3 Configurable external gateway mode" alias="ext-gw-mode" description="Extension of the router abstraction for specifying whether SNAT should occur on the external gateway" updated="2013-03-28T10:00:00-00:00" {{(pid=103145) _check_extension /opt/stack/neutron/neutron/api/extensions.py:415}}
