+ COMMAND=start + start + for KEYSTONE_WSGI_SCRIPT in keystone-wsgi-public ++ type -p keystone-wsgi-public + cp -a /var/lib/openstack/bin/keystone-wsgi-public /var/www/cgi-bin/keystone/ + '[' -f /etc/apache2/envvars ']' + source /etc/apache2/envvars ++ unset HOME ++ '[' '' '!=' '' ']' ++ SUFFIX= ++ export APACHE_RUN_USER=www-data ++ APACHE_RUN_USER=www-data ++ export APACHE_RUN_GROUP=www-data ++ APACHE_RUN_GROUP=www-data ++ export APACHE_PID_FILE=/var/run/apache2/apache2.pid ++ APACHE_PID_FILE=/var/run/apache2/apache2.pid ++ export APACHE_RUN_DIR=/var/run/apache2 ++ APACHE_RUN_DIR=/var/run/apache2 ++ export APACHE_LOCK_DIR=/var/lock/apache2 ++ APACHE_LOCK_DIR=/var/lock/apache2 ++ export APACHE_LOG_DIR=/var/log/apache2 ++ APACHE_LOG_DIR=/var/log/apache2 ++ export LANG=C ++ LANG=C ++ export LANG + '[' -f /var/run/apache2/apache2.pid ']' + exec apache2 -DFOREGROUND AH00558: apache2: Could not reliably determine the server's fully qualified domain name, using 10.0.0.233. Set the 'ServerName' directive globally to suppress this message AH00558: apache2: Could not reliably determine the server's fully qualified domain name, using 10.0.0.233. Set the 'ServerName' directive globally to suppress this message
[Sun Aug 16 13:00:46.586013 2026] [mpm_event:notice] [pid 1:tid 140070908532608] AH00489: Apache/2.4.58 (Ubuntu) mod_wsgi/5.0.0 Python/3.12 configured -- resuming normal operations
[Sun Aug 16 13:00:46.586179 2026] [core:notice] [pid 1:tid 140070908532608] AH00094: Command line: 'apache2 -D FOREGROUND'
[Sun Aug 16 13:01:43.386716 2026] [wsgi:error] [pid 10:tid 140070270711488] /var/lib/openstack/lib/python3.12/site-packages/oslo_utils/importutils.py:77: EventletDeprecationWarning:
[Sun Aug 16 13:01:43.386758 2026] [wsgi:error] [pid 10:tid 140070270711488] Eventlet is deprecated. It is currently being maintained in bugfix mode, and
[Sun Aug 16 13:01:43.386760 2026] [wsgi:error] [pid 10:tid 140070270711488] we strongly recommend against using it for new projects.
[Sun Aug 16 13:01:43.386762 2026] [wsgi:error] [pid 10:tid 140070270711488]
[Sun Aug 16 13:01:43.386763 2026] [wsgi:error] [pid 10:tid 140070270711488] If you are already using Eventlet, we recommend migrating to a different
[Sun Aug 16 13:01:43.386764 2026] [wsgi:error] [pid 10:tid 140070270711488] framework. For more detail see
[Sun Aug 16 13:01:43.386765 2026] [wsgi:error] [pid 10:tid 140070270711488] https://eventlet.readthedocs.io/en/latest/asyncio/migration.html
[Sun Aug 16 13:01:43.386767 2026] [wsgi:error] [pid 10:tid 140070270711488]
[Sun Aug 16 13:01:43.386768 2026] [wsgi:error] [pid 10:tid 140070270711488] __import__(import_str)
[Sun Aug 16 13:01:43.411818 2026] [wsgi:error] [pid 12:tid 140070270711488] /var/lib/openstack/lib/python3.12/site-packages/oslo_utils/importutils.py:77: EventletDeprecationWarning:
[Sun Aug 16 13:01:43.411872 2026] [wsgi:error] [pid 12:tid 140070270711488] Eventlet is deprecated. It is currently being maintained in bugfix mode, and
[Sun Aug 16 13:01:43.411874 2026] [wsgi:error] [pid 12:tid 140070270711488] we strongly recommend against using it for new projects.
[Sun Aug 16 13:01:43.411875 2026] [wsgi:error] [pid 12:tid 140070270711488]
[Sun Aug 16 13:01:43.411876 2026] [wsgi:error] [pid 12:tid 140070270711488] If you are already using Eventlet, we recommend migrating to a different
[Sun Aug 16 13:01:43.411878 2026] [wsgi:error] [pid 12:tid 140070270711488] framework. For more detail see
[Sun Aug 16 13:01:43.411879 2026] [wsgi:error] [pid 12:tid 140070270711488] https://eventlet.readthedocs.io/en/latest/asyncio/migration.html
[Sun Aug 16 13:01:43.411880 2026] [wsgi:error] [pid 12:tid 140070270711488]
[Sun Aug 16 13:01:43.411881 2026] [wsgi:error] [pid 12:tid 140070270711488] __import__(import_str) 10.0.0.189 - - [16/Aug/2026:13:01:42 +0000] "GET /v3/ HTTP/1.1" 200 250 10.0.0.189 - - [16/Aug/2026:13:01:42 +0000] "GET /v3/ HTTP/1.1" 200 250
[Sun Aug 16 13:01:48.919235 2026] [wsgi:error] [pid 9:tid 140070270711488] /var/lib/openstack/lib/python3.12/site-packages/oslo_utils/importutils.py:77: EventletDeprecationWarning:
[Sun Aug 16 13:01:48.919285 2026] [wsgi:error] [pid 9:tid 140070270711488] Eventlet is deprecated. It is currently being maintained in bugfix mode, and
[Sun Aug 16 13:01:48.919286 2026] [wsgi:error] [pid 9:tid 140070270711488] we strongly recommend against using it for new projects.
[Sun Aug 16 13:01:48.919288 2026] [wsgi:error] [pid 9:tid 140070270711488]
[Sun Aug 16 13:01:48.919289 2026] [wsgi:error] [pid 9:tid 140070270711488] If you are already using Eventlet, we recommend migrating to a different
[Sun Aug 16 13:01:48.919291 2026] [wsgi:error] [pid 9:tid 140070270711488] framework. For more detail see
[Sun Aug 16 13:01:48.919293 2026] [wsgi:error] [pid 9:tid 140070270711488] https://eventlet.readthedocs.io/en/latest/asyncio/migration.html
[Sun Aug 16 13:01:48.919294 2026] [wsgi:error] [pid 9:tid 140070270711488]
[Sun Aug 16 13:01:48.919296 2026] [wsgi:error] [pid 9:tid 140070270711488] __import__(import_str) 10.0.0.189 - - [16/Aug/2026:13:01:48 +0000] "GET /v3/ HTTP/1.1" 200 250
[Sun Aug 16 13:01:55.722811 2026] [wsgi:error] [pid 11:tid 140070270711488] /var/lib/openstack/lib/python3.12/site-packages/oslo_utils/importutils.py:77: EventletDeprecationWarning:
[Sun Aug 16 13:01:55.722848 2026] [wsgi:error] [pid 11:tid 140070270711488] Eventlet is deprecated. It is currently being maintained in bugfix mode, and
[Sun Aug 16 13:01:55.722850 2026] [wsgi:error] [pid 11:tid 140070270711488] we strongly recommend against using it for new projects.
[Sun Aug 16 13:01:55.722851 2026] [wsgi:error] [pid 11:tid 140070270711488]
[Sun Aug 16 13:01:55.722852 2026] [wsgi:error] [pid 11:tid 140070270711488] If you are already using Eventlet, we recommend migrating to a different
[Sun Aug 16 13:01:55.722853 2026] [wsgi:error] [pid 11:tid 140070270711488] framework. For more detail see
[Sun Aug 16 13:01:55.722854 2026] [wsgi:error] [pid 11:tid 140070270711488] https://eventlet.readthedocs.io/en/latest/asyncio/migration.html
[Sun Aug 16 13:01:55.722856 2026] [wsgi:error] [pid 11:tid 140070270711488]
[Sun Aug 16 13:01:55.722857 2026] [wsgi:error] [pid 11:tid 140070270711488] __import__(import_str) 10.0.0.31 - - [16/Aug/2026:13:01:54 +0000] "GET / HTTP/1.1" 300 295
[Sun Aug 16 13:02:00.758026 2026] [wsgi:error] [pid 10:tid 140070270711488] [remote 10.0.0.31:35898] 2026-08-16 13:02:00.755 10 WARNING keystone.identity.core [None req-52ecb14d-2353-4f62-8658-538d933d11a9 - - - - - -] Invalid domain name (atmosphere) found in config file name: keystone.exception.DomainNotFound: Could not find domain: atmosphere.
[Sun Aug 16 13:02:00.810421 2026] [wsgi:error] [pid 10:tid 140070270711488] [remote 10.0.0.31:35898] 2026-08-16 13:02:00.810 10 WARNING keystone.common.password_hashing [None req-52ecb14d-2353-4f62-8658-538d933d11a9 - - - - - -] Truncating password to algorithm specific maximum length 72 characters.
[Sun Aug 16 13:02:01.115609 2026] [wsgi:error] [pid 10:tid 140070270711488] [remote 10.0.0.31:35898] 2026-08-16 13:02:01.115 10 WARNING keystone.common.fernet_utils [None req-52ecb14d-2353-4f62-8658-538d933d11a9 - - - - - -] key_repository is world readable: /etc/keystone/fernet-keys/ 10.0.0.31 - - [16/Aug/2026:13:02:00 +0000] "POST /v3/auth/tokens HTTP/1.1" 201 1359
[Sun Aug 16 13:02:01.510083 2026] [wsgi:error] [pid 12:tid 140070270711488] [remote 10.0.0.31:35898] 2026-08-16 13:02:01.507 12 WARNING keystone.identity.core [None req-45fc291d-448c-4a1d-97ab-790a01ba5be0 - - - - - -] Invalid domain name (atmosphere) found in config file name: keystone.exception.DomainNotFound: Could not find domain: atmosphere. 10.0.0.31 - - [16/Aug/2026:13:02:01 +0000] "POST /v3/domains HTTP/1.1" 201 261 10.0.0.92 - - [16/Aug/2026:13:02:13 +0000] "GET / HTTP/1.1" 300 295
[Sun Aug 16 13:02:14.343115 2026] [wsgi:error] [pid 11:tid 140070270711488] [remote 10.0.0.92:55858] 2026-08-16 13:02:14.342 11 WARNING keystone.common.password_hashing [None req-4d1293aa-5986-4aa7-8ff7-b0677848c996 - - - - - -] Truncating password to algorithm specific maximum length 72 characters.
[Sun Aug 16 13:02:14.614407 2026] [wsgi:error] [pid 11:tid 140070270711488] [remote 10.0.0.92:55858] 2026-08-16 13:02:14.613 11 WARNING keystone.common.fernet_utils [None req-4d1293aa-5986-4aa7-8ff7-b0677848c996 - - - - - -] key_repository is world readable: /etc/keystone/fernet-keys/ 10.0.0.92 - - [16/Aug/2026:13:02:14 +0000] "POST /v3/auth/tokens HTTP/1.1" 201 1359 10.0.0.92 - - [16/Aug/2026:13:02:14 +0000] "GET /v3/roles/admin HTTP/1.1" 404 83
[Sun Aug 16 13:02:14.877595 2026] [wsgi:error] [pid 12:tid 140070270711488] [remote 10.0.0.92:55858] 2026-08-16 13:02:14.877 12 WARNING keystone.common.rbac_enforcer.enforcer [None req-9773f56e-e58b-4d5f-8d5c-e17d186dee4e dc327d18cefa4e37a56c6dd3bebb2c6f c7a5ad6bd85e45bb842966bdc4214172 - - default default] Deprecated policy rules found. Use oslopolicy-policy-generator and oslopolicy-policy-upgrade to detect and resolve deprecated policies in your configuration. 10.0.0.92 - - [16/Aug/2026:13:02:14 +0000] "GET /v3/roles?name=admin HTTP/1.1" 200 389
[Sun Aug 16 13:02:15.390733 2026] [wsgi:error] [pid 9:tid 140070270711488] [remote 10.0.0.92:55858] 2026-08-16 13:02:15.390 9 WARNING keystone.common.rbac_enforcer.enforcer [None req-7856877d-2f0a-473b-b2d3-765ef8f34655 dc327d18cefa4e37a56c6dd3bebb2c6f c7a5ad6bd85e45bb842966bdc4214172 - - default default] Deprecated policy rules found. Use oslopolicy-policy-generator and oslopolicy-policy-upgrade to detect and resolve deprecated policies in your configuration. 10.0.0.92 - - [16/Aug/2026:13:02:15 +0000] "GET /v3/users/admin-RegionOne HTTP/1.1" 404 93
[Sun Aug 16 13:02:15.555265 2026] [wsgi:error] [pid 11:tid 140070270711488] [remote 10.0.0.92:55858] 2026-08-16 13:02:15.555 11 WARNING keystone.common.rbac_enforcer.enforcer [None req-b2e35db0-64e5-40ca-9a99-215dcfe9ab72 dc327d18cefa4e37a56c6dd3bebb2c6f c7a5ad6bd85e45bb842966bdc4214172 - - default default] Deprecated policy rules found. Use oslopolicy-policy-generator and oslopolicy-policy-upgrade to detect and resolve deprecated policies in your configuration. 10.0.0.92 - - [16/Aug/2026:13:02:15 +0000] "GET /v3/users?name=admin-RegionOne HTTP/1.1" 200 422
[Sun Aug 16 13:02:15.718820 2026] [wsgi:error] [pid 10:tid 140070270711488] [remote 10.0.0.92:55858] 2026-08-16 13:02:15.718 10 WARNING keystone.common.rbac_enforcer.enforcer [None req-bb4a9e5e-db5f-4a37-be3b-a7b77ca3309a dc327d18cefa4e37a56c6dd3bebb2c6f c7a5ad6bd85e45bb842966bdc4214172 - - default default] Deprecated policy rules found. Use oslopolicy-policy-generator and oslopolicy-policy-upgrade to detect and resolve deprecated policies in your configuration. 10.0.0.92 - - [16/Aug/2026:13:02:15 +0000] "GET /v3/domains/default HTTP/1.1" 200 224 10.0.0.92 - - [16/Aug/2026:13:02:15 +0000] "PUT /v3/domains/default/users/dc327d18cefa4e37a56c6dd3bebb2c6f/roles/a3f2848968c9456ebe7950a813be5ea6 HTTP/1.1" 204 - 10.0.0.189 - - [16/Aug/2026:13:02:24 +0000] "GET / HTTP/1.1" 300 280 10.0.0.189 - - [16/Aug/2026:13:02:26 +0000] "GET /v3 HTTP/1.1" 200 265
[Sun Aug 16 13:02:26.346736 2026] [wsgi:error] [pid 10:tid 140070270711488] [remote 10.0.0.189:55656] 2026-08-16 13:02:26.346 10 WARNING keystone.common.password_hashing [None req-6ed83258-8354-42d0-968d-1785e56a0d02 - - - - - -] Truncating password to algorithm specific maximum length 72 characters.
[Sun Aug 16 13:02:26.624363 2026] [wsgi:error] [pid 10:tid 140070270711488] [remote 10.0.0.189:55656] 2026-08-16 13:02:26.624 10 WARNING keystone.common.fernet_utils [None req-6ed83258-8354-42d0-968d-1785e56a0d02 - - - - - -] key_repository is world readable: /etc/keystone/fernet-keys/ 10.0.0.189 - - [16/Aug/2026:13:02:26 +0000] "POST /v3/auth/tokens HTTP/1.1" 201 1359 10.0.0.189 - - [16/Aug/2026:13:02:26 +0000] "GET / HTTP/1.1" 300 280 10.0.0.189 - - [16/Aug/2026:13:02:26 +0000] "GET /v3/domains/atmosphere HTTP/1.1" 404 90 10.0.0.189 - - [16/Aug/2026:13:02:26 +0000] "GET /v3/domains?name=atmosphere HTTP/1.1" 200 368 10.0.0.189 - - [16/Aug/2026:13:02:26 +0000] "GET /v3/domains/9b9aafcc72ea4b68ac3e67288e2e246b HTTP/1.1" 200 246 10.0.0.189 - - [16/Aug/2026:13:02:27 +0000] "GET /v3 HTTP/1.1" 200 265
[Sun Aug 16 13:02:27.720834 2026] [wsgi:error] [pid 9:tid 140070270711488] [remote 10.0.0.189:55658] 2026-08-16 13:02:27.720 9 WARNING keystone.common.password_hashing [None req-5f2b8c9b-a937-4346-a08e-531d17164c00 - - - - - -] Truncating password to algorithm specific maximum length 72 characters.
[Sun Aug 16 13:02:28.004453 2026] [wsgi:error] [pid 9:tid 140070270711488] [remote 10.0.0.189:55658] 2026-08-16 13:02:28.004 9 WARNING keystone.common.fernet_utils [None req-5f2b8c9b-a937-4346-a08e-531d17164c00 - - - - - -] key_repository is world readable: /etc/keystone/fernet-keys/ 10.0.0.189 - - [16/Aug/2026:13:02:27 +0000] "POST /v3/auth/tokens HTTP/1.1" 201 1359 10.0.0.189 - - [16/Aug/2026:13:02:28 +0000] "GET / HTTP/1.1" 300 280 10.0.0.189 - - [16/Aug/2026:13:02:28 +0000] "GET /v3/OS-FEDERATION/identity_providers/atmosphere HTTP/1.1" 404 101 10.0.0.189 - - [16/Aug/2026:13:02:28 +0000] "GET /v3/OS-FEDERATION/identity_providers HTTP/1.1" 200 155 10.0.0.189 - - [16/Aug/2026:13:02:28 +0000] "PUT /v3/OS-FEDERATION/identity_providers/atmosphere HTTP/1.1" 201 340 10.0.0.189 - - [16/Aug/2026:13:02:28 +0000] "GET /v3 HTTP/1.1" 200 265
[Sun Aug 16 13:02:28.808842 2026] [wsgi:error] [pid 10:tid 140070270711488] [remote 10.0.0.189:55656] 2026-08-16 13:02:28.808 10 WARNING keystone.common.password_hashing [None req-3bef3987-c8d1-4245-b161-6efcaf32de8d - - - - - -] Truncating password to algorithm specific maximum length 72 characters.
[Sun Aug 16 13:02:29.083618 2026] [wsgi:error] [pid 10:tid 140070270711488] [remote 10.0.0.189:55656] 2026-08-16 13:02:29.083 10 WARNING keystone.common.fernet_utils [None req-3bef3987-c8d1-4245-b161-6efcaf32de8d - - - - - -] key_repository is world readable: /etc/keystone/fernet-keys/ 10.0.0.189 - - [16/Aug/2026:13:02:28 +0000] "POST /v3/auth/tokens HTTP/1.1" 201 1359 10.0.0.189 - - [16/Aug/2026:13:02:29 +0000] "GET / HTTP/1.1" 300 280 10.0.0.189 - - [16/Aug/2026:13:02:29 +0000] "GET /v3/OS-FEDERATION/mappings/atmosphere-openid HTTP/1.1" 404 98 10.0.0.189 - - [16/Aug/2026:13:02:29 +0000] "GET /v3/OS-FEDERATION/mappings HTTP/1.1" 200 135 10.0.0.189 - - [16/Aug/2026:13:02:29 +0000] "PUT /v3/OS-FEDERATION/mappings/atmosphere-openid HTTP/1.1" 201 356 10.0.0.189 - - [16/Aug/2026:13:02:29 +0000] "GET /v3 HTTP/1.1" 200 265
[Sun Aug 16 13:02:29.925847 2026] [wsgi:error] [pid 9:tid 140070270711488] [remote 10.0.0.189:55656] 2026-08-16 13:02:29.925 9 WARNING keystone.common.password_hashing [None req-f1663572-5c06-4d9f-9ff6-50d3696f79b3 - - - - - -] Truncating password to algorithm specific maximum length 72 characters.
[Sun Aug 16 13:02:30.195432 2026] [wsgi:error] [pid 9:tid 140070270711488] [remote 10.0.0.189:55656] 2026-08-16 13:02:30.195 9 WARNING keystone.common.fernet_utils [None req-f1663572-5c06-4d9f-9ff6-50d3696f79b3 - - - - - -] key_repository is world readable: /etc/keystone/fernet-keys/ 10.0.0.189 - - [16/Aug/2026:13:02:29 +0000] "POST /v3/auth/tokens HTTP/1.1" 201 1359 10.0.0.189 - - [16/Aug/2026:13:02:30 +0000] "GET / HTTP/1.1" 300 280 10.0.0.189 - - [16/Aug/2026:13:02:30 +0000] "GET /v3/OS-FEDERATION/identity_providers/atmosphere/protocols/openid?idp_id=atmosphere HTTP/1.1" 404 131 10.0.0.189 - - [16/Aug/2026:13:02:30 +0000] "GET /v3/OS-FEDERATION/identity_providers/atmosphere/protocols HTTP/1.1" 200 167 10.0.0.189 - - [16/Aug/2026:13:02:30 +0000] "PUT /v3/OS-FEDERATION/identity_providers/atmosphere/protocols/openid HTTP/1.1" 201 222 10.0.0.189 - - [16/Aug/2026:13:02:42 +0000] "GET /v3/ HTTP/1.1" 200 250 10.0.0.189 - - [16/Aug/2026:13:02:42 +0000] "GET /v3/ HTTP/1.1" 200 250 10.0.0.189 - - [16/Aug/2026:13:03:42 +0000] "GET /v3/ HTTP/1.1" 200 250 10.0.0.189 - - [16/Aug/2026:13:03:42 +0000] "GET /v3/ HTTP/1.1" 200 250 10.0.0.123 - - [16/Aug/2026:13:03:49 +0000] "GET / HTTP/1.1" 300 295
[Sun Aug 16 13:03:49.673193 2026] [wsgi:error] [pid 10:tid 140070270711488] [remote 10.0.0.123:45296] 2026-08-16 13:03:49.672 10 WARNING keystone.common.password_hashing [None req-280a7abe-8851-4fc5-aedc-7c291fb0fb38 - - - - - -] Truncating password to algorithm specific maximum length 72 characters.
[Sun Aug 16 13:03:49.947054 2026] [wsgi:error] [pid 10:tid 140070270711488] [remote 10.0.0.123:45296] 2026-08-16 13:03:49.946 10 WARNING keystone.common.fernet_utils [None req-280a7abe-8851-4fc5-aedc-7c291fb0fb38 - - - - - -] key_repository is world readable: /etc/keystone/fernet-keys/ 10.0.0.123 - - [16/Aug/2026:13:03:49 +0000] "POST /v3/auth/tokens HTTP/1.1" 201 1359 10.0.0.123 - - [16/Aug/2026:13:03:50 +0000] "GET /v3/services HTTP/1.1" 200 355 10.0.0.123 - - [16/Aug/2026:13:03:53 +0000] "GET / HTTP/1.1" 300 295
[Sun Aug 16 13:03:53.569515 2026] [wsgi:error] [pid 11:tid 140070270711488] [remote 10.0.0.123:33098] 2026-08-16 13:03:53.569 11 WARNING keystone.common.password_hashing [None req-09b9fac0-2718-4c89-901b-914dd16ed16a - - - - - -] Truncating password to algorithm specific maximum length 72 characters.
[Sun Aug 16 13:03:53.861479 2026] [wsgi:error] [pid 11:tid 140070270711488] [remote 10.0.0.123:33098] 2026-08-16 13:03:53.861 11 WARNING keystone.common.fernet_utils [None req-09b9fac0-2718-4c89-901b-914dd16ed16a - - - - - -] key_repository is world readable: /etc/keystone/fernet-keys/ 10.0.0.123 - - [16/Aug/2026:13:03:53 +0000] "POST /v3/auth/tokens HTTP/1.1" 201 1359 10.0.0.123 - - [16/Aug/2026:13:03:53 +0000] "GET /v3/services HTTP/1.1" 200 355 10.0.0.123 - - [16/Aug/2026:13:03:57 +0000] "GET / HTTP/1.1" 300 295
[Sun Aug 16 13:03:57.655032 2026] [wsgi:error] [pid 12:tid 140070270711488] [remote 10.0.0.123:33106] 2026-08-16 13:03:57.654 12 WARNING keystone.common.password_hashing [None req-454ba7d3-8d6f-41a8-accf-9bbc79980d56 - - - - - -] Truncating password to algorithm specific maximum length 72 characters.
[Sun Aug 16 13:03:57.944232 2026] [wsgi:error] [pid 12:tid 140070270711488] [remote 10.0.0.123:33106] 2026-08-16 13:03:57.944 12 WARNING keystone.common.fernet_utils [None req-454ba7d3-8d6f-41a8-accf-9bbc79980d56 - - - - - -] key_repository is world readable: /etc/keystone/fernet-keys/ 10.0.0.123 - - [16/Aug/2026:13:03:57 +0000] "POST /v3/auth/tokens HTTP/1.1" 201 1359 10.0.0.123 - - [16/Aug/2026:13:03:58 +0000] "GET /v3/services HTTP/1.1" 200 355 10.0.0.123 - - [16/Aug/2026:13:04:01 +0000] "GET / HTTP/1.1" 300 295
[Sun Aug 16 13:04:01.667272 2026] [wsgi:error] [pid 9:tid 140070270711488] [remote 10.0.0.123:44994] 2026-08-16 13:04:01.666 9 WARNING keystone.common.password_hashing [None req-6d1786b0-0f1a-4c63-a39d-d7d6ebcd9ab8 - - - - - -] Truncating password to algorithm specific maximum length 72 characters.
[Sun Aug 16 13:04:01.943079 2026] [wsgi:error] [pid 9:tid 140070270711488] [remote 10.0.0.123:44994] 2026-08-16 13:04:01.942 9 WARNING keystone.common.fernet_utils [None req-6d1786b0-0f1a-4c63-a39d-d7d6ebcd9ab8 - - - - - -] key_repository is world readable: /etc/keystone/fernet-keys/ 10.0.0.123 - - [16/Aug/2026:13:04:01 +0000] "POST /v3/auth/tokens HTTP/1.1" 201 1359 10.0.0.123 - - [16/Aug/2026:13:04:02 +0000] "POST /v3/services HTTP/1.1" 201 296 10.0.0.217 - - [16/Aug/2026:13:04:12 +0000] "GET / HTTP/1.1" 300 295
[Sun Aug 16 13:04:13.007665 2026] [wsgi:error] [pid 10:tid 140070270711488] [remote 10.0.0.217:47182] 2026-08-16 13:04:13.007 10 WARNING keystone.common.password_hashing [None req-50ac99cf-fe98-4db4-adf6-86450cf230aa - - - - - -] Truncating password to algorithm specific maximum length 72 characters. 10.0.0.217 - - [16/Aug/2026:13:04:13 +0000] "GET / HTTP/1.1" 300 295
[Sun Aug 16 13:04:13.292120 2026] [wsgi:error] [pid 12:tid 140070270711488] [remote 10.0.0.217:47198] 2026-08-16 13:04:13.291 12 WARNING keystone.common.password_hashing [None req-87a9173e-e625-41a2-9d16-bb0d64e4c344 - - - - - -] Truncating password to algorithm specific maximum length 72 characters.
[Sun Aug 16 13:04:13.293556 2026] [wsgi:error] [pid 10:tid 140070270711488] [remote 10.0.0.217:47182] 2026-08-16 13:04:13.293 10 WARNING keystone.common.fernet_utils [None req-50ac99cf-fe98-4db4-adf6-86450cf230aa - - - - - -] key_repository is world readable: /etc/keystone/fernet-keys/ 10.0.0.217 - - [16/Aug/2026:13:04:12 +0000] "POST /v3/auth/tokens HTTP/1.1" 201 1463 10.0.0.217 - - [16/Aug/2026:13:04:13 +0000] "GET / HTTP/1.1" 300 295
[Sun Aug 16 13:04:13.389427 2026] [wsgi:error] [pid 9:tid 140070270711488] [remote 10.0.0.217:47212] 2026-08-16 13:04:13.389 9 WARNING keystone.common.password_hashing [None req-fcef98c9-4cdd-42b0-9b72-8442a91d2afe - - - - - -] Truncating password to algorithm specific maximum length 72 characters. 10.0.0.217 - - [16/Aug/2026:13:04:13 +0000] "GET /v3/services HTTP/1.1" 200 639
[Sun Aug 16 13:04:13.564060 2026] [wsgi:error] [pid 12:tid 140070270711488] [remote 10.0.0.217:47198] 2026-08-16 13:04:13.563 12 WARNING keystone.common.fernet_utils [None req-87a9173e-e625-41a2-9d16-bb0d64e4c344 - - - - - -] key_repository is world readable: /etc/keystone/fernet-keys/ 10.0.0.217 - - [16/Aug/2026:13:04:13 +0000] "POST /v3/auth/tokens HTTP/1.1" 201 1463
[Sun Aug 16 13:04:13.664519 2026] [wsgi:error] [pid 9:tid 140070270711488] [remote 10.0.0.217:47212] 2026-08-16 13:04:13.664 9 WARNING keystone.common.fernet_utils [None req-fcef98c9-4cdd-42b0-9b72-8442a91d2afe - - - - - -] key_repository is world readable: /etc/keystone/fernet-keys/ 10.0.0.217 - - [16/Aug/2026:13:04:13 +0000] "POST /v3/auth/tokens HTTP/1.1" 201 1463 10.0.0.217 - - [16/Aug/2026:13:04:13 +0000] "GET /v3/services HTTP/1.1" 200 639 10.0.0.217 - - [16/Aug/2026:13:04:13 +0000] "GET /v3/services HTTP/1.1" 200 639 10.0.0.217 - - [16/Aug/2026:13:04:15 +0000] "GET / HTTP/1.1" 300 295
[Sun Aug 16 13:04:15.118847 2026] [wsgi:error] [pid 9:tid 140070270711488] [remote 10.0.0.217:47216] 2026-08-16 13:04:15.118 9 WARNING keystone.common.password_hashing [None req-c8b068cc-d971-4c91-8336-fc51305d8a88 - - - - - -] Truncating password to algorithm specific maximum length 72 characters. 10.0.0.217 - - [16/Aug/2026:13:04:15 +0000] "GET / HTTP/1.1" 300 295
[Sun Aug 16 13:04:15.342041 2026] [wsgi:error] [pid 10:tid 140070270711488] [remote 10.0.0.217:47218] 2026-08-16 13:04:15.341 10 WARNING keystone.common.password_hashing [None req-d01bf6ab-5df0-40d3-ac38-4dac16fc6a24 - - - - - -] Truncating password to algorithm specific maximum length 72 characters. 10.0.0.217 - - [16/Aug/2026:13:04:15 +0000] "GET / HTTP/1.1" 300 295
[Sun Aug 16 13:04:15.376500 2026] [wsgi:error] [pid 11:tid 140070270711488] [remote 10.0.0.217:47220] 2026-08-16 13:04:15.376 11 WARNING keystone.common.password_hashing [None req-de79cbb3-37ff-49bb-90f9-ecb279f4c873 - - - - - -] Truncating password to algorithm specific maximum length 72 characters.
[Sun Aug 16 13:04:15.420398 2026] [wsgi:error] [pid 9:tid 140070270711488] [remote 10.0.0.217:47216] 2026-08-16 13:04:15.420 9 WARNING keystone.common.fernet_utils [None req-c8b068cc-d971-4c91-8336-fc51305d8a88 - - - - - -] key_repository is world readable: /etc/keystone/fernet-keys/ 10.0.0.217 - - [16/Aug/2026:13:04:15 +0000] "POST /v3/auth/tokens HTTP/1.1" 201 1463 10.0.0.217 - - [16/Aug/2026:13:04:15 +0000] "GET /v3/endpoints HTTP/1.1" 200 1226 10.0.0.217 - - [16/Aug/2026:13:04:15 +0000] "GET /v3/services/97f514758f3343829ba484a7833ca65d HTTP/1.1" 200 233 10.0.0.217 - - [16/Aug/2026:13:04:15 +0000] "GET /v3/services/97f514758f3343829ba484a7833ca65d HTTP/1.1" 200 233 10.0.0.217 - - [16/Aug/2026:13:04:15 +0000] "GET /v3/services/97f514758f3343829ba484a7833ca65d HTTP/1.1" 200 233
[Sun Aug 16 13:04:15.622205 2026] [wsgi:error] [pid 10:tid 140070270711488] [remote 10.0.0.217:47218] 2026-08-16 13:04:15.622 10 WARNING keystone.common.fernet_utils [None req-d01bf6ab-5df0-40d3-ac38-4dac16fc6a24 - - - - - -] key_repository is world readable: /etc/keystone/fernet-keys/ 10.0.0.217 - - [16/Aug/2026:13:04:15 +0000] "POST /v3/auth/tokens HTTP/1.1" 201 1463
[Sun Aug 16 13:04:15.666007 2026] [wsgi:error] [pid 11:tid 140070270711488] [remote 10.0.0.217:47220] 2026-08-16 13:04:15.665 11 WARNING keystone.common.fernet_utils [None req-de79cbb3-37ff-49bb-90f9-ecb279f4c873 - - - - - -] key_repository is world readable: /etc/keystone/fernet-keys/ 10.0.0.217 - - [16/Aug/2026:13:04:15 +0000] "POST /v3/auth/tokens HTTP/1.1" 201 1463 10.0.0.217 - - [16/Aug/2026:13:04:15 +0000] "GET /v3/endpoints HTTP/1.1" 200 1226 10.0.0.217 - - [16/Aug/2026:13:04:15 +0000] "GET /v3/services/97f514758f3343829ba484a7833ca65d HTTP/1.1" 200 233 10.0.0.217 - - [16/Aug/2026:13:04:15 +0000] "GET /v3/services/97f514758f3343829ba484a7833ca65d HTTP/1.1" 200 233 10.0.0.217 - - [16/Aug/2026:13:04:15 +0000] "GET /v3/endpoints HTTP/1.1" 200 1226 10.0.0.217 - - [16/Aug/2026:13:04:15 +0000] "GET /v3/services/97f514758f3343829ba484a7833ca65d HTTP/1.1" 200 233 10.0.0.217 - - [16/Aug/2026:13:04:15 +0000] "GET /v3/services/97f514758f3343829ba484a7833ca65d HTTP/1.1" 200 233 10.0.0.217 - - [16/Aug/2026:13:04:15 +0000] "GET /v3/services/97f514758f3343829ba484a7833ca65d HTTP/1.1" 200 233 10.0.0.217 - - [16/Aug/2026:13:04:15 +0000] "GET /v3/services/97f514758f3343829ba484a7833ca65d HTTP/1.1" 200 233 10.0.0.217 - - [16/Aug/2026:13:04:17 +0000] "GET / HTTP/1.1" 300 295
[Sun Aug 16 13:04:17.186565 2026] [wsgi:error] [pid 9:tid 140070270711488] [remote 10.0.0.217:47228] 2026-08-16 13:04:17.186 9 WARNING keystone.common.password_hashing [None req-c0007c3f-25b9-445a-b7ec-a646e2f24aa4 - - - - - -] Truncating password to algorithm specific maximum length 72 characters. 10.0.0.217 - - [16/Aug/2026:13:04:17 +0000] "GET / HTTP/1.1" 300 295
[Sun Aug 16 13:04:17.321614 2026] [wsgi:error] [pid 10:tid 140070270711488] [remote 10.0.0.217:47238] 2026-08-16 13:04:17.321 10 WARNING keystone.common.password_hashing [None req-a18bfe68-d135-4007-a6f0-031e2c8299c2 - - - - - -] Truncating password to algorithm specific maximum length 72 characters. 10.0.0.217 - - [16/Aug/2026:13:04:17 +0000] "GET / HTTP/1.1" 300 295
[Sun Aug 16 13:04:17.394711 2026] [wsgi:error] [pid 11:tid 140070270711488] [remote 10.0.0.217:47252] 2026-08-16 13:04:17.394 11 WARNING keystone.common.password_hashing [None req-75998fef-2951-4052-94fe-febeff4a083a - - - - - -] Truncating password to algorithm specific maximum length 72 characters.
[Sun Aug 16 13:04:17.459834 2026] [wsgi:error] [pid 9:tid 140070270711488] [remote 10.0.0.217:47228] 2026-08-16 13:04:17.459 9 WARNING keystone.common.fernet_utils [None req-c0007c3f-25b9-445a-b7ec-a646e2f24aa4 - - - - - -] key_repository is world readable: /etc/keystone/fernet-keys/ 10.0.0.217 - - [16/Aug/2026:13:04:17 +0000] "POST /v3/auth/tokens HTTP/1.1" 201 1463 10.0.0.217 - - [16/Aug/2026:13:04:17 +0000] "GET /v3/services/127147d6323d4695aa5d59a9604dd285 HTTP/1.1" 200 296
[Sun Aug 16 13:04:17.599484 2026] [wsgi:error] [pid 10:tid 140070270711488] [remote 10.0.0.217:47238] 2026-08-16 13:04:17.599 10 WARNING keystone.common.fernet_utils [None req-a18bfe68-d135-4007-a6f0-031e2c8299c2 - - - - - -] key_repository is world readable: /etc/keystone/fernet-keys/ 10.0.0.217 - - [16/Aug/2026:13:04:17 +0000] "GET /v3/regions/RegionOne HTTP/1.1" 200 173 10.0.0.217 - - [16/Aug/2026:13:04:17 +0000] "POST /v3/auth/tokens HTTP/1.1" 201 1463 10.0.0.217 - - [16/Aug/2026:13:04:17 +0000] "POST /v3/endpoints HTTP/1.1" 201 380
[Sun Aug 16 13:04:17.685003 2026] [wsgi:error] [pid 11:tid 140070270711488] [remote 10.0.0.217:47252] 2026-08-16 13:04:17.684 11 WARNING keystone.common.fernet_utils [None req-75998fef-2951-4052-94fe-febeff4a083a - - - - - -] key_repository is world readable: /etc/keystone/fernet-keys/ 10.0.0.217 - - [16/Aug/2026:13:04:17 +0000] "POST /v3/auth/tokens HTTP/1.1" 201 1640 10.0.0.217 - - [16/Aug/2026:13:04:17 +0000] "GET /v3/services/127147d6323d4695aa5d59a9604dd285 HTTP/1.1" 200 296 10.0.0.217 - - [16/Aug/2026:13:04:17 +0000] "GET /v3/regions/RegionOne HTTP/1.1" 200 173 10.0.0.217 - - [16/Aug/2026:13:04:17 +0000] "POST /v3/endpoints HTTP/1.1" 201 369 10.0.0.217 - - [16/Aug/2026:13:04:17 +0000] "GET /v3/services/127147d6323d4695aa5d59a9604dd285 HTTP/1.1" 200 296 10.0.0.217 - - [16/Aug/2026:13:04:17 +0000] "GET /v3/regions/RegionOne HTTP/1.1" 200 173 10.0.0.217 - - [16/Aug/2026:13:04:17 +0000] "POST /v3/endpoints HTTP/1.1" 201 383 10.0.0.217 - - [16/Aug/2026:13:04:19 +0000] "GET / HTTP/1.1" 300 295
[Sun Aug 16 13:04:19.109644 2026] [wsgi:error] [pid 11:tid 140070270711488] [remote 10.0.0.217:47266] 2026-08-16 13:04:19.109 11 WARNING keystone.common.password_hashing [None req-b6fd2c9f-bda1-486b-a8e9-9b052c7d7b48 - - - - - -] Truncating password to algorithm specific maximum length 72 characters. 10.0.0.217 - - [16/Aug/2026:13:04:19 +0000] "GET / HTTP/1.1" 300 295
[Sun Aug 16 13:04:19.376538 2026] [wsgi:error] [pid 10:tid 140070270711488] [remote 10.0.0.217:47282] 2026-08-16 13:04:19.376 10 WARNING keystone.common.password_hashing [None req-9c90b9b3-0d8e-40e3-a7be-263dc9f3ad40 - - - - - -] Truncating password to algorithm specific maximum length 72 characters.
[Sun Aug 16 13:04:19.378179 2026] [wsgi:error] [pid 11:tid 140070270711488] [remote 10.0.0.217:47266] 2026-08-16 13:04:19.378 11 WARNING keystone.common.fernet_utils [None req-b6fd2c9f-bda1-486b-a8e9-9b052c7d7b48 - - - - - -] key_repository is world readable: /etc/keystone/fernet-keys/ 10.0.0.217 - - [16/Aug/2026:13:04:19 +0000] "POST /v3/auth/tokens HTTP/1.1" 201 1990 10.0.0.217 - - [16/Aug/2026:13:04:19 +0000] "GET /v3/endpoints/1010afc74d4c425bbb0afa8d6d034a77 HTTP/1.1" 200 380 10.0.0.217 - - [16/Aug/2026:13:04:19 +0000] "GET /v3/services/127147d6323d4695aa5d59a9604dd285 HTTP/1.1" 200 296 10.0.0.217 - - [16/Aug/2026:13:04:19 +0000] "GET / HTTP/1.1" 300 295
[Sun Aug 16 13:04:19.645025 2026] [wsgi:error] [pid 10:tid 140070270711488] [remote 10.0.0.217:47282] 2026-08-16 13:04:19.644 10 WARNING keystone.common.fernet_utils [None req-9c90b9b3-0d8e-40e3-a7be-263dc9f3ad40 - - - - - -] key_repository is world readable: /etc/keystone/fernet-keys/ 10.0.0.217 - - [16/Aug/2026:13:04:19 +0000] "POST /v3/auth/tokens HTTP/1.1" 201 1990
[Sun Aug 16 13:04:19.660870 2026] [wsgi:error] [pid 12:tid 140070270711488] [remote 10.0.0.217:47296] 2026-08-16 13:04:19.660 12 WARNING keystone.common.password_hashing [None req-04276342-9bb5-43f1-b6a8-88e17c917a57 - - - - - -] Truncating password to algorithm specific maximum length 72 characters. 10.0.0.217 - - [16/Aug/2026:13:04:19 +0000] "GET /v3/endpoints/ea638eb962c646faa730b433541353d1 HTTP/1.1" 200 369 10.0.0.217 - - [16/Aug/2026:13:04:19 +0000] "GET /v3/services/127147d6323d4695aa5d59a9604dd285 HTTP/1.1" 200 296
[Sun Aug 16 13:04:19.935878 2026] [wsgi:error] [pid 12:tid 140070270711488] [remote 10.0.0.217:47296] 2026-08-16 13:04:19.935 12 WARNING keystone.common.fernet_utils [None req-04276342-9bb5-43f1-b6a8-88e17c917a57 - - - - - -] key_repository is world readable: /etc/keystone/fernet-keys/ 10.0.0.217 - - [16/Aug/2026:13:04:19 +0000] "POST /v3/auth/tokens HTTP/1.1" 201 1990 10.0.0.217 - - [16/Aug/2026:13:04:20 +0000] "GET /v3/endpoints/9337627efa194e0ea44b6a8abdc85bf3 HTTP/1.1" 200 383 10.0.0.217 - - [16/Aug/2026:13:04:20 +0000] "GET /v3/services/127147d6323d4695aa5d59a9604dd285 HTTP/1.1" 200 296 10.0.0.81 - - [16/Aug/2026:13:04:32 +0000] "GET / HTTP/1.1" 300 295
[Sun Aug 16 13:04:32.115198 2026] [wsgi:error] [pid 12:tid 140070270711488] [remote 10.0.0.81:33784] 2026-08-16 13:04:32.115 12 WARNING keystone.common.password_hashing [None req-8dd69eba-5772-47c1-aa91-bb9a68e8f000 - - - - - -] Truncating password to algorithm specific maximum length 72 characters.
[Sun Aug 16 13:04:32.395051 2026] [wsgi:error] [pid 12:tid 140070270711488] [remote 10.0.0.81:33784] 2026-08-16 13:04:32.394 12 WARNING keystone.common.fernet_utils [None req-8dd69eba-5772-47c1-aa91-bb9a68e8f000 - - - - - -] key_repository is world readable: /etc/keystone/fernet-keys/ 10.0.0.81 - - [16/Aug/2026:13:04:32 +0000] "POST /v3/auth/tokens HTTP/1.1" 201 1990 10.0.0.81 - - [16/Aug/2026:13:04:32 +0000] "POST /v3/domains HTTP/1.1" 201 284 10.0.0.81 - - [16/Aug/2026:13:04:34 +0000] "GET / HTTP/1.1" 300 295
[Sun Aug 16 13:04:34.172320 2026] [wsgi:error] [pid 11:tid 140070270711488] [remote 10.0.0.81:33790] 2026-08-16 13:04:34.172 11 WARNING keystone.common.password_hashing [None req-24bfb05f-6d9b-4e7c-9a3b-7e90af108ff4 - - - - - -] Truncating password to algorithm specific maximum length 72 characters.
[Sun Aug 16 13:04:34.450185 2026] [wsgi:error] [pid 11:tid 140070270711488] [remote 10.0.0.81:33790] 2026-08-16 13:04:34.450 11 WARNING keystone.common.fernet_utils [None req-24bfb05f-6d9b-4e7c-9a3b-7e90af108ff4 - - - - - -] key_repository is world readable: /etc/keystone/fernet-keys/ 10.0.0.81 - - [16/Aug/2026:13:04:34 +0000] "POST /v3/auth/tokens HTTP/1.1" 201 1990
[Sun Aug 16 13:04:34.628934 2026] [wsgi:error] [pid 12:tid 140070270711488] [remote 10.0.0.81:33790] 2026-08-16 13:04:34.615 12 ERROR keystone.server.flask.application [None req-0cb180f5-552d-43c1-9d49-823ecf84c3e6 dc327d18cefa4e37a56c6dd3bebb2c6f c7a5ad6bd85e45bb842966bdc4214172 - - default default] Conflict occurred attempting to store project - it is not permitted to have two projects acting as domains with the same name: service.: keystone.exception.Conflict: Conflict occurred attempting to store project - it is not permitted to have two projects acting as domains with the same name: service.
[Sun Aug 16 13:04:34.628956 2026] [wsgi:error] [pid 12:tid 140070270711488] [remote 10.0.0.81:33790] 2026-08-16 13:04:34.615 12 ERROR keystone.server.flask.application
Traceback (most recent call last):
[Sun Aug 16 13:04:34.628958 2026] [wsgi:error] [pid 12:tid 140070270711488] [remote 10.0.0.81:33790] 2026-08-16 13:04:34.615 12 ERROR keystone.server.flask.application
File "/var/lib/openstack/lib/python3.12/site-packages/sqlalchemy/engine/base.py", line 1969, in _exec_single_context
[Sun Aug 16 13:04:34.628960 2026] [wsgi:error] [pid 12:tid 140070270711488] [remote 10.0.0.81:33790] 2026-08-16 13:04:34.615 12 ERROR keystone.server.flask.application self.dialect.do_execute(
[Sun Aug 16 13:04:34.628962 2026] [wsgi:error] [pid 12:tid 140070270711488] [remote 10.0.0.81:33790] 2026-08-16 13:04:34.615 12 ERROR keystone.server.flask.application
File "/var/lib/openstack/lib/python3.12/site-packages/sqlalchemy/engine/default.py", line 952, in do_execute
[Sun Aug 16 13:04:34.628964 2026] [wsgi:error] [pid 12:tid 140070270711488] [remote 10.0.0.81:33790] 2026-08-16 13:04:34.615 12 ERROR keystone.server.flask.application cursor.execute(statement, parameters)
[Sun Aug 16 13:04:34.628965 2026] [wsgi:error] [pid 12:tid 140070270711488] [remote 10.0.0.81:33790] 2026-08-16 13:04:34.615 12 ERROR keystone.server.flask.application
File "/var/lib/openstack/lib/python3.12/site-packages/pymysql/cursors.py", line 159, in execute
[Sun Aug 16 13:04:34.628967 2026] [wsgi:error] [pid 12:tid 140070270711488] [remote 10.0.0.81:33790] 2026-08-16 13:04:34.615 12 ERROR keystone.server.flask.application result = self._query(query)
[Sun Aug 16 13:04:34.628968 2026] [wsgi:error] [pid 12:tid 140070270711488] [remote 10.0.0.81:33790] 2026-08-16 13:04:34.615 12 ERROR keystone.server.flask.application ^^^^^^^^^^^^^^^^^^
[Sun Aug 16 13:04:34.628970 2026] [wsgi:error] [pid 12:tid 140070270711488] [remote 10.0.0.81:33790] 2026-08-16 13:04:34.615 12 ERROR keystone.server.flask.application
File "/var/lib/openstack/lib/python3.12/site-packages/pymysql/cursors.py", line 330, in _query
[Sun Aug 16 13:04:34.628971 2026] [wsgi:error] [pid 12:tid 140070270711488] [remote 10.0.0.81:33790] 2026-08-16 13:04:34.615 12 ERROR keystone.server.flask.application conn.query(q)
[Sun Aug 16 13:04:34.628973 2026] [wsgi:error] [pid 12:tid 140070270711488] [remote 10.0.0.81:33790] 2026-08-16 13:04:34.615 12 ERROR keystone.server.flask.application
File "/var/lib/openstack/lib/python3.12/site-packages/pymysql/connections.py", line 582, in query
[Sun Aug 16 13:04:34.628974 2026] [wsgi:error] [pid 12:tid 140070270711488] [remote 10.0.0.81:33790] 2026-08-16 13:04:34.615 12 ERROR keystone.server.flask.application self._affected_rows = self._read_query_result(unbuffered=unbuffered)
[Sun Aug 16 13:04:34.628976 2026] [wsgi:error] [pid 12:tid 140070270711488] [remote 10.0.0.81:33790] 2026-08-16 13:04:34.615 12 ERROR keystone.server.flask.application ^^^^^^^^^^^^^^^^^^^^^^^^^^^^^^^^^^^^^^^^^^^^^^
[Sun Aug 16 13:04:34.628978 2026] [wsgi:error] [pid 12:tid 140070270711488] [remote 10.0.0.81:33790] 2026-08-16 13:04:34.615 12 ERROR keystone.server.flask.application
File "/var/lib/openstack/lib/python3.12/site-packages/pymysql/connections.py", line 847, in _read_query_result
[Sun Aug 16 13:04:34.628979 2026] [wsgi:error] [pid 12:tid 140070270711488] [remote 10.0.0.81:33790] 2026-08-16 13:04:34.615 12 ERROR keystone.server.flask.application result.read()
[Sun Aug 16 13:04:34.628982 2026] [wsgi:error] [pid 12:tid 140070270711488] [remote 10.0.0.81:33790] 2026-08-16 13:04:34.615 12 ERROR keystone.server.flask.application
File "/var/lib/openstack/lib/python3.12/site-packages/pymysql/connections.py", line 1245, in read
[Sun Aug 16 13:04:34.628984 2026] [wsgi:error] [pid 12:tid 140070270711488] [remote 10.0.0.81:33790] 2026-08-16 13:04:34.615 12 ERROR keystone.server.flask.application first_packet = self.connection._read_packet()
[Sun Aug 16 13:04:34.628985 2026] [wsgi:error] [pid 12:tid 140070270711488] [remote 10.0.0.81:33790] 2026-08-16 13:04:34.615 12 ERROR keystone.server.flask.application ^^^^^^^^^^^^^^^^^^^^^^^^^^^^^^
[Sun Aug 16 13:04:34.628987 2026] [wsgi:error] [pid 12:tid 140070270711488] [remote 10.0.0.81:33790] 2026-08-16 13:04:34.615 12 ERROR keystone.server.flask.application
File "/var/lib/openstack/lib/python3.12/site-packages/pymysql/connections.py", line 803, in _read_packet
[Sun Aug 16 13:04:34.628989 2026] [wsgi:error] [pid 12:tid 140070270711488] [remote 10.0.0.81:33790] 2026-08-16 13:04:34.615 12 ERROR keystone.server.flask.application packet.raise_for_error()
[Sun Aug 16 13:04:34.628990 2026] [wsgi:error] [pid 12:tid 140070270711488] [remote 10.0.0.81:33790] 2026-08-16 13:04:34.615 12 ERROR keystone.server.flask.application
File "/var/lib/openstack/lib/python3.12/site-packages/pymysql/protocol.py", line 219, in raise_for_error
[Sun Aug 16 13:04:34.628992 2026] [wsgi:error] [pid 12:tid 140070270711488] [remote 10.0.0.81:33790] 2026-08-16 13:04:34.615 12 ERROR keystone.server.flask.application err.raise_mysql_exception(self._data)
[Sun Aug 16 13:04:34.628993 2026] [wsgi:error] [pid 12:tid 140070270711488] [remote 10.0.0.81:33790] 2026-08-16 13:04:34.615 12 ERROR keystone.server.flask.application
File "/var/lib/openstack/lib/python3.12/site-packages/pymysql/err.py", line 154, in raise_mysql_exception
[Sun Aug 16 13:04:34.628995 2026] [wsgi:error] [pid 12:tid 140070270711488] [remote 10.0.0.81:33790] 2026-08-16 13:04:34.615 12 ERROR keystone.server.flask.application raise errorclass(errno, errval, sqlstate=sqlstate)
[Sun Aug 16 13:04:34.628996 2026] [wsgi:error] [pid 12:tid 140070270711488] [remote 10.0.0.81:33790] 2026-08-16 13:04:34.615 12 ERROR keystone.server.flask.application pymysql.err.IntegrityError: (1062, "Duplicate entry '<>-service' for key 'project.ixu_project_name_domain_id'")
[Sun Aug 16 13:04:34.628998 2026] [wsgi:error] [pid 12:tid 140070270711488] [remote 10.0.0.81:33790] 2026-08-16 13:04:34.615 12 ERROR keystone.server.flask.application
[Sun Aug 16 13:04:34.628999 2026] [wsgi:error] [pid 12:tid 140070270711488] [remote 10.0.0.81:33790] 2026-08-16 13:04:34.615 12 ERROR keystone.server.flask.application The above exception was the direct cause of the following exception:
[Sun Aug 16 13:04:34.629001 2026] [wsgi:error] [pid 12:tid 140070270711488] [remote 10.0.0.81:33790] 2026-08-16 13:04:34.615 12 ERROR keystone.server.flask.application
[Sun Aug 16 13:04:34.629002 2026] [wsgi:error] [pid 12:tid 140070270711488] [remote 10.0.0.81:33790] 2026-08-16 13:04:34.615 12 ERROR keystone.server.flask.application
Traceback (most recent call last):
[Sun Aug 16 13:04:34.629004 2026] [wsgi:error] [pid 12:tid 140070270711488] [remote 10.0.0.81:33790] 2026-08-16 13:04:34.615 12 ERROR keystone.server.flask.application
File "/var/lib/openstack/lib/python3.12/site-packages/keystone/common/sql/core.py", line 575, in wrapper
[Sun Aug 16 13:04:34.629005 2026] [wsgi:error] [pid 12:tid 140070270711488] [remote 10.0.0.81:33790] 2026-08-16 13:04:34.615 12 ERROR keystone.server.flask.application return method(*args, **kwargs)
[Sun Aug 16 13:04:34.629007 2026] [wsgi:error] [pid 12:tid 140070270711488] [remote 10.0.0.81:33790] 2026-08-16 13:04:34.615 12 ERROR keystone.server.flask.application ^^^^^^^^^^^^^^^^^^^^^^^
[Sun Aug 16 13:04:34.629009 2026] [wsgi:error] [pid 12:tid 140070270711488] [remote 10.0.0.81:33790] 2026-08-16 13:04:34.615 12 ERROR keystone.server.flask.application
File "/var/lib/openstack/lib/python3.12/site-packages/keystone/resource/backends/sql.py", line 278, in create_project
[Sun Aug 16 13:04:34.629011 2026] [wsgi:error] [pid 12:tid 140070270711488] [remote 10.0.0.81:33790] 2026-08-16 13:04:34.615 12 ERROR keystone.server.flask.application with sql.session_for_write() as session:
[Sun Aug 16 13:04:34.629012 2026] [wsgi:error] [pid 12:tid 140070270711488] [remote 10.0.0.81:33790] 2026-08-16 13:04:34.615 12 ERROR keystone.server.flask.application
File "/usr/lib/python3.12/contextlib.py", line 144, in __exit__
[Sun Aug 16 13:04:34.629014 2026] [wsgi:error] [pid 12:tid 140070270711488] [remote 10.0.0.81:33790] 2026-08-16 13:04:34.615 12 ERROR keystone.server.flask.application next(self.gen)
[Sun Aug 16 13:04:34.629015 2026] [wsgi:error] [pid 12:tid 140070270711488] [remote 10.0.0.81:33790] 2026-08-16 13:04:34.615 12 ERROR keystone.server.flask.application
File "/var/lib/openstack/lib/python3.12/site-packages/oslo_db/sqlalchemy/enginefacade.py", line 1175, in _transaction_scope
[Sun Aug 16 13:04:34.629017 2026] [wsgi:error] [pid 12:tid 140070270711488] [remote 10.0.0.81:33790] 2026-08-16 13:04:34.615 12 ERROR keystone.server.flask.application with current._produce_block(
[Sun Aug 16 13:04:34.629019 2026] [wsgi:error] [pid 12:tid 140070270711488] [remote 10.0.0.81:33790] 2026-08-16 13:04:34.615 12 ERROR keystone.server.flask.application
File "/usr/lib/python3.12/contextlib.py", line 144, in __exit__
[Sun Aug 16 13:04:34.629020 2026] [wsgi:error] [pid 12:tid 140070270711488] [remote 10.0.0.81:33790] 2026-08-16 13:04:34.615 12 ERROR keystone.server.flask.application next(self.gen)
[Sun Aug 16 13:04:34.629022 2026] [wsgi:error] [pid 12:tid 140070270711488] [remote 10.0.0.81:33790] 2026-08-16 13:04:34.615 12 ERROR keystone.server.flask.application
File "/var/lib/openstack/lib/python3.12/site-packages/oslo_db/sqlalchemy/enginefacade.py", line 837, in _session
[Sun Aug 16 13:04:34.629023 2026] [wsgi:error] [pid 12:tid 140070270711488] [remote 10.0.0.81:33790] 2026-08-16 13:04:34.615 12 ERROR keystone.server.flask.application with excutils.save_and_reraise_exception():
[Sun Aug 16 13:04:34.629025 2026] [wsgi:error] [pid 12:tid 140070270711488] [remote 10.0.0.81:33790] 2026-08-16 13:04:34.615 12 ERROR keystone.server.flask.application
File "/var/lib/openstack/lib/python3.12/site-packages/oslo_utils/excutils.py", line 266, in __exit__
[Sun Aug 16 13:04:34.629026 2026] [wsgi:error] [pid 12:tid 140070270711488] [remote 10.0.0.81:33790] 2026-08-16 13:04:34.615 12 ERROR keystone.server.flask.application self.force_reraise()
[Sun Aug 16 13:04:34.629028 2026] [wsgi:error] [pid 12:tid 140070270711488] [remote 10.0.0.81:33790] 2026-08-16 13:04:34.615 12 ERROR keystone.server.flask.application
File "/var/lib/openstack/lib/python3.12/site-packages/oslo_utils/excutils.py", line 232, in force_reraise
[Sun Aug 16 13:04:34.629029 2026] [wsgi:error] [pid 12:tid 140070270711488] [remote 10.0.0.81:33790] 2026-08-16 13:04:34.615 12 ERROR keystone.server.flask.application raise self.value
[Sun Aug 16 13:04:34.629031 2026] [wsgi:error] [pid 12:tid 140070270711488] [remote 10.0.0.81:33790] 2026-08-16 13:04:34.615 12 ERROR keystone.server.flask.application
File "/var/lib/openstack/lib/python3.12/site-packages/oslo_db/sqlalchemy/enginefacade.py", line 835, in _session
[Sun Aug 16 13:04:34.629032 2026] [wsgi:error] [pid 12:tid 140070270711488] [remote 10.0.0.81:33790] 2026-08-16 13:04:34.615 12 ERROR keystone.server.flask.application self._end_session_transaction(self.session)
[Sun Aug 16 13:04:34.629034 2026] [wsgi:error] [pid 12:tid 140070270711488] [remote 10.0.0.81:33790] 2026-08-16 13:04:34.615 12 ERROR keystone.server.flask.application
File "/var/lib/openstack/lib/python3.12/site-packages/oslo_db/sqlalchemy/enginefacade.py", line 748, in _end_session_transaction
[Sun Aug 16 13:04:34.629037 2026] [wsgi:error] [pid 12:tid 140070270711488] [remote 10.0.0.81:33790] 2026-08-16 13:04:34.615 12 ERROR keystone.server.flask.application session.commit()
[Sun Aug 16 13:04:34.629038 2026] [wsgi:error] [pid 12:tid 140070270711488] [remote 10.0.0.81:33790] 2026-08-16 13:04:34.615 12 ERROR keystone.server.flask.application
File "/var/lib/openstack/lib/python3.12/site-packages/sqlalchemy/orm/session.py", line 2034, in commit
[Sun Aug 16 13:04:34.629040 2026] [wsgi:error] [pid 12:tid 140070270711488] [remote 10.0.0.81:33790] 2026-08-16 13:04:34.615 12 ERROR keystone.server.flask.application trans.commit(_to_root=True)
[Sun Aug 16 13:04:34.629070 2026] [wsgi:error] [pid 12:tid 140070270711488] [remote 10.0.0.81:33790] 2026-08-16 13:04:34.615 12 ERROR keystone.server.flask.application File "", line 2, in commit
[Sun Aug 16 13:04:34.629071 2026] [wsgi:error] [pid 12:tid 140070270711488] [remote 10.0.0.81:33790] 2026-08-16 13:04:34.615 12 ERROR keystone.server.flask.application
File "/var/lib/openstack/lib/python3.12/site-packages/sqlalchemy/orm/state_changes.py", line 137, in _go
[Sun Aug 16 13:04:34.629073 2026] [wsgi:error] [pid 12:tid 140070270711488] [remote 10.0.0.81:33790] 2026-08-16 13:04:34.615 12 ERROR keystone.server.flask.application ret_value = fn(self, *arg, **kw)
[Sun Aug 16 13:04:34.629074 2026] [wsgi:error] [pid 12:tid 140070270711488] [remote 10.0.0.81:33790] 2026-08-16 13:04:34.615 12 ERROR keystone.server.flask.application ^^^^^^^^^^^^^^^^^^^^
[Sun Aug 16 13:04:34.629076 2026] [wsgi:error] [pid 12:tid 140070270711488] [remote 10.0.0.81:33790] 2026-08-16 13:04:34.615 12 ERROR keystone.server.flask.application
File "/var/lib/openstack/lib/python3.12/site-packages/sqlalchemy/orm/session.py", line 1315, in commit
[Sun Aug 16 13:04:34.629077 2026] [wsgi:error] [pid 12:tid 140070270711488] [remote 10.0.0.81:33790] 2026-08-16 13:04:34.615 12 ERROR keystone.server.flask.application self._prepare_impl()
[Sun Aug 16 13:04:34.629079 2026] [wsgi:error] [pid 12:tid 140070270711488] [remote 10.0.0.81:33790] 2026-08-16 13:04:34.615 12 ERROR keystone.server.flask.application File "", line 2, in _prepare_impl
[Sun Aug 16 13:04:34.629080 2026] [wsgi:error] [pid 12:tid 140070270711488] [remote 10.0.0.81:33790] 2026-08-16 13:04:34.615 12 ERROR keystone.server.flask.application
File "/var/lib/openstack/lib/python3.12/site-packages/sqlalchemy/orm/state_changes.py", line 137, in _go
[Sun Aug 16 13:04:34.629082 2026] [wsgi:error] [pid 12:tid 140070270711488] [remote 10.0.0.81:33790] 2026-08-16 13:04:34.615 12 ERROR keystone.server.flask.application ret_value = fn(self, *arg, **kw)
[Sun Aug 16 13:04:34.629084 2026] [wsgi:error] [pid 12:tid 140070270711488] [remote 10.0.0.81:33790] 2026-08-16 13:04:34.615 12 ERROR keystone.server.flask.application ^^^^^^^^^^^^^^^^^^^^
[Sun Aug 16 13:04:34.629085 2026] [wsgi:error] [pid 12:tid 140070270711488] [remote 10.0.0.81:33790] 2026-08-16 13:04:34.615 12 ERROR keystone.server.flask.application
File "/var/lib/openstack/lib/python3.12/site-packages/sqlalchemy/orm/session.py", line 1290, in _prepare_impl
[Sun Aug 16 13:04:34.629087 2026] [wsgi:error] [pid 12:tid 140070270711488] [remote 10.0.0.81:33790] 2026-08-16 13:04:34.615 12 ERROR keystone.server.flask.application self.session.flush()
[Sun Aug 16 13:04:34.629370 2026] [wsgi:error] [pid 12:tid 140070270711488] [remote 10.0.0.81:33790] 2026-08-16 13:04:34.615 12 ERROR keystone.server.flask.application
File "/var/lib/openstack/lib/python3.12/site-packages/sqlalchemy/orm/session.py", line 4352, in flush
[Sun Aug 16 13:04:34.629377 2026] [wsgi:error] [pid 12:tid 140070270711488] [remote 10.0.0.81:33790] 2026-08-16 13:04:34.615 12 ERROR keystone.server.flask.application self._flush(objects)
[Sun Aug 16 13:04:34.629378 2026] [wsgi:error] [pid 12:tid 140070270711488] [remote 10.0.0.81:33790] 2026-08-16 13:04:34.615 12 ERROR keystone.server.flask.application
File "/var/lib/openstack/lib/python3.12/site-packages/sqlalchemy/orm/session.py", line 4487, in _flush
[Sun Aug 16 13:04:34.629380 2026] [wsgi:error] [pid 12:tid 140070270711488] [remote 10.0.0.81:33790] 2026-08-16 13:04:34.615 12 ERROR keystone.server.flask.application with util.safe_reraise():
[Sun Aug 16 13:04:34.629381 2026] [wsgi:error] [pid 12:tid 140070270711488] [remote 10.0.0.81:33790] 2026-08-16 13:04:34.615 12 ERROR keystone.server.flask.application
File "/var/lib/openstack/lib/python3.12/site-packages/sqlalchemy/util/langhelpers.py", line 122, in __exit__
[Sun Aug 16 13:04:34.629383 2026] [wsgi:error] [pid 12:tid 140070270711488] [remote 10.0.0.81:33790] 2026-08-16 13:04:34.615 12 ERROR keystone.server.flask.application raise exc_value.with_traceback(exc_tb)
[Sun Aug 16 13:04:34.629384 2026] [wsgi:error] [pid 12:tid 140070270711488] [remote 10.0.0.81:33790] 2026-08-16 13:04:34.615 12 ERROR keystone.server.flask.application
File "/var/lib/openstack/lib/python3.12/site-packages/sqlalchemy/orm/session.py", line 4448, in _flush
[Sun Aug 16 13:04:34.629386 2026] [wsgi:error] [pid 12:tid 140070270711488] [remote 10.0.0.81:33790] 2026-08-16 13:04:34.615 12 ERROR keystone.server.flask.application flush_context.execute()
[Sun Aug 16 13:04:34.629387 2026] [wsgi:error] [pid 12:tid 140070270711488] [remote 10.0.0.81:33790] 2026-08-16 13:04:34.615 12 ERROR keystone.server.flask.application
