2026-04-12 21:53:14.682 9 INFO neutron.notifiers.nova [-] Nova event matching ['req-11cb40a5-ee5d-4536-9bcf-cade6488869f'] response: {'name': 'network-changed', 'server_uuid': '4787ea78-a1ab-4e51-8647-1feb2863a41a', 'tag': 'c61cf091-a7be-4aea-bfe7-870962ac06e8', 'status': 'completed', 'code': 200}
2026-04-12 21:53:14.737 10 INFO neutron.wsgi [req-ebe5529b-32cc-4659-91e8-b5e14500f9b1 req-39c328b0-4993-4fb6-a675-eb98b520d1f6 604f38dedab04366942f972aa856ac71 1bd2e5467d01435baa48dc817c8e3130 - - 93503bf48b7f40a88d62655bab932e37 93503bf48b7f40a88d62655bab932e37] 199.204.45.144 "GET /v2.0/ports?tenant_id=c914d3b66ff14547ad0eb543580326c4&device_id=4787ea78-a1ab-4e51-8647-1feb2863a41a HTTP/1.1" status: 200 len: 1413 time: 0.0383666
2026-04-12 21:53:14.827 10 INFO neutron.wsgi [req-ebe5529b-32cc-4659-91e8-b5e14500f9b1 req-6de6c147-8ed0-4f4b-9455-88553d9a3c9a 604f38dedab04366942f972aa856ac71 1bd2e5467d01435baa48dc817c8e3130 - - 93503bf48b7f40a88d62655bab932e37 93503bf48b7f40a88d62655bab932e37] 199.204.45.144 "GET /v2.0/networks?id=64dbfbdc-d42e-4477-afbc-f4eec3e12a14 HTTP/1.1" status: 200 len: 981 time: 0.0835168
2026-04-12 21:53:14.877 10 INFO neutron.wsgi [req-54f0c224-0d18-45f2-a9c4-0035a115fbbd req-629a4e6d-70ff-4c3b-a692-b816ef8d2ed9 101428e0b8ae464c9850a35674b568ad 8ee0d3858d7c4176ac369dafea9c0839 - - default default] 10.0.0.241 "GET /v2.0/ports?device_id=baee8e31-673a-4903-a31a-a76752ff96c3 HTTP/1.1" status: 200 len: 1168 time: 0.1241438
2026-04-12 21:53:14.887 10 INFO neutron.wsgi [req-ebe5529b-32cc-4659-91e8-b5e14500f9b1 req-62d358f1-e8a0-4898-a29c-72143f58d352 604f38dedab04366942f972aa856ac71 1bd2e5467d01435baa48dc817c8e3130 - - 93503bf48b7f40a88d62655bab932e37 93503bf48b7f40a88d62655bab932e37] 199.204.45.144 "GET /v2.0/floatingips?fixed_ip_address=10.100.0.10&port_id=c61cf091-a7be-4aea-bfe7-870962ac06e8 HTTP/1.1" status: 200 len: 1060 time: 0.0525243
2026-04-12 21:53:14.928 10 INFO neutron.wsgi [req-ebe5529b-32cc-4659-91e8-b5e14500f9b1 req-19d14b5b-1fac-44ac-9854-9ddd8d74fbf8 604f38dedab04366942f972aa856ac71 1bd2e5467d01435baa48dc817c8e3130 - - 93503bf48b7f40a88d62655bab932e37 93503bf48b7f40a88d62655bab932e37] 199.204.45.144 "GET /v2.0/subnets?id=9201909d-130e-46e7-8085-960aea89a220 HTTP/1.1" status: 200 len: 876 time: 0.0359666
2026-04-12 21:53:14.944 10 INFO neutron.wsgi [req-54f0c224-0d18-45f2-a9c4-0035a115fbbd req-5de222be-52d2-4138-a927-5e86fa8b71a1 101428e0b8ae464c9850a35674b568ad 8ee0d3858d7c4176ac369dafea9c0839 - - default default] 10.0.0.241 "GET /v2.0/security-groups?id=5967ae05-6bac-4710-8db0-1394d76a09bf&fields=id&fields=name HTTP/1.1" status: 200 len: 313 time: 0.0558827
2026-04-12 21:53:14.954 10 INFO neutron.wsgi [req-ebe5529b-32cc-4659-91e8-b5e14500f9b1 req-ddc95345-9dd7-4233-ae9b-7210002c5c4d 604f38dedab04366942f972aa856ac71 1bd2e5467d01435baa48dc817c8e3130 - - 93503bf48b7f40a88d62655bab932e37 93503bf48b7f40a88d62655bab932e37] 199.204.45.144 "GET /v2.0/ports?network_id=64dbfbdc-d42e-4477-afbc-f4eec3e12a14&device_owner=network%3Adhcp HTTP/1.1" status: 200 len: 210 time: 0.0182276
2026-04-12 21:53:15.024 10 INFO neutron.wsgi [req-ebe5529b-32cc-4659-91e8-b5e14500f9b1 req-97d8eda0-66fb-459d-98c3-24052326cd75 604f38dedab04366942f972aa856ac71 1bd2e5467d01435baa48dc817c8e3130 - - 93503bf48b7f40a88d62655bab932e37 93503bf48b7f40a88d62655bab932e37] 199.204.45.144 "GET /v2.0/networks/64dbfbdc-d42e-4477-afbc-f4eec3e12a14?fields=segments HTTP/1.1" status: 200 len: 212 time: 0.0561936
2026-04-12 21:53:15.107 10 INFO neutron.wsgi [req-ebe5529b-32cc-4659-91e8-b5e14500f9b1 req-d3fcc91a-e201-4ae2-863a-20f8a9d66cd4 604f38dedab04366942f972aa856ac71 1bd2e5467d01435baa48dc817c8e3130 - - 93503bf48b7f40a88d62655bab932e37 93503bf48b7f40a88d62655bab932e37] 199.204.45.144 "GET /v2.0/networks/64dbfbdc-d42e-4477-afbc-f4eec3e12a14?fields=provider%3Aphysical_network&fields=provider%3Anetwork_type HTTP/1.1" status: 200 len: 277 time: 0.0746555 /var/lib/openstack/lib/python3.10/site-packages/pycadf/identifier.py:71: UserWarning: Invalid uuid: neutron. To ensure interoperability, identifiers should be a valid uuid. warnings.warn(('Invalid uuid: %s. To ensure interoperability, '
2026-04-12 21:53:16.071 9 INFO neutron.wsgi [req-c18f5e22-9c40-4d6c-9e67-b03f6fcdaa0a req-4142c6fb-d7ca-468f-a4eb-872255f58f37 101428e0b8ae464c9850a35674b568ad 8ee0d3858d7c4176ac369dafea9c0839 - - default default] 10.0.0.241 "GET /v2.0/ports?device_id=baee8e31-673a-4903-a31a-a76752ff96c3 HTTP/1.1" status: 200 len: 1168 time: 0.0554342
2026-04-12 21:53:16.116 9 INFO neutron.wsgi [req-c18f5e22-9c40-4d6c-9e67-b03f6fcdaa0a req-22703393-5038-43c1-b211-1a317e7f7c33 101428e0b8ae464c9850a35674b568ad 8ee0d3858d7c4176ac369dafea9c0839 - - default default] 10.0.0.241 "GET /v2.0/security-groups?id=5967ae05-6bac-4710-8db0-1394d76a09bf&fields=id&fields=name HTTP/1.1" status: 200 len: 313 time: 0.0388188
2026-04-12 21:53:16.358 10 WARNING neutron_lib.context [None req-482b7b6f-5fd2-4def-9e9b-ae5f73d280fe 404f5e8f0b02445596acda71cb75571a 196ad489dcb34dbd978fab5ee5b58744 - - default default] Method 'is_advsvc' is deprecated since 2023.2 release (neutron-lib 3.8.0) and will be removed once support for the old RBAC API policies will be removed from Neutron. Please use method 'is_service_role' instead.
2026-04-12 21:53:16.359 10 WARNING neutron_lib.context [None req-482b7b6f-5fd2-4def-9e9b-ae5f73d280fe 404f5e8f0b02445596acda71cb75571a 196ad489dcb34dbd978fab5ee5b58744 - - default default] Method 'is_advsvc' is deprecated since 2023.2 release (neutron-lib 3.8.0) and will be removed once support for the old RBAC API policies will be removed from Neutron. Please use method 'is_service_role' instead.
2026-04-12 21:53:16.509 10 INFO neutron.db.ovn_revision_numbers_db [None req-482b7b6f-5fd2-4def-9e9b-ae5f73d280fe 404f5e8f0b02445596acda71cb75571a 196ad489dcb34dbd978fab5ee5b58744 - - default default] Successfully bumped revision number for resource 2a16e4f6-a02f-4ac3-a15f-2de527b01eca (type: security_groups) to 1
2026-04-12 21:53:16.521 10 INFO neutron.db.ovn_revision_numbers_db [None req-482b7b6f-5fd2-4def-9e9b-ae5f73d280fe 404f5e8f0b02445596acda71cb75571a 196ad489dcb34dbd978fab5ee5b58744 - - default default] Successfully bumped revision number for resource 7188d4be-2229-4a41-bfda-c372bd46b8cc (type: security_group_rules) to 0
2026-04-12 21:53:16.533 10 INFO neutron.db.ovn_revision_numbers_db [None req-482b7b6f-5fd2-4def-9e9b-ae5f73d280fe 404f5e8f0b02445596acda71cb75571a 196ad489dcb34dbd978fab5ee5b58744 - - default default] Successfully bumped revision number for resource 7e68c0f2-9cae-406a-adfb-ced92e6dbd00 (type: security_group_rules) to 0
2026-04-12 21:53:16.544 10 INFO neutron.db.ovn_revision_numbers_db [None req-482b7b6f-5fd2-4def-9e9b-ae5f73d280fe 404f5e8f0b02445596acda71cb75571a 196ad489dcb34dbd978fab5ee5b58744 - - default default] Successfully bumped revision number for resource 7f1763cf-5dcf-41eb-88a2-0c2ff3fdfbe8 (type: security_group_rules) to 0
2026-04-12 21:53:16.556 10 INFO neutron.db.ovn_revision_numbers_db [None req-482b7b6f-5fd2-4def-9e9b-ae5f73d280fe 404f5e8f0b02445596acda71cb75571a 196ad489dcb34dbd978fab5ee5b58744 - - default default] Successfully bumped revision number for resource e42fb1ed-4ae7-4199-a720-594e5729e117 (type: security_group_rules) to 0
2026-04-12 21:53:16.634 10 INFO neutron.db.segments_db [None req-482b7b6f-5fd2-4def-9e9b-ae5f73d280fe 404f5e8f0b02445596acda71cb75571a 196ad489dcb34dbd978fab5ee5b58744 - - default default] Added segment 57d3cc55-8d15-4505-9f2c-1c41a683efcc of type geneve for network 65e6ff3a-2139-4504-bd64-86d93fc9affd
2026-04-12 21:53:16.742 10 INFO neutron.db.segments_db [None req-482b7b6f-5fd2-4def-9e9b-ae5f73d280fe 404f5e8f0b02445596acda71cb75571a 196ad489dcb34dbd978fab5ee5b58744 - - default default] Added segment 6c234cdf-1113-4ed3-832d-5ca6921601f8 of type geneve for network 72835c42-c1dd-4315-bb17-3d7a029c98cc
2026-04-12 21:53:16.921 10 INFO neutron.db.ovn_revision_numbers_db [None req-482b7b6f-5fd2-4def-9e9b-ae5f73d280fe 404f5e8f0b02445596acda71cb75571a 196ad489dcb34dbd978fab5ee5b58744 - - default default] Successfully bumped revision number for resource 65e6ff3a-2139-4504-bd64-86d93fc9affd (type: networks) to 1
2026-04-12 21:53:17.112 10 WARNING neutron.scheduler.dhcp_agent_scheduler [None req-482b7b6f-5fd2-4def-9e9b-ae5f73d280fe 404f5e8f0b02445596acda71cb75571a 196ad489dcb34dbd978fab5ee5b58744 - - default default] No more DHCP agents
2026-04-12 21:53:17.115 10 WARNING neutron.api.rpc.agentnotifiers.dhcp_rpc_agent_api [None req-482b7b6f-5fd2-4def-9e9b-ae5f73d280fe 404f5e8f0b02445596acda71cb75571a 196ad489dcb34dbd978fab5ee5b58744 - - default default] Unable to schedule network 65e6ff3a-2139-4504-bd64-86d93fc9affd: no agents available; will retry on subsequent port and subnet creation events.
2026-04-12 21:53:17.259 10 INFO neutron.wsgi [req-8f40829d-8da5-4a6a-a46d-d850e94bd0df req-a045bb7a-f60f-4b01-b600-368bdb807877 101428e0b8ae464c9850a35674b568ad 8ee0d3858d7c4176ac369dafea9c0839 - - default default] 10.0.0.241 "GET /v2.0/ports?device_id=baee8e31-673a-4903-a31a-a76752ff96c3 HTTP/1.1" status: 200 len: 1168 time: 0.0733490
2026-04-12 21:53:17.262 10 INFO neutron.wsgi [None req-c88aa671-ba4c-43d0-84a0-8dcc950077a4 a3205093f34f4fd9915fc406949dd9cd 76a449dc75604226af2f244e37c169cf - - default default] 10.0.0.243 "GET /v2.0/floatingips HTTP/1.1" status: 200 len: 1575 time: 0.2141747
2026-04-12 21:53:17.324 10 INFO neutron.db.ovn_revision_numbers_db [None req-482b7b6f-5fd2-4def-9e9b-ae5f73d280fe 404f5e8f0b02445596acda71cb75571a 196ad489dcb34dbd978fab5ee5b58744 - - default default] Successfully bumped revision number for resource da868f19-706a-487d-a87d-304e4ecc4c21 (type: ports) to 1
2026-04-12 21:53:17.391 10 INFO neutron.wsgi [req-8f40829d-8da5-4a6a-a46d-d850e94bd0df req-c58caf59-831b-4173-9bf4-a8c4636af82b 101428e0b8ae464c9850a35674b568ad 8ee0d3858d7c4176ac369dafea9c0839 - - default default] 10.0.0.241 "GET /v2.0/security-groups?id=5967ae05-6bac-4710-8db0-1394d76a09bf&fields=id&fields=name HTTP/1.1" status: 200 len: 313 time: 0.1183720
2026-04-12 21:53:17.408 10 INFO neutron.wsgi [None req-b8b32306-47f9-43af-a80e-b7f94c4da1ea a3205093f34f4fd9915fc406949dd9cd 76a449dc75604226af2f244e37c169cf - - default default] 10.0.0.243 "GET /v2.0/networks HTTP/1.1" status: 200 len: 5269 time: 0.1410463
2026-04-12 21:53:17.503 10 INFO neutron.wsgi [None req-0512569d-6983-494e-b448-a3dcf320952e a3205093f34f4fd9915fc406949dd9cd 76a449dc75604226af2f244e37c169cf - - default default] 10.0.0.243 "GET /v2.0/security-groups HTTP/1.1" status: 200 len: 34923 time: 0.0798547
2026-04-12 21:53:17.504 10 INFO neutron.db.ovn_revision_numbers_db [None req-482b7b6f-5fd2-4def-9e9b-ae5f73d280fe 404f5e8f0b02445596acda71cb75571a 196ad489dcb34dbd978fab5ee5b58744 - - default default] Successfully bumped revision number for resource 72835c42-c1dd-4315-bb17-3d7a029c98cc (type: networks) to 1
2026-04-12 21:53:17.521 10 INFO neutron.db.ovn_revision_numbers_db [None req-04595ac8-f7fd-48e2-a413-e07ce7287b84 a3205093f34f4fd9915fc406949dd9cd 76a449dc75604226af2f244e37c169cf - - default default] Successfully bumped revision number for resource 2ce05cbb-07c9-4e0b-94ad-03b5346f71e4 (type: security_groups) to 1
2026-04-12 21:53:17.553 10 INFO neutron.db.ovn_revision_numbers_db [None req-04595ac8-f7fd-48e2-a413-e07ce7287b84 a3205093f34f4fd9915fc406949dd9cd 76a449dc75604226af2f244e37c169cf - - default default] Successfully bumped revision number for resource 112434b0-3781-487e-a76a-d42877b3cad7 (type: security_group_rules) to 0
2026-04-12 21:53:17.566 10 INFO neutron.wsgi [None req-52d88992-d523-4516-8a81-8e86de15d85a a3205093f34f4fd9915fc406949dd9cd 76a449dc75604226af2f244e37c169cf - - default default] 10.0.0.243 "GET /v2.0/subnets HTTP/1.1" status: 200 len: 2752 time: 0.0513022
2026-04-12 21:53:17.589 10 INFO neutron.db.ovn_revision_numbers_db [None req-04595ac8-f7fd-48e2-a413-e07ce7287b84 a3205093f34f4fd9915fc406949dd9cd 76a449dc75604226af2f244e37c169cf - - default default] Successfully bumped revision number for resource 5711bcdf-522f-4caf-a09e-76aa9b9cbdb5 (type: security_group_rules) to 0
2026-04-12 21:53:17.615 10 INFO neutron.db.ovn_revision_numbers_db [None req-04595ac8-f7fd-48e2-a413-e07ce7287b84 a3205093f34f4fd9915fc406949dd9cd 76a449dc75604226af2f244e37c169cf - - default default] Successfully bumped revision number for resource d0b3b2c9-90b5-47c3-acae-a1de96afd084 (type: security_group_rules) to 0
2026-04-12 21:53:17.667 10 INFO neutron.wsgi [None req-d986e643-a71a-442b-b76f-17607835e9de a3205093f34f4fd9915fc406949dd9cd 76a449dc75604226af2f244e37c169cf - - default default] 10.0.0.243 "GET /v2.0/ports HTTP/1.1" status: 200 len: 17064 time: 0.0986989
2026-04-12 21:53:17.694 10 INFO neutron.db.ovn_revision_numbers_db [None req-04595ac8-f7fd-48e2-a413-e07ce7287b84 a3205093f34f4fd9915fc406949dd9cd 76a449dc75604226af2f244e37c169cf - - default default] Successfully bumped revision number for resource f2292ed8-64a1-42de-96db-8316bfcf12b3 (type: security_group_rules) to 0
2026-04-12 21:53:17.720 10 INFO neutron.wsgi [None req-04595ac8-f7fd-48e2-a413-e07ce7287b84 a3205093f34f4fd9915fc406949dd9cd 76a449dc75604226af2f244e37c169cf - - default default] 10.0.0.169 "GET /v2.0/security-groups?tenant_id=004da5bf7c6940c9a3c358a109ab00e7&name=default HTTP/1.1" status: 200 len: 3120 time: 0.6436157
2026-04-12 21:53:17.729 10 INFO neutron.wsgi [None req-fc7c0e11-809c-47ff-8ea2-8d610657e6be a3205093f34f4fd9915fc406949dd9cd 76a449dc75604226af2f244e37c169cf - - default default] 10.0.0.243 "GET /v2.0/agents HTTP/1.1" status: 200 len: 1390 time: 0.0423622
2026-04-12 21:53:17.753 10 INFO neutron.wsgi [None req-b3864c79-21c9-4aea-9b2f-923a038f6a8b a3205093f34f4fd9915fc406949dd9cd 76a449dc75604226af2f244e37c169cf - - default default] 10.0.0.243 "GET /v2.0/network-ip-availabilities HTTP/1.1" status: 200 len: 2762 time: 0.0212417
2026-04-12 21:53:17.798 10 INFO neutron.wsgi [None req-94e8d420-e5ef-45e3-bc34-1fefc7bd40a8 a3205093f34f4fd9915fc406949dd9cd 76a449dc75604226af2f244e37c169cf - - default default] 10.0.0.243 "GET /v2.0/subnets HTTP/1.1" status: 200 len: 2752 time: 0.0429258
2026-04-12 21:53:17.808 10 INFO neutron.wsgi [None req-a0b2f6ed-a54f-458c-b266-a5a24226b8db a3205093f34f4fd9915fc406949dd9cd 76a449dc75604226af2f244e37c169cf - - default default] 10.0.0.243 "GET /v2.0/subnetpools HTTP/1.1" status: 200 len: 193 time: 0.0085137
2026-04-12 21:53:17.887 10 WARNING neutron.scheduler.dhcp_agent_scheduler [None req-482b7b6f-5fd2-4def-9e9b-ae5f73d280fe 404f5e8f0b02445596acda71cb75571a 196ad489dcb34dbd978fab5ee5b58744 - - default default] No more DHCP agents
2026-04-12 21:53:17.903 10 WARNING neutron.api.rpc.agentnotifiers.dhcp_rpc_agent_api [None req-482b7b6f-5fd2-4def-9e9b-ae5f73d280fe 404f5e8f0b02445596acda71cb75571a 196ad489dcb34dbd978fab5ee5b58744 - - default default] Unable to schedule network 72835c42-c1dd-4315-bb17-3d7a029c98cc: no agents available; will retry on subsequent port and subnet creation events.
2026-04-12 21:53:17.955 10 INFO neutron.wsgi [None req-d320ba1d-e6ba-43ed-912a-af468486b212 a3205093f34f4fd9915fc406949dd9cd 76a449dc75604226af2f244e37c169cf - - default default] 10.0.0.243 "GET /v2.0/routers HTTP/1.1" status: 200 len: 2120 time: 0.1466627
2026-04-12 21:53:17.970 10 INFO neutron.wsgi [None req-1539fa04-136f-4530-802f-2c3f907459f6 a3205093f34f4fd9915fc406949dd9cd 76a449dc75604226af2f244e37c169cf - - default default] 10.0.0.243 "GET /v2.0/agents?binary=ovn-controller HTTP/1.1" status: 200 len: 591 time: 0.0129240
2026-04-12 21:53:18.008 10 INFO neutron.db.ovn_revision_numbers_db [None req-482b7b6f-5fd2-4def-9e9b-ae5f73d280fe 404f5e8f0b02445596acda71cb75571a 196ad489dcb34dbd978fab5ee5b58744 - - default default] Successfully bumped revision number for resource e7d4085b-65c9-40f2-b98c-63ad9321e49d (type: ports) to 1
2026-04-12 21:53:18.030 10 INFO neutron.wsgi [None req-482b7b6f-5fd2-4def-9e9b-ae5f73d280fe 404f5e8f0b02445596acda71cb75571a 196ad489dcb34dbd978fab5ee5b58744 - - default default] 10.0.0.169 "POST /v2.0/networks HTTP/1.1" status: 201 len: 1444 time: 1.9255700
2026-04-12 21:53:18.135 10 INFO neutron.wsgi [None req-2ffacb89-61a0-4162-9bd1-5ef3f91d5aef 404f5e8f0b02445596acda71cb75571a 196ad489dcb34dbd978fab5ee5b58744 - - default default] 10.0.0.169 "GET /v2.0/networks HTTP/1.1" status: 200 len: 2050 time: 0.0990057
2026-04-12 21:53:18.197 9 INFO neutron.wsgi [None req-8e5d97b1-ccaf-40ce-afa5-27adc29cfe90 a3205093f34f4fd9915fc406949dd9cd 76a449dc75604226af2f244e37c169cf - - default default] 10.0.0.169 "DELETE /v2.0/security-groups/2ce05cbb-07c9-4e0b-94ad-03b5346f71e4 HTTP/1.1" status: 204 len: 168 time: 0.4724512
2026-04-12 21:53:18.416 9 INFO neutron.db.ovn_revision_numbers_db [None req-5c22e375-6f1a-47d1-ab88-9d35c90e6936 a3205093f34f4fd9915fc406949dd9cd 76a449dc75604226af2f244e37c169cf - - default default] Successfully bumped revision number for resource 8f8a0977-9f00-4f28-b3e6-f3362180474f (type: security_groups) to 1
2026-04-12 21:53:18.430 9 INFO neutron.db.ovn_revision_numbers_db [None req-5c22e375-6f1a-47d1-ab88-9d35c90e6936 a3205093f34f4fd9915fc406949dd9cd 76a449dc75604226af2f244e37c169cf - - default default] Successfully bumped revision number for resource 5d3f8bd6-ea98-4118-a49b-7c1cb5b4e9f8 (type: security_group_rules) to 0
2026-04-12 21:53:18.444 9 INFO neutron.db.ovn_revision_numbers_db [None req-5c22e375-6f1a-47d1-ab88-9d35c90e6936 a3205093f34f4fd9915fc406949dd9cd 76a449dc75604226af2f244e37c169cf - - default default] Successfully bumped revision number for resource 62da3406-4cd7-4037-8645-04cf905ed142 (type: security_group_rules) to 0
2026-04-12 21:53:18.474 9 INFO neutron.db.ovn_revision_numbers_db [None req-5c22e375-6f1a-47d1-ab88-9d35c90e6936 a3205093f34f4fd9915fc406949dd9cd 76a449dc75604226af2f244e37c169cf - - default default] Successfully bumped revision number for resource 67b7af70-b610-4f51-949c-10ed27cd78f6 (type: security_group_rules) to 0
2026-04-12 21:53:18.492 10 INFO neutron.services.segments.plugin [-] Segment 57d3cc55-8d15-4505-9f2c-1c41a683efcc resource provider aggregate not found
2026-04-12 21:53:18.495 9 INFO neutron.wsgi [req-e8219b8e-8f3a-4cab-aef2-c3bd56556e7b req-43a18bfa-f40c-4a95-9662-97b605abc7d4 101428e0b8ae464c9850a35674b568ad 8ee0d3858d7c4176ac369dafea9c0839 - - default default] 10.0.0.241 "GET /v2.0/ports?device_id=baee8e31-673a-4903-a31a-a76752ff96c3 HTTP/1.1" status: 200 len: 1168 time: 0.0424786
2026-04-12 21:53:18.495 9 INFO neutron.db.ovn_revision_numbers_db [None req-5c22e375-6f1a-47d1-ab88-9d35c90e6936 a3205093f34f4fd9915fc406949dd9cd 76a449dc75604226af2f244e37c169cf - - default default] Successfully bumped revision number for resource e0c3b436-90f3-4144-b547-a4f69caf4d5f (type: security_group_rules) to 0
2026-04-12 21:53:18.496 10 INFO neutron.services.segments.plugin [-] Segment 57d3cc55-8d15-4505-9f2c-1c41a683efcc resource provider aggregate not found
2026-04-12 21:53:18.512 10 INFO neutron.services.segments.plugin [-] Segment 57d3cc55-8d15-4505-9f2c-1c41a683efcc resource provider not found; error: Placement Client Error (4xx): {"errors": [{"status": 404, "title": "Not Found", "detail": "The resource could not be found.\n\n No resource provider with uuid 57d3cc55-8d15-4505-9f2c-1c41a683efcc found for delete ", "request_id": "req-5bac0aac-8d34-4315-b01c-8f3a5020ca17"}]}
2026-04-12 21:53:18.513 10 INFO neutron.services.segments.plugin [-] Segment 57d3cc55-8d15-4505-9f2c-1c41a683efcc resource provider not found; error: Placement Client Error (4xx): {"errors": [{"status": 404, "title": "Not Found", "detail": "The resource could not be found.\n\n No resource provider with uuid 57d3cc55-8d15-4505-9f2c-1c41a683efcc found for delete ", "request_id": "req-9766da11-68c7-45d6-80a9-8708ffae233a"}]}
2026-04-12 21:53:18.529 9 INFO neutron.wsgi [None req-5c22e375-6f1a-47d1-ab88-9d35c90e6936 a3205093f34f4fd9915fc406949dd9cd 76a449dc75604226af2f244e37c169cf - - default default] 10.0.0.169 "GET /v2.0/security-groups?tenant_id=0d9ccfc8e5314e2fbb39800d366ac3a9&name=default HTTP/1.1" status: 200 len: 3120 time: 0.2331958
2026-04-12 21:53:18.538 10 INFO neutron.wsgi [None req-2e3b9fdd-33b3-4bf0-bf42-8a9d8bb13445 404f5e8f0b02445596acda71cb75571a 196ad489dcb34dbd978fab5ee5b58744 - - default default] 10.0.0.169 "DELETE /v2.0/networks/65e6ff3a-2139-4504-bd64-86d93fc9affd HTTP/1.1" status: 204 len: 168 time: 0.3970203
2026-04-12 21:53:18.595 9 INFO neutron.wsgi [req-e8219b8e-8f3a-4cab-aef2-c3bd56556e7b req-285c7f0a-09f9-4ae1-99a8-5378c118d2f3 101428e0b8ae464c9850a35674b568ad 8ee0d3858d7c4176ac369dafea9c0839 - - default default] 10.0.0.241 "GET /v2.0/security-groups?id=5967ae05-6bac-4710-8db0-1394d76a09bf&fields=id&fields=name HTTP/1.1" status: 200 len: 313 time: 0.0945539
2026-04-12 21:53:18.706 10 WARNING neutron.plugins.ml2.drivers.ovn.mech_driver.ovsdb.ovn_client [None req-f3be13e7-fce4-4559-8475-7f00d676cfbd - - - - - -] No hosting information found for port 24c4b629-d4b4-4a5d-9ced-5cf64e87000f: RuntimeError: No hosting information found for port 24c4b629-d4b4-4a5d-9ced-5cf64e87000f
2026-04-12 21:53:18.707 10 INFO neutron.plugins.ml2.drivers.ovn.mech_driver.mech_driver [None req-f3be13e7-fce4-4559-8475-7f00d676cfbd - - - - - -] OVN reports status down for port: bd279707-abab-47a9-8e4f-8f7cd8e23ef5
2026-04-12 21:53:18.838 10 INFO neutron.plugins.ml2.drivers.ovn.mech_driver.mech_driver [None req-f3be13e7-fce4-4559-8475-7f00d676cfbd - - - - - -] OVN reports status up for port: 2fa44dc3-efc0-4232-9680-f3c06fe140b4
2026-04-12 21:53:18.843 9 INFO neutron.wsgi [None req-01cf18ab-844b-4733-963b-060a6ae49170 a3205093f34f4fd9915fc406949dd9cd 76a449dc75604226af2f244e37c169cf - - default default] 10.0.0.169 "DELETE /v2.0/security-groups/8f8a0977-9f00-4f28-b3e6-f3362180474f HTTP/1.1" status: 204 len: 168 time: 0.3068571
2026-04-12 21:53:18.857 10 INFO neutron.plugins.ml2.plugin [None req-f3be13e7-fce4-4559-8475-7f00d676cfbd - - - - - -] Attempt 1 to provision port 2fa44dc3-efc0-4232-9680-f3c06fe140b4
2026-04-12 21:53:18.992 10 INFO neutron.notifiers.nova [-] Nova event matching ['req-bd394a8b-fe62-42fb-bb22-7c944cdd3947'] response: {'server_uuid': 'baee8e31-673a-4903-a31a-a76752ff96c3', 'name': 'network-vif-plugged', 'status': 'completed', 'tag': '2fa44dc3-efc0-4232-9680-f3c06fe140b4', 'code': 200}
2026-04-12 21:53:18.992 9 INFO neutron.services.segments.plugin [-] Segment 6c234cdf-1113-4ed3-832d-5ca6921601f8 resource provider aggregate not found
2026-04-12 21:53:18.996 9 INFO neutron.services.segments.plugin [-] Segment 6c234cdf-1113-4ed3-832d-5ca6921601f8 resource provider aggregate not found
2026-04-12 21:53:19.011 9 INFO neutron.services.segments.plugin [-] Segment 6c234cdf-1113-4ed3-832d-5ca6921601f8 resource provider not found; error: Placement Client Error (4xx): {"errors": [{"status": 404, "title": "Not Found", "detail": "The resource could not be found.\n\n No resource provider with uuid 6c234cdf-1113-4ed3-832d-5ca6921601f8 found for delete ", "request_id": "req-9418b3bd-fb66-4320-99cf-516c011c4006"}]}
2026-04-12 21:53:19.012 9 INFO neutron.services.segments.plugin [-] Segment 6c234cdf-1113-4ed3-832d-5ca6921601f8 resource provider not found; error: Placement Client Error (4xx): {"errors": [{"status": 404, "title": "Not Found", "detail": "The resource could not be found.\n\n No resource provider with uuid 6c234cdf-1113-4ed3-832d-5ca6921601f8 found for delete ", "request_id": "req-1c124111-3f9a-48d7-b7da-345780cded8b"}]}
2026-04-12 21:53:19.053 9 INFO neutron.wsgi [None req-2023803c-6073-4a17-9205-7e2c9c4afb21 404f5e8f0b02445596acda71cb75571a 196ad489dcb34dbd978fab5ee5b58744 - - default default] 10.0.0.169 "DELETE /v2.0/networks/72835c42-c1dd-4315-bb17-3d7a029c98cc HTTP/1.1" status: 204 len: 168 time: 0.5065446
2026-04-12 21:53:19.146 9 INFO neutron.wsgi [None req-d617b216-2e91-41ee-b619-9b1eb55eedae 404f5e8f0b02445596acda71cb75571a 196ad489dcb34dbd978fab5ee5b58744 - - default default] 10.0.0.169 "GET /v2.0/networks HTTP/1.1" status: 200 len: 845 time: 0.0868213
2026-04-12 21:53:19.155 9 WARNING neutron_lib.context [None req-fc4fc484-0b0f-43ad-b72a-8ce9be3fd811 404f5e8f0b02445596acda71cb75571a 196ad489dcb34dbd978fab5ee5b58744 - - default default] Method 'is_advsvc' is deprecated since 2023.2 release (neutron-lib 3.8.0) and will be removed once support for the old RBAC API policies will be removed from Neutron. Please use method 'is_service_role' instead.
2026-04-12 21:53:19.241 9 INFO neutron.db.segments_db [None req-fc4fc484-0b0f-43ad-b72a-8ce9be3fd811 404f5e8f0b02445596acda71cb75571a 196ad489dcb34dbd978fab5ee5b58744 - - default default] Added segment 6861a74b-8321-41d3-a67c-602ef7ff3209 of type geneve for network f5851126-f337-4b1c-8c58-57b8c840c0e1
2026-04-12 21:53:19.354 10 INFO neutron.db.ovn_revision_numbers_db [None req-f3be13e7-fce4-4559-8475-7f00d676cfbd - - - - - -] Successfully bumped revision number for resource 2fa44dc3-efc0-4232-9680-f3c06fe140b4 (type: ports) to 4
2026-04-12 21:53:19.419 9 INFO neutron.db.ovn_revision_numbers_db [None req-fc4fc484-0b0f-43ad-b72a-8ce9be3fd811 404f5e8f0b02445596acda71cb75571a 196ad489dcb34dbd978fab5ee5b58744 - - default default] Successfully bumped revision number for resource f5851126-f337-4b1c-8c58-57b8c840c0e1 (type: networks) to 1
2026-04-12 21:53:19.560 9 INFO neutron.wsgi [-] 10.0.0.214 "GET / HTTP/1.1" status: 200 len: 247 time: 0.0019333
2026-04-12 21:53:19.562 10 INFO neutron.wsgi [-] 10.0.0.214 "GET / HTTP/1.1" status: 200 len: 247 time: 0.0032094
2026-04-12 21:53:19.633 9 WARNING neutron.scheduler.dhcp_agent_scheduler [None req-fc4fc484-0b0f-43ad-b72a-8ce9be3fd811 404f5e8f0b02445596acda71cb75571a 196ad489dcb34dbd978fab5ee5b58744 - - default default] No more DHCP agents
2026-04-12 21:53:19.636 9 WARNING neutron.api.rpc.agentnotifiers.dhcp_rpc_agent_api [None req-fc4fc484-0b0f-43ad-b72a-8ce9be3fd811 404f5e8f0b02445596acda71cb75571a 196ad489dcb34dbd978fab5ee5b58744 - - default default] Unable to schedule network f5851126-f337-4b1c-8c58-57b8c840c0e1: no agents available; will retry on subsequent port and subnet creation events.
2026-04-12 21:53:19.781 9 INFO neutron.db.ovn_revision_numbers_db [None req-fc4fc484-0b0f-43ad-b72a-8ce9be3fd811 404f5e8f0b02445596acda71cb75571a 196ad489dcb34dbd978fab5ee5b58744 - - default default] Successfully bumped revision number for resource 1063de32-2289-4542-9953-0e90fafc2c4a (type: ports) to 1
2026-04-12 21:53:19.790 9 INFO neutron.wsgi [req-01368671-0456-4c16-8f01-8d247c807f3e req-536b4fa4-7266-42de-8f71-aa53928c8247 101428e0b8ae464c9850a35674b568ad 8ee0d3858d7c4176ac369dafea9c0839 - - default default] 10.0.0.241 "GET /v2.0/ports?device_id=baee8e31-673a-4903-a31a-a76752ff96c3 HTTP/1.1" status: 200 len: 1170 time: 0.1309221
2026-04-12 21:53:19.819 9 INFO neutron.wsgi [None req-fc4fc484-0b0f-43ad-b72a-8ce9be3fd811 404f5e8f0b02445596acda71cb75571a 196ad489dcb34dbd978fab5ee5b58744 - - default default] 10.0.0.169 "POST /v2.0/networks HTTP/1.1" status: 201 len: 852 time: 0.6670582
2026-04-12 21:53:19.832 9 WARNING neutron_lib.context [None req-5fb253e6-63a9-4f4d-95aa-94c8a08995ea 404f5e8f0b02445596acda71cb75571a 196ad489dcb34dbd978fab5ee5b58744 - - default default] Method 'is_advsvc' is deprecated since 2023.2 release (neutron-lib 3.8.0) and will be removed once support for the old RBAC API policies will be removed from Neutron. Please use method 'is_service_role' instead.
2026-04-12 21:53:19.860 9 INFO neutron.wsgi [req-01368671-0456-4c16-8f01-8d247c807f3e req-de2c43f0-6f13-427f-9713-3bf074a97017 101428e0b8ae464c9850a35674b568ad 8ee0d3858d7c4176ac369dafea9c0839 - - default default] 10.0.0.241 "GET /v2.0/security-groups?id=5967ae05-6bac-4710-8db0-1394d76a09bf&fields=id&fields=name HTTP/1.1" status: 200 len: 313 time: 0.0628033 /var/lib/openstack/lib/python3.10/site-packages/pycadf/identifier.py:71: UserWarning: Invalid uuid: neutron. To ensure interoperability, identifiers should be a valid uuid. warnings.warn(('Invalid uuid: %s. To ensure interoperability, '
2026-04-12 21:53:19.948 9 INFO neutron.db.segments_db [None req-5fb253e6-63a9-4f4d-95aa-94c8a08995ea 404f5e8f0b02445596acda71cb75571a 196ad489dcb34dbd978fab5ee5b58744 - - default default] Added segment 12186cdc-592f-4b72-84f8-e68d3760b33f of type geneve for network 1914bc81-b214-4cbf-a243-748421c67aa4
2026-04-12 21:53:20.025 10 INFO neutron.wsgi [req-b84902c0-c8f1-43d2-b965-03203adf1521 req-8e793381-c92a-4fa0-a79d-258fc5561376 101428e0b8ae464c9850a35674b568ad 8ee0d3858d7c4176ac369dafea9c0839 - - default default] 10.0.0.241 "GET /v2.0/ports?device_id=baee8e31-673a-4903-a31a-a76752ff96c3 HTTP/1.1" status: 200 len: 1170 time: 0.0916088
2026-04-12 21:53:20.075 9 INFO neutron.db.ovn_revision_numbers_db [None req-5fb253e6-63a9-4f4d-95aa-94c8a08995ea 404f5e8f0b02445596acda71cb75571a 196ad489dcb34dbd978fab5ee5b58744 - - default default] Successfully bumped revision number for resource 1914bc81-b214-4cbf-a243-748421c67aa4 (type: networks) to 1
2026-04-12 21:53:20.269 9 WARNING neutron.scheduler.dhcp_agent_scheduler [None req-5fb253e6-63a9-4f4d-95aa-94c8a08995ea 404f5e8f0b02445596acda71cb75571a 196ad489dcb34dbd978fab5ee5b58744 - - default default] No more DHCP agents
2026-04-12 21:53:20.279 9 WARNING neutron.api.rpc.agentnotifiers.dhcp_rpc_agent_api [None req-5fb253e6-63a9-4f4d-95aa-94c8a08995ea 404f5e8f0b02445596acda71cb75571a 196ad489dcb34dbd978fab5ee5b58744 - - default default] Unable to schedule network 1914bc81-b214-4cbf-a243-748421c67aa4: no agents available; will retry on subsequent port and subnet creation events.
2026-04-12 21:53:20.360 9 INFO neutron.db.ovn_revision_numbers_db [None req-5fb253e6-63a9-4f4d-95aa-94c8a08995ea 404f5e8f0b02445596acda71cb75571a 196ad489dcb34dbd978fab5ee5b58744 - - default default] Successfully bumped revision number for resource dd8ca8f2-f1f9-42c0-ad4d-c4ce68969e6f (type: ports) to 1
2026-04-12 21:53:20.379 9 INFO neutron.wsgi [None req-5fb253e6-63a9-4f4d-95aa-94c8a08995ea 404f5e8f0b02445596acda71cb75571a 196ad489dcb34dbd978fab5ee5b58744 - - default default] 10.0.0.169 "POST /v2.0/networks HTTP/1.1" status: 201 len: 853 time: 0.5553508
2026-04-12 21:53:20.389 9 WARNING neutron_lib.context [None req-3f2ddf4c-1e8d-40a6-8d16-1ef7d16688ee 404f5e8f0b02445596acda71cb75571a 196ad489dcb34dbd978fab5ee5b58744 - - default default] Method 'is_advsvc' is deprecated since 2023.2 release (neutron-lib 3.8.0) and will be removed once support for the old RBAC API policies will be removed from Neutron. Please use method 'is_service_role' instead.
2026-04-12 21:53:20.427 9 WARNING neutron_lib.context [None req-3f2ddf4c-1e8d-40a6-8d16-1ef7d16688ee 404f5e8f0b02445596acda71cb75571a 196ad489dcb34dbd978fab5ee5b58744 - - default default] Method 'is_advsvc' is deprecated since 2023.2 release (neutron-lib 3.8.0) and will be removed once support for the old RBAC API policies will be removed from Neutron. Please use method 'is_service_role' instead.
2026-04-12 21:53:20.687 10 INFO neutron.db.ovn_revision_numbers_db [None req-9307332c-a63c-4c0b-a95c-d6e307fba055 101428e0b8ae464c9850a35674b568ad 8ee0d3858d7c4176ac369dafea9c0839 - - default default] Successfully bumped revision number for resource 36373601-8f93-4ff6-9a3b-25b7d958ebd7 (type: floatingips) to 1
2026-04-12 21:53:20.801 10 INFO neutron.db.ovn_revision_numbers_db [None req-9307332c-a63c-4c0b-a95c-d6e307fba055 101428e0b8ae464c9850a35674b568ad 8ee0d3858d7c4176ac369dafea9c0839 - - default default] Successfully bumped revision number for resource 36373601-8f93-4ff6-9a3b-25b7d958ebd7 (type: floatingips) to 2
2026-04-12 21:53:20.802 10 INFO neutron.db.l3_db [None req-9307332c-a63c-4c0b-a95c-d6e307fba055 101428e0b8ae464c9850a35674b568ad 8ee0d3858d7c4176ac369dafea9c0839 - - default default] Floating IP 36373601-8f93-4ff6-9a3b-25b7d958ebd7 associated. External IP: 10.96.250.202, port: 2fa44dc3-efc0-4232-9680-f3c06fe140b4.
2026-04-12 21:53:20.839 10 INFO neutron.wsgi [None req-9307332c-a63c-4c0b-a95c-d6e307fba055 101428e0b8ae464c9850a35674b568ad 8ee0d3858d7c4176ac369dafea9c0839 - - default default] 10.0.0.169 "PUT /v2.0/floatingips/36373601-8f93-4ff6-9a3b-25b7d958ebd7 HTTP/1.1" status: 200 len: 1049 time: 0.7968626 /var/lib/openstack/lib/python3.10/site-packages/pycadf/identifier.py:71: UserWarning: Invalid uuid: neutron. To ensure interoperability, identifiers should be a valid uuid. warnings.warn(('Invalid uuid: %s. To ensure interoperability, '
2026-04-12 21:53:20.919 9 WARNING neutron.scheduler.dhcp_agent_scheduler [None req-3f2ddf4c-1e8d-40a6-8d16-1ef7d16688ee 404f5e8f0b02445596acda71cb75571a 196ad489dcb34dbd978fab5ee5b58744 - - default default] No more DHCP agents
2026-04-12 21:53:20.923 9 WARNING neutron.api.rpc.agentnotifiers.dhcp_rpc_agent_api [None req-3f2ddf4c-1e8d-40a6-8d16-1ef7d16688ee 404f5e8f0b02445596acda71cb75571a 196ad489dcb34dbd978fab5ee5b58744 - - default default] Unable to schedule network f5851126-f337-4b1c-8c58-57b8c840c0e1: no agents available; will retry on subsequent port and subnet creation events.
2026-04-12 21:53:20.944 9 INFO neutron.wsgi [req-5a4aac12-c8e0-4831-811c-e9fd47345a5e req-008abbb4-f1e5-454d-8ee7-29f0025d5585 101428e0b8ae464c9850a35674b568ad 8ee0d3858d7c4176ac369dafea9c0839 - - default default] 10.0.0.241 "GET /v2.0/ports?device_id=baee8e31-673a-4903-a31a-a76752ff96c3 HTTP/1.1" status: 200 len: 1170 time: 0.0702264 /var/lib/openstack/lib/python3.10/site-packages/pycadf/identifier.py:71: UserWarning: Invalid uuid: neutron. To ensure interoperability, identifiers should be a valid uuid. warnings.warn(('Invalid uuid: %s. To ensure interoperability, '
2026-04-12 21:53:21.019 9 INFO neutron.wsgi [req-5a4aac12-c8e0-4831-811c-e9fd47345a5e req-81caacd0-88a4-4b91-9db4-d3d3170c8082 101428e0b8ae464c9850a35674b568ad 8ee0d3858d7c4176ac369dafea9c0839 - - default default] 10.0.0.241 "GET /v2.0/security-groups?id=5967ae05-6bac-4710-8db0-1394d76a09bf&fields=id&fields=name HTTP/1.1" status: 200 len: 313 time: 0.0709188
2026-04-12 21:53:21.026 10 INFO neutron.notifiers.nova [-] Nova event matching ['req-5372fc74-904a-4260-b65d-889f1836305c'] response: {'server_uuid': 'baee8e31-673a-4903-a31a-a76752ff96c3', 'name': 'network-vif-plugged', 'status': 'completed', 'tag': '2fa44dc3-efc0-4232-9680-f3c06fe140b4', 'code': 200}
2026-04-12 21:53:21.026 10 INFO neutron.notifiers.nova [-] Nova event matching ['req-5372fc74-904a-4260-b65d-889f1836305c'] response: {'name': 'network-changed', 'server_uuid': 'baee8e31-673a-4903-a31a-a76752ff96c3', 'tag': '2fa44dc3-efc0-4232-9680-f3c06fe140b4', 'status': 'completed', 'code': 200}
2026-04-12 21:53:21.045 9 INFO neutron.db.ovn_revision_numbers_db [None req-3f2ddf4c-1e8d-40a6-8d16-1ef7d16688ee 404f5e8f0b02445596acda71cb75571a 196ad489dcb34dbd978fab5ee5b58744 - - default default] Successfully bumped revision number for resource 7ee1ec87-88e0-4fb9-b239-8d6e2e4c6f44 (type: ports) to 1
2026-04-12 21:53:21.088 10 INFO neutron.wsgi [req-441417f8-d174-4ff6-b829-622b4f5abcfd req-71e3c4aa-bd1e-4ebc-8519-36c729b9bcc5 604f38dedab04366942f972aa856ac71 1bd2e5467d01435baa48dc817c8e3130 - - 93503bf48b7f40a88d62655bab932e37 93503bf48b7f40a88d62655bab932e37] 199.204.45.144 "GET /v2.0/ports?tenant_id=8ee0d3858d7c4176ac369dafea9c0839&device_id=baee8e31-673a-4903-a31a-a76752ff96c3 HTTP/1.1" status: 200 len: 1409 time: 0.0411274
2026-04-12 21:53:21.093 9 WARNING neutron.scheduler.dhcp_agent_scheduler [None req-3f2ddf4c-1e8d-40a6-8d16-1ef7d16688ee 404f5e8f0b02445596acda71cb75571a 196ad489dcb34dbd978fab5ee5b58744 - - default default] No more DHCP agents
2026-04-12 21:53:21.102 9 WARNING neutron.api.rpc.agentnotifiers.dhcp_rpc_agent_api [None req-3f2ddf4c-1e8d-40a6-8d16-1ef7d16688ee 404f5e8f0b02445596acda71cb75571a 196ad489dcb34dbd978fab5ee5b58744 - - default default] Unable to schedule network 1914bc81-b214-4cbf-a243-748421c67aa4: no agents available; will retry on subsequent port and subnet creation events.
2026-04-12 21:53:21.222 9 INFO neutron.db.ovn_revision_numbers_db [None req-3f2ddf4c-1e8d-40a6-8d16-1ef7d16688ee 404f5e8f0b02445596acda71cb75571a 196ad489dcb34dbd978fab5ee5b58744 - - default default] Successfully bumped revision number for resource 7fce2a62-75e3-4518-8b7e-42ed3dd9c3c7 (type: ports) to 1
2026-04-12 21:53:21.248 9 INFO neutron.wsgi [None req-3f2ddf4c-1e8d-40a6-8d16-1ef7d16688ee 404f5e8f0b02445596acda71cb75571a 196ad489dcb34dbd978fab5ee5b58744 - - default default] 10.0.0.169 "POST /v2.0/ports HTTP/1.1" status: 201 len: 1706 time: 0.8636551 /var/lib/openstack/lib/python3.10/site-packages/pycadf/identifier.py:71: UserWarning: Invalid uuid: neutron. To ensure interoperability, identifiers should be a valid uuid. warnings.warn(('Invalid uuid: %s. To ensure interoperability, '
2026-04-12 21:53:21.340 10 INFO neutron.plugins.ml2.drivers.ovn.mech_driver.mech_driver [None req-f3be13e7-fce4-4559-8475-7f00d676cfbd - - - - - -] OVN reports status down for port: 2fa44dc3-efc0-4232-9680-f3c06fe140b4
2026-04-12 21:53:21.380 10 INFO neutron.wsgi [req-bfd3cff9-f5b0-4f91-bb29-6b4ecc509a15 req-8e8f813c-c70f-484d-9312-ffc585211c21 101428e0b8ae464c9850a35674b568ad 8ee0d3858d7c4176ac369dafea9c0839 - - default default] 10.0.0.241 "GET /v2.0/ports?device_id=baee8e31-673a-4903-a31a-a76752ff96c3 HTTP/1.1" status: 200 len: 1170 time: 0.0613379
2026-04-12 21:53:21.390 9 INFO neutron.wsgi [None req-7e129cf6-832b-4f9f-a5db-4db3d52408ff 404f5e8f0b02445596acda71cb75571a 196ad489dcb34dbd978fab5ee5b58744 - - default default] 10.0.0.169 "GET /v2.0/ports HTTP/1.1" status: 200 len: 3213 time: 0.1376684
2026-04-12 21:53:21.392 10 INFO neutron.wsgi [req-441417f8-d174-4ff6-b829-622b4f5abcfd req-54de04f6-fa30-4db3-a7ee-c565b351a291 604f38dedab04366942f972aa856ac71 1bd2e5467d01435baa48dc817c8e3130 - - 93503bf48b7f40a88d62655bab932e37 93503bf48b7f40a88d62655bab932e37] 199.204.45.144 "GET /v2.0/networks?id=e126a4ba-febd-414b-8422-64e614d8480c HTTP/1.1" status: 200 len: 968 time: 0.2974863
2026-04-12 21:53:21.500 10 INFO neutron.wsgi [req-441417f8-d174-4ff6-b829-622b4f5abcfd req-0e1d758e-1ee7-4451-8323-dbece19ce72b 604f38dedab04366942f972aa856ac71 1bd2e5467d01435baa48dc817c8e3130 - - 93503bf48b7f40a88d62655bab932e37 93503bf48b7f40a88d62655bab932e37] 199.204.45.144 "GET /v2.0/floatingips?fixed_ip_address=10.100.0.8&port_id=2fa44dc3-efc0-4232-9680-f3c06fe140b4 HTTP/1.1" status: 200 len: 1059 time: 0.0975800
2026-04-12 21:53:21.504 10 INFO neutron.wsgi [req-bfd3cff9-f5b0-4f91-bb29-6b4ecc509a15 req-cb36c7c9-9d40-400a-8b2e-3466708f9fe5 101428e0b8ae464c9850a35674b568ad 8ee0d3858d7c4176ac369dafea9c0839 - - default default] 10.0.0.241 "GET /v2.0/security-groups?id=5967ae05-6bac-4710-8db0-1394d76a09bf&fields=id&fields=name HTTP/1.1" status: 200 len: 313 time: 0.1159272
2026-04-12 21:53:21.551 10 INFO neutron.wsgi [req-441417f8-d174-4ff6-b829-622b4f5abcfd req-fec6d0bb-1710-475b-9819-e0542ed7d6c7 604f38dedab04366942f972aa856ac71 1bd2e5467d01435baa48dc817c8e3130 - - 93503bf48b7f40a88d62655bab932e37 93503bf48b7f40a88d62655bab932e37] 199.204.45.144 "GET /v2.0/subnets?id=c93490c8-9cf5-4a89-a9c0-f6372b797ca2 HTTP/1.1" status: 200 len: 863 time: 0.0411437
2026-04-12 21:53:21.576 10 INFO neutron.wsgi [req-441417f8-d174-4ff6-b829-622b4f5abcfd req-bbaeb0f5-de7c-41c1-9e3b-f17e8308bd4c 604f38dedab04366942f972aa856ac71 1bd2e5467d01435baa48dc817c8e3130 - - 93503bf48b7f40a88d62655bab932e37 93503bf48b7f40a88d62655bab932e37] 199.204.45.144 "GET /v2.0/ports?network_id=e126a4ba-febd-414b-8422-64e614d8480c&device_owner=network%3Adhcp HTTP/1.1" status: 200 len: 210 time: 0.0194798
2026-04-12 21:53:21.688 9 INFO neutron.wsgi [req-a7c39cb9-1c83-48e2-94e4-2228c37bc72c req-1db4e86c-6163-4e75-8b71-3964261f934f 101428e0b8ae464c9850a35674b568ad 8ee0d3858d7c4176ac369dafea9c0839 - - default default] 199.204.45.144 "GET /v2.0/ports?device_id=baee8e31-673a-4903-a31a-a76752ff96c3 HTTP/1.1" status: 200 len: 1168 time: 0.0419700
2026-04-12 21:53:21.697 10 INFO neutron.wsgi [req-441417f8-d174-4ff6-b829-622b4f5abcfd req-bb7179c2-ffab-4c1a-bc46-28a999e8b9e8 604f38dedab04366942f972aa856ac71 1bd2e5467d01435baa48dc817c8e3130 - - 93503bf48b7f40a88d62655bab932e37 93503bf48b7f40a88d62655bab932e37] 199.204.45.144 "GET /v2.0/networks/e126a4ba-febd-414b-8422-64e614d8480c?fields=segments HTTP/1.1" status: 200 len: 212 time: 0.1120055
2026-04-12 21:53:21.814 10 INFO neutron.wsgi [req-441417f8-d174-4ff6-b829-622b4f5abcfd req-c75b3626-11e4-412f-ad95-3643d4ec37df 604f38dedab04366942f972aa856ac71 1bd2e5467d01435baa48dc817c8e3130 - - 93503bf48b7f40a88d62655bab932e37 93503bf48b7f40a88d62655bab932e37] 199.204.45.144 "GET /v2.0/networks/e126a4ba-febd-414b-8422-64e614d8480c?fields=provider%3Aphysical_network&fields=provider%3Anetwork_type HTTP/1.1" status: 200 len: 277 time: 0.1043785
2026-04-12 21:53:21.875 10 INFO neutron.db.ovn_revision_numbers_db [None req-f3be13e7-fce4-4559-8475-7f00d676cfbd - - - - - -] Successfully bumped revision number for resource 2fa44dc3-efc0-4232-9680-f3c06fe140b4 (type: ports) to 5
2026-04-12 21:53:21.924 10 INFO neutron.wsgi [None req-dc407e0f-eec3-4071-a49b-eec6907aafa0 404f5e8f0b02445596acda71cb75571a 196ad489dcb34dbd978fab5ee5b58744 - - default default] 10.0.0.169 "DELETE /v2.0/ports/7ee1ec87-88e0-4fb9-b239-8d6e2e4c6f44 HTTP/1.1" status: 204 len: 168 time: 0.5264554
2026-04-12 21:53:22.209 10 INFO neutron.wsgi [None req-42f2ec7b-81f4-4b64-b602-e0fd1e6cb2db 404f5e8f0b02445596acda71cb75571a 196ad489dcb34dbd978fab5ee5b58744 - - default default] 10.0.0.169 "DELETE /v2.0/ports/7fce2a62-75e3-4518-8b7e-42ed3dd9c3c7 HTTP/1.1" status: 204 len: 168 time: 0.2797172 /var/lib/openstack/lib/python3.10/site-packages/pycadf/identifier.py:71: UserWarning: Invalid uuid: neutron. To ensure interoperability, identifiers should be a valid uuid. warnings.warn(('Invalid uuid: %s. To ensure interoperability, '
2026-04-12 21:53:22.278 10 INFO neutron.wsgi [None req-4ea28912-65a3-4a0e-8b45-00cf85a45e0a 404f5e8f0b02445596acda71cb75571a 196ad489dcb34dbd978fab5ee5b58744 - - default default] 10.0.0.169 "GET /v2.0/ports HTTP/1.1" status: 200 len: 1718 time: 0.0636454
2026-04-12 21:53:22.290 10 WARNING neutron_lib.context [None req-71c2b5fd-5fc0-4bfa-91c5-825894d982ca 404f5e8f0b02445596acda71cb75571a 196ad489dcb34dbd978fab5ee5b58744 - - default default] Method 'is_advsvc' is deprecated since 2023.2 release (neutron-lib 3.8.0) and will be removed once support for the old RBAC API policies will be removed from Neutron. Please use method 'is_service_role' instead.
2026-04-12 21:53:22.304 9 INFO neutron.db.l3_db [req-a7c39cb9-1c83-48e2-94e4-2228c37bc72c req-3ffbbd4f-1a86-449b-9bd9-2bb5d89dc4f2 101428e0b8ae464c9850a35674b568ad 8ee0d3858d7c4176ac369dafea9c0839 - - default default] Floating IP 36373601-8f93-4ff6-9a3b-25b7d958ebd7 disassociated. External IP: 10.96.250.202, port: 2fa44dc3-efc0-4232-9680-f3c06fe140b4.
2026-04-12 21:53:22.363 10 INFO neutron.db.segments_db [None req-71c2b5fd-5fc0-4bfa-91c5-825894d982ca 404f5e8f0b02445596acda71cb75571a 196ad489dcb34dbd978fab5ee5b58744 - - default default] Added segment 552b9a8c-168d-4c75-863e-8611b6294b5b of type geneve for network 8a031a8c-955c-477f-9b71-9d9a0406b3da
2026-04-12 21:53:22.439 9 INFO neutron.wsgi [req-a7c39cb9-1c83-48e2-94e4-2228c37bc72c req-3ffbbd4f-1a86-449b-9bd9-2bb5d89dc4f2 101428e0b8ae464c9850a35674b568ad 8ee0d3858d7c4176ac369dafea9c0839 - - default default] 199.204.45.144 "DELETE /v2.0/ports/2fa44dc3-efc0-4232-9680-f3c06fe140b4 HTTP/1.1" status: 204 len: 173 time: 0.7459321
2026-04-12 21:53:22.480 10 INFO neutron.db.ovn_revision_numbers_db [None req-71c2b5fd-5fc0-4bfa-91c5-825894d982ca 404f5e8f0b02445596acda71cb75571a 196ad489dcb34dbd978fab5ee5b58744 - - default default] Successfully bumped revision number for resource 8a031a8c-955c-477f-9b71-9d9a0406b3da (type: networks) to 1
2026-04-12 21:53:22.480 9 INFO neutron.notifiers.nova [-] Nova event matching ['req-750c17fa-1217-4d2f-8fd0-2bf94d79a57f'] response: {'server_uuid': 'baee8e31-673a-4903-a31a-a76752ff96c3', 'name': 'network-vif-deleted', 'tag': '2fa44dc3-efc0-4232-9680-f3c06fe140b4', 'status': 'completed', 'code': 200}
2026-04-12 21:53:22.601 10 INFO neutron.wsgi [req-7c930ea2-08b4-42d0-8e91-ecf70dd19904 req-390a4aa7-2254-4f0b-9099-b2e423983216 101428e0b8ae464c9850a35674b568ad 8ee0d3858d7c4176ac369dafea9c0839 - - default default] 10.0.0.241 "GET /v2.0/ports?device_id=baee8e31-673a-4903-a31a-a76752ff96c3 HTTP/1.1" status: 200 len: 210 time: 0.0179396
2026-04-12 21:53:22.671 10 WARNING neutron.scheduler.dhcp_agent_scheduler [None req-71c2b5fd-5fc0-4bfa-91c5-825894d982ca 404f5e8f0b02445596acda71cb75571a 196ad489dcb34dbd978fab5ee5b58744 - - default default] No more DHCP agents
2026-04-12 21:53:22.673 10 WARNING neutron.api.rpc.agentnotifiers.dhcp_rpc_agent_api [None req-71c2b5fd-5fc0-4bfa-91c5-825894d982ca 404f5e8f0b02445596acda71cb75571a 196ad489dcb34dbd978fab5ee5b58744 - - default default] Unable to schedule network 8a031a8c-955c-477f-9b71-9d9a0406b3da: no agents available; will retry on subsequent port and subnet creation events. /var/lib/openstack/lib/python3.10/site-packages/pycadf/identifier.py:71: UserWarning: Invalid uuid: neutron. To ensure interoperability, identifiers should be a valid uuid. warnings.warn(('Invalid uuid: %s. To ensure interoperability, '
2026-04-12 21:53:22.760 10 INFO neutron.db.ovn_revision_numbers_db [None req-71c2b5fd-5fc0-4bfa-91c5-825894d982ca 404f5e8f0b02445596acda71cb75571a 196ad489dcb34dbd978fab5ee5b58744 - - default default] Successfully bumped revision number for resource 07063dce-5814-4b95-90b3-38a1f17f8b3f (type: ports) to 1
2026-04-12 21:53:22.782 10 INFO neutron.wsgi [None req-71c2b5fd-5fc0-4bfa-91c5-825894d982ca 404f5e8f0b02445596acda71cb75571a 196ad489dcb34dbd978fab5ee5b58744 - - default default] 10.0.0.169 "POST /v2.0/networks HTTP/1.1" status: 201 len: 852 time: 0.4962075
2026-04-12 21:53:22.791 10 WARNING neutron_lib.context [None req-ed228f87-0452-4fb7-9817-4b08aad6f962 404f5e8f0b02445596acda71cb75571a 196ad489dcb34dbd978fab5ee5b58744 - - default default] Method 'is_advsvc' is deprecated since 2023.2 release (neutron-lib 3.8.0) and will be removed once support for the old RBAC API policies will be removed from Neutron. Please use method 'is_service_role' instead.
2026-04-12 21:53:22.868 9 INFO neutron.db.ovn_revision_numbers_db [None req-c7019e7c-db90-4792-bce6-d7552df01d26 a3205093f34f4fd9915fc406949dd9cd 76a449dc75604226af2f244e37c169cf - - default default] Successfully bumped revision number for resource dd875849-756b-4d2b-a934-de448ac1db3b (type: security_groups) to 1
2026-04-12 21:53:22.883 9 INFO neutron.db.ovn_revision_numbers_db [None req-c7019e7c-db90-4792-bce6-d7552df01d26 a3205093f34f4fd9915fc406949dd9cd 76a449dc75604226af2f244e37c169cf - - default default] Successfully bumped revision number for resource 02bea005-4b8f-42bc-bf5e-3f4e46364d07 (type: security_group_rules) to 0
2026-04-12 21:53:22.894 10 INFO neutron.db.segments_db [None req-ed228f87-0452-4fb7-9817-4b08aad6f962 404f5e8f0b02445596acda71cb75571a 196ad489dcb34dbd978fab5ee5b58744 - - default default] Added segment 4170929f-4217-46a6-8b2c-d699ea8cc5b6 of type geneve for network 2ec33543-38c4-46d1-9146-a21d9596172f
2026-04-12 21:53:22.896 9 INFO neutron.db.ovn_revision_numbers_db [None req-c7019e7c-db90-4792-bce6-d7552df01d26 a3205093f34f4fd9915fc406949dd9cd 76a449dc75604226af2f244e37c169cf - - default default] Successfully bumped revision number for resource 8116218e-88cb-4c12-9388-7e1191be2fd8 (type: security_group_rules) to 0
2026-04-12 21:53:22.910 9 INFO neutron.db.ovn_revision_numbers_db [None req-c7019e7c-db90-4792-bce6-d7552df01d26 a3205093f34f4fd9915fc406949dd9cd 76a449dc75604226af2f244e37c169cf - - default default] Successfully bumped revision number for resource cdab6387-aa3d-4233-a78e-aa8286243c21 (type: security_group_rules) to 0
2026-04-12 21:53:22.927 9 INFO neutron.db.ovn_revision_numbers_db [None req-c7019e7c-db90-4792-bce6-d7552df01d26 a3205093f34f4fd9915fc406949dd9cd 76a449dc75604226af2f244e37c169cf - - default default] Successfully bumped revision number for resource d18b0284-9cce-4fe3-8909-4a0dfb4883ba (type: security_group_rules) to 0
2026-04-12 21:53:22.952 9 INFO neutron.wsgi [None req-c7019e7c-db90-4792-bce6-d7552df01d26 a3205093f34f4fd9915fc406949dd9cd 76a449dc75604226af2f244e37c169cf - - default default] 10.0.0.169 "GET /v2.0/security-groups?tenant_id=70deb74a3b044a7d90d0fd59e36fc606&name=default HTTP/1.1" status: 200 len: 3120 time: 0.3926761
2026-04-12 21:53:23.081 10 INFO neutron.notifiers.nova [-] Nova event matching ['req-3ec4b95f-9610-4a60-8844-c75a22c3a697'] response: {'server_uuid': 'baee8e31-673a-4903-a31a-a76752ff96c3', 'name': 'network-vif-unplugged', 'status': 'completed', 'tag': '2fa44dc3-efc0-4232-9680-f3c06fe140b4', 'code': 200}
2026-04-12 21:53:23.081 10 INFO neutron.notifiers.nova [-] Nova event matching ['req-3ec4b95f-9610-4a60-8844-c75a22c3a697'] response: {'server_uuid': 'baee8e31-673a-4903-a31a-a76752ff96c3', 'name': 'network-vif-unplugged', 'status': 'completed', 'tag': '2fa44dc3-efc0-4232-9680-f3c06fe140b4', 'code': 200}
2026-04-12 21:53:23.111 10 INFO neutron.db.ovn_revision_numbers_db [None req-ed228f87-0452-4fb7-9817-4b08aad6f962 404f5e8f0b02445596acda71cb75571a 196ad489dcb34dbd978fab5ee5b58744 - - default default] Successfully bumped revision number for resource 2ec33543-38c4-46d1-9146-a21d9596172f (type: networks) to 1
2026-04-12 21:53:23.307 10 INFO neutron.wsgi [None req-c5fac8f1-1b75-4e45-811b-c469f2269a9a a3205093f34f4fd9915fc406949dd9cd 76a449dc75604226af2f244e37c169cf - - default default] 10.0.0.169 "DELETE /v2.0/security-groups/dd875849-756b-4d2b-a934-de448ac1db3b HTTP/1.1" status: 204 len: 168 time: 0.3502047
2026-04-12 21:53:23.322 10 WARNING neutron.scheduler.dhcp_agent_scheduler [None req-ed228f87-0452-4fb7-9817-4b08aad6f962 404f5e8f0b02445596acda71cb75571a 196ad489dcb34dbd978fab5ee5b58744 - - default default] No more DHCP agents
2026-04-12 21:53:23.324 10 WARNING neutron.api.rpc.agentnotifiers.dhcp_rpc_agent_api [None req-ed228f87-0452-4fb7-9817-4b08aad6f962 404f5e8f0b02445596acda71cb75571a 196ad489dcb34dbd978fab5ee5b58744 - - default default] Unable to schedule network 2ec33543-38c4-46d1-9146-a21d9596172f: no agents available; will retry on subsequent port and subnet creation events.
