2026-04-12 21:52:58.019 10 INFO neutron.wsgi [req-5f9621a2-9772-40bb-b353-aa425619c1c9 req-5c28b454-b813-442e-ab9b-8352b09163b9 604f38dedab04366942f972aa856ac71 1bd2e5467d01435baa48dc817c8e3130 - - 93503bf48b7f40a88d62655bab932e37 93503bf48b7f40a88d62655bab932e37] 199.204.45.144 "GET /v2.0/subnets?id=18c9e621-2e07-4703-816c-dd1f137b840b HTTP/1.1" status: 200 len: 872 time: 0.0457678
2026-04-12 21:52:58.046 10 INFO neutron.wsgi [req-5f9621a2-9772-40bb-b353-aa425619c1c9 req-a4f63140-1b21-418f-843e-66e077390379 604f38dedab04366942f972aa856ac71 1bd2e5467d01435baa48dc817c8e3130 - - 93503bf48b7f40a88d62655bab932e37 93503bf48b7f40a88d62655bab932e37] 199.204.45.144 "GET /v2.0/ports?network_id=4047a96f-3579-4d5a-9ff5-073fc63dd052&device_owner=network%3Adhcp HTTP/1.1" status: 200 len: 210 time: 0.0205908
2026-04-12 21:52:58.128 10 INFO neutron.wsgi [req-5f9621a2-9772-40bb-b353-aa425619c1c9 req-a1de59b9-1d86-4c1f-a629-e237a671822c 604f38dedab04366942f972aa856ac71 1bd2e5467d01435baa48dc817c8e3130 - - 93503bf48b7f40a88d62655bab932e37 93503bf48b7f40a88d62655bab932e37] 199.204.45.144 "GET /v2.0/networks/4047a96f-3579-4d5a-9ff5-073fc63dd052?fields=segments HTTP/1.1" status: 200 len: 212 time: 0.0669405
2026-04-12 21:52:58.224 10 INFO neutron.wsgi [req-5f9621a2-9772-40bb-b353-aa425619c1c9 req-81c3fdc6-6ab6-49e5-a388-a1678ffbfb33 604f38dedab04366942f972aa856ac71 1bd2e5467d01435baa48dc817c8e3130 - - 93503bf48b7f40a88d62655bab932e37 93503bf48b7f40a88d62655bab932e37] 199.204.45.144 "GET /v2.0/networks/4047a96f-3579-4d5a-9ff5-073fc63dd052?fields=provider%3Aphysical_network&fields=provider%3Anetwork_type HTTP/1.1" status: 200 len: 277 time: 0.0802457
2026-04-12 21:52:58.252 10 WARNING neutron.plugins.ml2.drivers.ovn.mech_driver.ovsdb.ovn_client [None req-f3be13e7-fce4-4559-8475-7f00d676cfbd - - - - - -] No hosting information found for port aeae4546-f3d1-4eac-ae06-bc4f6368b49b: RuntimeError: No hosting information found for port aeae4546-f3d1-4eac-ae06-bc4f6368b49b
2026-04-12 21:52:58.369 9 WARNING neutron.scheduler.dhcp_agent_scheduler [None req-d3a1aed4-228a-47bf-ac1d-1d81c088bed5 4c3efe8d81f84eac9a17eb75cdfc1186 1d7f5e77836540b1b577d69f6f09a9ce - - default default] No more DHCP agents
2026-04-12 21:52:58.371 9 WARNING neutron.api.rpc.agentnotifiers.dhcp_rpc_agent_api [None req-d3a1aed4-228a-47bf-ac1d-1d81c088bed5 4c3efe8d81f84eac9a17eb75cdfc1186 1d7f5e77836540b1b577d69f6f09a9ce - - default default] Unable to schedule network 047c664c-a573-4e50-99dd-dda97e845eb7: no agents available; will retry on subsequent port and subnet creation events.
2026-04-12 21:52:58.582 10 INFO neutron.plugins.ml2.drivers.ovn.mech_driver.ovsdb.commands [None req-b8fecee4-75d1-487e-9ec4-87e5853dae94 - - - - - -] Schedule LRP lrp-c7db9c72-b400-436d-8aa8-d6b6f97518a8 on gateway e718b189-ec62-4cb9-abe5-da49ec23c92f with priority 1
2026-04-12 21:52:58.619 10 INFO neutron.plugins.ml2.drivers.ovn.mech_driver.ovsdb.ovsdb_monitor [None req-eeebf1b8-c6ef-4b66-9824-8ec41af01ace - - - - - -] Router b5613b1a-0906-4eba-bda8-1aff0eb8cda2 is bound to host instance
2026-04-12 21:52:58.649 10 INFO neutron.db.ovn_revision_numbers_db [None req-442c59ff-f50c-4405-955d-e48937e731f6 a3205093f34f4fd9915fc406949dd9cd 76a449dc75604226af2f244e37c169cf - - default default] Successfully bumped revision number for resource c7db9c72-b400-436d-8aa8-d6b6f97518a8 (type: router_ports) to 1
2026-04-12 21:52:58.752 10 INFO neutron.db.ovn_revision_numbers_db [None req-442c59ff-f50c-4405-955d-e48937e731f6 a3205093f34f4fd9915fc406949dd9cd 76a449dc75604226af2f244e37c169cf - - default default] Successfully bumped revision number for resource b5613b1a-0906-4eba-bda8-1aff0eb8cda2 (type: routers) to 2
2026-04-12 21:52:58.755 9 WARNING neutron.scheduler.dhcp_agent_scheduler [None req-2b00719a-12f1-4c2a-bfe9-e727dbc491e5 a3205093f34f4fd9915fc406949dd9cd 76a449dc75604226af2f244e37c169cf - - default default] No more DHCP agents
2026-04-12 21:52:58.760 9 WARNING neutron.api.rpc.agentnotifiers.dhcp_rpc_agent_api [None req-2b00719a-12f1-4c2a-bfe9-e727dbc491e5 a3205093f34f4fd9915fc406949dd9cd 76a449dc75604226af2f244e37c169cf - - default default] Unable to schedule network 047c664c-a573-4e50-99dd-dda97e845eb7: no agents available; will retry on subsequent port and subnet creation events.
2026-04-12 21:52:58.777 10 INFO neutron.wsgi [None req-442c59ff-f50c-4405-955d-e48937e731f6 a3205093f34f4fd9915fc406949dd9cd 76a449dc75604226af2f244e37c169cf - - default default] 10.0.0.169 "POST /v2.0/routers HTTP/1.1" status: 201 len: 1175 time: 2.4265559
2026-04-12 21:52:59.199 9 INFO neutron.wsgi [req-6bd1708a-615e-4cbc-bd21-f930f36ebdb4 req-7f58aa37-f930-4ff0-b99c-aef913d19c40 57dc440e76b542cfb8a69ae23f5db892 a0160232fb404978a08b1331c042846c - - default default] 10.0.0.241 "GET /v2.0/ports?device_id=1e01da97-8ca2-487a-83b5-572df2a2115c HTTP/1.1" status: 200 len: 1168 time: 0.3640480
2026-04-12 21:52:59.237 9 INFO neutron.db.ovn_revision_numbers_db [None req-2b00719a-12f1-4c2a-bfe9-e727dbc491e5 a3205093f34f4fd9915fc406949dd9cd 76a449dc75604226af2f244e37c169cf - - default default] Successfully bumped revision number for resource 9a68e966-b403-4f41-bfb4-accd862bf2b6 (type: ports) to 1
2026-04-12 21:52:59.334 9 INFO neutron.wsgi [req-6bd1708a-615e-4cbc-bd21-f930f36ebdb4 req-5507d1b8-6d3a-42eb-8150-e7d3c54051f2 57dc440e76b542cfb8a69ae23f5db892 a0160232fb404978a08b1331c042846c - - default default] 10.0.0.241 "GET /v2.0/security-groups?id=710e02c1-f3da-4cd1-8f56-77a48323c068&fields=id&fields=name HTTP/1.1" status: 200 len: 313 time: 0.1243784
2026-04-12 21:52:59.488 10 INFO neutron.db.ovn_revision_numbers_db [None req-eeebf1b8-c6ef-4b66-9824-8ec41af01ace - - - - - -] Successfully bumped revision number for resource c7db9c72-b400-436d-8aa8-d6b6f97518a8 (type: ports) to 1
2026-04-12 21:52:59.767 9 INFO neutron.db.ovn_revision_numbers_db [None req-d3a1aed4-228a-47bf-ac1d-1d81c088bed5 4c3efe8d81f84eac9a17eb75cdfc1186 1d7f5e77836540b1b577d69f6f09a9ce - - default default] Successfully bumped revision number for resource ab176532-0510-4621-a6e1-04a87982b0d0 (type: floatingips) to -1
2026-04-12 21:52:59.832 10 INFO neutron.db.ovn_revision_numbers_db [None req-eeebf1b8-c6ef-4b66-9824-8ec41af01ace - - - - - -] Successfully bumped revision number for resource c7db9c72-b400-436d-8aa8-d6b6f97518a8 (type: router_ports) to 3
2026-04-12 21:52:59.885 10 INFO neutron.plugins.ml2.drivers.ovn.mech_driver.mech_driver [None req-f3be13e7-fce4-4559-8475-7f00d676cfbd - - - - - -] OVN reports status up for port: bd279707-abab-47a9-8e4f-8f7cd8e23ef5
2026-04-12 21:52:59.909 10 INFO neutron.plugins.ml2.plugin [None req-f3be13e7-fce4-4559-8475-7f00d676cfbd - - - - - -] Attempt 1 to provision port bd279707-abab-47a9-8e4f-8f7cd8e23ef5
2026-04-12 21:53:00.156 10 INFO neutron.notifiers.nova [-] Nova event matching ['req-25dc8689-a744-4bd5-8fb8-903debe3453e'] response: {'server_uuid': '1e01da97-8ca2-487a-83b5-572df2a2115c', 'name': 'network-vif-plugged', 'status': 'completed', 'tag': 'bd279707-abab-47a9-8e4f-8f7cd8e23ef5', 'code': 200}
2026-04-12 21:53:00.162 9 INFO neutron.db.ovn_revision_numbers_db [None req-d3a1aed4-228a-47bf-ac1d-1d81c088bed5 4c3efe8d81f84eac9a17eb75cdfc1186 1d7f5e77836540b1b577d69f6f09a9ce - - default default] Successfully bumped revision number for resource ab176532-0510-4621-a6e1-04a87982b0d0 (type: floatingips) to 1
2026-04-12 21:53:00.163 9 INFO neutron.db.l3_db [None req-d3a1aed4-228a-47bf-ac1d-1d81c088bed5 4c3efe8d81f84eac9a17eb75cdfc1186 1d7f5e77836540b1b577d69f6f09a9ce - - default default] Floating IP ab176532-0510-4621-a6e1-04a87982b0d0 associated. External IP: 10.96.250.208, port: 287c4e6d-9485-4cd8-bd18-4b13a68391a2.
2026-04-12 21:53:00.192 10 INFO neutron.db.ovn_revision_numbers_db [None req-eeebf1b8-c6ef-4b66-9824-8ec41af01ace - - - - - -] Successfully bumped revision number for resource c7db9c72-b400-436d-8aa8-d6b6f97518a8 (type: ports) to 2
2026-04-12 21:53:00.228 9 INFO neutron.wsgi [None req-d3a1aed4-228a-47bf-ac1d-1d81c088bed5 4c3efe8d81f84eac9a17eb75cdfc1186 1d7f5e77836540b1b577d69f6f09a9ce - - default default] 10.0.0.169 "POST /v2.0/floatingips HTTP/1.1" status: 201 len: 1040 time: 2.3639150
2026-04-12 21:53:00.249 9 WARNING neutron.scheduler.dhcp_agent_scheduler [None req-26536bd1-0e2a-4246-a818-c98174ac38a9 a3205093f34f4fd9915fc406949dd9cd 76a449dc75604226af2f244e37c169cf - - default default] No more DHCP agents
2026-04-12 21:53:00.253 9 WARNING neutron.api.rpc.agentnotifiers.dhcp_rpc_agent_api [None req-26536bd1-0e2a-4246-a818-c98174ac38a9 a3205093f34f4fd9915fc406949dd9cd 76a449dc75604226af2f244e37c169cf - - default default] Unable to schedule network 64dbfbdc-d42e-4477-afbc-f4eec3e12a14: no agents available; will retry on subsequent port and subnet creation events.
2026-04-12 21:53:00.466 10 INFO neutron.db.ovn_revision_numbers_db [None req-f3be13e7-fce4-4559-8475-7f00d676cfbd - - - - - -] Successfully bumped revision number for resource bd279707-abab-47a9-8e4f-8f7cd8e23ef5 (type: ports) to 4
2026-04-12 21:53:00.468 9 INFO neutron.wsgi [req-fe9601d1-ca5e-4f6a-8ffa-233c66cd7097 req-c1127636-46ef-449d-8b9c-c76a1188d1b1 57dc440e76b542cfb8a69ae23f5db892 a0160232fb404978a08b1331c042846c - - default default] 10.0.0.241 "GET /v2.0/ports?device_id=1e01da97-8ca2-487a-83b5-572df2a2115c HTTP/1.1" status: 200 len: 1170 time: 0.0657847
2026-04-12 21:53:00.474 9 INFO neutron.db.ovn_revision_numbers_db [None req-26536bd1-0e2a-4246-a818-c98174ac38a9 a3205093f34f4fd9915fc406949dd9cd 76a449dc75604226af2f244e37c169cf - - default default] Successfully bumped revision number for resource 7fa39064-3f0a-4d53-a948-f49e5773d775 (type: ports) to 1
2026-04-12 21:53:00.528 9 INFO neutron.wsgi [req-fe9601d1-ca5e-4f6a-8ffa-233c66cd7097 req-9372166c-eb47-4c73-80d6-760e5cafe68b 57dc440e76b542cfb8a69ae23f5db892 a0160232fb404978a08b1331c042846c - - default default] 10.0.0.241 "GET /v2.0/security-groups?id=710e02c1-f3da-4cd1-8f56-77a48323c068&fields=id&fields=name HTTP/1.1" status: 200 len: 313 time: 0.0520418
2026-04-12 21:53:00.654 9 INFO neutron.plugins.ml2.drivers.ovn.mech_driver.ovsdb.commands [None req-e59b4a0b-caf0-4788-8bff-ef6c84d506b7 - - - - - -] Schedule LRP lrp-9a68e966-b403-4f41-bfb4-accd862bf2b6 on gateway e718b189-ec62-4cb9-abe5-da49ec23c92f with priority 1
2026-04-12 21:53:00.690 9 INFO neutron.plugins.ml2.drivers.ovn.mech_driver.ovsdb.ovsdb_monitor [None req-34096443-e0fd-416a-b6c8-8861c5f03ee0 - - - - - -] Router 1abf211d-4f25-4ca1-8af0-75aea11b2380 is bound to host instance
2026-04-12 21:53:00.716 9 INFO neutron.db.ovn_revision_numbers_db [None req-2b00719a-12f1-4c2a-bfe9-e727dbc491e5 a3205093f34f4fd9915fc406949dd9cd 76a449dc75604226af2f244e37c169cf - - default default] Successfully bumped revision number for resource 9a68e966-b403-4f41-bfb4-accd862bf2b6 (type: router_ports) to 1
2026-04-12 21:53:00.743 10 INFO neutron.plugins.ml2.drivers.ovn.mech_driver.mech_driver [None req-f3be13e7-fce4-4559-8475-7f00d676cfbd - - - - - -] OVN reports status up for port: 9a68e966-b403-4f41-bfb4-accd862bf2b6
2026-04-12 21:53:00.760 10 INFO neutron.plugins.ml2.plugin [None req-f3be13e7-fce4-4559-8475-7f00d676cfbd - - - - - -] Attempt 1 to provision port 9a68e966-b403-4f41-bfb4-accd862bf2b6
2026-04-12 21:53:00.813 10 INFO neutron.db.ovn_revision_numbers_db [None req-836c3ee3-39da-40d7-96b5-dde18a7c9f2c 4c3efe8d81f84eac9a17eb75cdfc1186 1d7f5e77836540b1b577d69f6f09a9ce - - default default] Successfully bumped revision number for resource ab176532-0510-4621-a6e1-04a87982b0d0 (type: floatingips) to 2
2026-04-12 21:53:00.864 9 INFO neutron.db.ovn_revision_numbers_db [None req-2b00719a-12f1-4c2a-bfe9-e727dbc491e5 a3205093f34f4fd9915fc406949dd9cd 76a449dc75604226af2f244e37c169cf - - default default] Successfully bumped revision number for resource 1abf211d-4f25-4ca1-8af0-75aea11b2380 (type: routers) to 2
2026-04-12 21:53:00.896 9 INFO neutron.wsgi [None req-2b00719a-12f1-4c2a-bfe9-e727dbc491e5 a3205093f34f4fd9915fc406949dd9cd 76a449dc75604226af2f244e37c169cf - - default default] 10.0.0.169 "POST /v2.0/routers HTTP/1.1" status: 201 len: 1162 time: 2.9678245 /var/lib/openstack/lib/python3.10/site-packages/pycadf/identifier.py:71: UserWarning: Invalid uuid: neutron. To ensure interoperability, identifiers should be a valid uuid. warnings.warn(('Invalid uuid: %s. To ensure interoperability, '
2026-04-12 21:53:00.914 10 INFO neutron.db.l3_db [None req-836c3ee3-39da-40d7-96b5-dde18a7c9f2c 4c3efe8d81f84eac9a17eb75cdfc1186 1d7f5e77836540b1b577d69f6f09a9ce - - default default] Floating IP ab176532-0510-4621-a6e1-04a87982b0d0 disassociated. External IP: 10.96.250.208, port: 287c4e6d-9485-4cd8-bd18-4b13a68391a2.
2026-04-12 21:53:00.978 10 INFO neutron.wsgi [None req-836c3ee3-39da-40d7-96b5-dde18a7c9f2c 4c3efe8d81f84eac9a17eb75cdfc1186 1d7f5e77836540b1b577d69f6f09a9ce - - default default] 10.0.0.169 "PUT /v2.0/floatingips/ab176532-0510-4621-a6e1-04a87982b0d0 HTTP/1.1" status: 200 len: 748 time: 0.7433097
2026-04-12 21:53:01.106 10 INFO neutron.db.ovn_revision_numbers_db [None req-eeebf1b8-c6ef-4b66-9824-8ec41af01ace - - - - - -] Successfully bumped revision number for resource c7db9c72-b400-436d-8aa8-d6b6f97518a8 (type: ports) to 4
2026-04-12 21:53:01.464 10 INFO neutron.db.ovn_revision_numbers_db [None req-eeebf1b8-c6ef-4b66-9824-8ec41af01ace - - - - - -] Successfully bumped revision number for resource c7db9c72-b400-436d-8aa8-d6b6f97518a8 (type: router_ports) to 4
2026-04-12 21:53:01.572 10 WARNING neutron.scheduler.dhcp_agent_scheduler [None req-372952b3-21b5-4445-a266-19331daff2ca a3205093f34f4fd9915fc406949dd9cd 76a449dc75604226af2f244e37c169cf - - default default] No more DHCP agents
2026-04-12 21:53:01.573 10 WARNING neutron.api.rpc.agentnotifiers.dhcp_rpc_agent_api [None req-372952b3-21b5-4445-a266-19331daff2ca a3205093f34f4fd9915fc406949dd9cd 76a449dc75604226af2f244e37c169cf - - default default] Unable to schedule network e126a4ba-febd-414b-8422-64e614d8480c: no agents available; will retry on subsequent port and subnet creation events.
2026-04-12 21:53:01.707 10 INFO neutron.wsgi [req-a3db73f8-4e85-40cc-888f-53ba8b6b802c req-c7928b6e-66c7-45a0-8d5d-bdd6cab96c5c 57dc440e76b542cfb8a69ae23f5db892 a0160232fb404978a08b1331c042846c - - default default] 10.0.0.241 "GET /v2.0/ports?device_id=1e01da97-8ca2-487a-83b5-572df2a2115c HTTP/1.1" status: 200 len: 1170 time: 0.1125157
2026-04-12 21:53:01.716 9 ERROR ovsdbapp.backend.ovs_idl.command [None req-26536bd1-0e2a-4246-a818-c98174ac38a9 a3205093f34f4fd9915fc406949dd9cd 76a449dc75604226af2f244e37c169cf - - default default] Error executing command (DbGetCommand): ovsdbapp.backend.ovs_idl.idlutils.RowNotFound: Cannot find Logical_Router_Port with name=lrp-7fa39064-3f0a-4d53-a948-f49e5773d775
2026-04-12 21:53:01.716 9 ERROR ovsdbapp.backend.ovs_idl.command
Traceback (most recent call last):
2026-04-12 21:53:01.716 9 ERROR ovsdbapp.backend.ovs_idl.command
File "/var/lib/openstack/lib/python3.10/site-packages/ovsdbapp/backend/ovs_idl/command.py", line 47, in execute
2026-04-12 21:53:01.716 9 ERROR ovsdbapp.backend.ovs_idl.command self.run_idl(None)
2026-04-12 21:53:01.716 9 ERROR ovsdbapp.backend.ovs_idl.command
File "/var/lib/openstack/lib/python3.10/site-packages/ovsdbapp/backend/ovs_idl/command.py", line 235, in run_idl
2026-04-12 21:53:01.716 9 ERROR ovsdbapp.backend.ovs_idl.command record = self.api.lookup(self.table, self.record)
2026-04-12 21:53:01.716 9 ERROR ovsdbapp.backend.ovs_idl.command
File "/var/lib/openstack/lib/python3.10/site-packages/ovsdbapp/backend/ovs_idl/__init__.py", line 184, in lookup
2026-04-12 21:53:01.716 9 ERROR ovsdbapp.backend.ovs_idl.command return self._lookup(table, record)
2026-04-12 21:53:01.716 9 ERROR ovsdbapp.backend.ovs_idl.command
File "/var/lib/openstack/lib/python3.10/site-packages/ovsdbapp/backend/ovs_idl/__init__.py", line 235, in _lookup
2026-04-12 21:53:01.716 9 ERROR ovsdbapp.backend.ovs_idl.command row = idlutils.row_by_value(self, rl.table, rl.column, record)
2026-04-12 21:53:01.716 9 ERROR ovsdbapp.backend.ovs_idl.command
File "/var/lib/openstack/lib/python3.10/site-packages/ovsdbapp/backend/ovs_idl/idlutils.py", line 114, in row_by_value
2026-04-12 21:53:01.716 9 ERROR ovsdbapp.backend.ovs_idl.command raise RowNotFound(table=table, col=column, match=match)
2026-04-12 21:53:01.716 9 ERROR ovsdbapp.backend.ovs_idl.command ovsdbapp.backend.ovs_idl.idlutils.RowNotFound: Cannot find Logical_Router_Port with name=lrp-7fa39064-3f0a-4d53-a948-f49e5773d775
2026-04-12 21:53:01.716 9 ERROR ovsdbapp.backend.ovs_idl.command 
2026-04-12 21:53:01.717 9 ERROR neutron_lib.callbacks.manager [None req-26536bd1-0e2a-4246-a818-c98174ac38a9 a3205093f34f4fd9915fc406949dd9cd 76a449dc75604226af2f244e37c169cf - - default default] Error during notification for neutron.services.ovn_l3.plugin.OVNL3RouterPlugin._port_update-8777951925999 port, after_update: ovsdbapp.backend.ovs_idl.idlutils.RowNotFound: Cannot find Logical_Router_Port with name=lrp-7fa39064-3f0a-4d53-a948-f49e5773d775
2026-04-12 21:53:01.717 9 ERROR neutron_lib.callbacks.manager
Traceback (most recent call last):
2026-04-12 21:53:01.717 9 ERROR neutron_lib.callbacks.manager
File "/var/lib/openstack/lib/python3.10/site-packages/neutron_lib/callbacks/manager.py", line 189, in _notify_loop
2026-04-12 21:53:01.717 9 ERROR neutron_lib.callbacks.manager callback.method(resource, event, trigger, payload=payload)
2026-04-12 21:53:01.717 9 ERROR neutron_lib.callbacks.manager
File "/var/lib/openstack/lib/python3.10/site-packages/neutron/services/ovn_l3/plugin.py", line 391, in _port_update
2026-04-12 21:53:01.717 9 ERROR neutron_lib.callbacks.manager l3plugin._ovn_client.update_router_port(context,
2026-04-12 21:53:01.717 9 ERROR neutron_lib.callbacks.manager
File "/var/lib/openstack/lib/python3.10/site-packages/neutron/plugins/ml2/drivers/ovn/mech_driver/ovsdb/ovn_client.py", line 1878, in update_router_port
2026-04-12 21:53:01.717 9 ERROR neutron_lib.callbacks.manager self._update_lrouter_port(context, port, if_exists=if_exists,
2026-04-12 21:53:01.717 9 ERROR neutron_lib.callbacks.manager
File "/var/lib/openstack/lib/python3.10/site-packages/neutron/plugins/ml2/drivers/ovn/mech_driver/ovsdb/ovn_client.py", line 1855, in _update_lrouter_port
2026-04-12 21:53:01.717 9 ERROR neutron_lib.callbacks.manager external_ids = self._nb_idl.db_get(
2026-04-12 21:53:01.717 9 ERROR neutron_lib.callbacks.manager
File "/var/lib/openstack/lib/python3.10/site-packages/ovsdbapp/backend/ovs_idl/command.py", line 47, in execute
2026-04-12 21:53:01.717 9 ERROR neutron_lib.callbacks.manager self.run_idl(None)
2026-04-12 21:53:01.717 9 ERROR neutron_lib.callbacks.manager
File "/var/lib/openstack/lib/python3.10/site-packages/ovsdbapp/backend/ovs_idl/command.py", line 235, in run_idl
2026-04-12 21:53:01.717 9 ERROR neutron_lib.callbacks.manager record = self.api.lookup(self.table, self.record)
2026-04-12 21:53:01.717 9 ERROR neutron_lib.callbacks.manager
File "/var/lib/openstack/lib/python3.10/site-packages/ovsdbapp/backend/ovs_idl/__init__.py", line 184, in lookup
2026-04-12 21:53:01.717 9 ERROR neutron_lib.callbacks.manager return self._lookup(table, record)
2026-04-12 21:53:01.717 9 ERROR neutron_lib.callbacks.manager
File "/var/lib/openstack/lib/python3.10/site-packages/ovsdbapp/backend/ovs_idl/__init__.py", line 235, in _lookup
2026-04-12 21:53:01.717 9 ERROR neutron_lib.callbacks.manager row = idlutils.row_by_value(self, rl.table, rl.column, record)
2026-04-12 21:53:01.717 9 ERROR neutron_lib.callbacks.manager
File "/var/lib/openstack/lib/python3.10/site-packages/ovsdbapp/backend/ovs_idl/idlutils.py", line 114, in row_by_value
2026-04-12 21:53:01.717 9 ERROR neutron_lib.callbacks.manager raise RowNotFound(table=table, col=column, match=match)
2026-04-12 21:53:01.717 9 ERROR neutron_lib.callbacks.manager ovsdbapp.backend.ovs_idl.idlutils.RowNotFound: Cannot find Logical_Router_Port with name=lrp-7fa39064-3f0a-4d53-a948-f49e5773d775
2026-04-12 21:53:01.717 9 ERROR neutron_lib.callbacks.manager 
2026-04-12 21:53:01.785 10 INFO neutron.db.ovn_revision_numbers_db [None req-372952b3-21b5-4445-a266-19331daff2ca a3205093f34f4fd9915fc406949dd9cd 76a449dc75604226af2f244e37c169cf - - default default] Successfully bumped revision number for resource 24c4b629-d4b4-4a5d-9ced-5cf64e87000f (type: ports) to 1
2026-04-12 21:53:01.793 10 INFO neutron.wsgi [req-a3db73f8-4e85-40cc-888f-53ba8b6b802c req-18049bb5-ab14-43d2-87e6-b0402267c056 57dc440e76b542cfb8a69ae23f5db892 a0160232fb404978a08b1331c042846c - - default default] 10.0.0.241 "GET /v2.0/security-groups?id=710e02c1-f3da-4cd1-8f56-77a48323c068&fields=id&fields=name HTTP/1.1" status: 200 len: 313 time: 0.0773292
2026-04-12 21:53:01.982 9 INFO neutron.wsgi [req-c988dd44-71ad-4c00-9731-ff3853eec478 req-15a8d897-c152-4420-ad4a-4af3c106c23f 57dc440e76b542cfb8a69ae23f5db892 a0160232fb404978a08b1331c042846c - - default default] 10.0.0.241 "GET /v2.0/ports?device_id=1e01da97-8ca2-487a-83b5-572df2a2115c HTTP/1.1" status: 200 len: 1170 time: 0.0964825
2026-04-12 21:53:02.039 9 INFO neutron.wsgi [None req-4a9456aa-ab21-4e8b-b21e-674c8474e63a 4c3efe8d81f84eac9a17eb75cdfc1186 1d7f5e77836540b1b577d69f6f09a9ce - - default default] 10.0.0.169 "DELETE /v2.0/floatingips/ab176532-0510-4621-a6e1-04a87982b0d0 HTTP/1.1" status: 204 len: 168 time: 1.0543830
2026-04-12 21:53:02.052 10 WARNING neutron_lib.context [None req-1f21f7df-d212-46d0-9b08-10eb670d5a55 4c3efe8d81f84eac9a17eb75cdfc1186 1d7f5e77836540b1b577d69f6f09a9ce - - default default] Method 'is_advsvc' is deprecated since 2023.2 release (neutron-lib 3.8.0) and will be removed once support for the old RBAC API policies will be removed from Neutron. Please use method 'is_service_role' instead.
2026-04-12 21:53:02.105 9 INFO neutron.db.ovn_revision_numbers_db [None req-26536bd1-0e2a-4246-a818-c98174ac38a9 a3205093f34f4fd9915fc406949dd9cd 76a449dc75604226af2f244e37c169cf - - default default] Successfully bumped revision number for resource 7fa39064-3f0a-4d53-a948-f49e5773d775 (type: ports) to 1
2026-04-12 21:53:02.175 9 INFO neutron.db.ovn_revision_numbers_db [None req-34096443-e0fd-416a-b6c8-8861c5f03ee0 - - - - - -] Successfully bumped revision number for resource 9a68e966-b403-4f41-bfb4-accd862bf2b6 (type: ports) to 1
2026-04-12 21:53:02.199 9 WARNING neutron.scheduler.dhcp_agent_scheduler [None req-26536bd1-0e2a-4246-a818-c98174ac38a9 a3205093f34f4fd9915fc406949dd9cd 76a449dc75604226af2f244e37c169cf - - default default] No more DHCP agents
2026-04-12 21:53:02.203 9 WARNING neutron.api.rpc.agentnotifiers.dhcp_rpc_agent_api [None req-26536bd1-0e2a-4246-a818-c98174ac38a9 a3205093f34f4fd9915fc406949dd9cd 76a449dc75604226af2f244e37c169cf - - default default] Unable to schedule network 64dbfbdc-d42e-4477-afbc-f4eec3e12a14: no agents available; will retry on subsequent port and subnet creation events.
2026-04-12 21:53:02.215 10 INFO neutron.notifiers.nova [-] Nova event matching ['req-bcf21542-8e7c-4826-976a-bed873804c4f'] response: {'server_uuid': '1e01da97-8ca2-487a-83b5-572df2a2115c', 'name': 'network-vif-plugged', 'status': 'completed', 'tag': 'bd279707-abab-47a9-8e4f-8f7cd8e23ef5', 'code': 200}
2026-04-12 21:53:02.413 9 WARNING neutron.plugins.ml2.drivers.ovn.mech_driver.ovsdb.ovn_client [None req-970bc591-b6c6-406a-8750-062f221bc339 - - - - - -] No hosting information found for port 38864b02-f2dd-4bad-a6b5-fede6cf558f8: RuntimeError: No hosting information found for port 38864b02-f2dd-4bad-a6b5-fede6cf558f8
2026-04-12 21:53:02.413 9 INFO neutron.plugins.ml2.drivers.ovn.mech_driver.mech_driver [None req-970bc591-b6c6-406a-8750-062f221bc339 - - - - - -] OVN reports status up for port: c7db9c72-b400-436d-8aa8-d6b6f97518a8
2026-04-12 21:53:02.641 10 WARNING neutron.scheduler.dhcp_agent_scheduler [None req-1f21f7df-d212-46d0-9b08-10eb670d5a55 4c3efe8d81f84eac9a17eb75cdfc1186 1d7f5e77836540b1b577d69f6f09a9ce - - default default] No more DHCP agents
2026-04-12 21:53:02.647 10 WARNING neutron.api.rpc.agentnotifiers.dhcp_rpc_agent_api [None req-1f21f7df-d212-46d0-9b08-10eb670d5a55 4c3efe8d81f84eac9a17eb75cdfc1186 1d7f5e77836540b1b577d69f6f09a9ce - - default default] Unable to schedule network 047c664c-a573-4e50-99dd-dda97e845eb7: no agents available; will retry on subsequent port and subnet creation events.
2026-04-12 21:53:02.648 9 INFO neutron.plugins.ml2.plugin [None req-970bc591-b6c6-406a-8750-062f221bc339 - - - - - -] Attempt 1 to provision port c7db9c72-b400-436d-8aa8-d6b6f97518a8
2026-04-12 21:53:02.986 9 INFO neutron.db.ovn_revision_numbers_db [None req-34096443-e0fd-416a-b6c8-8861c5f03ee0 - - - - - -] Successfully bumped revision number for resource 9a68e966-b403-4f41-bfb4-accd862bf2b6 (type: router_ports) to 3
2026-04-12 21:53:03.207 10 ERROR ovsdbapp.backend.ovs_idl.command [None req-372952b3-21b5-4445-a266-19331daff2ca a3205093f34f4fd9915fc406949dd9cd 76a449dc75604226af2f244e37c169cf - - default default] Error executing command (DbGetCommand): ovsdbapp.backend.ovs_idl.idlutils.RowNotFound: Cannot find Logical_Router_Port with name=lrp-24c4b629-d4b4-4a5d-9ced-5cf64e87000f
2026-04-12 21:53:03.207 10 ERROR ovsdbapp.backend.ovs_idl.command
Traceback (most recent call last):
2026-04-12 21:53:03.207 10 ERROR ovsdbapp.backend.ovs_idl.command
File "/var/lib/openstack/lib/python3.10/site-packages/ovsdbapp/backend/ovs_idl/command.py", line 47, in execute
2026-04-12 21:53:03.207 10 ERROR ovsdbapp.backend.ovs_idl.command self.run_idl(None)
2026-04-12 21:53:03.207 10 ERROR ovsdbapp.backend.ovs_idl.command
File "/var/lib/openstack/lib/python3.10/site-packages/ovsdbapp/backend/ovs_idl/command.py", line 235, in run_idl
2026-04-12 21:53:03.207 10 ERROR ovsdbapp.backend.ovs_idl.command record = self.api.lookup(self.table, self.record)
2026-04-12 21:53:03.207 10 ERROR ovsdbapp.backend.ovs_idl.command
File "/var/lib/openstack/lib/python3.10/site-packages/ovsdbapp/backend/ovs_idl/__init__.py", line 184, in lookup
2026-04-12 21:53:03.207 10 ERROR ovsdbapp.backend.ovs_idl.command return self._lookup(table, record)
2026-04-12 21:53:03.207 10 ERROR ovsdbapp.backend.ovs_idl.command
File "/var/lib/openstack/lib/python3.10/site-packages/ovsdbapp/backend/ovs_idl/__init__.py", line 235, in _lookup
2026-04-12 21:53:03.207 10 ERROR ovsdbapp.backend.ovs_idl.command row = idlutils.row_by_value(self, rl.table, rl.column, record)
2026-04-12 21:53:03.207 10 ERROR ovsdbapp.backend.ovs_idl.command
File "/var/lib/openstack/lib/python3.10/site-packages/ovsdbapp/backend/ovs_idl/idlutils.py", line 114, in row_by_value
2026-04-12 21:53:03.207 10 ERROR ovsdbapp.backend.ovs_idl.command raise RowNotFound(table=table, col=column, match=match)
2026-04-12 21:53:03.207 10 ERROR ovsdbapp.backend.ovs_idl.command ovsdbapp.backend.ovs_idl.idlutils.RowNotFound: Cannot find Logical_Router_Port with name=lrp-24c4b629-d4b4-4a5d-9ced-5cf64e87000f
2026-04-12 21:53:03.207 10 ERROR ovsdbapp.backend.ovs_idl.command 
2026-04-12 21:53:03.207 10 ERROR neutron_lib.callbacks.manager [None req-372952b3-21b5-4445-a266-19331daff2ca a3205093f34f4fd9915fc406949dd9cd 76a449dc75604226af2f244e37c169cf - - default default] Error during notification for neutron.services.ovn_l3.plugin.OVNL3RouterPlugin._port_update-8777951925999 port, after_update: ovsdbapp.backend.ovs_idl.idlutils.RowNotFound: Cannot find Logical_Router_Port with name=lrp-24c4b629-d4b4-4a5d-9ced-5cf64e87000f
2026-04-12 21:53:03.207 10 ERROR neutron_lib.callbacks.manager
Traceback (most recent call last):
2026-04-12 21:53:03.207 10 ERROR neutron_lib.callbacks.manager
File "/var/lib/openstack/lib/python3.10/site-packages/neutron_lib/callbacks/manager.py", line 189, in _notify_loop
2026-04-12 21:53:03.207 10 ERROR neutron_lib.callbacks.manager callback.method(resource, event, trigger, payload=payload)
2026-04-12 21:53:03.207 10 ERROR neutron_lib.callbacks.manager
File "/var/lib/openstack/lib/python3.10/site-packages/neutron/services/ovn_l3/plugin.py", line 391, in _port_update
2026-04-12 21:53:03.207 10 ERROR neutron_lib.callbacks.manager l3plugin._ovn_client.update_router_port(context,
2026-04-12 21:53:03.207 10 ERROR neutron_lib.callbacks.manager
File "/var/lib/openstack/lib/python3.10/site-packages/neutron/plugins/ml2/drivers/ovn/mech_driver/ovsdb/ovn_client.py", line 1878, in update_router_port
2026-04-12 21:53:03.207 10 ERROR neutron_lib.callbacks.manager self._update_lrouter_port(context, port, if_exists=if_exists,
2026-04-12 21:53:03.207 10 ERROR neutron_lib.callbacks.manager
File "/var/lib/openstack/lib/python3.10/site-packages/neutron/plugins/ml2/drivers/ovn/mech_driver/ovsdb/ovn_client.py", line 1855, in _update_lrouter_port
2026-04-12 21:53:03.207 10 ERROR neutron_lib.callbacks.manager external_ids = self._nb_idl.db_get(
2026-04-12 21:53:03.207 10 ERROR neutron_lib.callbacks.manager
File "/var/lib/openstack/lib/python3.10/site-packages/ovsdbapp/backend/ovs_idl/command.py", line 47, in execute
2026-04-12 21:53:03.207 10 ERROR neutron_lib.callbacks.manager self.run_idl(None)
2026-04-12 21:53:03.207 10 ERROR neutron_lib.callbacks.manager
File "/var/lib/openstack/lib/python3.10/site-packages/ovsdbapp/backend/ovs_idl/command.py", line 235, in run_idl
2026-04-12 21:53:03.207 10 ERROR neutron_lib.callbacks.manager record = self.api.lookup(self.table, self.record)
2026-04-12 21:53:03.207 10 ERROR neutron_lib.callbacks.manager
File "/var/lib/openstack/lib/python3.10/site-packages/ovsdbapp/backend/ovs_idl/__init__.py", line 184, in lookup
2026-04-12 21:53:03.207 10 ERROR neutron_lib.callbacks.manager return self._lookup(table, record)
2026-04-12 21:53:03.207 10 ERROR neutron_lib.callbacks.manager
File "/var/lib/openstack/lib/python3.10/site-packages/ovsdbapp/backend/ovs_idl/__init__.py", line 235, in _lookup
2026-04-12 21:53:03.207 10 ERROR neutron_lib.callbacks.manager row = idlutils.row_by_value(self, rl.table, rl.column, record)
2026-04-12 21:53:03.207 10 ERROR neutron_lib.callbacks.manager
File "/var/lib/openstack/lib/python3.10/site-packages/ovsdbapp/backend/ovs_idl/idlutils.py", line 114, in row_by_value
2026-04-12 21:53:03.207 10 ERROR neutron_lib.callbacks.manager raise RowNotFound(table=table, col=column, match=match)
2026-04-12 21:53:03.207 10 ERROR neutron_lib.callbacks.manager ovsdbapp.backend.ovs_idl.idlutils.RowNotFound: Cannot find Logical_Router_Port with name=lrp-24c4b629-d4b4-4a5d-9ced-5cf64e87000f
2026-04-12 21:53:03.207 10 ERROR neutron_lib.callbacks.manager 
2026-04-12 21:53:03.236 10 INFO neutron.db.ovn_revision_numbers_db [None req-968acf6b-dfe6-4218-a697-95c49378d62a 57dc440e76b542cfb8a69ae23f5db892 a0160232fb404978a08b1331c042846c - - default default] Successfully bumped revision number for resource a985c373-e29c-4e1d-a9a5-f3ab82c174f5 (type: floatingips) to 1
2026-04-12 21:53:03.237 9 INFO neutron.db.ovn_revision_numbers_db [None req-34096443-e0fd-416a-b6c8-8861c5f03ee0 - - - - - -] Successfully bumped revision number for resource 9a68e966-b403-4f41-bfb4-accd862bf2b6 (type: ports) to 2
2026-04-12 21:53:03.434 10 INFO neutron.db.ovn_revision_numbers_db [None req-968acf6b-dfe6-4218-a697-95c49378d62a 57dc440e76b542cfb8a69ae23f5db892 a0160232fb404978a08b1331c042846c - - default default] Successfully bumped revision number for resource a985c373-e29c-4e1d-a9a5-f3ab82c174f5 (type: floatingips) to 2
2026-04-12 21:53:03.434 10 INFO neutron.db.l3_db [None req-968acf6b-dfe6-4218-a697-95c49378d62a 57dc440e76b542cfb8a69ae23f5db892 a0160232fb404978a08b1331c042846c - - default default] Floating IP a985c373-e29c-4e1d-a9a5-f3ab82c174f5 associated. External IP: 10.96.250.211, port: bd279707-abab-47a9-8e4f-8f7cd8e23ef5.
2026-04-12 21:53:03.503 10 INFO neutron.wsgi [None req-968acf6b-dfe6-4218-a697-95c49378d62a 57dc440e76b542cfb8a69ae23f5db892 a0160232fb404978a08b1331c042846c - - default default] 10.0.0.169 "PUT /v2.0/floatingips/a985c373-e29c-4e1d-a9a5-f3ab82c174f5 HTTP/1.1" status: 200 len: 1049 time: 1.5089302
2026-04-12 21:53:03.506 9 INFO neutron.db.ovn_revision_numbers_db [None req-26536bd1-0e2a-4246-a818-c98174ac38a9 a3205093f34f4fd9915fc406949dd9cd 76a449dc75604226af2f244e37c169cf - - default default] Successfully bumped revision number for resource 7fa39064-3f0a-4d53-a948-f49e5773d775 (type: router_ports) to 1
2026-04-12 21:53:03.511 9 INFO neutron.wsgi [None req-26536bd1-0e2a-4246-a818-c98174ac38a9 a3205093f34f4fd9915fc406949dd9cd 76a449dc75604226af2f244e37c169cf - - default default] 10.0.0.169 "PUT /v2.0/routers/b5613b1a-0906-4eba-bda8-1aff0eb8cda2/add_router_interface HTTP/1.1" status: 200 len: 503 time: 4.7278209 /var/lib/openstack/lib/python3.10/site-packages/pycadf/identifier.py:71: UserWarning: Invalid uuid: neutron. To ensure interoperability, identifiers should be a valid uuid. warnings.warn(('Invalid uuid: %s. To ensure interoperability, '
2026-04-12 21:53:03.576 10 INFO neutron.plugins.ml2.drivers.ovn.mech_driver.mech_driver [None req-f3be13e7-fce4-4559-8475-7f00d676cfbd - - - - - -] OVN reports status up for port: 7fa39064-3f0a-4d53-a948-f49e5773d775
2026-04-12 21:53:03.585 9 INFO neutron.wsgi [req-133eb3a2-2439-4ba3-a74d-5cca04bcb5e2 req-14026723-9321-4907-b9e8-b55051aea9ea 57dc440e76b542cfb8a69ae23f5db892 a0160232fb404978a08b1331c042846c - - default default] 10.0.0.241 "GET /v2.0/ports?device_id=1e01da97-8ca2-487a-83b5-572df2a2115c HTTP/1.1" status: 200 len: 1170 time: 0.0445919
2026-04-12 21:53:03.593 10 INFO neutron.plugins.ml2.plugin [None req-f3be13e7-fce4-4559-8475-7f00d676cfbd - - - - - -] Attempt 1 to provision port 7fa39064-3f0a-4d53-a948-f49e5773d775
2026-04-12 21:53:03.595 10 INFO neutron.db.ovn_revision_numbers_db [None req-372952b3-21b5-4445-a266-19331daff2ca a3205093f34f4fd9915fc406949dd9cd 76a449dc75604226af2f244e37c169cf - - default default] Successfully bumped revision number for resource 24c4b629-d4b4-4a5d-9ced-5cf64e87000f (type: ports) to 1
2026-04-12 21:53:03.659 9 INFO neutron.wsgi [req-133eb3a2-2439-4ba3-a74d-5cca04bcb5e2 req-58978370-4d57-4daa-a94e-4190b78994a6 57dc440e76b542cfb8a69ae23f5db892 a0160232fb404978a08b1331c042846c - - default default] 10.0.0.241 "GET /v2.0/security-groups?id=710e02c1-f3da-4cd1-8f56-77a48323c068&fields=id&fields=name HTTP/1.1" status: 200 len: 313 time: 0.0677688
2026-04-12 21:53:03.705 9 INFO neutron.db.ovn_revision_numbers_db [None req-34096443-e0fd-416a-b6c8-8861c5f03ee0 - - - - - -] Successfully bumped revision number for resource 9a68e966-b403-4f41-bfb4-accd862bf2b6 (type: ports) to 4
2026-04-12 21:53:03.737 10 WARNING neutron.scheduler.dhcp_agent_scheduler [None req-372952b3-21b5-4445-a266-19331daff2ca a3205093f34f4fd9915fc406949dd9cd 76a449dc75604226af2f244e37c169cf - - default default] No more DHCP agents
2026-04-12 21:53:03.741 10 WARNING neutron.api.rpc.agentnotifiers.dhcp_rpc_agent_api [None req-372952b3-21b5-4445-a266-19331daff2ca a3205093f34f4fd9915fc406949dd9cd 76a449dc75604226af2f244e37c169cf - - default default] Unable to schedule network e126a4ba-febd-414b-8422-64e614d8480c: no agents available; will retry on subsequent port and subnet creation events.
2026-04-12 21:53:04.008 9 INFO neutron.wsgi [req-08f67c9f-9819-4ba7-9174-60e00e5945a7 req-bafc17d0-8bd1-4c19-bd51-7a6e3b581508 57dc440e76b542cfb8a69ae23f5db892 a0160232fb404978a08b1331c042846c - - default default] 10.0.0.241 "GET /v2.0/ports?device_id=1e01da97-8ca2-487a-83b5-572df2a2115c HTTP/1.1" status: 200 len: 1170 time: 0.0470545
2026-04-12 21:53:04.038 9 INFO neutron.db.ovn_revision_numbers_db [None req-34096443-e0fd-416a-b6c8-8861c5f03ee0 - - - - - -] Successfully bumped revision number for resource 9a68e966-b403-4f41-bfb4-accd862bf2b6 (type: router_ports) to 4
2026-04-12 21:53:04.058 9 INFO neutron.wsgi [req-08f67c9f-9819-4ba7-9174-60e00e5945a7 req-98b35218-fd6e-4527-8d30-f5cdd0a44e6f 57dc440e76b542cfb8a69ae23f5db892 a0160232fb404978a08b1331c042846c - - default default] 10.0.0.241 "GET /v2.0/security-groups?id=710e02c1-f3da-4cd1-8f56-77a48323c068&fields=id&fields=name HTTP/1.1" status: 200 len: 313 time: 0.0434208
2026-04-12 21:53:04.120 9 WARNING neutron_lib.context [None req-2d8cb869-e04f-46ce-b214-00390ad629f3 b85ed7c79d3947a39d23c8230fb721fc c914d3b66ff14547ad0eb543580326c4 - - default default] Method 'is_advsvc' is deprecated since 2023.2 release (neutron-lib 3.8.0) and will be removed once support for the old RBAC API policies will be removed from Neutron. Please use method 'is_service_role' instead.
2026-04-12 21:53:04.261 10 INFO neutron.notifiers.nova [-] Nova event matching ['req-fe0703ba-3101-4288-909e-599c8aabf1dd'] response: {'name': 'network-changed', 'server_uuid': '1e01da97-8ca2-487a-83b5-572df2a2115c', 'tag': 'bd279707-abab-47a9-8e4f-8f7cd8e23ef5', 'status': 'completed', 'code': 200}
2026-04-12 21:53:04.269 9 INFO neutron.db.ovn_revision_numbers_db [None req-2d8cb869-e04f-46ce-b214-00390ad629f3 b85ed7c79d3947a39d23c8230fb721fc c914d3b66ff14547ad0eb543580326c4 - - default default] Successfully bumped revision number for resource 44f06a23-5e8d-4121-923c-055e278d2fc6 (type: security_groups) to 1
2026-04-12 21:53:04.288 9 INFO neutron.db.ovn_revision_numbers_db [None req-2d8cb869-e04f-46ce-b214-00390ad629f3 b85ed7c79d3947a39d23c8230fb721fc c914d3b66ff14547ad0eb543580326c4 - - default default] Successfully bumped revision number for resource 3661aaa0-24ac-45d6-9cc6-8e383ae878eb (type: security_group_rules) to 0
2026-04-12 21:53:04.316 9 INFO neutron.db.ovn_revision_numbers_db [None req-2d8cb869-e04f-46ce-b214-00390ad629f3 b85ed7c79d3947a39d23c8230fb721fc c914d3b66ff14547ad0eb543580326c4 - - default default] Successfully bumped revision number for resource c1f20ce3-0da0-40a5-a507-8e5605f52322 (type: security_group_rules) to 0
2026-04-12 21:53:04.344 9 INFO neutron.wsgi [None req-2d8cb869-e04f-46ce-b214-00390ad629f3 b85ed7c79d3947a39d23c8230fb721fc c914d3b66ff14547ad0eb543580326c4 - - default default] 10.0.0.169 "POST /v2.0/security-groups HTTP/1.1" status: 201 len: 1859 time: 0.2279832
2026-04-12 21:53:04.352 10 INFO neutron.wsgi [req-a1355b62-c751-405c-9300-c0437e4b706f req-93b8a130-ae84-4958-b264-f6e1c558d646 604f38dedab04366942f972aa856ac71 1bd2e5467d01435baa48dc817c8e3130 - - 93503bf48b7f40a88d62655bab932e37 93503bf48b7f40a88d62655bab932e37] 199.204.45.144 "GET /v2.0/ports?tenant_id=a0160232fb404978a08b1331c042846c&device_id=1e01da97-8ca2-487a-83b5-572df2a2115c HTTP/1.1" status: 200 len: 1409 time: 0.0675731
2026-04-12 21:53:04.354 9 WARNING neutron_lib.context [None req-ce3ed4b6-9b48-4e88-8c95-bbe196ad17d2 b85ed7c79d3947a39d23c8230fb721fc c914d3b66ff14547ad0eb543580326c4 - - default default] Method 'is_advsvc' is deprecated since 2023.2 release (neutron-lib 3.8.0) and will be removed once support for the old RBAC API policies will be removed from Neutron. Please use method 'is_service_role' instead.
2026-04-12 21:53:04.450 10 INFO neutron.db.ovn_revision_numbers_db [None req-1f21f7df-d212-46d0-9b08-10eb670d5a55 4c3efe8d81f84eac9a17eb75cdfc1186 1d7f5e77836540b1b577d69f6f09a9ce - - default default] Successfully bumped revision number for resource 3f50e1ce-4d58-4d9a-8b9d-e3e084c354d8 (type: floatingips) to -1
2026-04-12 21:53:04.479 9 INFO neutron.wsgi [req-8ed9ae2c-da64-4892-86b5-e5c69ca62155 req-0411983c-f79f-45bf-a317-63011e8470cd 57dc440e76b542cfb8a69ae23f5db892 a0160232fb404978a08b1331c042846c - - default default] 199.204.45.144 "GET /v2.0/ports?device_id=1e01da97-8ca2-487a-83b5-572df2a2115c HTTP/1.1" status: 200 len: 1170 time: 0.1152852
2026-04-12 21:53:04.513 10 INFO neutron.wsgi [req-a1355b62-c751-405c-9300-c0437e4b706f req-e180b704-ae7c-4ccd-b1f3-3ab3753cb437 604f38dedab04366942f972aa856ac71 1bd2e5467d01435baa48dc817c8e3130 - - 93503bf48b7f40a88d62655bab932e37 93503bf48b7f40a88d62655bab932e37] 199.204.45.144 "GET /v2.0/networks?id=4047a96f-3579-4d5a-9ff5-073fc63dd052 HTTP/1.1" status: 200 len: 977 time: 0.1344879
2026-04-12 21:53:04.561 9 INFO neutron.wsgi [-] 10.0.0.214 "GET / HTTP/1.1" status: 200 len: 247 time: 0.0028746
2026-04-12 21:53:04.562 9 INFO neutron.wsgi [-] 10.0.0.214 "GET / HTTP/1.1" status: 200 len: 247 time: 0.0008845
2026-04-12 21:53:04.564 9 INFO neutron.db.ovn_revision_numbers_db [None req-ce3ed4b6-9b48-4e88-8c95-bbe196ad17d2 b85ed7c79d3947a39d23c8230fb721fc c914d3b66ff14547ad0eb543580326c4 - - default default] Successfully bumped revision number for resource 6cfb7cb0-fe7a-4700-8dc7-cfe46f1d1863 (type: security_group_rules) to 0
2026-04-12 21:53:04.684 10 INFO neutron.wsgi [req-a1355b62-c751-405c-9300-c0437e4b706f req-6e47ab80-fa06-43c0-afc8-75c43b29879e 604f38dedab04366942f972aa856ac71 1bd2e5467d01435baa48dc817c8e3130 - - 93503bf48b7f40a88d62655bab932e37 93503bf48b7f40a88d62655bab932e37] 199.204.45.144 "GET /v2.0/floatingips?fixed_ip_address=10.100.0.4&port_id=bd279707-abab-47a9-8e4f-8f7cd8e23ef5 HTTP/1.1" status: 200 len: 1059 time: 0.1639600
2026-04-12 21:53:04.754 10 INFO neutron.db.ovn_revision_numbers_db [None req-f3be13e7-fce4-4559-8475-7f00d676cfbd - - - - - -] Successfully bumped revision number for resource 7fa39064-3f0a-4d53-a948-f49e5773d775 (type: ports) to 2
2026-04-12 21:53:04.758 10 INFO neutron.wsgi [req-a1355b62-c751-405c-9300-c0437e4b706f req-1223ce4a-bd92-49d3-a342-1f5b16778778 604f38dedab04366942f972aa856ac71 1bd2e5467d01435baa48dc817c8e3130 - - 93503bf48b7f40a88d62655bab932e37 93503bf48b7f40a88d62655bab932e37] 199.204.45.144 "GET /v2.0/subnets?id=18c9e621-2e07-4703-816c-dd1f137b840b HTTP/1.1" status: 200 len: 872 time: 0.0601106
2026-04-12 21:53:04.772 10 INFO neutron.db.ovn_revision_numbers_db [None req-1f21f7df-d212-46d0-9b08-10eb670d5a55 4c3efe8d81f84eac9a17eb75cdfc1186 1d7f5e77836540b1b577d69f6f09a9ce - - default default] Successfully bumped revision number for resource 3f50e1ce-4d58-4d9a-8b9d-e3e084c354d8 (type: floatingips) to 1
2026-04-12 21:53:04.773 10 INFO neutron.db.l3_db [None req-1f21f7df-d212-46d0-9b08-10eb670d5a55 4c3efe8d81f84eac9a17eb75cdfc1186 1d7f5e77836540b1b577d69f6f09a9ce - - default default] Floating IP 3f50e1ce-4d58-4d9a-8b9d-e3e084c354d8 associated. External IP: 10.96.250.214, port: 87b27f26-0c99-4048-b824-36056f863e84.
2026-04-12 21:53:04.787 10 INFO neutron.wsgi [req-a1355b62-c751-405c-9300-c0437e4b706f req-10082dd3-544d-41fe-a468-dfba550a6275 604f38dedab04366942f972aa856ac71 1bd2e5467d01435baa48dc817c8e3130 - - 93503bf48b7f40a88d62655bab932e37 93503bf48b7f40a88d62655bab932e37] 199.204.45.144 "GET /v2.0/ports?network_id=4047a96f-3579-4d5a-9ff5-073fc63dd052&device_owner=network%3Adhcp HTTP/1.1" status: 200 len: 210 time: 0.0228901
2026-04-12 21:53:04.792 9 INFO neutron.wsgi [None req-ce3ed4b6-9b48-4e88-8c95-bbe196ad17d2 b85ed7c79d3947a39d23c8230fb721fc c914d3b66ff14547ad0eb543580326c4 - - default default] 10.0.0.169 "POST /v2.0/security-group-rules HTTP/1.1" status: 201 len: 796 time: 0.4417098
2026-04-12 21:53:04.802 9 WARNING neutron_lib.context [None req-9979937a-0f48-41ab-9048-bcb5bd0a786e b85ed7c79d3947a39d23c8230fb721fc c914d3b66ff14547ad0eb543580326c4 - - default default] Method 'is_advsvc' is deprecated since 2023.2 release (neutron-lib 3.8.0) and will be removed once support for the old RBAC API policies will be removed from Neutron. Please use method 'is_service_role' instead.
2026-04-12 21:53:04.901 10 INFO neutron.wsgi [None req-1f21f7df-d212-46d0-9b08-10eb670d5a55 4c3efe8d81f84eac9a17eb75cdfc1186 1d7f5e77836540b1b577d69f6f09a9ce - - default default] 10.0.0.169 "POST /v2.0/floatingips HTTP/1.1" status: 201 len: 1041 time: 2.8536186
2026-04-12 21:53:04.949 10 INFO neutron.wsgi [req-a1355b62-c751-405c-9300-c0437e4b706f req-2fd7361f-d4cf-4046-aa11-58ab8f37f52f 604f38dedab04366942f972aa856ac71 1bd2e5467d01435baa48dc817c8e3130 - - 93503bf48b7f40a88d62655bab932e37 93503bf48b7f40a88d62655bab932e37] 199.204.45.144 "GET /v2.0/networks/4047a96f-3579-4d5a-9ff5-073fc63dd052?fields=segments HTTP/1.1" status: 200 len: 212 time: 0.1519899
2026-04-12 21:53:04.990 10 INFO neutron.wsgi [None req-f2d7f5b5-04bb-4e91-a3ec-b3c872e8c454 4c3efe8d81f84eac9a17eb75cdfc1186 1d7f5e77836540b1b577d69f6f09a9ce - - default default] 10.0.0.169 "GET /v2.0/floatingips/3f50e1ce-4d58-4d9a-8b9d-e3e084c354d8 HTTP/1.1" status: 200 len: 1038 time: 0.0838387
2026-04-12 21:53:05.050 9 INFO neutron.db.ovn_revision_numbers_db [None req-9979937a-0f48-41ab-9048-bcb5bd0a786e b85ed7c79d3947a39d23c8230fb721fc c914d3b66ff14547ad0eb543580326c4 - - default default] Successfully bumped revision number for resource 7cfa4d8b-6fba-4100-940b-dbfbcbf919b6 (type: security_group_rules) to 0
2026-04-12 21:53:05.080 10 INFO neutron.wsgi [req-a1355b62-c751-405c-9300-c0437e4b706f req-2dd511ef-3fab-469a-8b33-06084ad45f39 604f38dedab04366942f972aa856ac71 1bd2e5467d01435baa48dc817c8e3130 - - 93503bf48b7f40a88d62655bab932e37 93503bf48b7f40a88d62655bab932e37] 199.204.45.144 "GET /v2.0/networks/4047a96f-3579-4d5a-9ff5-073fc63dd052?fields=provider%3Aphysical_network&fields=provider%3Anetwork_type HTTP/1.1" status: 200 len: 277 time: 0.1232913
2026-04-12 21:53:05.096 10 INFO neutron.db.ovn_revision_numbers_db [None req-f3be13e7-fce4-4559-8475-7f00d676cfbd - - - - - -] Successfully bumped revision number for resource 7fa39064-3f0a-4d53-a948-f49e5773d775 (type: router_ports) to 2
2026-04-12 21:53:05.103 9 INFO neutron.wsgi [None req-62eb89dd-7486-4b22-b621-4c3accc926f6 4c3efe8d81f84eac9a17eb75cdfc1186 1d7f5e77836540b1b577d69f6f09a9ce - - default default] 10.0.0.169 "GET /v2.0/floatingips HTTP/1.1" status: 200 len: 1041 time: 0.1045463
2026-04-12 21:53:05.118 9 INFO neutron.wsgi [None req-9979937a-0f48-41ab-9048-bcb5bd0a786e b85ed7c79d3947a39d23c8230fb721fc c914d3b66ff14547ad0eb543580326c4 - - default default] 10.0.0.169 "POST /v2.0/security-group-rules HTTP/1.1" status: 201 len: 801 time: 0.3207490
2026-04-12 21:53:05.142 10 WARNING neutron_lib.context [None req-e66a8461-a307-4815-bddd-dc0c4769edae b85ed7c79d3947a39d23c8230fb721fc c914d3b66ff14547ad0eb543580326c4 - - default default] Method 'is_advsvc' is deprecated since 2023.2 release (neutron-lib 3.8.0) and will be removed once support for the old RBAC API policies will be removed from Neutron. Please use method 'is_service_role' instead.
2026-04-12 21:53:05.256 9 INFO neutron.db.l3_db [req-8ed9ae2c-da64-4892-86b5-e5c69ca62155 req-6706caa9-9baf-4046-a5e0-de3c9ccab922 57dc440e76b542cfb8a69ae23f5db892 a0160232fb404978a08b1331c042846c - - default default] Floating IP a985c373-e29c-4e1d-a9a5-f3ab82c174f5 disassociated. External IP: 10.96.250.211, port: bd279707-abab-47a9-8e4f-8f7cd8e23ef5.
2026-04-12 21:53:05.440 9 INFO neutron.wsgi [req-8ed9ae2c-da64-4892-86b5-e5c69ca62155 req-6706caa9-9baf-4046-a5e0-de3c9ccab922 57dc440e76b542cfb8a69ae23f5db892 a0160232fb404978a08b1331c042846c - - default default] 199.204.45.144 "DELETE /v2.0/ports/bd279707-abab-47a9-8e4f-8f7cd8e23ef5 HTTP/1.1" status: 204 len: 173 time: 0.9537632
2026-04-12 21:53:05.448 10 INFO neutron.wsgi [req-5c3093c4-aa76-4bfe-84a3-0cf45393fd3f req-366486f6-9aef-4fb0-ba82-420fa9c11817 57dc440e76b542cfb8a69ae23f5db892 a0160232fb404978a08b1331c042846c - - default default] 10.0.0.241 "GET /v2.0/ports?device_id=1e01da97-8ca2-487a-83b5-572df2a2115c HTTP/1.1" status: 200 len: 1170 time: 0.3016303
2026-04-12 21:53:05.526 10 INFO neutron.wsgi [req-5c3093c4-aa76-4bfe-84a3-0cf45393fd3f req-28e11d05-b463-4a1b-8939-54178f1ceb8d 57dc440e76b542cfb8a69ae23f5db892 a0160232fb404978a08b1331c042846c - - default default] 10.0.0.241 "GET /v2.0/security-groups?id=710e02c1-f3da-4cd1-8f56-77a48323c068&fields=id&fields=name HTTP/1.1" status: 200 len: 313 time: 0.0576208
2026-04-12 21:53:05.743 10 INFO neutron.db.ovn_revision_numbers_db [None req-372952b3-21b5-4445-a266-19331daff2ca a3205093f34f4fd9915fc406949dd9cd 76a449dc75604226af2f244e37c169cf - - default default] Successfully bumped revision number for resource 24c4b629-d4b4-4a5d-9ced-5cf64e87000f (type: router_ports) to 1
2026-04-12 21:53:05.747 10 INFO neutron.wsgi [None req-372952b3-21b5-4445-a266-19331daff2ca a3205093f34f4fd9915fc406949dd9cd 76a449dc75604226af2f244e37c169cf - - default default] 10.0.0.169 "PUT /v2.0/routers/1abf211d-4f25-4ca1-8af0-75aea11b2380/add_router_interface HTTP/1.1" status: 200 len: 503 time: 4.8450685
2026-04-12 21:53:05.773 9 INFO neutron.db.ovn_revision_numbers_db [None req-b2131d47-d4be-47b5-809e-80a0b619bfaf 4c3efe8d81f84eac9a17eb75cdfc1186 1d7f5e77836540b1b577d69f6f09a9ce - - default default] Successfully bumped revision number for resource 3f50e1ce-4d58-4d9a-8b9d-e3e084c354d8 (type: floatingips) to 2
2026-04-12 21:53:05.783 10 WARNING neutron.scheduler.dhcp_agent_scheduler [None req-e66a8461-a307-4815-bddd-dc0c4769edae b85ed7c79d3947a39d23c8230fb721fc c914d3b66ff14547ad0eb543580326c4 - - default default] No more DHCP agents
2026-04-12 21:53:05.787 10 WARNING neutron.api.rpc.agentnotifiers.dhcp_rpc_agent_api [None req-e66a8461-a307-4815-bddd-dc0c4769edae b85ed7c79d3947a39d23c8230fb721fc c914d3b66ff14547ad0eb543580326c4 - - default default] Unable to schedule network 047c664c-a573-4e50-99dd-dda97e845eb7: no agents available; will retry on subsequent port and subnet creation events.
2026-04-12 21:53:05.890 9 INFO neutron.notifiers.nova [-] Nova event matching ['req-9a891590-fa3a-47c9-a24c-b5b526e29507'] response: {'server_uuid': '1e01da97-8ca2-487a-83b5-572df2a2115c', 'name': 'network-vif-deleted', 'tag': 'bd279707-abab-47a9-8e4f-8f7cd8e23ef5', 'status': 'completed', 'code': 200}
2026-04-12 21:53:05.914 9 INFO neutron.db.ovn_revision_numbers_db [None req-b2131d47-d4be-47b5-809e-80a0b619bfaf 4c3efe8d81f84eac9a17eb75cdfc1186 1d7f5e77836540b1b577d69f6f09a9ce - - default default] Successfully bumped revision number for resource 3f50e1ce-4d58-4d9a-8b9d-e3e084c354d8 (type: floatingips) to 2
2026-04-12 21:53:05.914 9 INFO neutron.db.l3_db [None req-b2131d47-d4be-47b5-809e-80a0b619bfaf 4c3efe8d81f84eac9a17eb75cdfc1186 1d7f5e77836540b1b577d69f6f09a9ce - - default default] Floating IP 3f50e1ce-4d58-4d9a-8b9d-e3e084c354d8 associated. External IP: 10.96.250.214, port: 87b27f26-0c99-4048-b824-36056f863e84.
2026-04-12 21:53:05.989 9 INFO neutron.wsgi [None req-b2131d47-d4be-47b5-809e-80a0b619bfaf 4c3efe8d81f84eac9a17eb75cdfc1186 1d7f5e77836540b1b577d69f6f09a9ce - - default default] 10.0.0.169 "PUT /v2.0/floatingips/3f50e1ce-4d58-4d9a-8b9d-e3e084c354d8 HTTP/1.1" status: 200 len: 1037 time: 0.8806906
