2026-04-12 21:54:58.753 9 INFO neutron.db.segments_db [None req-fbd5465a-4f13-45d7-9636-09c68705daea de4ddd02543d4f84ba72f6716c854d27 b39f6091934e45408f9eb902fc62d2f3 - - default default] Added segment 37542f37-d8bb-4e35-98d7-6dfd2365eef5 of type geneve for network b38bec5d-9443-4f2a-9cda-913ff262b27f
2026-04-12 21:54:58.909 9 INFO neutron.db.ovn_revision_numbers_db [None req-fbd5465a-4f13-45d7-9636-09c68705daea de4ddd02543d4f84ba72f6716c854d27 b39f6091934e45408f9eb902fc62d2f3 - - default default] Successfully bumped revision number for resource b38bec5d-9443-4f2a-9cda-913ff262b27f (type: networks) to 1
2026-04-12 21:54:59.099 9 WARNING neutron.scheduler.dhcp_agent_scheduler [None req-fbd5465a-4f13-45d7-9636-09c68705daea de4ddd02543d4f84ba72f6716c854d27 b39f6091934e45408f9eb902fc62d2f3 - - default default] No more DHCP agents
2026-04-12 21:54:59.101 9 WARNING neutron.api.rpc.agentnotifiers.dhcp_rpc_agent_api [None req-fbd5465a-4f13-45d7-9636-09c68705daea de4ddd02543d4f84ba72f6716c854d27 b39f6091934e45408f9eb902fc62d2f3 - - default default] Unable to schedule network b38bec5d-9443-4f2a-9cda-913ff262b27f: no agents available; will retry on subsequent port and subnet creation events.
2026-04-12 21:54:59.184 9 INFO neutron.db.ovn_revision_numbers_db [None req-fbd5465a-4f13-45d7-9636-09c68705daea de4ddd02543d4f84ba72f6716c854d27 b39f6091934e45408f9eb902fc62d2f3 - - default default] Successfully bumped revision number for resource d10d2270-7b15-4bbd-bef1-289ec25d03b8 (type: ports) to 1
2026-04-12 21:54:59.204 9 INFO neutron.wsgi [None req-fbd5465a-4f13-45d7-9636-09c68705daea de4ddd02543d4f84ba72f6716c854d27 b39f6091934e45408f9eb902fc62d2f3 - - default default] 10.0.0.169 "POST /v2.0/networks HTTP/1.1" status: 201 len: 831 time: 0.5639975
2026-04-12 21:54:59.251 9 INFO neutron.wsgi [None req-b8793d04-b069-44b3-b4c5-b6dc1bad085c de4ddd02543d4f84ba72f6716c854d27 b39f6091934e45408f9eb902fc62d2f3 - - default default] 10.0.0.169 "PUT /v2.0/networks/26aa07e6-b17b-4b54-8b23-f10e7faada47/tags HTTP/1.1" status: 200 len: 210 time: 0.0434213
2026-04-12 21:54:59.300 9 INFO neutron.wsgi [None req-0a6c1f2d-febc-4e26-9a5d-6f921956604c de4ddd02543d4f84ba72f6716c854d27 b39f6091934e45408f9eb902fc62d2f3 - - default default] 10.0.0.169 "PUT /v2.0/networks/08fa515c-da57-4471-b6f5-50419d95e782/tags HTTP/1.1" status: 200 len: 218 time: 0.0427992
2026-04-12 21:54:59.374 9 INFO neutron.wsgi [None req-3fdd32c3-16db-4b4f-8506-8c724b1e2662 de4ddd02543d4f84ba72f6716c854d27 b39f6091934e45408f9eb902fc62d2f3 - - default default] 10.0.0.169 "PUT /v2.0/networks/ac18a52d-683e-47a4-8a23-7726db507436/tags HTTP/1.1" status: 200 len: 227 time: 0.0696719
2026-04-12 21:54:59.437 9 INFO neutron.wsgi [None req-7c8238e3-2960-4012-b543-50daca8d3974 de4ddd02543d4f84ba72f6716c854d27 b39f6091934e45408f9eb902fc62d2f3 - - default default] 10.0.0.169 "PUT /v2.0/networks/63bdcfc6-316a-4c0b-9861-7cb37501a10e/tags HTTP/1.1" status: 200 len: 212 time: 0.0578535
2026-04-12 21:54:59.529 10 INFO neutron.wsgi [None req-99e63346-9b32-4f89-a198-7d338b1eacf1 de4ddd02543d4f84ba72f6716c854d27 b39f6091934e45408f9eb902fc62d2f3 - - default default] 10.0.0.169 "GET /v2.0/networks?tags=red HTTP/1.1" status: 200 len: 2068 time: 0.0838001
2026-04-12 21:54:59.581 9 WARNING neutron_lib.context [None req-c2092107-7402-4144-82f7-fbdfa3d68729 0fffb299bb094562b4ea1f1a63135fc8 9e86ad817ff04d288a444938d5030a72 - - default default] Method 'is_advsvc' is deprecated since 2023.2 release (neutron-lib 3.8.0) and will be removed once support for the old RBAC API policies will be removed from Neutron. Please use method 'is_service_role' instead.
2026-04-12 21:54:59.609 10 INFO neutron.wsgi [None req-27b1cb6e-3ab0-43b2-b416-11c2c76fd707 de4ddd02543d4f84ba72f6716c854d27 b39f6091934e45408f9eb902fc62d2f3 - - default default] 10.0.0.169 "GET /v2.0/networks?tags=red%2Cblue HTTP/1.1" status: 200 len: 1456 time: 0.0742242
2026-04-12 21:54:59.704 9 INFO neutron.wsgi [None req-42303215-4101-447b-83fd-874447bab656 de4ddd02543d4f84ba72f6716c854d27 b39f6091934e45408f9eb902fc62d2f3 - - default default] 10.0.0.169 "GET /v2.0/networks?tags-any=blue HTTP/1.1" status: 200 len: 1456 time: 0.0892413
2026-04-12 21:54:59.704 10 WARNING neutron_lib.context [None req-2c609f68-74cb-4579-a520-aad19051c041 9f4646c6931944fa94d9652eb07fe677 a4ae721bfd75450eb78231ae7822bbf8 - - default default] Method 'is_advsvc' is deprecated since 2023.2 release (neutron-lib 3.8.0) and will be removed once support for the old RBAC API policies will be removed from Neutron. Please use method 'is_service_role' instead.
2026-04-12 21:54:59.774 9 INFO neutron.db.ovn_revision_numbers_db [None req-c2092107-7402-4144-82f7-fbdfa3d68729 0fffb299bb094562b4ea1f1a63135fc8 9e86ad817ff04d288a444938d5030a72 - - default default] Successfully bumped revision number for resource 82bd2d7a-3d75-48f9-aaa8-91e541686bb3 (type: security_groups) to 1
2026-04-12 21:54:59.789 9 INFO neutron.db.ovn_revision_numbers_db [None req-c2092107-7402-4144-82f7-fbdfa3d68729 0fffb299bb094562b4ea1f1a63135fc8 9e86ad817ff04d288a444938d5030a72 - - default default] Successfully bumped revision number for resource 08bdfb2e-5c0e-4fbd-a48a-2601b684e657 (type: security_group_rules) to 0
2026-04-12 21:54:59.794 10 INFO neutron.wsgi [None req-dc84788c-e3be-49ae-b10b-24628e1f97c2 de4ddd02543d4f84ba72f6716c854d27 b39f6091934e45408f9eb902fc62d2f3 - - default default] 10.0.0.169 "GET /v2.0/networks?tags-any=red%2Cblue HTTP/1.1" status: 200 len: 2068 time: 0.0854645
2026-04-12 21:54:59.800 9 INFO neutron.db.ovn_revision_numbers_db [None req-c2092107-7402-4144-82f7-fbdfa3d68729 0fffb299bb094562b4ea1f1a63135fc8 9e86ad817ff04d288a444938d5030a72 - - default default] Successfully bumped revision number for resource 39681792-1a84-425c-a5b2-cb9b08fdc1a3 (type: security_group_rules) to 0
2026-04-12 21:54:59.814 9 INFO neutron.db.ovn_revision_numbers_db [None req-c2092107-7402-4144-82f7-fbdfa3d68729 0fffb299bb094562b4ea1f1a63135fc8 9e86ad817ff04d288a444938d5030a72 - - default default] Successfully bumped revision number for resource 495cf7bd-e871-456c-8a9c-75aa994e7462 (type: security_group_rules) to 0
2026-04-12 21:54:59.826 9 INFO neutron.db.ovn_revision_numbers_db [None req-c2092107-7402-4144-82f7-fbdfa3d68729 0fffb299bb094562b4ea1f1a63135fc8 9e86ad817ff04d288a444938d5030a72 - - default default] Successfully bumped revision number for resource 789c21fd-4144-42bf-9b9d-ef1d0bd3eac8 (type: security_group_rules) to 0
2026-04-12 21:54:59.879 9 INFO neutron.db.segments_db [None req-c2092107-7402-4144-82f7-fbdfa3d68729 0fffb299bb094562b4ea1f1a63135fc8 9e86ad817ff04d288a444938d5030a72 - - default default] Added segment 9a96e9e4-ffa9-460a-89ab-313405332d86 of type geneve for network 091ed745-5d60-4e92-8593-8523ce878089
2026-04-12 21:55:00.022 9 INFO neutron.db.ovn_revision_numbers_db [None req-c2092107-7402-4144-82f7-fbdfa3d68729 0fffb299bb094562b4ea1f1a63135fc8 9e86ad817ff04d288a444938d5030a72 - - default default] Successfully bumped revision number for resource 091ed745-5d60-4e92-8593-8523ce878089 (type: networks) to 1
2026-04-12 21:55:00.152 10 INFO neutron.wsgi [None req-5c8dd67e-126c-49ad-a583-fc701f7c4367 de4ddd02543d4f84ba72f6716c854d27 b39f6091934e45408f9eb902fc62d2f3 - - default default] 10.0.0.169 "GET /v2.0/networks?not-tags=red HTTP/1.1" status: 200 len: 2068 time: 0.3502285
2026-04-12 21:55:00.235 9 WARNING neutron.scheduler.dhcp_agent_scheduler [None req-c2092107-7402-4144-82f7-fbdfa3d68729 0fffb299bb094562b4ea1f1a63135fc8 9e86ad817ff04d288a444938d5030a72 - - default default] No more DHCP agents
2026-04-12 21:55:00.239 9 WARNING neutron.api.rpc.agentnotifiers.dhcp_rpc_agent_api [None req-c2092107-7402-4144-82f7-fbdfa3d68729 0fffb299bb094562b4ea1f1a63135fc8 9e86ad817ff04d288a444938d5030a72 - - default default] Unable to schedule network 091ed745-5d60-4e92-8593-8523ce878089: no agents available; will retry on subsequent port and subnet creation events.
2026-04-12 21:55:00.266 10 INFO neutron.db.ovn_revision_numbers_db [None req-2c609f68-74cb-4579-a520-aad19051c041 9f4646c6931944fa94d9652eb07fe677 a4ae721bfd75450eb78231ae7822bbf8 - - default default] Successfully bumped revision number for resource 27b515d6-68a6-4b21-b003-be71c3cefdf3 (type: security_groups) to 1
2026-04-12 21:55:00.295 10 INFO neutron.wsgi [None req-6e3594e2-1ad6-4385-b41f-4b0b1f6ee84c de4ddd02543d4f84ba72f6716c854d27 b39f6091934e45408f9eb902fc62d2f3 - - default default] 10.0.0.169 "GET /v2.0/networks?not-tags=red%2Cblue HTTP/1.1" status: 200 len: 2680 time: 0.1368234
2026-04-12 21:55:00.312 10 INFO neutron.db.ovn_revision_numbers_db [None req-2c609f68-74cb-4579-a520-aad19051c041 9f4646c6931944fa94d9652eb07fe677 a4ae721bfd75450eb78231ae7822bbf8 - - default default] Successfully bumped revision number for resource 32d99834-748c-44f3-ba51-87cfb94e9aad (type: security_group_rules) to 0
2026-04-12 21:55:00.318 9 INFO neutron.db.ovn_revision_numbers_db [None req-c2092107-7402-4144-82f7-fbdfa3d68729 0fffb299bb094562b4ea1f1a63135fc8 9e86ad817ff04d288a444938d5030a72 - - default default] Successfully bumped revision number for resource 9407a6f5-b32b-4bde-b0ae-63941335342e (type: ports) to 1
2026-04-12 21:55:00.354 9 INFO neutron.wsgi [None req-c2092107-7402-4144-82f7-fbdfa3d68729 0fffb299bb094562b4ea1f1a63135fc8 9e86ad817ff04d288a444938d5030a72 - - default default] 10.0.0.169 "POST /v2.0/networks HTTP/1.1" status: 201 len: 848 time: 1.0080523
2026-04-12 21:55:00.363 10 INFO neutron.db.ovn_revision_numbers_db [None req-2c609f68-74cb-4579-a520-aad19051c041 9f4646c6931944fa94d9652eb07fe677 a4ae721bfd75450eb78231ae7822bbf8 - - default default] Successfully bumped revision number for resource 56944b4a-cf43-40d1-9054-4a43b6ff9065 (type: security_group_rules) to 0
2026-04-12 21:55:00.364 9 WARNING neutron_lib.context [None req-7e3dd265-df64-4aa1-a290-9bebff0a07ce 0fffb299bb094562b4ea1f1a63135fc8 9e86ad817ff04d288a444938d5030a72 - - default default] Method 'is_advsvc' is deprecated since 2023.2 release (neutron-lib 3.8.0) and will be removed once support for the old RBAC API policies will be removed from Neutron. Please use method 'is_service_role' instead.
2026-04-12 21:55:00.391 10 INFO neutron.db.ovn_revision_numbers_db [None req-2c609f68-74cb-4579-a520-aad19051c041 9f4646c6931944fa94d9652eb07fe677 a4ae721bfd75450eb78231ae7822bbf8 - - default default] Successfully bumped revision number for resource c79d82b0-faca-43aa-a18b-043ad77dab87 (type: security_group_rules) to 0
2026-04-12 21:55:00.409 10 INFO neutron.wsgi [None req-d6bc236b-ad75-451a-9b32-23f56bc6b190 de4ddd02543d4f84ba72f6716c854d27 b39f6091934e45408f9eb902fc62d2f3 - - default default] 10.0.0.169 "GET /v2.0/networks?not-tags-any=blue HTTP/1.1" status: 200 len: 2680 time: 0.1094861
2026-04-12 21:55:00.422 10 INFO neutron.db.ovn_revision_numbers_db [None req-2c609f68-74cb-4579-a520-aad19051c041 9f4646c6931944fa94d9652eb07fe677 a4ae721bfd75450eb78231ae7822bbf8 - - default default] Successfully bumped revision number for resource f227c848-a63d-40e7-bde1-4408b46ea016 (type: security_group_rules) to 0
2026-04-12 21:55:00.488 10 INFO neutron.db.segments_db [None req-2c609f68-74cb-4579-a520-aad19051c041 9f4646c6931944fa94d9652eb07fe677 a4ae721bfd75450eb78231ae7822bbf8 - - default default] Added segment f430aff9-7684-4129-af21-94072e445dbf of type geneve for network deb918df-49d9-47a3-92e5-c19f918d275a
2026-04-12 21:55:00.500 10 INFO neutron.wsgi [None req-c1156902-e732-42e6-b2dd-5e06e30eb709 de4ddd02543d4f84ba72f6716c854d27 b39f6091934e45408f9eb902fc62d2f3 - - default default] 10.0.0.169 "GET /v2.0/networks?not-tags-any=red%2Cblue HTTP/1.1" status: 200 len: 2068 time: 0.0863006
2026-04-12 21:55:00.547 9 INFO neutron.wsgi [req-f7f8aa09-c343-4dae-874d-ffa9ee46d2c3 req-34f893e3-ca17-4185-b590-83fb7f17e0dc 604f38dedab04366942f972aa856ac71 1bd2e5467d01435baa48dc817c8e3130 - - 93503bf48b7f40a88d62655bab932e37 93503bf48b7f40a88d62655bab932e37] 199.204.45.144 "GET /v2.0/ports?device_id=7407bd88-42a9-4506-ab56-f8e2ec680def&fields=binding%3Ahost_id&fields=binding%3Avif_type HTTP/1.1" status: 200 len: 265 time: 0.0778806
2026-04-12 21:55:00.642 10 INFO neutron.db.ovn_revision_numbers_db [None req-2c609f68-74cb-4579-a520-aad19051c041 9f4646c6931944fa94d9652eb07fe677 a4ae721bfd75450eb78231ae7822bbf8 - - default default] Successfully bumped revision number for resource deb918df-49d9-47a3-92e5-c19f918d275a (type: networks) to 1
2026-04-12 21:55:00.665 9 INFO neutron.wsgi [req-f7f8aa09-c343-4dae-874d-ffa9ee46d2c3 req-14b45f99-e309-483f-b4b5-b81217c1c02b 604f38dedab04366942f972aa856ac71 1bd2e5467d01435baa48dc817c8e3130 - - 93503bf48b7f40a88d62655bab932e37 93503bf48b7f40a88d62655bab932e37] 199.204.45.144 "GET /v2.0/ports?tenant_id=ed7772de77474405be1edbabe5f4f0e6&device_id=7407bd88-42a9-4506-ab56-f8e2ec680def HTTP/1.1" status: 200 len: 1409 time: 0.0744913
2026-04-12 21:55:00.772 9 WARNING neutron.scheduler.dhcp_agent_scheduler [None req-7e3dd265-df64-4aa1-a290-9bebff0a07ce 0fffb299bb094562b4ea1f1a63135fc8 9e86ad817ff04d288a444938d5030a72 - - default default] No more DHCP agents
2026-04-12 21:55:00.780 9 WARNING neutron.api.rpc.agentnotifiers.dhcp_rpc_agent_api [None req-7e3dd265-df64-4aa1-a290-9bebff0a07ce 0fffb299bb094562b4ea1f1a63135fc8 9e86ad817ff04d288a444938d5030a72 - - default default] Unable to schedule network 091ed745-5d60-4e92-8593-8523ce878089: no agents available; will retry on subsequent port and subnet creation events.
2026-04-12 21:55:00.792 9 INFO neutron.wsgi [req-f7f8aa09-c343-4dae-874d-ffa9ee46d2c3 req-7c792b96-8e05-47cb-99b7-3c2324151c54 604f38dedab04366942f972aa856ac71 1bd2e5467d01435baa48dc817c8e3130 - - 93503bf48b7f40a88d62655bab932e37 93503bf48b7f40a88d62655bab932e37] 199.204.45.144 "GET /v2.0/networks?id=62ba8d37-3765-4b55-b315-27cb81e2c54c HTTP/1.1" status: 200 len: 959 time: 0.1091638 /var/lib/openstack/lib/python3.10/site-packages/pycadf/identifier.py:71: UserWarning: Invalid uuid: neutron. To ensure interoperability, identifiers should be a valid uuid. warnings.warn(('Invalid uuid: %s. To ensure interoperability, '
2026-04-12 21:55:00.839 10 WARNING neutron.scheduler.dhcp_agent_scheduler [None req-2c609f68-74cb-4579-a520-aad19051c041 9f4646c6931944fa94d9652eb07fe677 a4ae721bfd75450eb78231ae7822bbf8 - - default default] No more DHCP agents
2026-04-12 21:55:00.842 10 WARNING neutron.api.rpc.agentnotifiers.dhcp_rpc_agent_api [None req-2c609f68-74cb-4579-a520-aad19051c041 9f4646c6931944fa94d9652eb07fe677 a4ae721bfd75450eb78231ae7822bbf8 - - default default] Unable to schedule network deb918df-49d9-47a3-92e5-c19f918d275a: no agents available; will retry on subsequent port and subnet creation events.
2026-04-12 21:55:00.893 9 INFO neutron.wsgi [req-f7f8aa09-c343-4dae-874d-ffa9ee46d2c3 req-9934473c-fcb1-48af-8f0e-63b3ef5d54f7 604f38dedab04366942f972aa856ac71 1bd2e5467d01435baa48dc817c8e3130 - - 93503bf48b7f40a88d62655bab932e37 93503bf48b7f40a88d62655bab932e37] 199.204.45.144 "GET /v2.0/floatingips?fixed_ip_address=10.100.0.9&port_id=0c8896cd-f8e8-451c-a5df-865872b868cf HTTP/1.1" status: 200 len: 1059 time: 0.0851254
2026-04-12 21:55:00.957 10 INFO neutron.db.ovn_revision_numbers_db [None req-2c609f68-74cb-4579-a520-aad19051c041 9f4646c6931944fa94d9652eb07fe677 a4ae721bfd75450eb78231ae7822bbf8 - - default default] Successfully bumped revision number for resource 639d964d-65b5-49b6-98e1-dba983b99240 (type: ports) to 1
2026-04-12 21:55:00.958 9 INFO neutron.wsgi [req-f7f8aa09-c343-4dae-874d-ffa9ee46d2c3 req-3bc852a3-5880-4bc0-988f-704ab1e8b2b7 604f38dedab04366942f972aa856ac71 1bd2e5467d01435baa48dc817c8e3130 - - 93503bf48b7f40a88d62655bab932e37 93503bf48b7f40a88d62655bab932e37] 199.204.45.144 "GET /v2.0/subnets?id=9fd6048e-7be5-47c6-b83c-56a066f23e3a HTTP/1.1" status: 200 len: 853 time: 0.0502536
2026-04-12 21:55:00.965 9 INFO neutron.db.ovn_revision_numbers_db [None req-7e3dd265-df64-4aa1-a290-9bebff0a07ce 0fffb299bb094562b4ea1f1a63135fc8 9e86ad817ff04d288a444938d5030a72 - - default default] Successfully bumped revision number for resource 076de784-8e50-40b5-b56b-3db598d77621 (type: ports) to 1
2026-04-12 21:55:00.987 10 INFO neutron.wsgi [None req-2c609f68-74cb-4579-a520-aad19051c041 9f4646c6931944fa94d9652eb07fe677 a4ae721bfd75450eb78231ae7822bbf8 - - default default] 10.0.0.169 "POST /v2.0/networks HTTP/1.1" status: 201 len: 829 time: 1.3253469
2026-04-12 21:55:00.999 10 WARNING neutron_lib.context [None req-aa5cf214-8cc2-4c21-98b1-c1c0057278f2 9f4646c6931944fa94d9652eb07fe677 a4ae721bfd75450eb78231ae7822bbf8 - - default default] Method 'is_advsvc' is deprecated since 2023.2 release (neutron-lib 3.8.0) and will be removed once support for the old RBAC API policies will be removed from Neutron. Please use method 'is_service_role' instead.
2026-04-12 21:55:01.006 9 INFO neutron.wsgi [req-f7f8aa09-c343-4dae-874d-ffa9ee46d2c3 req-149360e5-914c-41e9-a0da-bf9053180fcc 604f38dedab04366942f972aa856ac71 1bd2e5467d01435baa48dc817c8e3130 - - 93503bf48b7f40a88d62655bab932e37 93503bf48b7f40a88d62655bab932e37] 199.204.45.144 "GET /v2.0/ports?network_id=62ba8d37-3765-4b55-b315-27cb81e2c54c&device_owner=network%3Adhcp HTTP/1.1" status: 200 len: 210 time: 0.0367200
2026-04-12 21:55:01.014 9 INFO neutron.wsgi [None req-7e3dd265-df64-4aa1-a290-9bebff0a07ce 0fffb299bb094562b4ea1f1a63135fc8 9e86ad817ff04d288a444938d5030a72 - - default default] 10.0.0.169 "POST /v2.0/ports HTTP/1.1" status: 201 len: 977 time: 0.6548991
2026-04-12 21:55:01.028 10 WARNING neutron_lib.context [None req-13ac0573-e18b-45d3-aefa-684a7bfb5d09 0fffb299bb094562b4ea1f1a63135fc8 9e86ad817ff04d288a444938d5030a72 - - default default] Method 'is_advsvc' is deprecated since 2023.2 release (neutron-lib 3.8.0) and will be removed once support for the old RBAC API policies will be removed from Neutron. Please use method 'is_service_role' instead.
2026-04-12 21:55:01.107 10 INFO neutron.db.segments_db [None req-aa5cf214-8cc2-4c21-98b1-c1c0057278f2 9f4646c6931944fa94d9652eb07fe677 a4ae721bfd75450eb78231ae7822bbf8 - - default default] Added segment 06875b4e-ab95-45e5-8ccc-5c593a8b03ec of type geneve for network f4c27a27-df97-4653-8139-181d7e478c11
2026-04-12 21:55:01.116 9 INFO neutron.wsgi [req-f7f8aa09-c343-4dae-874d-ffa9ee46d2c3 req-bf0e0481-500b-4150-a5c7-c6fddc2c4d3e 604f38dedab04366942f972aa856ac71 1bd2e5467d01435baa48dc817c8e3130 - - 93503bf48b7f40a88d62655bab932e37 93503bf48b7f40a88d62655bab932e37] 199.204.45.144 "GET /v2.0/networks/62ba8d37-3765-4b55-b315-27cb81e2c54c?fields=segments HTTP/1.1" status: 200 len: 212 time: 0.1016119
2026-04-12 21:55:01.165 10 INFO neutron.db.segments_db [None req-13ac0573-e18b-45d3-aefa-684a7bfb5d09 0fffb299bb094562b4ea1f1a63135fc8 9e86ad817ff04d288a444938d5030a72 - - default default] Added segment f697c6f4-0181-4673-804e-3a3593ac9f70 of type geneve for network 06218ae2-ea81-43c1-b4df-6d944e3352eb
2026-04-12 21:55:01.210 9 INFO neutron.services.segments.plugin [-] Segment 0f45bba0-f8ae-4fcb-9ff1-11471a226dcc resource provider aggregate not found
2026-04-12 21:55:01.213 9 INFO neutron.services.segments.plugin [-] Segment 0f45bba0-f8ae-4fcb-9ff1-11471a226dcc resource provider aggregate not found
2026-04-12 21:55:01.227 9 INFO neutron.wsgi [req-f7f8aa09-c343-4dae-874d-ffa9ee46d2c3 req-8134270f-676c-403e-9fdd-ea7a1953c01d 604f38dedab04366942f972aa856ac71 1bd2e5467d01435baa48dc817c8e3130 - - 93503bf48b7f40a88d62655bab932e37 93503bf48b7f40a88d62655bab932e37] 199.204.45.144 "GET /v2.0/networks/62ba8d37-3765-4b55-b315-27cb81e2c54c?fields=provider%3Aphysical_network&fields=provider%3Anetwork_type HTTP/1.1" status: 200 len: 277 time: 0.0996535
2026-04-12 21:55:01.235 9 INFO neutron.services.segments.plugin [-] Segment 0f45bba0-f8ae-4fcb-9ff1-11471a226dcc resource provider not found; error: Placement Client Error (4xx): {"errors": [{"status": 404, "title": "Not Found", "detail": "The resource could not be found.\n\n No resource provider with uuid 0f45bba0-f8ae-4fcb-9ff1-11471a226dcc found for delete ", "request_id": "req-e00e3ca1-385e-45b1-bced-6064fa80fba0"}]}
2026-04-12 21:55:01.236 9 INFO neutron.services.segments.plugin [-] Segment 0f45bba0-f8ae-4fcb-9ff1-11471a226dcc resource provider not found; error: Placement Client Error (4xx): {"errors": [{"status": 404, "title": "Not Found", "detail": "The resource could not be found.\n\n No resource provider with uuid 0f45bba0-f8ae-4fcb-9ff1-11471a226dcc found for delete ", "request_id": "req-2dd6a3e6-b264-4c93-a168-1e6188f742ca"}]}
2026-04-12 21:55:01.306 9 INFO neutron.wsgi [None req-a065f816-5abd-4a76-aafe-95116c5c4d45 1ec2145e7d3a44a58b7814375ce26a48 38ea041d9d1a4a9b899471681da2583b - - default default] 10.0.0.169 "GET /v2.0/ports?project_id=ed7772de77474405be1edbabe5f4f0e6&network_id=62ba8d37-3765-4b55-b315-27cb81e2c54c HTTP/1.1" status: 200 len: 3510 time: 0.0777540
2026-04-12 21:55:01.337 9 INFO neutron.wsgi [None req-f1f7a800-1b27-46d8-99e5-6319d1ff582d de4ddd02543d4f84ba72f6716c854d27 b39f6091934e45408f9eb902fc62d2f3 - - default default] 10.0.0.169 "DELETE /v2.0/networks/26aa07e6-b17b-4b54-8b23-f10e7faada47 HTTP/1.1" status: 204 len: 168 time: 0.8297837
2026-04-12 21:55:01.422 10 INFO neutron.db.ovn_revision_numbers_db [None req-aa5cf214-8cc2-4c21-98b1-c1c0057278f2 9f4646c6931944fa94d9652eb07fe677 a4ae721bfd75450eb78231ae7822bbf8 - - default default] Successfully bumped revision number for resource f4c27a27-df97-4653-8139-181d7e478c11 (type: networks) to 1
2026-04-12 21:55:01.485 10 INFO neutron.db.ovn_revision_numbers_db [None req-13ac0573-e18b-45d3-aefa-684a7bfb5d09 0fffb299bb094562b4ea1f1a63135fc8 9e86ad817ff04d288a444938d5030a72 - - default default] Successfully bumped revision number for resource 06218ae2-ea81-43c1-b4df-6d944e3352eb (type: networks) to 1
2026-04-12 21:55:01.564 9 INFO neutron.wsgi [None req-1b3d9e02-ca06-4a91-a54c-412f5e582316 1ec2145e7d3a44a58b7814375ce26a48 38ea041d9d1a4a9b899471681da2583b - - default default] 10.0.0.169 "GET /v2.0/subnets?network_id=047c664c-a573-4e50-99dd-dda97e845eb7 HTTP/1.1" status: 200 len: 838 time: 0.0361786
2026-04-12 21:55:01.764 10 WARNING neutron.scheduler.dhcp_agent_scheduler [None req-aa5cf214-8cc2-4c21-98b1-c1c0057278f2 9f4646c6931944fa94d9652eb07fe677 a4ae721bfd75450eb78231ae7822bbf8 - - default default] No more DHCP agents
2026-04-12 21:55:01.767 10 WARNING neutron.api.rpc.agentnotifiers.dhcp_rpc_agent_api [None req-aa5cf214-8cc2-4c21-98b1-c1c0057278f2 9f4646c6931944fa94d9652eb07fe677 a4ae721bfd75450eb78231ae7822bbf8 - - default default] Unable to schedule network f4c27a27-df97-4653-8139-181d7e478c11: no agents available; will retry on subsequent port and subnet creation events.
2026-04-12 21:55:01.812 10 WARNING neutron.scheduler.dhcp_agent_scheduler [None req-13ac0573-e18b-45d3-aefa-684a7bfb5d09 0fffb299bb094562b4ea1f1a63135fc8 9e86ad817ff04d288a444938d5030a72 - - default default] No more DHCP agents
2026-04-12 21:55:01.818 10 WARNING neutron.api.rpc.agentnotifiers.dhcp_rpc_agent_api [None req-13ac0573-e18b-45d3-aefa-684a7bfb5d09 0fffb299bb094562b4ea1f1a63135fc8 9e86ad817ff04d288a444938d5030a72 - - default default] Unable to schedule network 06218ae2-ea81-43c1-b4df-6d944e3352eb: no agents available; will retry on subsequent port and subnet creation events.
2026-04-12 21:55:01.920 9 INFO neutron.db.ovn_revision_numbers_db [None req-348dc3a6-e0bc-4f0f-b9ac-308d113bb466 6adfdd231167452fa9943e55ff62870c ed7772de77474405be1edbabe5f4f0e6 - - default default] Successfully bumped revision number for resource 584cfd44-96bd-433c-8429-754361ad64bb (type: floatingips) to 2
2026-04-12 21:55:01.953 10 INFO neutron.db.ovn_revision_numbers_db [None req-aa5cf214-8cc2-4c21-98b1-c1c0057278f2 9f4646c6931944fa94d9652eb07fe677 a4ae721bfd75450eb78231ae7822bbf8 - - default default] Successfully bumped revision number for resource 981b8949-9b41-4842-8e77-b367979ef6d9 (type: ports) to 1
2026-04-12 21:55:02.007 10 INFO neutron.wsgi [None req-aa5cf214-8cc2-4c21-98b1-c1c0057278f2 9f4646c6931944fa94d9652eb07fe677 a4ae721bfd75450eb78231ae7822bbf8 - - default default] 10.0.0.169 "POST /v2.0/networks HTTP/1.1" status: 201 len: 829 time: 1.0153153
2026-04-12 21:55:02.009 10 INFO neutron.db.ovn_revision_numbers_db [None req-13ac0573-e18b-45d3-aefa-684a7bfb5d09 0fffb299bb094562b4ea1f1a63135fc8 9e86ad817ff04d288a444938d5030a72 - - default default] Successfully bumped revision number for resource 00da46e8-ec33-4ce2-9eba-55db3669c35b (type: ports) to 1 /var/lib/openstack/lib/python3.10/site-packages/pycadf/identifier.py:71: UserWarning: Invalid uuid: neutron. To ensure interoperability, identifiers should be a valid uuid. warnings.warn(('Invalid uuid: %s. To ensure interoperability, '
2026-04-12 21:55:02.021 10 WARNING neutron_lib.context [None req-55f5daf6-191a-44ec-ac38-38a1160869b2 9f4646c6931944fa94d9652eb07fe677 a4ae721bfd75450eb78231ae7822bbf8 - - default default] Method 'is_advsvc' is deprecated since 2023.2 release (neutron-lib 3.8.0) and will be removed once support for the old RBAC API policies will be removed from Neutron. Please use method 'is_service_role' instead.
2026-04-12 21:55:02.057 10 INFO neutron.wsgi [None req-13ac0573-e18b-45d3-aefa-684a7bfb5d09 0fffb299bb094562b4ea1f1a63135fc8 9e86ad817ff04d288a444938d5030a72 - - default default] 10.0.0.169 "POST /v2.0/networks HTTP/1.1" status: 201 len: 835 time: 1.0352671
2026-04-12 21:55:02.068 10 WARNING neutron_lib.context [None req-c036cba1-3e53-48d0-bd7c-c2922870995f 0fffb299bb094562b4ea1f1a63135fc8 9e86ad817ff04d288a444938d5030a72 - - default default] Method 'is_advsvc' is deprecated since 2023.2 release (neutron-lib 3.8.0) and will be removed once support for the old RBAC API policies will be removed from Neutron. Please use method 'is_service_role' instead.
2026-04-12 21:55:02.115 10 INFO neutron.services.segments.plugin [-] Segment 219357cf-7df5-4531-8e8f-22102fb71e4b resource provider aggregate not found
2026-04-12 21:55:02.119 10 INFO neutron.services.segments.plugin [-] Segment 219357cf-7df5-4531-8e8f-22102fb71e4b resource provider aggregate not found
2026-04-12 21:55:02.141 10 INFO neutron.services.segments.plugin [-] Segment 219357cf-7df5-4531-8e8f-22102fb71e4b resource provider not found; error: Placement Client Error (4xx): {"errors": [{"status": 404, "title": "Not Found", "detail": "The resource could not be found.\n\n No resource provider with uuid 219357cf-7df5-4531-8e8f-22102fb71e4b found for delete ", "request_id": "req-cd9fe20f-3ef7-4703-a3ac-13b3cbafaf75"}]}
2026-04-12 21:55:02.142 10 INFO neutron.services.segments.plugin [-] Segment 219357cf-7df5-4531-8e8f-22102fb71e4b resource provider not found; error: Placement Client Error (4xx): {"errors": [{"status": 404, "title": "Not Found", "detail": "The resource could not be found.\n\n No resource provider with uuid 219357cf-7df5-4531-8e8f-22102fb71e4b found for delete ", "request_id": "req-64e45f52-3b41-453f-b381-5956f2cf8591"}]}
2026-04-12 21:55:02.190 10 INFO neutron.wsgi [None req-83f8eb13-2709-4351-980e-510c1ad3d396 de4ddd02543d4f84ba72f6716c854d27 b39f6091934e45408f9eb902fc62d2f3 - - default default] 10.0.0.169 "DELETE /v2.0/networks/08fa515c-da57-4471-b6f5-50419d95e782 HTTP/1.1" status: 204 len: 168 time: 0.8402147
2026-04-12 21:55:02.193 9 INFO neutron.db.l3_db [None req-348dc3a6-e0bc-4f0f-b9ac-308d113bb466 6adfdd231167452fa9943e55ff62870c ed7772de77474405be1edbabe5f4f0e6 - - default default] Floating IP 584cfd44-96bd-433c-8429-754361ad64bb disassociated. External IP: 10.96.250.207, port: 0c8896cd-f8e8-451c-a5df-865872b868cf.
2026-04-12 21:55:02.241 9 INFO neutron.wsgi [None req-348dc3a6-e0bc-4f0f-b9ac-308d113bb466 6adfdd231167452fa9943e55ff62870c ed7772de77474405be1edbabe5f4f0e6 - - default default] 10.0.0.169 "PUT /v2.0/floatingips/584cfd44-96bd-433c-8429-754361ad64bb HTTP/1.1" status: 200 len: 748 time: 0.5434327
2026-04-12 21:55:02.280 9 INFO neutron.notifiers.nova [-] Nova event matching ['req-a6d597a0-4fc2-4f3b-85f5-677aa3345bb4'] response: {'name': 'network-changed', 'server_uuid': '7407bd88-42a9-4506-ab56-f8e2ec680def', 'tag': '0c8896cd-f8e8-451c-a5df-865872b868cf', 'status': 'completed', 'code': 200}
2026-04-12 21:55:02.297 10 INFO neutron.wsgi [None req-18b25bfd-c236-49aa-8eb3-3526e1029e6f 6adfdd231167452fa9943e55ff62870c ed7772de77474405be1edbabe5f4f0e6 - - default default] 10.0.0.169 "GET /v2.0/floatingips/584cfd44-96bd-433c-8429-754361ad64bb HTTP/1.1" status: 200 len: 746 time: 0.0479898
2026-04-12 21:55:02.338 9 INFO neutron.wsgi [req-169912a5-30e4-4e3f-9471-cb1b1dac3ac1 req-c338ed88-d863-433e-8787-af615025a0af 604f38dedab04366942f972aa856ac71 1bd2e5467d01435baa48dc817c8e3130 - - 93503bf48b7f40a88d62655bab932e37 93503bf48b7f40a88d62655bab932e37] 199.204.45.144 "GET /v2.0/ports?tenant_id=ed7772de77474405be1edbabe5f4f0e6&device_id=7407bd88-42a9-4506-ab56-f8e2ec680def HTTP/1.1" status: 200 len: 1409 time: 0.0440745
2026-04-12 21:55:02.429 9 INFO neutron.wsgi [req-169912a5-30e4-4e3f-9471-cb1b1dac3ac1 req-fdf82d6d-2444-434f-a6ec-2c41a3f6ac42 604f38dedab04366942f972aa856ac71 1bd2e5467d01435baa48dc817c8e3130 - - 93503bf48b7f40a88d62655bab932e37 93503bf48b7f40a88d62655bab932e37] 199.204.45.144 "GET /v2.0/networks?id=62ba8d37-3765-4b55-b315-27cb81e2c54c HTTP/1.1" status: 200 len: 959 time: 0.0820711
2026-04-12 21:55:02.459 9 INFO neutron.wsgi [req-169912a5-30e4-4e3f-9471-cb1b1dac3ac1 req-868e25b1-4f68-45a5-855b-5bc1739df8eb 604f38dedab04366942f972aa856ac71 1bd2e5467d01435baa48dc817c8e3130 - - 93503bf48b7f40a88d62655bab932e37 93503bf48b7f40a88d62655bab932e37] 199.204.45.144 "GET /v2.0/floatingips?fixed_ip_address=10.100.0.9&port_id=0c8896cd-f8e8-451c-a5df-865872b868cf HTTP/1.1" status: 200 len: 217 time: 0.0210600
2026-04-12 21:55:02.504 9 INFO neutron.wsgi [req-169912a5-30e4-4e3f-9471-cb1b1dac3ac1 req-29feeb8d-507a-4f60-b234-b1271b757277 604f38dedab04366942f972aa856ac71 1bd2e5467d01435baa48dc817c8e3130 - - 93503bf48b7f40a88d62655bab932e37 93503bf48b7f40a88d62655bab932e37] 199.204.45.144 "GET /v2.0/subnets?id=9fd6048e-7be5-47c6-b83c-56a066f23e3a HTTP/1.1" status: 200 len: 853 time: 0.0384665
2026-04-12 21:55:02.531 9 INFO neutron.wsgi [req-169912a5-30e4-4e3f-9471-cb1b1dac3ac1 req-46454f8f-b00f-4c98-bf5e-fc4fb22ca87c 604f38dedab04366942f972aa856ac71 1bd2e5467d01435baa48dc817c8e3130 - - 93503bf48b7f40a88d62655bab932e37 93503bf48b7f40a88d62655bab932e37] 199.204.45.144 "GET /v2.0/ports?network_id=62ba8d37-3765-4b55-b315-27cb81e2c54c&device_owner=network%3Adhcp HTTP/1.1" status: 200 len: 210 time: 0.0196934
2026-04-12 21:55:02.616 9 INFO neutron.wsgi [req-169912a5-30e4-4e3f-9471-cb1b1dac3ac1 req-d7a658d0-1d1e-4ea6-b256-63ad9e9872d8 604f38dedab04366942f972aa856ac71 1bd2e5467d01435baa48dc817c8e3130 - - 93503bf48b7f40a88d62655bab932e37 93503bf48b7f40a88d62655bab932e37] 199.204.45.144 "GET /v2.0/networks/62ba8d37-3765-4b55-b315-27cb81e2c54c?fields=segments HTTP/1.1" status: 200 len: 212 time: 0.0801692
2026-04-12 21:55:02.641 10 WARNING neutron.scheduler.dhcp_agent_scheduler [None req-55f5daf6-191a-44ec-ac38-38a1160869b2 9f4646c6931944fa94d9652eb07fe677 a4ae721bfd75450eb78231ae7822bbf8 - - default default] No more DHCP agents
2026-04-12 21:55:02.647 10 WARNING neutron.api.rpc.agentnotifiers.dhcp_rpc_agent_api [None req-55f5daf6-191a-44ec-ac38-38a1160869b2 9f4646c6931944fa94d9652eb07fe677 a4ae721bfd75450eb78231ae7822bbf8 - - default default] Unable to schedule network deb918df-49d9-47a3-92e5-c19f918d275a: no agents available; will retry on subsequent port and subnet creation events.
2026-04-12 21:55:02.648 10 WARNING neutron.scheduler.dhcp_agent_scheduler [None req-c036cba1-3e53-48d0-bd7c-c2922870995f 0fffb299bb094562b4ea1f1a63135fc8 9e86ad817ff04d288a444938d5030a72 - - default default] No more DHCP agents
2026-04-12 21:55:02.650 10 WARNING neutron.api.rpc.agentnotifiers.dhcp_rpc_agent_api [None req-c036cba1-3e53-48d0-bd7c-c2922870995f 0fffb299bb094562b4ea1f1a63135fc8 9e86ad817ff04d288a444938d5030a72 - - default default] Unable to schedule network 06218ae2-ea81-43c1-b4df-6d944e3352eb: no agents available; will retry on subsequent port and subnet creation events.
2026-04-12 21:55:02.700 9 INFO neutron.wsgi [req-169912a5-30e4-4e3f-9471-cb1b1dac3ac1 req-28a6be9d-659f-4438-be2d-a03e1eb72eb2 604f38dedab04366942f972aa856ac71 1bd2e5467d01435baa48dc817c8e3130 - - 93503bf48b7f40a88d62655bab932e37 93503bf48b7f40a88d62655bab932e37] 199.204.45.144 "GET /v2.0/networks/62ba8d37-3765-4b55-b315-27cb81e2c54c?fields=provider%3Aphysical_network&fields=provider%3Anetwork_type HTTP/1.1" status: 200 len: 277 time: 0.0760102
2026-04-12 21:55:02.710 10 INFO neutron.db.ovn_revision_numbers_db [None req-c036cba1-3e53-48d0-bd7c-c2922870995f 0fffb299bb094562b4ea1f1a63135fc8 9e86ad817ff04d288a444938d5030a72 - - default default] Successfully bumped revision number for resource 5271b134-b4fd-453c-b710-5410756d3a56 (type: subnets) to 0
2026-04-12 21:55:02.711 9 INFO neutron.wsgi [None req-7b1e1427-abc3-4d63-aa70-6ca86f047672 de4ddd02543d4f84ba72f6716c854d27 b39f6091934e45408f9eb902fc62d2f3 - - default default] 10.0.0.169 "DELETE /v2.0/networks/ac18a52d-683e-47a4-8a23-7726db507436 HTTP/1.1" status: 204 len: 168 time: 0.5158122
2026-04-12 21:55:02.738 10 INFO neutron.wsgi [None req-c036cba1-3e53-48d0-bd7c-c2922870995f 0fffb299bb094562b4ea1f1a63135fc8 9e86ad817ff04d288a444938d5030a72 - - default default] 10.0.0.169 "POST /v2.0/subnets HTTP/1.1" status: 201 len: 821 time: 0.6745963
2026-04-12 21:55:02.749 9 WARNING neutron_lib.context [None req-f2f07e54-49d9-4d56-a93a-e63106937bf8 0fffb299bb094562b4ea1f1a63135fc8 9e86ad817ff04d288a444938d5030a72 - - default default] Method 'is_advsvc' is deprecated since 2023.2 release (neutron-lib 3.8.0) and will be removed once support for the old RBAC API policies will be removed from Neutron. Please use method 'is_service_role' instead.
2026-04-12 21:55:03.102 9 WARNING neutron.scheduler.dhcp_agent_scheduler [None req-f2f07e54-49d9-4d56-a93a-e63106937bf8 0fffb299bb094562b4ea1f1a63135fc8 9e86ad817ff04d288a444938d5030a72 - - default default] No more DHCP agents
2026-04-12 21:55:03.104 9 WARNING neutron.api.rpc.agentnotifiers.dhcp_rpc_agent_api [None req-f2f07e54-49d9-4d56-a93a-e63106937bf8 0fffb299bb094562b4ea1f1a63135fc8 9e86ad817ff04d288a444938d5030a72 - - default default] Unable to schedule network 06218ae2-ea81-43c1-b4df-6d944e3352eb: no agents available; will retry on subsequent port and subnet creation events.
2026-04-12 21:55:03.209 10 INFO neutron.wsgi [None req-3a226394-ff1d-4461-82f4-aa1ecfb5a852 de4ddd02543d4f84ba72f6716c854d27 b39f6091934e45408f9eb902fc62d2f3 - - default default] 10.0.0.169 "DELETE /v2.0/networks/63bdcfc6-316a-4c0b-9861-7cb37501a10e HTTP/1.1" status: 204 len: 168 time: 0.4914062 /var/lib/openstack/lib/python3.10/site-packages/pycadf/identifier.py:71: UserWarning: Invalid uuid: neutron. To ensure interoperability, identifiers should be a valid uuid. warnings.warn(('Invalid uuid: %s. To ensure interoperability, '
2026-04-12 21:55:03.222 9 INFO neutron.db.ovn_revision_numbers_db [None req-f2f07e54-49d9-4d56-a93a-e63106937bf8 0fffb299bb094562b4ea1f1a63135fc8 9e86ad817ff04d288a444938d5030a72 - - default default] Successfully bumped revision number for resource 8fa239fc-85c3-4a8b-83c6-6b03cc8a3c1f (type: ports) to 1
2026-04-12 21:55:03.267 9 INFO neutron.wsgi [None req-f2f07e54-49d9-4d56-a93a-e63106937bf8 0fffb299bb094562b4ea1f1a63135fc8 9e86ad817ff04d288a444938d5030a72 - - default default] 10.0.0.169 "POST /v2.0/ports HTTP/1.1" status: 201 len: 1165 time: 0.5242901
2026-04-12 21:55:03.268 9 INFO neutron.services.segments.plugin [-] Segment e9eb019a-8d79-4a21-8dbc-fa70d378ecb3 resource provider aggregate not found
2026-04-12 21:55:03.272 9 INFO neutron.services.segments.plugin [-] Segment e9eb019a-8d79-4a21-8dbc-fa70d378ecb3 resource provider aggregate not found
2026-04-12 21:55:03.287 9 INFO neutron.services.segments.plugin [-] Segment e9eb019a-8d79-4a21-8dbc-fa70d378ecb3 resource provider not found; error: Placement Client Error (4xx): {"errors": [{"status": 404, "title": "Not Found", "detail": "The resource could not be found.\n\n No resource provider with uuid e9eb019a-8d79-4a21-8dbc-fa70d378ecb3 found for delete ", "request_id": "req-43bea58e-8480-4240-9598-2e85b15591dc"}]}
2026-04-12 21:55:03.289 9 INFO neutron.services.segments.plugin [-] Segment e9eb019a-8d79-4a21-8dbc-fa70d378ecb3 resource provider not found; error: Placement Client Error (4xx): {"errors": [{"status": 404, "title": "Not Found", "detail": "The resource could not be found.\n\n No resource provider with uuid e9eb019a-8d79-4a21-8dbc-fa70d378ecb3 found for delete ", "request_id": "req-d540626b-0b58-472a-9379-bb46fd42e231"}]}
2026-04-12 21:55:03.300 10 INFO neutron.db.ovn_revision_numbers_db [None req-55f5daf6-191a-44ec-ac38-38a1160869b2 9f4646c6931944fa94d9652eb07fe677 a4ae721bfd75450eb78231ae7822bbf8 - - default default] Successfully bumped revision number for resource 639d964d-65b5-49b6-98e1-dba983b99240 (type: ports) to 2
2026-04-12 21:55:03.349 10 INFO neutron.db.ovn_revision_numbers_db [None req-55f5daf6-191a-44ec-ac38-38a1160869b2 9f4646c6931944fa94d9652eb07fe677 a4ae721bfd75450eb78231ae7822bbf8 - - default default] Successfully bumped revision number for resource 37c7bb32-b55d-47f0-8421-d2fc14dd28f7 (type: subnets) to 0
2026-04-12 21:55:03.372 9 WARNING neutron_lib.context [None req-d3ef912b-aaf1-489b-8833-6d0be07175d0 6adfdd231167452fa9943e55ff62870c ed7772de77474405be1edbabe5f4f0e6 - - default default] Method 'is_advsvc' is deprecated since 2023.2 release (neutron-lib 3.8.0) and will be removed once support for the old RBAC API policies will be removed from Neutron. Please use method 'is_service_role' instead.
2026-04-12 21:55:03.376 10 INFO neutron.wsgi [None req-55f5daf6-191a-44ec-ac38-38a1160869b2 9f4646c6931944fa94d9652eb07fe677 a4ae721bfd75450eb78231ae7822bbf8 - - default default] 10.0.0.169 "POST /v2.0/subnets HTTP/1.1" status: 201 len: 801 time: 1.3605065
2026-04-12 21:55:03.385 10 WARNING neutron_lib.context [None req-42846c57-b337-4761-9bc5-2d1cbe95cb82 9f4646c6931944fa94d9652eb07fe677 a4ae721bfd75450eb78231ae7822bbf8 - - default default] Method 'is_advsvc' is deprecated since 2023.2 release (neutron-lib 3.8.0) and will be removed once support for the old RBAC API policies will be removed from Neutron. Please use method 'is_service_role' instead.
2026-04-12 21:55:03.554 9 INFO neutron.db.ovn_revision_numbers_db [None req-d3ef912b-aaf1-489b-8833-6d0be07175d0 6adfdd231167452fa9943e55ff62870c ed7772de77474405be1edbabe5f4f0e6 - - default default] Successfully bumped revision number for resource 4aba4623-6b44-4a18-abc6-3b8493630756 (type: security_groups) to 1
2026-04-12 21:55:03.579 9 INFO neutron.db.ovn_revision_numbers_db [None req-d3ef912b-aaf1-489b-8833-6d0be07175d0 6adfdd231167452fa9943e55ff62870c ed7772de77474405be1edbabe5f4f0e6 - - default default] Successfully bumped revision number for resource d8317a89-f6df-40fc-afda-ea79100a9d7b (type: security_group_rules) to 0
2026-04-12 21:55:03.601 9 INFO neutron.db.ovn_revision_numbers_db [None req-d3ef912b-aaf1-489b-8833-6d0be07175d0 6adfdd231167452fa9943e55ff62870c ed7772de77474405be1edbabe5f4f0e6 - - default default] Successfully bumped revision number for resource eba786e2-096e-4926-8bcd-c9063bccff2b (type: security_group_rules) to 0
2026-04-12 21:55:03.628 9 INFO neutron.wsgi [None req-d3ef912b-aaf1-489b-8833-6d0be07175d0 6adfdd231167452fa9943e55ff62870c ed7772de77474405be1edbabe5f4f0e6 - - default default] 10.0.0.169 "POST /v2.0/security-groups HTTP/1.1" status: 201 len: 1875 time: 0.2631674
2026-04-12 21:55:03.639 9 WARNING neutron_lib.context [None req-628ed57a-ef4f-44a9-8aae-17f7cb6f3854 6adfdd231167452fa9943e55ff62870c ed7772de77474405be1edbabe5f4f0e6 - - default default] Method 'is_advsvc' is deprecated since 2023.2 release (neutron-lib 3.8.0) and will be removed once support for the old RBAC API policies will be removed from Neutron. Please use method 'is_service_role' instead.
2026-04-12 21:55:03.652 10 INFO neutron.wsgi [None req-6913e0b6-ba39-4523-8240-1c61cf6db8ae 0fffb299bb094562b4ea1f1a63135fc8 9e86ad817ff04d288a444938d5030a72 - - default default] 10.0.0.169 "DELETE /v2.0/ports/8fa239fc-85c3-4a8b-83c6-6b03cc8a3c1f HTTP/1.1" status: 204 len: 168 time: 0.3804095
2026-04-12 21:55:03.680 10 INFO neutron.pecan_wsgi.hooks.translation [None req-2e878d29-fcd7-482d-96ed-800c737fd987 0fffb299bb094562b4ea1f1a63135fc8 9e86ad817ff04d288a444938d5030a72 - - default default] DELETE failed (client error): The resource could not be found.
2026-04-12 21:55:03.682 10 INFO neutron.wsgi [None req-2e878d29-fcd7-482d-96ed-800c737fd987 0fffb299bb094562b4ea1f1a63135fc8 9e86ad817ff04d288a444938d5030a72 - - default default] 10.0.0.169 "DELETE /v2.0/ports/8fa239fc-85c3-4a8b-83c6-6b03cc8a3c1f HTTP/1.1" status: 404 len: 333 time: 0.0227561
2026-04-12 21:55:03.684 10 WARNING neutron.scheduler.dhcp_agent_scheduler [None req-42846c57-b337-4761-9bc5-2d1cbe95cb82 9f4646c6931944fa94d9652eb07fe677 a4ae721bfd75450eb78231ae7822bbf8 - - default default] No more DHCP agents
2026-04-12 21:55:03.687 10 WARNING neutron.api.rpc.agentnotifiers.dhcp_rpc_agent_api [None req-42846c57-b337-4761-9bc5-2d1cbe95cb82 9f4646c6931944fa94d9652eb07fe677 a4ae721bfd75450eb78231ae7822bbf8 - - default default] Unable to schedule network f4c27a27-df97-4653-8139-181d7e478c11: no agents available; will retry on subsequent port and subnet creation events.
2026-04-12 21:55:03.709 9 INFO neutron.pecan_wsgi.hooks.translation [None req-d4cbd811-9f54-4270-b435-1324a7d6a85e 0fffb299bb094562b4ea1f1a63135fc8 9e86ad817ff04d288a444938d5030a72 - - default default] GET failed (client error): The resource could not be found.
2026-04-12 21:55:03.711 9 INFO neutron.wsgi [None req-d4cbd811-9f54-4270-b435-1324a7d6a85e 0fffb299bb094562b4ea1f1a63135fc8 9e86ad817ff04d288a444938d5030a72 - - default default] 10.0.0.169 "GET /v2.0/ports/8fa239fc-85c3-4a8b-83c6-6b03cc8a3c1f HTTP/1.1" status: 404 len: 333 time: 0.0253575
2026-04-12 21:55:03.719 9 INFO neutron.wsgi [None req-617c9b5d-97a1-4c4d-a9d5-e9fa3e25a309 de4ddd02543d4f84ba72f6716c854d27 b39f6091934e45408f9eb902fc62d2f3 - - default default] 10.0.0.169 "DELETE /v2.0/networks/b38bec5d-9443-4f2a-9cda-913ff262b27f HTTP/1.1" status: 204 len: 168 time: 0.5045254
2026-04-12 21:55:03.817 9 INFO neutron.db.ovn_revision_numbers_db [None req-628ed57a-ef4f-44a9-8aae-17f7cb6f3854 6adfdd231167452fa9943e55ff62870c ed7772de77474405be1edbabe5f4f0e6 - - default default] Successfully bumped revision number for resource 2f289c8e-6df9-459d-8cd8-df8c6d9acef6 (type: security_group_rules) to 0
2026-04-12 21:55:03.847 9 INFO neutron.wsgi [None req-628ed57a-ef4f-44a9-8aae-17f7cb6f3854 6adfdd231167452fa9943e55ff62870c ed7772de77474405be1edbabe5f4f0e6 - - default default] 10.0.0.169 "POST /v2.0/security-group-rules HTTP/1.1" status: 201 len: 796 time: 0.2150300
2026-04-12 21:55:03.864 9 WARNING neutron_lib.context [None req-363c2268-7cdc-4204-82ae-786740ee7bd3 6adfdd231167452fa9943e55ff62870c ed7772de77474405be1edbabe5f4f0e6 - - default default] Method 'is_advsvc' is deprecated since 2023.2 release (neutron-lib 3.8.0) and will be removed once support for the old RBAC API policies will be removed from Neutron. Please use method 'is_service_role' instead.
2026-04-12 21:55:03.918 10 INFO neutron.wsgi [None req-ca617d8b-187f-4852-9aeb-c6a9affc43a1 0fffb299bb094562b4ea1f1a63135fc8 9e86ad817ff04d288a444938d5030a72 - - default default] 10.0.0.169 "DELETE /v2.0/subnets/5271b134-b4fd-453c-b710-5410756d3a56 HTTP/1.1" status: 204 len: 168 time: 0.2048049
2026-04-12 21:55:04.055 9 INFO neutron.db.ovn_revision_numbers_db [None req-363c2268-7cdc-4204-82ae-786740ee7bd3 6adfdd231167452fa9943e55ff62870c ed7772de77474405be1edbabe5f4f0e6 - - default default] Successfully bumped revision number for resource 7e4b9346-8c26-414f-bb70-1d1ad2da633f (type: security_group_rules) to 0
2026-04-12 21:55:04.096 9 INFO neutron.wsgi [None req-363c2268-7cdc-4204-82ae-786740ee7bd3 6adfdd231167452fa9943e55ff62870c ed7772de77474405be1edbabe5f4f0e6 - - default default] 10.0.0.169 "POST /v2.0/security-group-rules HTTP/1.1" status: 201 len: 795 time: 0.2398911
2026-04-12 21:55:04.105 9 WARNING neutron_lib.context [None req-ed91e02c-4774-4155-8e0c-04193d3f84c0 6adfdd231167452fa9943e55ff62870c ed7772de77474405be1edbabe5f4f0e6 - - default default] Method 'is_advsvc' is deprecated since 2023.2 release (neutron-lib 3.8.0) and will be removed once support for the old RBAC API policies will be removed from Neutron. Please use method 'is_service_role' instead.
2026-04-12 21:55:04.165 10 INFO neutron.services.segments.plugin [-] Segment ea64320c-9a39-4ef6-99ce-b61f34fd854f resource provider aggregate not found
2026-04-12 21:55:04.168 10 INFO neutron.services.segments.plugin [-] Segment ea64320c-9a39-4ef6-99ce-b61f34fd854f resource provider aggregate not found
2026-04-12 21:55:04.181 10 INFO neutron.services.segments.plugin [-] Segment ea64320c-9a39-4ef6-99ce-b61f34fd854f resource provider not found; error: Placement Client Error (4xx): {"errors": [{"status": 404, "title": "Not Found", "detail": "The resource could not be found.\n\n No resource provider with uuid ea64320c-9a39-4ef6-99ce-b61f34fd854f found for delete ", "request_id": "req-39047f05-ecc1-4a7b-8899-c5162122bff8"}]}
2026-04-12 21:55:04.185 10 INFO neutron.services.segments.plugin [-] Segment ea64320c-9a39-4ef6-99ce-b61f34fd854f resource provider not found; error: Placement Client Error (4xx): {"errors": [{"status": 404, "title": "Not Found", "detail": "The resource could not be found.\n\n No resource provider with uuid ea64320c-9a39-4ef6-99ce-b61f34fd854f found for delete ", "request_id": "req-3f0c0008-28bd-40dd-8d9f-1d325b4b9036"}]}
2026-04-12 21:55:04.319 9 INFO neutron.db.ovn_revision_numbers_db [None req-ed91e02c-4774-4155-8e0c-04193d3f84c0 6adfdd231167452fa9943e55ff62870c ed7772de77474405be1edbabe5f4f0e6 - - default default] Successfully bumped revision number for resource 0b4ccf27-7af0-48ec-9bed-1c5e73c11062 (type: security_group_rules) to 0
2026-04-12 21:55:04.333 10 INFO neutron.db.ovn_revision_numbers_db [None req-42846c57-b337-4761-9bc5-2d1cbe95cb82 9f4646c6931944fa94d9652eb07fe677 a4ae721bfd75450eb78231ae7822bbf8 - - default default] Successfully bumped revision number for resource 981b8949-9b41-4842-8e77-b367979ef6d9 (type: ports) to 2
2026-04-12 21:55:04.349 9 INFO neutron.wsgi [None req-ed91e02c-4774-4155-8e0c-04193d3f84c0 6adfdd231167452fa9943e55ff62870c ed7772de77474405be1edbabe5f4f0e6 - - default default] 10.0.0.169 "POST /v2.0/security-group-rules HTTP/1.1" status: 201 len: 801 time: 0.2484827
2026-04-12 21:55:04.359 10 WARNING neutron_lib.context [None req-747ab276-3878-47cf-993e-abb7f0eb0fe6 6adfdd231167452fa9943e55ff62870c ed7772de77474405be1edbabe5f4f0e6 - - default default] Method 'is_advsvc' is deprecated since 2023.2 release (neutron-lib 3.8.0) and will be removed once support for the old RBAC API policies will be removed from Neutron. Please use method 'is_service_role' instead.
2026-04-12 21:55:04.393 10 INFO neutron.db.ovn_revision_numbers_db [None req-42846c57-b337-4761-9bc5-2d1cbe95cb82 9f4646c6931944fa94d9652eb07fe677 a4ae721bfd75450eb78231ae7822bbf8 - - default default] Successfully bumped revision number for resource 32b86d82-f379-4c2a-80b4-82eb87aab102 (type: subnets) to 0
2026-04-12 21:55:04.420 10 INFO neutron.wsgi [None req-42846c57-b337-4761-9bc5-2d1cbe95cb82 9f4646c6931944fa94d9652eb07fe677 a4ae721bfd75450eb78231ae7822bbf8 - - default default] 10.0.0.169 "POST /v2.0/subnets HTTP/1.1" status: 201 len: 801 time: 1.0391083
2026-04-12 21:55:04.427 9 INFO neutron.wsgi [None req-0253fdd5-adf9-40d7-a560-e1f35d8c3dae 0fffb299bb094562b4ea1f1a63135fc8 9e86ad817ff04d288a444938d5030a72 - - default default] 10.0.0.169 "DELETE /v2.0/networks/06218ae2-ea81-43c1-b4df-6d944e3352eb HTTP/1.1" status: 204 len: 168 time: 0.5028963
2026-04-12 21:55:04.430 10 WARNING neutron_lib.context [None req-2a6e7da2-204a-47ce-ba69-83859c1e0589 9f4646c6931944fa94d9652eb07fe677 a4ae721bfd75450eb78231ae7822bbf8 - - default default] Method 'is_advsvc' is deprecated since 2023.2 release (neutron-lib 3.8.0) and will be removed once support for the old RBAC API policies will be removed from Neutron. Please use method 'is_service_role' instead.
2026-04-12 21:55:04.436 9 WARNING neutron_lib.context [None req-6c46f595-9e38-4b3d-844c-47a644202198 0fffb299bb094562b4ea1f1a63135fc8 9e86ad817ff04d288a444938d5030a72 - - default default] Method 'is_advsvc' is deprecated since 2023.2 release (neutron-lib 3.8.0) and will be removed once support for the old RBAC API policies will be removed from Neutron. Please use method 'is_service_role' instead.
2026-04-12 21:55:04.543 9 INFO neutron.db.segments_db [None req-6c46f595-9e38-4b3d-844c-47a644202198 0fffb299bb094562b4ea1f1a63135fc8 9e86ad817ff04d288a444938d5030a72 - - default default] Added segment 44adcd53-dceb-49bb-a6d5-7e94fbed7588 of type geneve for network ef66b89a-5bae-4881-a2fe-141ce2850f7d
2026-04-12 21:55:04.559 9 INFO neutron.wsgi [-] 10.0.0.214 "GET / HTTP/1.1" status: 200 len: 247 time: 0.0012791
2026-04-12 21:55:04.560 9 INFO neutron.wsgi [-] 10.0.0.214 "GET / HTTP/1.1" status: 200 len: 247 time: 0.0008724
2026-04-12 21:55:04.592 10 INFO neutron.db.ovn_revision_numbers_db [None req-2a6e7da2-204a-47ce-ba69-83859c1e0589 9f4646c6931944fa94d9652eb07fe677 a4ae721bfd75450eb78231ae7822bbf8 - - default default] Successfully bumped revision number for resource cb20c02d-0e0e-4027-b877-8bca71f91f0e (type: routers) to 1
2026-04-12 21:55:04.611 10 INFO neutron.wsgi [None req-2a6e7da2-204a-47ce-ba69-83859c1e0589 9f4646c6931944fa94d9652eb07fe677 a4ae721bfd75450eb78231ae7822bbf8 - - default default] 10.0.0.169 "POST /v2.0/routers HTTP/1.1" status: 201 len: 802 time: 0.1851523
2026-04-12 21:55:04.616 10 INFO neutron.db.ovn_revision_numbers_db [None req-747ab276-3878-47cf-993e-abb7f0eb0fe6 6adfdd231167452fa9943e55ff62870c ed7772de77474405be1edbabe5f4f0e6 - - default default] Successfully bumped revision number for resource 8ad2baaa-8438-4752-92a7-4be0888ff54a (type: security_group_rules) to 0
