2026-04-12 21:55:44.634 10 INFO neutron.services.segments.plugin [-] Segment eb966910-1e93-4511-8e86-a8b4ae855788 resource provider aggregate not found
2026-04-12 21:55:44.646 10 INFO neutron.services.segments.plugin [-] Segment eb966910-1e93-4511-8e86-a8b4ae855788 resource provider aggregate not found
2026-04-12 21:55:44.658 10 INFO neutron.services.segments.plugin [-] Segment eb966910-1e93-4511-8e86-a8b4ae855788 resource provider not found; error: Placement Client Error (4xx): {"errors": [{"status": 404, "title": "Not Found", "detail": "The resource could not be found.\n\n No resource provider with uuid eb966910-1e93-4511-8e86-a8b4ae855788 found for delete ", "request_id": "req-0bc627fb-0bd0-43b4-b348-f138d3bcc9cc"}]}
2026-04-12 21:55:44.668 10 INFO neutron.services.segments.plugin [-] Segment eb966910-1e93-4511-8e86-a8b4ae855788 resource provider not found; error: Placement Client Error (4xx): {"errors": [{"status": 404, "title": "Not Found", "detail": "The resource could not be found.\n\n No resource provider with uuid eb966910-1e93-4511-8e86-a8b4ae855788 found for delete ", "request_id": "req-3795c128-1d65-4495-a095-d418b4128553"}]}
2026-04-12 21:55:44.692 10 INFO neutron.wsgi [None req-515e83e1-6cee-46f3-844a-27308b39dcf1 c5001cf0708145dba274d5f64ecdc313 7d6c63a470494cabbcc1f2c1738e332f - - default default] 10.0.0.169 "DELETE /v2.0/networks/82760f91-63f3-4c52-8a6e-83b46b32efbb HTTP/1.1" status: 204 len: 168 time: 0.5545526
2026-04-12 21:55:44.855 10 INFO neutron.wsgi [None req-f5f68fba-90e7-4e05-9fca-2f65bf377157 8e9613e0190448ee80edde82680fd100 9f001ea9916542009f91d42c5440d902 - - default default] 10.0.0.169 "DELETE /v2.0/subnets/f6b82527-5cf5-436a-a00a-a0e236cfb01a HTTP/1.1" status: 204 len: 168 time: 0.2247174
2026-04-12 21:55:44.903 9 WARNING neutron.scheduler.dhcp_agent_scheduler [None req-5baa7498-bf02-413b-953c-945d422be34c a2af809a4197449d8eef78d9e9c281e1 7fc7f44195504b9e966e4271080d6ccc - - default default] No more DHCP agents
2026-04-12 21:55:44.908 9 WARNING neutron.api.rpc.agentnotifiers.dhcp_rpc_agent_api [None req-5baa7498-bf02-413b-953c-945d422be34c a2af809a4197449d8eef78d9e9c281e1 7fc7f44195504b9e966e4271080d6ccc - - default default] Unable to schedule network 047c664c-a573-4e50-99dd-dda97e845eb7: no agents available; will retry on subsequent port and subnet creation events.
2026-04-12 21:55:45.271 10 INFO neutron.wsgi [None req-f4225145-2669-47f0-95b7-6601d0d9a21b 8e9613e0190448ee80edde82680fd100 9f001ea9916542009f91d42c5440d902 - - default default] 10.0.0.169 "DELETE /v2.0/networks/4f8d7d8b-518d-4558-a6a5-ac95a400937d HTTP/1.1" status: 204 len: 168 time: 0.4090073
2026-04-12 21:55:45.285 10 WARNING neutron_lib.context [None req-3ce0985a-67de-4fbf-9455-adedd01bf508 8e9613e0190448ee80edde82680fd100 9f001ea9916542009f91d42c5440d902 - - default default] Method 'is_advsvc' is deprecated since 2023.2 release (neutron-lib 3.8.0) and will be removed once support for the old RBAC API policies will be removed from Neutron. Please use method 'is_service_role' instead.
2026-04-12 21:55:45.289 9 INFO neutron.wsgi [None req-175ca9b5-0c71-49dc-8052-dea36ddffd57 c5001cf0708145dba274d5f64ecdc313 7d6c63a470494cabbcc1f2c1738e332f - - default default] 10.0.0.169 "DELETE /v2.0/networks/e568c449-ab42-4fa3-ae80-acdc5e178540 HTTP/1.1" status: 204 len: 168 time: 0.5928788
2026-04-12 21:55:45.396 9 INFO neutron.wsgi [None req-5baa7498-bf02-413b-953c-945d422be34c a2af809a4197449d8eef78d9e9c281e1 7fc7f44195504b9e966e4271080d6ccc - - default default] 10.0.0.169 "POST /v2.0/floatingips HTTP/1.1" status: 201 len: 751 time: 0.8755500
2026-04-12 21:55:45.469 9 INFO neutron.wsgi [None req-c0ce1422-8cc0-472e-96b6-98d736e03092 a2af809a4197449d8eef78d9e9c281e1 7fc7f44195504b9e966e4271080d6ccc - - default default] 10.0.0.169 "PUT /v2.0/floatingips/01a7488c-ad68-4736-ae78-9610f87a1052/tags HTTP/1.1" status: 200 len: 210 time: 0.0677111
2026-04-12 21:55:45.544 9 INFO neutron.wsgi [None req-b87cc51e-de95-491c-80ad-6397779a660c a2af809a4197449d8eef78d9e9c281e1 7fc7f44195504b9e966e4271080d6ccc - - default default] 10.0.0.169 "PUT /v2.0/floatingips/5a60399e-a223-4847-8006-f3c47798ec04/tags HTTP/1.1" status: 200 len: 218 time: 0.0707157
2026-04-12 21:55:45.606 9 INFO neutron.wsgi [None req-55ce8b99-408c-4b96-b7d7-010f44f7910d a2af809a4197449d8eef78d9e9c281e1 7fc7f44195504b9e966e4271080d6ccc - - default default] 10.0.0.169 "PUT /v2.0/floatingips/32fe69eb-9b51-41fd-b712-70f6885bcc2e/tags HTTP/1.1" status: 200 len: 227 time: 0.0581779
2026-04-12 21:55:45.708 10 INFO neutron.wsgi [None req-baec4972-917e-4c8e-a43b-74a2754ca471 a2af809a4197449d8eef78d9e9c281e1 7fc7f44195504b9e966e4271080d6ccc - - default default] 10.0.0.169 "PUT /v2.0/floatingips/bd17b5e1-416a-4508-9410-05be4496ecb8/tags HTTP/1.1" status: 200 len: 212 time: 0.0959277
2026-04-12 21:55:45.745 9 INFO neutron.db.ovn_revision_numbers_db [None req-35e8fa98-6773-4472-b2ee-c45841f3e25f a3205093f34f4fd9915fc406949dd9cd 76a449dc75604226af2f244e37c169cf - - default default] Successfully bumped revision number for resource 2c9b0b18-a08b-4968-947d-0d8e03a74500 (type: security_groups) to 1
2026-04-12 21:55:45.766 9 INFO neutron.db.ovn_revision_numbers_db [None req-35e8fa98-6773-4472-b2ee-c45841f3e25f a3205093f34f4fd9915fc406949dd9cd 76a449dc75604226af2f244e37c169cf - - default default] Successfully bumped revision number for resource 3ff9da60-4aa3-4dcc-8d85-233342a0c7b2 (type: security_group_rules) to 0
2026-04-12 21:55:45.768 10 INFO neutron.wsgi [None req-9dc0e92e-bbd7-45c9-bd53-34da4611646d a2af809a4197449d8eef78d9e9c281e1 7fc7f44195504b9e966e4271080d6ccc - - default default] 10.0.0.169 "GET /v2.0/floatingips?tags=red HTTP/1.1" status: 200 len: 1866 time: 0.0546687
2026-04-12 21:55:45.786 9 INFO neutron.db.ovn_revision_numbers_db [None req-35e8fa98-6773-4472-b2ee-c45841f3e25f a3205093f34f4fd9915fc406949dd9cd 76a449dc75604226af2f244e37c169cf - - default default] Successfully bumped revision number for resource 5dcd47bc-6460-4733-ab58-ab2d41de7d09 (type: security_group_rules) to 0
2026-04-12 21:55:45.822 9 INFO neutron.db.ovn_revision_numbers_db [None req-35e8fa98-6773-4472-b2ee-c45841f3e25f a3205093f34f4fd9915fc406949dd9cd 76a449dc75604226af2f244e37c169cf - - default default] Successfully bumped revision number for resource 826f9904-19c1-4dd2-b5c2-a17a746f0689 (type: security_group_rules) to 0
2026-04-12 21:55:45.836 10 INFO neutron.wsgi [None req-cc2e2023-e4e0-47ec-84a8-97c92571e602 a2af809a4197449d8eef78d9e9c281e1 7fc7f44195504b9e966e4271080d6ccc - - default default] 10.0.0.169 "GET /v2.0/floatingips?tags=red%2Cblue HTTP/1.1" status: 200 len: 1323 time: 0.0593719
2026-04-12 21:55:45.845 9 INFO neutron.db.ovn_revision_numbers_db [None req-35e8fa98-6773-4472-b2ee-c45841f3e25f a3205093f34f4fd9915fc406949dd9cd 76a449dc75604226af2f244e37c169cf - - default default] Successfully bumped revision number for resource fc844e41-c74e-4aab-9834-ac22bb8d308c (type: security_group_rules) to 0
2026-04-12 21:55:45.862 9 INFO neutron.wsgi [None req-8a6e09e8-65c3-44fd-852f-2e1c7541b7d8 c5001cf0708145dba274d5f64ecdc313 7d6c63a470494cabbcc1f2c1738e332f - - default default] 10.0.0.169 "DELETE /v2.0/networks/3e4a3f31-5c62-46f7-956e-dc4e27fa7a4f HTTP/1.1" status: 204 len: 168 time: 0.5667324
2026-04-12 21:55:45.891 9 INFO neutron.wsgi [None req-35e8fa98-6773-4472-b2ee-c45841f3e25f a3205093f34f4fd9915fc406949dd9cd 76a449dc75604226af2f244e37c169cf - - default default] 10.0.0.169 "GET /v2.0/security-groups?tenant_id=dda90faecff74dbdab037240b563138d&name=default HTTP/1.1" status: 200 len: 3120 time: 0.4933724
2026-04-12 21:55:45.895 10 INFO neutron.wsgi [None req-174cecf0-d8e3-487b-a870-b632ff11dbe4 a2af809a4197449d8eef78d9e9c281e1 7fc7f44195504b9e966e4271080d6ccc - - default default] 10.0.0.169 "GET /v2.0/floatingips?tags-any=blue HTTP/1.1" status: 200 len: 1323 time: 0.0499868
2026-04-12 21:55:46.214 9 INFO neutron.wsgi [None req-3e53838f-2c2e-41a1-9af1-f541626d722f a2af809a4197449d8eef78d9e9c281e1 7fc7f44195504b9e966e4271080d6ccc - - default default] 10.0.0.169 "GET /v2.0/floatingips?tags-any=red%2Cblue HTTP/1.1" status: 200 len: 1866 time: 0.3093054
2026-04-12 21:55:46.215 9 INFO neutron.services.segments.plugin [-] Segment e2e61cea-42d7-452f-9ce5-ac3c27d95387 resource provider aggregate not found
2026-04-12 21:55:46.223 9 INFO neutron.services.segments.plugin [-] Segment e2e61cea-42d7-452f-9ce5-ac3c27d95387 resource provider aggregate not found
2026-04-12 21:55:46.238 9 INFO neutron.services.segments.plugin [-] Segment e2e61cea-42d7-452f-9ce5-ac3c27d95387 resource provider not found; error: Placement Client Error (4xx): {"errors": [{"status": 404, "title": "Not Found", "detail": "The resource could not be found.\n\n No resource provider with uuid e2e61cea-42d7-452f-9ce5-ac3c27d95387 found for delete ", "request_id": "req-a675d5ab-6551-45fc-95dd-23e77959f43d"}]}
2026-04-12 21:55:46.244 9 INFO neutron.services.segments.plugin [-] Segment e2e61cea-42d7-452f-9ce5-ac3c27d95387 resource provider not found; error: Placement Client Error (4xx): {"errors": [{"status": 404, "title": "Not Found", "detail": "The resource could not be found.\n\n No resource provider with uuid e2e61cea-42d7-452f-9ce5-ac3c27d95387 found for delete ", "request_id": "req-05b39564-2761-4970-9c2c-ecbc00b5eb4c"}]}
2026-04-12 21:55:46.257 9 INFO neutron.services.segments.plugin [-] Segment d565ff48-ae48-4576-ab17-65b0b243c17a resource provider aggregate not found
2026-04-12 21:55:46.263 9 INFO neutron.services.segments.plugin [-] Segment d565ff48-ae48-4576-ab17-65b0b243c17a resource provider aggregate not found
2026-04-12 21:55:46.276 10 WARNING neutron.scheduler.dhcp_agent_scheduler [None req-3ce0985a-67de-4fbf-9455-adedd01bf508 8e9613e0190448ee80edde82680fd100 9f001ea9916542009f91d42c5440d902 - - default default] No more DHCP agents
2026-04-12 21:55:46.283 10 INFO neutron.wsgi [None req-28debff6-52b6-4dc4-bb22-892e01b76434 a3205093f34f4fd9915fc406949dd9cd 76a449dc75604226af2f244e37c169cf - - default default] 10.0.0.169 "DELETE /v2.0/security-groups/2c9b0b18-a08b-4968-947d-0d8e03a74500 HTTP/1.1" status: 204 len: 168 time: 0.3864622
2026-04-12 21:55:46.284 9 INFO neutron.services.segments.plugin [-] Segment d565ff48-ae48-4576-ab17-65b0b243c17a resource provider not found; error: Placement Client Error (4xx): {"errors": [{"status": 404, "title": "Not Found", "detail": "The resource could not be found.\n\n No resource provider with uuid d565ff48-ae48-4576-ab17-65b0b243c17a found for delete ", "request_id": "req-43567724-1aa9-4521-be7a-27bf7726ce8f"}]}
2026-04-12 21:55:46.285 9 INFO neutron.services.segments.plugin [-] Segment d565ff48-ae48-4576-ab17-65b0b243c17a resource provider not found; error: Placement Client Error (4xx): {"errors": [{"status": 404, "title": "Not Found", "detail": "The resource could not be found.\n\n No resource provider with uuid d565ff48-ae48-4576-ab17-65b0b243c17a found for delete ", "request_id": "req-d35c760e-500b-45cc-bec6-4e4f95c8e04b"}]}
2026-04-12 21:55:46.286 10 WARNING neutron.api.rpc.agentnotifiers.dhcp_rpc_agent_api [None req-3ce0985a-67de-4fbf-9455-adedd01bf508 8e9613e0190448ee80edde82680fd100 9f001ea9916542009f91d42c5440d902 - - default default] Unable to schedule network 047c664c-a573-4e50-99dd-dda97e845eb7: no agents available; will retry on subsequent port and subnet creation events.
2026-04-12 21:55:46.289 10 INFO neutron.wsgi [None req-15e8cbf1-8ef7-4c4e-811d-a2e6d65baccd a2af809a4197449d8eef78d9e9c281e1 7fc7f44195504b9e966e4271080d6ccc - - default default] 10.0.0.169 "GET /v2.0/floatingips?not-tags=red HTTP/1.1" status: 200 len: 1295 time: 0.0671098
2026-04-12 21:55:46.350 9 INFO neutron.wsgi [None req-64dfcc08-b4b6-4393-9da1-7bee4f7cf9cc a2af809a4197449d8eef78d9e9c281e1 7fc7f44195504b9e966e4271080d6ccc - - default default] 10.0.0.169 "GET /v2.0/floatingips?not-tags=red%2Cblue HTTP/1.1" status: 200 len: 1838 time: 0.0541859
2026-04-12 21:55:46.426 10 INFO neutron.wsgi [None req-bf920036-ba3f-498b-9fa2-84613d9b3dbe a2af809a4197449d8eef78d9e9c281e1 7fc7f44195504b9e966e4271080d6ccc - - default default] 10.0.0.169 "GET /v2.0/floatingips?not-tags-any=blue HTTP/1.1" status: 200 len: 1838 time: 0.0695622
2026-04-12 21:55:46.475 10 INFO neutron.wsgi [None req-584b55a3-c844-4976-ae51-8572633e3386 a2af809a4197449d8eef78d9e9c281e1 7fc7f44195504b9e966e4271080d6ccc - - default default] 10.0.0.169 "GET /v2.0/floatingips?not-tags-any=red%2Cblue HTTP/1.1" status: 200 len: 1295 time: 0.0429199
2026-04-12 21:55:46.532 10 INFO neutron.db.ovn_revision_numbers_db [None req-3ce0985a-67de-4fbf-9455-adedd01bf508 8e9613e0190448ee80edde82680fd100 9f001ea9916542009f91d42c5440d902 - - default default] Successfully bumped revision number for resource e12e3337-adc2-4259-a7d0-6f82922508bc (type: ports) to 1
2026-04-12 21:55:46.654 10 INFO neutron.db.ovn_revision_numbers_db [None req-64b37a02-9914-426f-b5df-d516f0d85e80 a3205093f34f4fd9915fc406949dd9cd 76a449dc75604226af2f244e37c169cf - - default default] Successfully bumped revision number for resource 6ad8f14d-4c16-473c-ad37-6602096021f1 (type: security_groups) to 1
2026-04-12 21:55:46.686 10 INFO neutron.services.segments.plugin [-] Segment 1bd76465-53ea-4d3b-8077-a44a9b814bd4 resource provider aggregate not found
2026-04-12 21:55:46.691 10 INFO neutron.db.ovn_revision_numbers_db [None req-64b37a02-9914-426f-b5df-d516f0d85e80 a3205093f34f4fd9915fc406949dd9cd 76a449dc75604226af2f244e37c169cf - - default default] Successfully bumped revision number for resource 8c357e9c-7cdb-42f9-a77c-ef404bcbd1b9 (type: security_group_rules) to 0
2026-04-12 21:55:46.699 10 INFO neutron.services.segments.plugin [-] Segment 1bd76465-53ea-4d3b-8077-a44a9b814bd4 resource provider aggregate not found
2026-04-12 21:55:46.704 10 INFO neutron.services.segments.plugin [-] Segment 1bd76465-53ea-4d3b-8077-a44a9b814bd4 resource provider not found; error: Placement Client Error (4xx): {"errors": [{"status": 404, "title": "Not Found", "detail": "The resource could not be found.\n\n No resource provider with uuid 1bd76465-53ea-4d3b-8077-a44a9b814bd4 found for delete ", "request_id": "req-1f40a813-978e-452a-96f7-1109de7e3c79"}]}
2026-04-12 21:55:46.715 10 INFO neutron.services.segments.plugin [-] Segment 1bd76465-53ea-4d3b-8077-a44a9b814bd4 resource provider not found; error: Placement Client Error (4xx): {"errors": [{"status": 404, "title": "Not Found", "detail": "The resource could not be found.\n\n No resource provider with uuid 1bd76465-53ea-4d3b-8077-a44a9b814bd4 found for delete ", "request_id": "req-90666401-6493-4efc-92af-1b7bbaafdc49"}]}
2026-04-12 21:55:46.723 10 INFO neutron.db.ovn_revision_numbers_db [None req-64b37a02-9914-426f-b5df-d516f0d85e80 a3205093f34f4fd9915fc406949dd9cd 76a449dc75604226af2f244e37c169cf - - default default] Successfully bumped revision number for resource a9950c11-04bd-459e-9ad9-3fda568922de (type: security_group_rules) to 0
2026-04-12 21:55:46.760 10 INFO neutron.db.ovn_revision_numbers_db [None req-64b37a02-9914-426f-b5df-d516f0d85e80 a3205093f34f4fd9915fc406949dd9cd 76a449dc75604226af2f244e37c169cf - - default default] Successfully bumped revision number for resource e4027fe6-7579-4b65-8df6-9ee1335ac90b (type: security_group_rules) to 0
2026-04-12 21:55:46.766 9 INFO neutron.wsgi [None req-ab6c0d67-a5a6-4e00-8fb1-d9119ecd642d c5001cf0708145dba274d5f64ecdc313 7d6c63a470494cabbcc1f2c1738e332f - - default default] 10.0.0.169 "DELETE /v2.0/networks/88fa3353-f51e-4aa3-ad31-117be96d5fad HTTP/1.1" status: 204 len: 168 time: 0.8954482
2026-04-12 21:55:46.786 10 INFO neutron.db.ovn_revision_numbers_db [None req-64b37a02-9914-426f-b5df-d516f0d85e80 a3205093f34f4fd9915fc406949dd9cd 76a449dc75604226af2f244e37c169cf - - default default] Successfully bumped revision number for resource ee05d819-735b-4afc-ad33-25a5ddaae7b4 (type: security_group_rules) to 0
2026-04-12 21:55:46.817 10 INFO neutron.wsgi [None req-64b37a02-9914-426f-b5df-d516f0d85e80 a3205093f34f4fd9915fc406949dd9cd 76a449dc75604226af2f244e37c169cf - - default default] 10.0.0.169 "GET /v2.0/security-groups?tenant_id=9bb75fcd27a3494185d461018cbea6c2&name=default HTTP/1.1" status: 200 len: 3120 time: 0.4035275
2026-04-12 21:55:46.907 9 INFO neutron.wsgi [None req-b5107988-304f-4482-8a9d-f6d6b113ec76 a2af809a4197449d8eef78d9e9c281e1 7fc7f44195504b9e966e4271080d6ccc - - default default] 10.0.0.169 "DELETE /v2.0/floatingips/01a7488c-ad68-4736-ae78-9610f87a1052 HTTP/1.1" status: 204 len: 168 time: 0.4240303
2026-04-12 21:55:47.269 9 INFO neutron.wsgi [None req-77867790-2464-4701-abd9-8d61661855b4 a2af809a4197449d8eef78d9e9c281e1 7fc7f44195504b9e966e4271080d6ccc - - default default] 10.0.0.169 "DELETE /v2.0/floatingips/5a60399e-a223-4847-8006-f3c47798ec04 HTTP/1.1" status: 204 len: 168 time: 0.3572083
2026-04-12 21:55:47.410 10 INFO neutron.wsgi [None req-63fe53bc-3a9a-470e-bfd6-9a346a4ea2d4 a3205093f34f4fd9915fc406949dd9cd 76a449dc75604226af2f244e37c169cf - - default default] 10.0.0.169 "DELETE /v2.0/security-groups/6ad8f14d-4c16-473c-ad37-6602096021f1 HTTP/1.1" status: 204 len: 168 time: 0.5848606
2026-04-12 21:55:47.581 10 INFO neutron.plugins.ml2.drivers.ovn.mech_driver.ovsdb.commands [None req-b8fecee4-75d1-487e-9ec4-87e5853dae94 - - - - - -] Schedule LRP lrp-e12e3337-adc2-4259-a7d0-6f82922508bc on gateway e718b189-ec62-4cb9-abe5-da49ec23c92f with priority 1
2026-04-12 21:55:47.615 10 INFO neutron.db.ovn_revision_numbers_db [None req-3ce0985a-67de-4fbf-9455-adedd01bf508 8e9613e0190448ee80edde82680fd100 9f001ea9916542009f91d42c5440d902 - - default default] Successfully bumped revision number for resource e12e3337-adc2-4259-a7d0-6f82922508bc (type: router_ports) to 1
2026-04-12 21:55:47.630 9 INFO neutron.wsgi [None req-f73ad17c-b76a-4c1d-9ce9-da2f8f95cf2c a2af809a4197449d8eef78d9e9c281e1 7fc7f44195504b9e966e4271080d6ccc - - default default] 10.0.0.169 "DELETE /v2.0/floatingips/32fe69eb-9b51-41fd-b712-70f6885bcc2e HTTP/1.1" status: 204 len: 168 time: 0.3578391
2026-04-12 21:55:47.690 10 INFO neutron.db.ovn_revision_numbers_db [None req-3ce0985a-67de-4fbf-9455-adedd01bf508 8e9613e0190448ee80edde82680fd100 9f001ea9916542009f91d42c5440d902 - - default default] Successfully bumped revision number for resource f6ecfeb4-7bc3-4b07-b700-1b0b3b9779fc (type: routers) to 2
2026-04-12 21:55:47.705 10 INFO neutron.wsgi [None req-3ce0985a-67de-4fbf-9455-adedd01bf508 8e9613e0190448ee80edde82680fd100 9f001ea9916542009f91d42c5440d902 - - default default] 10.0.0.169 "POST /v2.0/routers HTTP/1.1" status: 201 len: 1150 time: 2.4250095
2026-04-12 21:55:47.784 10 INFO neutron.wsgi [None req-cb24901e-3e0d-4147-ac8f-6e40279403a6 8e9613e0190448ee80edde82680fd100 9f001ea9916542009f91d42c5440d902 - - default default] 10.0.0.169 "GET /v2.0/routers/f6ecfeb4-7bc3-4b07-b700-1b0b3b9779fc HTTP/1.1" status: 200 len: 1151 time: 0.0754178
2026-04-12 21:55:47.915 9 INFO neutron.db.ovn_revision_numbers_db [None req-f8f6220a-15eb-4f7f-ae90-e2f3760c1a4e a3205093f34f4fd9915fc406949dd9cd 76a449dc75604226af2f244e37c169cf - - default default] Successfully bumped revision number for resource 7b739214-b3de-437e-b52f-559a74c011f0 (type: security_groups) to 1
2026-04-12 21:55:47.919 10 INFO neutron.wsgi [None req-9fc269c3-96b0-44ae-8931-db798936a449 8e9613e0190448ee80edde82680fd100 9f001ea9916542009f91d42c5440d902 - - default default] 10.0.0.169 "GET /v2.0/routers HTTP/1.1" status: 200 len: 1154 time: 0.1296875
2026-04-12 21:55:47.938 10 WARNING neutron.plugins.ml2.drivers.ovn.mech_driver.ovsdb.ovn_client [None req-f3be13e7-fce4-4559-8475-7f00d676cfbd - - - - - -] No port found with ID 62f545e5-3603-4a65-a796-7e3fd9282592: RuntimeError: No port found with ID 62f545e5-3603-4a65-a796-7e3fd9282592
2026-04-12 21:55:47.938 10 INFO neutron.plugins.ml2.drivers.ovn.mech_driver.mech_driver [None req-f3be13e7-fce4-4559-8475-7f00d676cfbd - - - - - -] OVN reports status up for port: e12e3337-adc2-4259-a7d0-6f82922508bc
2026-04-12 21:55:47.943 9 INFO neutron.db.ovn_revision_numbers_db [None req-f8f6220a-15eb-4f7f-ae90-e2f3760c1a4e a3205093f34f4fd9915fc406949dd9cd 76a449dc75604226af2f244e37c169cf - - default default] Successfully bumped revision number for resource 32dcfcaa-6033-41a5-8592-fb3e91be8e4e (type: security_group_rules) to 0
2026-04-12 21:55:47.956 10 INFO neutron.plugins.ml2.plugin [None req-f3be13e7-fce4-4559-8475-7f00d676cfbd - - - - - -] Attempt 1 to provision port e12e3337-adc2-4259-a7d0-6f82922508bc
2026-04-12 21:55:47.961 9 INFO neutron.db.ovn_revision_numbers_db [None req-f8f6220a-15eb-4f7f-ae90-e2f3760c1a4e a3205093f34f4fd9915fc406949dd9cd 76a449dc75604226af2f244e37c169cf - - default default] Successfully bumped revision number for resource 3333d900-4aba-4a83-9d50-eaaf138e2c79 (type: security_group_rules) to 0
2026-04-12 21:55:47.976 9 INFO neutron.db.ovn_revision_numbers_db [None req-f8f6220a-15eb-4f7f-ae90-e2f3760c1a4e a3205093f34f4fd9915fc406949dd9cd 76a449dc75604226af2f244e37c169cf - - default default] Successfully bumped revision number for resource 33be52d2-2fe0-447c-837b-24110768f3af (type: security_group_rules) to 0
2026-04-12 21:55:47.990 9 INFO neutron.wsgi [None req-9af3acbe-c8e6-4d19-b3bf-d02640110cf4 a2af809a4197449d8eef78d9e9c281e1 7fc7f44195504b9e966e4271080d6ccc - - default default] 10.0.0.169 "DELETE /v2.0/floatingips/bd17b5e1-416a-4508-9410-05be4496ecb8 HTTP/1.1" status: 204 len: 168 time: 0.3546879
2026-04-12 21:55:47.991 9 INFO neutron.db.ovn_revision_numbers_db [None req-f8f6220a-15eb-4f7f-ae90-e2f3760c1a4e a3205093f34f4fd9915fc406949dd9cd 76a449dc75604226af2f244e37c169cf - - default default] Successfully bumped revision number for resource 40548051-511b-4912-a49e-eaedf3a44d7e (type: security_group_rules) to 0
2026-04-12 21:55:48.025 9 INFO neutron.wsgi [None req-f8f6220a-15eb-4f7f-ae90-e2f3760c1a4e a3205093f34f4fd9915fc406949dd9cd 76a449dc75604226af2f244e37c169cf - - default default] 10.0.0.169 "GET /v2.0/security-groups?tenant_id=8379de10cdcb48c08369217dfe15c2d3&name=default HTTP/1.1" status: 200 len: 3120 time: 0.4051623
2026-04-12 21:55:48.303 9 INFO neutron.services.segments.plugin [-] Segment acc017be-9229-4a5d-a36d-b01e8acdb939 resource provider aggregate not found
2026-04-12 21:55:48.308 9 INFO neutron.services.segments.plugin [-] Segment acc017be-9229-4a5d-a36d-b01e8acdb939 resource provider aggregate not found
2026-04-12 21:55:48.317 9 INFO neutron.services.segments.plugin [-] Segment acc017be-9229-4a5d-a36d-b01e8acdb939 resource provider not found; error: Placement Client Error (4xx): {"errors": [{"status": 404, "title": "Not Found", "detail": "The resource could not be found.\n\n No resource provider with uuid acc017be-9229-4a5d-a36d-b01e8acdb939 found for delete ", "request_id": "req-c73c5fc3-1288-4c88-8fd1-0a78f36bb6fb"}]}
2026-04-12 21:55:48.330 9 INFO neutron.services.segments.plugin [-] Segment acc017be-9229-4a5d-a36d-b01e8acdb939 resource provider not found; error: Placement Client Error (4xx): {"errors": [{"status": 404, "title": "Not Found", "detail": "The resource could not be found.\n\n No resource provider with uuid acc017be-9229-4a5d-a36d-b01e8acdb939 found for delete ", "request_id": "req-bdb79545-486d-4005-9e47-da174824a9b1"}]}
2026-04-12 21:55:48.384 9 INFO neutron.wsgi [None req-49f751f9-a74c-49e4-b071-b93995724287 a3205093f34f4fd9915fc406949dd9cd 76a449dc75604226af2f244e37c169cf - - default default] 10.0.0.169 "DELETE /v2.0/security-groups/7b739214-b3de-437e-b52f-559a74c011f0 HTTP/1.1" status: 204 len: 168 time: 0.3524907
2026-04-12 21:55:48.402 10 INFO neutron.db.ovn_revision_numbers_db [None req-9ce37a91-a644-4aa3-afb3-787d5a458ec6 8e9613e0190448ee80edde82680fd100 9f001ea9916542009f91d42c5440d902 - - default default] Successfully bumped revision number for resource f6ecfeb4-7bc3-4b07-b700-1b0b3b9779fc (type: routers) to 3
2026-04-12 21:55:48.408 10 INFO neutron.wsgi [None req-9ce37a91-a644-4aa3-afb3-787d5a458ec6 8e9613e0190448ee80edde82680fd100 9f001ea9916542009f91d42c5440d902 - - default default] 10.0.0.169 "PUT /v2.0/routers/f6ecfeb4-7bc3-4b07-b700-1b0b3b9779fc HTTP/1.1" status: 200 len: 1158 time: 0.4842567
2026-04-12 21:55:48.413 9 INFO neutron.wsgi [None req-e5689c81-c338-4a02-ac47-f92917380090 a2af809a4197449d8eef78d9e9c281e1 7fc7f44195504b9e966e4271080d6ccc - - default default] 10.0.0.169 "DELETE /v2.0/floatingips/fd58dab1-8bcf-4ea0-a8c1-9b4d6fe75e3f HTTP/1.1" status: 204 len: 168 time: 0.4160302
2026-04-12 21:55:48.505 10 INFO neutron.wsgi [None req-14abe352-08cb-4621-9542-88ea8d550e0d 8e9613e0190448ee80edde82680fd100 9f001ea9916542009f91d42c5440d902 - - default default] 10.0.0.169 "GET /v2.0/routers/f6ecfeb4-7bc3-4b07-b700-1b0b3b9779fc HTTP/1.1" status: 200 len: 1158 time: 0.0892739
2026-04-12 21:55:48.528 10 INFO neutron.wsgi [None req-ee98dfc8-bcd7-456c-b2fa-2b5e177ce3f2 8e9613e0190448ee80edde82680fd100 9f001ea9916542009f91d42c5440d902 - - default default] 10.0.0.169 "GET /v2.0/ports?device_id=f6ecfeb4-7bc3-4b07-b700-1b0b3b9779fc HTTP/1.1" status: 200 len: 205 time: 0.0190897
2026-04-12 21:55:48.649 10 INFO neutron.db.ovn_revision_numbers_db [None req-b25d167a-488e-41c8-9917-5af4c9c5809d a3205093f34f4fd9915fc406949dd9cd 76a449dc75604226af2f244e37c169cf - - default default] Successfully bumped revision number for resource c4bed3ab-f135-45e3-9a84-2ed1fb3536b4 (type: security_groups) to 1
2026-04-12 21:55:48.662 10 INFO neutron.db.ovn_revision_numbers_db [None req-b25d167a-488e-41c8-9917-5af4c9c5809d a3205093f34f4fd9915fc406949dd9cd 76a449dc75604226af2f244e37c169cf - - default default] Successfully bumped revision number for resource 4f457bca-c397-4d09-a03e-405b22b44f66 (type: security_group_rules) to 0
2026-04-12 21:55:48.675 10 INFO neutron.db.ovn_revision_numbers_db [None req-b25d167a-488e-41c8-9917-5af4c9c5809d a3205093f34f4fd9915fc406949dd9cd 76a449dc75604226af2f244e37c169cf - - default default] Successfully bumped revision number for resource 69c31a6d-9b22-49b0-8c05-38aaa44f466f (type: security_group_rules) to 0
2026-04-12 21:55:48.689 10 INFO neutron.db.ovn_revision_numbers_db [None req-b25d167a-488e-41c8-9917-5af4c9c5809d a3205093f34f4fd9915fc406949dd9cd 76a449dc75604226af2f244e37c169cf - - default default] Successfully bumped revision number for resource 6fea8f29-8302-459c-b5a0-d590a02bc3c0 (type: security_group_rules) to 0
2026-04-12 21:55:48.703 10 INFO neutron.db.ovn_revision_numbers_db [None req-b25d167a-488e-41c8-9917-5af4c9c5809d a3205093f34f4fd9915fc406949dd9cd 76a449dc75604226af2f244e37c169cf - - default default] Successfully bumped revision number for resource f9bc0820-d743-40d7-bd37-5ef62be0c3bd (type: security_group_rules) to 0
2026-04-12 21:55:48.723 10 INFO neutron.wsgi [None req-b25d167a-488e-41c8-9917-5af4c9c5809d a3205093f34f4fd9915fc406949dd9cd 76a449dc75604226af2f244e37c169cf - - default default] 10.0.0.169 "GET /v2.0/security-groups?tenant_id=3bdecbcf013346819089192b024f009b&name=default HTTP/1.1" status: 200 len: 3120 time: 0.2278903
2026-04-12 21:55:48.962 10 INFO neutron.wsgi [None req-a0883565-2a97-4213-8f11-7365ff3cac52 a3205093f34f4fd9915fc406949dd9cd 76a449dc75604226af2f244e37c169cf - - default default] 10.0.0.169 "DELETE /v2.0/security-groups/c4bed3ab-f135-45e3-9a84-2ed1fb3536b4 HTTP/1.1" status: 204 len: 168 time: 0.2343707
2026-04-12 21:55:49.355 9 INFO neutron.wsgi [None req-204651bf-6751-463a-8cd0-8965745f51d8 a3205093f34f4fd9915fc406949dd9cd 76a449dc75604226af2f244e37c169cf - - default default] 10.0.0.169 "GET /v2.0/security-groups?tenant_id=7d6c63a470494cabbcc1f2c1738e332f&name=default HTTP/1.1" status: 200 len: 3120 time: 0.1146302
2026-04-12 21:55:49.388 9 INFO neutron.wsgi [None req-0ffbf966-468b-4e71-b312-a92450a65c9f 8e9613e0190448ee80edde82680fd100 9f001ea9916542009f91d42c5440d902 - - default default] 10.0.0.169 "DELETE /v2.0/routers/f6ecfeb4-7bc3-4b07-b700-1b0b3b9779fc HTTP/1.1" status: 204 len: 168 time: 0.8542960
2026-04-12 21:55:49.417 9 INFO neutron.wsgi [None req-0a95228c-49a5-47c5-9a45-d198a577cd74 8e9613e0190448ee80edde82680fd100 9f001ea9916542009f91d42c5440d902 - - default default] 10.0.0.169 "GET /v2.0/ports?device_id=f6ecfeb4-7bc3-4b07-b700-1b0b3b9779fc HTTP/1.1" status: 200 len: 205 time: 0.0231721
2026-04-12 21:55:49.449 10 INFO neutron.api.v2.resource [None req-a89bf88c-c57b-4500-8b07-708dd5b0b01f 8e9613e0190448ee80edde82680fd100 9f001ea9916542009f91d42c5440d902 - - default default] delete failed (client error): The resource could not be found.
2026-04-12 21:55:49.450 10 INFO neutron.wsgi [None req-a89bf88c-c57b-4500-8b07-708dd5b0b01f 8e9613e0190448ee80edde82680fd100 9f001ea9916542009f91d42c5440d902 - - default default] 10.0.0.169 "DELETE /v2.0/routers/f6ecfeb4-7bc3-4b07-b700-1b0b3b9779fc HTTP/1.1" status: 404 len: 336 time: 0.0281453
2026-04-12 21:55:49.471 10 INFO neutron.wsgi [None req-79cee4b4-aab5-4f76-993e-c6aefc1833e1 8e9613e0190448ee80edde82680fd100 9f001ea9916542009f91d42c5440d902 - - default default] 10.0.0.169 "GET /v2.0/ports?device_id=6dfdca2a-e0ba-46d2-9ef6-2f8a175b127c HTTP/1.1" status: 200 len: 205 time: 0.0174742
2026-04-12 21:55:49.560 9 INFO neutron.wsgi [-] 10.0.0.214 "GET / HTTP/1.1" status: 200 len: 247 time: 0.0017421
2026-04-12 21:55:49.562 9 INFO neutron.wsgi [-] 10.0.0.214 "GET / HTTP/1.1" status: 200 len: 247 time: 0.0009274
2026-04-12 21:55:49.619 9 INFO neutron.wsgi [None req-b1b69fde-2e57-49a0-aa09-6aa59d940100 a3205093f34f4fd9915fc406949dd9cd 76a449dc75604226af2f244e37c169cf - - default default] 10.0.0.169 "DELETE /v2.0/security-groups/0bb7921c-7251-4662-a794-dc152d2c1122 HTTP/1.1" status: 204 len: 168 time: 0.2547760
2026-04-12 21:55:49.687 10 INFO neutron.api.v2.resource [None req-931e495a-8024-4539-92b3-89429f6c6331 8e9613e0190448ee80edde82680fd100 9f001ea9916542009f91d42c5440d902 - - default default] delete failed (client error): The resource could not be found.
2026-04-12 21:55:49.688 10 INFO neutron.wsgi [None req-931e495a-8024-4539-92b3-89429f6c6331 8e9613e0190448ee80edde82680fd100 9f001ea9916542009f91d42c5440d902 - - default default] 10.0.0.169 "DELETE /v2.0/routers/6dfdca2a-e0ba-46d2-9ef6-2f8a175b127c HTTP/1.1" status: 404 len: 336 time: 0.2127309
2026-04-12 21:55:49.710 10 INFO neutron.pecan_wsgi.hooks.translation [None req-130aebe4-2080-4ce9-958b-a1a82385983f 8e9613e0190448ee80edde82680fd100 9f001ea9916542009f91d42c5440d902 - - default default] DELETE failed (client error): The resource could not be found.
2026-04-12 21:55:49.712 10 INFO neutron.wsgi [None req-130aebe4-2080-4ce9-958b-a1a82385983f 8e9613e0190448ee80edde82680fd100 9f001ea9916542009f91d42c5440d902 - - default default] 10.0.0.169 "DELETE /v2.0/subnets/f6b82527-5cf5-436a-a00a-a0e236cfb01a HTTP/1.1" status: 404 len: 337 time: 0.0195818
2026-04-12 21:55:49.738 10 INFO neutron.wsgi [None req-ce388eab-2742-4ec0-8527-2d23f639c3d4 8e9613e0190448ee80edde82680fd100 9f001ea9916542009f91d42c5440d902 - - default default] 10.0.0.169 "GET /v2.0/ports?device_id=a5780cb4-f669-4aed-8f3a-6508312628f4 HTTP/1.1" status: 200 len: 205 time: 0.0211387
2026-04-12 21:55:49.774 9 INFO neutron.api.v2.resource [None req-5c30cbf1-dd3e-4714-9c22-255f5b393cf3 8e9613e0190448ee80edde82680fd100 9f001ea9916542009f91d42c5440d902 - - default default] delete failed (client error): The resource could not be found.
2026-04-12 21:55:49.775 9 INFO neutron.wsgi [None req-5c30cbf1-dd3e-4714-9c22-255f5b393cf3 8e9613e0190448ee80edde82680fd100 9f001ea9916542009f91d42c5440d902 - - default default] 10.0.0.169 "DELETE /v2.0/routers/a5780cb4-f669-4aed-8f3a-6508312628f4 HTTP/1.1" status: 404 len: 336 time: 0.0319409
2026-04-12 21:55:49.801 10 INFO neutron.db.ovn_revision_numbers_db [None req-812d5f27-6b56-4356-a330-45f8faf61202 a3205093f34f4fd9915fc406949dd9cd 76a449dc75604226af2f244e37c169cf - - default default] Successfully bumped revision number for resource e8f57b18-c74f-4797-9fff-958427591da7 (type: security_groups) to 1
2026-04-12 21:55:49.804 9 INFO neutron.pecan_wsgi.hooks.translation [None req-8c2863da-b6f1-4caa-ba66-883b03d572cc 8e9613e0190448ee80edde82680fd100 9f001ea9916542009f91d42c5440d902 - - default default] DELETE failed (client error): The resource could not be found.
2026-04-12 21:55:49.806 9 INFO neutron.wsgi [None req-8c2863da-b6f1-4caa-ba66-883b03d572cc 8e9613e0190448ee80edde82680fd100 9f001ea9916542009f91d42c5440d902 - - default default] 10.0.0.169 "DELETE /v2.0/subnets/14440622-749a-44a6-8fdc-59a1c270cccd HTTP/1.1" status: 404 len: 337 time: 0.0263126
2026-04-12 21:55:49.821 10 INFO neutron.db.ovn_revision_numbers_db [None req-812d5f27-6b56-4356-a330-45f8faf61202 a3205093f34f4fd9915fc406949dd9cd 76a449dc75604226af2f244e37c169cf - - default default] Successfully bumped revision number for resource 155265b1-82c7-42b8-9e8d-6b1285521add (type: security_group_rules) to 0
2026-04-12 21:55:49.831 10 INFO neutron.wsgi [None req-66d2759c-4a86-411b-8d5f-6e022eeabcfe 8e9613e0190448ee80edde82680fd100 9f001ea9916542009f91d42c5440d902 - - default default] 10.0.0.169 "GET /v2.0/ports?device_id=31ead374-369a-4dae-a853-423e01c68a9c HTTP/1.1" status: 200 len: 205 time: 0.0196190
2026-04-12 21:55:49.847 10 INFO neutron.db.ovn_revision_numbers_db [None req-812d5f27-6b56-4356-a330-45f8faf61202 a3205093f34f4fd9915fc406949dd9cd 76a449dc75604226af2f244e37c169cf - - default default] Successfully bumped revision number for resource 87627aea-203d-4abd-8d52-842bf5d805c7 (type: security_group_rules) to 0
2026-04-12 21:55:49.867 10 INFO neutron.api.v2.resource [None req-91dcceb7-b61e-4486-9934-b5bb145b7b57 8e9613e0190448ee80edde82680fd100 9f001ea9916542009f91d42c5440d902 - - default default] delete failed (client error): The resource could not be found.
2026-04-12 21:55:49.868 10 INFO neutron.wsgi [None req-91dcceb7-b61e-4486-9934-b5bb145b7b57 8e9613e0190448ee80edde82680fd100 9f001ea9916542009f91d42c5440d902 - - default default] 10.0.0.169 "DELETE /v2.0/routers/31ead374-369a-4dae-a853-423e01c68a9c HTTP/1.1" status: 404 len: 336 time: 0.0310357
2026-04-12 21:55:49.879 10 INFO neutron.db.ovn_revision_numbers_db [None req-812d5f27-6b56-4356-a330-45f8faf61202 a3205093f34f4fd9915fc406949dd9cd 76a449dc75604226af2f244e37c169cf - - default default] Successfully bumped revision number for resource a3b0de29-7093-43ba-98cb-984406bb5c88 (type: security_group_rules) to 0
2026-04-12 21:55:49.895 10 INFO neutron.db.ovn_revision_numbers_db [None req-812d5f27-6b56-4356-a330-45f8faf61202 a3205093f34f4fd9915fc406949dd9cd 76a449dc75604226af2f244e37c169cf - - default default] Successfully bumped revision number for resource dc82c4e5-536b-47b7-8bc0-d1034a34c771 (type: security_group_rules) to 0
2026-04-12 21:55:49.896 9 INFO neutron.pecan_wsgi.hooks.translation [None req-1450e6ab-d9b1-4e7b-9dd6-5dee715e4b20 8e9613e0190448ee80edde82680fd100 9f001ea9916542009f91d42c5440d902 - - default default] DELETE failed (client error): The resource could not be found.
2026-04-12 21:55:49.900 9 INFO neutron.wsgi [None req-1450e6ab-d9b1-4e7b-9dd6-5dee715e4b20 8e9613e0190448ee80edde82680fd100 9f001ea9916542009f91d42c5440d902 - - default default] 10.0.0.169 "DELETE /v2.0/subnets/50d61e5e-a79a-471e-9b0c-5e37d139a54b HTTP/1.1" status: 404 len: 337 time: 0.0244393
2026-04-12 21:55:49.915 10 INFO neutron.wsgi [None req-812d5f27-6b56-4356-a330-45f8faf61202 a3205093f34f4fd9915fc406949dd9cd 76a449dc75604226af2f244e37c169cf - - default default] 10.0.0.169 "GET /v2.0/security-groups?tenant_id=794b7e9b6b074723935f37b1d0041e92&name=default HTTP/1.1" status: 200 len: 3120 time: 0.6796322
2026-04-12 21:55:49.925 9 INFO neutron.pecan_wsgi.hooks.translation [None req-32cc5084-d3cb-4a50-a106-2fc24d8c362c 8e9613e0190448ee80edde82680fd100 9f001ea9916542009f91d42c5440d902 - - default default] DELETE failed (client error): The resource could not be found.
2026-04-12 21:55:49.929 9 INFO neutron.wsgi [None req-32cc5084-d3cb-4a50-a106-2fc24d8c362c 8e9613e0190448ee80edde82680fd100 9f001ea9916542009f91d42c5440d902 - - default default] 10.0.0.169 "DELETE /v2.0/subnets/2d5ca415-5b6d-4e0a-8ad0-ebd144170ac6 HTTP/1.1" status: 404 len: 337 time: 0.0239613
2026-04-12 21:55:50.154 10 INFO neutron.wsgi [None req-ad237a6d-b7d4-4d04-8331-558d8ed2ca7e a3205093f34f4fd9915fc406949dd9cd 76a449dc75604226af2f244e37c169cf - - default default] 10.0.0.169 "DELETE /v2.0/security-groups/e8f57b18-c74f-4797-9fff-958427591da7 HTTP/1.1" status: 204 len: 168 time: 0.2346420
2026-04-12 21:55:50.404 9 INFO neutron.db.ovn_revision_numbers_db [None req-ef23a84f-7770-427a-b798-e045ebb75eb5 a3205093f34f4fd9915fc406949dd9cd 76a449dc75604226af2f244e37c169cf - - default default] Successfully bumped revision number for resource c9bb464c-ec89-4a9d-a686-7ead1fbe72e1 (type: security_groups) to 1
2026-04-12 21:55:50.417 9 INFO neutron.db.ovn_revision_numbers_db [None req-ef23a84f-7770-427a-b798-e045ebb75eb5 a3205093f34f4fd9915fc406949dd9cd 76a449dc75604226af2f244e37c169cf - - default default] Successfully bumped revision number for resource 058718ec-03f8-44b6-8afb-b5d16fbbe9ff (type: security_group_rules) to 0
2026-04-12 21:55:50.431 9 INFO neutron.db.ovn_revision_numbers_db [None req-ef23a84f-7770-427a-b798-e045ebb75eb5 a3205093f34f4fd9915fc406949dd9cd 76a449dc75604226af2f244e37c169cf - - default default] Successfully bumped revision number for resource 11e1472e-4c7e-40a2-8879-72c0aa3b1bc0 (type: security_group_rules) to 0
2026-04-12 21:55:50.445 9 INFO neutron.db.ovn_revision_numbers_db [None req-ef23a84f-7770-427a-b798-e045ebb75eb5 a3205093f34f4fd9915fc406949dd9cd 76a449dc75604226af2f244e37c169cf - - default default] Successfully bumped revision number for resource 574e4735-126b-4d7c-9f82-6bbac5a609bf (type: security_group_rules) to 0
2026-04-12 21:55:50.457 9 INFO neutron.db.ovn_revision_numbers_db [None req-ef23a84f-7770-427a-b798-e045ebb75eb5 a3205093f34f4fd9915fc406949dd9cd 76a449dc75604226af2f244e37c169cf - - default default] Successfully bumped revision number for resource ea2424a5-ba26-4b72-8d1b-1599cbba832c (type: security_group_rules) to 0
2026-04-12 21:55:50.476 9 INFO neutron.wsgi [None req-ef23a84f-7770-427a-b798-e045ebb75eb5 a3205093f34f4fd9915fc406949dd9cd 76a449dc75604226af2f244e37c169cf - - default default] 10.0.0.169 "GET /v2.0/security-groups?tenant_id=7fc7f44195504b9e966e4271080d6ccc&name=default HTTP/1.1" status: 200 len: 3120 time: 0.1893137
2026-04-12 21:55:50.715 9 INFO neutron.wsgi [None req-272ad1c8-b454-4159-9908-0c693a9ce8a2 a3205093f34f4fd9915fc406949dd9cd 76a449dc75604226af2f244e37c169cf - - default default] 10.0.0.169 "GET /v2.0/security-groups?tenant_id=9f001ea9916542009f91d42c5440d902&name=default HTTP/1.1" status: 200 len: 3120 time: 0.2362239
2026-04-12 21:55:50.745 10 INFO neutron.wsgi [None req-40df2cb5-6303-4c8e-b795-6674ccc67c95 a3205093f34f4fd9915fc406949dd9cd 76a449dc75604226af2f244e37c169cf - - default default] 10.0.0.169 "DELETE /v2.0/security-groups/c9bb464c-ec89-4a9d-a686-7ead1fbe72e1 HTTP/1.1" status: 204 len: 168 time: 0.2642009
2026-04-12 21:55:50.937 10 INFO neutron.db.ovn_revision_numbers_db [None req-64c2b162-d084-4d29-8400-c2d88464165c a3205093f34f4fd9915fc406949dd9cd 76a449dc75604226af2f244e37c169cf - - default default] Successfully bumped revision number for resource 60f96386-bc4e-4109-b974-559d040b9ec1 (type: security_groups) to 1
2026-04-12 21:55:50.968 10 INFO neutron.db.ovn_revision_numbers_db [None req-64c2b162-d084-4d29-8400-c2d88464165c a3205093f34f4fd9915fc406949dd9cd 76a449dc75604226af2f244e37c169cf - - default default] Successfully bumped revision number for resource 073f09c3-ec40-4523-855e-f5aadb8a9faa (type: security_group_rules) to 0
2026-04-12 21:55:50.998 10 INFO neutron.db.ovn_revision_numbers_db [None req-64c2b162-d084-4d29-8400-c2d88464165c a3205093f34f4fd9915fc406949dd9cd 76a449dc75604226af2f244e37c169cf - - default default] Successfully bumped revision number for resource 5125cc25-8704-49ad-926d-b20c9f1a02a4 (type: security_group_rules) to 0
2026-04-12 21:55:51.028 10 INFO neutron.db.ovn_revision_numbers_db [None req-64c2b162-d084-4d29-8400-c2d88464165c a3205093f34f4fd9915fc406949dd9cd 76a449dc75604226af2f244e37c169cf - - default default] Successfully bumped revision number for resource 60f9db95-3351-4349-a6eb-aacf12749e98 (type: security_group_rules) to 0
2026-04-12 21:55:51.055 10 INFO neutron.db.ovn_revision_numbers_db [None req-64c2b162-d084-4d29-8400-c2d88464165c a3205093f34f4fd9915fc406949dd9cd 76a449dc75604226af2f244e37c169cf - - default default] Successfully bumped revision number for resource dce4b13c-55a1-4e57-a7c1-15fc80b7119a (type: security_group_rules) to 0
2026-04-12 21:55:51.073 10 INFO neutron.wsgi [None req-0bf0f7e4-40a8-4064-b997-e36ed6750480 a3205093f34f4fd9915fc406949dd9cd 76a449dc75604226af2f244e37c169cf - - default default] 10.0.0.169 "DELETE /v2.0/security-groups/7b62b9d9-bf6f-4929-9c15-07d91cac1737 HTTP/1.1" status: 204 len: 168 time: 0.3536217
2026-04-12 21:55:51.082 10 INFO neutron.wsgi [None req-64c2b162-d084-4d29-8400-c2d88464165c a3205093f34f4fd9915fc406949dd9cd 76a449dc75604226af2f244e37c169cf - - default default] 10.0.0.169 "GET /v2.0/security-groups?tenant_id=15894a330c384b7385f3c8bcd900352d&name=default HTTP/1.1" status: 200 len: 3120 time: 0.3815391
2026-04-12 21:55:51.085 10 INFO neutron.db.ovn_revision_numbers_db [None req-46652953-cc07-4f20-9c8f-0c0dca15fb77 a3205093f34f4fd9915fc406949dd9cd 76a449dc75604226af2f244e37c169cf - - default default] Successfully bumped revision number for resource 888db2a0-b1b3-487a-b055-56a941a7b577 (type: security_groups) to 1
2026-04-12 21:55:51.111 10 INFO neutron.db.ovn_revision_numbers_db [None req-46652953-cc07-4f20-9c8f-0c0dca15fb77 a3205093f34f4fd9915fc406949dd9cd 76a449dc75604226af2f244e37c169cf - - default default] Successfully bumped revision number for resource 3c39dfcb-dab3-4115-bcb7-8a5de006edff (type: security_group_rules) to 0
2026-04-12 21:55:51.132 10 INFO neutron.db.ovn_revision_numbers_db [None req-46652953-cc07-4f20-9c8f-0c0dca15fb77 a3205093f34f4fd9915fc406949dd9cd 76a449dc75604226af2f244e37c169cf - - default default] Successfully bumped revision number for resource 4cb1c151-0cd1-4738-8176-bfdf1372f24f (type: security_group_rules) to 0
2026-04-12 21:55:51.147 10 INFO neutron.db.ovn_revision_numbers_db [None req-46652953-cc07-4f20-9c8f-0c0dca15fb77 a3205093f34f4fd9915fc406949dd9cd 76a449dc75604226af2f244e37c169cf - - default default] Successfully bumped revision number for resource c8cb028f-fc57-43b4-b8ef-b37854ef1b95 (type: security_group_rules) to 0
2026-04-12 21:55:51.165 10 INFO neutron.db.ovn_revision_numbers_db [None req-46652953-cc07-4f20-9c8f-0c0dca15fb77 a3205093f34f4fd9915fc406949dd9cd 76a449dc75604226af2f244e37c169cf - - default default] Successfully bumped revision number for resource e6df40a8-71f3-4ec4-88f1-888cad8f225f (type: security_group_rules) to 0
2026-04-12 21:55:51.188 10 INFO neutron.wsgi [None req-46652953-cc07-4f20-9c8f-0c0dca15fb77 a3205093f34f4fd9915fc406949dd9cd 76a449dc75604226af2f244e37c169cf - - default default] 10.0.0.169 "GET /v2.0/security-groups?tenant_id=369621427ad24b1a8647452ba5498bcb&name=default HTTP/1.1" status: 200 len: 3120 time: 0.2837124
2026-04-12 21:55:51.362 9 INFO neutron.wsgi [None req-e7715991-d434-4d6f-a2d5-c89266f4a29f a3205093f34f4fd9915fc406949dd9cd 76a449dc75604226af2f244e37c169cf - - default default] 10.0.0.169 "DELETE /v2.0/security-groups/60f96386-bc4e-4109-b974-559d040b9ec1 HTTP/1.1" status: 204 len: 168 time: 0.2743630
2026-04-12 21:55:51.407 10 INFO neutron.wsgi [None req-c50fedd3-9123-4f48-9dfb-dd809cbea7bf a3205093f34f4fd9915fc406949dd9cd 76a449dc75604226af2f244e37c169cf - - default default] 10.0.0.169 "DELETE /v2.0/security-groups/888db2a0-b1b3-487a-b055-56a941a7b577 HTTP/1.1" status: 204 len: 168 time: 0.2126975
2026-04-12 21:55:52.834 10 WARNING neutron.plugins.ml2.drivers.ovn.mech_driver.ovsdb.ovn_client [None req-f3be13e7-fce4-4559-8475-7f00d676cfbd - - - - - -] No port found with ID e12e3337-adc2-4259-a7d0-6f82922508bc: RuntimeError: No port found with ID e12e3337-adc2-4259-a7d0-6f82922508bc
2026-04-12 21:55:52.979 9 WARNING neutron_lib.context [None req-8d0ec420-a8aa-479d-afb9-eb962af99d0b 0d73a82ba1de4578892aacb0e0a06904 95103a6fe5454e4b8700b17cb223e2ec - - default default] Method 'is_advsvc' is deprecated since 2023.2 release (neutron-lib 3.8.0) and will be removed once support for the old RBAC API policies will be removed from Neutron. Please use method 'is_service_role' instead.
2026-04-12 21:55:53.015 9 WARNING neutron_lib.context [None req-ade16297-d5bc-434d-a734-56b66664ce90 bec554bbee7f44b6959667c606324658 4b29c5a4704f4732b8fa2c968ec9c0f6 - - default default] Method 'is_advsvc' is deprecated since 2023.2 release (neutron-lib 3.8.0) and will be removed once support for the old RBAC API policies will be removed from Neutron. Please use method 'is_service_role' instead.
2026-04-12 21:55:53.393 9 INFO neutron.db.ovn_revision_numbers_db [None req-ade16297-d5bc-434d-a734-56b66664ce90 bec554bbee7f44b6959667c606324658 4b29c5a4704f4732b8fa2c968ec9c0f6 - - default default] Successfully bumped revision number for resource 6be07537-b381-46ca-958a-e90e6d59e6aa (type: routers) to 1
2026-04-12 21:55:53.411 9 INFO neutron.wsgi [None req-ade16297-d5bc-434d-a734-56b66664ce90 bec554bbee7f44b6959667c606324658 4b29c5a4704f4732b8fa2c968ec9c0f6 - - default default] 10.0.0.169 "POST /v2.0/routers HTTP/1.1" status: 201 len: 769 time: 0.5874348
2026-04-12 21:55:53.412 9 INFO neutron.db.ovn_revision_numbers_db [None req-8d0ec420-a8aa-479d-afb9-eb962af99d0b 0d73a82ba1de4578892aacb0e0a06904 95103a6fe5454e4b8700b17cb223e2ec - - default default] Successfully bumped revision number for resource d2a81c50-6eae-49de-9022-dead58617795 (type: security_groups) to 1
2026-04-12 21:55:53.426 9 INFO neutron.db.ovn_revision_numbers_db [None req-8d0ec420-a8aa-479d-afb9-eb962af99d0b 0d73a82ba1de4578892aacb0e0a06904 95103a6fe5454e4b8700b17cb223e2ec - - default default] Successfully bumped revision number for resource 24297888-2d56-471e-bea7-4bb0a793d290 (type: security_group_rules) to 0
2026-04-12 21:55:53.438 9 INFO neutron.db.ovn_revision_numbers_db [None req-8d0ec420-a8aa-479d-afb9-eb962af99d0b 0d73a82ba1de4578892aacb0e0a06904 95103a6fe5454e4b8700b17cb223e2ec - - default default] Successfully bumped revision number for resource 2be3f783-4709-48c3-80e6-f67beee48c2a (type: security_group_rules) to 0
2026-04-12 21:55:53.451 9 INFO neutron.db.ovn_revision_numbers_db [None req-8d0ec420-a8aa-479d-afb9-eb962af99d0b 0d73a82ba1de4578892aacb0e0a06904 95103a6fe5454e4b8700b17cb223e2ec - - default default] Successfully bumped revision number for resource e9f40894-ab61-45fa-a89f-9bbc6810896f (type: security_group_rules) to 0
2026-04-12 21:55:53.463 9 INFO neutron.db.ovn_revision_numbers_db [None req-8d0ec420-a8aa-479d-afb9-eb962af99d0b 0d73a82ba1de4578892aacb0e0a06904 95103a6fe5454e4b8700b17cb223e2ec - - default default] Successfully bumped revision number for resource f0f09e95-de7c-4cfd-85fe-cfdb9b4ebda2 (type: security_group_rules) to 0
2026-04-12 21:55:53.477 10 INFO neutron.wsgi [None req-800f6f21-3c99-4057-9054-1559bbe0699c bec554bbee7f44b6959667c606324658 4b29c5a4704f4732b8fa2c968ec9c0f6 - - default default] 10.0.0.169 "PUT /v2.0/routers/6be07537-b381-46ca-958a-e90e6d59e6aa/tags HTTP/1.1" status: 200 len: 218 time: 0.0594370
2026-04-12 21:55:53.535 10 INFO neutron.wsgi [None req-563fd461-7965-40d4-a54c-43d15061eefc bec554bbee7f44b6959667c606324658 4b29c5a4704f4732b8fa2c968ec9c0f6 - - default default] 10.0.0.169 "GET /v2.0/routers/6be07537-b381-46ca-958a-e90e6d59e6aa/tags HTTP/1.1" status: 200 len: 218 time: 0.0536196
2026-04-12 21:55:53.593 9 INFO neutron.db.ovn_revision_numbers_db [None req-8d0ec420-a8aa-479d-afb9-eb962af99d0b 0d73a82ba1de4578892aacb0e0a06904 95103a6fe5454e4b8700b17cb223e2ec - - default default] Successfully bumped revision number for resource 0ac8e6c0-98eb-4d01-bb65-e8c2d827433b (type: security_groups) to 1
2026-04-12 21:55:53.612 9 INFO neutron.wsgi [None req-b28cacd1-fb80-4158-b168-c3e5dc2e3b1d bec554bbee7f44b6959667c606324658 4b29c5a4704f4732b8fa2c968ec9c0f6 - - default default] 10.0.0.169 "PUT /v2.0/routers/6be07537-b381-46ca-958a-e90e6d59e6aa/tags/green HTTP/1.1" status: 201 len: 201 time: 0.0684991
2026-04-12 21:55:53.613 9 INFO neutron.db.ovn_revision_numbers_db [None req-8d0ec420-a8aa-479d-afb9-eb962af99d0b 0d73a82ba1de4578892aacb0e0a06904 95103a6fe5454e4b8700b17cb223e2ec - - default default] Successfully bumped revision number for resource 1c3971a4-6645-4282-a065-9eb0fb00ef0b (type: security_group_rules) to 0
2026-04-12 21:55:53.628 9 INFO neutron.db.ovn_revision_numbers_db [None req-8d0ec420-a8aa-479d-afb9-eb962af99d0b 0d73a82ba1de4578892aacb0e0a06904 95103a6fe5454e4b8700b17cb223e2ec - - default default] Successfully bumped revision number for resource 469f3a45-fdbb-4da6-b749-80ad8ca11817 (type: security_group_rules) to 0
2026-04-12 21:55:53.650 9 INFO neutron.wsgi [None req-8d0ec420-a8aa-479d-afb9-eb962af99d0b 0d73a82ba1de4578892aacb0e0a06904 95103a6fe5454e4b8700b17cb223e2ec - - default default] 10.0.0.169 "POST /v2.0/security-groups HTTP/1.1" status: 201 len: 1824 time: 0.8983617
2026-04-12 21:55:53.665 10 INFO neutron.wsgi [None req-717a9206-018b-475c-8376-b7630f8df2fe bec554bbee7f44b6959667c606324658 4b29c5a4704f4732b8fa2c968ec9c0f6 - - default default] 10.0.0.169 "GET /v2.0/routers/6be07537-b381-46ca-958a-e90e6d59e6aa/tags HTTP/1.1" status: 200 len: 227 time: 0.0479548
2026-04-12 21:55:53.701 9 INFO neutron.wsgi [None req-dcd87ef0-bcba-4acc-ad9c-350b7c4f86b8 0d73a82ba1de4578892aacb0e0a06904 95103a6fe5454e4b8700b17cb223e2ec - - default default] 10.0.0.169 "GET /v2.0/security-groups HTTP/1.1" status: 200 len: 4724 time: 0.0461750
2026-04-12 21:55:53.730 10 INFO neutron.wsgi [None req-fa41ac12-b86b-4ef0-b2cf-0baaf47e94d2 bec554bbee7f44b6959667c606324658 4b29c5a4704f4732b8fa2c968ec9c0f6 - - default default] 10.0.0.169 "PUT /v2.0/routers/6be07537-b381-46ca-958a-e90e6d59e6aa/tags/red HTTP/1.1" status: 201 len: 201 time: 0.0601108
2026-04-12 21:55:53.792 9 INFO neutron.wsgi [None req-f159e966-0658-405b-b355-b078fdefa2de bec554bbee7f44b6959667c606324658 4b29c5a4704f4732b8fa2c968ec9c0f6 - - default default] 10.0.0.169 "GET /v2.0/routers/6be07537-b381-46ca-958a-e90e6d59e6aa/tags HTTP/1.1" status: 200 len: 227 time: 0.0567842
