2026-04-12 21:55:22.233 10 ERROR neutron_lib.callbacks.manager raise RowNotFound(table=table, col=column, match=match)
2026-04-12 21:55:22.233 10 ERROR neutron_lib.callbacks.manager ovsdbapp.backend.ovs_idl.idlutils.RowNotFound: Cannot find Logical_Router_Port with name=lrp-cbb8d9c4-6cea-46d5-8287-5a95c8cfc95d
2026-04-12 21:55:22.233 10 ERROR neutron_lib.callbacks.manager 
2026-04-12 21:55:22.246 9 INFO neutron.wsgi [None req-70581752-9c0d-4a99-8c54-66904455ae9a a8d9d1a934e347f5844c9d0d2d673450 17e1a1c91f2647c7910daec6a162a34f - - default default] 10.0.0.169 "DELETE /v2.0/security-groups/4376fefc-1b24-49b1-a0b4-779146747826 HTTP/1.1" status: 204 len: 168 time: 0.1119161
2026-04-12 21:55:22.364 9 INFO neutron.wsgi [None req-db20446c-ee5a-4fca-ae1a-b7eddfd37b60 a8d9d1a934e347f5844c9d0d2d673450 17e1a1c91f2647c7910daec6a162a34f - - default default] 10.0.0.169 "DELETE /v2.0/security-groups/8ce31bec-f814-4702-bbe2-234e582b46e1 HTTP/1.1" status: 204 len: 168 time: 0.1132219
2026-04-12 21:55:22.430 10 INFO neutron.plugins.ml2.drivers.ovn.mech_driver.mech_driver [None req-f3be13e7-fce4-4559-8475-7f00d676cfbd - - - - - -] OVN reports status up for port: cbb8d9c4-6cea-46d5-8287-5a95c8cfc95d
2026-04-12 21:55:22.448 10 INFO neutron.plugins.ml2.plugin [None req-f3be13e7-fce4-4559-8475-7f00d676cfbd - - - - - -] Attempt 1 to provision port cbb8d9c4-6cea-46d5-8287-5a95c8cfc95d
2026-04-12 21:55:22.467 10 INFO neutron.db.ovn_revision_numbers_db [None req-0a12ae9a-353c-47ca-9830-d486ef850c1b 9f4646c6931944fa94d9652eb07fe677 a4ae721bfd75450eb78231ae7822bbf8 - - default default] Successfully bumped revision number for resource cbb8d9c4-6cea-46d5-8287-5a95c8cfc95d (type: ports) to 2
2026-04-12 21:55:22.479 9 INFO neutron.wsgi [None req-35ab4c09-04f0-4c3c-bc70-9ecdf0113492 a8d9d1a934e347f5844c9d0d2d673450 17e1a1c91f2647c7910daec6a162a34f - - default default] 10.0.0.169 "DELETE /v2.0/security-groups/1997b209-0707-44ea-b1b3-b3bbc2a2d2ff HTTP/1.1" status: 204 len: 168 time: 0.1110241
2026-04-12 21:55:22.597 9 INFO neutron.wsgi [None req-38a3997b-7cb6-40d6-bf74-28d7b8ddd307 a8d9d1a934e347f5844c9d0d2d673450 17e1a1c91f2647c7910daec6a162a34f - - default default] 10.0.0.169 "DELETE /v2.0/security-groups/c1892811-da52-4fa3-a499-cba1252f970f HTTP/1.1" status: 204 len: 168 time: 0.1117096
2026-04-12 21:55:22.721 9 INFO neutron.wsgi [None req-b9b4e1bd-11dd-454e-85a6-946a78dd9939 a8d9d1a934e347f5844c9d0d2d673450 17e1a1c91f2647c7910daec6a162a34f - - default default] 10.0.0.169 "DELETE /v2.0/security-groups/6a3f8743-5dd1-4311-a41a-a93c02764e02 HTTP/1.1" status: 204 len: 168 time: 0.1192074
2026-04-12 21:55:23.093 9 INFO neutron.wsgi [None req-5683d987-8874-406a-95de-7283609d77b7 8e9613e0190448ee80edde82680fd100 9f001ea9916542009f91d42c5440d902 - - default default] 10.0.0.169 "GET /v2.0/ports/e0e418dd-e6b2-4a76-bb70-40f661be1c8e HTTP/1.1" status: 200 len: 1147 time: 0.0725303
2026-04-12 21:55:23.299 10 INFO neutron.db.ovn_revision_numbers_db [None req-f3be13e7-fce4-4559-8475-7f00d676cfbd - - - - - -] Successfully bumped revision number for resource cbb8d9c4-6cea-46d5-8287-5a95c8cfc95d (type: ports) to 3
2026-04-12 21:55:23.445 10 ERROR ovsdbapp.backend.ovs_idl.command [None req-0a12ae9a-353c-47ca-9830-d486ef850c1b 9f4646c6931944fa94d9652eb07fe677 a4ae721bfd75450eb78231ae7822bbf8 - - default default] Error executing command (DbGetCommand): ovsdbapp.backend.ovs_idl.idlutils.RowNotFound: Cannot find Logical_Router_Port with name=lrp-cbb8d9c4-6cea-46d5-8287-5a95c8cfc95d
2026-04-12 21:55:23.445 10 ERROR ovsdbapp.backend.ovs_idl.command
Traceback (most recent call last):
2026-04-12 21:55:23.445 10 ERROR ovsdbapp.backend.ovs_idl.command
File "/var/lib/openstack/lib/python3.10/site-packages/ovsdbapp/backend/ovs_idl/command.py", line 47, in execute
2026-04-12 21:55:23.445 10 ERROR ovsdbapp.backend.ovs_idl.command self.run_idl(None)
2026-04-12 21:55:23.445 10 ERROR ovsdbapp.backend.ovs_idl.command
File "/var/lib/openstack/lib/python3.10/site-packages/ovsdbapp/backend/ovs_idl/command.py", line 235, in run_idl
2026-04-12 21:55:23.445 10 ERROR ovsdbapp.backend.ovs_idl.command record = self.api.lookup(self.table, self.record)
2026-04-12 21:55:23.445 10 ERROR ovsdbapp.backend.ovs_idl.command
File "/var/lib/openstack/lib/python3.10/site-packages/ovsdbapp/backend/ovs_idl/__init__.py", line 184, in lookup
2026-04-12 21:55:23.445 10 ERROR ovsdbapp.backend.ovs_idl.command return self._lookup(table, record)
2026-04-12 21:55:23.445 10 ERROR ovsdbapp.backend.ovs_idl.command
File "/var/lib/openstack/lib/python3.10/site-packages/ovsdbapp/backend/ovs_idl/__init__.py", line 235, in _lookup
2026-04-12 21:55:23.445 10 ERROR ovsdbapp.backend.ovs_idl.command row = idlutils.row_by_value(self, rl.table, rl.column, record)
2026-04-12 21:55:23.445 10 ERROR ovsdbapp.backend.ovs_idl.command
File "/var/lib/openstack/lib/python3.10/site-packages/ovsdbapp/backend/ovs_idl/idlutils.py", line 114, in row_by_value
2026-04-12 21:55:23.445 10 ERROR ovsdbapp.backend.ovs_idl.command raise RowNotFound(table=table, col=column, match=match)
2026-04-12 21:55:23.445 10 ERROR ovsdbapp.backend.ovs_idl.command ovsdbapp.backend.ovs_idl.idlutils.RowNotFound: Cannot find Logical_Router_Port with name=lrp-cbb8d9c4-6cea-46d5-8287-5a95c8cfc95d
2026-04-12 21:55:23.445 10 ERROR ovsdbapp.backend.ovs_idl.command 
2026-04-12 21:55:23.445 10 ERROR neutron_lib.callbacks.manager [None req-0a12ae9a-353c-47ca-9830-d486ef850c1b 9f4646c6931944fa94d9652eb07fe677 a4ae721bfd75450eb78231ae7822bbf8 - - default default] Error during notification for neutron.services.ovn_l3.plugin.OVNL3RouterPlugin._port_update-8777951925999 port, after_update: ovsdbapp.backend.ovs_idl.idlutils.RowNotFound: Cannot find Logical_Router_Port with name=lrp-cbb8d9c4-6cea-46d5-8287-5a95c8cfc95d
2026-04-12 21:55:23.445 10 ERROR neutron_lib.callbacks.manager
Traceback (most recent call last):
2026-04-12 21:55:23.445 10 ERROR neutron_lib.callbacks.manager
File "/var/lib/openstack/lib/python3.10/site-packages/neutron_lib/callbacks/manager.py", line 189, in _notify_loop
2026-04-12 21:55:23.445 10 ERROR neutron_lib.callbacks.manager callback.method(resource, event, trigger, payload=payload)
2026-04-12 21:55:23.445 10 ERROR neutron_lib.callbacks.manager
File "/var/lib/openstack/lib/python3.10/site-packages/neutron/services/ovn_l3/plugin.py", line 391, in _port_update
2026-04-12 21:55:23.445 10 ERROR neutron_lib.callbacks.manager l3plugin._ovn_client.update_router_port(context,
2026-04-12 21:55:23.445 10 ERROR neutron_lib.callbacks.manager
File "/var/lib/openstack/lib/python3.10/site-packages/neutron/plugins/ml2/drivers/ovn/mech_driver/ovsdb/ovn_client.py", line 1878, in update_router_port
2026-04-12 21:55:23.445 10 ERROR neutron_lib.callbacks.manager self._update_lrouter_port(context, port, if_exists=if_exists,
2026-04-12 21:55:23.445 10 ERROR neutron_lib.callbacks.manager
File "/var/lib/openstack/lib/python3.10/site-packages/neutron/plugins/ml2/drivers/ovn/mech_driver/ovsdb/ovn_client.py", line 1855, in _update_lrouter_port
2026-04-12 21:55:23.445 10 ERROR neutron_lib.callbacks.manager external_ids = self._nb_idl.db_get(
2026-04-12 21:55:23.445 10 ERROR neutron_lib.callbacks.manager
File "/var/lib/openstack/lib/python3.10/site-packages/ovsdbapp/backend/ovs_idl/command.py", line 47, in execute
2026-04-12 21:55:23.445 10 ERROR neutron_lib.callbacks.manager self.run_idl(None)
2026-04-12 21:55:23.445 10 ERROR neutron_lib.callbacks.manager
File "/var/lib/openstack/lib/python3.10/site-packages/ovsdbapp/backend/ovs_idl/command.py", line 235, in run_idl
2026-04-12 21:55:23.445 10 ERROR neutron_lib.callbacks.manager record = self.api.lookup(self.table, self.record)
2026-04-12 21:55:23.445 10 ERROR neutron_lib.callbacks.manager
File "/var/lib/openstack/lib/python3.10/site-packages/ovsdbapp/backend/ovs_idl/__init__.py", line 184, in lookup
2026-04-12 21:55:23.445 10 ERROR neutron_lib.callbacks.manager return self._lookup(table, record)
2026-04-12 21:55:23.445 10 ERROR neutron_lib.callbacks.manager
File "/var/lib/openstack/lib/python3.10/site-packages/ovsdbapp/backend/ovs_idl/__init__.py", line 235, in _lookup
2026-04-12 21:55:23.445 10 ERROR neutron_lib.callbacks.manager row = idlutils.row_by_value(self, rl.table, rl.column, record)
2026-04-12 21:55:23.445 10 ERROR neutron_lib.callbacks.manager
File "/var/lib/openstack/lib/python3.10/site-packages/ovsdbapp/backend/ovs_idl/idlutils.py", line 114, in row_by_value
2026-04-12 21:55:23.445 10 ERROR neutron_lib.callbacks.manager raise RowNotFound(table=table, col=column, match=match)
2026-04-12 21:55:23.445 10 ERROR neutron_lib.callbacks.manager ovsdbapp.backend.ovs_idl.idlutils.RowNotFound: Cannot find Logical_Router_Port with name=lrp-cbb8d9c4-6cea-46d5-8287-5a95c8cfc95d
2026-04-12 21:55:23.445 10 ERROR neutron_lib.callbacks.manager 
2026-04-12 21:55:23.448 10 ERROR ovsdbapp.backend.ovs_idl.command [None req-f3be13e7-fce4-4559-8475-7f00d676cfbd - - - - - -] Error executing command (DbGetCommand): ovsdbapp.backend.ovs_idl.idlutils.RowNotFound: Cannot find Logical_Router_Port with name=lrp-cbb8d9c4-6cea-46d5-8287-5a95c8cfc95d
2026-04-12 21:55:23.448 10 ERROR ovsdbapp.backend.ovs_idl.command
Traceback (most recent call last):
2026-04-12 21:55:23.448 10 ERROR ovsdbapp.backend.ovs_idl.command
File "/var/lib/openstack/lib/python3.10/site-packages/ovsdbapp/backend/ovs_idl/command.py", line 47, in execute
2026-04-12 21:55:23.448 10 ERROR ovsdbapp.backend.ovs_idl.command self.run_idl(None)
2026-04-12 21:55:23.448 10 ERROR ovsdbapp.backend.ovs_idl.command
File "/var/lib/openstack/lib/python3.10/site-packages/ovsdbapp/backend/ovs_idl/command.py", line 235, in run_idl
2026-04-12 21:55:23.448 10 ERROR ovsdbapp.backend.ovs_idl.command record = self.api.lookup(self.table, self.record)
2026-04-12 21:55:23.448 10 ERROR ovsdbapp.backend.ovs_idl.command
File "/var/lib/openstack/lib/python3.10/site-packages/ovsdbapp/backend/ovs_idl/__init__.py", line 184, in lookup
2026-04-12 21:55:23.448 10 ERROR ovsdbapp.backend.ovs_idl.command return self._lookup(table, record)
2026-04-12 21:55:23.448 10 ERROR ovsdbapp.backend.ovs_idl.command
File "/var/lib/openstack/lib/python3.10/site-packages/ovsdbapp/backend/ovs_idl/__init__.py", line 235, in _lookup
2026-04-12 21:55:23.448 10 ERROR ovsdbapp.backend.ovs_idl.command row = idlutils.row_by_value(self, rl.table, rl.column, record)
2026-04-12 21:55:23.448 10 ERROR ovsdbapp.backend.ovs_idl.command
File "/var/lib/openstack/lib/python3.10/site-packages/ovsdbapp/backend/ovs_idl/idlutils.py", line 114, in row_by_value
2026-04-12 21:55:23.448 10 ERROR ovsdbapp.backend.ovs_idl.command raise RowNotFound(table=table, col=column, match=match)
2026-04-12 21:55:23.448 10 ERROR ovsdbapp.backend.ovs_idl.command ovsdbapp.backend.ovs_idl.idlutils.RowNotFound: Cannot find Logical_Router_Port with name=lrp-cbb8d9c4-6cea-46d5-8287-5a95c8cfc95d
2026-04-12 21:55:23.448 10 ERROR ovsdbapp.backend.ovs_idl.command 
2026-04-12 21:55:23.448 10 ERROR neutron_lib.callbacks.manager [None req-f3be13e7-fce4-4559-8475-7f00d676cfbd - - - - - -] Error during notification for neutron.services.ovn_l3.plugin.OVNL3RouterPlugin._port_update-8777951925999 port, after_update: ovsdbapp.backend.ovs_idl.idlutils.RowNotFound: Cannot find Logical_Router_Port with name=lrp-cbb8d9c4-6cea-46d5-8287-5a95c8cfc95d
2026-04-12 21:55:23.448 10 ERROR neutron_lib.callbacks.manager
Traceback (most recent call last):
2026-04-12 21:55:23.448 10 ERROR neutron_lib.callbacks.manager
File "/var/lib/openstack/lib/python3.10/site-packages/neutron_lib/callbacks/manager.py", line 189, in _notify_loop
2026-04-12 21:55:23.448 10 ERROR neutron_lib.callbacks.manager callback.method(resource, event, trigger, payload=payload)
2026-04-12 21:55:23.448 10 ERROR neutron_lib.callbacks.manager
File "/var/lib/openstack/lib/python3.10/site-packages/neutron/services/ovn_l3/plugin.py", line 391, in _port_update
2026-04-12 21:55:23.448 10 ERROR neutron_lib.callbacks.manager l3plugin._ovn_client.update_router_port(context,
2026-04-12 21:55:23.448 10 ERROR neutron_lib.callbacks.manager
File "/var/lib/openstack/lib/python3.10/site-packages/neutron/plugins/ml2/drivers/ovn/mech_driver/ovsdb/ovn_client.py", line 1878, in update_router_port
2026-04-12 21:55:23.448 10 ERROR neutron_lib.callbacks.manager self._update_lrouter_port(context, port, if_exists=if_exists,
2026-04-12 21:55:23.448 10 ERROR neutron_lib.callbacks.manager
File "/var/lib/openstack/lib/python3.10/site-packages/neutron/plugins/ml2/drivers/ovn/mech_driver/ovsdb/ovn_client.py", line 1855, in _update_lrouter_port
2026-04-12 21:55:23.448 10 ERROR neutron_lib.callbacks.manager external_ids = self._nb_idl.db_get(
2026-04-12 21:55:23.448 10 ERROR neutron_lib.callbacks.manager
File "/var/lib/openstack/lib/python3.10/site-packages/ovsdbapp/backend/ovs_idl/command.py", line 47, in execute
2026-04-12 21:55:23.448 10 ERROR neutron_lib.callbacks.manager self.run_idl(None)
2026-04-12 21:55:23.448 10 ERROR neutron_lib.callbacks.manager
File "/var/lib/openstack/lib/python3.10/site-packages/ovsdbapp/backend/ovs_idl/command.py", line 235, in run_idl
2026-04-12 21:55:23.448 10 ERROR neutron_lib.callbacks.manager record = self.api.lookup(self.table, self.record)
2026-04-12 21:55:23.448 10 ERROR neutron_lib.callbacks.manager
File "/var/lib/openstack/lib/python3.10/site-packages/ovsdbapp/backend/ovs_idl/__init__.py", line 184, in lookup
2026-04-12 21:55:23.448 10 ERROR neutron_lib.callbacks.manager return self._lookup(table, record)
2026-04-12 21:55:23.448 10 ERROR neutron_lib.callbacks.manager
File "/var/lib/openstack/lib/python3.10/site-packages/ovsdbapp/backend/ovs_idl/__init__.py", line 235, in _lookup
2026-04-12 21:55:23.448 10 ERROR neutron_lib.callbacks.manager row = idlutils.row_by_value(self, rl.table, rl.column, record)
2026-04-12 21:55:23.448 10 ERROR neutron_lib.callbacks.manager
File "/var/lib/openstack/lib/python3.10/site-packages/ovsdbapp/backend/ovs_idl/idlutils.py", line 114, in row_by_value
2026-04-12 21:55:23.448 10 ERROR neutron_lib.callbacks.manager raise RowNotFound(table=table, col=column, match=match)
2026-04-12 21:55:23.448 10 ERROR neutron_lib.callbacks.manager ovsdbapp.backend.ovs_idl.idlutils.RowNotFound: Cannot find Logical_Router_Port with name=lrp-cbb8d9c4-6cea-46d5-8287-5a95c8cfc95d
2026-04-12 21:55:23.448 10 ERROR neutron_lib.callbacks.manager 
2026-04-12 21:55:23.739 9 INFO neutron.wsgi [None req-fad4cdf2-e185-4066-9cf8-6ac138701ccb a3205093f34f4fd9915fc406949dd9cd 76a449dc75604226af2f244e37c169cf - - default default] 10.0.0.169 "GET /v2.0/security-groups?tenant_id=17e1a1c91f2647c7910daec6a162a34f&name=default HTTP/1.1" status: 200 len: 3120 time: 0.1855304 /var/lib/openstack/lib/python3.10/site-packages/pycadf/identifier.py:71: UserWarning: Invalid uuid: neutron. To ensure interoperability, identifiers should be a valid uuid. warnings.warn(('Invalid uuid: %s. To ensure interoperability, '
2026-04-12 21:55:23.850 10 INFO neutron.wsgi [req-7685e970-249f-4cd2-b163-715bd675f857 req-24b63370-a154-4022-8d65-f7c1c52f97c2 604f38dedab04366942f972aa856ac71 1bd2e5467d01435baa48dc817c8e3130 - - 93503bf48b7f40a88d62655bab932e37 93503bf48b7f40a88d62655bab932e37] 10.0.0.93 "GET /v2.0/ports?device_id=e266cc72-9c35-4870-be5d-1ac20266147e HTTP/1.1" status: 200 len: 1413 time: 0.0473044
2026-04-12 21:55:23.883 10 INFO neutron.db.ovn_revision_numbers_db [None req-0a12ae9a-353c-47ca-9830-d486ef850c1b 9f4646c6931944fa94d9652eb07fe677 a4ae721bfd75450eb78231ae7822bbf8 - - default default] Successfully bumped revision number for resource cbb8d9c4-6cea-46d5-8287-5a95c8cfc95d (type: ports) to 3
2026-04-12 21:55:23.932 10 INFO neutron.wsgi [req-7685e970-249f-4cd2-b163-715bd675f857 req-c97afe44-bfdc-4af3-b395-d6e5fd8aa964 604f38dedab04366942f972aa856ac71 1bd2e5467d01435baa48dc817c8e3130 - - 93503bf48b7f40a88d62655bab932e37 93503bf48b7f40a88d62655bab932e37] 10.0.0.93 "GET /v2.0/security-groups?id=4aba4623-6b44-4a18-abc6-3b8493630756&fields=id&fields=name HTTP/1.1" status: 200 len: 313 time: 0.0761602
2026-04-12 21:55:24.000 10 WARNING neutron.scheduler.dhcp_agent_scheduler [None req-0a12ae9a-353c-47ca-9830-d486ef850c1b 9f4646c6931944fa94d9652eb07fe677 a4ae721bfd75450eb78231ae7822bbf8 - - default default] No more DHCP agents
2026-04-12 21:55:24.001 9 INFO neutron.wsgi [None req-ca708198-09ff-4437-a230-ef17d921801b a3205093f34f4fd9915fc406949dd9cd 76a449dc75604226af2f244e37c169cf - - default default] 10.0.0.169 "DELETE /v2.0/security-groups/6032773d-b42c-4790-9672-db15510e4599 HTTP/1.1" status: 204 len: 168 time: 0.2572086
2026-04-12 21:55:24.001 10 WARNING neutron.api.rpc.agentnotifiers.dhcp_rpc_agent_api [None req-0a12ae9a-353c-47ca-9830-d486ef850c1b 9f4646c6931944fa94d9652eb07fe677 a4ae721bfd75450eb78231ae7822bbf8 - - default default] Unable to schedule network 9844fdb9-797d-4662-999f-2395044455d9: no agents available; will retry on subsequent port and subnet creation events.
2026-04-12 21:55:24.152 10 INFO neutron.wsgi [None req-3eb7cc3e-c93e-4bc3-a438-20d1a7b1e0f0 8e9613e0190448ee80edde82680fd100 9f001ea9916542009f91d42c5440d902 - - default default] 10.0.0.169 "GET /v2.0/ports/e0e418dd-e6b2-4a76-bb70-40f661be1c8e HTTP/1.1" status: 200 len: 1147 time: 0.0513942
2026-04-12 21:55:24.222 10 INFO neutron.db.ovn_revision_numbers_db [None req-0a12ae9a-353c-47ca-9830-d486ef850c1b 9f4646c6931944fa94d9652eb07fe677 a4ae721bfd75450eb78231ae7822bbf8 - - default default] Successfully bumped revision number for resource cbb8d9c4-6cea-46d5-8287-5a95c8cfc95d (type: router_ports) to 3
2026-04-12 21:55:24.227 10 INFO neutron.wsgi [None req-0a12ae9a-353c-47ca-9830-d486ef850c1b 9f4646c6931944fa94d9652eb07fe677 a4ae721bfd75450eb78231ae7822bbf8 - - default default] 10.0.0.169 "PUT /v2.0/routers/096ac72e-2152-4ae7-8b40-33bcb171ee88/add_router_interface HTTP/1.1" status: 200 len: 503 time: 2.5066187
2026-04-12 21:55:24.273 9 INFO neutron.wsgi [None req-2c7cffcc-4ff2-4a37-8700-863f2cb1c8f8 9f4646c6931944fa94d9652eb07fe677 a4ae721bfd75450eb78231ae7822bbf8 - - default default] 10.0.0.169 "GET /v2.0/ports/cbb8d9c4-6cea-46d5-8287-5a95c8cfc95d HTTP/1.1" status: 200 len: 1204 time: 0.0404108
2026-04-12 21:55:24.283 10 INFO neutron.db.ovn_revision_numbers_db [None req-263caef3-f15c-488e-a451-6b72b31a9030 a3205093f34f4fd9915fc406949dd9cd 76a449dc75604226af2f244e37c169cf - - default default] Successfully bumped revision number for resource 87ddf788-a5a7-4265-affc-8fd26a9683b0 (type: security_groups) to 1
2026-04-12 21:55:24.329 10 INFO neutron.db.ovn_revision_numbers_db [None req-263caef3-f15c-488e-a451-6b72b31a9030 a3205093f34f4fd9915fc406949dd9cd 76a449dc75604226af2f244e37c169cf - - default default] Successfully bumped revision number for resource 3112776e-e0fa-4bbf-9038-727813bda745 (type: security_group_rules) to 0
2026-04-12 21:55:24.343 10 INFO neutron.db.ovn_revision_numbers_db [None req-263caef3-f15c-488e-a451-6b72b31a9030 a3205093f34f4fd9915fc406949dd9cd 76a449dc75604226af2f244e37c169cf - - default default] Successfully bumped revision number for resource 3440719e-db23-48a5-84d0-e00414a905c0 (type: security_group_rules) to 0
2026-04-12 21:55:24.355 10 INFO neutron.db.ovn_revision_numbers_db [None req-263caef3-f15c-488e-a451-6b72b31a9030 a3205093f34f4fd9915fc406949dd9cd 76a449dc75604226af2f244e37c169cf - - default default] Successfully bumped revision number for resource 39b77407-8cb8-4f60-bf1c-80be40944e68 (type: security_group_rules) to 0
2026-04-12 21:55:24.357 9 WARNING neutron.plugins.ml2.drivers.ovn.mech_driver.ovsdb.ovn_client [None req-970bc591-b6c6-406a-8750-062f221bc339 - - - - - -] No hosting information found for port c07cf22f-bcf2-41ce-9bbe-14bfb7c9ac7a: RuntimeError: No hosting information found for port c07cf22f-bcf2-41ce-9bbe-14bfb7c9ac7a
2026-04-12 21:55:24.357 9 INFO neutron.plugins.ml2.drivers.ovn.mech_driver.mech_driver [None req-970bc591-b6c6-406a-8750-062f221bc339 - - - - - -] OVN reports status up for port: e0e418dd-e6b2-4a76-bb70-40f661be1c8e
2026-04-12 21:55:24.367 10 INFO neutron.db.ovn_revision_numbers_db [None req-263caef3-f15c-488e-a451-6b72b31a9030 a3205093f34f4fd9915fc406949dd9cd 76a449dc75604226af2f244e37c169cf - - default default] Successfully bumped revision number for resource 405236e6-5433-4a8d-bac1-7d6d7ac61d61 (type: security_group_rules) to 0
2026-04-12 21:55:24.381 9 INFO neutron.plugins.ml2.plugin [None req-970bc591-b6c6-406a-8750-062f221bc339 - - - - - -] Attempt 1 to provision port e0e418dd-e6b2-4a76-bb70-40f661be1c8e
2026-04-12 21:55:24.387 10 INFO neutron.wsgi [None req-263caef3-f15c-488e-a451-6b72b31a9030 a3205093f34f4fd9915fc406949dd9cd 76a449dc75604226af2f244e37c169cf - - default default] 10.0.0.169 "GET /v2.0/security-groups?tenant_id=e39f3f1dafbb45e2b1c9e35f1d7b4ae2&name=default HTTP/1.1" status: 200 len: 3120 time: 0.2589209
2026-04-12 21:55:24.610 10 INFO neutron.wsgi [None req-f7bda9be-9d48-43d6-b3e7-86ef16ffa36e a3205093f34f4fd9915fc406949dd9cd 76a449dc75604226af2f244e37c169cf - - default default] 10.0.0.169 "DELETE /v2.0/security-groups/87ddf788-a5a7-4265-affc-8fd26a9683b0 HTTP/1.1" status: 204 len: 168 time: 0.2177300
2026-04-12 21:55:24.915 9 INFO neutron.db.ovn_revision_numbers_db [None req-970bc591-b6c6-406a-8750-062f221bc339 - - - - - -] Successfully bumped revision number for resource e0e418dd-e6b2-4a76-bb70-40f661be1c8e (type: ports) to 2
2026-04-12 21:55:24.918 10 INFO neutron.db.ovn_revision_numbers_db [None req-ef7d6439-a68f-4bed-b49f-5aa8c7bbe0ad a3205093f34f4fd9915fc406949dd9cd 76a449dc75604226af2f244e37c169cf - - default default] Successfully bumped revision number for resource 5a4aa96a-ebf9-4c60-9e5a-bc7b4d2f6360 (type: security_groups) to 1
2026-04-12 21:55:24.935 10 INFO neutron.db.ovn_revision_numbers_db [None req-ef7d6439-a68f-4bed-b49f-5aa8c7bbe0ad a3205093f34f4fd9915fc406949dd9cd 76a449dc75604226af2f244e37c169cf - - default default] Successfully bumped revision number for resource 741210e4-567c-4f43-a350-3e8d719f1a6e (type: security_group_rules) to 0
2026-04-12 21:55:24.969 10 INFO neutron.db.ovn_revision_numbers_db [None req-ef7d6439-a68f-4bed-b49f-5aa8c7bbe0ad a3205093f34f4fd9915fc406949dd9cd 76a449dc75604226af2f244e37c169cf - - default default] Successfully bumped revision number for resource 76c41928-7521-4deb-b2b3-82c5741cf4db (type: security_group_rules) to 0
2026-04-12 21:55:24.981 10 INFO neutron.db.ovn_revision_numbers_db [None req-ef7d6439-a68f-4bed-b49f-5aa8c7bbe0ad a3205093f34f4fd9915fc406949dd9cd 76a449dc75604226af2f244e37c169cf - - default default] Successfully bumped revision number for resource c07cfbc8-3215-4b24-ba3f-44843ce6c655 (type: security_group_rules) to 0
2026-04-12 21:55:24.992 10 INFO neutron.db.ovn_revision_numbers_db [None req-ef7d6439-a68f-4bed-b49f-5aa8c7bbe0ad a3205093f34f4fd9915fc406949dd9cd 76a449dc75604226af2f244e37c169cf - - default default] Successfully bumped revision number for resource fcde3acf-88be-4847-a325-e8d9b8486c8c (type: security_group_rules) to 0
2026-04-12 21:55:25.015 10 INFO neutron.wsgi [None req-ef7d6439-a68f-4bed-b49f-5aa8c7bbe0ad a3205093f34f4fd9915fc406949dd9cd 76a449dc75604226af2f244e37c169cf - - default default] 10.0.0.169 "GET /v2.0/security-groups?tenant_id=b6120d2014a5402299294b0b32016b83&name=default HTTP/1.1" status: 200 len: 3120 time: 0.2068279 /var/lib/openstack/lib/python3.10/site-packages/pycadf/identifier.py:71: UserWarning: Invalid uuid: neutron. To ensure interoperability, identifiers should be a valid uuid. warnings.warn(('Invalid uuid: %s. To ensure interoperability, '
2026-04-12 21:55:25.202 10 INFO neutron.wsgi [None req-0f66b146-eefe-45d0-9c93-854b182e1e6d 8e9613e0190448ee80edde82680fd100 9f001ea9916542009f91d42c5440d902 - - default default] 10.0.0.169 "GET /v2.0/ports/e0e418dd-e6b2-4a76-bb70-40f661be1c8e HTTP/1.1" status: 200 len: 1149 time: 0.0423160
2026-04-12 21:55:25.378 9 INFO neutron.db.ovn_revision_numbers_db [None req-970bc591-b6c6-406a-8750-062f221bc339 - - - - - -] Successfully bumped revision number for resource e0e418dd-e6b2-4a76-bb70-40f661be1c8e (type: router_ports) to 2
2026-04-12 21:55:25.537 9 INFO neutron.wsgi [None req-603c0337-2e73-4aea-8991-46eb9a12b250 9f4646c6931944fa94d9652eb07fe677 a4ae721bfd75450eb78231ae7822bbf8 - - default default] 10.0.0.169 "PUT /v2.0/routers/096ac72e-2152-4ae7-8b40-33bcb171ee88/remove_router_interface HTTP/1.1" status: 200 len: 503 time: 1.2591326 /var/lib/openstack/lib/python3.10/site-packages/pycadf/identifier.py:71: UserWarning: Invalid uuid: neutron. To ensure interoperability, identifiers should be a valid uuid. warnings.warn(('Invalid uuid: %s. To ensure interoperability, '
2026-04-12 21:55:25.623 9 INFO neutron.api.v2.resource [None req-98b328b9-b14e-4a39-a574-4b415940bde8 9f4646c6931944fa94d9652eb07fe677 a4ae721bfd75450eb78231ae7822bbf8 - - default default] remove_router_interface failed (client error): The resource could not be found.
2026-04-12 21:55:25.624 9 INFO neutron.wsgi [None req-98b328b9-b14e-4a39-a574-4b415940bde8 9f4646c6931944fa94d9652eb07fe677 a4ae721bfd75450eb78231ae7822bbf8 - - default default] 10.0.0.169 "PUT /v2.0/routers/096ac72e-2152-4ae7-8b40-33bcb171ee88/remove_router_interface HTTP/1.1" status: 404 len: 398 time: 0.0818713
2026-04-12 21:55:25.650 10 INFO neutron.wsgi [None req-8f42c7a9-f8e9-4ab0-a2e6-838ff2d334e4 9f4646c6931944fa94d9652eb07fe677 a4ae721bfd75450eb78231ae7822bbf8 - - default default] 10.0.0.169 "GET /v2.0/ports?device_id=096ac72e-2152-4ae7-8b40-33bcb171ee88 HTTP/1.1" status: 200 len: 205 time: 0.0213249
2026-04-12 21:55:25.740 9 INFO neutron.wsgi [None req-8bc11b6c-4b71-48a2-acc6-faf026f5d2e4 a3205093f34f4fd9915fc406949dd9cd 76a449dc75604226af2f244e37c169cf - - default default] 10.0.0.169 "DELETE /v2.0/security-groups/5a4aa96a-ebf9-4c60-9e5a-bc7b4d2f6360 HTTP/1.1" status: 204 len: 168 time: 0.7204647
2026-04-12 21:55:25.992 10 INFO neutron.wsgi [None req-65568db1-a769-4738-b341-0a3d0ab56936 9f4646c6931944fa94d9652eb07fe677 a4ae721bfd75450eb78231ae7822bbf8 - - default default] 10.0.0.169 "DELETE /v2.0/routers/096ac72e-2152-4ae7-8b40-33bcb171ee88 HTTP/1.1" status: 204 len: 168 time: 0.3366842
2026-04-12 21:55:26.051 10 INFO neutron.wsgi [None req-64346230-ef7f-4fba-a3a4-30198bbcf824 8e9613e0190448ee80edde82680fd100 9f001ea9916542009f91d42c5440d902 - - default default] 10.0.0.169 "PUT /v2.0/routers/31ead374-369a-4dae-a853-423e01c68a9c/remove_router_interface HTTP/1.1" status: 200 len: 503 time: 0.8420930 /var/lib/openstack/lib/python3.10/site-packages/pycadf/identifier.py:71: UserWarning: Invalid uuid: neutron. To ensure interoperability, identifiers should be a valid uuid. warnings.warn(('Invalid uuid: %s. To ensure interoperability, '
2026-04-12 21:55:26.146 10 INFO neutron.wsgi [None req-ed101e05-d2fb-47d4-badc-537fb54d46f1 8e9613e0190448ee80edde82680fd100 9f001ea9916542009f91d42c5440d902 - - default default] 10.0.0.169 "GET /v2.0/ports/c07cf22f-bcf2-41ce-9bbe-14bfb7c9ac7a HTTP/1.1" status: 200 len: 1141 time: 0.0894444
2026-04-12 21:55:26.223 9 INFO neutron.wsgi [None req-99383570-9645-42f6-83fb-7d51df7956d5 9f4646c6931944fa94d9652eb07fe677 a4ae721bfd75450eb78231ae7822bbf8 - - default default] 10.0.0.169 "DELETE /v2.0/subnets/c651843a-adff-4b58-8871-108a2867e60d HTTP/1.1" status: 204 len: 168 time: 0.2241662
2026-04-12 21:55:26.720 9 INFO neutron.services.segments.plugin [-] Segment d6b1ce6c-7ee5-4653-ac60-dfe29b852977 resource provider aggregate not found
2026-04-12 21:55:26.727 9 INFO neutron.services.segments.plugin [-] Segment d6b1ce6c-7ee5-4653-ac60-dfe29b852977 resource provider aggregate not found
2026-04-12 21:55:26.748 9 INFO neutron.services.segments.plugin [-] Segment d6b1ce6c-7ee5-4653-ac60-dfe29b852977 resource provider not found; error: Placement Client Error (4xx): {"errors": [{"status": 404, "title": "Not Found", "detail": "The resource could not be found.\n\n No resource provider with uuid d6b1ce6c-7ee5-4653-ac60-dfe29b852977 found for delete ", "request_id": "req-97606714-d3f8-4db5-aeca-4509838cb3e9"}]}
2026-04-12 21:55:26.753 9 INFO neutron.wsgi [None req-91095ddd-6432-4508-9431-6a42ddc18c4b 9f4646c6931944fa94d9652eb07fe677 a4ae721bfd75450eb78231ae7822bbf8 - - default default] 10.0.0.169 "DELETE /v2.0/networks/9844fdb9-797d-4662-999f-2395044455d9 HTTP/1.1" status: 204 len: 168 time: 0.5235732
2026-04-12 21:55:26.755 9 INFO neutron.services.segments.plugin [-] Segment d6b1ce6c-7ee5-4653-ac60-dfe29b852977 resource provider not found; error: Placement Client Error (4xx): {"errors": [{"status": 404, "title": "Not Found", "detail": "The resource could not be found.\n\n No resource provider with uuid d6b1ce6c-7ee5-4653-ac60-dfe29b852977 found for delete ", "request_id": "req-9e4746c0-d081-4493-a4ba-0e8959707a57"}]}
2026-04-12 21:55:26.758 10 INFO neutron.wsgi [None req-863ecc62-7570-4c52-8b5f-5f1009f49acd 8e9613e0190448ee80edde82680fd100 9f001ea9916542009f91d42c5440d902 - - default default] 10.0.0.169 "PUT /v2.0/routers/31ead374-369a-4dae-a853-423e01c68a9c/remove_router_interface HTTP/1.1" status: 200 len: 503 time: 0.6078742 /var/lib/openstack/lib/python3.10/site-packages/pycadf/identifier.py:71: UserWarning: Invalid uuid: neutron. To ensure interoperability, identifiers should be a valid uuid. warnings.warn(('Invalid uuid: %s. To ensure interoperability, '
2026-04-12 21:55:26.764 10 WARNING neutron_lib.context [None req-61160302-938e-46ee-952e-fb683daefb18 9f4646c6931944fa94d9652eb07fe677 a4ae721bfd75450eb78231ae7822bbf8 - - default default] Method 'is_advsvc' is deprecated since 2023.2 release (neutron-lib 3.8.0) and will be removed once support for the old RBAC API policies will be removed from Neutron. Please use method 'is_service_role' instead.
2026-04-12 21:55:26.779 9 INFO neutron.wsgi [None req-ca0d0e87-3070-431b-a692-43f34328ed43 8e9613e0190448ee80edde82680fd100 9f001ea9916542009f91d42c5440d902 - - default default] 10.0.0.169 "GET /v2.0/ports?device_id=31ead374-369a-4dae-a853-423e01c68a9c HTTP/1.1" status: 200 len: 205 time: 0.0174375
2026-04-12 21:55:26.876 10 INFO neutron.db.segments_db [None req-61160302-938e-46ee-952e-fb683daefb18 9f4646c6931944fa94d9652eb07fe677 a4ae721bfd75450eb78231ae7822bbf8 - - default default] Added segment 10f35e57-e25a-4087-a845-ccdb5027c35a of type geneve for network 7adf52a9-4716-41e7-8bc6-71864741edf4
2026-04-12 21:55:27.038 9 INFO neutron.wsgi [None req-f260d069-b635-461b-87a2-6fa190a785bf 8e9613e0190448ee80edde82680fd100 9f001ea9916542009f91d42c5440d902 - - default default] 10.0.0.169 "DELETE /v2.0/routers/31ead374-369a-4dae-a853-423e01c68a9c HTTP/1.1" status: 204 len: 168 time: 0.2565217
2026-04-12 21:55:27.195 10 INFO neutron.wsgi [req-7454ab54-4ade-4ac3-89ba-49db039f32db req-dab8744a-c1f7-4a62-b9e2-1117b4b61b7a 6adfdd231167452fa9943e55ff62870c ed7772de77474405be1edbabe5f4f0e6 - - default default] 10.0.0.241 "GET /v2.0/ports?device_id=e266cc72-9c35-4870-be5d-1ac20266147e HTTP/1.1" status: 200 len: 1174 time: 0.3611434
2026-04-12 21:55:27.285 9 INFO neutron.wsgi [None req-099c7cfd-6aa9-4c0e-a175-6cb2dd2d2139 8e9613e0190448ee80edde82680fd100 9f001ea9916542009f91d42c5440d902 - - default default] 10.0.0.169 "DELETE /v2.0/subnets/50d61e5e-a79a-471e-9b0c-5e37d139a54b HTTP/1.1" status: 204 len: 168 time: 0.2343781
2026-04-12 21:55:27.286 10 INFO neutron.wsgi [req-7454ab54-4ade-4ac3-89ba-49db039f32db req-09d9f3c1-a317-4f99-a2bb-062abd12d446 6adfdd231167452fa9943e55ff62870c ed7772de77474405be1edbabe5f4f0e6 - - default default] 10.0.0.241 "GET /v2.0/security-groups?id=4aba4623-6b44-4a18-abc6-3b8493630756&fields=id&fields=name HTTP/1.1" status: 200 len: 313 time: 0.0797844
2026-04-12 21:55:27.298 10 INFO neutron.db.ovn_revision_numbers_db [None req-61160302-938e-46ee-952e-fb683daefb18 9f4646c6931944fa94d9652eb07fe677 a4ae721bfd75450eb78231ae7822bbf8 - - default default] Successfully bumped revision number for resource 7adf52a9-4716-41e7-8bc6-71864741edf4 (type: networks) to 1
2026-04-12 21:55:27.337 9 INFO neutron.wsgi [req-02e33cfc-52ec-489c-b14f-5adb413e21c3 req-f242f178-f002-4fa7-ae0b-80bfa40b2831 6adfdd231167452fa9943e55ff62870c ed7772de77474405be1edbabe5f4f0e6 - - default default] 199.204.45.144 "GET /v2.0/ports?device_id=e266cc72-9c35-4870-be5d-1ac20266147e HTTP/1.1" status: 200 len: 1174 time: 0.1406479
2026-04-12 21:55:27.538 10 INFO neutron.wsgi [None req-953d3936-0867-454d-b1f6-c9552597e372 8e9613e0190448ee80edde82680fd100 9f001ea9916542009f91d42c5440d902 - - default default] 10.0.0.169 "DELETE /v2.0/subnets/2d5ca415-5b6d-4e0a-8ad0-ebd144170ac6 HTTP/1.1" status: 204 len: 168 time: 0.2485850
2026-04-12 21:55:27.582 10 WARNING neutron.scheduler.dhcp_agent_scheduler [None req-61160302-938e-46ee-952e-fb683daefb18 9f4646c6931944fa94d9652eb07fe677 a4ae721bfd75450eb78231ae7822bbf8 - - default default] No more DHCP agents
2026-04-12 21:55:27.586 10 WARNING neutron.api.rpc.agentnotifiers.dhcp_rpc_agent_api [None req-61160302-938e-46ee-952e-fb683daefb18 9f4646c6931944fa94d9652eb07fe677 a4ae721bfd75450eb78231ae7822bbf8 - - default default] Unable to schedule network 7adf52a9-4716-41e7-8bc6-71864741edf4: no agents available; will retry on subsequent port and subnet creation events.
2026-04-12 21:55:27.682 10 INFO neutron.db.ovn_revision_numbers_db [None req-61160302-938e-46ee-952e-fb683daefb18 9f4646c6931944fa94d9652eb07fe677 a4ae721bfd75450eb78231ae7822bbf8 - - default default] Successfully bumped revision number for resource 48d7e05b-c2ac-4ec1-a5a8-05d8557761bd (type: ports) to 1
2026-04-12 21:55:27.719 10 INFO neutron.wsgi [None req-61160302-938e-46ee-952e-fb683daefb18 9f4646c6931944fa94d9652eb07fe677 a4ae721bfd75450eb78231ae7822bbf8 - - default default] 10.0.0.169 "POST /v2.0/networks HTTP/1.1" status: 201 len: 829 time: 0.9588804
2026-04-12 21:55:27.728 10 WARNING neutron_lib.context [None req-27d3168e-991c-4726-863b-0cf01ec44f2e 9f4646c6931944fa94d9652eb07fe677 a4ae721bfd75450eb78231ae7822bbf8 - - default default] Method 'is_advsvc' is deprecated since 2023.2 release (neutron-lib 3.8.0) and will be removed once support for the old RBAC API policies will be removed from Neutron. Please use method 'is_service_role' instead.
2026-04-12 21:55:27.838 9 INFO neutron.db.l3_db [req-02e33cfc-52ec-489c-b14f-5adb413e21c3 req-07ca9d03-4580-413c-976c-34c5a495c825 6adfdd231167452fa9943e55ff62870c ed7772de77474405be1edbabe5f4f0e6 - - default default] Floating IP 584cfd44-96bd-433c-8429-754361ad64bb disassociated. External IP: 10.96.250.207, port: 51b723e6-aea1-4a9e-8ab0-1709f88945b6.
2026-04-12 21:55:27.988 9 INFO neutron.wsgi [req-02e33cfc-52ec-489c-b14f-5adb413e21c3 req-07ca9d03-4580-413c-976c-34c5a495c825 6adfdd231167452fa9943e55ff62870c ed7772de77474405be1edbabe5f4f0e6 - - default default] 199.204.45.144 "DELETE /v2.0/ports/51b723e6-aea1-4a9e-8ab0-1709f88945b6 HTTP/1.1" status: 204 len: 173 time: 0.6466260
2026-04-12 21:55:28.021 9 INFO neutron.notifiers.nova [-] Nova event matching ['req-650f908d-8737-4988-9716-86ffc8f3a1f4'] response: {'server_uuid': 'e266cc72-9c35-4870-be5d-1ac20266147e', 'name': 'network-vif-deleted', 'tag': '51b723e6-aea1-4a9e-8ab0-1709f88945b6', 'status': 'completed', 'code': 200}
2026-04-12 21:55:28.133 10 INFO neutron.services.segments.plugin [-] Segment ec53825f-fc82-4b09-be2d-26a5cec81d14 resource provider aggregate not found
2026-04-12 21:55:28.137 10 WARNING neutron.scheduler.dhcp_agent_scheduler [None req-27d3168e-991c-4726-863b-0cf01ec44f2e 9f4646c6931944fa94d9652eb07fe677 a4ae721bfd75450eb78231ae7822bbf8 - - default default] No more DHCP agents
2026-04-12 21:55:28.139 10 INFO neutron.services.segments.plugin [-] Segment ec53825f-fc82-4b09-be2d-26a5cec81d14 resource provider aggregate not found
2026-04-12 21:55:28.148 10 WARNING neutron.api.rpc.agentnotifiers.dhcp_rpc_agent_api [None req-27d3168e-991c-4726-863b-0cf01ec44f2e 9f4646c6931944fa94d9652eb07fe677 a4ae721bfd75450eb78231ae7822bbf8 - - default default] Unable to schedule network 7adf52a9-4716-41e7-8bc6-71864741edf4: no agents available; will retry on subsequent port and subnet creation events.
2026-04-12 21:55:28.152 10 INFO neutron.services.segments.plugin [-] Segment ec53825f-fc82-4b09-be2d-26a5cec81d14 resource provider not found; error: Placement Client Error (4xx): {"errors": [{"status": 404, "title": "Not Found", "detail": "The resource could not be found.\n\n No resource provider with uuid ec53825f-fc82-4b09-be2d-26a5cec81d14 found for delete ", "request_id": "req-0dcfb7cf-b5f3-4adf-b75a-b8ed7dd8b1b8"}]}
2026-04-12 21:55:28.162 10 INFO neutron.services.segments.plugin [-] Segment ec53825f-fc82-4b09-be2d-26a5cec81d14 resource provider not found; error: Placement Client Error (4xx): {"errors": [{"status": 404, "title": "Not Found", "detail": "The resource could not be found.\n\n No resource provider with uuid ec53825f-fc82-4b09-be2d-26a5cec81d14 found for delete ", "request_id": "req-ff6f6c8b-0dfd-4af8-8839-c15a4b11852f"}]}
2026-04-12 21:55:28.201 10 INFO neutron.wsgi [None req-7f139678-1015-459d-af1f-e060a45bd65b 8e9613e0190448ee80edde82680fd100 9f001ea9916542009f91d42c5440d902 - - default default] 10.0.0.169 "DELETE /v2.0/networks/b310599f-388c-4dbb-aafd-dd04b5e8aa6e HTTP/1.1" status: 204 len: 168 time: 0.6535025
2026-04-12 21:55:28.562 9 INFO neutron.wsgi [None req-17c66fa4-5ab2-496f-80d0-846b8e226119 6adfdd231167452fa9943e55ff62870c ed7772de77474405be1edbabe5f4f0e6 - - default default] 10.0.0.169 "DELETE /v2.0/security-groups/4aba4623-6b44-4a18-abc6-3b8493630756 HTTP/1.1" status: 204 len: 168 time: 0.2117083
2026-04-12 21:55:28.565 10 WARNING neutron.plugins.ml2.drivers.ovn.mech_driver.ovsdb.ovn_client [None req-f3be13e7-fce4-4559-8475-7f00d676cfbd - - - - - -] No port found with ID cbb8d9c4-6cea-46d5-8287-5a95c8cfc95d: RuntimeError: No port found with ID cbb8d9c4-6cea-46d5-8287-5a95c8cfc95d
2026-04-12 21:55:28.676 9 INFO neutron.wsgi [None req-168d402c-5568-48b0-b5f5-835412b8edd8 8e9613e0190448ee80edde82680fd100 9f001ea9916542009f91d42c5440d902 - - default default] 10.0.0.169 "DELETE /v2.0/networks/1a140202-0abf-449a-88a8-2447cf5d1df7 HTTP/1.1" status: 204 len: 168 time: 0.4669647
2026-04-12 21:55:28.689 9 WARNING neutron_lib.context [None req-a2cc32de-1a7c-4522-a02b-029d2090d2d4 8e9613e0190448ee80edde82680fd100 9f001ea9916542009f91d42c5440d902 - - default default] Method 'is_advsvc' is deprecated since 2023.2 release (neutron-lib 3.8.0) and will be removed once support for the old RBAC API policies will be removed from Neutron. Please use method 'is_service_role' instead.
2026-04-12 21:55:28.736 10 INFO neutron.db.ovn_revision_numbers_db [None req-27d3168e-991c-4726-863b-0cf01ec44f2e 9f4646c6931944fa94d9652eb07fe677 a4ae721bfd75450eb78231ae7822bbf8 - - default default] Successfully bumped revision number for resource 48d7e05b-c2ac-4ec1-a5a8-05d8557761bd (type: ports) to 2
2026-04-12 21:55:28.776 9 INFO neutron.services.segments.plugin [-] Segment a9b5db20-e0eb-444d-845d-945172dca3c7 resource provider aggregate not found
2026-04-12 21:55:28.782 9 INFO neutron.services.segments.plugin [-] Segment a9b5db20-e0eb-444d-845d-945172dca3c7 resource provider aggregate not found
2026-04-12 21:55:28.791 9 INFO neutron.services.segments.plugin [-] Segment a9b5db20-e0eb-444d-845d-945172dca3c7 resource provider not found; error: Placement Client Error (4xx): {"errors": [{"status": 404, "title": "Not Found", "detail": "The resource could not be found.\n\n No resource provider with uuid a9b5db20-e0eb-444d-845d-945172dca3c7 found for delete ", "request_id": "req-79407a21-1b28-4893-8d54-900d8b6cc1e1"}]}
2026-04-12 21:55:28.795 9 INFO neutron.db.segments_db [None req-a2cc32de-1a7c-4522-a02b-029d2090d2d4 8e9613e0190448ee80edde82680fd100 9f001ea9916542009f91d42c5440d902 - - default default] Added segment 3584be94-3282-433b-8bb9-fede392692b3 of type geneve for network 2f4e8a4b-1536-496b-a56f-79b9ca46cd9f
2026-04-12 21:55:28.801 10 INFO neutron.db.ovn_revision_numbers_db [None req-27d3168e-991c-4726-863b-0cf01ec44f2e 9f4646c6931944fa94d9652eb07fe677 a4ae721bfd75450eb78231ae7822bbf8 - - default default] Successfully bumped revision number for resource 132f8bbe-fa00-48f1-9e30-df5a472ba7d7 (type: subnets) to 0
2026-04-12 21:55:28.801 9 INFO neutron.services.segments.plugin [-] Segment a9b5db20-e0eb-444d-845d-945172dca3c7 resource provider not found; error: Placement Client Error (4xx): {"errors": [{"status": 404, "title": "Not Found", "detail": "The resource could not be found.\n\n No resource provider with uuid a9b5db20-e0eb-444d-845d-945172dca3c7 found for delete ", "request_id": "req-91977fe8-354f-41a0-b7f2-e28cb9c30ad9"}]}
2026-04-12 21:55:28.834 10 INFO neutron.wsgi [None req-27d3168e-991c-4726-863b-0cf01ec44f2e 9f4646c6931944fa94d9652eb07fe677 a4ae721bfd75450eb78231ae7822bbf8 - - default default] 10.0.0.169 "POST /v2.0/subnets HTTP/1.1" status: 201 len: 801 time: 1.1122215
2026-04-12 21:55:28.852 10 WARNING neutron_lib.context [None req-d323ee0b-9b8f-4988-8fec-2c95b1794252 9f4646c6931944fa94d9652eb07fe677 a4ae721bfd75450eb78231ae7822bbf8 - - default default] Method 'is_advsvc' is deprecated since 2023.2 release (neutron-lib 3.8.0) and will be removed once support for the old RBAC API policies will be removed from Neutron. Please use method 'is_service_role' instead.
2026-04-12 21:55:28.962 10 INFO neutron.db.ovn_revision_numbers_db [None req-d323ee0b-9b8f-4988-8fec-2c95b1794252 9f4646c6931944fa94d9652eb07fe677 a4ae721bfd75450eb78231ae7822bbf8 - - default default] Successfully bumped revision number for resource 3986d8f1-8df1-4068-a9cd-9ad78a6769c9 (type: routers) to 1
2026-04-12 21:55:28.979 10 INFO neutron.wsgi [None req-d323ee0b-9b8f-4988-8fec-2c95b1794252 9f4646c6931944fa94d9652eb07fe677 a4ae721bfd75450eb78231ae7822bbf8 - - default default] 10.0.0.169 "POST /v2.0/routers HTTP/1.1" status: 201 len: 801 time: 0.1335578
2026-04-12 21:55:29.261 9 INFO neutron.db.ovn_revision_numbers_db [None req-a2cc32de-1a7c-4522-a02b-029d2090d2d4 8e9613e0190448ee80edde82680fd100 9f001ea9916542009f91d42c5440d902 - - default default] Successfully bumped revision number for resource 2f4e8a4b-1536-496b-a56f-79b9ca46cd9f (type: networks) to 1
2026-04-12 21:55:29.354 9 INFO neutron.wsgi [None req-742e9ad5-c1b6-4d3c-8ac9-134c8e193b7a 6adfdd231167452fa9943e55ff62870c ed7772de77474405be1edbabe5f4f0e6 - - default default] 10.0.0.169 "DELETE /v2.0/floatingips/584cfd44-96bd-433c-8429-754361ad64bb HTTP/1.1" status: 204 len: 168 time: 0.7598031
2026-04-12 21:55:29.452 10 WARNING neutron.scheduler.dhcp_agent_scheduler [None req-841209c3-3d4c-46ce-b832-13b17f9c5817 9f4646c6931944fa94d9652eb07fe677 a4ae721bfd75450eb78231ae7822bbf8 - - default default] No more DHCP agents
2026-04-12 21:55:29.455 10 WARNING neutron.api.rpc.agentnotifiers.dhcp_rpc_agent_api [None req-841209c3-3d4c-46ce-b832-13b17f9c5817 9f4646c6931944fa94d9652eb07fe677 a4ae721bfd75450eb78231ae7822bbf8 - - default default] Unable to schedule network 7adf52a9-4716-41e7-8bc6-71864741edf4: no agents available; will retry on subsequent port and subnet creation events.
2026-04-12 21:55:29.464 9 WARNING neutron.scheduler.dhcp_agent_scheduler [None req-a2cc32de-1a7c-4522-a02b-029d2090d2d4 8e9613e0190448ee80edde82680fd100 9f001ea9916542009f91d42c5440d902 - - default default] No more DHCP agents
2026-04-12 21:55:29.467 9 WARNING neutron.api.rpc.agentnotifiers.dhcp_rpc_agent_api [None req-a2cc32de-1a7c-4522-a02b-029d2090d2d4 8e9613e0190448ee80edde82680fd100 9f001ea9916542009f91d42c5440d902 - - default default] Unable to schedule network 2f4e8a4b-1536-496b-a56f-79b9ca46cd9f: no agents available; will retry on subsequent port and subnet creation events.
2026-04-12 21:55:29.567 10 INFO neutron.plugins.ml2.drivers.ovn.mech_driver.mech_driver [None req-f3be13e7-fce4-4559-8475-7f00d676cfbd - - - - - -] OVN reports status down for port: 0c8896cd-f8e8-451c-a5df-865872b868cf
2026-04-12 21:55:29.573 9 INFO neutron.wsgi [req-32b62565-db5a-49b5-b157-464800f6c82d req-251d05fc-0bde-41fd-a26d-90b28f195907 6adfdd231167452fa9943e55ff62870c ed7772de77474405be1edbabe5f4f0e6 - - default default] 10.0.0.241 "GET /v2.0/ports?device_id=7407bd88-42a9-4506-ab56-f8e2ec680def HTTP/1.1" status: 200 len: 1170 time: 0.0706077
2026-04-12 21:55:29.605 9 INFO neutron.db.ovn_revision_numbers_db [None req-a2cc32de-1a7c-4522-a02b-029d2090d2d4 8e9613e0190448ee80edde82680fd100 9f001ea9916542009f91d42c5440d902 - - default default] Successfully bumped revision number for resource c5827b1b-f8a1-47cd-aeb9-4ba10be09b32 (type: ports) to 1
2026-04-12 21:55:29.634 9 INFO neutron.wsgi [req-32b62565-db5a-49b5-b157-464800f6c82d req-2e3018a7-511a-4c99-9b80-3a6fbc9ceee0 6adfdd231167452fa9943e55ff62870c ed7772de77474405be1edbabe5f4f0e6 - - default default] 10.0.0.241 "GET /v2.0/security-groups?id=4889efad-9b0b-40cc-a424-313dc19f9687&fields=id&fields=name HTTP/1.1" status: 200 len: 312 time: 0.0523767
2026-04-12 21:55:29.650 9 INFO neutron.wsgi [None req-a2cc32de-1a7c-4522-a02b-029d2090d2d4 8e9613e0190448ee80edde82680fd100 9f001ea9916542009f91d42c5440d902 - - default default] 10.0.0.169 "POST /v2.0/networks HTTP/1.1" status: 201 len: 832 time: 0.9659381
2026-04-12 21:55:29.662 9 WARNING neutron_lib.context [None req-5380b877-69be-48c6-a323-354a7a167c68 8e9613e0190448ee80edde82680fd100 9f001ea9916542009f91d42c5440d902 - - default default] Method 'is_advsvc' is deprecated since 2023.2 release (neutron-lib 3.8.0) and will be removed once support for the old RBAC API policies will be removed from Neutron. Please use method 'is_service_role' instead.
2026-04-12 21:55:29.672 10 INFO neutron.db.ovn_revision_numbers_db [None req-841209c3-3d4c-46ce-b832-13b17f9c5817 9f4646c6931944fa94d9652eb07fe677 a4ae721bfd75450eb78231ae7822bbf8 - - default default] Successfully bumped revision number for resource 3901e32f-ee7b-4030-a157-d900244be611 (type: ports) to 1
2026-04-12 21:55:29.753 10 INFO neutron.notifiers.nova [-] Nova event matching ['req-bcab44ec-c4f1-49fa-a30e-fc27f7d10cd3'] response: {'server_uuid': '7407bd88-42a9-4506-ab56-f8e2ec680def', 'name': 'network-vif-unplugged', 'status': 'completed', 'tag': '0c8896cd-f8e8-451c-a5df-865872b868cf', 'code': 200}
2026-04-12 21:55:29.884 9 INFO neutron.wsgi [req-79b0e9dc-3a1e-4a20-af42-708913b4a839 req-fab9bb68-4716-4094-bcd1-ce7b180797b6 6adfdd231167452fa9943e55ff62870c ed7772de77474405be1edbabe5f4f0e6 - - default default] 199.204.45.144 "GET /v2.0/ports?device_id=7407bd88-42a9-4506-ab56-f8e2ec680def HTTP/1.1" status: 200 len: 1168 time: 0.0465393
2026-04-12 21:55:29.970 9 WARNING neutron.scheduler.dhcp_agent_scheduler [None req-5380b877-69be-48c6-a323-354a7a167c68 8e9613e0190448ee80edde82680fd100 9f001ea9916542009f91d42c5440d902 - - default default] No more DHCP agents
2026-04-12 21:55:29.974 9 WARNING neutron.api.rpc.agentnotifiers.dhcp_rpc_agent_api [None req-5380b877-69be-48c6-a323-354a7a167c68 8e9613e0190448ee80edde82680fd100 9f001ea9916542009f91d42c5440d902 - - default default] Unable to schedule network 2f4e8a4b-1536-496b-a56f-79b9ca46cd9f: no agents available; will retry on subsequent port and subnet creation events.
2026-04-12 21:55:30.014 9 INFO neutron.db.ovn_revision_numbers_db [None req-5380b877-69be-48c6-a323-354a7a167c68 8e9613e0190448ee80edde82680fd100 9f001ea9916542009f91d42c5440d902 - - default default] Successfully bumped revision number for resource 14440622-749a-44a6-8fdc-59a1c270cccd (type: subnets) to 0
2026-04-12 21:55:30.037 9 INFO neutron.wsgi [None req-5380b877-69be-48c6-a323-354a7a167c68 8e9613e0190448ee80edde82680fd100 9f001ea9916542009f91d42c5440d902 - - default default] 10.0.0.169 "POST /v2.0/subnets HTTP/1.1" status: 201 len: 821 time: 0.3790014
2026-04-12 21:55:30.048 9 WARNING neutron_lib.context [None req-8092ed4e-0784-423b-a99d-9e1da76d4e5c 8e9613e0190448ee80edde82680fd100 9f001ea9916542009f91d42c5440d902 - - default default] Method 'is_advsvc' is deprecated since 2023.2 release (neutron-lib 3.8.0) and will be removed once support for the old RBAC API policies will be removed from Neutron. Please use method 'is_service_role' instead.
2026-04-12 21:55:30.083 9 WARNING neutron.plugins.ml2.drivers.ovn.mech_driver.ovsdb.ovn_client [None req-970bc591-b6c6-406a-8750-062f221bc339 - - - - - -] No port found with ID e0e418dd-e6b2-4a76-bb70-40f661be1c8e: RuntimeError: No port found with ID e0e418dd-e6b2-4a76-bb70-40f661be1c8e
2026-04-12 21:55:30.083 9 INFO neutron.plugins.ml2.drivers.ovn.mech_driver.mech_driver [None req-970bc591-b6c6-406a-8750-062f221bc339 - - - - - -] OVN reports status down for port: 51b723e6-aea1-4a9e-8ab0-1709f88945b6
2026-04-12 21:55:30.232 10 INFO neutron.db.ovn_revision_numbers_db [None req-f3be13e7-fce4-4559-8475-7f00d676cfbd - - - - - -] Successfully bumped revision number for resource 0c8896cd-f8e8-451c-a5df-865872b868cf (type: ports) to 5
2026-04-12 21:55:30.237 9 INFO neutron.db.ovn_revision_numbers_db [None req-8092ed4e-0784-423b-a99d-9e1da76d4e5c 8e9613e0190448ee80edde82680fd100 9f001ea9916542009f91d42c5440d902 - - default default] Successfully bumped revision number for resource a5780cb4-f669-4aed-8f3a-6508312628f4 (type: routers) to 1
2026-04-12 21:55:30.266 9 INFO neutron.wsgi [None req-8092ed4e-0784-423b-a99d-9e1da76d4e5c 8e9613e0190448ee80edde82680fd100 9f001ea9916542009f91d42c5440d902 - - default default] 10.0.0.169 "POST /v2.0/routers HTTP/1.1" status: 201 len: 804 time: 0.2237492 /var/lib/openstack/lib/python3.10/site-packages/pycadf/identifier.py:71: UserWarning: Invalid uuid: neutron. To ensure interoperability, identifiers should be a valid uuid. warnings.warn(('Invalid uuid: %s. To ensure interoperability, '
2026-04-12 21:55:30.276 9 WARNING neutron_lib.context [None req-f8aef904-50fc-482b-b4b4-ddcbfcadc962 8e9613e0190448ee80edde82680fd100 9f001ea9916542009f91d42c5440d902 - - default default] Method 'is_advsvc' is deprecated since 2023.2 release (neutron-lib 3.8.0) and will be removed once support for the old RBAC API policies will be removed from Neutron. Please use method 'is_service_role' instead.
