2026-04-12 21:53:23.417 10 INFO neutron.db.ovn_revision_numbers_db [None req-ed228f87-0452-4fb7-9817-4b08aad6f962 404f5e8f0b02445596acda71cb75571a 196ad489dcb34dbd978fab5ee5b58744 - - default default] Successfully bumped revision number for resource c65c2cf3-5d93-46bc-bd1e-be3655d747fb (type: ports) to 1
2026-04-12 21:53:23.442 10 INFO neutron.wsgi [None req-ed228f87-0452-4fb7-9817-4b08aad6f962 404f5e8f0b02445596acda71cb75571a 196ad489dcb34dbd978fab5ee5b58744 - - default default] 10.0.0.169 "POST /v2.0/networks HTTP/1.1" status: 201 len: 853 time: 0.6551683
2026-04-12 21:53:23.524 9 INFO neutron.db.ovn_revision_numbers_db [None req-600488f6-2753-469a-9f80-9b34e06a2dd2 a3205093f34f4fd9915fc406949dd9cd 76a449dc75604226af2f244e37c169cf - - default default] Successfully bumped revision number for resource a87f05ab-654f-4e49-9bb5-ac22fbd157d7 (type: security_groups) to 1
2026-04-12 21:53:23.538 9 INFO neutron.db.ovn_revision_numbers_db [None req-600488f6-2753-469a-9f80-9b34e06a2dd2 a3205093f34f4fd9915fc406949dd9cd 76a449dc75604226af2f244e37c169cf - - default default] Successfully bumped revision number for resource 3f4709e2-43ea-416d-86c9-9a7c2734749b (type: security_group_rules) to 0
2026-04-12 21:53:23.560 9 INFO neutron.db.ovn_revision_numbers_db [None req-600488f6-2753-469a-9f80-9b34e06a2dd2 a3205093f34f4fd9915fc406949dd9cd 76a449dc75604226af2f244e37c169cf - - default default] Successfully bumped revision number for resource 60e6977f-09a9-4adc-abce-dd4d02eb6685 (type: security_group_rules) to 0
2026-04-12 21:53:23.585 9 INFO neutron.db.ovn_revision_numbers_db [None req-600488f6-2753-469a-9f80-9b34e06a2dd2 a3205093f34f4fd9915fc406949dd9cd 76a449dc75604226af2f244e37c169cf - - default default] Successfully bumped revision number for resource 77623856-37fa-470c-bf9e-6c84af0dcdb8 (type: security_group_rules) to 0
2026-04-12 21:53:23.602 9 INFO neutron.db.ovn_revision_numbers_db [None req-600488f6-2753-469a-9f80-9b34e06a2dd2 a3205093f34f4fd9915fc406949dd9cd 76a449dc75604226af2f244e37c169cf - - default default] Successfully bumped revision number for resource b8238047-93fa-44bf-bd6b-2f12af957a36 (type: security_group_rules) to 0
2026-04-12 21:53:23.624 9 INFO neutron.wsgi [None req-600488f6-2753-469a-9f80-9b34e06a2dd2 a3205093f34f4fd9915fc406949dd9cd 76a449dc75604226af2f244e37c169cf - - default default] 10.0.0.169 "GET /v2.0/security-groups?tenant_id=80108204dfd446c38e279267cfdbd9ea&name=default HTTP/1.1" status: 200 len: 3120 time: 0.2174680
2026-04-12 21:53:23.818 9 INFO neutron.wsgi [None req-ba696e0c-0cd1-48d1-868b-d6922786ab30 101428e0b8ae464c9850a35674b568ad 8ee0d3858d7c4176ac369dafea9c0839 - - default default] 10.0.0.169 "DELETE /v2.0/security-groups/5967ae05-6bac-4710-8db0-1394d76a09bf HTTP/1.1" status: 204 len: 168 time: 0.1286376
2026-04-12 21:53:23.836 9 INFO neutron.api.v2.resource [None req-495ecf5e-adf9-45f5-acdb-4b6ebcf84aee 101428e0b8ae464c9850a35674b568ad 8ee0d3858d7c4176ac369dafea9c0839 - - default default] show failed (client error): The resource could not be found.
2026-04-12 21:53:23.837 9 INFO neutron.wsgi [None req-495ecf5e-adf9-45f5-acdb-4b6ebcf84aee 101428e0b8ae464c9850a35674b568ad 8ee0d3858d7c4176ac369dafea9c0839 - - default default] 10.0.0.169 "GET /v2.0/security-groups/5967ae05-6bac-4710-8db0-1394d76a09bf HTTP/1.1" status: 404 len: 347 time: 0.0108001
2026-04-12 21:53:23.921 10 INFO neutron.wsgi [None req-7371ecb5-9620-4690-9816-690f7b6a74a4 a3205093f34f4fd9915fc406949dd9cd 76a449dc75604226af2f244e37c169cf - - default default] 10.0.0.169 "DELETE /v2.0/security-groups/a87f05ab-654f-4e49-9bb5-ac22fbd157d7 HTTP/1.1" status: 204 len: 168 time: 0.2856119
2026-04-12 21:53:23.926 9 WARNING neutron_lib.context [None req-0c3947e1-8f75-4353-bca0-be6072939c18 404f5e8f0b02445596acda71cb75571a 196ad489dcb34dbd978fab5ee5b58744 - - default default] Method 'is_advsvc' is deprecated since 2023.2 release (neutron-lib 3.8.0) and will be removed once support for the old RBAC API policies will be removed from Neutron. Please use method 'is_service_role' instead.
2026-04-12 21:53:23.984 9 WARNING neutron_lib.context [None req-0c3947e1-8f75-4353-bca0-be6072939c18 404f5e8f0b02445596acda71cb75571a 196ad489dcb34dbd978fab5ee5b58744 - - default default] Method 'is_advsvc' is deprecated since 2023.2 release (neutron-lib 3.8.0) and will be removed once support for the old RBAC API policies will be removed from Neutron. Please use method 'is_service_role' instead.
2026-04-12 21:53:24.140 10 INFO neutron.wsgi [req-774c03e1-f444-4645-9fb1-3c443bceca2d req-56a41f10-e93d-48af-bd5d-92d65c00d3bd 604f38dedab04366942f972aa856ac71 1bd2e5467d01435baa48dc817c8e3130 - - 93503bf48b7f40a88d62655bab932e37 93503bf48b7f40a88d62655bab932e37] 10.0.0.93 "GET /v2.0/ports?device_id=4787ea78-a1ab-4e51-8647-1feb2863a41a HTTP/1.1" status: 200 len: 1413 time: 0.1580417
2026-04-12 21:53:24.196 10 INFO neutron.wsgi [req-774c03e1-f444-4645-9fb1-3c443bceca2d req-d11f87c5-b7e3-4ecb-b568-766144a16c0c 604f38dedab04366942f972aa856ac71 1bd2e5467d01435baa48dc817c8e3130 - - 93503bf48b7f40a88d62655bab932e37 93503bf48b7f40a88d62655bab932e37] 10.0.0.93 "GET /v2.0/security-groups?id=44f06a23-5e8d-4121-923c-055e278d2fc6&fields=id&fields=name HTTP/1.1" status: 200 len: 312 time: 0.0473316
2026-04-12 21:53:24.287 10 INFO neutron.wsgi [None req-2ada8836-c0cd-4222-929c-6ca5b062e3f2 101428e0b8ae464c9850a35674b568ad 8ee0d3858d7c4176ac369dafea9c0839 - - default default] 10.0.0.169 "DELETE /v2.0/floatingips/36373601-8f93-4ff6-9a3b-25b7d958ebd7 HTTP/1.1" status: 204 len: 168 time: 0.4445152
2026-04-12 21:53:24.386 9 WARNING neutron.scheduler.dhcp_agent_scheduler [None req-0c3947e1-8f75-4353-bca0-be6072939c18 404f5e8f0b02445596acda71cb75571a 196ad489dcb34dbd978fab5ee5b58744 - - default default] No more DHCP agents
2026-04-12 21:53:24.389 9 WARNING neutron.api.rpc.agentnotifiers.dhcp_rpc_agent_api [None req-0c3947e1-8f75-4353-bca0-be6072939c18 404f5e8f0b02445596acda71cb75571a 196ad489dcb34dbd978fab5ee5b58744 - - default default] Unable to schedule network 8a031a8c-955c-477f-9b71-9d9a0406b3da: no agents available; will retry on subsequent port and subnet creation events.
2026-04-12 21:53:24.426 9 INFO neutron.db.ovn_revision_numbers_db [None req-0c3947e1-8f75-4353-bca0-be6072939c18 404f5e8f0b02445596acda71cb75571a 196ad489dcb34dbd978fab5ee5b58744 - - default default] Successfully bumped revision number for resource 6a6b6795-5a7a-44ec-a323-7d7127832d64 (type: subnets) to 0
2026-04-12 21:53:24.444 9 WARNING neutron.scheduler.dhcp_agent_scheduler [None req-0c3947e1-8f75-4353-bca0-be6072939c18 404f5e8f0b02445596acda71cb75571a 196ad489dcb34dbd978fab5ee5b58744 - - default default] No more DHCP agents
2026-04-12 21:53:24.446 9 WARNING neutron.api.rpc.agentnotifiers.dhcp_rpc_agent_api [None req-0c3947e1-8f75-4353-bca0-be6072939c18 404f5e8f0b02445596acda71cb75571a 196ad489dcb34dbd978fab5ee5b58744 - - default default] Unable to schedule network 2ec33543-38c4-46d1-9146-a21d9596172f: no agents available; will retry on subsequent port and subnet creation events.
2026-04-12 21:53:24.476 9 INFO neutron.db.ovn_revision_numbers_db [None req-0c3947e1-8f75-4353-bca0-be6072939c18 404f5e8f0b02445596acda71cb75571a 196ad489dcb34dbd978fab5ee5b58744 - - default default] Successfully bumped revision number for resource 1b5086b7-d471-4052-bf37-f8281f27da72 (type: subnets) to 0
2026-04-12 21:53:24.493 9 INFO neutron.wsgi [None req-0c3947e1-8f75-4353-bca0-be6072939c18 404f5e8f0b02445596acda71cb75571a 196ad489dcb34dbd978fab5ee5b58744 - - default default] 10.0.0.169 "POST /v2.0/subnets HTTP/1.1" status: 201 len: 1475 time: 0.5747795
2026-04-12 21:53:24.571 9 INFO neutron.wsgi [None req-6601af6e-dd15-4d8d-aa92-6e805ab4275d 404f5e8f0b02445596acda71cb75571a 196ad489dcb34dbd978fab5ee5b58744 - - default default] 10.0.0.169 "GET /v2.0/subnets HTTP/1.1" status: 200 len: 2083 time: 0.0731452
2026-04-12 21:53:24.787 9 INFO neutron.wsgi [None req-5646aef7-6d21-4e80-8121-c14b1fcc0ccc 404f5e8f0b02445596acda71cb75571a 196ad489dcb34dbd978fab5ee5b58744 - - default default] 10.0.0.169 "DELETE /v2.0/subnets/6a6b6795-5a7a-44ec-a323-7d7127832d64 HTTP/1.1" status: 204 len: 168 time: 0.2024562
2026-04-12 21:53:24.977 9 INFO neutron.wsgi [None req-c08b32a6-1d46-4081-a6e1-3fa9db51d5d8 404f5e8f0b02445596acda71cb75571a 196ad489dcb34dbd978fab5ee5b58744 - - default default] 10.0.0.169 "DELETE /v2.0/subnets/1b5086b7-d471-4052-bf37-f8281f27da72 HTTP/1.1" status: 204 len: 168 time: 0.1848750
2026-04-12 21:53:25.013 9 INFO neutron.wsgi [None req-78994bce-1f0c-4c72-be69-0906d2cfb6c6 404f5e8f0b02445596acda71cb75571a 196ad489dcb34dbd978fab5ee5b58744 - - default default] 10.0.0.169 "GET /v2.0/subnets HTTP/1.1" status: 200 len: 820 time: 0.0323405
2026-04-12 21:53:25.378 9 INFO neutron.services.segments.plugin [-] Segment 4170929f-4217-46a6-8b2c-d699ea8cc5b6 resource provider aggregate not found
2026-04-12 21:53:25.385 9 INFO neutron.services.segments.plugin [-] Segment 4170929f-4217-46a6-8b2c-d699ea8cc5b6 resource provider aggregate not found
2026-04-12 21:53:25.404 9 INFO neutron.services.segments.plugin [-] Segment 4170929f-4217-46a6-8b2c-d699ea8cc5b6 resource provider not found; error: Placement Client Error (4xx): {"errors": [{"status": 404, "title": "Not Found", "detail": "The resource could not be found.\n\n No resource provider with uuid 4170929f-4217-46a6-8b2c-d699ea8cc5b6 found for delete ", "request_id": "req-ac1d1f4b-c623-4136-ad4e-fcb29360b913"}]}
2026-04-12 21:53:25.409 9 INFO neutron.services.segments.plugin [-] Segment 4170929f-4217-46a6-8b2c-d699ea8cc5b6 resource provider not found; error: Placement Client Error (4xx): {"errors": [{"status": 404, "title": "Not Found", "detail": "The resource could not be found.\n\n No resource provider with uuid 4170929f-4217-46a6-8b2c-d699ea8cc5b6 found for delete ", "request_id": "req-5e5f1a28-bd74-40fd-abf8-00a2d431d5a8"}]}
2026-04-12 21:53:25.413 9 INFO neutron.wsgi [None req-3594ab82-d07c-45a8-b088-3adabf15d96b 404f5e8f0b02445596acda71cb75571a 196ad489dcb34dbd978fab5ee5b58744 - - default default] 10.0.0.169 "DELETE /v2.0/networks/2ec33543-38c4-46d1-9146-a21d9596172f HTTP/1.1" status: 204 len: 168 time: 0.3950014
2026-04-12 21:53:25.584 10 INFO neutron.wsgi [None req-767b66b6-5c2b-4d9e-ba74-45290dc41289 a3205093f34f4fd9915fc406949dd9cd 76a449dc75604226af2f244e37c169cf - - default default] 10.0.0.169 "PUT /v2.0/routers/1abf211d-4f25-4ca1-8af0-75aea11b2380/remove_router_interface HTTP/1.1" status: 200 len: 503 time: 1.2905982 /var/lib/openstack/lib/python3.10/site-packages/pycadf/identifier.py:71: UserWarning: Invalid uuid: neutron. To ensure interoperability, identifiers should be a valid uuid. warnings.warn(('Invalid uuid: %s. To ensure interoperability, '
2026-04-12 21:53:25.771 9 INFO neutron.wsgi [None req-402703ee-70da-445c-b2a7-c11f4b848a78 404f5e8f0b02445596acda71cb75571a 196ad489dcb34dbd978fab5ee5b58744 - - default default] 10.0.0.169 "DELETE /v2.0/networks/8a031a8c-955c-477f-9b71-9d9a0406b3da HTTP/1.1" status: 204 len: 168 time: 0.3540730
2026-04-12 21:53:26.136 9 INFO neutron.wsgi [None req-a58c47c8-ec6b-4046-802e-7ddab9e3212a 404f5e8f0b02445596acda71cb75571a 196ad489dcb34dbd978fab5ee5b58744 - - default default] 10.0.0.169 "DELETE /v2.0/networks/1914bc81-b214-4cbf-a243-748421c67aa4 HTTP/1.1" status: 204 len: 168 time: 0.3500884
2026-04-12 21:53:26.455 10 INFO neutron.wsgi [None req-632fd6e5-9a3b-4089-adbe-e5f9a63f57ff a3205093f34f4fd9915fc406949dd9cd 76a449dc75604226af2f244e37c169cf - - default default] 10.0.0.169 "DELETE /v2.0/routers/1abf211d-4f25-4ca1-8af0-75aea11b2380 HTTP/1.1" status: 204 len: 168 time: 0.8668764
2026-04-12 21:53:26.679 10 INFO neutron.services.segments.plugin [-] Segment 6861a74b-8321-41d3-a67c-602ef7ff3209 resource provider aggregate not found
2026-04-12 21:53:26.692 10 INFO neutron.services.segments.plugin [-] Segment 6861a74b-8321-41d3-a67c-602ef7ff3209 resource provider aggregate not found
2026-04-12 21:53:26.697 10 INFO neutron.services.segments.plugin [-] Segment 6861a74b-8321-41d3-a67c-602ef7ff3209 resource provider not found; error: Placement Client Error (4xx): {"errors": [{"status": 404, "title": "Not Found", "detail": "The resource could not be found.\n\n No resource provider with uuid 6861a74b-8321-41d3-a67c-602ef7ff3209 found for delete ", "request_id": "req-e39258ae-b83e-4fef-a7d4-313b440dec85"}]}
2026-04-12 21:53:26.707 10 INFO neutron.services.segments.plugin [-] Segment 6861a74b-8321-41d3-a67c-602ef7ff3209 resource provider not found; error: Placement Client Error (4xx): {"errors": [{"status": 404, "title": "Not Found", "detail": "The resource could not be found.\n\n No resource provider with uuid 6861a74b-8321-41d3-a67c-602ef7ff3209 found for delete ", "request_id": "req-6c7a21ca-8ad6-436a-a97f-b81443097b23"}]}
2026-04-12 21:53:26.716 10 INFO neutron.wsgi [None req-e0051639-6054-4bcc-bac8-6f27f7ba29ea 404f5e8f0b02445596acda71cb75571a 196ad489dcb34dbd978fab5ee5b58744 - - default default] 10.0.0.169 "DELETE /v2.0/networks/f5851126-f337-4b1c-8c58-57b8c840c0e1 HTTP/1.1" status: 204 len: 168 time: 0.5748668
2026-04-12 21:53:26.747 10 INFO neutron.wsgi [None req-875b9ea5-2700-44c0-90fd-6c2b22baa160 a3205093f34f4fd9915fc406949dd9cd 76a449dc75604226af2f244e37c169cf - - default default] 10.0.0.169 "DELETE /v2.0/subnets/c93490c8-9cf5-4a89-a9c0-f6372b797ca2 HTTP/1.1" status: 204 len: 168 time: 0.2859104
2026-04-12 21:53:27.419 10 INFO neutron.wsgi [None req-415a72ab-da03-4c9e-a19b-a0cc004bad1e a3205093f34f4fd9915fc406949dd9cd 76a449dc75604226af2f244e37c169cf - - default default] 10.0.0.169 "DELETE /v2.0/networks/e126a4ba-febd-414b-8422-64e614d8480c HTTP/1.1" status: 204 len: 168 time: 0.6675906
2026-04-12 21:53:27.425 9 INFO neutron.services.segments.plugin [-] Segment 552b9a8c-168d-4c75-863e-8611b6294b5b resource provider aggregate not found
2026-04-12 21:53:27.431 9 INFO neutron.services.segments.plugin [-] Segment 552b9a8c-168d-4c75-863e-8611b6294b5b resource provider aggregate not found
2026-04-12 21:53:27.438 9 INFO neutron.services.segments.plugin [-] Segment 552b9a8c-168d-4c75-863e-8611b6294b5b resource provider not found; error: Placement Client Error (4xx): {"errors": [{"status": 404, "title": "Not Found", "detail": "The resource could not be found.\n\n No resource provider with uuid 552b9a8c-168d-4c75-863e-8611b6294b5b found for delete ", "request_id": "req-b195d2e8-145b-41c2-9cfe-95a30863ae71"}]}
2026-04-12 21:53:27.445 9 INFO neutron.services.segments.plugin [-] Segment 552b9a8c-168d-4c75-863e-8611b6294b5b resource provider not found; error: Placement Client Error (4xx): {"errors": [{"status": 404, "title": "Not Found", "detail": "The resource could not be found.\n\n No resource provider with uuid 552b9a8c-168d-4c75-863e-8611b6294b5b found for delete ", "request_id": "req-d96386ea-0a3b-4715-ac3f-61afd29eede7"}]}
2026-04-12 21:53:27.454 9 INFO neutron.services.segments.plugin [-] Segment 12186cdc-592f-4b72-84f8-e68d3760b33f resource provider aggregate not found
2026-04-12 21:53:27.459 9 INFO neutron.services.segments.plugin [-] Segment 12186cdc-592f-4b72-84f8-e68d3760b33f resource provider aggregate not found
2026-04-12 21:53:27.467 9 INFO neutron.services.segments.plugin [-] Segment 12186cdc-592f-4b72-84f8-e68d3760b33f resource provider not found; error: Placement Client Error (4xx): {"errors": [{"status": 404, "title": "Not Found", "detail": "The resource could not be found.\n\n No resource provider with uuid 12186cdc-592f-4b72-84f8-e68d3760b33f found for delete ", "request_id": "req-cf7dd849-502b-47bf-9ffc-f2e97caae012"}]}
2026-04-12 21:53:27.471 9 INFO neutron.services.segments.plugin [-] Segment 12186cdc-592f-4b72-84f8-e68d3760b33f resource provider not found; error: Placement Client Error (4xx): {"errors": [{"status": 404, "title": "Not Found", "detail": "The resource could not be found.\n\n No resource provider with uuid 12186cdc-592f-4b72-84f8-e68d3760b33f found for delete ", "request_id": "req-3f5c6e01-ca92-474b-ab4e-ad74ba690c50"}]}
2026-04-12 21:53:27.551 10 INFO neutron.wsgi [None req-576e6e4a-0536-4c86-86f3-7d291c82dffb a3205093f34f4fd9915fc406949dd9cd 76a449dc75604226af2f244e37c169cf - - default default] 10.0.0.169 "GET /v2.0/security-groups?tenant_id=196ad489dcb34dbd978fab5ee5b58744&name=default HTTP/1.1" status: 200 len: 3120 time: 0.2942898
2026-04-12 21:53:27.600 9 INFO neutron.wsgi [None req-3221b97b-9295-4b9c-b63e-66703f200b9d a3205093f34f4fd9915fc406949dd9cd 76a449dc75604226af2f244e37c169cf - - default default] 10.0.0.169 "GET /v2.0/security-groups?tenant_id=8ee0d3858d7c4176ac369dafea9c0839&name=default HTTP/1.1" status: 200 len: 3120 time: 0.0425997
2026-04-12 21:53:27.807 10 INFO neutron.wsgi [None req-815354fb-c1f6-4cfe-b45c-f1b051642a22 a3205093f34f4fd9915fc406949dd9cd 76a449dc75604226af2f244e37c169cf - - default default] 10.0.0.169 "DELETE /v2.0/security-groups/2a16e4f6-a02f-4ac3-a15f-2de527b01eca HTTP/1.1" status: 204 len: 168 time: 0.2515202
2026-04-12 21:53:27.843 10 INFO neutron.wsgi [None req-b16105cb-b96c-4f24-9981-683e44cad3d0 a3205093f34f4fd9915fc406949dd9cd 76a449dc75604226af2f244e37c169cf - - default default] 10.0.0.169 "DELETE /v2.0/security-groups/24e74601-1597-4b83-aa51-0f058f4a4bbf HTTP/1.1" status: 204 len: 168 time: 0.2381697
2026-04-12 21:53:28.114 10 INFO neutron.db.ovn_revision_numbers_db [None req-feca9ae7-50bd-4b93-91b2-89e17387ee85 a3205093f34f4fd9915fc406949dd9cd 76a449dc75604226af2f244e37c169cf - - default default] Successfully bumped revision number for resource d2924438-b31b-455f-9923-0c67a629fb40 (type: security_groups) to 1
2026-04-12 21:53:28.127 10 INFO neutron.db.ovn_revision_numbers_db [None req-feca9ae7-50bd-4b93-91b2-89e17387ee85 a3205093f34f4fd9915fc406949dd9cd 76a449dc75604226af2f244e37c169cf - - default default] Successfully bumped revision number for resource 1caa4d31-48bb-4e73-a755-548e7651d160 (type: security_group_rules) to 0
2026-04-12 21:53:28.140 10 INFO neutron.db.ovn_revision_numbers_db [None req-feca9ae7-50bd-4b93-91b2-89e17387ee85 a3205093f34f4fd9915fc406949dd9cd 76a449dc75604226af2f244e37c169cf - - default default] Successfully bumped revision number for resource 6c2e1dd5-f651-490b-ac48-c4db32306265 (type: security_group_rules) to 0
2026-04-12 21:53:28.157 10 INFO neutron.db.ovn_revision_numbers_db [None req-feca9ae7-50bd-4b93-91b2-89e17387ee85 a3205093f34f4fd9915fc406949dd9cd 76a449dc75604226af2f244e37c169cf - - default default] Successfully bumped revision number for resource fa928701-8f98-4cdd-906b-748911b20bc3 (type: security_group_rules) to 0
2026-04-12 21:53:28.199 10 INFO neutron.db.ovn_revision_numbers_db [None req-feca9ae7-50bd-4b93-91b2-89e17387ee85 a3205093f34f4fd9915fc406949dd9cd 76a449dc75604226af2f244e37c169cf - - default default] Successfully bumped revision number for resource fb21c7c3-7ed8-4c3a-bc02-7dbf213aff27 (type: security_group_rules) to 0
2026-04-12 21:53:28.220 10 INFO neutron.wsgi [None req-feca9ae7-50bd-4b93-91b2-89e17387ee85 a3205093f34f4fd9915fc406949dd9cd 76a449dc75604226af2f244e37c169cf - - default default] 10.0.0.169 "GET /v2.0/security-groups?tenant_id=9a26dec297ec4fbeba6aca02d92ef05f&name=default HTTP/1.1" status: 200 len: 3120 time: 0.3523521
2026-04-12 21:53:28.431 10 INFO neutron.wsgi [None req-f51fefc5-1004-4a69-81e2-490dcbb007e7 a3205093f34f4fd9915fc406949dd9cd 76a449dc75604226af2f244e37c169cf - - default default] 10.0.0.169 "DELETE /v2.0/security-groups/d2924438-b31b-455f-9923-0c67a629fb40 HTTP/1.1" status: 204 len: 168 time: 0.2069137
2026-04-12 21:53:28.648 9 INFO neutron.db.ovn_revision_numbers_db [None req-e0b9a9cf-15b6-404f-82e0-a7d4d68e506e a3205093f34f4fd9915fc406949dd9cd 76a449dc75604226af2f244e37c169cf - - default default] Successfully bumped revision number for resource 308fc16b-ae37-4126-bd4d-cd149fb5d639 (type: security_groups) to 1
2026-04-12 21:53:28.661 9 INFO neutron.db.ovn_revision_numbers_db [None req-e0b9a9cf-15b6-404f-82e0-a7d4d68e506e a3205093f34f4fd9915fc406949dd9cd 76a449dc75604226af2f244e37c169cf - - default default] Successfully bumped revision number for resource 16b23b5d-e244-476f-ba8a-88141e5e2fda (type: security_group_rules) to 0
2026-04-12 21:53:28.675 9 INFO neutron.db.ovn_revision_numbers_db [None req-e0b9a9cf-15b6-404f-82e0-a7d4d68e506e a3205093f34f4fd9915fc406949dd9cd 76a449dc75604226af2f244e37c169cf - - default default] Successfully bumped revision number for resource 1cd9f8cf-dd81-4c32-b671-0df27217eff9 (type: security_group_rules) to 0
2026-04-12 21:53:28.688 9 INFO neutron.db.ovn_revision_numbers_db [None req-e0b9a9cf-15b6-404f-82e0-a7d4d68e506e a3205093f34f4fd9915fc406949dd9cd 76a449dc75604226af2f244e37c169cf - - default default] Successfully bumped revision number for resource 7100a3c9-ecbb-408a-ab20-ca9198504b3a (type: security_group_rules) to 0
2026-04-12 21:53:28.702 9 INFO neutron.db.ovn_revision_numbers_db [None req-e0b9a9cf-15b6-404f-82e0-a7d4d68e506e a3205093f34f4fd9915fc406949dd9cd 76a449dc75604226af2f244e37c169cf - - default default] Successfully bumped revision number for resource 9415d37f-d2bc-4d74-b087-2cb7078302fe (type: security_group_rules) to 0
2026-04-12 21:53:28.715 10 INFO neutron.services.segments.plugin [-] Segment bbe13336-4d71-4ef2-ae78-de5383aadb09 resource provider aggregate not found
2026-04-12 21:53:28.724 10 INFO neutron.services.segments.plugin [-] Segment bbe13336-4d71-4ef2-ae78-de5383aadb09 resource provider aggregate not found
2026-04-12 21:53:28.724 9 INFO neutron.wsgi [None req-e0b9a9cf-15b6-404f-82e0-a7d4d68e506e a3205093f34f4fd9915fc406949dd9cd 76a449dc75604226af2f244e37c169cf - - default default] 10.0.0.169 "GET /v2.0/security-groups?tenant_id=6b30997fa173474ba5d55ee16288e217&name=default HTTP/1.1" status: 200 len: 3120 time: 0.1932111
2026-04-12 21:53:28.730 10 INFO neutron.services.segments.plugin [-] Segment bbe13336-4d71-4ef2-ae78-de5383aadb09 resource provider not found; error: Placement Client Error (4xx): {"errors": [{"status": 404, "title": "Not Found", "detail": "The resource could not be found.\n\n No resource provider with uuid bbe13336-4d71-4ef2-ae78-de5383aadb09 found for delete ", "request_id": "req-34b55502-7446-4bf0-8d2f-9f293ed791c8"}]}
2026-04-12 21:53:28.735 10 INFO neutron.services.segments.plugin [-] Segment bbe13336-4d71-4ef2-ae78-de5383aadb09 resource provider not found; error: Placement Client Error (4xx): {"errors": [{"status": 404, "title": "Not Found", "detail": "The resource could not be found.\n\n No resource provider with uuid bbe13336-4d71-4ef2-ae78-de5383aadb09 found for delete ", "request_id": "req-eb4e980a-80f5-48dd-adea-a1a515f1045c"}]}
2026-04-12 21:53:28.928 9 INFO neutron.wsgi [None req-87ba64de-deea-4ee4-b70e-e4e5e464da8b a3205093f34f4fd9915fc406949dd9cd 76a449dc75604226af2f244e37c169cf - - default default] 10.0.0.169 "DELETE /v2.0/security-groups/308fc16b-ae37-4126-bd4d-cd149fb5d639 HTTP/1.1" status: 204 len: 168 time: 0.1993906
2026-04-12 21:53:29.720 10 WARNING neutron_lib.context [None req-e7ee7177-3f02-455e-afa9-339b1f335a3d 2ff33f3456c44818892acc120b7235a2 d69c2ca7095f43f7b8eed68c262d4119 - - default default] Method 'is_advsvc' is deprecated since 2023.2 release (neutron-lib 3.8.0) and will be removed once support for the old RBAC API policies will be removed from Neutron. Please use method 'is_service_role' instead.
2026-04-12 21:53:29.720 10 WARNING neutron_lib.context [None req-e7ee7177-3f02-455e-afa9-339b1f335a3d 2ff33f3456c44818892acc120b7235a2 d69c2ca7095f43f7b8eed68c262d4119 - - default default] Method 'is_advsvc' is deprecated since 2023.2 release (neutron-lib 3.8.0) and will be removed once support for the old RBAC API policies will be removed from Neutron. Please use method 'is_service_role' instead.
2026-04-12 21:53:29.857 10 INFO neutron.db.ovn_revision_numbers_db [None req-68052d7b-4a4f-45fc-abcc-bf6f10714bb5 a3205093f34f4fd9915fc406949dd9cd 76a449dc75604226af2f244e37c169cf - - default default] Successfully bumped revision number for resource d187f857-a3b8-42cb-b0f5-4bca1edd28bc (type: security_groups) to 1
2026-04-12 21:53:29.892 10 INFO neutron.db.ovn_revision_numbers_db [None req-68052d7b-4a4f-45fc-abcc-bf6f10714bb5 a3205093f34f4fd9915fc406949dd9cd 76a449dc75604226af2f244e37c169cf - - default default] Successfully bumped revision number for resource 5dd8a52e-552c-464a-8bd7-e6a42691161c (type: security_group_rules) to 0
2026-04-12 21:53:29.916 10 INFO neutron.db.ovn_revision_numbers_db [None req-e7ee7177-3f02-455e-afa9-339b1f335a3d 2ff33f3456c44818892acc120b7235a2 d69c2ca7095f43f7b8eed68c262d4119 - - default default] Successfully bumped revision number for resource e9d11887-0adf-46c1-a5ae-6071ef1babaa (type: security_groups) to 1
2026-04-12 21:53:29.917 10 INFO neutron.db.ovn_revision_numbers_db [None req-68052d7b-4a4f-45fc-abcc-bf6f10714bb5 a3205093f34f4fd9915fc406949dd9cd 76a449dc75604226af2f244e37c169cf - - default default] Successfully bumped revision number for resource 6980c053-fe58-470f-9c89-9ea6208374cc (type: security_group_rules) to 0
2026-04-12 21:53:29.944 10 INFO neutron.db.ovn_revision_numbers_db [None req-e7ee7177-3f02-455e-afa9-339b1f335a3d 2ff33f3456c44818892acc120b7235a2 d69c2ca7095f43f7b8eed68c262d4119 - - default default] Successfully bumped revision number for resource 1c618509-ac54-45a8-87c6-8d6db96bf3b4 (type: security_group_rules) to 0
2026-04-12 21:53:29.945 10 INFO neutron.db.ovn_revision_numbers_db [None req-68052d7b-4a4f-45fc-abcc-bf6f10714bb5 a3205093f34f4fd9915fc406949dd9cd 76a449dc75604226af2f244e37c169cf - - default default] Successfully bumped revision number for resource 8ca379f7-9929-4228-8eb9-501d792c478a (type: security_group_rules) to 0
2026-04-12 21:53:29.965 10 INFO neutron.db.ovn_revision_numbers_db [None req-e7ee7177-3f02-455e-afa9-339b1f335a3d 2ff33f3456c44818892acc120b7235a2 d69c2ca7095f43f7b8eed68c262d4119 - - default default] Successfully bumped revision number for resource 58486999-3d35-4aed-83a3-0444021d36a8 (type: security_group_rules) to 0
2026-04-12 21:53:29.971 10 INFO neutron.wsgi [req-81f72dde-c8d5-48a2-9083-b2674a6e796e req-dd1f2536-7c23-43d7-81b1-c109299021a6 b85ed7c79d3947a39d23c8230fb721fc c914d3b66ff14547ad0eb543580326c4 - - default default] 10.0.0.241 "GET /v2.0/ports?device_id=4787ea78-a1ab-4e51-8647-1feb2863a41a HTTP/1.1" status: 200 len: 1174 time: 0.1044207
2026-04-12 21:53:29.972 10 INFO neutron.db.ovn_revision_numbers_db [None req-68052d7b-4a4f-45fc-abcc-bf6f10714bb5 a3205093f34f4fd9915fc406949dd9cd 76a449dc75604226af2f244e37c169cf - - default default] Successfully bumped revision number for resource fb04d337-6654-4817-8c8b-d2eb9b4581f5 (type: security_group_rules) to 0
2026-04-12 21:53:29.987 10 INFO neutron.db.ovn_revision_numbers_db [None req-e7ee7177-3f02-455e-afa9-339b1f335a3d 2ff33f3456c44818892acc120b7235a2 d69c2ca7095f43f7b8eed68c262d4119 - - default default] Successfully bumped revision number for resource a9c95af4-e802-482a-92e1-d5eafdef8134 (type: security_group_rules) to 0
2026-04-12 21:53:30.008 10 INFO neutron.db.ovn_revision_numbers_db [None req-e7ee7177-3f02-455e-afa9-339b1f335a3d 2ff33f3456c44818892acc120b7235a2 d69c2ca7095f43f7b8eed68c262d4119 - - default default] Successfully bumped revision number for resource b60b1adc-0a18-43f2-9ba9-635d2f21daa0 (type: security_group_rules) to 0
2026-04-12 21:53:30.049 10 INFO neutron.db.segments_db [None req-68052d7b-4a4f-45fc-abcc-bf6f10714bb5 a3205093f34f4fd9915fc406949dd9cd 76a449dc75604226af2f244e37c169cf - - default default] Added segment 825a2ca9-e18d-4341-8a4e-f0c5af623d12 of type geneve for network 630e6c34-c225-4c78-ad5a-32fac84884fc
2026-04-12 21:53:30.121 9 INFO neutron.wsgi [req-9b609691-283d-4069-a5b9-6965d78c99d9 req-5efaf0b3-161b-4e40-b266-27abc6e922c1 b85ed7c79d3947a39d23c8230fb721fc c914d3b66ff14547ad0eb543580326c4 - - default default] 10.0.0.241 "GET /v2.0/ports/c61cf091-a7be-4aea-bfe7-870962ac06e8 HTTP/1.1" status: 200 len: 1171 time: 0.1046443
2026-04-12 21:53:30.125 10 INFO neutron.db.segments_db [None req-e7ee7177-3f02-455e-afa9-339b1f335a3d 2ff33f3456c44818892acc120b7235a2 d69c2ca7095f43f7b8eed68c262d4119 - - default default] Added segment be03232a-1d2b-478f-be36-2bb004537d1f of type geneve for network 4afb8bad-229d-4a27-a712-95508ee88c05
2026-04-12 21:53:30.251 10 INFO neutron.db.ovn_revision_numbers_db [None req-68052d7b-4a4f-45fc-abcc-bf6f10714bb5 a3205093f34f4fd9915fc406949dd9cd 76a449dc75604226af2f244e37c169cf - - default default] Successfully bumped revision number for resource 630e6c34-c225-4c78-ad5a-32fac84884fc (type: networks) to 1
2026-04-12 21:53:30.283 10 INFO neutron.db.segments_db [None req-e7ee7177-3f02-455e-afa9-339b1f335a3d 2ff33f3456c44818892acc120b7235a2 d69c2ca7095f43f7b8eed68c262d4119 - - default default] Added segment cd00d424-2f68-4428-bc43-127a46541f16 of type geneve for network 636bd826-6496-47dc-9471-1cdb195bc56a
2026-04-12 21:53:30.324 9 INFO neutron.wsgi [req-e7a5127e-5b7d-42d7-882d-2c701bcfd898 req-a3faef1a-264e-41db-96a1-be3fc909cb9a b85ed7c79d3947a39d23c8230fb721fc c914d3b66ff14547ad0eb543580326c4 - - default default] 199.204.45.144 "GET /v2.0/subnets?network_id=64dbfbdc-d42e-4477-afbc-f4eec3e12a14 HTTP/1.1" status: 200 len: 858 time: 0.0719869
2026-04-12 21:53:30.390 9 INFO neutron.wsgi [req-e7a5127e-5b7d-42d7-882d-2c701bcfd898 req-2ea031c5-379c-4e5e-bb35-7c4be8ec487b b85ed7c79d3947a39d23c8230fb721fc c914d3b66ff14547ad0eb543580326c4 - - default default] 199.204.45.144 "GET /v2.0/ports?device_id=4787ea78-a1ab-4e51-8647-1feb2863a41a&device_owner=compute%3Anova&network_id=64dbfbdc-d42e-4477-afbc-f4eec3e12a14 HTTP/1.1" status: 200 len: 1174 time: 0.0606790
2026-04-12 21:53:30.471 10 INFO neutron.db.ovn_revision_numbers_db [None req-e7ee7177-3f02-455e-afa9-339b1f335a3d 2ff33f3456c44818892acc120b7235a2 d69c2ca7095f43f7b8eed68c262d4119 - - default default] Successfully bumped revision number for resource 4afb8bad-229d-4a27-a712-95508ee88c05 (type: networks) to 1
2026-04-12 21:53:30.505 10 WARNING neutron.scheduler.dhcp_agent_scheduler [None req-68052d7b-4a4f-45fc-abcc-bf6f10714bb5 a3205093f34f4fd9915fc406949dd9cd 76a449dc75604226af2f244e37c169cf - - default default] No more DHCP agents
2026-04-12 21:53:30.511 10 WARNING neutron.api.rpc.agentnotifiers.dhcp_rpc_agent_api [None req-68052d7b-4a4f-45fc-abcc-bf6f10714bb5 a3205093f34f4fd9915fc406949dd9cd 76a449dc75604226af2f244e37c169cf - - default default] Unable to schedule network 630e6c34-c225-4c78-ad5a-32fac84884fc: no agents available; will retry on subsequent port and subnet creation events.
2026-04-12 21:53:30.639 10 INFO neutron.db.ovn_revision_numbers_db [None req-68052d7b-4a4f-45fc-abcc-bf6f10714bb5 a3205093f34f4fd9915fc406949dd9cd 76a449dc75604226af2f244e37c169cf - - default default] Successfully bumped revision number for resource a3686c77-b7f3-49c4-b9fe-714d140f9865 (type: ports) to 1
2026-04-12 21:53:30.664 10 INFO neutron.wsgi [None req-68052d7b-4a4f-45fc-abcc-bf6f10714bb5 a3205093f34f4fd9915fc406949dd9cd 76a449dc75604226af2f244e37c169cf - - default default] 10.0.0.169 "POST /v2.0/networks HTTP/1.1" status: 201 len: 946 time: 1.0831363
2026-04-12 21:53:30.700 10 WARNING neutron.scheduler.dhcp_agent_scheduler [None req-e7ee7177-3f02-455e-afa9-339b1f335a3d 2ff33f3456c44818892acc120b7235a2 d69c2ca7095f43f7b8eed68c262d4119 - - default default] No more DHCP agents
2026-04-12 21:53:30.703 10 WARNING neutron.api.rpc.agentnotifiers.dhcp_rpc_agent_api [None req-e7ee7177-3f02-455e-afa9-339b1f335a3d 2ff33f3456c44818892acc120b7235a2 d69c2ca7095f43f7b8eed68c262d4119 - - default default] Unable to schedule network 4afb8bad-229d-4a27-a712-95508ee88c05: no agents available; will retry on subsequent port and subnet creation events.
2026-04-12 21:53:30.823 10 INFO neutron.db.ovn_revision_numbers_db [None req-e7ee7177-3f02-455e-afa9-339b1f335a3d 2ff33f3456c44818892acc120b7235a2 d69c2ca7095f43f7b8eed68c262d4119 - - default default] Successfully bumped revision number for resource 5b08c86c-bccd-4d68-821b-1e9d902418fe (type: ports) to 1
2026-04-12 21:53:30.882 9 INFO neutron.db.ovn_revision_numbers_db [req-e7a5127e-5b7d-42d7-882d-2c701bcfd898 req-ee9b5d19-6ec2-4656-9907-da95250eeb8a b85ed7c79d3947a39d23c8230fb721fc c914d3b66ff14547ad0eb543580326c4 - - default default] Successfully bumped revision number for resource c61cf091-a7be-4aea-bfe7-870962ac06e8 (type: ports) to 5
2026-04-12 21:53:30.896 9 INFO neutron.wsgi [req-e7a5127e-5b7d-42d7-882d-2c701bcfd898 req-ee9b5d19-6ec2-4656-9907-da95250eeb8a b85ed7c79d3947a39d23c8230fb721fc c914d3b66ff14547ad0eb543580326c4 - - default default] 199.204.45.144 "PUT /v2.0/ports/c61cf091-a7be-4aea-bfe7-870962ac06e8 HTTP/1.1" status: 200 len: 1349 time: 0.4995246
2026-04-12 21:53:30.917 10 WARNING neutron.scheduler.dhcp_agent_scheduler [None req-5abe8d13-c72a-4ad6-a55a-d974a4836a12 a3205093f34f4fd9915fc406949dd9cd 76a449dc75604226af2f244e37c169cf - - default default] No more DHCP agents
2026-04-12 21:53:30.921 10 WARNING neutron.api.rpc.agentnotifiers.dhcp_rpc_agent_api [None req-5abe8d13-c72a-4ad6-a55a-d974a4836a12 a3205093f34f4fd9915fc406949dd9cd 76a449dc75604226af2f244e37c169cf - - default default] Unable to schedule network 630e6c34-c225-4c78-ad5a-32fac84884fc: no agents available; will retry on subsequent port and subnet creation events. /var/lib/openstack/lib/python3.10/site-packages/pycadf/identifier.py:71: UserWarning: Invalid uuid: neutron. To ensure interoperability, identifiers should be a valid uuid. warnings.warn(('Invalid uuid: %s. To ensure interoperability, '
2026-04-12 21:53:30.933 10 INFO neutron.db.ovn_revision_numbers_db [None req-e7ee7177-3f02-455e-afa9-339b1f335a3d 2ff33f3456c44818892acc120b7235a2 d69c2ca7095f43f7b8eed68c262d4119 - - default default] Successfully bumped revision number for resource 636bd826-6496-47dc-9471-1cdb195bc56a (type: networks) to 1
2026-04-12 21:53:30.937 9 INFO neutron.notifiers.nova [-] Nova event matching ['req-a13a988f-796b-4e22-95fe-94229cb2e97a'] response: {'name': 'network-changed', 'server_uuid': '4787ea78-a1ab-4e51-8647-1feb2863a41a', 'tag': 'c61cf091-a7be-4aea-bfe7-870962ac06e8', 'status': 'completed', 'code': 200}
2026-04-12 21:53:30.951 9 INFO neutron.wsgi [req-e7a5127e-5b7d-42d7-882d-2c701bcfd898 req-33d3ddcf-ed40-414e-b731-8bad29519065 604f38dedab04366942f972aa856ac71 1bd2e5467d01435baa48dc817c8e3130 - - 93503bf48b7f40a88d62655bab932e37 93503bf48b7f40a88d62655bab932e37] 199.204.45.144 "GET /v2.0/ports?tenant_id=c914d3b66ff14547ad0eb543580326c4&device_id=4787ea78-a1ab-4e51-8647-1feb2863a41a HTTP/1.1" status: 200 len: 1590 time: 0.0359054
2026-04-12 21:53:31.012 9 INFO neutron.wsgi [req-e7a5127e-5b7d-42d7-882d-2c701bcfd898 req-14caae54-525c-4b3b-a88f-867c3b33bfcb 604f38dedab04366942f972aa856ac71 1bd2e5467d01435baa48dc817c8e3130 - - 93503bf48b7f40a88d62655bab932e37 93503bf48b7f40a88d62655bab932e37] 199.204.45.144 "GET /v2.0/networks?id=64dbfbdc-d42e-4477-afbc-f4eec3e12a14 HTTP/1.1" status: 200 len: 981 time: 0.0522654
2026-04-12 21:53:31.082 9 INFO neutron.wsgi [req-e7a5127e-5b7d-42d7-882d-2c701bcfd898 req-0052492b-6067-4c46-8eb3-c394f4383ade 604f38dedab04366942f972aa856ac71 1bd2e5467d01435baa48dc817c8e3130 - - 93503bf48b7f40a88d62655bab932e37 93503bf48b7f40a88d62655bab932e37] 199.204.45.144 "GET /v2.0/floatingips?fixed_ip_address=10.100.0.10&port_id=c61cf091-a7be-4aea-bfe7-870962ac06e8 HTTP/1.1" status: 200 len: 1060 time: 0.0618086
2026-04-12 21:53:31.108 9 INFO neutron.wsgi [req-e7a5127e-5b7d-42d7-882d-2c701bcfd898 req-9fc4d1db-cd97-47d3-82f4-c5d1d4f2fc30 604f38dedab04366942f972aa856ac71 1bd2e5467d01435baa48dc817c8e3130 - - 93503bf48b7f40a88d62655bab932e37 93503bf48b7f40a88d62655bab932e37] 199.204.45.144 "GET /v2.0/floatingips?fixed_ip_address=10.100.0.9&port_id=c61cf091-a7be-4aea-bfe7-870962ac06e8 HTTP/1.1" status: 200 len: 217 time: 0.0207517
2026-04-12 21:53:31.154 9 INFO neutron.wsgi [req-e7a5127e-5b7d-42d7-882d-2c701bcfd898 req-34929239-b2cf-401f-8bba-062d32e0fc27 604f38dedab04366942f972aa856ac71 1bd2e5467d01435baa48dc817c8e3130 - - 93503bf48b7f40a88d62655bab932e37 93503bf48b7f40a88d62655bab932e37] 199.204.45.144 "GET /v2.0/subnets?id=9201909d-130e-46e7-8085-960aea89a220 HTTP/1.1" status: 200 len: 876 time: 0.0388024
2026-04-12 21:53:31.179 10 WARNING neutron.scheduler.dhcp_agent_scheduler [None req-e7ee7177-3f02-455e-afa9-339b1f335a3d 2ff33f3456c44818892acc120b7235a2 d69c2ca7095f43f7b8eed68c262d4119 - - default default] No more DHCP agents
2026-04-12 21:53:31.183 10 WARNING neutron.api.rpc.agentnotifiers.dhcp_rpc_agent_api [None req-e7ee7177-3f02-455e-afa9-339b1f335a3d 2ff33f3456c44818892acc120b7235a2 d69c2ca7095f43f7b8eed68c262d4119 - - default default] Unable to schedule network 636bd826-6496-47dc-9471-1cdb195bc56a: no agents available; will retry on subsequent port and subnet creation events.
2026-04-12 21:53:31.187 9 INFO neutron.wsgi [req-e7a5127e-5b7d-42d7-882d-2c701bcfd898 req-9bbf9cdc-bf19-49f8-9d30-8457fe1fef6c 604f38dedab04366942f972aa856ac71 1bd2e5467d01435baa48dc817c8e3130 - - 93503bf48b7f40a88d62655bab932e37 93503bf48b7f40a88d62655bab932e37] 199.204.45.144 "GET /v2.0/ports?network_id=64dbfbdc-d42e-4477-afbc-f4eec3e12a14&device_owner=network%3Adhcp HTTP/1.1" status: 200 len: 210 time: 0.0250814
2026-04-12 21:53:31.268 9 INFO neutron.wsgi [req-e7a5127e-5b7d-42d7-882d-2c701bcfd898 req-45696288-d98a-45ea-91d8-97e77aa16afb 604f38dedab04366942f972aa856ac71 1bd2e5467d01435baa48dc817c8e3130 - - 93503bf48b7f40a88d62655bab932e37 93503bf48b7f40a88d62655bab932e37] 199.204.45.144 "GET /v2.0/networks/64dbfbdc-d42e-4477-afbc-f4eec3e12a14?fields=segments HTTP/1.1" status: 200 len: 212 time: 0.0732238
2026-04-12 21:53:31.300 10 INFO neutron.db.ovn_revision_numbers_db [None req-e7ee7177-3f02-455e-afa9-339b1f335a3d 2ff33f3456c44818892acc120b7235a2 d69c2ca7095f43f7b8eed68c262d4119 - - default default] Successfully bumped revision number for resource 563489e0-ed59-4d43-9fa5-ff8e830c9f1e (type: ports) to 1
2026-04-12 21:53:31.330 10 INFO neutron.wsgi [None req-e7ee7177-3f02-455e-afa9-339b1f335a3d 2ff33f3456c44818892acc120b7235a2 d69c2ca7095f43f7b8eed68c262d4119 - - default default] 10.0.0.169 "POST /v2.0/networks HTTP/1.1" status: 201 len: 1445 time: 1.7160013
2026-04-12 21:53:31.341 9 INFO neutron.wsgi [req-e7a5127e-5b7d-42d7-882d-2c701bcfd898 req-9fbd017c-6668-4010-af5f-34a7c02baad3 604f38dedab04366942f972aa856ac71 1bd2e5467d01435baa48dc817c8e3130 - - 93503bf48b7f40a88d62655bab932e37 93503bf48b7f40a88d62655bab932e37] 199.204.45.144 "GET /v2.0/networks/64dbfbdc-d42e-4477-afbc-f4eec3e12a14?fields=provider%3Aphysical_network&fields=provider%3Anetwork_type HTTP/1.1" status: 200 len: 277 time: 0.0666215
2026-04-12 21:53:31.437 9 INFO neutron.wsgi [None req-c3a350ee-7413-4260-9923-2a798de054cc 2ff33f3456c44818892acc120b7235a2 d69c2ca7095f43f7b8eed68c262d4119 - - default default] 10.0.0.169 "GET /v2.0/networks HTTP/1.1" status: 200 len: 2051 time: 0.0953119
2026-04-12 21:53:31.442 9 INFO neutron.wsgi [req-09c7e525-01dc-4b2b-b3b6-280d38cedf3f req-c1b4d0d5-a0ed-4805-8f74-e4ddd2466a04 604f38dedab04366942f972aa856ac71 1bd2e5467d01435baa48dc817c8e3130 - - 93503bf48b7f40a88d62655bab932e37 93503bf48b7f40a88d62655bab932e37] 199.204.45.144 "GET /v2.0/ports?tenant_id=c914d3b66ff14547ad0eb543580326c4&device_id=4787ea78-a1ab-4e51-8647-1feb2863a41a HTTP/1.1" status: 200 len: 1590 time: 0.0486603
2026-04-12 21:53:31.512 9 INFO neutron.wsgi [req-09c7e525-01dc-4b2b-b3b6-280d38cedf3f req-213273f1-6de8-4c61-814d-239a45dce2e8 604f38dedab04366942f972aa856ac71 1bd2e5467d01435baa48dc817c8e3130 - - 93503bf48b7f40a88d62655bab932e37 93503bf48b7f40a88d62655bab932e37] 199.204.45.144 "GET /v2.0/networks?id=64dbfbdc-d42e-4477-afbc-f4eec3e12a14 HTTP/1.1" status: 200 len: 981 time: 0.0609381
2026-04-12 21:53:31.564 9 INFO neutron.wsgi [req-09c7e525-01dc-4b2b-b3b6-280d38cedf3f req-e5d6d407-3501-478c-8965-f9537e120a75 604f38dedab04366942f972aa856ac71 1bd2e5467d01435baa48dc817c8e3130 - - 93503bf48b7f40a88d62655bab932e37 93503bf48b7f40a88d62655bab932e37] 199.204.45.144 "GET /v2.0/floatingips?fixed_ip_address=10.100.0.10&port_id=c61cf091-a7be-4aea-bfe7-870962ac06e8 HTTP/1.1" status: 200 len: 1060 time: 0.0446231
2026-04-12 21:53:31.587 10 INFO neutron.db.ovn_revision_numbers_db [None req-5abe8d13-c72a-4ad6-a55a-d974a4836a12 a3205093f34f4fd9915fc406949dd9cd 76a449dc75604226af2f244e37c169cf - - default default] Successfully bumped revision number for resource a3686c77-b7f3-49c4-b9fe-714d140f9865 (type: ports) to 2
2026-04-12 21:53:31.593 9 INFO neutron.wsgi [req-09c7e525-01dc-4b2b-b3b6-280d38cedf3f req-d54741e3-4825-486b-9906-1205a5825be1 604f38dedab04366942f972aa856ac71 1bd2e5467d01435baa48dc817c8e3130 - - 93503bf48b7f40a88d62655bab932e37 93503bf48b7f40a88d62655bab932e37] 199.204.45.144 "GET /v2.0/floatingips?fixed_ip_address=10.100.0.9&port_id=c61cf091-a7be-4aea-bfe7-870962ac06e8 HTTP/1.1" status: 200 len: 217 time: 0.0230696
2026-04-12 21:53:31.640 9 INFO neutron.wsgi [req-09c7e525-01dc-4b2b-b3b6-280d38cedf3f req-8af9babb-b63a-4eed-b050-7b89a9709652 604f38dedab04366942f972aa856ac71 1bd2e5467d01435baa48dc817c8e3130 - - 93503bf48b7f40a88d62655bab932e37 93503bf48b7f40a88d62655bab932e37] 199.204.45.144 "GET /v2.0/subnets?id=9201909d-130e-46e7-8085-960aea89a220 HTTP/1.1" status: 200 len: 876 time: 0.0395684
2026-04-12 21:53:31.644 10 INFO neutron.db.ovn_revision_numbers_db [None req-5abe8d13-c72a-4ad6-a55a-d974a4836a12 a3205093f34f4fd9915fc406949dd9cd 76a449dc75604226af2f244e37c169cf - - default default] Successfully bumped revision number for resource a43a2f7c-05fe-43c5-a465-25f6318c4e79 (type: subnets) to 0
2026-04-12 21:53:31.674 10 INFO neutron.wsgi [None req-5abe8d13-c72a-4ad6-a55a-d974a4836a12 a3205093f34f4fd9915fc406949dd9cd 76a449dc75604226af2f244e37c169cf - - default default] 10.0.0.169 "POST /v2.0/subnets HTTP/1.1" status: 201 len: 866 time: 1.0043161
2026-04-12 21:53:31.910 9 INFO neutron.wsgi [req-09c7e525-01dc-4b2b-b3b6-280d38cedf3f req-9722a7fc-0963-4a35-b75f-a6d112e140a7 604f38dedab04366942f972aa856ac71 1bd2e5467d01435baa48dc817c8e3130 - - 93503bf48b7f40a88d62655bab932e37 93503bf48b7f40a88d62655bab932e37] 199.204.45.144 "GET /v2.0/ports?network_id=64dbfbdc-d42e-4477-afbc-f4eec3e12a14&device_owner=network%3Adhcp HTTP/1.1" status: 200 len: 210 time: 0.2634349
2026-04-12 21:53:31.987 9 INFO neutron.wsgi [req-09c7e525-01dc-4b2b-b3b6-280d38cedf3f req-751067e6-467e-49cd-a7b3-a08f5aa26124 604f38dedab04366942f972aa856ac71 1bd2e5467d01435baa48dc817c8e3130 - - 93503bf48b7f40a88d62655bab932e37 93503bf48b7f40a88d62655bab932e37] 199.204.45.144 "GET /v2.0/networks/64dbfbdc-d42e-4477-afbc-f4eec3e12a14?fields=segments HTTP/1.1" status: 200 len: 212 time: 0.0668747
2026-04-12 21:53:32.060 9 INFO neutron.wsgi [req-09c7e525-01dc-4b2b-b3b6-280d38cedf3f req-fdd7696b-1110-413c-a612-a093061d4851 604f38dedab04366942f972aa856ac71 1bd2e5467d01435baa48dc817c8e3130 - - 93503bf48b7f40a88d62655bab932e37 93503bf48b7f40a88d62655bab932e37] 199.204.45.144 "GET /v2.0/networks/64dbfbdc-d42e-4477-afbc-f4eec3e12a14?fields=provider%3Aphysical_network&fields=provider%3Anetwork_type HTTP/1.1" status: 200 len: 277 time: 0.0663021
2026-04-12 21:53:32.252 10 INFO neutron.services.segments.plugin [-] Segment be03232a-1d2b-478f-be36-2bb004537d1f resource provider aggregate not found
2026-04-12 21:53:32.262 10 INFO neutron.services.segments.plugin [-] Segment be03232a-1d2b-478f-be36-2bb004537d1f resource provider aggregate not found
2026-04-12 21:53:32.279 10 INFO neutron.services.segments.plugin [-] Segment be03232a-1d2b-478f-be36-2bb004537d1f resource provider not found; error: Placement Client Error (4xx): {"errors": [{"status": 404, "title": "Not Found", "detail": "The resource could not be found.\n\n No resource provider with uuid be03232a-1d2b-478f-be36-2bb004537d1f found for delete ", "request_id": "req-53ca7c03-5124-46ba-85e3-8160d57695ef"}]}
2026-04-12 21:53:32.304 10 INFO neutron.services.segments.plugin [-] Segment be03232a-1d2b-478f-be36-2bb004537d1f resource provider not found; error: Placement Client Error (4xx): {"errors": [{"status": 404, "title": "Not Found", "detail": "The resource could not be found.\n\n No resource provider with uuid be03232a-1d2b-478f-be36-2bb004537d1f found for delete ", "request_id": "req-e0570ed5-45a2-40b9-aef0-f1f957279e5a"}]}
2026-04-12 21:53:32.366 10 INFO neutron.wsgi [None req-7b9eb840-7f89-4912-8326-23ed2c8a57a8 2ff33f3456c44818892acc120b7235a2 d69c2ca7095f43f7b8eed68c262d4119 - - default default] 10.0.0.169 "DELETE /v2.0/networks/4afb8bad-229d-4a27-a712-95508ee88c05 HTTP/1.1" status: 204 len: 168 time: 0.9226949
2026-04-12 21:53:32.444 10 INFO neutron.wsgi [req-ab9b7ba3-63fd-4e98-aacf-99d45881b6de req-2894aaf1-e101-4b96-9cf4-94f33f660c67 b85ed7c79d3947a39d23c8230fb721fc c914d3b66ff14547ad0eb543580326c4 - - default default] 10.0.0.241 "GET /v2.0/ports?device_id=4787ea78-a1ab-4e51-8647-1feb2863a41a HTTP/1.1" status: 200 len: 1352 time: 0.0507169
2026-04-12 21:53:32.507 10 INFO neutron.wsgi [req-ab9b7ba3-63fd-4e98-aacf-99d45881b6de req-449f03c6-2497-4d73-af1d-f7e1a7b5824f b85ed7c79d3947a39d23c8230fb721fc c914d3b66ff14547ad0eb543580326c4 - - default default] 10.0.0.241 "GET /v2.0/security-groups?id=44f06a23-5e8d-4121-923c-055e278d2fc6&fields=id&fields=name HTTP/1.1" status: 200 len: 312 time: 0.0544734
2026-04-12 21:53:32.625 10 WARNING neutron.scheduler.dhcp_agent_scheduler [None req-ad0c0319-fab5-4ff2-b087-323582fd2a42 a3205093f34f4fd9915fc406949dd9cd 76a449dc75604226af2f244e37c169cf - - default default] No more DHCP agents
2026-04-12 21:53:32.627 10 WARNING neutron.api.rpc.agentnotifiers.dhcp_rpc_agent_api [None req-ad0c0319-fab5-4ff2-b087-323582fd2a42 a3205093f34f4fd9915fc406949dd9cd 76a449dc75604226af2f244e37c169cf - - default default] Unable to schedule network 047c664c-a573-4e50-99dd-dda97e845eb7: no agents available; will retry on subsequent port and subnet creation events.
2026-04-12 21:53:32.691 9 INFO neutron.wsgi [req-a9f25a54-33e1-4cce-b2d3-118d4011ac2a req-8a9942a2-f527-45b1-87bc-a0008caa3cd0 b85ed7c79d3947a39d23c8230fb721fc c914d3b66ff14547ad0eb543580326c4 - - default default] 199.204.45.144 "GET /v2.0/ports?device_id=4787ea78-a1ab-4e51-8647-1feb2863a41a&device_owner=compute%3Anova&fixed_ips=ip_address%3D10.100.0.9 HTTP/1.1" status: 200 len: 1352 time: 0.0848646
2026-04-12 21:53:32.788 10 INFO neutron.db.ovn_revision_numbers_db [None req-ad0c0319-fab5-4ff2-b087-323582fd2a42 a3205093f34f4fd9915fc406949dd9cd 76a449dc75604226af2f244e37c169cf - - default default] Successfully bumped revision number for resource a409c48e-1447-45e4-92de-60070ae053fa (type: ports) to 1
2026-04-12 21:53:32.829 9 INFO neutron.services.segments.plugin [-] Segment cd00d424-2f68-4428-bc43-127a46541f16 resource provider aggregate not found
2026-04-12 21:53:32.834 9 INFO neutron.services.segments.plugin [-] Segment cd00d424-2f68-4428-bc43-127a46541f16 resource provider aggregate not found
2026-04-12 21:53:32.852 9 INFO neutron.services.segments.plugin [-] Segment cd00d424-2f68-4428-bc43-127a46541f16 resource provider not found; error: Placement Client Error (4xx): {"errors": [{"status": 404, "title": "Not Found", "detail": "The resource could not be found.\n\n No resource provider with uuid cd00d424-2f68-4428-bc43-127a46541f16 found for delete ", "request_id": "req-a127e9fb-1234-4d45-8e32-9830232f91a7"}]}
2026-04-12 21:53:32.853 9 INFO neutron.services.segments.plugin [-] Segment cd00d424-2f68-4428-bc43-127a46541f16 resource provider not found; error: Placement Client Error (4xx): {"errors": [{"status": 404, "title": "Not Found", "detail": "The resource could not be found.\n\n No resource provider with uuid cd00d424-2f68-4428-bc43-127a46541f16 found for delete ", "request_id": "req-a08eee10-4092-4399-b2b2-52e1787f59d6"}]}
2026-04-12 21:53:32.872 9 INFO neutron.wsgi [None req-f55bafc0-d42f-4674-89b0-ad1e7e0dfd72 2ff33f3456c44818892acc120b7235a2 d69c2ca7095f43f7b8eed68c262d4119 - - default default] 10.0.0.169 "DELETE /v2.0/networks/636bd826-6496-47dc-9471-1cdb195bc56a HTTP/1.1" status: 204 len: 168 time: 0.5011778
2026-04-12 21:53:32.956 9 INFO neutron.wsgi [None req-97bb799c-8fb7-4224-94cd-e286b7c7c4b7 2ff33f3456c44818892acc120b7235a2 d69c2ca7095f43f7b8eed68c262d4119 - - default default] 10.0.0.169 "GET /v2.0/networks HTTP/1.1" status: 200 len: 845 time: 0.0768723
2026-04-12 21:53:32.977 9 WARNING neutron_lib.context [None req-61bf549f-e953-4413-b692-2f4e24c143ce 2ff33f3456c44818892acc120b7235a2 d69c2ca7095f43f7b8eed68c262d4119 - - default default] Method 'is_advsvc' is deprecated since 2023.2 release (neutron-lib 3.8.0) and will be removed once support for the old RBAC API policies will be removed from Neutron. Please use method 'is_service_role' instead.
2026-04-12 21:53:33.105 9 INFO neutron.db.segments_db [None req-61bf549f-e953-4413-b692-2f4e24c143ce 2ff33f3456c44818892acc120b7235a2 d69c2ca7095f43f7b8eed68c262d4119 - - default default] Added segment 798ce700-8921-458f-bafc-c5933e4bfac0 of type geneve for network 8a71a934-e445-412c-b36e-814944bcdc3c
2026-04-12 21:53:33.317 9 INFO neutron.db.ovn_revision_numbers_db [None req-61bf549f-e953-4413-b692-2f4e24c143ce 2ff33f3456c44818892acc120b7235a2 d69c2ca7095f43f7b8eed68c262d4119 - - default default] Successfully bumped revision number for resource 8a71a934-e445-412c-b36e-814944bcdc3c (type: networks) to 1
2026-04-12 21:53:33.454 9 INFO neutron.db.ovn_revision_numbers_db [req-a9f25a54-33e1-4cce-b2d3-118d4011ac2a req-4193cf4a-b7a5-416e-91b5-d1ef1131450c b85ed7c79d3947a39d23c8230fb721fc c914d3b66ff14547ad0eb543580326c4 - - default default] Successfully bumped revision number for resource c61cf091-a7be-4aea-bfe7-870962ac06e8 (type: ports) to 6
2026-04-12 21:53:33.474 9 INFO neutron.wsgi [req-a9f25a54-33e1-4cce-b2d3-118d4011ac2a req-4193cf4a-b7a5-416e-91b5-d1ef1131450c b85ed7c79d3947a39d23c8230fb721fc c914d3b66ff14547ad0eb543580326c4 - - default default] 199.204.45.144 "PUT /v2.0/ports/c61cf091-a7be-4aea-bfe7-870962ac06e8 HTTP/1.1" status: 200 len: 1171 time: 0.7733717
