2026-04-12 21:54:49.702 9 INFO neutron.db.ovn_revision_numbers_db [None req-36f8f1ae-6d29-4ac5-8c80-6ab5b977d8ba e9a07bea1bdc49c28d0d1a8c05ab0901 0b0146e5ceba4dc7bb386c7f51f193a6 - - default default] Successfully bumped revision number for resource 418c3d2b-8df7-4497-800d-43eccb9ba3b2 (type: ports) to 2
2026-04-12 21:54:49.753 9 INFO neutron.db.ovn_revision_numbers_db [None req-36f8f1ae-6d29-4ac5-8c80-6ab5b977d8ba e9a07bea1bdc49c28d0d1a8c05ab0901 0b0146e5ceba4dc7bb386c7f51f193a6 - - default default] Successfully bumped revision number for resource 03619443-b837-4c71-bd85-965a6d167435 (type: subnets) to 0
2026-04-12 21:54:49.771 9 INFO neutron.wsgi [None req-36f8f1ae-6d29-4ac5-8c80-6ab5b977d8ba e9a07bea1bdc49c28d0d1a8c05ab0901 0b0146e5ceba4dc7bb386c7f51f193a6 - - default default] 10.0.0.169 "POST /v2.0/subnets HTTP/1.1" status: 201 len: 801 time: 0.9425941
2026-04-12 21:54:49.781 9 WARNING neutron_lib.context [None req-47d61691-14f8-441f-9e79-930a0b348d59 e9a07bea1bdc49c28d0d1a8c05ab0901 0b0146e5ceba4dc7bb386c7f51f193a6 - - default default] Method 'is_advsvc' is deprecated since 2023.2 release (neutron-lib 3.8.0) and will be removed once support for the old RBAC API policies will be removed from Neutron. Please use method 'is_service_role' instead.
2026-04-12 21:54:49.919 10 INFO neutron.db.ovn_revision_numbers_db [None req-2adb155a-f231-4ccf-b5c7-903d27bcec61 a3205093f34f4fd9915fc406949dd9cd 76a449dc75604226af2f244e37c169cf - - default default] Successfully bumped revision number for resource bc077352-f1c7-41dc-b203-12ba83a52f59 (type: security_groups) to 1
2026-04-12 21:54:49.944 10 INFO neutron.db.ovn_revision_numbers_db [None req-2adb155a-f231-4ccf-b5c7-903d27bcec61 a3205093f34f4fd9915fc406949dd9cd 76a449dc75604226af2f244e37c169cf - - default default] Successfully bumped revision number for resource 195d3210-eb07-45c5-a3cd-c67352a715b2 (type: security_group_rules) to 0
2026-04-12 21:54:50.045 10 INFO neutron.db.ovn_revision_numbers_db [None req-2adb155a-f231-4ccf-b5c7-903d27bcec61 a3205093f34f4fd9915fc406949dd9cd 76a449dc75604226af2f244e37c169cf - - default default] Successfully bumped revision number for resource abe62d5e-f80b-46b2-824d-4a67d55af623 (type: security_group_rules) to 0
2026-04-12 21:54:50.072 10 INFO neutron.db.ovn_revision_numbers_db [None req-0eee99ac-64b2-42cf-b6f7-8ba356a129eb 6adfdd231167452fa9943e55ff62870c ed7772de77474405be1edbabe5f4f0e6 - - default default] Successfully bumped revision number for resource 584cfd44-96bd-433c-8429-754361ad64bb (type: floatingips) to -1
2026-04-12 21:54:50.075 10 INFO neutron.db.ovn_revision_numbers_db [None req-2adb155a-f231-4ccf-b5c7-903d27bcec61 a3205093f34f4fd9915fc406949dd9cd 76a449dc75604226af2f244e37c169cf - - default default] Successfully bumped revision number for resource d5a885e9-ad5f-40c2-8d4e-7c96f1fe4700 (type: security_group_rules) to 0
2026-04-12 21:54:50.108 9 WARNING neutron.scheduler.dhcp_agent_scheduler [None req-47d61691-14f8-441f-9e79-930a0b348d59 e9a07bea1bdc49c28d0d1a8c05ab0901 0b0146e5ceba4dc7bb386c7f51f193a6 - - default default] No more DHCP agents
2026-04-12 21:54:50.112 9 WARNING neutron.api.rpc.agentnotifiers.dhcp_rpc_agent_api [None req-47d61691-14f8-441f-9e79-930a0b348d59 e9a07bea1bdc49c28d0d1a8c05ab0901 0b0146e5ceba4dc7bb386c7f51f193a6 - - default default] Unable to schedule network 5e1f5923-e9e8-4fe1-83aa-1e7c15f6999d: no agents available; will retry on subsequent port and subnet creation events.
2026-04-12 21:54:50.113 10 INFO neutron.db.ovn_revision_numbers_db [None req-2adb155a-f231-4ccf-b5c7-903d27bcec61 a3205093f34f4fd9915fc406949dd9cd 76a449dc75604226af2f244e37c169cf - - default default] Successfully bumped revision number for resource ece08428-78d2-4fd2-a0ad-58d431ee5ecc (type: security_group_rules) to 0
2026-04-12 21:54:50.164 10 INFO neutron.wsgi [None req-2adb155a-f231-4ccf-b5c7-903d27bcec61 a3205093f34f4fd9915fc406949dd9cd 76a449dc75604226af2f244e37c169cf - - default default] 10.0.0.169 "GET /v2.0/security-groups?tenant_id=cf46a39ad65548d38ddc39bf16d89702&name=default HTTP/1.1" status: 200 len: 3120 time: 0.5662439 /var/lib/openstack/lib/python3.10/site-packages/pycadf/identifier.py:71: UserWarning: Invalid uuid: neutron. To ensure interoperability, identifiers should be a valid uuid. warnings.warn(('Invalid uuid: %s. To ensure interoperability, '
2026-04-12 21:54:50.179 10 INFO neutron.services.segments.plugin [-] Segment 0688c62c-d35e-4ef9-8e92-d756869d5b43 resource provider aggregate not found
2026-04-12 21:54:50.184 10 INFO neutron.services.segments.plugin [-] Segment 0688c62c-d35e-4ef9-8e92-d756869d5b43 resource provider aggregate not found
2026-04-12 21:54:50.207 10 INFO neutron.services.segments.plugin [-] Segment 0688c62c-d35e-4ef9-8e92-d756869d5b43 resource provider not found; error: Placement Client Error (4xx): {"errors": [{"status": 404, "title": "Not Found", "detail": "The resource could not be found.\n\n No resource provider with uuid 0688c62c-d35e-4ef9-8e92-d756869d5b43 found for delete ", "request_id": "req-38791308-eaee-4656-95f1-ae3c3a0b5228"}]}
2026-04-12 21:54:50.208 10 INFO neutron.services.segments.plugin [-] Segment 0688c62c-d35e-4ef9-8e92-d756869d5b43 resource provider not found; error: Placement Client Error (4xx): {"errors": [{"status": 404, "title": "Not Found", "detail": "The resource could not be found.\n\n No resource provider with uuid 0688c62c-d35e-4ef9-8e92-d756869d5b43 found for delete ", "request_id": "req-c2658912-1574-49a1-92bf-fbb200391944"}]}
2026-04-12 21:54:50.244 10 INFO neutron.wsgi [None req-7384e5ca-f5cb-44de-a23f-39214b23db6a a3205093f34f4fd9915fc406949dd9cd 76a449dc75604226af2f244e37c169cf - - default default] 10.0.0.169 "DELETE /v2.0/networks/590653a9-498e-4a44-a512-a71c11918951 HTTP/1.1" status: 204 len: 168 time: 0.7659872
2026-04-12 21:54:50.269 10 INFO neutron.db.ovn_revision_numbers_db [None req-0eee99ac-64b2-42cf-b6f7-8ba356a129eb 6adfdd231167452fa9943e55ff62870c ed7772de77474405be1edbabe5f4f0e6 - - default default] Successfully bumped revision number for resource 584cfd44-96bd-433c-8429-754361ad64bb (type: floatingips) to 1
2026-04-12 21:54:50.269 10 INFO neutron.db.l3_db [None req-0eee99ac-64b2-42cf-b6f7-8ba356a129eb 6adfdd231167452fa9943e55ff62870c ed7772de77474405be1edbabe5f4f0e6 - - default default] Floating IP 584cfd44-96bd-433c-8429-754361ad64bb associated. External IP: 10.96.250.207, port: 0c8896cd-f8e8-451c-a5df-865872b868cf.
2026-04-12 21:54:50.292 9 INFO neutron.db.ovn_revision_numbers_db [None req-47d61691-14f8-441f-9e79-930a0b348d59 e9a07bea1bdc49c28d0d1a8c05ab0901 0b0146e5ceba4dc7bb386c7f51f193a6 - - default default] Successfully bumped revision number for resource 755fa105-e3a9-4aff-90d2-27337f806184 (type: ports) to 1
2026-04-12 21:54:50.318 9 INFO neutron.wsgi [None req-47d61691-14f8-441f-9e79-930a0b348d59 e9a07bea1bdc49c28d0d1a8c05ab0901 0b0146e5ceba4dc7bb386c7f51f193a6 - - default default] 10.0.0.169 "POST /v2.0/ports HTTP/1.1" status: 201 len: 1149 time: 0.5418012
2026-04-12 21:54:50.324 10 INFO neutron.wsgi [None req-0eee99ac-64b2-42cf-b6f7-8ba356a129eb 6adfdd231167452fa9943e55ff62870c ed7772de77474405be1edbabe5f4f0e6 - - default default] 10.0.0.169 "POST /v2.0/floatingips HTTP/1.1" status: 201 len: 1054 time: 2.2809970 /var/lib/openstack/lib/python3.10/site-packages/pycadf/identifier.py:71: UserWarning: Invalid uuid: neutron. To ensure interoperability, identifiers should be a valid uuid. warnings.warn(('Invalid uuid: %s. To ensure interoperability, '
2026-04-12 21:54:50.384 10 INFO neutron.notifiers.nova [-] Nova event matching ['req-f895d6a4-a669-4a85-a593-0922af8bb335'] response: {'name': 'network-changed', 'server_uuid': '7407bd88-42a9-4506-ab56-f8e2ec680def', 'tag': '0c8896cd-f8e8-451c-a5df-865872b868cf', 'status': 'completed', 'code': 200}
2026-04-12 21:54:50.398 10 INFO neutron.wsgi [None req-e69ccf4e-c5f7-4fcf-bc2d-fb4cda412b33 6adfdd231167452fa9943e55ff62870c ed7772de77474405be1edbabe5f4f0e6 - - default default] 10.0.0.169 "GET /v2.0/floatingips/584cfd44-96bd-433c-8429-754361ad64bb HTTP/1.1" status: 200 len: 1051 time: 0.0667498
2026-04-12 21:54:50.442 9 INFO neutron.wsgi [req-80a62303-3962-4ee7-ab78-ab5f5e9f6864 req-46b78b8d-bfa4-4d9b-808d-af381050325b 604f38dedab04366942f972aa856ac71 1bd2e5467d01435baa48dc817c8e3130 - - 93503bf48b7f40a88d62655bab932e37 93503bf48b7f40a88d62655bab932e37] 199.204.45.144 "GET /v2.0/ports?tenant_id=ed7772de77474405be1edbabe5f4f0e6&device_id=7407bd88-42a9-4506-ab56-f8e2ec680def HTTP/1.1" status: 200 len: 1409 time: 0.0385375
2026-04-12 21:54:50.459 10 INFO neutron.wsgi [None req-b6f953e5-1b50-420e-87e3-45e6ac6b9b19 a3205093f34f4fd9915fc406949dd9cd 76a449dc75604226af2f244e37c169cf - - default default] 10.0.0.169 "GET /v2.0/security-groups?tenant_id=90e0a24caa5041f1a7bf0ad86743714e&name=default HTTP/1.1" status: 200 len: 3120 time: 0.0371614
2026-04-12 21:54:50.666 9 INFO neutron.wsgi [None req-235c81f3-028c-4acd-8c9e-7612cbf6beb1 a3205093f34f4fd9915fc406949dd9cd 76a449dc75604226af2f244e37c169cf - - default default] 10.0.0.169 "DELETE /v2.0/security-groups/bc077352-f1c7-41dc-b203-12ba83a52f59 HTTP/1.1" status: 204 len: 168 time: 0.4969299
2026-04-12 21:54:50.668 10 INFO neutron.wsgi [None req-80470984-4fff-4308-b8e3-972d97bb5171 a3205093f34f4fd9915fc406949dd9cd 76a449dc75604226af2f244e37c169cf - - default default] 10.0.0.169 "DELETE /v2.0/security-groups/76b3283d-4483-418c-a848-b2838cf1912a HTTP/1.1" status: 204 len: 168 time: 0.2041552
2026-04-12 21:54:50.721 9 INFO neutron.wsgi [req-80a62303-3962-4ee7-ab78-ab5f5e9f6864 req-a3e80119-6a32-4f10-bad4-88a485e8d580 604f38dedab04366942f972aa856ac71 1bd2e5467d01435baa48dc817c8e3130 - - 93503bf48b7f40a88d62655bab932e37 93503bf48b7f40a88d62655bab932e37] 199.204.45.144 "GET /v2.0/networks?id=62ba8d37-3765-4b55-b315-27cb81e2c54c HTTP/1.1" status: 200 len: 959 time: 0.2709846
2026-04-12 21:54:50.806 9 INFO neutron.wsgi [req-80a62303-3962-4ee7-ab78-ab5f5e9f6864 req-9fee14da-4231-4c3e-bc26-6e4be64ec5ae 604f38dedab04366942f972aa856ac71 1bd2e5467d01435baa48dc817c8e3130 - - 93503bf48b7f40a88d62655bab932e37 93503bf48b7f40a88d62655bab932e37] 199.204.45.144 "GET /v2.0/floatingips?fixed_ip_address=10.100.0.9&port_id=0c8896cd-f8e8-451c-a5df-865872b868cf HTTP/1.1" status: 200 len: 1059 time: 0.0765135
2026-04-12 21:54:50.859 9 INFO neutron.wsgi [req-80a62303-3962-4ee7-ab78-ab5f5e9f6864 req-e6e701e5-5775-4362-ade4-95069a01763c 604f38dedab04366942f972aa856ac71 1bd2e5467d01435baa48dc817c8e3130 - - 93503bf48b7f40a88d62655bab932e37 93503bf48b7f40a88d62655bab932e37] 199.204.45.144 "GET /v2.0/subnets?id=9fd6048e-7be5-47c6-b83c-56a066f23e3a HTTP/1.1" status: 200 len: 853 time: 0.0458672
2026-04-12 21:54:50.883 9 INFO neutron.wsgi [req-80a62303-3962-4ee7-ab78-ab5f5e9f6864 req-d28bfc13-ee5f-4f09-b5d0-e2848ec53b46 604f38dedab04366942f972aa856ac71 1bd2e5467d01435baa48dc817c8e3130 - - 93503bf48b7f40a88d62655bab932e37 93503bf48b7f40a88d62655bab932e37] 199.204.45.144 "GET /v2.0/ports?network_id=62ba8d37-3765-4b55-b315-27cb81e2c54c&device_owner=network%3Adhcp HTTP/1.1" status: 200 len: 210 time: 0.0191798
2026-04-12 21:54:50.967 9 INFO neutron.wsgi [req-80a62303-3962-4ee7-ab78-ab5f5e9f6864 req-93d8a00b-1009-4b3a-93bd-ff686ede05a7 604f38dedab04366942f972aa856ac71 1bd2e5467d01435baa48dc817c8e3130 - - 93503bf48b7f40a88d62655bab932e37 93503bf48b7f40a88d62655bab932e37] 199.204.45.144 "GET /v2.0/networks/62ba8d37-3765-4b55-b315-27cb81e2c54c?fields=segments HTTP/1.1" status: 200 len: 212 time: 0.0765619
2026-04-12 21:54:51.000 10 INFO neutron.db.ovn_revision_numbers_db [None req-8d40516f-a947-4086-891c-0ecbc8776c20 a3205093f34f4fd9915fc406949dd9cd 76a449dc75604226af2f244e37c169cf - - default default] Successfully bumped revision number for resource fe16489d-620d-49be-bd0c-8fd7191a9f30 (type: security_groups) to 1
2026-04-12 21:54:51.012 9 INFO neutron.wsgi [None req-301ae944-8a6c-442d-b1c7-967c8b1964c4 e9a07bea1bdc49c28d0d1a8c05ab0901 0b0146e5ceba4dc7bb386c7f51f193a6 - - default default] 10.0.0.169 "DELETE /v2.0/ports/755fa105-e3a9-4aff-90d2-27337f806184 HTTP/1.1" status: 204 len: 168 time: 0.6886561
2026-04-12 21:54:51.017 10 INFO neutron.db.ovn_revision_numbers_db [None req-8d40516f-a947-4086-891c-0ecbc8776c20 a3205093f34f4fd9915fc406949dd9cd 76a449dc75604226af2f244e37c169cf - - default default] Successfully bumped revision number for resource 1727f068-2b68-418f-a193-0865de379a71 (type: security_group_rules) to 0
2026-04-12 21:54:51.036 10 INFO neutron.db.ovn_revision_numbers_db [None req-8d40516f-a947-4086-891c-0ecbc8776c20 a3205093f34f4fd9915fc406949dd9cd 76a449dc75604226af2f244e37c169cf - - default default] Successfully bumped revision number for resource 7bd9c88d-9c2e-430d-bfe9-324426ddcb47 (type: security_group_rules) to 0
2026-04-12 21:54:51.043 9 INFO neutron.pecan_wsgi.hooks.translation [None req-810e275a-1a30-442e-8abe-fdda8f78538c e9a07bea1bdc49c28d0d1a8c05ab0901 0b0146e5ceba4dc7bb386c7f51f193a6 - - default default] DELETE failed (client error): The resource could not be found.
2026-04-12 21:54:51.046 9 INFO neutron.wsgi [None req-810e275a-1a30-442e-8abe-fdda8f78538c e9a07bea1bdc49c28d0d1a8c05ab0901 0b0146e5ceba4dc7bb386c7f51f193a6 - - default default] 10.0.0.169 "DELETE /v2.0/ports/755fa105-e3a9-4aff-90d2-27337f806184 HTTP/1.1" status: 404 len: 333 time: 0.0232487
2026-04-12 21:54:51.057 10 INFO neutron.db.ovn_revision_numbers_db [None req-8d40516f-a947-4086-891c-0ecbc8776c20 a3205093f34f4fd9915fc406949dd9cd 76a449dc75604226af2f244e37c169cf - - default default] Successfully bumped revision number for resource 97fd4c0c-a6cc-4e40-91d7-f2f24aa23611 (type: security_group_rules) to 0
2026-04-12 21:54:51.066 9 INFO neutron.wsgi [req-80a62303-3962-4ee7-ab78-ab5f5e9f6864 req-a3808fe2-71b4-4184-9330-877d30cb7404 604f38dedab04366942f972aa856ac71 1bd2e5467d01435baa48dc817c8e3130 - - 93503bf48b7f40a88d62655bab932e37 93503bf48b7f40a88d62655bab932e37] 199.204.45.144 "GET /v2.0/networks/62ba8d37-3765-4b55-b315-27cb81e2c54c?fields=provider%3Aphysical_network&fields=provider%3Anetwork_type HTTP/1.1" status: 200 len: 277 time: 0.0904818
2026-04-12 21:54:51.068 10 INFO neutron.pecan_wsgi.hooks.translation [None req-51f16e81-34d7-4b16-85c6-429579aa9067 e9a07bea1bdc49c28d0d1a8c05ab0901 0b0146e5ceba4dc7bb386c7f51f193a6 - - default default] GET failed (client error): The resource could not be found.
2026-04-12 21:54:51.069 10 INFO neutron.wsgi [None req-51f16e81-34d7-4b16-85c6-429579aa9067 e9a07bea1bdc49c28d0d1a8c05ab0901 0b0146e5ceba4dc7bb386c7f51f193a6 - - default default] 10.0.0.169 "GET /v2.0/ports/755fa105-e3a9-4aff-90d2-27337f806184 HTTP/1.1" status: 404 len: 333 time: 0.0192568
2026-04-12 21:54:51.091 10 INFO neutron.db.ovn_revision_numbers_db [None req-8d40516f-a947-4086-891c-0ecbc8776c20 a3205093f34f4fd9915fc406949dd9cd 76a449dc75604226af2f244e37c169cf - - default default] Successfully bumped revision number for resource acb50098-4326-45e1-b4f2-780762b169ff (type: security_group_rules) to 0
2026-04-12 21:54:51.126 10 INFO neutron.wsgi [None req-8d40516f-a947-4086-891c-0ecbc8776c20 a3205093f34f4fd9915fc406949dd9cd 76a449dc75604226af2f244e37c169cf - - default default] 10.0.0.169 "GET /v2.0/security-groups?tenant_id=12f0100969a14611b158a19a7a57b99c&name=default HTTP/1.1" status: 200 len: 3120 time: 0.2959452
2026-04-12 21:54:51.293 10 INFO neutron.wsgi [None req-3dbf6045-885c-4884-a0ea-1b2994a60cbb e9a07bea1bdc49c28d0d1a8c05ab0901 0b0146e5ceba4dc7bb386c7f51f193a6 - - default default] 10.0.0.169 "DELETE /v2.0/subnets/03619443-b837-4c71-bd85-965a6d167435 HTTP/1.1" status: 204 len: 168 time: 0.2191014
2026-04-12 21:54:51.362 9 INFO neutron.wsgi [None req-f2a4ebc2-0da6-40fb-b0e7-0dd333b8b78d a3205093f34f4fd9915fc406949dd9cd 76a449dc75604226af2f244e37c169cf - - default default] 10.0.0.169 "DELETE /v2.0/security-groups/fe16489d-620d-49be-bd0c-8fd7191a9f30 HTTP/1.1" status: 204 len: 168 time: 0.2303584
2026-04-12 21:54:51.908 10 INFO neutron.wsgi [None req-361df6d7-29fe-4f70-836e-fb3673a657bb e9a07bea1bdc49c28d0d1a8c05ab0901 0b0146e5ceba4dc7bb386c7f51f193a6 - - default default] 10.0.0.169 "DELETE /v2.0/networks/5e1f5923-e9e8-4fe1-83aa-1e7c15f6999d HTTP/1.1" status: 204 len: 168 time: 0.6097820
2026-04-12 21:54:51.921 10 WARNING neutron_lib.context [None req-7f29e934-4d7b-4f59-b81a-c8f54da90046 e9a07bea1bdc49c28d0d1a8c05ab0901 0b0146e5ceba4dc7bb386c7f51f193a6 - - default default] Method 'is_advsvc' is deprecated since 2023.2 release (neutron-lib 3.8.0) and will be removed once support for the old RBAC API policies will be removed from Neutron. Please use method 'is_service_role' instead.
2026-04-12 21:54:52.010 10 INFO neutron.db.segments_db [None req-7f29e934-4d7b-4f59-b81a-c8f54da90046 e9a07bea1bdc49c28d0d1a8c05ab0901 0b0146e5ceba4dc7bb386c7f51f193a6 - - default default] Added segment b8a999d4-ebdb-44a1-8312-81f16cb165fa of type geneve for network 73eda03f-73fe-4ecc-aab4-59f76c0fbf1a
2026-04-12 21:54:52.137 10 INFO neutron.db.ovn_revision_numbers_db [None req-7f29e934-4d7b-4f59-b81a-c8f54da90046 e9a07bea1bdc49c28d0d1a8c05ab0901 0b0146e5ceba4dc7bb386c7f51f193a6 - - default default] Successfully bumped revision number for resource 73eda03f-73fe-4ecc-aab4-59f76c0fbf1a (type: networks) to 1
2026-04-12 21:54:52.230 10 INFO neutron.services.segments.plugin [-] Segment d544b382-2416-4108-9fd7-e8da06328ccd resource provider aggregate not found
2026-04-12 21:54:52.237 10 INFO neutron.services.segments.plugin [-] Segment d544b382-2416-4108-9fd7-e8da06328ccd resource provider aggregate not found
2026-04-12 21:54:52.248 10 INFO neutron.services.segments.plugin [-] Segment d544b382-2416-4108-9fd7-e8da06328ccd resource provider not found; error: Placement Client Error (4xx): {"errors": [{"status": 404, "title": "Not Found", "detail": "The resource could not be found.\n\n No resource provider with uuid d544b382-2416-4108-9fd7-e8da06328ccd found for delete ", "request_id": "req-f560a699-a956-4814-90f6-eb68c27e57a8"}]}
2026-04-12 21:54:52.257 10 INFO neutron.services.segments.plugin [-] Segment d544b382-2416-4108-9fd7-e8da06328ccd resource provider not found; error: Placement Client Error (4xx): {"errors": [{"status": 404, "title": "Not Found", "detail": "The resource could not be found.\n\n No resource provider with uuid d544b382-2416-4108-9fd7-e8da06328ccd found for delete ", "request_id": "req-7fdcbf67-4dfc-496e-8e1b-5d180616893e"}]}
2026-04-12 21:54:52.336 10 WARNING neutron.scheduler.dhcp_agent_scheduler [None req-7f29e934-4d7b-4f59-b81a-c8f54da90046 e9a07bea1bdc49c28d0d1a8c05ab0901 0b0146e5ceba4dc7bb386c7f51f193a6 - - default default] No more DHCP agents
2026-04-12 21:54:52.338 10 WARNING neutron.api.rpc.agentnotifiers.dhcp_rpc_agent_api [None req-7f29e934-4d7b-4f59-b81a-c8f54da90046 e9a07bea1bdc49c28d0d1a8c05ab0901 0b0146e5ceba4dc7bb386c7f51f193a6 - - default default] Unable to schedule network 73eda03f-73fe-4ecc-aab4-59f76c0fbf1a: no agents available; will retry on subsequent port and subnet creation events.
2026-04-12 21:54:52.428 10 INFO neutron.db.ovn_revision_numbers_db [None req-7f29e934-4d7b-4f59-b81a-c8f54da90046 e9a07bea1bdc49c28d0d1a8c05ab0901 0b0146e5ceba4dc7bb386c7f51f193a6 - - default default] Successfully bumped revision number for resource 675e2c8f-d3db-4814-9099-223b52b38ccb (type: ports) to 1
2026-04-12 21:54:52.457 10 INFO neutron.wsgi [None req-7f29e934-4d7b-4f59-b81a-c8f54da90046 e9a07bea1bdc49c28d0d1a8c05ab0901 0b0146e5ceba4dc7bb386c7f51f193a6 - - default default] 10.0.0.169 "POST /v2.0/networks HTTP/1.1" status: 201 len: 830 time: 0.5394359
2026-04-12 21:54:52.466 10 WARNING neutron_lib.context [None req-f9da044c-a1a7-487c-831f-2c036b430a3d e9a07bea1bdc49c28d0d1a8c05ab0901 0b0146e5ceba4dc7bb386c7f51f193a6 - - default default] Method 'is_advsvc' is deprecated since 2023.2 release (neutron-lib 3.8.0) and will be removed once support for the old RBAC API policies will be removed from Neutron. Please use method 'is_service_role' instead.
2026-04-12 21:54:52.695 10 WARNING neutron.scheduler.dhcp_agent_scheduler [None req-f9da044c-a1a7-487c-831f-2c036b430a3d e9a07bea1bdc49c28d0d1a8c05ab0901 0b0146e5ceba4dc7bb386c7f51f193a6 - - default default] No more DHCP agents
2026-04-12 21:54:52.698 10 WARNING neutron.api.rpc.agentnotifiers.dhcp_rpc_agent_api [None req-f9da044c-a1a7-487c-831f-2c036b430a3d e9a07bea1bdc49c28d0d1a8c05ab0901 0b0146e5ceba4dc7bb386c7f51f193a6 - - default default] Unable to schedule network 73eda03f-73fe-4ecc-aab4-59f76c0fbf1a: no agents available; will retry on subsequent port and subnet creation events.
2026-04-12 21:54:53.173 10 INFO neutron.db.ovn_revision_numbers_db [None req-f9da044c-a1a7-487c-831f-2c036b430a3d e9a07bea1bdc49c28d0d1a8c05ab0901 0b0146e5ceba4dc7bb386c7f51f193a6 - - default default] Successfully bumped revision number for resource 675e2c8f-d3db-4814-9099-223b52b38ccb (type: ports) to 2
2026-04-12 21:54:53.205 10 INFO neutron.db.ovn_revision_numbers_db [None req-f9da044c-a1a7-487c-831f-2c036b430a3d e9a07bea1bdc49c28d0d1a8c05ab0901 0b0146e5ceba4dc7bb386c7f51f193a6 - - default default] Successfully bumped revision number for resource d9a13317-402e-4cb0-b4ba-cd5f9dcff31e (type: subnets) to 0
2026-04-12 21:54:53.220 10 INFO neutron.wsgi [None req-f9da044c-a1a7-487c-831f-2c036b430a3d e9a07bea1bdc49c28d0d1a8c05ab0901 0b0146e5ceba4dc7bb386c7f51f193a6 - - default default] 10.0.0.169 "POST /v2.0/subnets HTTP/1.1" status: 201 len: 801 time: 0.7593687
2026-04-12 21:54:53.230 10 WARNING neutron_lib.context [None req-e764d389-5d8c-44e4-aac6-3e0439d84b86 e9a07bea1bdc49c28d0d1a8c05ab0901 0b0146e5ceba4dc7bb386c7f51f193a6 - - default default] Method 'is_advsvc' is deprecated since 2023.2 release (neutron-lib 3.8.0) and will be removed once support for the old RBAC API policies will be removed from Neutron. Please use method 'is_service_role' instead.
2026-04-12 21:54:53.551 10 WARNING neutron.scheduler.dhcp_agent_scheduler [None req-e764d389-5d8c-44e4-aac6-3e0439d84b86 e9a07bea1bdc49c28d0d1a8c05ab0901 0b0146e5ceba4dc7bb386c7f51f193a6 - - default default] No more DHCP agents
2026-04-12 21:54:53.554 10 WARNING neutron.api.rpc.agentnotifiers.dhcp_rpc_agent_api [None req-e764d389-5d8c-44e4-aac6-3e0439d84b86 e9a07bea1bdc49c28d0d1a8c05ab0901 0b0146e5ceba4dc7bb386c7f51f193a6 - - default default] Unable to schedule network 73eda03f-73fe-4ecc-aab4-59f76c0fbf1a: no agents available; will retry on subsequent port and subnet creation events.
2026-04-12 21:54:53.716 10 INFO neutron.db.ovn_revision_numbers_db [None req-e764d389-5d8c-44e4-aac6-3e0439d84b86 e9a07bea1bdc49c28d0d1a8c05ab0901 0b0146e5ceba4dc7bb386c7f51f193a6 - - default default] Successfully bumped revision number for resource ac307174-e9e1-4e31-bd2d-efc4d4477937 (type: ports) to 1
2026-04-12 21:54:53.742 10 INFO neutron.wsgi [None req-e764d389-5d8c-44e4-aac6-3e0439d84b86 e9a07bea1bdc49c28d0d1a8c05ab0901 0b0146e5ceba4dc7bb386c7f51f193a6 - - default default] 10.0.0.169 "POST /v2.0/ports HTTP/1.1" status: 201 len: 1111 time: 0.5161715
2026-04-12 21:54:54.201 9 INFO neutron.wsgi [None req-9a8550f0-ff26-413c-8058-901fab40840a e9a07bea1bdc49c28d0d1a8c05ab0901 0b0146e5ceba4dc7bb386c7f51f193a6 - - default default] 10.0.0.169 "DELETE /v2.0/ports/ac307174-e9e1-4e31-bd2d-efc4d4477937 HTTP/1.1" status: 204 len: 168 time: 0.4542894
2026-04-12 21:54:54.221 9 INFO neutron.pecan_wsgi.hooks.translation [None req-ab1422e1-3ee9-4b77-acdd-8ff3394aac6e e9a07bea1bdc49c28d0d1a8c05ab0901 0b0146e5ceba4dc7bb386c7f51f193a6 - - default default] GET failed (client error): The resource could not be found.
2026-04-12 21:54:54.223 9 INFO neutron.wsgi [None req-ab1422e1-3ee9-4b77-acdd-8ff3394aac6e e9a07bea1bdc49c28d0d1a8c05ab0901 0b0146e5ceba4dc7bb386c7f51f193a6 - - default default] 10.0.0.169 "GET /v2.0/ports/ac307174-e9e1-4e31-bd2d-efc4d4477937 HTTP/1.1" status: 404 len: 333 time: 0.0173364
2026-04-12 21:54:54.457 9 INFO neutron.wsgi [None req-db145c92-aa71-462c-ae63-712c2213301f e9a07bea1bdc49c28d0d1a8c05ab0901 0b0146e5ceba4dc7bb386c7f51f193a6 - - default default] 10.0.0.169 "DELETE /v2.0/subnets/d9a13317-402e-4cb0-b4ba-cd5f9dcff31e HTTP/1.1" status: 204 len: 168 time: 0.2300909
2026-04-12 21:54:54.810 9 INFO neutron.services.segments.plugin [-] Segment b8a999d4-ebdb-44a1-8312-81f16cb165fa resource provider aggregate not found
2026-04-12 21:54:54.814 9 INFO neutron.services.segments.plugin [-] Segment b8a999d4-ebdb-44a1-8312-81f16cb165fa resource provider aggregate not found
2026-04-12 21:54:54.825 9 INFO neutron.services.segments.plugin [-] Segment b8a999d4-ebdb-44a1-8312-81f16cb165fa resource provider not found; error: Placement Client Error (4xx): {"errors": [{"status": 404, "title": "Not Found", "detail": "The resource could not be found.\n\n No resource provider with uuid b8a999d4-ebdb-44a1-8312-81f16cb165fa found for delete ", "request_id": "req-03a1f1bf-e5a0-4af1-a1d2-e764e556dadb"}]}
2026-04-12 21:54:54.846 9 INFO neutron.services.segments.plugin [-] Segment b8a999d4-ebdb-44a1-8312-81f16cb165fa resource provider not found; error: Placement Client Error (4xx): {"errors": [{"status": 404, "title": "Not Found", "detail": "The resource could not be found.\n\n No resource provider with uuid b8a999d4-ebdb-44a1-8312-81f16cb165fa found for delete ", "request_id": "req-6146d931-16c6-4eb2-b20b-997e5a458f50"}]}
2026-04-12 21:54:54.882 9 INFO neutron.wsgi [None req-31f73b28-2521-4af8-abb6-be5c8776222c e9a07bea1bdc49c28d0d1a8c05ab0901 0b0146e5ceba4dc7bb386c7f51f193a6 - - default default] 10.0.0.169 "DELETE /v2.0/networks/73eda03f-73fe-4ecc-aab4-59f76c0fbf1a HTTP/1.1" status: 204 len: 168 time: 0.4191811
2026-04-12 21:54:54.894 10 WARNING neutron_lib.context [None req-e63dc565-93ce-412f-9493-98008b7c683a e9a07bea1bdc49c28d0d1a8c05ab0901 0b0146e5ceba4dc7bb386c7f51f193a6 - - default default] Method 'is_advsvc' is deprecated since 2023.2 release (neutron-lib 3.8.0) and will be removed once support for the old RBAC API policies will be removed from Neutron. Please use method 'is_service_role' instead.
2026-04-12 21:54:55.185 10 WARNING neutron.scheduler.dhcp_agent_scheduler [None req-e63dc565-93ce-412f-9493-98008b7c683a e9a07bea1bdc49c28d0d1a8c05ab0901 0b0146e5ceba4dc7bb386c7f51f193a6 - - default default] No more DHCP agents
2026-04-12 21:54:55.192 10 WARNING neutron.api.rpc.agentnotifiers.dhcp_rpc_agent_api [None req-e63dc565-93ce-412f-9493-98008b7c683a e9a07bea1bdc49c28d0d1a8c05ab0901 0b0146e5ceba4dc7bb386c7f51f193a6 - - default default] Unable to schedule network 1b325ae2-2ceb-442d-b496-6ce2cb3c7cda: no agents available; will retry on subsequent port and subnet creation events.
2026-04-12 21:54:55.280 10 INFO neutron.db.ovn_revision_numbers_db [None req-e63dc565-93ce-412f-9493-98008b7c683a e9a07bea1bdc49c28d0d1a8c05ab0901 0b0146e5ceba4dc7bb386c7f51f193a6 - - default default] Successfully bumped revision number for resource b29d2c2c-2fe9-4d41-9cc5-2772e83e1f64 (type: ports) to 1
2026-04-12 21:54:55.307 10 INFO neutron.wsgi [None req-e63dc565-93ce-412f-9493-98008b7c683a e9a07bea1bdc49c28d0d1a8c05ab0901 0b0146e5ceba4dc7bb386c7f51f193a6 - - default default] 10.0.0.169 "POST /v2.0/ports HTTP/1.1" status: 201 len: 974 time: 0.4202423 /var/lib/openstack/lib/python3.10/site-packages/pycadf/identifier.py:71: UserWarning: Invalid uuid: neutron. To ensure interoperability, identifiers should be a valid uuid. warnings.warn(('Invalid uuid: %s. To ensure interoperability, '
2026-04-12 21:54:55.559 10 INFO neutron.plugins.ml2.drivers.ovn.mech_driver.mech_driver [None req-f3be13e7-fce4-4559-8475-7f00d676cfbd - - - - - -] OVN reports status down for port: b29d2c2c-2fe9-4d41-9cc5-2772e83e1f64
2026-04-12 21:54:55.598 10 INFO neutron.db.ovn_revision_numbers_db [None req-9693317b-789e-4beb-8173-681742a026a1 e9a07bea1bdc49c28d0d1a8c05ab0901 0b0146e5ceba4dc7bb386c7f51f193a6 - - default default] Successfully bumped revision number for resource b29d2c2c-2fe9-4d41-9cc5-2772e83e1f64 (type: ports) to 2
2026-04-12 21:54:55.608 10 INFO neutron.wsgi [None req-9693317b-789e-4beb-8173-681742a026a1 e9a07bea1bdc49c28d0d1a8c05ab0901 0b0146e5ceba4dc7bb386c7f51f193a6 - - default default] 10.0.0.169 "PUT /v2.0/ports/b29d2c2c-2fe9-4d41-9cc5-2772e83e1f64 HTTP/1.1" status: 200 len: 946 time: 0.2963603
2026-04-12 21:54:55.918 9 INFO neutron.wsgi [None req-471434b8-e1a3-4609-aebe-f35ff2948d20 e9a07bea1bdc49c28d0d1a8c05ab0901 0b0146e5ceba4dc7bb386c7f51f193a6 - - default default] 10.0.0.169 "DELETE /v2.0/ports/b29d2c2c-2fe9-4d41-9cc5-2772e83e1f64 HTTP/1.1" status: 204 len: 168 time: 0.3048654
2026-04-12 21:54:55.977 9 WARNING neutron_lib.context [None req-0b7d77c1-0f7e-4e61-b507-655952117aec de4ddd02543d4f84ba72f6716c854d27 b39f6091934e45408f9eb902fc62d2f3 - - default default] Method 'is_advsvc' is deprecated since 2023.2 release (neutron-lib 3.8.0) and will be removed once support for the old RBAC API policies will be removed from Neutron. Please use method 'is_service_role' instead.
2026-04-12 21:54:56.007 9 INFO neutron.wsgi [None req-34c5af2d-0fe0-45c0-89f0-3783ff171778 e9a07bea1bdc49c28d0d1a8c05ab0901 0b0146e5ceba4dc7bb386c7f51f193a6 - - default default] 10.0.0.169 "GET /v2.0/ports HTTP/1.1" status: 200 len: 1728 time: 0.0835309
2026-04-12 21:54:56.033 9 INFO neutron.pecan_wsgi.hooks.translation [None req-06fdad1b-8fc7-4b68-84c7-6c33b9d77bd5 e9a07bea1bdc49c28d0d1a8c05ab0901 0b0146e5ceba4dc7bb386c7f51f193a6 - - default default] GET failed (client error): The resource could not be found.
2026-04-12 21:54:56.034 9 INFO neutron.wsgi [None req-06fdad1b-8fc7-4b68-84c7-6c33b9d77bd5 e9a07bea1bdc49c28d0d1a8c05ab0901 0b0146e5ceba4dc7bb386c7f51f193a6 - - default default] 10.0.0.169 "GET /v2.0/ports/b29d2c2c-2fe9-4d41-9cc5-2772e83e1f64 HTTP/1.1" status: 404 len: 333 time: 0.0230911 /var/lib/openstack/lib/python3.10/site-packages/pycadf/identifier.py:71: UserWarning: Invalid uuid: neutron. To ensure interoperability, identifiers should be a valid uuid. warnings.warn(('Invalid uuid: %s. To ensure interoperability, '
2026-04-12 21:54:56.133 9 INFO neutron.db.ovn_revision_numbers_db [None req-0b7d77c1-0f7e-4e61-b507-655952117aec de4ddd02543d4f84ba72f6716c854d27 b39f6091934e45408f9eb902fc62d2f3 - - default default] Successfully bumped revision number for resource 28a8b757-5fde-4675-8b71-24ed74982799 (type: security_groups) to 1
2026-04-12 21:54:56.142 10 INFO neutron.wsgi [None req-c1d6ec99-dc77-43c2-ab07-628114ea4e26 e9a07bea1bdc49c28d0d1a8c05ab0901 0b0146e5ceba4dc7bb386c7f51f193a6 - - default default] 10.0.0.169 "GET /v2.0/ports HTTP/1.1" status: 200 len: 1728 time: 0.1022918
2026-04-12 21:54:56.144 9 INFO neutron.db.ovn_revision_numbers_db [None req-0b7d77c1-0f7e-4e61-b507-655952117aec de4ddd02543d4f84ba72f6716c854d27 b39f6091934e45408f9eb902fc62d2f3 - - default default] Successfully bumped revision number for resource 2813ff4b-053f-45d5-81e9-5834bf14c63c (type: security_group_rules) to 0
2026-04-12 21:54:56.164 9 INFO neutron.db.ovn_revision_numbers_db [None req-0b7d77c1-0f7e-4e61-b507-655952117aec de4ddd02543d4f84ba72f6716c854d27 b39f6091934e45408f9eb902fc62d2f3 - - default default] Successfully bumped revision number for resource 34ee90a7-2a07-40aa-b385-b29b06813622 (type: security_group_rules) to 0
2026-04-12 21:54:56.177 9 INFO neutron.db.ovn_revision_numbers_db [None req-0b7d77c1-0f7e-4e61-b507-655952117aec de4ddd02543d4f84ba72f6716c854d27 b39f6091934e45408f9eb902fc62d2f3 - - default default] Successfully bumped revision number for resource 5d60dce0-b7f8-480d-96ba-bd936cc32368 (type: security_group_rules) to 0
2026-04-12 21:54:56.182 10 INFO neutron.wsgi [None req-71ca7132-c3fb-4727-b7e7-2c31e6a78555 e9a07bea1bdc49c28d0d1a8c05ab0901 0b0146e5ceba4dc7bb386c7f51f193a6 - - default default] 10.0.0.169 "GET /v2.0/ports/169e4314-0aa6-4a54-a86b-11080f4b3573 HTTP/1.1" status: 200 len: 968 time: 0.0341034
2026-04-12 21:54:56.188 9 INFO neutron.db.ovn_revision_numbers_db [None req-0b7d77c1-0f7e-4e61-b507-655952117aec de4ddd02543d4f84ba72f6716c854d27 b39f6091934e45408f9eb902fc62d2f3 - - default default] Successfully bumped revision number for resource db448507-27cc-420d-8ffb-b07245ee0e8a (type: security_group_rules) to 0
2026-04-12 21:54:56.201 10 INFO neutron.pecan_wsgi.hooks.translation [None req-c5ee0868-bcdd-4620-9051-763b1aba4f1d e9a07bea1bdc49c28d0d1a8c05ab0901 0b0146e5ceba4dc7bb386c7f51f193a6 - - default default] DELETE failed (client error): The resource could not be found.
2026-04-12 21:54:56.203 10 INFO neutron.wsgi [None req-c5ee0868-bcdd-4620-9051-763b1aba4f1d e9a07bea1bdc49c28d0d1a8c05ab0901 0b0146e5ceba4dc7bb386c7f51f193a6 - - default default] 10.0.0.169 "DELETE /v2.0/ports/ac307174-e9e1-4e31-bd2d-efc4d4477937 HTTP/1.1" status: 404 len: 333 time: 0.0160339
2026-04-12 21:54:56.246 9 INFO neutron.pecan_wsgi.hooks.translation [None req-59c392c5-8b8c-48ce-b7b2-c9fafa7e8af0 e9a07bea1bdc49c28d0d1a8c05ab0901 0b0146e5ceba4dc7bb386c7f51f193a6 - - default default] DELETE failed (client error): The resource could not be found.
2026-04-12 21:54:56.249 9 INFO neutron.wsgi [None req-59c392c5-8b8c-48ce-b7b2-c9fafa7e8af0 e9a07bea1bdc49c28d0d1a8c05ab0901 0b0146e5ceba4dc7bb386c7f51f193a6 - - default default] 10.0.0.169 "DELETE /v2.0/subnets/d9a13317-402e-4cb0-b4ba-cd5f9dcff31e HTTP/1.1" status: 404 len: 337 time: 0.0415356
2026-04-12 21:54:56.255 9 INFO neutron.db.segments_db [None req-0b7d77c1-0f7e-4e61-b507-655952117aec de4ddd02543d4f84ba72f6716c854d27 b39f6091934e45408f9eb902fc62d2f3 - - default default] Added segment 0f45bba0-f8ae-4fcb-9ff1-11471a226dcc of type geneve for network 26aa07e6-b17b-4b54-8b23-f10e7faada47
2026-04-12 21:54:56.273 10 INFO neutron.pecan_wsgi.hooks.translation [None req-7e86ed40-91dd-44c6-95d6-db3f92ebb930 e9a07bea1bdc49c28d0d1a8c05ab0901 0b0146e5ceba4dc7bb386c7f51f193a6 - - default default] DELETE failed (client error): The resource could not be found.
2026-04-12 21:54:56.276 10 INFO neutron.wsgi [None req-7e86ed40-91dd-44c6-95d6-db3f92ebb930 e9a07bea1bdc49c28d0d1a8c05ab0901 0b0146e5ceba4dc7bb386c7f51f193a6 - - default default] 10.0.0.169 "DELETE /v2.0/subnets/03619443-b837-4c71-bd85-965a6d167435 HTTP/1.1" status: 404 len: 337 time: 0.0224524
2026-04-12 21:54:56.422 9 INFO neutron.db.ovn_revision_numbers_db [None req-0b7d77c1-0f7e-4e61-b507-655952117aec de4ddd02543d4f84ba72f6716c854d27 b39f6091934e45408f9eb902fc62d2f3 - - default default] Successfully bumped revision number for resource 26aa07e6-b17b-4b54-8b23-f10e7faada47 (type: networks) to 1
2026-04-12 21:54:56.544 10 INFO neutron.wsgi [None req-be1487fd-b5d8-4f05-9689-8ff87173e8ca e9a07bea1bdc49c28d0d1a8c05ab0901 0b0146e5ceba4dc7bb386c7f51f193a6 - - default default] 10.0.0.169 "DELETE /v2.0/ports/169e4314-0aa6-4a54-a86b-11080f4b3573 HTTP/1.1" status: 204 len: 168 time: 0.2643929
2026-04-12 21:54:56.646 9 WARNING neutron.scheduler.dhcp_agent_scheduler [None req-0b7d77c1-0f7e-4e61-b507-655952117aec de4ddd02543d4f84ba72f6716c854d27 b39f6091934e45408f9eb902fc62d2f3 - - default default] No more DHCP agents
2026-04-12 21:54:56.650 9 WARNING neutron.api.rpc.agentnotifiers.dhcp_rpc_agent_api [None req-0b7d77c1-0f7e-4e61-b507-655952117aec de4ddd02543d4f84ba72f6716c854d27 b39f6091934e45408f9eb902fc62d2f3 - - default default] Unable to schedule network 26aa07e6-b17b-4b54-8b23-f10e7faada47: no agents available; will retry on subsequent port and subnet creation events.
2026-04-12 21:54:56.659 10 INFO neutron.db.ovn_revision_numbers_db [None req-2a11a450-2a5f-462e-a815-e619f0e0a524 a3205093f34f4fd9915fc406949dd9cd 76a449dc75604226af2f244e37c169cf - - default default] Successfully bumped revision number for resource 58524f0a-0bd5-49ed-ac18-17f3419dafeb (type: security_groups) to 1
2026-04-12 21:54:56.674 10 INFO neutron.db.ovn_revision_numbers_db [None req-2a11a450-2a5f-462e-a815-e619f0e0a524 a3205093f34f4fd9915fc406949dd9cd 76a449dc75604226af2f244e37c169cf - - default default] Successfully bumped revision number for resource 543098d5-9dd0-4325-b121-4beb28d050ac (type: security_group_rules) to 0
2026-04-12 21:54:56.697 10 INFO neutron.db.ovn_revision_numbers_db [None req-2a11a450-2a5f-462e-a815-e619f0e0a524 a3205093f34f4fd9915fc406949dd9cd 76a449dc75604226af2f244e37c169cf - - default default] Successfully bumped revision number for resource 911453dd-9a1b-49bb-a990-32a710626771 (type: security_group_rules) to 0
2026-04-12 21:54:56.713 10 INFO neutron.db.ovn_revision_numbers_db [None req-2a11a450-2a5f-462e-a815-e619f0e0a524 a3205093f34f4fd9915fc406949dd9cd 76a449dc75604226af2f244e37c169cf - - default default] Successfully bumped revision number for resource eade029a-4310-4e2e-9781-cc5cfdb4dc73 (type: security_group_rules) to 0
2026-04-12 21:54:56.733 10 INFO neutron.db.ovn_revision_numbers_db [None req-2a11a450-2a5f-462e-a815-e619f0e0a524 a3205093f34f4fd9915fc406949dd9cd 76a449dc75604226af2f244e37c169cf - - default default] Successfully bumped revision number for resource ef05fb5a-865a-4274-af94-d77e8170b1a5 (type: security_group_rules) to 0
2026-04-12 21:54:56.755 10 INFO neutron.wsgi [None req-2a11a450-2a5f-462e-a815-e619f0e0a524 a3205093f34f4fd9915fc406949dd9cd 76a449dc75604226af2f244e37c169cf - - default default] 10.0.0.169 "GET /v2.0/security-groups?tenant_id=ed257d34af754623ae58ae7fb3890217&name=default HTTP/1.1" status: 200 len: 3120 time: 0.3648496
2026-04-12 21:54:56.758 9 INFO neutron.db.ovn_revision_numbers_db [None req-0b7d77c1-0f7e-4e61-b507-655952117aec de4ddd02543d4f84ba72f6716c854d27 b39f6091934e45408f9eb902fc62d2f3 - - default default] Successfully bumped revision number for resource 713faa42-7ece-47b9-9030-bcb675283135 (type: ports) to 1
2026-04-12 21:54:56.799 9 INFO neutron.wsgi [None req-0b7d77c1-0f7e-4e61-b507-655952117aec de4ddd02543d4f84ba72f6716c854d27 b39f6091934e45408f9eb902fc62d2f3 - - default default] 10.0.0.169 "POST /v2.0/networks HTTP/1.1" status: 201 len: 830 time: 1.0238078
2026-04-12 21:54:56.808 9 WARNING neutron_lib.context [None req-6ed4425c-d08a-4769-a314-851952ed3c89 de4ddd02543d4f84ba72f6716c854d27 b39f6091934e45408f9eb902fc62d2f3 - - default default] Method 'is_advsvc' is deprecated since 2023.2 release (neutron-lib 3.8.0) and will be removed once support for the old RBAC API policies will be removed from Neutron. Please use method 'is_service_role' instead.
2026-04-12 21:54:56.912 9 INFO neutron.db.segments_db [None req-6ed4425c-d08a-4769-a314-851952ed3c89 de4ddd02543d4f84ba72f6716c854d27 b39f6091934e45408f9eb902fc62d2f3 - - default default] Added segment 219357cf-7df5-4531-8e8f-22102fb71e4b of type geneve for network 08fa515c-da57-4471-b6f5-50419d95e782
2026-04-12 21:54:56.981 10 INFO neutron.wsgi [None req-9afb4323-861e-472b-a74b-c75aab961d83 a3205093f34f4fd9915fc406949dd9cd 76a449dc75604226af2f244e37c169cf - - default default] 10.0.0.169 "DELETE /v2.0/security-groups/58524f0a-0bd5-49ed-ac18-17f3419dafeb HTTP/1.1" status: 204 len: 168 time: 0.2159390
2026-04-12 21:54:57.002 9 INFO neutron.services.segments.plugin [-] Segment e565eb03-6821-4867-a923-6da4fb7f62a0 resource provider aggregate not found
2026-04-12 21:54:57.010 9 INFO neutron.services.segments.plugin [-] Segment e565eb03-6821-4867-a923-6da4fb7f62a0 resource provider aggregate not found
2026-04-12 21:54:57.022 9 INFO neutron.services.segments.plugin [-] Segment e565eb03-6821-4867-a923-6da4fb7f62a0 resource provider not found; error: Placement Client Error (4xx): {"errors": [{"status": 404, "title": "Not Found", "detail": "The resource could not be found.\n\n No resource provider with uuid e565eb03-6821-4867-a923-6da4fb7f62a0 found for delete ", "request_id": "req-75b245a0-90ec-4c89-9f3e-d3852450905f"}]}
2026-04-12 21:54:57.027 9 INFO neutron.services.segments.plugin [-] Segment e565eb03-6821-4867-a923-6da4fb7f62a0 resource provider not found; error: Placement Client Error (4xx): {"errors": [{"status": 404, "title": "Not Found", "detail": "The resource could not be found.\n\n No resource provider with uuid e565eb03-6821-4867-a923-6da4fb7f62a0 found for delete ", "request_id": "req-80f4278d-6c9c-49ef-aa6d-22fc906e8be1"}]}
2026-04-12 21:54:57.078 9 INFO neutron.wsgi [None req-56f1b4b8-a88c-4052-9112-fbeb1b2916c8 e9a07bea1bdc49c28d0d1a8c05ab0901 0b0146e5ceba4dc7bb386c7f51f193a6 - - default default] 10.0.0.169 "DELETE /v2.0/networks/1b325ae2-2ceb-442d-b496-6ce2cb3c7cda HTTP/1.1" status: 204 len: 168 time: 0.5286283
2026-04-12 21:54:57.097 9 INFO neutron.db.ovn_revision_numbers_db [None req-6ed4425c-d08a-4769-a314-851952ed3c89 de4ddd02543d4f84ba72f6716c854d27 b39f6091934e45408f9eb902fc62d2f3 - - default default] Successfully bumped revision number for resource 08fa515c-da57-4471-b6f5-50419d95e782 (type: networks) to 1
2026-04-12 21:54:57.198 10 INFO neutron.db.ovn_revision_numbers_db [None req-8126371b-85bc-46d8-b2e9-3933d3280f62 a3205093f34f4fd9915fc406949dd9cd 76a449dc75604226af2f244e37c169cf - - default default] Successfully bumped revision number for resource f5c1c843-133d-4270-8abd-278296718c0a (type: security_groups) to 1
2026-04-12 21:54:57.210 10 INFO neutron.db.ovn_revision_numbers_db [None req-8126371b-85bc-46d8-b2e9-3933d3280f62 a3205093f34f4fd9915fc406949dd9cd 76a449dc75604226af2f244e37c169cf - - default default] Successfully bumped revision number for resource 488d2a28-b015-4107-b90f-4f972293d29f (type: security_group_rules) to 0
2026-04-12 21:54:57.223 10 INFO neutron.db.ovn_revision_numbers_db [None req-8126371b-85bc-46d8-b2e9-3933d3280f62 a3205093f34f4fd9915fc406949dd9cd 76a449dc75604226af2f244e37c169cf - - default default] Successfully bumped revision number for resource 94ebd84e-beda-4554-b401-3b7232ac1513 (type: security_group_rules) to 0
2026-04-12 21:54:57.234 10 INFO neutron.db.ovn_revision_numbers_db [None req-8126371b-85bc-46d8-b2e9-3933d3280f62 a3205093f34f4fd9915fc406949dd9cd 76a449dc75604226af2f244e37c169cf - - default default] Successfully bumped revision number for resource ebc806ec-e887-4bf8-8339-133d535879a0 (type: security_group_rules) to 0
2026-04-12 21:54:57.250 10 INFO neutron.db.ovn_revision_numbers_db [None req-8126371b-85bc-46d8-b2e9-3933d3280f62 a3205093f34f4fd9915fc406949dd9cd 76a449dc75604226af2f244e37c169cf - - default default] Successfully bumped revision number for resource f19889dc-1dcc-42c4-a9da-54d02cf8f120 (type: security_group_rules) to 0
2026-04-12 21:54:57.264 9 WARNING neutron.scheduler.dhcp_agent_scheduler [None req-6ed4425c-d08a-4769-a314-851952ed3c89 de4ddd02543d4f84ba72f6716c854d27 b39f6091934e45408f9eb902fc62d2f3 - - default default] No more DHCP agents
2026-04-12 21:54:57.265 9 WARNING neutron.api.rpc.agentnotifiers.dhcp_rpc_agent_api [None req-6ed4425c-d08a-4769-a314-851952ed3c89 de4ddd02543d4f84ba72f6716c854d27 b39f6091934e45408f9eb902fc62d2f3 - - default default] Unable to schedule network 08fa515c-da57-4471-b6f5-50419d95e782: no agents available; will retry on subsequent port and subnet creation events.
2026-04-12 21:54:57.273 10 INFO neutron.wsgi [None req-8126371b-85bc-46d8-b2e9-3933d3280f62 a3205093f34f4fd9915fc406949dd9cd 76a449dc75604226af2f244e37c169cf - - default default] 10.0.0.169 "GET /v2.0/security-groups?tenant_id=e534dc8fad944ff286b1c1aa6d002ff4&name=default HTTP/1.1" status: 200 len: 3120 time: 0.1898701
2026-04-12 21:54:57.350 9 INFO neutron.db.ovn_revision_numbers_db [None req-6ed4425c-d08a-4769-a314-851952ed3c89 de4ddd02543d4f84ba72f6716c854d27 b39f6091934e45408f9eb902fc62d2f3 - - default default] Successfully bumped revision number for resource 25424a20-5d42-43c5-a540-3034b3b44f08 (type: ports) to 1
2026-04-12 21:54:57.369 9 INFO neutron.wsgi [None req-6ed4425c-d08a-4769-a314-851952ed3c89 de4ddd02543d4f84ba72f6716c854d27 b39f6091934e45408f9eb902fc62d2f3 - - default default] 10.0.0.169 "POST /v2.0/networks HTTP/1.1" status: 201 len: 831 time: 0.5645707
2026-04-12 21:54:57.379 9 WARNING neutron_lib.context [None req-2f5115ed-071e-410f-9639-f8ced185786f de4ddd02543d4f84ba72f6716c854d27 b39f6091934e45408f9eb902fc62d2f3 - - default default] Method 'is_advsvc' is deprecated since 2023.2 release (neutron-lib 3.8.0) and will be removed once support for the old RBAC API policies will be removed from Neutron. Please use method 'is_service_role' instead.
2026-04-12 21:54:57.470 9 INFO neutron.db.segments_db [None req-2f5115ed-071e-410f-9639-f8ced185786f de4ddd02543d4f84ba72f6716c854d27 b39f6091934e45408f9eb902fc62d2f3 - - default default] Added segment e9eb019a-8d79-4a21-8dbc-fa70d378ecb3 of type geneve for network ac18a52d-683e-47a4-8a23-7726db507436
2026-04-12 21:54:57.502 10 INFO neutron.wsgi [None req-9695aa69-849e-410a-8313-ffbef7e6a492 a3205093f34f4fd9915fc406949dd9cd 76a449dc75604226af2f244e37c169cf - - default default] 10.0.0.169 "DELETE /v2.0/security-groups/f5c1c843-133d-4270-8abd-278296718c0a HTTP/1.1" status: 204 len: 168 time: 0.2077098
2026-04-12 21:54:57.598 9 INFO neutron.db.ovn_revision_numbers_db [None req-2f5115ed-071e-410f-9639-f8ced185786f de4ddd02543d4f84ba72f6716c854d27 b39f6091934e45408f9eb902fc62d2f3 - - default default] Successfully bumped revision number for resource ac18a52d-683e-47a4-8a23-7726db507436 (type: networks) to 1
2026-04-12 21:54:57.812 10 INFO neutron.wsgi [None req-2c015bef-ad3e-4641-a195-c9c75fe61567 a3205093f34f4fd9915fc406949dd9cd 76a449dc75604226af2f244e37c169cf - - default default] 10.0.0.169 "GET /v2.0/security-groups?tenant_id=0b0146e5ceba4dc7bb386c7f51f193a6&name=default HTTP/1.1" status: 200 len: 3120 time: 0.2093422
2026-04-12 21:54:57.935 9 WARNING neutron.scheduler.dhcp_agent_scheduler [None req-2f5115ed-071e-410f-9639-f8ced185786f de4ddd02543d4f84ba72f6716c854d27 b39f6091934e45408f9eb902fc62d2f3 - - default default] No more DHCP agents
2026-04-12 21:54:57.937 9 WARNING neutron.api.rpc.agentnotifiers.dhcp_rpc_agent_api [None req-2f5115ed-071e-410f-9639-f8ced185786f de4ddd02543d4f84ba72f6716c854d27 b39f6091934e45408f9eb902fc62d2f3 - - default default] Unable to schedule network ac18a52d-683e-47a4-8a23-7726db507436: no agents available; will retry on subsequent port and subnet creation events.
2026-04-12 21:54:58.017 9 INFO neutron.db.ovn_revision_numbers_db [None req-2f5115ed-071e-410f-9639-f8ced185786f de4ddd02543d4f84ba72f6716c854d27 b39f6091934e45408f9eb902fc62d2f3 - - default default] Successfully bumped revision number for resource b3a7e18f-d811-4824-a066-cd081f6ada4a (type: ports) to 1
2026-04-12 21:54:58.028 10 INFO neutron.wsgi [None req-8d876bb0-37c2-4308-8141-26b78f071f79 a3205093f34f4fd9915fc406949dd9cd 76a449dc75604226af2f244e37c169cf - - default default] 10.0.0.169 "DELETE /v2.0/security-groups/1fe7dc7b-09cb-4165-a159-9d62939e6016 HTTP/1.1" status: 204 len: 168 time: 0.2116461
2026-04-12 21:54:58.038 9 INFO neutron.wsgi [None req-2f5115ed-071e-410f-9639-f8ced185786f de4ddd02543d4f84ba72f6716c854d27 b39f6091934e45408f9eb902fc62d2f3 - - default default] 10.0.0.169 "POST /v2.0/networks HTTP/1.1" status: 201 len: 830 time: 0.6630452
2026-04-12 21:54:58.047 9 WARNING neutron_lib.context [None req-08a194f8-fc58-4aba-abd3-d34429fb42fb de4ddd02543d4f84ba72f6716c854d27 b39f6091934e45408f9eb902fc62d2f3 - - default default] Method 'is_advsvc' is deprecated since 2023.2 release (neutron-lib 3.8.0) and will be removed once support for the old RBAC API policies will be removed from Neutron. Please use method 'is_service_role' instead.
2026-04-12 21:54:58.125 9 INFO neutron.db.segments_db [None req-08a194f8-fc58-4aba-abd3-d34429fb42fb de4ddd02543d4f84ba72f6716c854d27 b39f6091934e45408f9eb902fc62d2f3 - - default default] Added segment ea64320c-9a39-4ef6-99ce-b61f34fd854f of type geneve for network 63bdcfc6-316a-4c0b-9861-7cb37501a10e
2026-04-12 21:54:58.275 9 INFO neutron.db.ovn_revision_numbers_db [None req-08a194f8-fc58-4aba-abd3-d34429fb42fb de4ddd02543d4f84ba72f6716c854d27 b39f6091934e45408f9eb902fc62d2f3 - - default default] Successfully bumped revision number for resource 63bdcfc6-316a-4c0b-9861-7cb37501a10e (type: networks) to 1
2026-04-12 21:54:58.498 9 WARNING neutron.scheduler.dhcp_agent_scheduler [None req-08a194f8-fc58-4aba-abd3-d34429fb42fb de4ddd02543d4f84ba72f6716c854d27 b39f6091934e45408f9eb902fc62d2f3 - - default default] No more DHCP agents
2026-04-12 21:54:58.501 9 WARNING neutron.api.rpc.agentnotifiers.dhcp_rpc_agent_api [None req-08a194f8-fc58-4aba-abd3-d34429fb42fb de4ddd02543d4f84ba72f6716c854d27 b39f6091934e45408f9eb902fc62d2f3 - - default default] Unable to schedule network 63bdcfc6-316a-4c0b-9861-7cb37501a10e: no agents available; will retry on subsequent port and subnet creation events.
2026-04-12 21:54:58.523 10 INFO neutron.wsgi [req-006dfecf-b353-47db-8b7f-72b8361b3448 req-44381c9d-bb50-41fc-9e1b-8fbab63b5667 604f38dedab04366942f972aa856ac71 1bd2e5467d01435baa48dc817c8e3130 - - 93503bf48b7f40a88d62655bab932e37 93503bf48b7f40a88d62655bab932e37] 10.0.0.93 "GET /v2.0/ports?device_id=7407bd88-42a9-4506-ab56-f8e2ec680def HTTP/1.1" status: 200 len: 1409 time: 0.0667472
2026-04-12 21:54:58.584 10 INFO neutron.wsgi [req-006dfecf-b353-47db-8b7f-72b8361b3448 req-86f0d2e3-bb14-4d21-8632-c20b43a8aea1 604f38dedab04366942f972aa856ac71 1bd2e5467d01435baa48dc817c8e3130 - - 93503bf48b7f40a88d62655bab932e37 93503bf48b7f40a88d62655bab932e37] 10.0.0.93 "GET /v2.0/security-groups?id=4889efad-9b0b-40cc-a424-313dc19f9687&fields=id&fields=name HTTP/1.1" status: 200 len: 312 time: 0.0524082
2026-04-12 21:54:58.606 9 INFO neutron.db.ovn_revision_numbers_db [None req-08a194f8-fc58-4aba-abd3-d34429fb42fb de4ddd02543d4f84ba72f6716c854d27 b39f6091934e45408f9eb902fc62d2f3 - - default default] Successfully bumped revision number for resource ed086b4e-c086-4607-bc9f-b2b102c89064 (type: ports) to 1
2026-04-12 21:54:58.634 9 INFO neutron.wsgi [None req-08a194f8-fc58-4aba-abd3-d34429fb42fb de4ddd02543d4f84ba72f6716c854d27 b39f6091934e45408f9eb902fc62d2f3 - - default default] 10.0.0.169 "POST /v2.0/networks HTTP/1.1" status: 201 len: 830 time: 0.5914879
2026-04-12 21:54:58.646 9 WARNING neutron_lib.context [None req-fbd5465a-4f13-45d7-9636-09c68705daea de4ddd02543d4f84ba72f6716c854d27 b39f6091934e45408f9eb902fc62d2f3 - - default default] Method 'is_advsvc' is deprecated since 2023.2 release (neutron-lib 3.8.0) and will be removed once support for the old RBAC API policies will be removed from Neutron. Please use method 'is_service_role' instead.
