2026-04-12 21:56:59.623 10 INFO neutron.wsgi [None req-c2620f4f-f038-46ab-b503-529ed5426cfb 22a3fc2aa3b14aeaa657d01c7681cd6d 02edcb80dde94e2e9e960e7b4a3294a9 - - default default] 10.0.0.169 "POST /v2.0/vpn/endpoint-groups HTTP/1.1" status: 201 len: 501 time: 0.0705252
2026-04-12 21:56:59.634 10 WARNING neutron_lib.context [None req-ab77a231-dc40-4c70-b52d-64706acdf77e 22a3fc2aa3b14aeaa657d01c7681cd6d 02edcb80dde94e2e9e960e7b4a3294a9 - - default default] Method 'is_advsvc' is deprecated since 2023.2 release (neutron-lib 3.8.0) and will be removed once support for the old RBAC API policies will be removed from Neutron. Please use method 'is_service_role' instead.
2026-04-12 21:57:00.007 10 INFO neutron.wsgi [req-2c3dad25-7590-450c-806a-3e0632d73af1 req-3d1d4fb0-d8e9-4577-8860-497ac079d028 63db30aabe6d4d468be7e1735a6ffc83 a7707544f00f4d1e8cecf61dde9f6873 - - default default] 10.0.0.241 "GET /v2.0/ports?device_id=d08f283a-d8af-43df-a585-b5c37f477ca1 HTTP/1.1" status: 200 len: 1394 time: 0.1198034
2026-04-12 21:57:00.074 10 INFO neutron.wsgi [req-2c3dad25-7590-450c-806a-3e0632d73af1 req-62f41d03-187a-46e0-9ccc-431580cee42a 63db30aabe6d4d468be7e1735a6ffc83 a7707544f00f4d1e8cecf61dde9f6873 - - default default] 10.0.0.241 "GET /v2.0/security-groups?id=6e2cb34b-e80e-4e7f-a226-45a23df2792a&fields=id&fields=name HTTP/1.1" status: 200 len: 310 time: 0.0509441
2026-04-12 21:57:00.155 9 WARNING neutron.plugins.ml2.drivers.ovn.mech_driver.ovsdb.ovn_client [None req-970bc591-b6c6-406a-8750-062f221bc339 - - - - - -] No hosting information found for port 5461a0f4-f10e-4329-8467-7fb93f3ee5d4: RuntimeError: No hosting information found for port 5461a0f4-f10e-4329-8467-7fb93f3ee5d4
2026-04-12 21:57:00.155 9 INFO neutron.plugins.ml2.drivers.ovn.mech_driver.mech_driver [None req-970bc591-b6c6-406a-8750-062f221bc339 - - - - - -] OVN reports status up for port: a2c18752-e69f-4908-a990-5b1467bd68da
2026-04-12 21:57:00.162 9 INFO neutron.plugins.ml2.plugin [None req-970bc591-b6c6-406a-8750-062f221bc339 - - - - - -] Attempt 1 to provision port a2c18752-e69f-4908-a990-5b1467bd68da
2026-04-12 21:57:00.733 10 INFO neutron.db.ovn_revision_numbers_db [None req-ab77a231-dc40-4c70-b52d-64706acdf77e 22a3fc2aa3b14aeaa657d01c7681cd6d 02edcb80dde94e2e9e960e7b4a3294a9 - - default default] Successfully bumped revision number for resource 1f888fa3-01d9-47ba-94af-f46fc138673d (type: routers) to 6
2026-04-12 21:57:00.774 10 INFO neutron.wsgi [None req-ab77a231-dc40-4c70-b52d-64706acdf77e 22a3fc2aa3b14aeaa657d01c7681cd6d 02edcb80dde94e2e9e960e7b4a3294a9 - - default default] 10.0.0.169 "POST /v2.0/vpn/ipsec-site-connections HTTP/1.1" status: 201 len: 1043 time: 1.1450298
2026-04-12 21:57:01.438 10 INFO neutron.db.ovn_revision_numbers_db [None req-84d2ad7b-cfe0-4ddf-a782-abc83f8f3289 22a3fc2aa3b14aeaa657d01c7681cd6d 02edcb80dde94e2e9e960e7b4a3294a9 - - default default] Successfully bumped revision number for resource 1f888fa3-01d9-47ba-94af-f46fc138673d (type: routers) to 7
2026-04-12 21:57:01.461 10 INFO neutron.wsgi [None req-84d2ad7b-cfe0-4ddf-a782-abc83f8f3289 22a3fc2aa3b14aeaa657d01c7681cd6d 02edcb80dde94e2e9e960e7b4a3294a9 - - default default] 10.0.0.169 "DELETE /v2.0/vpn/ipsec-site-connections/7ea65233-223c-4e0c-be95-2952991c6fbf HTTP/1.1" status: 204 len: 168 time: 0.6816640
2026-04-12 21:57:01.480 10 INFO neutron.wsgi [None req-f619d6ac-e6ff-4769-a20b-2db4b0a8042e 22a3fc2aa3b14aeaa657d01c7681cd6d 02edcb80dde94e2e9e960e7b4a3294a9 - - default default] 10.0.0.169 "GET /v2.0/vpn/ipsec-site-connections HTTP/1.1" status: 200 len: 989 time: 0.0135229
2026-04-12 21:57:01.493 10 INFO neutron.api.v2.resource [None req-db8b2628-98cd-4291-8f5c-94f87a21b3e1 22a3fc2aa3b14aeaa657d01c7681cd6d 02edcb80dde94e2e9e960e7b4a3294a9 - - default default] delete failed (client error): The resource could not be found.
2026-04-12 21:57:01.495 10 INFO neutron.wsgi [None req-db8b2628-98cd-4291-8f5c-94f87a21b3e1 22a3fc2aa3b14aeaa657d01c7681cd6d 02edcb80dde94e2e9e960e7b4a3294a9 - - default default] 10.0.0.169 "DELETE /v2.0/vpn/ipsec-site-connections/7ea65233-223c-4e0c-be95-2952991c6fbf HTTP/1.1" status: 404 len: 355 time: 0.0098910
2026-04-12 21:57:01.516 10 INFO neutron.wsgi [None req-c3d988ec-3584-4461-9b57-876f317013c9 22a3fc2aa3b14aeaa657d01c7681cd6d 02edcb80dde94e2e9e960e7b4a3294a9 - - default default] 10.0.0.169 "GET /v2.0/vpn/endpoint-groups HTTP/1.1" status: 200 len: 1382 time: 0.0160241
2026-04-12 21:57:01.555 10 INFO neutron.wsgi [None req-646837db-ab51-4922-ae82-871ded438522 22a3fc2aa3b14aeaa657d01c7681cd6d 02edcb80dde94e2e9e960e7b4a3294a9 - - default default] 10.0.0.169 "DELETE /v2.0/vpn/endpoint-groups/b9e386de-3c85-44b9-98b5-9c942434087b HTTP/1.1" status: 204 len: 168 time: 0.0331762
2026-04-12 21:57:01.574 10 INFO neutron.wsgi [None req-ce2a4ccc-5470-4ef1-a3ce-e574c5f44232 22a3fc2aa3b14aeaa657d01c7681cd6d 02edcb80dde94e2e9e960e7b4a3294a9 - - default default] 10.0.0.169 "GET /v2.0/vpn/endpoint-groups HTTP/1.1" status: 200 len: 1097 time: 0.0133724
2026-04-12 21:57:01.596 9 INFO neutron.wsgi [None req-c6622505-2ba9-4ae9-bb79-b046e360f301 22a3fc2aa3b14aeaa657d01c7681cd6d 02edcb80dde94e2e9e960e7b4a3294a9 - - default default] 10.0.0.169 "GET /v2.0/vpn/endpoint-groups HTTP/1.1" status: 200 len: 1097 time: 0.0141118
2026-04-12 21:57:01.639 9 INFO neutron.wsgi [None req-f5e3debe-f6e2-4d70-a7c7-c102da28f347 22a3fc2aa3b14aeaa657d01c7681cd6d 02edcb80dde94e2e9e960e7b4a3294a9 - - default default] 10.0.0.169 "DELETE /v2.0/vpn/endpoint-groups/2e93e943-4ad7-404d-bafd-98d074634ff5 HTTP/1.1" status: 204 len: 168 time: 0.0375783
2026-04-12 21:57:01.656 9 INFO neutron.wsgi [None req-6a324351-bb25-4266-a73b-c91218662e71 22a3fc2aa3b14aeaa657d01c7681cd6d 02edcb80dde94e2e9e960e7b4a3294a9 - - default default] 10.0.0.169 "GET /v2.0/vpn/endpoint-groups HTTP/1.1" status: 200 len: 825 time: 0.0124707
2026-04-12 21:57:01.667 9 WARNING neutron_lib.context [None req-ed467bdf-8dfc-40e2-baa5-e7791a9a6883 22a3fc2aa3b14aeaa657d01c7681cd6d 02edcb80dde94e2e9e960e7b4a3294a9 - - default default] Method 'is_advsvc' is deprecated since 2023.2 release (neutron-lib 3.8.0) and will be removed once support for the old RBAC API policies will be removed from Neutron. Please use method 'is_service_role' instead.
2026-04-12 21:57:02.765 9 INFO neutron.db.ovn_revision_numbers_db [None req-ed467bdf-8dfc-40e2-baa5-e7791a9a6883 22a3fc2aa3b14aeaa657d01c7681cd6d 02edcb80dde94e2e9e960e7b4a3294a9 - - default default] Successfully bumped revision number for resource 1f888fa3-01d9-47ba-94af-f46fc138673d (type: routers) to 8
2026-04-12 21:57:02.799 9 INFO neutron.wsgi [None req-ed467bdf-8dfc-40e2-baa5-e7791a9a6883 22a3fc2aa3b14aeaa657d01c7681cd6d 02edcb80dde94e2e9e960e7b4a3294a9 - - default default] 10.0.0.169 "POST /v2.0/vpn/ipsec-site-connections HTTP/1.1" status: 201 len: 1002 time: 1.1368506
2026-04-12 21:57:03.347 9 INFO neutron.db.ovn_revision_numbers_db [None req-f7f694b1-3d28-4df1-ab2b-4fde4095bd1b 22a3fc2aa3b14aeaa657d01c7681cd6d 02edcb80dde94e2e9e960e7b4a3294a9 - - default default] Successfully bumped revision number for resource 1f888fa3-01d9-47ba-94af-f46fc138673d (type: routers) to 9
2026-04-12 21:57:03.390 9 INFO neutron.wsgi [None req-f7f694b1-3d28-4df1-ab2b-4fde4095bd1b 22a3fc2aa3b14aeaa657d01c7681cd6d 02edcb80dde94e2e9e960e7b4a3294a9 - - default default] 10.0.0.169 "DELETE /v2.0/vpn/ipsec-site-connections/556f791e-f75d-4063-ad91-0beb3df12f24 HTTP/1.1" status: 204 len: 168 time: 0.5854683
2026-04-12 21:57:03.407 9 INFO neutron.wsgi [None req-8328436b-7c07-4ceb-9f1e-b185dcff6b74 22a3fc2aa3b14aeaa657d01c7681cd6d 02edcb80dde94e2e9e960e7b4a3294a9 - - default default] 10.0.0.169 "GET /v2.0/vpn/ipsec-site-connections HTTP/1.1" status: 200 len: 989 time: 0.0126014
2026-04-12 21:57:03.419 9 INFO neutron.api.v2.resource [None req-6b734744-e5fa-4e33-94f6-4717bca74cf4 22a3fc2aa3b14aeaa657d01c7681cd6d 02edcb80dde94e2e9e960e7b4a3294a9 - - default default] delete failed (client error): The resource could not be found.
2026-04-12 21:57:03.420 9 INFO neutron.wsgi [None req-6b734744-e5fa-4e33-94f6-4717bca74cf4 22a3fc2aa3b14aeaa657d01c7681cd6d 02edcb80dde94e2e9e960e7b4a3294a9 - - default default] 10.0.0.169 "DELETE /v2.0/vpn/ipsec-site-connections/556f791e-f75d-4063-ad91-0beb3df12f24 HTTP/1.1" status: 404 len: 355 time: 0.0077178
2026-04-12 21:57:03.431 9 WARNING neutron_lib.context [None req-ac562abc-dfb5-45aa-a426-917f79d9caf8 22a3fc2aa3b14aeaa657d01c7681cd6d 02edcb80dde94e2e9e960e7b4a3294a9 - - default default] Method 'is_advsvc' is deprecated since 2023.2 release (neutron-lib 3.8.0) and will be removed once support for the old RBAC API policies will be removed from Neutron. Please use method 'is_service_role' instead.
2026-04-12 21:57:03.465 9 INFO neutron.wsgi [None req-ac562abc-dfb5-45aa-a426-917f79d9caf8 22a3fc2aa3b14aeaa657d01c7681cd6d 02edcb80dde94e2e9e960e7b4a3294a9 - - default default] 10.0.0.169 "POST /v2.0/vpn/endpoint-groups HTTP/1.1" status: 201 len: 488 time: 0.0401440
2026-04-12 21:57:03.491 9 INFO neutron.wsgi [None req-90c4c60a-fdec-4bcd-ae63-8ebf28d56b59 22a3fc2aa3b14aeaa657d01c7681cd6d 02edcb80dde94e2e9e960e7b4a3294a9 - - default default] 10.0.0.169 "PUT /v2.0/vpn/endpoint-groups/fa9b55ac-4c6a-4493-9c88-59f3a4985756 HTTP/1.1" status: 200 len: 483 time: 0.0210187
2026-04-12 21:57:03.506 9 INFO neutron.wsgi [None req-be5e5a85-0dea-4dd7-a69a-3ec4f2053924 22a3fc2aa3b14aeaa657d01c7681cd6d 02edcb80dde94e2e9e960e7b4a3294a9 - - default default] 10.0.0.169 "GET /v2.0/vpn/endpoint-groups/fa9b55ac-4c6a-4493-9c88-59f3a4985756 HTTP/1.1" status: 200 len: 483 time: 0.0104935
2026-04-12 21:57:03.534 9 INFO neutron.wsgi [None req-e99ea6fc-d4f5-4c3b-8e97-27d008b82c0a 22a3fc2aa3b14aeaa657d01c7681cd6d 02edcb80dde94e2e9e960e7b4a3294a9 - - default default] 10.0.0.169 "DELETE /v2.0/vpn/endpoint-groups/fa9b55ac-4c6a-4493-9c88-59f3a4985756 HTTP/1.1" status: 204 len: 168 time: 0.0215044
2026-04-12 21:57:03.555 9 INFO neutron.wsgi [None req-f6cd8dd1-1e11-458e-991b-00793834967f 22a3fc2aa3b14aeaa657d01c7681cd6d 02edcb80dde94e2e9e960e7b4a3294a9 - - default default] 10.0.0.169 "GET /v2.0/vpn/endpoint-groups HTTP/1.1" status: 200 len: 825 time: 0.0169106
2026-04-12 21:57:03.574 10 INFO neutron.wsgi [None req-b2a04799-18fb-49ed-90fc-4ab765080fda 22a3fc2aa3b14aeaa657d01c7681cd6d 02edcb80dde94e2e9e960e7b4a3294a9 - - default default] 10.0.0.169 "GET /v2.0/vpn/endpoint-groups HTTP/1.1" status: 200 len: 825 time: 0.0138350
2026-04-12 21:57:03.586 10 WARNING neutron_lib.context [None req-bd5655d8-62e3-49b1-8052-d467c5bdfb70 22a3fc2aa3b14aeaa657d01c7681cd6d 02edcb80dde94e2e9e960e7b4a3294a9 - - default default] Method 'is_advsvc' is deprecated since 2023.2 release (neutron-lib 3.8.0) and will be removed once support for the old RBAC API policies will be removed from Neutron. Please use method 'is_service_role' instead.
2026-04-12 21:57:03.624 10 INFO neutron.wsgi [None req-bd5655d8-62e3-49b1-8052-d467c5bdfb70 22a3fc2aa3b14aeaa657d01c7681cd6d 02edcb80dde94e2e9e960e7b4a3294a9 - - default default] 10.0.0.169 "POST /v2.0/vpn/ikepolicies HTTP/1.1" status: 201 len: 602 time: 0.0435944
2026-04-12 21:57:03.653 10 INFO neutron.wsgi [None req-8f4c842b-c87e-4baa-ab7f-134c79528556 22a3fc2aa3b14aeaa657d01c7681cd6d 02edcb80dde94e2e9e960e7b4a3294a9 - - default default] 10.0.0.169 "PUT /v2.0/vpn/ikepolicies/cdbddd32-6809-4fcb-8b27-a2ca4b8220bd HTTP/1.1" status: 200 len: 612 time: 0.0250733
2026-04-12 21:57:03.666 10 INFO neutron.wsgi [None req-8bcda4d7-b216-4208-8352-517a72f46a75 22a3fc2aa3b14aeaa657d01c7681cd6d 02edcb80dde94e2e9e960e7b4a3294a9 - - default default] 10.0.0.169 "GET /v2.0/vpn/ikepolicies/cdbddd32-6809-4fcb-8b27-a2ca4b8220bd HTTP/1.1" status: 200 len: 612 time: 0.0089431
2026-04-12 21:57:03.692 10 INFO neutron.wsgi [None req-d90db785-6e1a-48fc-9acd-ea26763d33cf 22a3fc2aa3b14aeaa657d01c7681cd6d 02edcb80dde94e2e9e960e7b4a3294a9 - - default default] 10.0.0.169 "DELETE /v2.0/vpn/ikepolicies/cdbddd32-6809-4fcb-8b27-a2ca4b8220bd HTTP/1.1" status: 204 len: 168 time: 0.0207250
2026-04-12 21:57:03.705 10 INFO neutron.wsgi [None req-393255ef-d139-44fa-8840-b6e28f8b5237 22a3fc2aa3b14aeaa657d01c7681cd6d 02edcb80dde94e2e9e960e7b4a3294a9 - - default default] 10.0.0.169 "GET /v2.0/vpn/ikepolicies HTTP/1.1" status: 200 len: 601 time: 0.0092661
2026-04-12 21:57:03.717 10 INFO neutron.wsgi [None req-a49c26a7-6f4f-4f1e-a712-638936dc9734 22a3fc2aa3b14aeaa657d01c7681cd6d 02edcb80dde94e2e9e960e7b4a3294a9 - - default default] 10.0.0.169 "GET /v2.0/vpn/ikepolicies HTTP/1.1" status: 200 len: 601 time: 0.0082076
2026-04-12 21:57:03.724 10 WARNING neutron_lib.context [None req-1fb4597a-fa63-424f-a1f2-489702d0d5ae 22a3fc2aa3b14aeaa657d01c7681cd6d 02edcb80dde94e2e9e960e7b4a3294a9 - - default default] Method 'is_advsvc' is deprecated since 2023.2 release (neutron-lib 3.8.0) and will be removed once support for the old RBAC API policies will be removed from Neutron. Please use method 'is_service_role' instead.
2026-04-12 21:57:03.759 10 INFO neutron.wsgi [None req-1fb4597a-fa63-424f-a1f2-489702d0d5ae 22a3fc2aa3b14aeaa657d01c7681cd6d 02edcb80dde94e2e9e960e7b4a3294a9 - - default default] 10.0.0.169 "POST /v2.0/vpn/ipsecpolicies HTTP/1.1" status: 201 len: 611 time: 0.0379219
2026-04-12 21:57:03.793 10 INFO neutron.wsgi [None req-d803ae1f-236e-492d-9ea7-c3096f8c3820 22a3fc2aa3b14aeaa657d01c7681cd6d 02edcb80dde94e2e9e960e7b4a3294a9 - - default default] 10.0.0.169 "PUT /v2.0/vpn/ipsecpolicies/7c7607f7-6c46-4f70-8337-4652d935b19d HTTP/1.1" status: 200 len: 624 time: 0.0294349
2026-04-12 21:57:03.830 10 INFO neutron.wsgi [None req-88a8fefc-aba4-4851-9d1b-507daebf5111 22a3fc2aa3b14aeaa657d01c7681cd6d 02edcb80dde94e2e9e960e7b4a3294a9 - - default default] 10.0.0.169 "DELETE /v2.0/vpn/ipsecpolicies/7c7607f7-6c46-4f70-8337-4652d935b19d HTTP/1.1" status: 204 len: 168 time: 0.0316329
2026-04-12 21:57:03.846 10 INFO neutron.api.v2.resource [None req-5cbc5475-d572-4996-a4ea-fca42a8e284a 22a3fc2aa3b14aeaa657d01c7681cd6d 02edcb80dde94e2e9e960e7b4a3294a9 - - default default] delete failed (client error): The resource could not be found.
2026-04-12 21:57:03.848 10 INFO neutron.wsgi [None req-5cbc5475-d572-4996-a4ea-fca42a8e284a 22a3fc2aa3b14aeaa657d01c7681cd6d 02edcb80dde94e2e9e960e7b4a3294a9 - - default default] 10.0.0.169 "DELETE /v2.0/vpn/ipsecpolicies/7c7607f7-6c46-4f70-8337-4652d935b19d HTTP/1.1" status: 404 len: 346 time: 0.0108323
2026-04-12 21:57:03.858 10 INFO neutron.api.v2.resource [None req-c41a5a1d-c62f-40aa-ad12-f4eaed77ae91 22a3fc2aa3b14aeaa657d01c7681cd6d 02edcb80dde94e2e9e960e7b4a3294a9 - - default default] delete failed (client error): The resource could not be found.
2026-04-12 21:57:03.859 10 INFO neutron.wsgi [None req-c41a5a1d-c62f-40aa-ad12-f4eaed77ae91 22a3fc2aa3b14aeaa657d01c7681cd6d 02edcb80dde94e2e9e960e7b4a3294a9 - - default default] 10.0.0.169 "DELETE /v2.0/vpn/ipsecpolicies/7c7607f7-6c46-4f70-8337-4652d935b19d HTTP/1.1" status: 404 len: 346 time: 0.0075812
2026-04-12 21:57:03.868 10 WARNING neutron_lib.context [None req-017b6fc4-38e8-4e73-a501-9d78f8541922 22a3fc2aa3b14aeaa657d01c7681cd6d 02edcb80dde94e2e9e960e7b4a3294a9 - - default default] Method 'is_advsvc' is deprecated since 2023.2 release (neutron-lib 3.8.0) and will be removed once support for the old RBAC API policies will be removed from Neutron. Please use method 'is_service_role' instead.
2026-04-12 21:57:03.950 10 INFO neutron.db.segments_db [None req-017b6fc4-38e8-4e73-a501-9d78f8541922 22a3fc2aa3b14aeaa657d01c7681cd6d 02edcb80dde94e2e9e960e7b4a3294a9 - - default default] Added segment fb192259-af37-4393-91bb-2a9a8c05f19b of type geneve for network 8b473a15-0f15-4447-8baf-046b3c6a3786
2026-04-12 21:57:04.108 10 INFO neutron.db.ovn_revision_numbers_db [None req-017b6fc4-38e8-4e73-a501-9d78f8541922 22a3fc2aa3b14aeaa657d01c7681cd6d 02edcb80dde94e2e9e960e7b4a3294a9 - - default default] Successfully bumped revision number for resource 8b473a15-0f15-4447-8baf-046b3c6a3786 (type: networks) to 1
2026-04-12 21:57:04.330 10 WARNING neutron.scheduler.dhcp_agent_scheduler [None req-017b6fc4-38e8-4e73-a501-9d78f8541922 22a3fc2aa3b14aeaa657d01c7681cd6d 02edcb80dde94e2e9e960e7b4a3294a9 - - default default] No more DHCP agents
2026-04-12 21:57:04.332 10 WARNING neutron.api.rpc.agentnotifiers.dhcp_rpc_agent_api [None req-017b6fc4-38e8-4e73-a501-9d78f8541922 22a3fc2aa3b14aeaa657d01c7681cd6d 02edcb80dde94e2e9e960e7b4a3294a9 - - default default] Unable to schedule network 8b473a15-0f15-4447-8baf-046b3c6a3786: no agents available; will retry on subsequent port and subnet creation events.
2026-04-12 21:57:04.420 10 INFO neutron.db.ovn_revision_numbers_db [None req-017b6fc4-38e8-4e73-a501-9d78f8541922 22a3fc2aa3b14aeaa657d01c7681cd6d 02edcb80dde94e2e9e960e7b4a3294a9 - - default default] Successfully bumped revision number for resource 03679e9b-273b-4294-bc93-9736b0670a55 (type: ports) to 1
2026-04-12 21:57:04.444 10 INFO neutron.wsgi [None req-017b6fc4-38e8-4e73-a501-9d78f8541922 22a3fc2aa3b14aeaa657d01c7681cd6d 02edcb80dde94e2e9e960e7b4a3294a9 - - default default] 10.0.0.169 "POST /v2.0/networks HTTP/1.1" status: 201 len: 830 time: 0.5808880
2026-04-12 21:57:04.455 10 WARNING neutron_lib.context [None req-a01ae467-01cb-4016-9e0b-da4dd6aa7cf0 22a3fc2aa3b14aeaa657d01c7681cd6d 02edcb80dde94e2e9e960e7b4a3294a9 - - default default] Method 'is_advsvc' is deprecated since 2023.2 release (neutron-lib 3.8.0) and will be removed once support for the old RBAC API policies will be removed from Neutron. Please use method 'is_service_role' instead.
2026-04-12 21:57:04.528 9 INFO neutron.wsgi [req-f3297533-2b62-4c45-8242-cb45aba44d4c req-11148172-baf3-4fd0-be96-0b8f3a2b20a9 604f38dedab04366942f972aa856ac71 1bd2e5467d01435baa48dc817c8e3130 - - 93503bf48b7f40a88d62655bab932e37 93503bf48b7f40a88d62655bab932e37] 199.204.45.144 "GET /v2.0/ports?device_id=89731ae0-ed46-4a33-a3e4-f9acfd6ced9f&fields=binding%3Ahost_id&fields=binding%3Avif_type HTTP/1.1" status: 200 len: 265 time: 0.0553110
2026-04-12 21:57:04.560 10 INFO neutron.wsgi [-] 10.0.0.214 "GET / HTTP/1.1" status: 200 len: 247 time: 0.0022435
2026-04-12 21:57:04.562 9 INFO neutron.wsgi [-] 10.0.0.214 "GET / HTTP/1.1" status: 200 len: 247 time: 0.0033095
2026-04-12 21:57:04.624 9 INFO neutron.wsgi [req-f3297533-2b62-4c45-8242-cb45aba44d4c req-7dddaab1-b18c-4850-b223-787ea02f70b3 604f38dedab04366942f972aa856ac71 1bd2e5467d01435baa48dc817c8e3130 - - 93503bf48b7f40a88d62655bab932e37 93503bf48b7f40a88d62655bab932e37] 199.204.45.144 "GET /v2.0/ports?tenant_id=3a47115d5a84423a9ff9e23c129c79f0&device_id=89731ae0-ed46-4a33-a3e4-f9acfd6ced9f HTTP/1.1" status: 200 len: 1448 time: 0.0431828
2026-04-12 21:57:04.697 10 WARNING neutron.scheduler.dhcp_agent_scheduler [None req-a01ae467-01cb-4016-9e0b-da4dd6aa7cf0 22a3fc2aa3b14aeaa657d01c7681cd6d 02edcb80dde94e2e9e960e7b4a3294a9 - - default default] No more DHCP agents
2026-04-12 21:57:04.699 10 WARNING neutron.api.rpc.agentnotifiers.dhcp_rpc_agent_api [None req-a01ae467-01cb-4016-9e0b-da4dd6aa7cf0 22a3fc2aa3b14aeaa657d01c7681cd6d 02edcb80dde94e2e9e960e7b4a3294a9 - - default default] Unable to schedule network 8b473a15-0f15-4447-8baf-046b3c6a3786: no agents available; will retry on subsequent port and subnet creation events.
2026-04-12 21:57:04.705 9 INFO neutron.wsgi [req-f3297533-2b62-4c45-8242-cb45aba44d4c req-86314dac-2c80-40fa-9e06-4b5eea9a1812 604f38dedab04366942f972aa856ac71 1bd2e5467d01435baa48dc817c8e3130 - - 93503bf48b7f40a88d62655bab932e37 93503bf48b7f40a88d62655bab932e37] 199.204.45.144 "GET /v2.0/networks?id=395e018b-ed9f-4b20-bb61-064ef2e6a4f7 HTTP/1.1" status: 200 len: 970 time: 0.0602577
2026-04-12 21:57:04.750 9 INFO neutron.wsgi [req-f3297533-2b62-4c45-8242-cb45aba44d4c req-5a0c02a1-c993-43c9-baa2-bf7549eba9b4 604f38dedab04366942f972aa856ac71 1bd2e5467d01435baa48dc817c8e3130 - - 93503bf48b7f40a88d62655bab932e37 93503bf48b7f40a88d62655bab932e37] 199.204.45.144 "GET /v2.0/floatingips?fixed_ip_address=10.100.0.8&port_id=af3aab2c-fdfd-4a0e-8dab-cc988aecbf35 HTTP/1.1" status: 200 len: 1059 time: 0.0396550
2026-04-12 21:57:04.785 9 INFO neutron.wsgi [req-f3297533-2b62-4c45-8242-cb45aba44d4c req-8128242f-b34b-41ea-ba05-996904a0c18e 604f38dedab04366942f972aa856ac71 1bd2e5467d01435baa48dc817c8e3130 - - 93503bf48b7f40a88d62655bab932e37 93503bf48b7f40a88d62655bab932e37] 199.204.45.144 "GET /v2.0/subnets?id=23796375-4a6c-48b4-b080-5cde6d7b12e8 HTTP/1.1" status: 200 len: 865 time: 0.0288804
2026-04-12 21:57:04.811 9 INFO neutron.wsgi [req-f3297533-2b62-4c45-8242-cb45aba44d4c req-f3e6a5e0-fcb9-42ba-81fe-2fb891065549 604f38dedab04366942f972aa856ac71 1bd2e5467d01435baa48dc817c8e3130 - - 93503bf48b7f40a88d62655bab932e37 93503bf48b7f40a88d62655bab932e37] 199.204.45.144 "GET /v2.0/ports?network_id=395e018b-ed9f-4b20-bb61-064ef2e6a4f7&device_owner=network%3Adhcp HTTP/1.1" status: 200 len: 210 time: 0.0222747
2026-04-12 21:57:04.871 9 INFO neutron.wsgi [req-f3297533-2b62-4c45-8242-cb45aba44d4c req-a87e3a0b-9d31-423b-9968-05030f21b336 604f38dedab04366942f972aa856ac71 1bd2e5467d01435baa48dc817c8e3130 - - 93503bf48b7f40a88d62655bab932e37 93503bf48b7f40a88d62655bab932e37] 199.204.45.144 "GET /v2.0/networks/395e018b-ed9f-4b20-bb61-064ef2e6a4f7?fields=segments HTTP/1.1" status: 200 len: 212 time: 0.0519915
2026-04-12 21:57:04.944 9 INFO neutron.wsgi [req-f3297533-2b62-4c45-8242-cb45aba44d4c req-46d46cf2-c399-426e-90c7-7a02d7b807fc 604f38dedab04366942f972aa856ac71 1bd2e5467d01435baa48dc817c8e3130 - - 93503bf48b7f40a88d62655bab932e37 93503bf48b7f40a88d62655bab932e37] 199.204.45.144 "GET /v2.0/networks/395e018b-ed9f-4b20-bb61-064ef2e6a4f7?fields=provider%3Aphysical_network&fields=provider%3Anetwork_type HTTP/1.1" status: 200 len: 277 time: 0.0660315
2026-04-12 21:57:05.232 9 INFO neutron.wsgi [req-dc9cd3a0-f2fa-4bbb-a682-c3f9331e0536 req-a81a994a-7d00-4b2d-b1a9-2f6a046388c9 63db30aabe6d4d468be7e1735a6ffc83 a7707544f00f4d1e8cecf61dde9f6873 - - default default] 10.0.0.241 "GET /v2.0/ports?device_id=d08f283a-d8af-43df-a585-b5c37f477ca1 HTTP/1.1" status: 200 len: 1394 time: 0.0880647
2026-04-12 21:57:05.266 10 INFO neutron.db.ovn_revision_numbers_db [None req-a01ae467-01cb-4016-9e0b-da4dd6aa7cf0 22a3fc2aa3b14aeaa657d01c7681cd6d 02edcb80dde94e2e9e960e7b4a3294a9 - - default default] Successfully bumped revision number for resource 03679e9b-273b-4294-bc93-9736b0670a55 (type: ports) to 2
2026-04-12 21:57:05.296 9 INFO neutron.wsgi [req-dc9cd3a0-f2fa-4bbb-a682-c3f9331e0536 req-827ad775-1b55-42b2-bb19-bf119bab86f0 63db30aabe6d4d468be7e1735a6ffc83 a7707544f00f4d1e8cecf61dde9f6873 - - default default] 10.0.0.241 "GET /v2.0/security-groups?id=6e2cb34b-e80e-4e7f-a226-45a23df2792a&fields=id&fields=name HTTP/1.1" status: 200 len: 310 time: 0.0495574
2026-04-12 21:57:05.316 10 INFO neutron.db.ovn_revision_numbers_db [None req-a01ae467-01cb-4016-9e0b-da4dd6aa7cf0 22a3fc2aa3b14aeaa657d01c7681cd6d 02edcb80dde94e2e9e960e7b4a3294a9 - - default default] Successfully bumped revision number for resource a6bf9ce5-7521-4e05-8ca7-da75b25d9bc0 (type: subnets) to 0
2026-04-12 21:57:05.333 10 INFO neutron.wsgi [None req-a01ae467-01cb-4016-9e0b-da4dd6aa7cf0 22a3fc2aa3b14aeaa657d01c7681cd6d 02edcb80dde94e2e9e960e7b4a3294a9 - - default default] 10.0.0.169 "POST /v2.0/subnets HTTP/1.1" status: 201 len: 804 time: 0.8839583
2026-04-12 21:57:05.343 10 WARNING neutron_lib.context [None req-9b50411e-fc9f-454b-88e3-a8028f959bb7 22a3fc2aa3b14aeaa657d01c7681cd6d 02edcb80dde94e2e9e960e7b4a3294a9 - - default default] Method 'is_advsvc' is deprecated since 2023.2 release (neutron-lib 3.8.0) and will be removed once support for the old RBAC API policies will be removed from Neutron. Please use method 'is_service_role' instead.
2026-04-12 21:57:05.704 9 WARNING neutron.plugins.ml2.drivers.ovn.mech_driver.ovsdb.ovn_client [None req-970bc591-b6c6-406a-8750-062f221bc339 - - - - - -] No hosting information found for port a2c18752-e69f-4908-a990-5b1467bd68da: RuntimeError: No hosting information found for port a2c18752-e69f-4908-a990-5b1467bd68da
2026-04-12 21:57:05.704 9 INFO neutron.plugins.ml2.drivers.ovn.mech_driver.mech_driver [None req-970bc591-b6c6-406a-8750-062f221bc339 - - - - - -] OVN reports status up for port: 46bde59e-0976-475a-932e-0df182c4f4d3
2026-04-12 21:57:05.718 9 INFO neutron.plugins.ml2.plugin [None req-970bc591-b6c6-406a-8750-062f221bc339 - - - - - -] Attempt 1 to provision port 46bde59e-0976-475a-932e-0df182c4f4d3
2026-04-12 21:57:05.874 9 INFO neutron.notifiers.nova [-] Nova event matching ['req-0bfbc994-4cfe-44d6-862d-35923d729344'] response: {'server_uuid': 'd08f283a-d8af-43df-a585-b5c37f477ca1', 'name': 'network-vif-plugged', 'status': 'completed', 'tag': '46bde59e-0976-475a-932e-0df182c4f4d3', 'code': 200}
2026-04-12 21:57:06.002 10 WARNING neutron.scheduler.dhcp_agent_scheduler [None req-9b50411e-fc9f-454b-88e3-a8028f959bb7 22a3fc2aa3b14aeaa657d01c7681cd6d 02edcb80dde94e2e9e960e7b4a3294a9 - - default default] No more DHCP agents
2026-04-12 21:57:06.003 10 WARNING neutron.api.rpc.agentnotifiers.dhcp_rpc_agent_api [None req-9b50411e-fc9f-454b-88e3-a8028f959bb7 22a3fc2aa3b14aeaa657d01c7681cd6d 02edcb80dde94e2e9e960e7b4a3294a9 - - default default] Unable to schedule network 047c664c-a573-4e50-99dd-dda97e845eb7: no agents available; will retry on subsequent port and subnet creation events.
2026-04-12 21:57:06.084 9 INFO neutron.db.ovn_revision_numbers_db [None req-970bc591-b6c6-406a-8750-062f221bc339 - - - - - -] Successfully bumped revision number for resource 46bde59e-0976-475a-932e-0df182c4f4d3 (type: ports) to 4
2026-04-12 21:57:06.145 9 INFO neutron.plugins.ml2.drivers.ovn.mech_driver.mech_driver [None req-970bc591-b6c6-406a-8750-062f221bc339 - - - - - -] OVN reports status up for port: 43ff5ea5-67fe-4ca2-90a5-66d7edf06ced
2026-04-12 21:57:06.170 10 INFO neutron.db.ovn_revision_numbers_db [None req-9b50411e-fc9f-454b-88e3-a8028f959bb7 22a3fc2aa3b14aeaa657d01c7681cd6d 02edcb80dde94e2e9e960e7b4a3294a9 - - default default] Successfully bumped revision number for resource 6b1eb7b8-2ae8-47e4-9bef-940765b9d01b (type: ports) to 1
2026-04-12 21:57:07.132 10 INFO neutron.plugins.ml2.drivers.ovn.mech_driver.ovsdb.commands [None req-b8fecee4-75d1-487e-9ec4-87e5853dae94 - - - - - -] Schedule LRP lrp-6b1eb7b8-2ae8-47e4-9bef-940765b9d01b on gateway e718b189-ec62-4cb9-abe5-da49ec23c92f with priority 1
2026-04-12 21:57:07.149 9 INFO neutron.plugins.ml2.drivers.ovn.mech_driver.mech_driver [None req-970bc591-b6c6-406a-8750-062f221bc339 - - - - - -] OVN reports status up for port: 6b1eb7b8-2ae8-47e4-9bef-940765b9d01b
2026-04-12 21:57:07.162 9 INFO neutron.plugins.ml2.plugin [None req-970bc591-b6c6-406a-8750-062f221bc339 - - - - - -] Attempt 1 to provision port 6b1eb7b8-2ae8-47e4-9bef-940765b9d01b
2026-04-12 21:57:07.170 10 INFO neutron.db.ovn_revision_numbers_db [None req-9b50411e-fc9f-454b-88e3-a8028f959bb7 22a3fc2aa3b14aeaa657d01c7681cd6d 02edcb80dde94e2e9e960e7b4a3294a9 - - default default] Successfully bumped revision number for resource 6b1eb7b8-2ae8-47e4-9bef-940765b9d01b (type: router_ports) to 1
2026-04-12 21:57:07.261 10 INFO neutron.db.ovn_revision_numbers_db [None req-9b50411e-fc9f-454b-88e3-a8028f959bb7 22a3fc2aa3b14aeaa657d01c7681cd6d 02edcb80dde94e2e9e960e7b4a3294a9 - - default default] Successfully bumped revision number for resource 9e20867e-2faf-4608-baad-57708263a1f7 (type: routers) to 2
2026-04-12 21:57:07.283 10 INFO neutron.wsgi [None req-9b50411e-fc9f-454b-88e3-a8028f959bb7 22a3fc2aa3b14aeaa657d01c7681cd6d 02edcb80dde94e2e9e960e7b4a3294a9 - - default default] 10.0.0.169 "POST /v2.0/routers HTTP/1.1" status: 201 len: 1135 time: 1.9447713 /var/lib/openstack/lib/python3.10/site-packages/pycadf/identifier.py:71: UserWarning: Invalid uuid: neutron. To ensure interoperability, identifiers should be a valid uuid. warnings.warn(('Invalid uuid: %s. To ensure interoperability, '
2026-04-12 21:57:07.895 9 WARNING neutron.scheduler.dhcp_agent_scheduler [None req-358f6261-ea62-4f57-bc3d-31f6da841d73 22a3fc2aa3b14aeaa657d01c7681cd6d 02edcb80dde94e2e9e960e7b4a3294a9 - - default default] No more DHCP agents
2026-04-12 21:57:07.901 9 WARNING neutron.api.rpc.agentnotifiers.dhcp_rpc_agent_api [None req-358f6261-ea62-4f57-bc3d-31f6da841d73 22a3fc2aa3b14aeaa657d01c7681cd6d 02edcb80dde94e2e9e960e7b4a3294a9 - - default default] Unable to schedule network 8b473a15-0f15-4447-8baf-046b3c6a3786: no agents available; will retry on subsequent port and subnet creation events.
2026-04-12 21:57:07.923 9 INFO neutron.notifiers.nova [-] Nova event matching ['req-30ef7dff-8be9-47b6-8434-81f16a2d9f80'] response: {'server_uuid': 'd08f283a-d8af-43df-a585-b5c37f477ca1', 'name': 'network-vif-plugged', 'status': 'completed', 'tag': '46bde59e-0976-475a-932e-0df182c4f4d3', 'code': 200}
2026-04-12 21:57:08.079 9 INFO neutron.db.ovn_revision_numbers_db [None req-358f6261-ea62-4f57-bc3d-31f6da841d73 22a3fc2aa3b14aeaa657d01c7681cd6d 02edcb80dde94e2e9e960e7b4a3294a9 - - default default] Successfully bumped revision number for resource 31034684-b540-4619-ba6e-21d3273ec405 (type: ports) to 1
2026-04-12 21:57:08.986 9 ERROR ovsdbapp.backend.ovs_idl.command [None req-358f6261-ea62-4f57-bc3d-31f6da841d73 22a3fc2aa3b14aeaa657d01c7681cd6d 02edcb80dde94e2e9e960e7b4a3294a9 - - default default] Error executing command (DbGetCommand): ovsdbapp.backend.ovs_idl.idlutils.RowNotFound: Cannot find Logical_Router_Port with name=lrp-31034684-b540-4619-ba6e-21d3273ec405
2026-04-12 21:57:08.986 9 ERROR ovsdbapp.backend.ovs_idl.command
Traceback (most recent call last):
2026-04-12 21:57:08.986 9 ERROR ovsdbapp.backend.ovs_idl.command
File "/var/lib/openstack/lib/python3.10/site-packages/ovsdbapp/backend/ovs_idl/command.py", line 47, in execute
2026-04-12 21:57:08.986 9 ERROR ovsdbapp.backend.ovs_idl.command self.run_idl(None)
2026-04-12 21:57:08.986 9 ERROR ovsdbapp.backend.ovs_idl.command
File "/var/lib/openstack/lib/python3.10/site-packages/ovsdbapp/backend/ovs_idl/command.py", line 235, in run_idl
2026-04-12 21:57:08.986 9 ERROR ovsdbapp.backend.ovs_idl.command record = self.api.lookup(self.table, self.record)
2026-04-12 21:57:08.986 9 ERROR ovsdbapp.backend.ovs_idl.command
File "/var/lib/openstack/lib/python3.10/site-packages/ovsdbapp/backend/ovs_idl/__init__.py", line 184, in lookup
2026-04-12 21:57:08.986 9 ERROR ovsdbapp.backend.ovs_idl.command return self._lookup(table, record)
2026-04-12 21:57:08.986 9 ERROR ovsdbapp.backend.ovs_idl.command
File "/var/lib/openstack/lib/python3.10/site-packages/ovsdbapp/backend/ovs_idl/__init__.py", line 235, in _lookup
2026-04-12 21:57:08.986 9 ERROR ovsdbapp.backend.ovs_idl.command row = idlutils.row_by_value(self, rl.table, rl.column, record)
2026-04-12 21:57:08.986 9 ERROR ovsdbapp.backend.ovs_idl.command
File "/var/lib/openstack/lib/python3.10/site-packages/ovsdbapp/backend/ovs_idl/idlutils.py", line 114, in row_by_value
2026-04-12 21:57:08.986 9 ERROR ovsdbapp.backend.ovs_idl.command raise RowNotFound(table=table, col=column, match=match)
2026-04-12 21:57:08.986 9 ERROR ovsdbapp.backend.ovs_idl.command ovsdbapp.backend.ovs_idl.idlutils.RowNotFound: Cannot find Logical_Router_Port with name=lrp-31034684-b540-4619-ba6e-21d3273ec405
2026-04-12 21:57:08.986 9 ERROR ovsdbapp.backend.ovs_idl.command 
2026-04-12 21:57:08.987 9 ERROR neutron_lib.callbacks.manager [None req-358f6261-ea62-4f57-bc3d-31f6da841d73 22a3fc2aa3b14aeaa657d01c7681cd6d 02edcb80dde94e2e9e960e7b4a3294a9 - - default default] Error during notification for neutron.services.ovn_l3.plugin.OVNL3RouterPlugin._port_update-8777951925999 port, after_update: ovsdbapp.backend.ovs_idl.idlutils.RowNotFound: Cannot find Logical_Router_Port with name=lrp-31034684-b540-4619-ba6e-21d3273ec405
2026-04-12 21:57:08.987 9 ERROR neutron_lib.callbacks.manager
Traceback (most recent call last):
2026-04-12 21:57:08.987 9 ERROR neutron_lib.callbacks.manager
File "/var/lib/openstack/lib/python3.10/site-packages/neutron_lib/callbacks/manager.py", line 189, in _notify_loop
2026-04-12 21:57:08.987 9 ERROR neutron_lib.callbacks.manager callback.method(resource, event, trigger, payload=payload)
2026-04-12 21:57:08.987 9 ERROR neutron_lib.callbacks.manager
File "/var/lib/openstack/lib/python3.10/site-packages/neutron/services/ovn_l3/plugin.py", line 391, in _port_update
2026-04-12 21:57:08.987 9 ERROR neutron_lib.callbacks.manager l3plugin._ovn_client.update_router_port(context,
2026-04-12 21:57:08.987 9 ERROR neutron_lib.callbacks.manager
File "/var/lib/openstack/lib/python3.10/site-packages/neutron/plugins/ml2/drivers/ovn/mech_driver/ovsdb/ovn_client.py", line 1878, in update_router_port
2026-04-12 21:57:08.987 9 ERROR neutron_lib.callbacks.manager self._update_lrouter_port(context, port, if_exists=if_exists,
2026-04-12 21:57:08.987 9 ERROR neutron_lib.callbacks.manager
File "/var/lib/openstack/lib/python3.10/site-packages/neutron/plugins/ml2/drivers/ovn/mech_driver/ovsdb/ovn_client.py", line 1855, in _update_lrouter_port
2026-04-12 21:57:08.987 9 ERROR neutron_lib.callbacks.manager external_ids = self._nb_idl.db_get(
2026-04-12 21:57:08.987 9 ERROR neutron_lib.callbacks.manager
File "/var/lib/openstack/lib/python3.10/site-packages/ovsdbapp/backend/ovs_idl/command.py", line 47, in execute
2026-04-12 21:57:08.987 9 ERROR neutron_lib.callbacks.manager self.run_idl(None)
2026-04-12 21:57:08.987 9 ERROR neutron_lib.callbacks.manager
File "/var/lib/openstack/lib/python3.10/site-packages/ovsdbapp/backend/ovs_idl/command.py", line 235, in run_idl
2026-04-12 21:57:08.987 9 ERROR neutron_lib.callbacks.manager record = self.api.lookup(self.table, self.record)
2026-04-12 21:57:08.987 9 ERROR neutron_lib.callbacks.manager
File "/var/lib/openstack/lib/python3.10/site-packages/ovsdbapp/backend/ovs_idl/__init__.py", line 184, in lookup
2026-04-12 21:57:08.987 9 ERROR neutron_lib.callbacks.manager return self._lookup(table, record)
2026-04-12 21:57:08.987 9 ERROR neutron_lib.callbacks.manager
File "/var/lib/openstack/lib/python3.10/site-packages/ovsdbapp/backend/ovs_idl/__init__.py", line 235, in _lookup
2026-04-12 21:57:08.987 9 ERROR neutron_lib.callbacks.manager row = idlutils.row_by_value(self, rl.table, rl.column, record)
2026-04-12 21:57:08.987 9 ERROR neutron_lib.callbacks.manager
File "/var/lib/openstack/lib/python3.10/site-packages/ovsdbapp/backend/ovs_idl/idlutils.py", line 114, in row_by_value
2026-04-12 21:57:08.987 9 ERROR neutron_lib.callbacks.manager raise RowNotFound(table=table, col=column, match=match)
2026-04-12 21:57:08.987 9 ERROR neutron_lib.callbacks.manager ovsdbapp.backend.ovs_idl.idlutils.RowNotFound: Cannot find Logical_Router_Port with name=lrp-31034684-b540-4619-ba6e-21d3273ec405
2026-04-12 21:57:08.987 9 ERROR neutron_lib.callbacks.manager 
2026-04-12 21:57:09.203 9 INFO neutron.db.ovn_revision_numbers_db [None req-358f6261-ea62-4f57-bc3d-31f6da841d73 22a3fc2aa3b14aeaa657d01c7681cd6d 02edcb80dde94e2e9e960e7b4a3294a9 - - default default] Successfully bumped revision number for resource 31034684-b540-4619-ba6e-21d3273ec405 (type: ports) to 1
2026-04-12 21:57:09.272 9 WARNING neutron.scheduler.dhcp_agent_scheduler [None req-358f6261-ea62-4f57-bc3d-31f6da841d73 22a3fc2aa3b14aeaa657d01c7681cd6d 02edcb80dde94e2e9e960e7b4a3294a9 - - default default] No more DHCP agents
2026-04-12 21:57:09.274 9 WARNING neutron.api.rpc.agentnotifiers.dhcp_rpc_agent_api [None req-358f6261-ea62-4f57-bc3d-31f6da841d73 22a3fc2aa3b14aeaa657d01c7681cd6d 02edcb80dde94e2e9e960e7b4a3294a9 - - default default] Unable to schedule network 8b473a15-0f15-4447-8baf-046b3c6a3786: no agents available; will retry on subsequent port and subnet creation events.
2026-04-12 21:57:09.643 9 INFO neutron.db.ovn_revision_numbers_db [None req-358f6261-ea62-4f57-bc3d-31f6da841d73 22a3fc2aa3b14aeaa657d01c7681cd6d 02edcb80dde94e2e9e960e7b4a3294a9 - - default default] Successfully bumped revision number for resource 31034684-b540-4619-ba6e-21d3273ec405 (type: router_ports) to 1
2026-04-12 21:57:09.653 9 INFO neutron.wsgi [None req-358f6261-ea62-4f57-bc3d-31f6da841d73 22a3fc2aa3b14aeaa657d01c7681cd6d 02edcb80dde94e2e9e960e7b4a3294a9 - - default default] 10.0.0.169 "PUT /v2.0/routers/9e20867e-2faf-4608-baad-57708263a1f7/add_router_interface HTTP/1.1" status: 200 len: 503 time: 2.3593235
2026-04-12 21:57:09.663 9 WARNING neutron_lib.context [None req-93861f48-08cb-4a68-a333-06b15eb10c1f 22a3fc2aa3b14aeaa657d01c7681cd6d 02edcb80dde94e2e9e960e7b4a3294a9 - - default default] Method 'is_advsvc' is deprecated since 2023.2 release (neutron-lib 3.8.0) and will be removed once support for the old RBAC API policies will be removed from Neutron. Please use method 'is_service_role' instead.
2026-04-12 21:57:10.248 9 WARNING neutron.scheduler.dhcp_agent_scheduler [None req-93861f48-08cb-4a68-a333-06b15eb10c1f 22a3fc2aa3b14aeaa657d01c7681cd6d 02edcb80dde94e2e9e960e7b4a3294a9 - - default default] No more DHCP agents
2026-04-12 21:57:10.250 9 WARNING neutron.api.rpc.agentnotifiers.dhcp_rpc_agent_api [None req-93861f48-08cb-4a68-a333-06b15eb10c1f 22a3fc2aa3b14aeaa657d01c7681cd6d 02edcb80dde94e2e9e960e7b4a3294a9 - - default default] Unable to schedule network 047c664c-a573-4e50-99dd-dda97e845eb7: no agents available; will retry on subsequent port and subnet creation events.
2026-04-12 21:57:10.412 9 INFO neutron.db.ovn_revision_numbers_db [None req-93861f48-08cb-4a68-a333-06b15eb10c1f 22a3fc2aa3b14aeaa657d01c7681cd6d 02edcb80dde94e2e9e960e7b4a3294a9 - - default default] Successfully bumped revision number for resource c57be9b6-e832-43a0-9a2d-197ab1db7048 (type: ports) to 1
2026-04-12 21:57:10.515 10 INFO neutron.wsgi [req-a1f4cb50-bd18-436f-b5d9-993df4f8f500 req-5a47dcd5-f5e4-4c02-85f5-8bfb36c5e574 63db30aabe6d4d468be7e1735a6ffc83 a7707544f00f4d1e8cecf61dde9f6873 - - default default] 10.0.0.241 "GET /v2.0/ports?device_id=d08f283a-d8af-43df-a585-b5c37f477ca1 HTTP/1.1" status: 200 len: 1396 time: 0.1478302
2026-04-12 21:57:10.572 10 INFO neutron.wsgi [req-a1f4cb50-bd18-436f-b5d9-993df4f8f500 req-47f2cfef-a7f1-4480-a6a2-4d8c4f91d78f 63db30aabe6d4d468be7e1735a6ffc83 a7707544f00f4d1e8cecf61dde9f6873 - - default default] 10.0.0.241 "GET /v2.0/security-groups?id=6e2cb34b-e80e-4e7f-a226-45a23df2792a&fields=id&fields=name HTTP/1.1" status: 200 len: 310 time: 0.0473106
2026-04-12 21:57:10.653 9 INFO neutron.db.ovn_revision_numbers_db [None req-93861f48-08cb-4a68-a333-06b15eb10c1f 22a3fc2aa3b14aeaa657d01c7681cd6d 02edcb80dde94e2e9e960e7b4a3294a9 - - default default] Successfully bumped revision number for resource c57be9b6-e832-43a0-9a2d-197ab1db7048 (type: ports) to 1
2026-04-12 21:57:10.662 10 INFO neutron.wsgi [None req-73516654-19c8-49c4-96aa-dfd706e9f089 63db30aabe6d4d468be7e1735a6ffc83 a7707544f00f4d1e8cecf61dde9f6873 - - default default] 10.0.0.169 "GET /v2.0/ports?network_id=dab7bb76-c6f5-4aaf-9ebb-be6df260925e&mac_address=fa%3A16%3A3e%3A34%3A2d%3Aeb HTTP/1.1" status: 200 len: 1391 time: 0.0647647
2026-04-12 21:57:10.670 10 WARNING neutron_lib.context [None req-d22736d4-5252-49fe-a0f6-586a4fdf56a8 63db30aabe6d4d468be7e1735a6ffc83 a7707544f00f4d1e8cecf61dde9f6873 - - default default] Method 'is_advsvc' is deprecated since 2023.2 release (neutron-lib 3.8.0) and will be removed once support for the old RBAC API policies will be removed from Neutron. Please use method 'is_service_role' instead.
2026-04-12 21:57:10.709 9 INFO neutron.db.segments_db [None req-93861f48-08cb-4a68-a333-06b15eb10c1f 22a3fc2aa3b14aeaa657d01c7681cd6d 02edcb80dde94e2e9e960e7b4a3294a9 - - default default] Added segment 2794dd1d-9977-4c3f-a2fa-433328f7131c of type geneve for network a66c9b56-85c5-47dd-8c43-2c5297a468a6
2026-04-12 21:57:10.855 9 INFO neutron.db.ovn_revision_numbers_db [None req-93861f48-08cb-4a68-a333-06b15eb10c1f 22a3fc2aa3b14aeaa657d01c7681cd6d 02edcb80dde94e2e9e960e7b4a3294a9 - - default default] Successfully bumped revision number for resource a66c9b56-85c5-47dd-8c43-2c5297a468a6 (type: networks) to 1
2026-04-12 21:57:10.969 10 WARNING neutron.scheduler.dhcp_agent_scheduler [None req-d22736d4-5252-49fe-a0f6-586a4fdf56a8 63db30aabe6d4d468be7e1735a6ffc83 a7707544f00f4d1e8cecf61dde9f6873 - - default default] No more DHCP agents
2026-04-12 21:57:10.970 10 WARNING neutron.api.rpc.agentnotifiers.dhcp_rpc_agent_api [None req-d22736d4-5252-49fe-a0f6-586a4fdf56a8 63db30aabe6d4d468be7e1735a6ffc83 a7707544f00f4d1e8cecf61dde9f6873 - - default default] Unable to schedule network 047c664c-a573-4e50-99dd-dda97e845eb7: no agents available; will retry on subsequent port and subnet creation events.
2026-04-12 21:57:10.999 9 WARNING neutron.scheduler.dhcp_agent_scheduler [None req-93861f48-08cb-4a68-a333-06b15eb10c1f 22a3fc2aa3b14aeaa657d01c7681cd6d 02edcb80dde94e2e9e960e7b4a3294a9 - - default default] No more DHCP agents
2026-04-12 21:57:11.001 9 WARNING neutron.api.rpc.agentnotifiers.dhcp_rpc_agent_api [None req-93861f48-08cb-4a68-a333-06b15eb10c1f 22a3fc2aa3b14aeaa657d01c7681cd6d 02edcb80dde94e2e9e960e7b4a3294a9 - - default default] Unable to schedule network a66c9b56-85c5-47dd-8c43-2c5297a468a6: no agents available; will retry on subsequent port and subnet creation events.
2026-04-12 21:57:11.125 9 INFO neutron.db.ovn_revision_numbers_db [None req-93861f48-08cb-4a68-a333-06b15eb10c1f 22a3fc2aa3b14aeaa657d01c7681cd6d 02edcb80dde94e2e9e960e7b4a3294a9 - - default default] Successfully bumped revision number for resource 8a2be7ee-43b6-417b-b68b-332aefcb29df (type: ports) to 1
2026-04-12 21:57:11.131 9 INFO neutron.wsgi [req-73105c0d-24ef-436e-ba49-fc33b7025f61 req-f0936b1a-1bcf-4164-9ace-a7dbeb9ba69b f1dab9651d4343a6add5f314a5d21885 3a47115d5a84423a9ff9e23c129c79f0 - - default default] 10.0.0.241 "GET /v2.0/ports?device_id=89731ae0-ed46-4a33-a3e4-f9acfd6ced9f HTTP/1.1" status: 200 len: 1210 time: 0.1121666
2026-04-12 21:57:11.194 9 INFO neutron.wsgi [req-73105c0d-24ef-436e-ba49-fc33b7025f61 req-de2749f0-b89d-41cf-bf69-fdc04595f786 f1dab9651d4343a6add5f314a5d21885 3a47115d5a84423a9ff9e23c129c79f0 - - default default] 10.0.0.241 "GET /v2.0/security-groups?id=b4550796-abee-44e7-a177-33be22b63e01&id=b6c72b8a-f3af-43d0-8fd2-3c7fb2c6ce74&fields=id&fields=name HTTP/1.1" status: 200 len: 406 time: 0.0575435
2026-04-12 21:57:11.296 9 WARNING neutron.scheduler.dhcp_agent_scheduler [None req-93861f48-08cb-4a68-a333-06b15eb10c1f 22a3fc2aa3b14aeaa657d01c7681cd6d 02edcb80dde94e2e9e960e7b4a3294a9 - - default default] No more DHCP agents
2026-04-12 21:57:11.306 9 WARNING neutron.api.rpc.agentnotifiers.dhcp_rpc_agent_api [None req-93861f48-08cb-4a68-a333-06b15eb10c1f 22a3fc2aa3b14aeaa657d01c7681cd6d 02edcb80dde94e2e9e960e7b4a3294a9 - - default default] Unable to schedule network a66c9b56-85c5-47dd-8c43-2c5297a468a6: no agents available; will retry on subsequent port and subnet creation events.
2026-04-12 21:57:11.330 9 INFO neutron.wsgi [None req-90b1b558-434d-4d5d-b967-21083a077442 452ad3ff64b943b6b82da364573a17ba f2d1e4a35b88447c85d26a08cfe417f3 - - default default] 10.0.0.169 "GET /v2.0/ports?device_id=89731ae0-ed46-4a33-a3e4-f9acfd6ced9f HTTP/1.1" status: 200 len: 1443 time: 0.0971737
2026-04-12 21:57:11.351 9 INFO neutron.db.ovn_revision_numbers_db [None req-93861f48-08cb-4a68-a333-06b15eb10c1f 22a3fc2aa3b14aeaa657d01c7681cd6d 02edcb80dde94e2e9e960e7b4a3294a9 - - default default] Successfully bumped revision number for resource b6f50696-dc0a-44d4-b736-fbb225df257e (type: subnets) to 0
2026-04-12 21:57:11.424 9 INFO neutron.wsgi [None req-9f315371-78ca-4346-85d8-a31dbe854693 f1dab9651d4343a6add5f314a5d21885 3a47115d5a84423a9ff9e23c129c79f0 - - default default] 10.0.0.169 "GET /v2.0/floatingips?floating_network_id=047c664c-a573-4e50-99dd-dda97e845eb7&port_id=af3aab2c-fdfd-4a0e-8dab-cc988aecbf35 HTTP/1.1" status: 200 len: 1054 time: 0.0876145
2026-04-12 21:57:11.757 10 INFO neutron.wsgi [req-f5cff719-5276-4fff-aa5e-655e44f6f541 req-960e569d-ab95-4dab-ba96-b64a8f2189a7 604f38dedab04366942f972aa856ac71 1bd2e5467d01435baa48dc817c8e3130 - - 93503bf48b7f40a88d62655bab932e37 93503bf48b7f40a88d62655bab932e37] 10.0.0.93 "GET /v2.0/ports?device_id=89731ae0-ed46-4a33-a3e4-f9acfd6ced9f HTTP/1.1" status: 200 len: 1448 time: 0.0769842
2026-04-12 21:57:11.815 10 INFO neutron.wsgi [req-f5cff719-5276-4fff-aa5e-655e44f6f541 req-78d00690-2f67-4658-b563-dbad5ba291b0 604f38dedab04366942f972aa856ac71 1bd2e5467d01435baa48dc817c8e3130 - - 93503bf48b7f40a88d62655bab932e37 93503bf48b7f40a88d62655bab932e37] 10.0.0.93 "GET /v2.0/security-groups?id=b4550796-abee-44e7-a177-33be22b63e01&id=b6c72b8a-f3af-43d0-8fd2-3c7fb2c6ce74&fields=id&fields=name HTTP/1.1" status: 200 len: 406 time: 0.0507538
2026-04-12 21:57:11.917 10 INFO neutron.db.ovn_revision_numbers_db [None req-d22736d4-5252-49fe-a0f6-586a4fdf56a8 63db30aabe6d4d468be7e1735a6ffc83 a7707544f00f4d1e8cecf61dde9f6873 - - default default] Successfully bumped revision number for resource c828b815-d761-4c40-bb2e-2f1d540cd30c (type: floatingips) to -1
2026-04-12 21:57:12.055 10 INFO neutron.db.ovn_revision_numbers_db [None req-d22736d4-5252-49fe-a0f6-586a4fdf56a8 63db30aabe6d4d468be7e1735a6ffc83 a7707544f00f4d1e8cecf61dde9f6873 - - default default] Successfully bumped revision number for resource c828b815-d761-4c40-bb2e-2f1d540cd30c (type: floatingips) to 1
2026-04-12 21:57:12.056 10 INFO neutron.db.l3_db [None req-d22736d4-5252-49fe-a0f6-586a4fdf56a8 63db30aabe6d4d468be7e1735a6ffc83 a7707544f00f4d1e8cecf61dde9f6873 - - default default] Floating IP c828b815-d761-4c40-bb2e-2f1d540cd30c associated. External IP: 10.96.250.214, port: 46bde59e-0976-475a-932e-0df182c4f4d3.
2026-04-12 21:57:12.071 9 WARNING neutron.scheduler.dhcp_agent_scheduler [None req-93861f48-08cb-4a68-a333-06b15eb10c1f 22a3fc2aa3b14aeaa657d01c7681cd6d 02edcb80dde94e2e9e960e7b4a3294a9 - - default default] No more DHCP agents
2026-04-12 21:57:12.073 9 WARNING neutron.api.rpc.agentnotifiers.dhcp_rpc_agent_api [None req-93861f48-08cb-4a68-a333-06b15eb10c1f 22a3fc2aa3b14aeaa657d01c7681cd6d 02edcb80dde94e2e9e960e7b4a3294a9 - - default default] Unable to schedule network a66c9b56-85c5-47dd-8c43-2c5297a468a6: no agents available; will retry on subsequent port and subnet creation events.
2026-04-12 21:57:12.099 10 INFO neutron.wsgi [None req-d22736d4-5252-49fe-a0f6-586a4fdf56a8 63db30aabe6d4d468be7e1735a6ffc83 a7707544f00f4d1e8cecf61dde9f6873 - - default default] 10.0.0.169 "POST /v2.0/floatingips HTTP/1.1" status: 201 len: 1054 time: 1.4325144
2026-04-12 21:57:12.145 10 INFO neutron.notifiers.nova [-] Nova event matching ['req-1c5cc02b-74ba-456c-a13e-65ed9b3e9b1e'] response: {'name': 'network-changed', 'server_uuid': 'd08f283a-d8af-43df-a585-b5c37f477ca1', 'tag': '46bde59e-0976-475a-932e-0df182c4f4d3', 'status': 'completed', 'code': 200} /var/lib/openstack/lib/python3.10/site-packages/pycadf/identifier.py:71: UserWarning: Invalid uuid: neutron. To ensure interoperability, identifiers should be a valid uuid. warnings.warn(('Invalid uuid: %s. To ensure interoperability, '
2026-04-12 21:57:12.212 9 INFO neutron.wsgi [req-f50875e5-eabb-4e74-b523-ca2ac9e643ea req-91aeb689-3a31-4fa3-87e2-eb98ce34c16f 604f38dedab04366942f972aa856ac71 1bd2e5467d01435baa48dc817c8e3130 - - 93503bf48b7f40a88d62655bab932e37 93503bf48b7f40a88d62655bab932e37] 199.204.45.144 "GET /v2.0/ports?tenant_id=a7707544f00f4d1e8cecf61dde9f6873&device_id=d08f283a-d8af-43df-a585-b5c37f477ca1 HTTP/1.1" status: 200 len: 1634 time: 0.0442219
2026-04-12 21:57:12.254 10 INFO neutron.wsgi [req-b5a8e7c4-a96d-4086-b561-e579e1ab2a72 req-34a7f3e1-03b4-470e-bb85-75dd154a7b12 63db30aabe6d4d468be7e1735a6ffc83 a7707544f00f4d1e8cecf61dde9f6873 - - default default] 10.0.0.241 "GET /v2.0/security-groups?name=tempest-lb_member_SG-645474064&fields=id&tenant_id=a7707544f00f4d1e8cecf61dde9f6873 HTTP/1.1" status: 200 len: 267 time: 0.0582380
2026-04-12 21:57:12.289 9 INFO neutron.db.ovn_revision_numbers_db [None req-93861f48-08cb-4a68-a333-06b15eb10c1f 22a3fc2aa3b14aeaa657d01c7681cd6d 02edcb80dde94e2e9e960e7b4a3294a9 - - default default] Successfully bumped revision number for resource f09e2680-5ba2-4000-aa32-7d3793f09c42 (type: ports) to 1
2026-04-12 21:57:12.298 9 INFO neutron.wsgi [req-f50875e5-eabb-4e74-b523-ca2ac9e643ea req-6577ef43-173e-4bf1-91b1-d3799c5412f7 604f38dedab04366942f972aa856ac71 1bd2e5467d01435baa48dc817c8e3130 - - 93503bf48b7f40a88d62655bab932e37 93503bf48b7f40a88d62655bab932e37] 199.204.45.144 "GET /v2.0/networks?id=dab7bb76-c6f5-4aaf-9ebb-be6df260925e HTTP/1.1" status: 200 len: 1002 time: 0.0812919
2026-04-12 21:57:12.367 9 WARNING neutron.plugins.ml2.drivers.ovn.mech_driver.ovsdb.ovn_client [None req-970bc591-b6c6-406a-8750-062f221bc339 - - - - - -] No hosting information found for port 6b1eb7b8-2ae8-47e4-9bef-940765b9d01b: RuntimeError: No hosting information found for port 6b1eb7b8-2ae8-47e4-9bef-940765b9d01b
2026-04-12 21:57:12.367 9 INFO neutron.plugins.ml2.drivers.ovn.mech_driver.mech_driver [None req-970bc591-b6c6-406a-8750-062f221bc339 - - - - - -] OVN reports status up for port: 31034684-b540-4619-ba6e-21d3273ec405
2026-04-12 21:57:12.372 10 INFO neutron.wsgi [req-b5a8e7c4-a96d-4086-b561-e579e1ab2a72 req-65baa583-3dec-4ec4-8e8e-f2163869257f 63db30aabe6d4d468be7e1735a6ffc83 a7707544f00f4d1e8cecf61dde9f6873 - - default default] 10.0.0.241 "GET /v2.0/networks?id=e8fcc110-c749-4644-b33b-8264651ba62b HTTP/1.1" status: 200 len: 903 time: 0.1087425
2026-04-12 21:57:12.387 9 INFO neutron.wsgi [req-f50875e5-eabb-4e74-b523-ca2ac9e643ea req-b4218506-e8cd-4fed-a908-923385f12bca 604f38dedab04366942f972aa856ac71 1bd2e5467d01435baa48dc817c8e3130 - - 93503bf48b7f40a88d62655bab932e37 93503bf48b7f40a88d62655bab932e37] 199.204.45.144 "GET /v2.0/floatingips?fixed_ip_address=10.2.1.238&port_id=46bde59e-0976-475a-932e-0df182c4f4d3 HTTP/1.1" status: 200 len: 1059 time: 0.0682619
2026-04-12 21:57:12.388 9 INFO neutron.plugins.ml2.plugin [None req-970bc591-b6c6-406a-8750-062f221bc339 - - - - - -] Attempt 1 to provision port 31034684-b540-4619-ba6e-21d3273ec405
2026-04-12 21:57:12.394 10 INFO neutron.wsgi [req-b5a8e7c4-a96d-4086-b561-e579e1ab2a72 req-e53e34c7-4838-40b3-8271-db9b431d3c2e 63db30aabe6d4d468be7e1735a6ffc83 a7707544f00f4d1e8cecf61dde9f6873 - - default default] 10.0.0.241 "GET /v2.0/quotas/a7707544f00f4d1e8cecf61dde9f6873 HTTP/1.1" status: 200 len: 491 time: 0.0169892
