2026-04-12 21:57:21.587 10 WARNING neutron_lib.context [None req-a54cacb5-f310-4c89-8249-924781239ea8 22a3fc2aa3b14aeaa657d01c7681cd6d 02edcb80dde94e2e9e960e7b4a3294a9 - - default default] Method 'is_advsvc' is deprecated since 2023.2 release (neutron-lib 3.8.0) and will be removed once support for the old RBAC API policies will be removed from Neutron. Please use method 'is_service_role' instead.
2026-04-12 21:57:21.676 10 INFO neutron.api.v2.resource [None req-a54cacb5-f310-4c89-8249-924781239ea8 22a3fc2aa3b14aeaa657d01c7681cd6d 02edcb80dde94e2e9e960e7b4a3294a9 - - default default] create failed (client error): The server could not comply with the request since it is either malformed or otherwise incorrect.
2026-04-12 21:57:21.678 10 INFO neutron.wsgi [None req-a54cacb5-f310-4c89-8249-924781239ea8 22a3fc2aa3b14aeaa657d01c7681cd6d 02edcb80dde94e2e9e960e7b4a3294a9 - - default default] 10.0.0.169 "POST /v2.0/vpn/ipsec-site-connections HTTP/1.1" status: 400 len: 330 time: 0.0971613
2026-04-12 21:57:21.694 10 WARNING neutron_lib.context [None req-53c74b45-5389-4b8c-9477-3c29bc8a26c0 22a3fc2aa3b14aeaa657d01c7681cd6d 02edcb80dde94e2e9e960e7b4a3294a9 - - default default] Method 'is_advsvc' is deprecated since 2023.2 release (neutron-lib 3.8.0) and will be removed once support for the old RBAC API policies will be removed from Neutron. Please use method 'is_service_role' instead.
2026-04-12 21:57:21.704 9 INFO neutron.wsgi [None req-624a56e3-e473-407c-b872-772c8f525550 a3205093f34f4fd9915fc406949dd9cd 76a449dc75604226af2f244e37c169cf - - default default] 10.0.0.169 "DELETE /v2.0/subnets/23796375-4a6c-48b4-b080-5cde6d7b12e8 HTTP/1.1" status: 204 len: 168 time: 0.2541611
2026-04-12 21:57:21.780 10 INFO neutron.api.v2.resource [None req-53c74b45-5389-4b8c-9477-3c29bc8a26c0 22a3fc2aa3b14aeaa657d01c7681cd6d 02edcb80dde94e2e9e960e7b4a3294a9 - - default default] create failed (client error): The server could not comply with the request since it is either malformed or otherwise incorrect.
2026-04-12 21:57:21.782 10 INFO neutron.wsgi [None req-53c74b45-5389-4b8c-9477-3c29bc8a26c0 22a3fc2aa3b14aeaa657d01c7681cd6d 02edcb80dde94e2e9e960e7b4a3294a9 - - default default] 10.0.0.169 "POST /v2.0/vpn/ipsec-site-connections HTTP/1.1" status: 400 len: 339 time: 0.0955908
2026-04-12 21:57:21.801 10 WARNING neutron.api.v2.base [None req-95bc90c4-5a56-4d1f-9bb0-72c997c6e742 22a3fc2aa3b14aeaa657d01c7681cd6d 02edcb80dde94e2e9e960e7b4a3294a9 - - default default] An exception happened while processing the request body. The exception message is [Invalid input for dpd. Reason: '59' is not a dictionary.].: webob.exc.HTTPBadRequest: Invalid input for dpd. Reason: '59' is not a dictionary.
2026-04-12 21:57:21.802 10 INFO neutron.api.v2.resource [None req-95bc90c4-5a56-4d1f-9bb0-72c997c6e742 22a3fc2aa3b14aeaa657d01c7681cd6d 02edcb80dde94e2e9e960e7b4a3294a9 - - default default] create failed (client error): Invalid input for dpd. Reason: '59' is not a dictionary.
2026-04-12 21:57:21.803 10 INFO neutron.wsgi [None req-95bc90c4-5a56-4d1f-9bb0-72c997c6e742 22a3fc2aa3b14aeaa657d01c7681cd6d 02edcb80dde94e2e9e960e7b4a3294a9 - - default default] 10.0.0.169 "POST /v2.0/vpn/ipsec-site-connections HTTP/1.1" status: 400 len: 332 time: 0.0084121
2026-04-12 21:57:21.817 9 WARNING neutron_lib.context [None req-fb9df37e-94ab-4eed-9415-8e3270e6c075 22a3fc2aa3b14aeaa657d01c7681cd6d 02edcb80dde94e2e9e960e7b4a3294a9 - - default default] Method 'is_advsvc' is deprecated since 2023.2 release (neutron-lib 3.8.0) and will be removed once support for the old RBAC API policies will be removed from Neutron. Please use method 'is_service_role' instead.
2026-04-12 21:57:21.860 9 INFO neutron.wsgi [None req-fb9df37e-94ab-4eed-9415-8e3270e6c075 22a3fc2aa3b14aeaa657d01c7681cd6d 02edcb80dde94e2e9e960e7b4a3294a9 - - default default] 10.0.0.169 "POST /v2.0/vpn/endpoint-groups HTTP/1.1" status: 201 len: 491 time: 0.0493975
2026-04-12 21:57:21.872 9 WARNING neutron_lib.context [None req-18b17c4c-a63a-4e2a-ac5f-ef91e4b595b1 22a3fc2aa3b14aeaa657d01c7681cd6d 02edcb80dde94e2e9e960e7b4a3294a9 - - default default] Method 'is_advsvc' is deprecated since 2023.2 release (neutron-lib 3.8.0) and will be removed once support for the old RBAC API policies will be removed from Neutron. Please use method 'is_service_role' instead.
2026-04-12 21:57:21.930 9 INFO neutron.api.v2.resource [None req-18b17c4c-a63a-4e2a-ac5f-ef91e4b595b1 22a3fc2aa3b14aeaa657d01c7681cd6d 02edcb80dde94e2e9e960e7b4a3294a9 - - default default] create failed (client error): The server could not comply with the request since it is either malformed or otherwise incorrect.
2026-04-12 21:57:21.934 9 INFO neutron.wsgi [None req-18b17c4c-a63a-4e2a-ac5f-ef91e4b595b1 22a3fc2aa3b14aeaa657d01c7681cd6d 02edcb80dde94e2e9e960e7b4a3294a9 - - default default] 10.0.0.169 "POST /v2.0/vpn/ipsec-site-connections HTTP/1.1" status: 400 len: 352 time: 0.0679383
2026-04-12 21:57:21.954 10 INFO neutron.wsgi [None req-d151a059-afae-4939-8538-f447b954d13f 22a3fc2aa3b14aeaa657d01c7681cd6d 02edcb80dde94e2e9e960e7b4a3294a9 - - default default] 10.0.0.169 "GET /v2.0/vpn/endpoint-groups HTTP/1.1" status: 200 len: 1099 time: 0.0155034
2026-04-12 21:57:21.996 9 INFO neutron.wsgi [None req-4de2202c-c366-451f-b3f5-9c4126f1a69f 22a3fc2aa3b14aeaa657d01c7681cd6d 02edcb80dde94e2e9e960e7b4a3294a9 - - default default] 10.0.0.169 "DELETE /v2.0/vpn/endpoint-groups/0431f688-084d-4c6e-bc91-bbba93c01b78 HTTP/1.1" status: 204 len: 168 time: 0.0347364
2026-04-12 21:57:22.023 10 INFO neutron.notifiers.nova [-] Nova event matching ['req-e48c44e1-87cc-44bd-a826-60b35f6fc88a'] response: {'server_uuid': 'f51f2426-e804-4e1a-a3dc-58f9bbeb953d', 'name': 'network-vif-plugged', 'status': 'completed', 'tag': '1dd1d01e-622d-4f30-9c50-452b9dcb0a0c', 'code': 200}
2026-04-12 21:57:22.032 10 INFO neutron.wsgi [None req-1171f552-2dbc-4288-bd93-6f2222ff7a06 22a3fc2aa3b14aeaa657d01c7681cd6d 02edcb80dde94e2e9e960e7b4a3294a9 - - default default] 10.0.0.169 "GET /v2.0/vpn/endpoint-groups HTTP/1.1" status: 200 len: 825 time: 0.0192087
2026-04-12 21:57:22.050 10 WARNING neutron_lib.context [None req-36847b89-5d69-4757-a9ed-ac27058ff785 22a3fc2aa3b14aeaa657d01c7681cd6d 02edcb80dde94e2e9e960e7b4a3294a9 - - default default] Method 'is_advsvc' is deprecated since 2023.2 release (neutron-lib 3.8.0) and will be removed once support for the old RBAC API policies will be removed from Neutron. Please use method 'is_service_role' instead.
2026-04-12 21:57:22.129 10 INFO neutron.wsgi [None req-36847b89-5d69-4757-a9ed-ac27058ff785 22a3fc2aa3b14aeaa657d01c7681cd6d 02edcb80dde94e2e9e960e7b4a3294a9 - - default default] 10.0.0.169 "POST /v2.0/vpn/endpoint-groups HTTP/1.1" status: 201 len: 501 time: 0.0893815
2026-04-12 21:57:22.143 9 WARNING neutron_lib.context [None req-279e5c31-8f82-49ae-b400-411b1b013336 22a3fc2aa3b14aeaa657d01c7681cd6d 02edcb80dde94e2e9e960e7b4a3294a9 - - default default] Method 'is_advsvc' is deprecated since 2023.2 release (neutron-lib 3.8.0) and will be removed once support for the old RBAC API policies will be removed from Neutron. Please use method 'is_service_role' instead.
2026-04-12 21:57:22.173 10 INFO neutron.wsgi [None req-43239d78-b7fc-41ca-a470-49a53a8bd926 a3205093f34f4fd9915fc406949dd9cd 76a449dc75604226af2f244e37c169cf - - default default] 10.0.0.169 "DELETE /v2.0/networks/395e018b-ed9f-4b20-bb61-064ef2e6a4f7 HTTP/1.1" status: 204 len: 168 time: 0.4626946
2026-04-12 21:57:22.183 9 INFO neutron.api.v2.resource [None req-279e5c31-8f82-49ae-b400-411b1b013336 22a3fc2aa3b14aeaa657d01c7681cd6d 02edcb80dde94e2e9e960e7b4a3294a9 - - default default] create failed (client error): The server could not comply with the request since it is either malformed or otherwise incorrect.
2026-04-12 21:57:22.184 9 INFO neutron.wsgi [None req-279e5c31-8f82-49ae-b400-411b1b013336 22a3fc2aa3b14aeaa657d01c7681cd6d 02edcb80dde94e2e9e960e7b4a3294a9 - - default default] 10.0.0.169 "POST /v2.0/vpn/ipsec-site-connections HTTP/1.1" status: 400 len: 351 time: 0.0505750
2026-04-12 21:57:22.200 9 INFO neutron.wsgi [None req-2412b4d6-c56f-4e90-a7c5-f317c41880f6 22a3fc2aa3b14aeaa657d01c7681cd6d 02edcb80dde94e2e9e960e7b4a3294a9 - - default default] 10.0.0.169 "GET /v2.0/vpn/endpoint-groups HTTP/1.1" status: 200 len: 1109 time: 0.0117977
2026-04-12 21:57:22.224 9 INFO neutron.wsgi [None req-6e3d99db-0442-4487-a458-9c791b33d50c 22a3fc2aa3b14aeaa657d01c7681cd6d 02edcb80dde94e2e9e960e7b4a3294a9 - - default default] 10.0.0.169 "DELETE /v2.0/vpn/endpoint-groups/e47e2566-99cb-4562-b26f-28c70f356399 HTTP/1.1" status: 204 len: 168 time: 0.0200861
2026-04-12 21:57:22.239 9 INFO neutron.wsgi [None req-20581aac-99de-447e-b83f-8cfda5227592 22a3fc2aa3b14aeaa657d01c7681cd6d 02edcb80dde94e2e9e960e7b4a3294a9 - - default default] 10.0.0.169 "GET /v2.0/vpn/endpoint-groups HTTP/1.1" status: 200 len: 825 time: 0.0095406
2026-04-12 21:57:22.247 9 WARNING neutron.api.v2.base [None req-7f686605-20a2-447d-ac33-d29b9027805c 22a3fc2aa3b14aeaa657d01c7681cd6d 02edcb80dde94e2e9e960e7b4a3294a9 - - default default] An exception happened while processing the request body. The exception message is [Invalid input for peer_cidrs. Reason: '1.0.0.0/33' is not a valid IP subnet.].: webob.exc.HTTPBadRequest: Invalid input for peer_cidrs. Reason: '1.0.0.0/33' is not a valid IP subnet.
2026-04-12 21:57:22.248 9 INFO neutron.api.v2.resource [None req-7f686605-20a2-447d-ac33-d29b9027805c 22a3fc2aa3b14aeaa657d01c7681cd6d 02edcb80dde94e2e9e960e7b4a3294a9 - - default default] create failed (client error): Invalid input for peer_cidrs. Reason: '1.0.0.0/33' is not a valid IP subnet.
2026-04-12 21:57:22.249 9 INFO neutron.wsgi [None req-7f686605-20a2-447d-ac33-d29b9027805c 22a3fc2aa3b14aeaa657d01c7681cd6d 02edcb80dde94e2e9e960e7b4a3294a9 - - default default] 10.0.0.169 "POST /v2.0/vpn/ipsec-site-connections HTTP/1.1" status: 400 len: 352 time: 0.0048468
2026-04-12 21:57:22.257 9 WARNING neutron_lib.context [None req-f7860446-2c86-48c5-a355-bb0305106022 22a3fc2aa3b14aeaa657d01c7681cd6d 02edcb80dde94e2e9e960e7b4a3294a9 - - default default] Method 'is_advsvc' is deprecated since 2023.2 release (neutron-lib 3.8.0) and will be removed once support for the old RBAC API policies will be removed from Neutron. Please use method 'is_service_role' instead.
2026-04-12 21:57:22.356 9 INFO neutron.db.segments_db [None req-f7860446-2c86-48c5-a355-bb0305106022 22a3fc2aa3b14aeaa657d01c7681cd6d 02edcb80dde94e2e9e960e7b4a3294a9 - - default default] Added segment 6651b1b0-bc8f-48b0-a749-2252da2b36da of type geneve for network 09662c55-f750-4282-be1d-328cfc817fe7
2026-04-12 21:57:22.529 9 INFO neutron.db.ovn_revision_numbers_db [None req-f7860446-2c86-48c5-a355-bb0305106022 22a3fc2aa3b14aeaa657d01c7681cd6d 02edcb80dde94e2e9e960e7b4a3294a9 - - default default] Successfully bumped revision number for resource 09662c55-f750-4282-be1d-328cfc817fe7 (type: networks) to 1
2026-04-12 21:57:22.709 9 WARNING neutron.scheduler.dhcp_agent_scheduler [None req-f7860446-2c86-48c5-a355-bb0305106022 22a3fc2aa3b14aeaa657d01c7681cd6d 02edcb80dde94e2e9e960e7b4a3294a9 - - default default] No more DHCP agents
2026-04-12 21:57:22.718 9 WARNING neutron.api.rpc.agentnotifiers.dhcp_rpc_agent_api [None req-f7860446-2c86-48c5-a355-bb0305106022 22a3fc2aa3b14aeaa657d01c7681cd6d 02edcb80dde94e2e9e960e7b4a3294a9 - - default default] Unable to schedule network 09662c55-f750-4282-be1d-328cfc817fe7: no agents available; will retry on subsequent port and subnet creation events.
2026-04-12 21:57:22.814 9 INFO neutron.db.ovn_revision_numbers_db [None req-f7860446-2c86-48c5-a355-bb0305106022 22a3fc2aa3b14aeaa657d01c7681cd6d 02edcb80dde94e2e9e960e7b4a3294a9 - - default default] Successfully bumped revision number for resource 5bf3ad2f-7b8f-4d78-bc15-bdb9c52d210f (type: ports) to 1
2026-04-12 21:57:22.837 9 INFO neutron.wsgi [None req-f7860446-2c86-48c5-a355-bb0305106022 22a3fc2aa3b14aeaa657d01c7681cd6d 02edcb80dde94e2e9e960e7b4a3294a9 - - default default] 10.0.0.169 "POST /v2.0/networks HTTP/1.1" status: 201 len: 829 time: 0.5844622
2026-04-12 21:57:22.847 9 WARNING neutron_lib.context [None req-ca4a0083-e7d9-4e64-909f-61f300dffda5 22a3fc2aa3b14aeaa657d01c7681cd6d 02edcb80dde94e2e9e960e7b4a3294a9 - - default default] Method 'is_advsvc' is deprecated since 2023.2 release (neutron-lib 3.8.0) and will be removed once support for the old RBAC API policies will be removed from Neutron. Please use method 'is_service_role' instead.
2026-04-12 21:57:23.064 9 WARNING neutron.scheduler.dhcp_agent_scheduler [None req-ca4a0083-e7d9-4e64-909f-61f300dffda5 22a3fc2aa3b14aeaa657d01c7681cd6d 02edcb80dde94e2e9e960e7b4a3294a9 - - default default] No more DHCP agents
2026-04-12 21:57:23.066 9 WARNING neutron.api.rpc.agentnotifiers.dhcp_rpc_agent_api [None req-ca4a0083-e7d9-4e64-909f-61f300dffda5 22a3fc2aa3b14aeaa657d01c7681cd6d 02edcb80dde94e2e9e960e7b4a3294a9 - - default default] Unable to schedule network 09662c55-f750-4282-be1d-328cfc817fe7: no agents available; will retry on subsequent port and subnet creation events.
2026-04-12 21:57:23.529 10 INFO neutron.services.segments.plugin [-] Segment f4936764-258f-4851-b1df-fcf40816abcc resource provider aggregate not found
2026-04-12 21:57:23.541 9 INFO neutron.db.ovn_revision_numbers_db [None req-ca4a0083-e7d9-4e64-909f-61f300dffda5 22a3fc2aa3b14aeaa657d01c7681cd6d 02edcb80dde94e2e9e960e7b4a3294a9 - - default default] Successfully bumped revision number for resource 5bf3ad2f-7b8f-4d78-bc15-bdb9c52d210f (type: ports) to 2
2026-04-12 21:57:23.544 10 INFO neutron.services.segments.plugin [-] Segment f4936764-258f-4851-b1df-fcf40816abcc resource provider aggregate not found
2026-04-12 21:57:23.549 10 INFO neutron.services.segments.plugin [-] Segment f4936764-258f-4851-b1df-fcf40816abcc resource provider not found; error: Placement Client Error (4xx): {"errors": [{"status": 404, "title": "Not Found", "detail": "The resource could not be found.\n\n No resource provider with uuid f4936764-258f-4851-b1df-fcf40816abcc found for delete ", "request_id": "req-6a7d6cc5-8b6b-4b4a-910d-b6389d7fc98c"}]}
2026-04-12 21:57:23.567 10 INFO neutron.services.segments.plugin [-] Segment f4936764-258f-4851-b1df-fcf40816abcc resource provider not found; error: Placement Client Error (4xx): {"errors": [{"status": 404, "title": "Not Found", "detail": "The resource could not be found.\n\n No resource provider with uuid f4936764-258f-4851-b1df-fcf40816abcc found for delete ", "request_id": "req-fbbd6dd2-a74e-439e-8b0d-c7f05ad40e18"}]}
2026-04-12 21:57:23.579 9 INFO neutron.db.ovn_revision_numbers_db [None req-ca4a0083-e7d9-4e64-909f-61f300dffda5 22a3fc2aa3b14aeaa657d01c7681cd6d 02edcb80dde94e2e9e960e7b4a3294a9 - - default default] Successfully bumped revision number for resource 16192958-dbf1-4c56-908a-4cd0e452e8a8 (type: subnets) to 0
2026-04-12 21:57:23.599 9 INFO neutron.wsgi [None req-ca4a0083-e7d9-4e64-909f-61f300dffda5 22a3fc2aa3b14aeaa657d01c7681cd6d 02edcb80dde94e2e9e960e7b4a3294a9 - - default default] 10.0.0.169 "POST /v2.0/subnets HTTP/1.1" status: 201 len: 804 time: 0.7563229
2026-04-12 21:57:23.609 9 WARNING neutron_lib.context [None req-9baa7d6f-1337-4fa3-860b-5cfd23de02e3 22a3fc2aa3b14aeaa657d01c7681cd6d 02edcb80dde94e2e9e960e7b4a3294a9 - - default default] Method 'is_advsvc' is deprecated since 2023.2 release (neutron-lib 3.8.0) and will be removed once support for the old RBAC API policies will be removed from Neutron. Please use method 'is_service_role' instead.
2026-04-12 21:57:23.761 10 INFO neutron.wsgi [req-0c0dd17a-1432-4d20-8801-2ab97b4cd057 req-dbd3a7ea-bbc4-4ccc-92c7-bb14bcb27d59 63db30aabe6d4d468be7e1735a6ffc83 a7707544f00f4d1e8cecf61dde9f6873 - - default default] 10.0.0.241 "GET /v2.0/ports?device_id=f51f2426-e804-4e1a-a3dc-58f9bbeb953d HTTP/1.1" status: 200 len: 1404 time: 0.1389809
2026-04-12 21:57:23.767 10 INFO neutron.wsgi [None req-b3850c6f-9d0a-4c33-bcce-303440209b35 a3205093f34f4fd9915fc406949dd9cd 76a449dc75604226af2f244e37c169cf - - default default] 10.0.0.169 "PUT /v2.0/routers/a3ccb145-f834-496d-b370-33dbff3132d1/remove_router_interface HTTP/1.1" status: 200 len: 503 time: 1.5892777 /var/lib/openstack/lib/python3.10/site-packages/pycadf/identifier.py:71: UserWarning: Invalid uuid: neutron. To ensure interoperability, identifiers should be a valid uuid. warnings.warn(('Invalid uuid: %s. To ensure interoperability, '
2026-04-12 21:57:23.811 10 INFO neutron.wsgi [req-0c0dd17a-1432-4d20-8801-2ab97b4cd057 req-b5ad9bfc-eeb3-4195-947f-670aacd63238 63db30aabe6d4d468be7e1735a6ffc83 a7707544f00f4d1e8cecf61dde9f6873 - - default default] 10.0.0.241 "GET /v2.0/security-groups?id=6e2cb34b-e80e-4e7f-a226-45a23df2792a&fields=id&fields=name HTTP/1.1" status: 200 len: 310 time: 0.0428288
2026-04-12 21:57:23.904 10 INFO neutron.wsgi [None req-edab4d8a-8449-4eb9-a179-54982ca53877 63db30aabe6d4d468be7e1735a6ffc83 a7707544f00f4d1e8cecf61dde9f6873 - - default default] 10.0.0.169 "GET /v2.0/ports?network_id=e8fcc110-c749-4644-b33b-8264651ba62b&mac_address=fa%3A16%3A3e%3Aac%3A6f%3Ac3 HTTP/1.1" status: 200 len: 1399 time: 0.0644219
2026-04-12 21:57:23.917 10 WARNING neutron_lib.context [None req-8c5672f6-589f-4220-b891-b1f522e75821 63db30aabe6d4d468be7e1735a6ffc83 a7707544f00f4d1e8cecf61dde9f6873 - - default default] Method 'is_advsvc' is deprecated since 2023.2 release (neutron-lib 3.8.0) and will be removed once support for the old RBAC API policies will be removed from Neutron. Please use method 'is_service_role' instead.
2026-04-12 21:57:24.217 10 WARNING neutron.scheduler.dhcp_agent_scheduler [None req-8c5672f6-589f-4220-b891-b1f522e75821 63db30aabe6d4d468be7e1735a6ffc83 a7707544f00f4d1e8cecf61dde9f6873 - - default default] No more DHCP agents
2026-04-12 21:57:24.218 10 WARNING neutron.api.rpc.agentnotifiers.dhcp_rpc_agent_api [None req-8c5672f6-589f-4220-b891-b1f522e75821 63db30aabe6d4d468be7e1735a6ffc83 a7707544f00f4d1e8cecf61dde9f6873 - - default default] Unable to schedule network 047c664c-a573-4e50-99dd-dda97e845eb7: no agents available; will retry on subsequent port and subnet creation events.
2026-04-12 21:57:24.556 9 WARNING neutron.scheduler.dhcp_agent_scheduler [None req-9baa7d6f-1337-4fa3-860b-5cfd23de02e3 22a3fc2aa3b14aeaa657d01c7681cd6d 02edcb80dde94e2e9e960e7b4a3294a9 - - default default] No more DHCP agents
2026-04-12 21:57:24.563 9 WARNING neutron.api.rpc.agentnotifiers.dhcp_rpc_agent_api [None req-9baa7d6f-1337-4fa3-860b-5cfd23de02e3 22a3fc2aa3b14aeaa657d01c7681cd6d 02edcb80dde94e2e9e960e7b4a3294a9 - - default default] Unable to schedule network 047c664c-a573-4e50-99dd-dda97e845eb7: no agents available; will retry on subsequent port and subnet creation events.
2026-04-12 21:57:24.764 9 INFO neutron.db.ovn_revision_numbers_db [None req-9baa7d6f-1337-4fa3-860b-5cfd23de02e3 22a3fc2aa3b14aeaa657d01c7681cd6d 02edcb80dde94e2e9e960e7b4a3294a9 - - default default] Successfully bumped revision number for resource e33a6a64-956f-4bb5-8e6f-0375b47eedeb (type: ports) to 1
2026-04-12 21:57:25.006 10 INFO neutron.db.ovn_revision_numbers_db [None req-8c5672f6-589f-4220-b891-b1f522e75821 63db30aabe6d4d468be7e1735a6ffc83 a7707544f00f4d1e8cecf61dde9f6873 - - default default] Successfully bumped revision number for resource 4b055009-f766-4449-8a56-ce8db7a7b37d (type: floatingips) to -1
2026-04-12 21:57:25.138 10 INFO neutron.db.ovn_revision_numbers_db [None req-8c5672f6-589f-4220-b891-b1f522e75821 63db30aabe6d4d468be7e1735a6ffc83 a7707544f00f4d1e8cecf61dde9f6873 - - default default] Successfully bumped revision number for resource 4b055009-f766-4449-8a56-ce8db7a7b37d (type: floatingips) to 1
2026-04-12 21:57:25.139 10 INFO neutron.db.l3_db [None req-8c5672f6-589f-4220-b891-b1f522e75821 63db30aabe6d4d468be7e1735a6ffc83 a7707544f00f4d1e8cecf61dde9f6873 - - default default] Floating IP 4b055009-f766-4449-8a56-ce8db7a7b37d associated. External IP: 10.96.250.219, port: 1dd1d01e-622d-4f30-9c50-452b9dcb0a0c.
2026-04-12 21:57:25.188 10 INFO neutron.wsgi [None req-8c5672f6-589f-4220-b891-b1f522e75821 63db30aabe6d4d468be7e1735a6ffc83 a7707544f00f4d1e8cecf61dde9f6873 - - default default] 10.0.0.169 "POST /v2.0/floatingips HTTP/1.1" status: 201 len: 1054 time: 1.2788215
2026-04-12 21:57:25.189 9 INFO neutron.wsgi [None req-0ca70b0b-d2ae-4758-8619-6cb44bd482ad a3205093f34f4fd9915fc406949dd9cd 76a449dc75604226af2f244e37c169cf - - default default] 10.0.0.169 "DELETE /v2.0/routers/a3ccb145-f834-496d-b370-33dbff3132d1 HTTP/1.1" status: 204 len: 168 time: 1.4150174 /var/lib/openstack/lib/python3.10/site-packages/pycadf/identifier.py:71: UserWarning: Invalid uuid: neutron. To ensure interoperability, identifiers should be a valid uuid. warnings.warn(('Invalid uuid: %s. To ensure interoperability, '
2026-04-12 21:57:25.229 10 INFO neutron.notifiers.nova [-] Nova event matching ['req-4acf3af2-f082-4058-bc25-ff8dd4c4e2a6'] response: {'name': 'network-changed', 'server_uuid': 'f51f2426-e804-4e1a-a3dc-58f9bbeb953d', 'tag': '1dd1d01e-622d-4f30-9c50-452b9dcb0a0c', 'status': 'completed', 'code': 200}
2026-04-12 21:57:25.295 9 INFO neutron.wsgi [req-cb2a8b13-8807-4399-89ea-fbca79c3319d req-fb297da3-15d5-4680-8d47-6d7f3e6c3e99 604f38dedab04366942f972aa856ac71 1bd2e5467d01435baa48dc817c8e3130 - - 93503bf48b7f40a88d62655bab932e37 93503bf48b7f40a88d62655bab932e37] 199.204.45.144 "GET /v2.0/ports?tenant_id=a7707544f00f4d1e8cecf61dde9f6873&device_id=f51f2426-e804-4e1a-a3dc-58f9bbeb953d HTTP/1.1" status: 200 len: 1642 time: 0.0439487
2026-04-12 21:57:25.383 9 INFO neutron.wsgi [req-cb2a8b13-8807-4399-89ea-fbca79c3319d req-f00c38be-0377-4196-bad1-0f588e413474 604f38dedab04366942f972aa856ac71 1bd2e5467d01435baa48dc817c8e3130 - - 93503bf48b7f40a88d62655bab932e37 93503bf48b7f40a88d62655bab932e37] 199.204.45.144 "GET /v2.0/networks?id=e8fcc110-c749-4644-b33b-8264651ba62b HTTP/1.1" status: 200 len: 1002 time: 0.0785165
2026-04-12 21:57:25.428 10 INFO neutron.wsgi [None req-97d95505-d643-4297-8016-f28245483c43 a3205093f34f4fd9915fc406949dd9cd 76a449dc75604226af2f244e37c169cf - - default default] 10.0.0.169 "DELETE /v2.0/subnets/5ecd77f5-ac6d-4491-8f70-c8ec914f59cb HTTP/1.1" status: 204 len: 168 time: 0.2325859
2026-04-12 21:57:25.459 9 INFO neutron.wsgi [req-cb2a8b13-8807-4399-89ea-fbca79c3319d req-d45f6870-09b8-48e1-943b-1305c1d2431c 604f38dedab04366942f972aa856ac71 1bd2e5467d01435baa48dc817c8e3130 - - 93503bf48b7f40a88d62655bab932e37 93503bf48b7f40a88d62655bab932e37] 199.204.45.144 "GET /v2.0/floatingips?fixed_ip_address=10.2.2.180&port_id=1dd1d01e-622d-4f30-9c50-452b9dcb0a0c HTTP/1.1" status: 200 len: 1059 time: 0.0675480
2026-04-12 21:57:25.488 9 INFO neutron.wsgi [req-cb2a8b13-8807-4399-89ea-fbca79c3319d req-5c35d7c0-7fcb-441d-9152-e3825f0e8b12 604f38dedab04366942f972aa856ac71 1bd2e5467d01435baa48dc817c8e3130 - - 93503bf48b7f40a88d62655bab932e37 93503bf48b7f40a88d62655bab932e37] 199.204.45.144 "GET /v2.0/floatingips?fixed_ip_address=fd77%3A1457%3A4cf0%3A26a8%3A%3A112&port_id=1dd1d01e-622d-4f30-9c50-452b9dcb0a0c HTTP/1.1" status: 200 len: 217 time: 0.0261986
2026-04-12 21:57:25.531 9 INFO neutron.wsgi [req-cb2a8b13-8807-4399-89ea-fbca79c3319d req-f0ad7bea-98d5-464b-9140-9d13c9e92061 604f38dedab04366942f972aa856ac71 1bd2e5467d01435baa48dc817c8e3130 - - 93503bf48b7f40a88d62655bab932e37 93503bf48b7f40a88d62655bab932e37] 199.204.45.144 "GET /v2.0/subnets?id=94a43514-60a0-422d-83fb-6a43c0f5c97b&id=ded9071b-bef4-4824-9e0e-10daf683146e HTTP/1.1" status: 200 len: 1566 time: 0.0351017
2026-04-12 21:57:25.560 9 INFO neutron.wsgi [req-cb2a8b13-8807-4399-89ea-fbca79c3319d req-fc2dbc9e-8ecb-4aff-bbe6-e0d53b0b2aac 604f38dedab04366942f972aa856ac71 1bd2e5467d01435baa48dc817c8e3130 - - 93503bf48b7f40a88d62655bab932e37 93503bf48b7f40a88d62655bab932e37] 199.204.45.144 "GET /v2.0/ports?network_id=e8fcc110-c749-4644-b33b-8264651ba62b&device_owner=network%3Adhcp HTTP/1.1" status: 200 len: 210 time: 0.0221741
2026-04-12 21:57:25.590 9 INFO neutron.wsgi [req-cb2a8b13-8807-4399-89ea-fbca79c3319d req-ad1a85a6-aeca-467e-80f6-2436e32a419c 604f38dedab04366942f972aa856ac71 1bd2e5467d01435baa48dc817c8e3130 - - 93503bf48b7f40a88d62655bab932e37 93503bf48b7f40a88d62655bab932e37] 199.204.45.144 "GET /v2.0/ports?network_id=e8fcc110-c749-4644-b33b-8264651ba62b&device_owner=network%3Adhcp HTTP/1.1" status: 200 len: 210 time: 0.0212741
2026-04-12 21:57:25.692 9 INFO neutron.wsgi [req-cb2a8b13-8807-4399-89ea-fbca79c3319d req-bfa8f823-437c-4444-bc0d-788711554148 604f38dedab04366942f972aa856ac71 1bd2e5467d01435baa48dc817c8e3130 - - 93503bf48b7f40a88d62655bab932e37 93503bf48b7f40a88d62655bab932e37] 199.204.45.144 "GET /v2.0/networks/e8fcc110-c749-4644-b33b-8264651ba62b?fields=segments HTTP/1.1" status: 200 len: 212 time: 0.0944574
2026-04-12 21:57:25.768 9 INFO neutron.plugins.ml2.drivers.ovn.mech_driver.ovsdb.commands [None req-e59b4a0b-caf0-4788-8bff-ef6c84d506b7 - - - - - -] Schedule LRP lrp-e33a6a64-956f-4bb5-8e6f-0375b47eedeb on gateway e718b189-ec62-4cb9-abe5-da49ec23c92f with priority 1
2026-04-12 21:57:25.776 9 INFO neutron.wsgi [req-cb2a8b13-8807-4399-89ea-fbca79c3319d req-db103ef7-fbf8-4ec5-95ef-adee037c39f1 604f38dedab04366942f972aa856ac71 1bd2e5467d01435baa48dc817c8e3130 - - 93503bf48b7f40a88d62655bab932e37 93503bf48b7f40a88d62655bab932e37] 199.204.45.144 "GET /v2.0/networks/e8fcc110-c749-4644-b33b-8264651ba62b?fields=provider%3Aphysical_network&fields=provider%3Anetwork_type HTTP/1.1" status: 200 len: 277 time: 0.0796032
2026-04-12 21:57:25.784 10 INFO neutron.plugins.ml2.drivers.ovn.mech_driver.mech_driver [None req-f3be13e7-fce4-4559-8475-7f00d676cfbd - - - - - -] OVN reports status up for port: e33a6a64-956f-4bb5-8e6f-0375b47eedeb
2026-04-12 21:57:25.792 10 INFO neutron.plugins.ml2.plugin [None req-f3be13e7-fce4-4559-8475-7f00d676cfbd - - - - - -] Attempt 1 to provision port e33a6a64-956f-4bb5-8e6f-0375b47eedeb
2026-04-12 21:57:25.823 9 INFO neutron.db.ovn_revision_numbers_db [None req-9baa7d6f-1337-4fa3-860b-5cfd23de02e3 22a3fc2aa3b14aeaa657d01c7681cd6d 02edcb80dde94e2e9e960e7b4a3294a9 - - default default] Successfully bumped revision number for resource e33a6a64-956f-4bb5-8e6f-0375b47eedeb (type: router_ports) to 1
2026-04-12 21:57:25.901 9 INFO neutron.db.ovn_revision_numbers_db [None req-9baa7d6f-1337-4fa3-860b-5cfd23de02e3 22a3fc2aa3b14aeaa657d01c7681cd6d 02edcb80dde94e2e9e960e7b4a3294a9 - - default default] Successfully bumped revision number for resource 61951ead-4288-4680-8050-411914c24e53 (type: routers) to 2
2026-04-12 21:57:25.918 9 INFO neutron.wsgi [None req-9baa7d6f-1337-4fa3-860b-5cfd23de02e3 22a3fc2aa3b14aeaa657d01c7681cd6d 02edcb80dde94e2e9e960e7b4a3294a9 - - default default] 10.0.0.169 "POST /v2.0/routers HTTP/1.1" status: 201 len: 1136 time: 2.3137546
2026-04-12 21:57:26.139 10 INFO neutron.services.segments.plugin [-] Segment 2f3c5075-998c-4397-8296-d2a5f1eb82f8 resource provider aggregate not found
2026-04-12 21:57:26.142 10 INFO neutron.services.segments.plugin [-] Segment 2f3c5075-998c-4397-8296-d2a5f1eb82f8 resource provider aggregate not found
2026-04-12 21:57:26.158 10 INFO neutron.services.segments.plugin [-] Segment 2f3c5075-998c-4397-8296-d2a5f1eb82f8 resource provider not found; error: Placement Client Error (4xx): {"errors": [{"status": 404, "title": "Not Found", "detail": "The resource could not be found.\n\n No resource provider with uuid 2f3c5075-998c-4397-8296-d2a5f1eb82f8 found for delete ", "request_id": "req-4bd6c830-d368-4a8f-b054-d99a581e0a26"}]}
2026-04-12 21:57:26.159 10 INFO neutron.services.segments.plugin [-] Segment 2f3c5075-998c-4397-8296-d2a5f1eb82f8 resource provider not found; error: Placement Client Error (4xx): {"errors": [{"status": 404, "title": "Not Found", "detail": "The resource could not be found.\n\n No resource provider with uuid 2f3c5075-998c-4397-8296-d2a5f1eb82f8 found for delete ", "request_id": "req-ec3eb176-cfd2-4aab-84e1-a2b5480dcb12"}]}
2026-04-12 21:57:26.181 10 INFO neutron.wsgi [None req-b50331c1-4d99-4a9a-b676-adaac34e984d a3205093f34f4fd9915fc406949dd9cd 76a449dc75604226af2f244e37c169cf - - default default] 10.0.0.169 "DELETE /v2.0/networks/24818ce6-da75-4480-8a04-913a0c19a40f HTTP/1.1" status: 204 len: 168 time: 0.7436352
2026-04-12 21:57:26.344 9 INFO neutron.api.v2.resource [None req-4fb3747e-4c53-4d89-a291-f4c8525f9a4a 7c096bec4768457fa67964a349d80937 50a6271f7c72463e9c82189543100102 - - default default] create failed (client error): The server could not comply with the request since it is either malformed or otherwise incorrect.
2026-04-12 21:57:26.345 9 INFO neutron.wsgi [None req-4fb3747e-4c53-4d89-a291-f4c8525f9a4a 7c096bec4768457fa67964a349d80937 50a6271f7c72463e9c82189543100102 - - default default] 10.0.0.169 "POST /v2.0/vpn/vpnservices HTTP/1.1" status: 400 len: 397 time: 0.4213212
2026-04-12 21:57:26.498 10 INFO neutron.wsgi [None req-64f17dad-cd08-4f15-8cee-1324e0a2d502 a3205093f34f4fd9915fc406949dd9cd 76a449dc75604226af2f244e37c169cf - - default default] 10.0.0.169 "GET /v2.0/security-groups?tenant_id=f2d1e4a35b88447c85d26a08cfe417f3&name=default HTTP/1.1" status: 200 len: 3120 time: 0.0402792
2026-04-12 21:57:26.717 10 INFO neutron.wsgi [None req-2b20ad56-8d6b-4f29-87e1-abecd98c1fd4 a3205093f34f4fd9915fc406949dd9cd 76a449dc75604226af2f244e37c169cf - - default default] 10.0.0.169 "DELETE /v2.0/security-groups/0516d7a8-d73d-4a35-8dcf-fccb33a175b2 HTTP/1.1" status: 204 len: 168 time: 0.2136989
2026-04-12 21:57:26.910 9 INFO neutron.wsgi [None req-aa60cc11-dcda-4f24-8750-26913f101590 a3205093f34f4fd9915fc406949dd9cd 76a449dc75604226af2f244e37c169cf - - default default] 10.0.0.169 "GET /v2.0/security-groups?tenant_id=3a47115d5a84423a9ff9e23c129c79f0&name=default HTTP/1.1" status: 200 len: 3120 time: 0.0757895
2026-04-12 21:57:26.948 9 INFO neutron.services.segments.plugin [-] Segment 6651b1b0-bc8f-48b0-a749-2252da2b36da resource provider aggregate not found
2026-04-12 21:57:26.954 9 INFO neutron.services.segments.plugin [-] Segment 6651b1b0-bc8f-48b0-a749-2252da2b36da resource provider aggregate not found
2026-04-12 21:57:26.968 9 INFO neutron.services.segments.plugin [-] Segment 6651b1b0-bc8f-48b0-a749-2252da2b36da resource provider not found; error: Placement Client Error (4xx): {"errors": [{"status": 404, "title": "Not Found", "detail": "The resource could not be found.\n\n No resource provider with uuid 6651b1b0-bc8f-48b0-a749-2252da2b36da found for delete ", "request_id": "req-fb935b38-99d2-4a38-a255-acc0380b2bab"}]}
2026-04-12 21:57:26.974 9 INFO neutron.wsgi [None req-6dff8c1f-1492-4aec-ac17-4efb1ed00a2e 7c096bec4768457fa67964a349d80937 50a6271f7c72463e9c82189543100102 - - default default] 10.0.0.169 "DELETE /v2.0/networks/09662c55-f750-4282-be1d-328cfc817fe7 HTTP/1.1" status: 204 len: 168 time: 0.6253409
2026-04-12 21:57:26.976 9 INFO neutron.services.segments.plugin [-] Segment 6651b1b0-bc8f-48b0-a749-2252da2b36da resource provider not found; error: Placement Client Error (4xx): {"errors": [{"status": 404, "title": "Not Found", "detail": "The resource could not be found.\n\n No resource provider with uuid 6651b1b0-bc8f-48b0-a749-2252da2b36da found for delete ", "request_id": "req-0d79408a-7a76-49d6-a895-2da1e841f3ed"}]}
2026-04-12 21:57:27.242 10 INFO neutron.wsgi [None req-38032bb2-3175-40f3-9738-dd1f672ea437 a3205093f34f4fd9915fc406949dd9cd 76a449dc75604226af2f244e37c169cf - - default default] 10.0.0.169 "DELETE /v2.0/security-groups/b1746d8c-aba0-4fb8-944f-85fb3441be8b HTTP/1.1" status: 204 len: 168 time: 0.3279674
2026-04-12 21:57:27.966 10 INFO neutron.wsgi [None req-97e7ede7-3c47-43f4-a100-52d6b1cdd19e 7c096bec4768457fa67964a349d80937 50a6271f7c72463e9c82189543100102 - - default default] 10.0.0.169 "DELETE /v2.0/routers/61951ead-4288-4680-8050-411914c24e53 HTTP/1.1" status: 204 len: 168 time: 0.9870527
2026-04-12 21:57:27.981 10 WARNING neutron.api.v2.base [None req-f017f3c0-cfb8-477f-bcc3-44da36102aa8 22a3fc2aa3b14aeaa657d01c7681cd6d 02edcb80dde94e2e9e960e7b4a3294a9 - - default default] An exception happened while processing the request body. The exception message is [Invalid input for description. Reason: 'yyyyyyyyyyyyyyyyyyyyyyyyyyyyyyyyyyyyyyyyyyyyyyyyyyyyyyyyyyyyyyyyyyyyyyyyyyyyyyyyyyyyyyyyyyyyyyyyyyyyyyyyyyyyyyyyyyyyyyyyyyyyyyyyyyyyyyyyyyyyyyyyyyyyyyyyyyyyyyyyyyyyyyyyyyyyyyyyyyyyyyyyyyyyyyyyyyyyyyyyyyyyyyyyyyyyyyyyyyyyyyyyyyyyyyyyyyyyyyyyyyyyyyyyyyyyyyyy' exceeds maximum length of 255.].: webob.exc.HTTPBadRequest: Invalid input for description. Reason: 'yyyyyyyyyyyyyyyyyyyyyyyyyyyyyyyyyyyyyyyyyyyyyyyyyyyyyyyyyyyyyyyyyyyyyyyyyyyyyyyyyyyyyyyyyyyyyyyyyyyyyyyyyyyyyyyyyyyyyyyyyyyyyyyyyyyyyyyyyyyyyyyyyyyyyyyyyyyyyyyyyyyyyyyyyyyyyyyyyyyyyyyyyyyyyyyyyyyyyyyyyyyyyyyyyyyyyyyyyyyyyyyyyyyyyyyyyyyyyyyyyyyyyyyyyyyyyyyy' exceeds maximum length of 255.
2026-04-12 21:57:27.982 10 INFO neutron.api.v2.resource [None req-f017f3c0-cfb8-477f-bcc3-44da36102aa8 22a3fc2aa3b14aeaa657d01c7681cd6d 02edcb80dde94e2e9e960e7b4a3294a9 - - default default] create failed (client error): Invalid input for description. Reason: 'yyyyyyyyyyyyyyyyyyyyyyyyyyyyyyyyyyyyyyyyyyyyyyyyyyyyyyyyyyyyyyyyyyyyyyyyyyyyyyyyyyyyyyyyyyyyyyyyyyyyyyyyyyyyyyyyyyyyyyyyyyyyyyyyyyyyyyyyyyyyyyyyyyyyyyyyyyyyyyyyyyyyyyyyyyyyyyyyyyyyyyyyyyyyyyyyyyyyyyyyyyyyyyyyyyyyyyyyyyyyyyyyyyyyyyyyyyyyyyyyyyyyyyyyyyyyyyyy' exceeds maximum length of 255.
2026-04-12 21:57:27.983 10 INFO neutron.wsgi [None req-f017f3c0-cfb8-477f-bcc3-44da36102aa8 22a3fc2aa3b14aeaa657d01c7681cd6d 02edcb80dde94e2e9e960e7b4a3294a9 - - default default] 10.0.0.169 "POST /v2.0/vpn/vpnservices HTTP/1.1" status: 400 len: 604 time: 0.0090399
2026-04-12 21:57:27.994 10 WARNING neutron.api.v2.base [None req-a79a17ce-0f31-4d01-b784-89cac0967eb6 22a3fc2aa3b14aeaa657d01c7681cd6d 02edcb80dde94e2e9e960e7b4a3294a9 - - default default] An exception happened while processing the request body. The exception message is [Invalid input for name. Reason: 'xxxxxxxxxxxxxxxxxxxxxxxxxxxxxxxxxxxxxxxxxxxxxxxxxxxxxxxxxxxxxxxxxxxxxxxxxxxxxxxxxxxxxxxxxxxxxxxxxxxxxxxxxxxxxxxxxxxxxxxxxxxxxxxxxxxxxxxxxxxxxxxxxxxxxxxxxxxxxxxxxxxxxxxxxxxxxxxxxxxxxxxxxxxxxxxxxxxxxxxxxxxxxxxxxxxxxxxxxxxxxxxxxxxxxxxxxxxxxxxxxxxxxxxxxxxxxxxx' exceeds maximum length of 255.].: webob.exc.HTTPBadRequest: Invalid input for name. Reason: 'xxxxxxxxxxxxxxxxxxxxxxxxxxxxxxxxxxxxxxxxxxxxxxxxxxxxxxxxxxxxxxxxxxxxxxxxxxxxxxxxxxxxxxxxxxxxxxxxxxxxxxxxxxxxxxxxxxxxxxxxxxxxxxxxxxxxxxxxxxxxxxxxxxxxxxxxxxxxxxxxxxxxxxxxxxxxxxxxxxxxxxxxxxxxxxxxxxxxxxxxxxxxxxxxxxxxxxxxxxxxxxxxxxxxxxxxxxxxxxxxxxxxxxxxxxxxxxxx' exceeds maximum length of 255.
2026-04-12 21:57:27.994 10 INFO neutron.api.v2.resource [None req-a79a17ce-0f31-4d01-b784-89cac0967eb6 22a3fc2aa3b14aeaa657d01c7681cd6d 02edcb80dde94e2e9e960e7b4a3294a9 - - default default] create failed (client error): Invalid input for name. Reason: 'xxxxxxxxxxxxxxxxxxxxxxxxxxxxxxxxxxxxxxxxxxxxxxxxxxxxxxxxxxxxxxxxxxxxxxxxxxxxxxxxxxxxxxxxxxxxxxxxxxxxxxxxxxxxxxxxxxxxxxxxxxxxxxxxxxxxxxxxxxxxxxxxxxxxxxxxxxxxxxxxxxxxxxxxxxxxxxxxxxxxxxxxxxxxxxxxxxxxxxxxxxxxxxxxxxxxxxxxxxxxxxxxxxxxxxxxxxxxxxxxxxxxxxxxxxxxxxxx' exceeds maximum length of 255.
2026-04-12 21:57:27.996 10 INFO neutron.wsgi [None req-a79a17ce-0f31-4d01-b784-89cac0967eb6 22a3fc2aa3b14aeaa657d01c7681cd6d 02edcb80dde94e2e9e960e7b4a3294a9 - - default default] 10.0.0.169 "POST /v2.0/vpn/vpnservices HTTP/1.1" status: 400 len: 597 time: 0.0056374
2026-04-12 21:57:28.004 10 WARNING neutron_lib.context [None req-6d5aae99-1396-427e-afd6-69ba44d28e96 22a3fc2aa3b14aeaa657d01c7681cd6d 02edcb80dde94e2e9e960e7b4a3294a9 - - default default] Method 'is_advsvc' is deprecated since 2023.2 release (neutron-lib 3.8.0) and will be removed once support for the old RBAC API policies will be removed from Neutron. Please use method 'is_service_role' instead.
2026-04-12 21:57:28.032 10 INFO neutron.api.v2.resource [None req-6d5aae99-1396-427e-afd6-69ba44d28e96 22a3fc2aa3b14aeaa657d01c7681cd6d 02edcb80dde94e2e9e960e7b4a3294a9 - - default default] create failed (client error): The server could not comply with the request since it is either malformed or otherwise incorrect.
2026-04-12 21:57:28.033 10 INFO neutron.wsgi [None req-6d5aae99-1396-427e-afd6-69ba44d28e96 22a3fc2aa3b14aeaa657d01c7681cd6d 02edcb80dde94e2e9e960e7b4a3294a9 - - default default] 10.0.0.169 "POST /v2.0/vpn/endpoint-groups HTTP/1.1" status: 400 len: 386 time: 0.0330801
2026-04-12 21:57:28.054 9 WARNING neutron_lib.context [None req-8932936d-bb27-40c7-9fa0-c7b010d69709 22a3fc2aa3b14aeaa657d01c7681cd6d 02edcb80dde94e2e9e960e7b4a3294a9 - - default default] Method 'is_advsvc' is deprecated since 2023.2 release (neutron-lib 3.8.0) and will be removed once support for the old RBAC API policies will be removed from Neutron. Please use method 'is_service_role' instead.
2026-04-12 21:57:28.087 9 INFO neutron.api.v2.resource [None req-8932936d-bb27-40c7-9fa0-c7b010d69709 22a3fc2aa3b14aeaa657d01c7681cd6d 02edcb80dde94e2e9e960e7b4a3294a9 - - default default] create failed (client error): The server could not comply with the request since it is either malformed or otherwise incorrect.
2026-04-12 21:57:28.089 9 INFO neutron.wsgi [None req-8932936d-bb27-40c7-9fa0-c7b010d69709 22a3fc2aa3b14aeaa657d01c7681cd6d 02edcb80dde94e2e9e960e7b4a3294a9 - - default default] 10.0.0.169 "POST /v2.0/vpn/endpoint-groups HTTP/1.1" status: 400 len: 363 time: 0.0452423
2026-04-12 21:57:28.105 9 WARNING neutron_lib.context [None req-5534e722-f20e-4a70-843a-dcc7dbe622b6 22a3fc2aa3b14aeaa657d01c7681cd6d 02edcb80dde94e2e9e960e7b4a3294a9 - - default default] Method 'is_advsvc' is deprecated since 2023.2 release (neutron-lib 3.8.0) and will be removed once support for the old RBAC API policies will be removed from Neutron. Please use method 'is_service_role' instead.
2026-04-12 21:57:28.141 9 INFO neutron.api.v2.resource [None req-5534e722-f20e-4a70-843a-dcc7dbe622b6 22a3fc2aa3b14aeaa657d01c7681cd6d 02edcb80dde94e2e9e960e7b4a3294a9 - - default default] create failed (client error): The server could not comply with the request since it is either malformed or otherwise incorrect.
2026-04-12 21:57:28.143 9 INFO neutron.wsgi [None req-5534e722-f20e-4a70-843a-dcc7dbe622b6 22a3fc2aa3b14aeaa657d01c7681cd6d 02edcb80dde94e2e9e960e7b4a3294a9 - - default default] 10.0.0.169 "POST /v2.0/vpn/endpoint-groups HTTP/1.1" status: 400 len: 357 time: 0.0460880
2026-04-12 21:57:28.164 9 INFO neutron.wsgi [None req-af3c6379-6340-48fe-81ca-5f5c9949ec8d 22a3fc2aa3b14aeaa657d01c7681cd6d 02edcb80dde94e2e9e960e7b4a3294a9 - - default default] 10.0.0.169 "GET /v2.0/vpn/ikepolicies HTTP/1.1" status: 200 len: 601 time: 0.0137210
2026-04-12 21:57:28.186 9 INFO neutron.wsgi [None req-f1ca066a-45bc-4380-b267-94dd281ee49d 22a3fc2aa3b14aeaa657d01c7681cd6d 02edcb80dde94e2e9e960e7b4a3294a9 - - default default] 10.0.0.169 "GET /v2.0/vpn/ipsecpolicies HTTP/1.1" status: 200 len: 610 time: 0.0142865
2026-04-12 21:57:28.210 10 INFO neutron.wsgi [None req-09a0f9a3-8ad8-4600-a9fa-12718f5ebcef 22a3fc2aa3b14aeaa657d01c7681cd6d 02edcb80dde94e2e9e960e7b4a3294a9 - - default default] 10.0.0.169 "GET /v2.0/vpn/ipsec-site-connections HTTP/1.1" status: 200 len: 989 time: 0.0163238
2026-04-12 21:57:28.227 10 INFO neutron.wsgi [None req-1d30e2cf-7e56-4179-be13-15b8bf6a9198 22a3fc2aa3b14aeaa657d01c7681cd6d 02edcb80dde94e2e9e960e7b4a3294a9 - - default default] 10.0.0.169 "GET /v2.0/vpn/vpnservices HTTP/1.1" status: 200 len: 1056 time: 0.0098739
2026-04-12 21:57:28.244 10 INFO neutron.wsgi [None req-95321d2e-9553-4bc2-83bf-f9c14487498c 22a3fc2aa3b14aeaa657d01c7681cd6d 02edcb80dde94e2e9e960e7b4a3294a9 - - default default] 10.0.0.169 "GET /v2.0/vpn/endpoint-groups/6bad848d-0c84-42e6-88ca-c08ad47911cd HTTP/1.1" status: 200 len: 521 time: 0.0111077
2026-04-12 21:57:28.256 10 INFO neutron.wsgi [None req-8c9b46ae-5703-4f06-aada-dbf3ede9e495 22a3fc2aa3b14aeaa657d01c7681cd6d 02edcb80dde94e2e9e960e7b4a3294a9 - - default default] 10.0.0.169 "GET /v2.0/vpn/endpoint-groups/1b64ba25-a220-4ca9-ac07-15a3f8407f3a HTTP/1.1" status: 200 len: 513 time: 0.0088525
2026-04-12 21:57:28.274 10 INFO neutron.wsgi [None req-e9095a62-4620-48f1-92aa-4dc761849b62 22a3fc2aa3b14aeaa657d01c7681cd6d 02edcb80dde94e2e9e960e7b4a3294a9 - - default default] 10.0.0.169 "GET /v2.0/vpn/ikepolicies/975fdc87-52b6-43cd-9385-ccf02c731841 HTTP/1.1" status: 200 len: 597 time: 0.0107555
2026-04-12 21:57:28.289 10 INFO neutron.wsgi [None req-87f7a928-9ebb-4772-8fa0-8a435b1c9c9c 22a3fc2aa3b14aeaa657d01c7681cd6d 02edcb80dde94e2e9e960e7b4a3294a9 - - default default] 10.0.0.169 "GET /v2.0/vpn/ipsecpolicies/be766b18-9430-4f30-8a8c-2777dc47d359 HTTP/1.1" status: 200 len: 606 time: 0.0090871
2026-04-12 21:57:28.301 10 INFO neutron.wsgi [None req-cf2ee4d7-94a9-4d33-9186-53205bb7e3f1 22a3fc2aa3b14aeaa657d01c7681cd6d 02edcb80dde94e2e9e960e7b4a3294a9 - - default default] 10.0.0.169 "GET /v2.0/vpn/vpnservices/eb715086-eae0-4c6f-bd0c-90d146e49e53 HTTP/1.1" status: 200 len: 644 time: 0.0076015
2026-04-12 21:57:29.229 10 INFO neutron.db.ovn_revision_numbers_db [None req-1d3cc0e5-036c-4b56-a0ae-6fe16bcfa02d 22a3fc2aa3b14aeaa657d01c7681cd6d 02edcb80dde94e2e9e960e7b4a3294a9 - - default default] Successfully bumped revision number for resource 1f888fa3-01d9-47ba-94af-f46fc138673d (type: routers) to 10
2026-04-12 21:57:29.253 10 INFO neutron.wsgi [None req-1d3cc0e5-036c-4b56-a0ae-6fe16bcfa02d 22a3fc2aa3b14aeaa657d01c7681cd6d 02edcb80dde94e2e9e960e7b4a3294a9 - - default default] 10.0.0.169 "DELETE /v2.0/vpn/ipsec-site-connections/0a1d599d-07c0-469e-a20d-7e8cf0bf9100 HTTP/1.1" status: 204 len: 168 time: 0.9346960
2026-04-12 21:57:29.320 10 INFO neutron.wsgi [None req-c76f3141-5347-4de6-a3f3-4a89ab76a40e 22a3fc2aa3b14aeaa657d01c7681cd6d 02edcb80dde94e2e9e960e7b4a3294a9 - - default default] 10.0.0.169 "DELETE /v2.0/vpn/endpoint-groups/6bad848d-0c84-42e6-88ca-c08ad47911cd HTTP/1.1" status: 204 len: 168 time: 0.0586407
2026-04-12 21:57:29.348 10 INFO neutron.wsgi [None req-05cd2012-cccc-4cc4-b539-77a854c46184 22a3fc2aa3b14aeaa657d01c7681cd6d 02edcb80dde94e2e9e960e7b4a3294a9 - - default default] 10.0.0.169 "DELETE /v2.0/vpn/endpoint-groups/1b64ba25-a220-4ca9-ac07-15a3f8407f3a HTTP/1.1" status: 204 len: 168 time: 0.0241685
2026-04-12 21:57:29.384 10 INFO neutron.wsgi [None req-de3e3a9d-e187-4112-93d5-20bb024c1cde 22a3fc2aa3b14aeaa657d01c7681cd6d 02edcb80dde94e2e9e960e7b4a3294a9 - - default default] 10.0.0.169 "DELETE /v2.0/vpn/ipsecpolicies/be766b18-9430-4f30-8a8c-2777dc47d359 HTTP/1.1" status: 204 len: 168 time: 0.0306613
2026-04-12 21:57:29.421 10 INFO neutron.wsgi [None req-d1c31de4-c7d4-4e8e-8981-97c1ab1cb985 22a3fc2aa3b14aeaa657d01c7681cd6d 02edcb80dde94e2e9e960e7b4a3294a9 - - default default] 10.0.0.169 "DELETE /v2.0/vpn/ikepolicies/975fdc87-52b6-43cd-9385-ccf02c731841 HTTP/1.1" status: 204 len: 168 time: 0.0328887
2026-04-12 21:57:29.472 10 INFO neutron.wsgi [None req-f7f3d9cd-4821-465d-997d-0c3519bc28e5 22a3fc2aa3b14aeaa657d01c7681cd6d 02edcb80dde94e2e9e960e7b4a3294a9 - - default default] 10.0.0.169 "DELETE /v2.0/vpn/vpnservices/eb715086-eae0-4c6f-bd0c-90d146e49e53 HTTP/1.1" status: 204 len: 168 time: 0.0462060
2026-04-12 21:57:30.399 10 WARNING neutron.plugins.ml2.drivers.ovn.mech_driver.ovsdb.ovn_client [None req-f3be13e7-fce4-4559-8475-7f00d676cfbd - - - - - -] No port found with ID e33a6a64-956f-4bb5-8e6f-0375b47eedeb: RuntimeError: No port found with ID e33a6a64-956f-4bb5-8e6f-0375b47eedeb
2026-04-12 21:57:31.839 9 WARNING neutron_lib.context [None req-988e6285-f26c-43b1-861d-b0a412a25bbb 1822180d3c8c4ed289ae95c31be27a80 d01b8cc2b3ba44cca6796af2b9d353de - - default default] Method 'is_advsvc' is deprecated since 2023.2 release (neutron-lib 3.8.0) and will be removed once support for the old RBAC API policies will be removed from Neutron. Please use method 'is_service_role' instead. /var/lib/openstack/lib/python3.10/site-packages/pycadf/identifier.py:71: UserWarning: Invalid uuid: neutron. To ensure interoperability, identifiers should be a valid uuid. warnings.warn(('Invalid uuid: %s. To ensure interoperability, '
2026-04-12 21:57:32.026 9 INFO neutron.db.ovn_revision_numbers_db [None req-988e6285-f26c-43b1-861d-b0a412a25bbb 1822180d3c8c4ed289ae95c31be27a80 d01b8cc2b3ba44cca6796af2b9d353de - - default default] Successfully bumped revision number for resource 5bf5b59a-bc5e-450c-aae3-a89a1469a766 (type: security_groups) to 1
2026-04-12 21:57:32.031 10 INFO neutron.wsgi [req-e1034d4b-86a4-4df1-906f-579e9b78f968 req-2bb71d2c-12dd-4121-a068-4169dc2c248d 604f38dedab04366942f972aa856ac71 1bd2e5467d01435baa48dc817c8e3130 - - 93503bf48b7f40a88d62655bab932e37 93503bf48b7f40a88d62655bab932e37] 10.0.0.93 "GET /v2.0/ports?device_id=f51f2426-e804-4e1a-a3dc-58f9bbeb953d HTTP/1.1" status: 200 len: 1642 time: 0.0644569
2026-04-12 21:57:32.044 9 INFO neutron.db.ovn_revision_numbers_db [None req-988e6285-f26c-43b1-861d-b0a412a25bbb 1822180d3c8c4ed289ae95c31be27a80 d01b8cc2b3ba44cca6796af2b9d353de - - default default] Successfully bumped revision number for resource 1306dd67-31a4-4791-b033-294b5717609d (type: security_group_rules) to 0
2026-04-12 21:57:32.068 9 INFO neutron.db.ovn_revision_numbers_db [None req-988e6285-f26c-43b1-861d-b0a412a25bbb 1822180d3c8c4ed289ae95c31be27a80 d01b8cc2b3ba44cca6796af2b9d353de - - default default] Successfully bumped revision number for resource 5bb11bcc-151c-4c0e-abb2-c2ed8db1abbc (type: security_group_rules) to 0
2026-04-12 21:57:32.089 9 INFO neutron.db.ovn_revision_numbers_db [None req-988e6285-f26c-43b1-861d-b0a412a25bbb 1822180d3c8c4ed289ae95c31be27a80 d01b8cc2b3ba44cca6796af2b9d353de - - default default] Successfully bumped revision number for resource a34d763b-2484-4397-8f64-3a845adb8714 (type: security_group_rules) to 0
2026-04-12 21:57:32.108 9 INFO neutron.db.ovn_revision_numbers_db [None req-988e6285-f26c-43b1-861d-b0a412a25bbb 1822180d3c8c4ed289ae95c31be27a80 d01b8cc2b3ba44cca6796af2b9d353de - - default default] Successfully bumped revision number for resource c20c9e6e-96da-43fc-8244-40a2cb1bf837 (type: security_group_rules) to 0
2026-04-12 21:57:32.144 10 INFO neutron.wsgi [req-e1034d4b-86a4-4df1-906f-579e9b78f968 req-73193f3b-fdb4-4993-879b-a8da65d1071f 604f38dedab04366942f972aa856ac71 1bd2e5467d01435baa48dc817c8e3130 - - 93503bf48b7f40a88d62655bab932e37 93503bf48b7f40a88d62655bab932e37] 10.0.0.93 "GET /v2.0/security-groups?id=6e2cb34b-e80e-4e7f-a226-45a23df2792a&fields=id&fields=name HTTP/1.1" status: 200 len: 310 time: 0.1038442
2026-04-12 21:57:32.146 10 INFO neutron.services.segments.plugin [-] Segment 7b9bc4ca-c80a-4178-83c3-663331dd14b7 resource provider aggregate not found
2026-04-12 21:57:32.151 10 INFO neutron.services.segments.plugin [-] Segment 7b9bc4ca-c80a-4178-83c3-663331dd14b7 resource provider aggregate not found
2026-04-12 21:57:32.178 10 INFO neutron.services.segments.plugin [-] Segment 7b9bc4ca-c80a-4178-83c3-663331dd14b7 resource provider not found; error: Placement Client Error (4xx): {"errors": [{"status": 404, "title": "Not Found", "detail": "The resource could not be found.\n\n No resource provider with uuid 7b9bc4ca-c80a-4178-83c3-663331dd14b7 found for delete ", "request_id": "req-86bf2f5e-6497-454e-9f24-ba6cee116e03"}]}
2026-04-12 21:57:32.179 10 INFO neutron.services.segments.plugin [-] Segment 7b9bc4ca-c80a-4178-83c3-663331dd14b7 resource provider not found; error: Placement Client Error (4xx): {"errors": [{"status": 404, "title": "Not Found", "detail": "The resource could not be found.\n\n No resource provider with uuid 7b9bc4ca-c80a-4178-83c3-663331dd14b7 found for delete ", "request_id": "req-5745abe3-653d-458e-a078-2021b6e17536"}]}
2026-04-12 21:57:32.180 9 INFO neutron.db.segments_db [None req-988e6285-f26c-43b1-861d-b0a412a25bbb 1822180d3c8c4ed289ae95c31be27a80 d01b8cc2b3ba44cca6796af2b9d353de - - default default] Added segment dbb46187-7b95-4ccc-ab56-af5e3062e52b of type geneve for network f8df2008-3119-49cf-9e8e-14c9e935c1a3
2026-04-12 21:57:32.195 10 INFO neutron.wsgi [None req-62e7dae1-a8d5-4802-a8cb-16fd676ebcda 22a3fc2aa3b14aeaa657d01c7681cd6d 02edcb80dde94e2e9e960e7b4a3294a9 - - default default] 10.0.0.169 "DELETE /v2.0/vpn/vpnservices/07510576-5f93-43f5-86da-35e7fc45ad97 HTTP/1.1" status: 204 len: 168 time: 2.7177498
2026-04-12 21:57:32.304 10 INFO neutron.wsgi [None req-f88c4bfc-e382-4062-9402-2962154f16af 22a3fc2aa3b14aeaa657d01c7681cd6d 02edcb80dde94e2e9e960e7b4a3294a9 - - default default] 10.0.0.169 "GET /v2.0/routers/1f888fa3-01d9-47ba-94af-f46fc138673d HTTP/1.1" status: 200 len: 1137 time: 0.1030698
2026-04-12 21:57:32.342 9 INFO neutron.db.ovn_revision_numbers_db [None req-988e6285-f26c-43b1-861d-b0a412a25bbb 1822180d3c8c4ed289ae95c31be27a80 d01b8cc2b3ba44cca6796af2b9d353de - - default default] Successfully bumped revision number for resource f8df2008-3119-49cf-9e8e-14c9e935c1a3 (type: networks) to 1
2026-04-12 21:57:32.545 9 WARNING neutron.scheduler.dhcp_agent_scheduler [None req-988e6285-f26c-43b1-861d-b0a412a25bbb 1822180d3c8c4ed289ae95c31be27a80 d01b8cc2b3ba44cca6796af2b9d353de - - default default] No more DHCP agents
2026-04-12 21:57:32.547 9 WARNING neutron.api.rpc.agentnotifiers.dhcp_rpc_agent_api [None req-988e6285-f26c-43b1-861d-b0a412a25bbb 1822180d3c8c4ed289ae95c31be27a80 d01b8cc2b3ba44cca6796af2b9d353de - - default default] Unable to schedule network f8df2008-3119-49cf-9e8e-14c9e935c1a3: no agents available; will retry on subsequent port and subnet creation events.
2026-04-12 21:57:32.642 9 INFO neutron.db.ovn_revision_numbers_db [None req-988e6285-f26c-43b1-861d-b0a412a25bbb 1822180d3c8c4ed289ae95c31be27a80 d01b8cc2b3ba44cca6796af2b9d353de - - default default] Successfully bumped revision number for resource fe1fe1a8-fed0-4048-a6df-976928df3b45 (type: ports) to 1
2026-04-12 21:57:32.673 9 INFO neutron.wsgi [None req-988e6285-f26c-43b1-861d-b0a412a25bbb 1822180d3c8c4ed289ae95c31be27a80 d01b8cc2b3ba44cca6796af2b9d353de - - default default] 10.0.0.169 "POST /v2.0/networks HTTP/1.1" status: 201 len: 831 time: 1.0128703
