2026-04-12 21:53:52.885 9 INFO neutron.wsgi [None req-ddef805b-1db3-4fda-8a9b-8af9cb8f1248 7cdf41b3d82c453f96271e91c0cbc1c5 cde4f0d32a31463e9c21056dddb36bfb - - default default] 10.0.0.169 "POST /v2.0/security-group-rules HTTP/1.1" status: 201 len: 801 time: 0.2149460
2026-04-12 21:53:52.895 9 WARNING neutron_lib.context [None req-aaa171d8-bf56-4213-b516-3ccbb1e713b7 7cdf41b3d82c453f96271e91c0cbc1c5 cde4f0d32a31463e9c21056dddb36bfb - - default default] Method 'is_advsvc' is deprecated since 2023.2 release (neutron-lib 3.8.0) and will be removed once support for the old RBAC API policies will be removed from Neutron. Please use method 'is_service_role' instead.
2026-04-12 21:53:52.988 10 INFO neutron.db.ovn_revision_numbers_db [None req-37ce4296-e53f-4ad2-8996-79ae9c53236c edf9e75ca36c4393a76a0f26882eb1dd 0df486d5bccb4e71b2cea3e05104c539 - - default default] Successfully bumped revision number for resource c9a9c3a9-1b8d-43b8-8dc5-5eb3d333d0e2 (type: security_group_rules) to 0
2026-04-12 21:53:53.015 10 INFO neutron.wsgi [None req-37ce4296-e53f-4ad2-8996-79ae9c53236c edf9e75ca36c4393a76a0f26882eb1dd 0df486d5bccb4e71b2cea3e05104c539 - - default default] 10.0.0.169 "POST /v2.0/security-group-rules HTTP/1.1" status: 201 len: 800 time: 0.1476207
2026-04-12 21:53:53.038 10 INFO neutron.wsgi [None req-8a728347-9a9e-45b4-a5ec-d854fbec05be edf9e75ca36c4393a76a0f26882eb1dd 0df486d5bccb4e71b2cea3e05104c539 - - default default] 10.0.0.169 "GET /v2.0/security-group-rules/c9a9c3a9-1b8d-43b8-8dc5-5eb3d333d0e2 HTTP/1.1" status: 200 len: 795 time: 0.0183396
2026-04-12 21:53:53.115 10 INFO neutron.wsgi [None req-3e0f904d-caf6-40f3-86df-5005eaac0930 edf9e75ca36c4393a76a0f26882eb1dd 0df486d5bccb4e71b2cea3e05104c539 - - default default] 10.0.0.169 "GET /v2.0/security-group-rules HTTP/1.1" status: 200 len: 4333 time: 0.0720441
2026-04-12 21:53:53.143 9 WARNING neutron.scheduler.dhcp_agent_scheduler [None req-aaa171d8-bf56-4213-b516-3ccbb1e713b7 7cdf41b3d82c453f96271e91c0cbc1c5 cde4f0d32a31463e9c21056dddb36bfb - - default default] No more DHCP agents
2026-04-12 21:53:53.146 9 WARNING neutron.api.rpc.agentnotifiers.dhcp_rpc_agent_api [None req-aaa171d8-bf56-4213-b516-3ccbb1e713b7 7cdf41b3d82c453f96271e91c0cbc1c5 cde4f0d32a31463e9c21056dddb36bfb - - default default] Unable to schedule network 047c664c-a573-4e50-99dd-dda97e845eb7: no agents available; will retry on subsequent port and subnet creation events.
2026-04-12 21:53:53.222 10 INFO neutron.wsgi [None req-a3bdc21e-76e8-4378-8aaf-cee568b96430 edf9e75ca36c4393a76a0f26882eb1dd 0df486d5bccb4e71b2cea3e05104c539 - - default default] 10.0.0.169 "DELETE /v2.0/security-group-rules/c9a9c3a9-1b8d-43b8-8dc5-5eb3d333d0e2 HTTP/1.1" status: 204 len: 168 time: 0.1037230
2026-04-12 21:53:53.278 10 INFO neutron.wsgi [None req-00ed705e-d2b4-4dd0-8595-5f25162d9963 edf9e75ca36c4393a76a0f26882eb1dd 0df486d5bccb4e71b2cea3e05104c539 - - default default] 10.0.0.169 "GET /v2.0/security-group-rules HTTP/1.1" status: 200 len: 3755 time: 0.0531175
2026-04-12 21:53:53.289 10 WARNING neutron_lib.context [None req-c8276464-279e-4c3c-8da0-5b839fc0ef7d edf9e75ca36c4393a76a0f26882eb1dd 0df486d5bccb4e71b2cea3e05104c539 - - default default] Method 'is_advsvc' is deprecated since 2023.2 release (neutron-lib 3.8.0) and will be removed once support for the old RBAC API policies will be removed from Neutron. Please use method 'is_service_role' instead.
2026-04-12 21:53:53.414 10 INFO neutron.db.ovn_revision_numbers_db [None req-c8276464-279e-4c3c-8da0-5b839fc0ef7d edf9e75ca36c4393a76a0f26882eb1dd 0df486d5bccb4e71b2cea3e05104c539 - - default default] Successfully bumped revision number for resource 05c05462-d2f4-42ca-84f5-5a494f6864e2 (type: security_group_rules) to 0
2026-04-12 21:53:53.439 10 INFO neutron.wsgi [None req-c8276464-279e-4c3c-8da0-5b839fc0ef7d edf9e75ca36c4393a76a0f26882eb1dd 0df486d5bccb4e71b2cea3e05104c539 - - default default] 10.0.0.169 "POST /v2.0/security-group-rules HTTP/1.1" status: 201 len: 801 time: 0.1558731
2026-04-12 21:53:53.451 9 INFO neutron.wsgi [None req-aaa171d8-bf56-4213-b516-3ccbb1e713b7 7cdf41b3d82c453f96271e91c0cbc1c5 cde4f0d32a31463e9c21056dddb36bfb - - default default] 10.0.0.169 "POST /v2.0/floatingips HTTP/1.1" status: 201 len: 751 time: 0.5600283
2026-04-12 21:53:53.461 10 INFO neutron.wsgi [None req-7b998085-c309-44cf-98e3-8fcce7fde304 edf9e75ca36c4393a76a0f26882eb1dd 0df486d5bccb4e71b2cea3e05104c539 - - default default] 10.0.0.169 "GET /v2.0/security-group-rules/05c05462-d2f4-42ca-84f5-5a494f6864e2 HTTP/1.1" status: 200 len: 796 time: 0.0172963
2026-04-12 21:53:53.529 10 INFO neutron.wsgi [None req-7972de0c-f76f-4f06-a68d-82dd4d370d48 edf9e75ca36c4393a76a0f26882eb1dd 0df486d5bccb4e71b2cea3e05104c539 - - default default] 10.0.0.169 "GET /v2.0/security-group-rules HTTP/1.1" status: 200 len: 4334 time: 0.0635602
2026-04-12 21:53:53.647 10 INFO neutron.wsgi [None req-35b19d16-ee14-47d4-a242-fa1fe4ea4d9a edf9e75ca36c4393a76a0f26882eb1dd 0df486d5bccb4e71b2cea3e05104c539 - - default default] 10.0.0.169 "DELETE /v2.0/security-group-rules/05c05462-d2f4-42ca-84f5-5a494f6864e2 HTTP/1.1" status: 204 len: 168 time: 0.1136296
2026-04-12 21:53:53.719 10 INFO neutron.wsgi [None req-abff875d-64e8-45b8-be8b-d05d18797d81 edf9e75ca36c4393a76a0f26882eb1dd 0df486d5bccb4e71b2cea3e05104c539 - - default default] 10.0.0.169 "GET /v2.0/security-group-rules HTTP/1.1" status: 200 len: 3755 time: 0.0673199
2026-04-12 21:53:53.830 10 INFO neutron.wsgi [None req-5e6f7f32-6bbf-4c40-bbda-267ce09b3595 edf9e75ca36c4393a76a0f26882eb1dd 0df486d5bccb4e71b2cea3e05104c539 - - default default] 10.0.0.169 "DELETE /v2.0/security-groups/97d2af0c-2bd6-4639-82a8-d26effacceb3 HTTP/1.1" status: 204 len: 168 time: 0.1041510
2026-04-12 21:53:53.880 10 INFO neutron.wsgi [None req-f9ec3004-81a8-4c0e-b64c-f70d9a1b37b6 edf9e75ca36c4393a76a0f26882eb1dd 0df486d5bccb4e71b2cea3e05104c539 - - default default] 10.0.0.169 "GET /v2.0/security-groups HTTP/1.1" status: 200 len: 3120 time: 0.0427480
2026-04-12 21:53:53.937 10 INFO neutron.wsgi [None req-ce96b6d0-762d-4580-ab89-25a8adcf4d10 edf9e75ca36c4393a76a0f26882eb1dd 0df486d5bccb4e71b2cea3e05104c539 - - default default] 10.0.0.169 "GET /v2.0/security-groups HTTP/1.1" status: 200 len: 3120 time: 0.0479648
2026-04-12 21:53:53.987 10 INFO neutron.wsgi [req-11f17cb5-2d51-4de8-b16e-803cc1a77bc4 req-b98c5c3b-c4d7-4351-a2ed-bb480603bd19 7cdf41b3d82c453f96271e91c0cbc1c5 cde4f0d32a31463e9c21056dddb36bfb - - default default] 10.0.0.241 "GET /v2.0/security-groups?name=tempest-securitygroup--168684200&fields=id&tenant_id=cde4f0d32a31463e9c21056dddb36bfb HTTP/1.1" status: 200 len: 267 time: 0.0440602
2026-04-12 21:53:54.066 10 INFO neutron.wsgi [req-11f17cb5-2d51-4de8-b16e-803cc1a77bc4 req-1415931b-7491-4908-940a-43ff8e0b7de2 7cdf41b3d82c453f96271e91c0cbc1c5 cde4f0d32a31463e9c21056dddb36bfb - - default default] 10.0.0.241 "GET /v2.0/networks?id=e309eb7a-53ac-41d8-9538-4d5c442929fd HTTP/1.1" status: 200 len: 875 time: 0.0711586
2026-04-12 21:53:54.081 10 INFO neutron.wsgi [req-11f17cb5-2d51-4de8-b16e-803cc1a77bc4 req-0d4673f4-06dd-4b53-9162-35a01387006c 7cdf41b3d82c453f96271e91c0cbc1c5 cde4f0d32a31463e9c21056dddb36bfb - - default default] 10.0.0.241 "GET /v2.0/quotas/cde4f0d32a31463e9c21056dddb36bfb HTTP/1.1" status: 200 len: 491 time: 0.0093620
2026-04-12 21:53:54.169 10 INFO neutron.wsgi [req-11f17cb5-2d51-4de8-b16e-803cc1a77bc4 req-c3ccd415-8574-42c3-afc1-fb31ff177697 7cdf41b3d82c453f96271e91c0cbc1c5 cde4f0d32a31463e9c21056dddb36bfb - - default default] 10.0.0.241 "GET /v2.0/ports?tenant_id=cde4f0d32a31463e9c21056dddb36bfb&fields=id HTTP/1.1" status: 200 len: 302 time: 0.0828090
2026-04-12 21:53:54.238 10 INFO neutron.wsgi [req-11f17cb5-2d51-4de8-b16e-803cc1a77bc4 req-be87b48f-34f7-48f3-97c2-51fc4afe9af5 604f38dedab04366942f972aa856ac71 1bd2e5467d01435baa48dc817c8e3130 - - 93503bf48b7f40a88d62655bab932e37 93503bf48b7f40a88d62655bab932e37] 10.0.0.241 "GET /v2.0/networks/e309eb7a-53ac-41d8-9538-4d5c442929fd?fields=segments HTTP/1.1" status: 200 len: 212 time: 0.0556800
2026-04-12 21:53:54.300 10 INFO neutron.wsgi [req-11f17cb5-2d51-4de8-b16e-803cc1a77bc4 req-ff9651a8-5a86-4620-ad3d-a9318a7d123a 604f38dedab04366942f972aa856ac71 1bd2e5467d01435baa48dc817c8e3130 - - 93503bf48b7f40a88d62655bab932e37 93503bf48b7f40a88d62655bab932e37] 10.0.0.241 "GET /v2.0/networks/e309eb7a-53ac-41d8-9538-4d5c442929fd?fields=provider%3Aphysical_network&fields=provider%3Anetwork_type HTTP/1.1" status: 200 len: 277 time: 0.0551183
2026-04-12 21:53:54.371 10 INFO neutron.wsgi [-] 10.0.0.169 "GET / HTTP/1.1" status: 200 len: 279 time: 0.0026453
2026-04-12 21:53:54.455 9 INFO neutron.wsgi [req-d4749b33-cc90-4e34-a11e-a850e9f52499 req-72aad300-655e-471e-aebd-cca7bc3c792e 7cdf41b3d82c453f96271e91c0cbc1c5 cde4f0d32a31463e9c21056dddb36bfb - - default default] 10.0.0.241 "GET /v2.0/ports?device_id=b5653551-7bf9-400a-82f7-d8b770107473 HTTP/1.1" status: 200 len: 210 time: 0.0259387
2026-04-12 21:53:54.528 9 INFO neutron.wsgi [None req-e3a38001-05e4-4db4-9cf3-ba8d10a5171a a3205093f34f4fd9915fc406949dd9cd 76a449dc75604226af2f244e37c169cf - - default default] 10.0.0.169 "GET /v2.0/security-groups?tenant_id=0df486d5bccb4e71b2cea3e05104c539&name=default HTTP/1.1" status: 200 len: 3120 time: 0.1336310
2026-04-12 21:53:54.537 9 INFO neutron.wsgi [None req-07e25c24-deef-44e2-9ddf-92b311046915 ae70619a85be44f184bf9b3ba6fb68a2 9530b09e791a432d9f04ef416f056e43 - - default default] 10.0.0.169 "GET /v2.0/ HTTP/1.1" status: 200 len: 826 time: 0.1592879
2026-04-12 21:53:54.760 10 INFO neutron.wsgi [None req-0ebb7786-913b-45d7-8ed3-a3412307ff94 a3205093f34f4fd9915fc406949dd9cd 76a449dc75604226af2f244e37c169cf - - default default] 10.0.0.169 "DELETE /v2.0/security-groups/4d8252af-f161-4ffa-8f8b-2e95daf659e0 HTTP/1.1" status: 204 len: 168 time: 0.2259789
2026-04-12 21:53:55.211 9 INFO neutron.wsgi [req-11f17cb5-2d51-4de8-b16e-803cc1a77bc4 req-f41b655e-4d8d-499b-9fd8-2be531157132 7cdf41b3d82c453f96271e91c0cbc1c5 cde4f0d32a31463e9c21056dddb36bfb - - default default] 199.204.45.144 "GET /v2.0/networks?id=e309eb7a-53ac-41d8-9538-4d5c442929fd HTTP/1.1" status: 200 len: 875 time: 0.0662379
2026-04-12 21:53:55.263 9 INFO neutron.wsgi [req-11f17cb5-2d51-4de8-b16e-803cc1a77bc4 req-e004edc5-1475-414e-930d-1f5d3b41dc9d 7cdf41b3d82c453f96271e91c0cbc1c5 cde4f0d32a31463e9c21056dddb36bfb - - default default] 199.204.45.144 "GET /v2.0/security-groups?fields=id&fields=name&tenant_id=cde4f0d32a31463e9c21056dddb36bfb HTTP/1.1" status: 200 len: 379 time: 0.0451741
2026-04-12 21:53:55.275 9 WARNING neutron_lib.context [req-11f17cb5-2d51-4de8-b16e-803cc1a77bc4 req-6513c2fb-870f-43fc-a491-fe764aca3a02 7cdf41b3d82c453f96271e91c0cbc1c5 cde4f0d32a31463e9c21056dddb36bfb - - default default] Method 'is_advsvc' is deprecated since 2023.2 release (neutron-lib 3.8.0) and will be removed once support for the old RBAC API policies will be removed from Neutron. Please use method 'is_service_role' instead.
2026-04-12 21:53:55.510 9 INFO neutron.db.ovn_revision_numbers_db [None req-f2752d1d-48f4-4bf6-916a-d14843be9ec1 a3205093f34f4fd9915fc406949dd9cd 76a449dc75604226af2f244e37c169cf - - default default] Successfully bumped revision number for resource fab92466-7ac5-4d79-9789-ee778da1ba55 (type: security_groups) to 1
2026-04-12 21:53:55.543 9 INFO neutron.db.ovn_revision_numbers_db [None req-f2752d1d-48f4-4bf6-916a-d14843be9ec1 a3205093f34f4fd9915fc406949dd9cd 76a449dc75604226af2f244e37c169cf - - default default] Successfully bumped revision number for resource 09acdac5-ed25-4424-ab4c-9fe7dc5ef28e (type: security_group_rules) to 0
2026-04-12 21:53:55.566 10 INFO neutron.wsgi [req-2d9e3ad2-d04f-4dfa-8098-ef5996a59292 req-a0764947-81ce-4b44-b7fe-656d05c5166f 7cdf41b3d82c453f96271e91c0cbc1c5 cde4f0d32a31463e9c21056dddb36bfb - - default default] 10.0.0.241 "GET /v2.0/ports?device_id=b5653551-7bf9-400a-82f7-d8b770107473 HTTP/1.1" status: 200 len: 210 time: 0.0357568
2026-04-12 21:53:55.572 9 INFO neutron.db.ovn_revision_numbers_db [None req-f2752d1d-48f4-4bf6-916a-d14843be9ec1 a3205093f34f4fd9915fc406949dd9cd 76a449dc75604226af2f244e37c169cf - - default default] Successfully bumped revision number for resource 3c9db704-3706-443b-be79-e9f258b450d5 (type: security_group_rules) to 0
2026-04-12 21:53:55.599 9 INFO neutron.db.ovn_revision_numbers_db [None req-f2752d1d-48f4-4bf6-916a-d14843be9ec1 a3205093f34f4fd9915fc406949dd9cd 76a449dc75604226af2f244e37c169cf - - default default] Successfully bumped revision number for resource 757e5f6f-c7b4-4e68-9739-16014cc86bbd (type: security_group_rules) to 0
2026-04-12 21:53:55.618 9 INFO neutron.db.ovn_revision_numbers_db [None req-f2752d1d-48f4-4bf6-916a-d14843be9ec1 a3205093f34f4fd9915fc406949dd9cd 76a449dc75604226af2f244e37c169cf - - default default] Successfully bumped revision number for resource ac4ed49d-bf02-4795-91cb-3d9063bed48c (type: security_group_rules) to 0
2026-04-12 21:53:55.653 9 INFO neutron.wsgi [None req-f2752d1d-48f4-4bf6-916a-d14843be9ec1 a3205093f34f4fd9915fc406949dd9cd 76a449dc75604226af2f244e37c169cf - - default default] 10.0.0.169 "GET /v2.0/security-groups?tenant_id=9530b09e791a432d9f04ef416f056e43&name=default HTTP/1.1" status: 200 len: 3120 time: 0.6295228
2026-04-12 21:53:55.732 9 WARNING neutron.scheduler.dhcp_agent_scheduler [req-11f17cb5-2d51-4de8-b16e-803cc1a77bc4 req-6513c2fb-870f-43fc-a491-fe764aca3a02 7cdf41b3d82c453f96271e91c0cbc1c5 cde4f0d32a31463e9c21056dddb36bfb - - default default] No more DHCP agents
2026-04-12 21:53:55.736 9 WARNING neutron.api.rpc.agentnotifiers.dhcp_rpc_agent_api [req-11f17cb5-2d51-4de8-b16e-803cc1a77bc4 req-6513c2fb-870f-43fc-a491-fe764aca3a02 7cdf41b3d82c453f96271e91c0cbc1c5 cde4f0d32a31463e9c21056dddb36bfb - - default default] Unable to schedule network e309eb7a-53ac-41d8-9538-4d5c442929fd: no agents available; will retry on subsequent port and subnet creation events.
2026-04-12 21:53:55.924 9 INFO neutron.db.ovn_revision_numbers_db [req-11f17cb5-2d51-4de8-b16e-803cc1a77bc4 req-6513c2fb-870f-43fc-a491-fe764aca3a02 7cdf41b3d82c453f96271e91c0cbc1c5 cde4f0d32a31463e9c21056dddb36bfb - - default default] Successfully bumped revision number for resource f72f848f-766c-4b06-bd86-454436462c2e (type: ports) to 1
2026-04-12 21:53:55.947 9 INFO neutron.wsgi [req-11f17cb5-2d51-4de8-b16e-803cc1a77bc4 req-6513c2fb-870f-43fc-a491-fe764aca3a02 7cdf41b3d82c453f96271e91c0cbc1c5 cde4f0d32a31463e9c21056dddb36bfb - - default default] 199.204.45.144 "POST /v2.0/ports HTTP/1.1" status: 201 len: 1162 time: 0.6775117
2026-04-12 21:53:55.959 10 INFO neutron.wsgi [None req-40119567-7188-49d4-b00b-dd28952ddc29 a3205093f34f4fd9915fc406949dd9cd 76a449dc75604226af2f244e37c169cf - - default default] 10.0.0.169 "DELETE /v2.0/security-groups/fab92466-7ac5-4d79-9789-ee778da1ba55 HTTP/1.1" status: 204 len: 168 time: 0.2972119 /var/lib/openstack/lib/python3.10/site-packages/pycadf/identifier.py:71: UserWarning: Invalid uuid: neutron. To ensure interoperability, identifiers should be a valid uuid. warnings.warn(('Invalid uuid: %s. To ensure interoperability, '
2026-04-12 21:53:56.089 10 INFO neutron.wsgi [req-d4136905-ee00-424e-b129-8d750282d90c req-7188ca07-1a4d-472f-896e-101a03278581 604f38dedab04366942f972aa856ac71 1bd2e5467d01435baa48dc817c8e3130 - - 93503bf48b7f40a88d62655bab932e37 93503bf48b7f40a88d62655bab932e37] 10.0.0.93 "GET /v2.0/ports?device_id=ff5209a0-7966-4d25-bfca-a95586645a40 HTTP/1.1" status: 200 len: 1409 time: 0.2300415
2026-04-12 21:53:56.157 10 INFO neutron.wsgi [req-d4136905-ee00-424e-b129-8d750282d90c req-caf1b08a-9301-49ca-ae9a-499915b0b5ba 604f38dedab04366942f972aa856ac71 1bd2e5467d01435baa48dc817c8e3130 - - 93503bf48b7f40a88d62655bab932e37 93503bf48b7f40a88d62655bab932e37] 10.0.0.93 "GET /v2.0/security-groups?id=c30cf4ea-ba71-40f1-a7bc-25789bdee8e2&fields=id&fields=name HTTP/1.1" status: 200 len: 312 time: 0.0633762
2026-04-12 21:53:56.344 9 INFO neutron.db.ovn_revision_numbers_db [req-11f17cb5-2d51-4de8-b16e-803cc1a77bc4 req-e58bd832-f58e-40fb-98ca-d4cc2a1cbe11 604f38dedab04366942f972aa856ac71 1bd2e5467d01435baa48dc817c8e3130 - - 93503bf48b7f40a88d62655bab932e37 93503bf48b7f40a88d62655bab932e37] Successfully bumped revision number for resource f72f848f-766c-4b06-bd86-454436462c2e (type: ports) to 2
2026-04-12 21:53:56.568 9 INFO neutron.db.ovn_revision_numbers_db [req-11f17cb5-2d51-4de8-b16e-803cc1a77bc4 req-e58bd832-f58e-40fb-98ca-d4cc2a1cbe11 604f38dedab04366942f972aa856ac71 1bd2e5467d01435baa48dc817c8e3130 - - 93503bf48b7f40a88d62655bab932e37 93503bf48b7f40a88d62655bab932e37] Successfully bumped revision number for resource f72f848f-766c-4b06-bd86-454436462c2e (type: ports) to 2
2026-04-12 21:53:56.590 9 INFO neutron.wsgi [req-11f17cb5-2d51-4de8-b16e-803cc1a77bc4 req-e58bd832-f58e-40fb-98ca-d4cc2a1cbe11 604f38dedab04366942f972aa856ac71 1bd2e5467d01435baa48dc817c8e3130 - - 93503bf48b7f40a88d62655bab932e37 93503bf48b7f40a88d62655bab932e37] 199.204.45.144 "PUT /v2.0/ports/f72f848f-766c-4b06-bd86-454436462c2e HTTP/1.1" status: 200 len: 1380 time: 0.6338823 /var/lib/openstack/lib/python3.10/site-packages/pycadf/identifier.py:71: UserWarning: Invalid uuid: neutron. To ensure interoperability, identifiers should be a valid uuid. warnings.warn(('Invalid uuid: %s. To ensure interoperability, '
2026-04-12 21:53:56.633 9 INFO neutron.notifiers.nova [-] Nova event matching ['req-2f751455-97c4-4c31-aa14-005be8719150'] response: {'name': 'network-changed', 'server_uuid': 'b5653551-7bf9-400a-82f7-d8b770107473', 'tag': 'f72f848f-766c-4b06-bd86-454436462c2e', 'status': 'completed', 'code': 200}
2026-04-12 21:53:56.651 10 WARNING neutron.plugins.ml2.drivers.ovn.mech_driver.ovsdb.ovn_client [None req-f3be13e7-fce4-4559-8475-7f00d676cfbd - - - - - -] No hosting information found for port ddc82b68-ac69-4a51-8942-1f0318db8da2: RuntimeError: No hosting information found for port ddc82b68-ac69-4a51-8942-1f0318db8da2
2026-04-12 21:53:56.885 9 INFO neutron.wsgi [req-11f17cb5-2d51-4de8-b16e-803cc1a77bc4 req-c2fee728-c9c0-46f6-9b41-5571b9beb626 604f38dedab04366942f972aa856ac71 1bd2e5467d01435baa48dc817c8e3130 - - 93503bf48b7f40a88d62655bab932e37 93503bf48b7f40a88d62655bab932e37] 199.204.45.144 "GET /v2.0/ports?tenant_id=cde4f0d32a31463e9c21056dddb36bfb&device_id=b5653551-7bf9-400a-82f7-d8b770107473 HTTP/1.1" status: 200 len: 1411 time: 0.2643940
2026-04-12 21:53:56.921 9 INFO neutron.wsgi [req-11f17cb5-2d51-4de8-b16e-803cc1a77bc4 req-6eef2d79-f07d-4e13-8086-6ff75a39dc53 604f38dedab04366942f972aa856ac71 1bd2e5467d01435baa48dc817c8e3130 - - 93503bf48b7f40a88d62655bab932e37 93503bf48b7f40a88d62655bab932e37] 199.204.45.144 "GET /v2.0/floatingips?fixed_ip_address=10.100.0.12&port_id=f72f848f-766c-4b06-bd86-454436462c2e HTTP/1.1" status: 200 len: 217 time: 0.0301120
2026-04-12 21:53:56.969 9 INFO neutron.wsgi [req-11f17cb5-2d51-4de8-b16e-803cc1a77bc4 req-594568cf-85b4-448f-85b2-d2e1f91394aa 604f38dedab04366942f972aa856ac71 1bd2e5467d01435baa48dc817c8e3130 - - 93503bf48b7f40a88d62655bab932e37 93503bf48b7f40a88d62655bab932e37] 199.204.45.144 "GET /v2.0/subnets?id=7a45fe05-315e-498d-90e1-65b53cb9dc5d HTTP/1.1" status: 200 len: 869 time: 0.0421665
2026-04-12 21:53:56.973 9 INFO neutron.wsgi [req-2e1c6ad8-98b1-42a9-8843-e218a5e7b710 req-8e6160a2-bb31-45e5-aaf7-07d76dd955cb 7cdf41b3d82c453f96271e91c0cbc1c5 cde4f0d32a31463e9c21056dddb36bfb - - default default] 10.0.0.241 "GET /v2.0/ports?device_id=b5653551-7bf9-400a-82f7-d8b770107473 HTTP/1.1" status: 200 len: 1172 time: 0.3390629
2026-04-12 21:53:56.996 9 INFO neutron.wsgi [req-11f17cb5-2d51-4de8-b16e-803cc1a77bc4 req-99f9bd05-5b6c-4aec-aa42-cb8c808197d3 604f38dedab04366942f972aa856ac71 1bd2e5467d01435baa48dc817c8e3130 - - 93503bf48b7f40a88d62655bab932e37 93503bf48b7f40a88d62655bab932e37] 199.204.45.144 "GET /v2.0/ports?network_id=e309eb7a-53ac-41d8-9538-4d5c442929fd&device_owner=network%3Adhcp HTTP/1.1" status: 200 len: 210 time: 0.0215287
2026-04-12 21:53:57.036 9 INFO neutron.wsgi [req-2e1c6ad8-98b1-42a9-8843-e218a5e7b710 req-df6ac002-4573-46cb-9903-9ab69ff6be71 7cdf41b3d82c453f96271e91c0cbc1c5 cde4f0d32a31463e9c21056dddb36bfb - - default default] 10.0.0.241 "GET /v2.0/security-groups?id=82149600-73e8-46bc-bfb8-39c0d9b1b3fa&fields=id&fields=name HTTP/1.1" status: 200 len: 312 time: 0.0552394
2026-04-12 21:53:57.062 9 INFO neutron.wsgi [req-11f17cb5-2d51-4de8-b16e-803cc1a77bc4 req-5b48c31d-3395-48ed-ad71-36b73c2ce033 604f38dedab04366942f972aa856ac71 1bd2e5467d01435baa48dc817c8e3130 - - 93503bf48b7f40a88d62655bab932e37 93503bf48b7f40a88d62655bab932e37] 199.204.45.144 "GET /v2.0/networks/e309eb7a-53ac-41d8-9538-4d5c442929fd?fields=segments HTTP/1.1" status: 200 len: 212 time: 0.0602343
2026-04-12 21:53:57.125 9 INFO neutron.wsgi [req-11f17cb5-2d51-4de8-b16e-803cc1a77bc4 req-989076ea-cf19-40f9-9268-ffd3c9ace661 604f38dedab04366942f972aa856ac71 1bd2e5467d01435baa48dc817c8e3130 - - 93503bf48b7f40a88d62655bab932e37 93503bf48b7f40a88d62655bab932e37] 199.204.45.144 "GET /v2.0/networks/e309eb7a-53ac-41d8-9538-4d5c442929fd?fields=provider%3Aphysical_network&fields=provider%3Anetwork_type HTTP/1.1" status: 200 len: 277 time: 0.0559032
2026-04-12 21:53:57.208 9 INFO neutron.wsgi [req-9e5da018-872b-4abc-9736-e8d5885a6a56 req-253fbe4d-2c88-4de6-b49b-a5f9a00330ab 604f38dedab04366942f972aa856ac71 1bd2e5467d01435baa48dc817c8e3130 - - 93503bf48b7f40a88d62655bab932e37 93503bf48b7f40a88d62655bab932e37] 199.204.45.144 "GET /v2.0/ports?tenant_id=cde4f0d32a31463e9c21056dddb36bfb&device_id=b5653551-7bf9-400a-82f7-d8b770107473 HTTP/1.1" status: 200 len: 1411 time: 0.0391896
2026-04-12 21:53:57.297 9 INFO neutron.wsgi [req-9e5da018-872b-4abc-9736-e8d5885a6a56 req-87b00e68-0ae4-42cc-a082-814b53904058 604f38dedab04366942f972aa856ac71 1bd2e5467d01435baa48dc817c8e3130 - - 93503bf48b7f40a88d62655bab932e37 93503bf48b7f40a88d62655bab932e37] 199.204.45.144 "GET /v2.0/networks?id=e309eb7a-53ac-41d8-9538-4d5c442929fd HTTP/1.1" status: 200 len: 974 time: 0.0811200
2026-04-12 21:53:57.341 9 INFO neutron.wsgi [req-9e5da018-872b-4abc-9736-e8d5885a6a56 req-967c45e5-df9f-4e77-a805-e83ce6231798 604f38dedab04366942f972aa856ac71 1bd2e5467d01435baa48dc817c8e3130 - - 93503bf48b7f40a88d62655bab932e37 93503bf48b7f40a88d62655bab932e37] 199.204.45.144 "GET /v2.0/floatingips?fixed_ip_address=10.100.0.12&port_id=f72f848f-766c-4b06-bd86-454436462c2e HTTP/1.1" status: 200 len: 217 time: 0.0329986
2026-04-12 21:53:57.361 10 INFO neutron.plugins.ml2.drivers.ovn.mech_driver.mech_driver [None req-f3be13e7-fce4-4559-8475-7f00d676cfbd - - - - - -] OVN reports status up for port: f72f848f-766c-4b06-bd86-454436462c2e
2026-04-12 21:53:57.386 10 INFO neutron.plugins.ml2.plugin [None req-f3be13e7-fce4-4559-8475-7f00d676cfbd - - - - - -] Attempt 1 to provision port f72f848f-766c-4b06-bd86-454436462c2e
2026-04-12 21:53:57.393 9 INFO neutron.wsgi [req-9e5da018-872b-4abc-9736-e8d5885a6a56 req-edf301ad-0ea6-4f2e-8939-bd729ec0a80e 604f38dedab04366942f972aa856ac71 1bd2e5467d01435baa48dc817c8e3130 - - 93503bf48b7f40a88d62655bab932e37 93503bf48b7f40a88d62655bab932e37] 199.204.45.144 "GET /v2.0/subnets?id=7a45fe05-315e-498d-90e1-65b53cb9dc5d HTTP/1.1" status: 200 len: 869 time: 0.0443940
2026-04-12 21:53:57.434 9 INFO neutron.wsgi [req-9e5da018-872b-4abc-9736-e8d5885a6a56 req-654b9076-2e1a-4236-86f9-8612847ee98a 604f38dedab04366942f972aa856ac71 1bd2e5467d01435baa48dc817c8e3130 - - 93503bf48b7f40a88d62655bab932e37 93503bf48b7f40a88d62655bab932e37] 199.204.45.144 "GET /v2.0/ports?network_id=e309eb7a-53ac-41d8-9538-4d5c442929fd&device_owner=network%3Adhcp HTTP/1.1" status: 200 len: 210 time: 0.0352073
2026-04-12 21:53:57.520 9 INFO neutron.wsgi [req-9e5da018-872b-4abc-9736-e8d5885a6a56 req-1426f950-f7e2-4685-aef1-be9a4732dfaf 604f38dedab04366942f972aa856ac71 1bd2e5467d01435baa48dc817c8e3130 - - 93503bf48b7f40a88d62655bab932e37 93503bf48b7f40a88d62655bab932e37] 199.204.45.144 "GET /v2.0/networks/e309eb7a-53ac-41d8-9538-4d5c442929fd?fields=segments HTTP/1.1" status: 200 len: 212 time: 0.0788531
2026-04-12 21:53:57.610 10 INFO neutron.notifiers.nova [-] Nova event matching ['req-225b01b6-a308-430a-a532-1e2781771b30'] response: {'server_uuid': 'b5653551-7bf9-400a-82f7-d8b770107473', 'name': 'network-vif-plugged', 'status': 'completed', 'tag': 'f72f848f-766c-4b06-bd86-454436462c2e', 'code': 200}
2026-04-12 21:53:57.624 9 INFO neutron.wsgi [req-9e5da018-872b-4abc-9736-e8d5885a6a56 req-4c2b1a45-b0a0-418a-9d63-b59cedc33b44 604f38dedab04366942f972aa856ac71 1bd2e5467d01435baa48dc817c8e3130 - - 93503bf48b7f40a88d62655bab932e37 93503bf48b7f40a88d62655bab932e37] 199.204.45.144 "GET /v2.0/networks/e309eb7a-53ac-41d8-9538-4d5c442929fd?fields=provider%3Aphysical_network&fields=provider%3Anetwork_type HTTP/1.1" status: 200 len: 277 time: 0.0919418
2026-04-12 21:53:57.770 10 INFO neutron.db.ovn_revision_numbers_db [None req-f3be13e7-fce4-4559-8475-7f00d676cfbd - - - - - -] Successfully bumped revision number for resource f72f848f-766c-4b06-bd86-454436462c2e (type: ports) to 4 /var/lib/openstack/lib/python3.10/site-packages/pycadf/identifier.py:71: UserWarning: Invalid uuid: neutron. To ensure interoperability, identifiers should be a valid uuid. warnings.warn(('Invalid uuid: %s. To ensure interoperability, '
2026-04-12 21:53:58.153 10 INFO neutron.wsgi [req-35e957c3-a50e-432e-ae3d-482d369e7d60 req-3937b1cc-7e15-4c42-8c9c-db3adc38580c 7cdf41b3d82c453f96271e91c0cbc1c5 cde4f0d32a31463e9c21056dddb36bfb - - default default] 10.0.0.241 "GET /v2.0/ports?device_id=b5653551-7bf9-400a-82f7-d8b770107473 HTTP/1.1" status: 200 len: 1174 time: 0.0470986
2026-04-12 21:53:58.208 10 INFO neutron.wsgi [req-35e957c3-a50e-432e-ae3d-482d369e7d60 req-153ce8fa-9710-4f20-b459-3dc81a96d92d 7cdf41b3d82c453f96271e91c0cbc1c5 cde4f0d32a31463e9c21056dddb36bfb - - default default] 10.0.0.241 "GET /v2.0/security-groups?id=82149600-73e8-46bc-bfb8-39c0d9b1b3fa&fields=id&fields=name HTTP/1.1" status: 200 len: 312 time: 0.0485694
2026-04-12 21:53:58.314 9 INFO neutron.wsgi [req-b21e7ce1-2b4b-4306-9890-dcb9a32d7b2f req-2fb32f76-c5fc-4d70-ba94-4a16a53fe180 7cdf41b3d82c453f96271e91c0cbc1c5 cde4f0d32a31463e9c21056dddb36bfb - - default default] 10.0.0.241 "GET /v2.0/ports?device_id=b5653551-7bf9-400a-82f7-d8b770107473 HTTP/1.1" status: 200 len: 1174 time: 0.0422974
2026-04-12 21:53:58.660 9 INFO neutron.db.ovn_revision_numbers_db [None req-1072cffc-5f9c-470b-8f16-eaa48583d22f a3205093f34f4fd9915fc406949dd9cd 76a449dc75604226af2f244e37c169cf - - default default] Successfully bumped revision number for resource 240eb55a-7b36-4b43-b0ce-41397b360a1f (type: security_groups) to 1
2026-04-12 21:53:58.675 9 INFO neutron.db.ovn_revision_numbers_db [None req-1072cffc-5f9c-470b-8f16-eaa48583d22f a3205093f34f4fd9915fc406949dd9cd 76a449dc75604226af2f244e37c169cf - - default default] Successfully bumped revision number for resource 03f6b540-914c-45b5-8b64-b85407542438 (type: security_group_rules) to 0
2026-04-12 21:53:58.690 9 INFO neutron.db.ovn_revision_numbers_db [None req-1072cffc-5f9c-470b-8f16-eaa48583d22f a3205093f34f4fd9915fc406949dd9cd 76a449dc75604226af2f244e37c169cf - - default default] Successfully bumped revision number for resource 0d88454a-c496-4fb6-acf3-e189a9cf794d (type: security_group_rules) to 0
2026-04-12 21:53:58.710 9 INFO neutron.db.ovn_revision_numbers_db [None req-1072cffc-5f9c-470b-8f16-eaa48583d22f a3205093f34f4fd9915fc406949dd9cd 76a449dc75604226af2f244e37c169cf - - default default] Successfully bumped revision number for resource 173a1811-c60f-497d-acc6-1dd69b8179dd (type: security_group_rules) to 0
2026-04-12 21:53:58.731 9 INFO neutron.db.ovn_revision_numbers_db [None req-1072cffc-5f9c-470b-8f16-eaa48583d22f a3205093f34f4fd9915fc406949dd9cd 76a449dc75604226af2f244e37c169cf - - default default] Successfully bumped revision number for resource bcba7a6a-c614-407c-bda4-8e4ffeae5756 (type: security_group_rules) to 0
2026-04-12 21:53:58.759 9 INFO neutron.wsgi [None req-1072cffc-5f9c-470b-8f16-eaa48583d22f a3205093f34f4fd9915fc406949dd9cd 76a449dc75604226af2f244e37c169cf - - default default] 10.0.0.169 "GET /v2.0/security-groups?tenant_id=c3188b794b79425ebe1f9889d2459180&name=default HTTP/1.1" status: 200 len: 3120 time: 0.3289940
2026-04-12 21:53:59.158 10 INFO neutron.wsgi [None req-f0ec09bf-f9b2-4f8c-b2b2-c19f7729abc2 a3205093f34f4fd9915fc406949dd9cd 76a449dc75604226af2f244e37c169cf - - default default] 10.0.0.169 "DELETE /v2.0/security-groups/240eb55a-7b36-4b43-b0ce-41397b360a1f HTTP/1.1" status: 204 len: 168 time: 0.3919055
2026-04-12 21:53:59.299 10 INFO neutron.db.ovn_revision_numbers_db [None req-665a4b33-d9b8-462d-b726-0bee7d8f6be8 7cdf41b3d82c453f96271e91c0cbc1c5 cde4f0d32a31463e9c21056dddb36bfb - - default default] Successfully bumped revision number for resource 66de073f-7c58-47b2-ba79-9620595af856 (type: floatingips) to 1
2026-04-12 21:53:59.434 10 INFO neutron.db.ovn_revision_numbers_db [None req-665a4b33-d9b8-462d-b726-0bee7d8f6be8 7cdf41b3d82c453f96271e91c0cbc1c5 cde4f0d32a31463e9c21056dddb36bfb - - default default] Successfully bumped revision number for resource 66de073f-7c58-47b2-ba79-9620595af856 (type: floatingips) to 2
2026-04-12 21:53:59.434 10 INFO neutron.db.l3_db [None req-665a4b33-d9b8-462d-b726-0bee7d8f6be8 7cdf41b3d82c453f96271e91c0cbc1c5 cde4f0d32a31463e9c21056dddb36bfb - - default default] Floating IP 66de073f-7c58-47b2-ba79-9620595af856 associated. External IP: 10.96.250.203, port: f72f848f-766c-4b06-bd86-454436462c2e.
2026-04-12 21:53:59.470 10 INFO neutron.wsgi [None req-665a4b33-d9b8-462d-b726-0bee7d8f6be8 7cdf41b3d82c453f96271e91c0cbc1c5 cde4f0d32a31463e9c21056dddb36bfb - - default default] 10.0.0.169 "PUT /v2.0/floatingips/66de073f-7c58-47b2-ba79-9620595af856 HTTP/1.1" status: 200 len: 1050 time: 1.1408415 /var/lib/openstack/lib/python3.10/site-packages/pycadf/identifier.py:71: UserWarning: Invalid uuid: neutron. To ensure interoperability, identifiers should be a valid uuid. warnings.warn(('Invalid uuid: %s. To ensure interoperability, '
2026-04-12 21:53:59.584 10 INFO neutron.wsgi [req-94d3a749-fe1f-4974-aefb-e623dd5ad857 req-9dc4fcdf-24eb-418a-8b19-6cbda117e649 7cdf41b3d82c453f96271e91c0cbc1c5 cde4f0d32a31463e9c21056dddb36bfb - - default default] 10.0.0.241 "GET /v2.0/ports?device_id=b5653551-7bf9-400a-82f7-d8b770107473 HTTP/1.1" status: 200 len: 1174 time: 0.0753505
2026-04-12 21:53:59.646 10 INFO neutron.wsgi [req-94d3a749-fe1f-4974-aefb-e623dd5ad857 req-406931c4-523f-4808-8a14-cf0f552957e8 7cdf41b3d82c453f96271e91c0cbc1c5 cde4f0d32a31463e9c21056dddb36bfb - - default default] 10.0.0.241 "GET /v2.0/security-groups?id=82149600-73e8-46bc-bfb8-39c0d9b1b3fa&fields=id&fields=name HTTP/1.1" status: 200 len: 312 time: 0.0524073
2026-04-12 21:53:59.670 10 INFO neutron.notifiers.nova [-] Nova event matching ['req-6ddf42f1-bfc9-444d-8baf-f252da49c067'] response: {'server_uuid': 'b5653551-7bf9-400a-82f7-d8b770107473', 'name': 'network-vif-plugged', 'status': 'completed', 'tag': 'f72f848f-766c-4b06-bd86-454436462c2e', 'code': 200}
2026-04-12 21:53:59.670 10 INFO neutron.notifiers.nova [-] Nova event matching ['req-6ddf42f1-bfc9-444d-8baf-f252da49c067'] response: {'name': 'network-changed', 'server_uuid': 'b5653551-7bf9-400a-82f7-d8b770107473', 'tag': 'f72f848f-766c-4b06-bd86-454436462c2e', 'status': 'completed', 'code': 200}
2026-04-12 21:53:59.723 9 INFO neutron.wsgi [req-0556211b-458f-4902-9034-7b6a8e471cfd req-8b8d95bd-768c-46f0-b905-26b416e80ec3 604f38dedab04366942f972aa856ac71 1bd2e5467d01435baa48dc817c8e3130 - - 93503bf48b7f40a88d62655bab932e37 93503bf48b7f40a88d62655bab932e37] 199.204.45.144 "GET /v2.0/ports?tenant_id=cde4f0d32a31463e9c21056dddb36bfb&device_id=b5653551-7bf9-400a-82f7-d8b770107473 HTTP/1.1" status: 200 len: 1413 time: 0.0342100
2026-04-12 21:53:59.797 9 INFO neutron.wsgi [req-0556211b-458f-4902-9034-7b6a8e471cfd req-9c5fcd24-0337-44a6-85f6-b5b4652d1c13 604f38dedab04366942f972aa856ac71 1bd2e5467d01435baa48dc817c8e3130 - - 93503bf48b7f40a88d62655bab932e37 93503bf48b7f40a88d62655bab932e37] 199.204.45.144 "GET /v2.0/networks?id=e309eb7a-53ac-41d8-9538-4d5c442929fd HTTP/1.1" status: 200 len: 974 time: 0.0681090
2026-04-12 21:53:59.855 9 INFO neutron.wsgi [req-0556211b-458f-4902-9034-7b6a8e471cfd req-ba977ee4-731c-43e6-8e1b-f0a4a4756712 604f38dedab04366942f972aa856ac71 1bd2e5467d01435baa48dc817c8e3130 - - 93503bf48b7f40a88d62655bab932e37 93503bf48b7f40a88d62655bab932e37] 199.204.45.144 "GET /v2.0/floatingips?fixed_ip_address=10.100.0.12&port_id=f72f848f-766c-4b06-bd86-454436462c2e HTTP/1.1" status: 200 len: 1060 time: 0.0483937
2026-04-12 21:53:59.887 10 INFO neutron.plugins.ml2.drivers.ovn.mech_driver.mech_driver [None req-f3be13e7-fce4-4559-8475-7f00d676cfbd - - - - - -] OVN reports status down for port: f72f848f-766c-4b06-bd86-454436462c2e
2026-04-12 21:53:59.915 9 INFO neutron.wsgi [req-0556211b-458f-4902-9034-7b6a8e471cfd req-88d3338a-91e1-4ea7-8efa-e08e4e26c55a 604f38dedab04366942f972aa856ac71 1bd2e5467d01435baa48dc817c8e3130 - - 93503bf48b7f40a88d62655bab932e37 93503bf48b7f40a88d62655bab932e37] 199.204.45.144 "GET /v2.0/subnets?id=7a45fe05-315e-498d-90e1-65b53cb9dc5d HTTP/1.1" status: 200 len: 869 time: 0.0538073
2026-04-12 21:53:59.931 10 INFO neutron.wsgi [req-022d18a7-efad-46af-9756-677205a16d53 req-dc1bfdfd-5d70-44e2-9120-ee44527c1aa7 7cdf41b3d82c453f96271e91c0cbc1c5 cde4f0d32a31463e9c21056dddb36bfb - - default default] 10.0.0.241 "GET /v2.0/ports?device_id=b5653551-7bf9-400a-82f7-d8b770107473 HTTP/1.1" status: 200 len: 1174 time: 0.0588210
2026-04-12 21:53:59.944 9 INFO neutron.wsgi [req-0556211b-458f-4902-9034-7b6a8e471cfd req-3d4690ec-027f-4a9e-b0cc-2e5493154b54 604f38dedab04366942f972aa856ac71 1bd2e5467d01435baa48dc817c8e3130 - - 93503bf48b7f40a88d62655bab932e37 93503bf48b7f40a88d62655bab932e37] 199.204.45.144 "GET /v2.0/ports?network_id=e309eb7a-53ac-41d8-9538-4d5c442929fd&device_owner=network%3Adhcp HTTP/1.1" status: 200 len: 210 time: 0.0226138
2026-04-12 21:53:59.966 9 INFO neutron.db.ovn_revision_numbers_db [None req-fa097f74-8c50-4b45-83c1-4c029b44cdf3 a3205093f34f4fd9915fc406949dd9cd 76a449dc75604226af2f244e37c169cf - - default default] Successfully bumped revision number for resource ef3bd972-b7bd-49b4-97ab-9b919acc73fe (type: security_groups) to 1
2026-04-12 21:53:59.988 10 INFO neutron.wsgi [req-022d18a7-efad-46af-9756-677205a16d53 req-3a2b1792-46ac-4f7e-ad08-5a476bcd4f63 7cdf41b3d82c453f96271e91c0cbc1c5 cde4f0d32a31463e9c21056dddb36bfb - - default default] 10.0.0.241 "GET /v2.0/security-groups?id=82149600-73e8-46bc-bfb8-39c0d9b1b3fa&fields=id&fields=name HTTP/1.1" status: 200 len: 312 time: 0.0484548
2026-04-12 21:53:59.989 9 INFO neutron.db.ovn_revision_numbers_db [None req-fa097f74-8c50-4b45-83c1-4c029b44cdf3 a3205093f34f4fd9915fc406949dd9cd 76a449dc75604226af2f244e37c169cf - - default default] Successfully bumped revision number for resource 0924f242-c88f-497c-89be-914f55ac646e (type: security_group_rules) to 0
2026-04-12 21:54:00.007 9 INFO neutron.db.ovn_revision_numbers_db [None req-fa097f74-8c50-4b45-83c1-4c029b44cdf3 a3205093f34f4fd9915fc406949dd9cd 76a449dc75604226af2f244e37c169cf - - default default] Successfully bumped revision number for resource 49658076-7bfb-4a0e-8e16-322594ef099e (type: security_group_rules) to 0
2026-04-12 21:54:00.010 9 INFO neutron.wsgi [req-0556211b-458f-4902-9034-7b6a8e471cfd req-d5217116-00ec-400d-9f34-ed4d2dbca06c 604f38dedab04366942f972aa856ac71 1bd2e5467d01435baa48dc817c8e3130 - - 93503bf48b7f40a88d62655bab932e37 93503bf48b7f40a88d62655bab932e37] 199.204.45.144 "GET /v2.0/networks/e309eb7a-53ac-41d8-9538-4d5c442929fd?fields=segments HTTP/1.1" status: 200 len: 212 time: 0.0568657
2026-04-12 21:54:00.024 9 INFO neutron.db.ovn_revision_numbers_db [None req-fa097f74-8c50-4b45-83c1-4c029b44cdf3 a3205093f34f4fd9915fc406949dd9cd 76a449dc75604226af2f244e37c169cf - - default default] Successfully bumped revision number for resource 5466e6d7-de15-45fa-97a7-648ade81de52 (type: security_group_rules) to 0
2026-04-12 21:54:00.057 9 INFO neutron.db.ovn_revision_numbers_db [None req-fa097f74-8c50-4b45-83c1-4c029b44cdf3 a3205093f34f4fd9915fc406949dd9cd 76a449dc75604226af2f244e37c169cf - - default default] Successfully bumped revision number for resource f0544443-4560-440c-98f0-4506d0014819 (type: security_group_rules) to 0
2026-04-12 21:54:00.080 9 INFO neutron.wsgi [None req-fa097f74-8c50-4b45-83c1-4c029b44cdf3 a3205093f34f4fd9915fc406949dd9cd 76a449dc75604226af2f244e37c169cf - - default default] 10.0.0.169 "GET /v2.0/security-groups?tenant_id=d9810c8ec00a43b1a30d41b94883b620&name=default HTTP/1.1" status: 200 len: 3120 time: 0.4588311
2026-04-12 21:54:00.085 9 INFO neutron.wsgi [req-0556211b-458f-4902-9034-7b6a8e471cfd req-f2a41386-bd45-4d9f-a407-f8dd412e07b5 604f38dedab04366942f972aa856ac71 1bd2e5467d01435baa48dc817c8e3130 - - 93503bf48b7f40a88d62655bab932e37 93503bf48b7f40a88d62655bab932e37] 199.204.45.144 "GET /v2.0/networks/e309eb7a-53ac-41d8-9538-4d5c442929fd?fields=provider%3Aphysical_network&fields=provider%3Anetwork_type HTTP/1.1" status: 200 len: 277 time: 0.0667686
2026-04-12 21:54:00.240 10 INFO neutron.db.ovn_revision_numbers_db [None req-f3be13e7-fce4-4559-8475-7f00d676cfbd - - - - - -] Successfully bumped revision number for resource f72f848f-766c-4b06-bd86-454436462c2e (type: ports) to 5
2026-04-12 21:54:00.245 9 INFO neutron.wsgi [req-f596ecf9-aea8-40d3-b03b-20371036eb71 req-8af23789-074d-46e1-b404-55350b0abe42 7cdf41b3d82c453f96271e91c0cbc1c5 cde4f0d32a31463e9c21056dddb36bfb - - default default] 199.204.45.144 "GET /v2.0/ports?device_id=b5653551-7bf9-400a-82f7-d8b770107473 HTTP/1.1" status: 200 len: 1172 time: 0.0574958
2026-04-12 21:54:00.355 10 INFO neutron.wsgi [None req-e3e515e0-7e0b-4c9f-a346-71222c84cfe9 a3205093f34f4fd9915fc406949dd9cd 76a449dc75604226af2f244e37c169cf - - default default] 10.0.0.169 "DELETE /v2.0/security-groups/ef3bd972-b7bd-49b4-97ab-9b919acc73fe HTTP/1.1" status: 204 len: 168 time: 0.2688210 /var/lib/openstack/lib/python3.10/site-packages/pycadf/identifier.py:71: UserWarning: Invalid uuid: neutron. To ensure interoperability, identifiers should be a valid uuid. warnings.warn(('Invalid uuid: %s. To ensure interoperability, '
2026-04-12 21:54:00.516 10 INFO neutron.wsgi [req-bac05430-62f3-406a-b104-1f9fe5170946 req-31844275-925e-42f3-97aa-842f2c79a253 604f38dedab04366942f972aa856ac71 1bd2e5467d01435baa48dc817c8e3130 - - 93503bf48b7f40a88d62655bab932e37 93503bf48b7f40a88d62655bab932e37] 199.204.45.144 "GET /v2.0/ports?device_id=ff5209a0-7966-4d25-bfca-a95586645a40&fields=binding%3Ahost_id&fields=binding%3Avif_type HTTP/1.1" status: 200 len: 265 time: 0.0407951
2026-04-12 21:54:00.687 9 INFO neutron.db.l3_db [req-f596ecf9-aea8-40d3-b03b-20371036eb71 req-87975d26-beb9-455d-85d6-8a77da914da8 7cdf41b3d82c453f96271e91c0cbc1c5 cde4f0d32a31463e9c21056dddb36bfb - - default default] Floating IP 66de073f-7c58-47b2-ba79-9620595af856 disassociated. External IP: 10.96.250.203, port: f72f848f-766c-4b06-bd86-454436462c2e.
2026-04-12 21:54:00.830 9 INFO neutron.wsgi [req-f596ecf9-aea8-40d3-b03b-20371036eb71 req-87975d26-beb9-455d-85d6-8a77da914da8 7cdf41b3d82c453f96271e91c0cbc1c5 cde4f0d32a31463e9c21056dddb36bfb - - default default] 199.204.45.144 "DELETE /v2.0/ports/f72f848f-766c-4b06-bd86-454436462c2e HTTP/1.1" status: 204 len: 173 time: 0.5817983
2026-04-12 21:54:00.874 10 INFO neutron.wsgi [req-bac05430-62f3-406a-b104-1f9fe5170946 req-2664564e-1deb-406a-9355-2e14445c3533 604f38dedab04366942f972aa856ac71 1bd2e5467d01435baa48dc817c8e3130 - - 93503bf48b7f40a88d62655bab932e37 93503bf48b7f40a88d62655bab932e37] 199.204.45.144 "GET /v2.0/ports?tenant_id=b563689763a4450d8535587c98429091&device_id=ff5209a0-7966-4d25-bfca-a95586645a40 HTTP/1.1" status: 200 len: 1409 time: 0.1071467
2026-04-12 21:54:00.874 9 INFO neutron.notifiers.nova [-] Nova event matching ['req-67552638-b964-4e09-8e80-05c47c6d5815'] response: {'server_uuid': 'b5653551-7bf9-400a-82f7-d8b770107473', 'name': 'network-vif-deleted', 'tag': 'f72f848f-766c-4b06-bd86-454436462c2e', 'status': 'completed', 'code': 200}
2026-04-12 21:54:00.912 10 INFO neutron.db.ovn_revision_numbers_db [None req-20394e61-eb53-496f-8161-2c3999230919 a3205093f34f4fd9915fc406949dd9cd 76a449dc75604226af2f244e37c169cf - - default default] Successfully bumped revision number for resource dd8df6e2-18d6-44ce-b055-0b52e9e8b544 (type: security_groups) to 1
2026-04-12 21:54:00.925 10 INFO neutron.db.ovn_revision_numbers_db [None req-20394e61-eb53-496f-8161-2c3999230919 a3205093f34f4fd9915fc406949dd9cd 76a449dc75604226af2f244e37c169cf - - default default] Successfully bumped revision number for resource 38f84f2a-3461-494d-b006-aaa807080c23 (type: security_group_rules) to 0 /var/lib/openstack/lib/python3.10/site-packages/pycadf/identifier.py:71: UserWarning: Invalid uuid: neutron. To ensure interoperability, identifiers should be a valid uuid. warnings.warn(('Invalid uuid: %s. To ensure interoperability, '
2026-04-12 21:54:00.958 10 INFO neutron.db.ovn_revision_numbers_db [None req-20394e61-eb53-496f-8161-2c3999230919 a3205093f34f4fd9915fc406949dd9cd 76a449dc75604226af2f244e37c169cf - - default default] Successfully bumped revision number for resource 60182024-98cb-478a-afb0-21711e3b7499 (type: security_group_rules) to 0
2026-04-12 21:54:00.974 10 INFO neutron.db.ovn_revision_numbers_db [None req-20394e61-eb53-496f-8161-2c3999230919 a3205093f34f4fd9915fc406949dd9cd 76a449dc75604226af2f244e37c169cf - - default default] Successfully bumped revision number for resource afc70fa4-f299-40ab-a16a-87ee80f33355 (type: security_group_rules) to 0
2026-04-12 21:54:00.995 10 INFO neutron.wsgi [req-bac05430-62f3-406a-b104-1f9fe5170946 req-4c91a765-294e-424a-954e-9e7798f88d88 604f38dedab04366942f972aa856ac71 1bd2e5467d01435baa48dc817c8e3130 - - 93503bf48b7f40a88d62655bab932e37 93503bf48b7f40a88d62655bab932e37] 199.204.45.144 "GET /v2.0/networks?id=630e6c34-c225-4c78-ad5a-32fac84884fc HTTP/1.1" status: 200 len: 974 time: 0.0635636
2026-04-12 21:54:00.995 10 INFO neutron.db.ovn_revision_numbers_db [None req-20394e61-eb53-496f-8161-2c3999230919 a3205093f34f4fd9915fc406949dd9cd 76a449dc75604226af2f244e37c169cf - - default default] Successfully bumped revision number for resource c917fb91-85f8-4467-bd13-bd54ed3c0e2b (type: security_group_rules) to 0
2026-04-12 21:54:01.052 10 INFO neutron.wsgi [None req-20394e61-eb53-496f-8161-2c3999230919 a3205093f34f4fd9915fc406949dd9cd 76a449dc75604226af2f244e37c169cf - - default default] 10.0.0.169 "GET /v2.0/security-groups?tenant_id=8ec4f954bdfb439cafb1978b1e5718a9&name=default HTTP/1.1" status: 200 len: 3120 time: 0.5851972
2026-04-12 21:54:01.075 10 INFO neutron.wsgi [req-bac05430-62f3-406a-b104-1f9fe5170946 req-c451a6ed-5c25-4990-8ca2-d2897f55ddb6 604f38dedab04366942f972aa856ac71 1bd2e5467d01435baa48dc817c8e3130 - - 93503bf48b7f40a88d62655bab932e37 93503bf48b7f40a88d62655bab932e37] 199.204.45.144 "GET /v2.0/floatingips?fixed_ip_address=10.100.0.9&port_id=98cf264a-8ff0-4395-b764-f4c164ef19d1 HTTP/1.1" status: 200 len: 1059 time: 0.0766642
2026-04-12 21:54:01.097 10 INFO neutron.wsgi [req-60cb5f36-0f90-43b8-a400-1082526abffa req-8d792e55-0003-4713-87cd-e91eb53aa445 7cdf41b3d82c453f96271e91c0cbc1c5 cde4f0d32a31463e9c21056dddb36bfb - - default default] 10.0.0.241 "GET /v2.0/ports?device_id=b5653551-7bf9-400a-82f7-d8b770107473 HTTP/1.1" status: 200 len: 210 time: 0.0252428
2026-04-12 21:54:01.123 10 INFO neutron.wsgi [req-bac05430-62f3-406a-b104-1f9fe5170946 req-db946fcf-5b5a-41a4-b0f1-2a498db04a8d 604f38dedab04366942f972aa856ac71 1bd2e5467d01435baa48dc817c8e3130 - - 93503bf48b7f40a88d62655bab932e37 93503bf48b7f40a88d62655bab932e37] 199.204.45.144 "GET /v2.0/subnets?id=a43a2f7c-05fe-43c5-a465-25f6318c4e79 HTTP/1.1" status: 200 len: 869 time: 0.0346131
2026-04-12 21:54:01.162 10 INFO neutron.wsgi [req-bac05430-62f3-406a-b104-1f9fe5170946 req-4265617e-d997-4cfb-a0a8-d7ee37643f26 604f38dedab04366942f972aa856ac71 1bd2e5467d01435baa48dc817c8e3130 - - 93503bf48b7f40a88d62655bab932e37 93503bf48b7f40a88d62655bab932e37] 199.204.45.144 "GET /v2.0/ports?network_id=630e6c34-c225-4c78-ad5a-32fac84884fc&device_owner=network%3Adhcp HTTP/1.1" status: 200 len: 210 time: 0.0320559
2026-04-12 21:54:01.187 9 INFO neutron.db.ovn_revision_numbers_db [None req-ed89a99d-b35f-415a-90ec-cb9508fffa46 a3205093f34f4fd9915fc406949dd9cd 76a449dc75604226af2f244e37c169cf - - default default] Successfully bumped revision number for resource f1cde818-9faa-46cc-b5bf-1cc666db541c (type: security_groups) to 1
2026-04-12 21:54:01.207 9 INFO neutron.db.ovn_revision_numbers_db [None req-ed89a99d-b35f-415a-90ec-cb9508fffa46 a3205093f34f4fd9915fc406949dd9cd 76a449dc75604226af2f244e37c169cf - - default default] Successfully bumped revision number for resource 11b1cbfc-dce8-418f-92d9-e0aa0088f06f (type: security_group_rules) to 0
2026-04-12 21:54:01.219 9 INFO neutron.db.ovn_revision_numbers_db [None req-ed89a99d-b35f-415a-90ec-cb9508fffa46 a3205093f34f4fd9915fc406949dd9cd 76a449dc75604226af2f244e37c169cf - - default default] Successfully bumped revision number for resource 2b16a8cb-854f-46b8-badb-0b2a791dec7f (type: security_group_rules) to 0
2026-04-12 21:54:01.226 10 INFO neutron.wsgi [req-bac05430-62f3-406a-b104-1f9fe5170946 req-57180760-c269-4ae4-b588-854e8cdd263c 604f38dedab04366942f972aa856ac71 1bd2e5467d01435baa48dc817c8e3130 - - 93503bf48b7f40a88d62655bab932e37 93503bf48b7f40a88d62655bab932e37] 199.204.45.144 "GET /v2.0/networks/630e6c34-c225-4c78-ad5a-32fac84884fc?fields=segments HTTP/1.1" status: 200 len: 212 time: 0.0572147
2026-04-12 21:54:01.236 9 INFO neutron.db.ovn_revision_numbers_db [None req-ed89a99d-b35f-415a-90ec-cb9508fffa46 a3205093f34f4fd9915fc406949dd9cd 76a449dc75604226af2f244e37c169cf - - default default] Successfully bumped revision number for resource 97c60fc1-1261-487b-be8c-ece21ed84876 (type: security_group_rules) to 0
2026-04-12 21:54:01.248 9 INFO neutron.db.ovn_revision_numbers_db [None req-ed89a99d-b35f-415a-90ec-cb9508fffa46 a3205093f34f4fd9915fc406949dd9cd 76a449dc75604226af2f244e37c169cf - - default default] Successfully bumped revision number for resource 9a56d90c-1b93-4df1-a261-a887023012f1 (type: security_group_rules) to 0
2026-04-12 21:54:01.286 9 INFO neutron.wsgi [None req-7060d8cc-c891-4af5-ba99-a6e2f3edfa49 a3205093f34f4fd9915fc406949dd9cd 76a449dc75604226af2f244e37c169cf - - default default] 10.0.0.169 "DELETE /v2.0/security-groups/dd8df6e2-18d6-44ce-b055-0b52e9e8b544 HTTP/1.1" status: 204 len: 168 time: 0.2259901
2026-04-12 21:54:01.290 10 INFO neutron.wsgi [req-bac05430-62f3-406a-b104-1f9fe5170946 req-499f5626-e047-4d18-9853-1987598a4e5f 604f38dedab04366942f972aa856ac71 1bd2e5467d01435baa48dc817c8e3130 - - 93503bf48b7f40a88d62655bab932e37 93503bf48b7f40a88d62655bab932e37] 199.204.45.144 "GET /v2.0/networks/630e6c34-c225-4c78-ad5a-32fac84884fc?fields=provider%3Aphysical_network&fields=provider%3Anetwork_type HTTP/1.1" status: 200 len: 277 time: 0.0574329
2026-04-12 21:54:01.301 9 INFO neutron.db.segments_db [None req-ed89a99d-b35f-415a-90ec-cb9508fffa46 a3205093f34f4fd9915fc406949dd9cd 76a449dc75604226af2f244e37c169cf - - default default] Added segment a8fa3fda-8ecf-4215-bbf7-5c5b359b2fbd of type geneve for network 9c70059f-2113-45dd-b2e0-e0c87ad1060f
2026-04-12 21:54:01.444 9 INFO neutron.db.ovn_revision_numbers_db [None req-ed89a99d-b35f-415a-90ec-cb9508fffa46 a3205093f34f4fd9915fc406949dd9cd 76a449dc75604226af2f244e37c169cf - - default default] Successfully bumped revision number for resource 9c70059f-2113-45dd-b2e0-e0c87ad1060f (type: networks) to 1
2026-04-12 21:54:01.602 9 WARNING neutron.scheduler.dhcp_agent_scheduler [None req-ed89a99d-b35f-415a-90ec-cb9508fffa46 a3205093f34f4fd9915fc406949dd9cd 76a449dc75604226af2f244e37c169cf - - default default] No more DHCP agents
2026-04-12 21:54:01.603 9 WARNING neutron.api.rpc.agentnotifiers.dhcp_rpc_agent_api [None req-ed89a99d-b35f-415a-90ec-cb9508fffa46 a3205093f34f4fd9915fc406949dd9cd 76a449dc75604226af2f244e37c169cf - - default default] Unable to schedule network 9c70059f-2113-45dd-b2e0-e0c87ad1060f: no agents available; will retry on subsequent port and subnet creation events.
2026-04-12 21:54:01.690 9 INFO neutron.db.ovn_revision_numbers_db [None req-ed89a99d-b35f-415a-90ec-cb9508fffa46 a3205093f34f4fd9915fc406949dd9cd 76a449dc75604226af2f244e37c169cf - - default default] Successfully bumped revision number for resource 2dff84d1-7065-4319-904f-78316d47b0ad (type: ports) to 1
2026-04-12 21:54:01.711 10 INFO neutron.notifiers.nova [-] Nova event matching ['req-e91383a3-ae38-4d61-a6ca-c7f77e85b168'] response: {'server_uuid': 'b5653551-7bf9-400a-82f7-d8b770107473', 'name': 'network-vif-unplugged', 'status': 'completed', 'tag': 'f72f848f-766c-4b06-bd86-454436462c2e', 'code': 200}
2026-04-12 21:54:01.711 10 INFO neutron.notifiers.nova [-] Nova event matching ['req-e91383a3-ae38-4d61-a6ca-c7f77e85b168'] response: {'server_uuid': 'b5653551-7bf9-400a-82f7-d8b770107473', 'name': 'network-vif-unplugged', 'status': 'completed', 'tag': 'f72f848f-766c-4b06-bd86-454436462c2e', 'code': 200}
2026-04-12 21:54:01.714 9 INFO neutron.wsgi [None req-ed89a99d-b35f-415a-90ec-cb9508fffa46 a3205093f34f4fd9915fc406949dd9cd 76a449dc75604226af2f244e37c169cf - - default default] 10.0.0.169 "POST /v2.0/networks HTTP/1.1" status: 201 len: 943 time: 0.8419752
2026-04-12 21:54:01.859 9 WARNING neutron.scheduler.dhcp_agent_scheduler [None req-6f0e3deb-1493-4e27-bb96-fe24855be591 a3205093f34f4fd9915fc406949dd9cd 76a449dc75604226af2f244e37c169cf - - default default] No more DHCP agents
2026-04-12 21:54:01.861 9 WARNING neutron.api.rpc.agentnotifiers.dhcp_rpc_agent_api [None req-6f0e3deb-1493-4e27-bb96-fe24855be591 a3205093f34f4fd9915fc406949dd9cd 76a449dc75604226af2f244e37c169cf - - default default] Unable to schedule network 9c70059f-2113-45dd-b2e0-e0c87ad1060f: no agents available; will retry on subsequent port and subnet creation events.
2026-04-12 21:54:02.300 10 INFO neutron.wsgi [None req-ca248aa0-aefe-486a-bbf4-5ae226433148 7cdf41b3d82c453f96271e91c0cbc1c5 cde4f0d32a31463e9c21056dddb36bfb - - default default] 10.0.0.169 "DELETE /v2.0/security-groups/82149600-73e8-46bc-bfb8-39c0d9b1b3fa HTTP/1.1" status: 204 len: 168 time: 0.1186182
