2026-04-12 21:54:42.362 10 INFO neutron.wsgi [req-85fb42fb-c87a-4122-be74-2d8fb61702e8 req-24f10d3b-2132-4e7f-bda0-242958407ff4 604f38dedab04366942f972aa856ac71 1bd2e5467d01435baa48dc817c8e3130 - - 93503bf48b7f40a88d62655bab932e37 93503bf48b7f40a88d62655bab932e37] 199.204.45.144 "GET /v2.0/ports?tenant_id=90e0a24caa5041f1a7bf0ad86743714e&device_id=c17138f4-5e47-49cc-9e65-6168df15250e HTTP/1.1" status: 200 len: 1411 time: 0.0974195
2026-04-12 21:54:42.515 10 INFO neutron.wsgi [req-cb02896c-d6de-417d-bdbf-7d06e8093109 req-1f3cf508-9357-419f-8d70-b3f1ce301248 6adfdd231167452fa9943e55ff62870c ed7772de77474405be1edbabe5f4f0e6 - - default default] 10.0.0.241 "GET /v2.0/ports?device_id=7407bd88-42a9-4506-ab56-f8e2ec680def HTTP/1.1" status: 200 len: 1168 time: 0.2487791
2026-04-12 21:54:42.549 10 INFO neutron.wsgi [req-85fb42fb-c87a-4122-be74-2d8fb61702e8 req-758934c7-6d82-406f-b4f4-0951487c2978 604f38dedab04366942f972aa856ac71 1bd2e5467d01435baa48dc817c8e3130 - - 93503bf48b7f40a88d62655bab932e37 93503bf48b7f40a88d62655bab932e37] 199.204.45.144 "GET /v2.0/networks?id=590653a9-498e-4a44-a512-a71c11918951 HTTP/1.1" status: 200 len: 975 time: 0.1804183
2026-04-12 21:54:42.551 10 INFO neutron.services.segments.plugin [-] Segment 7aedb180-fa3a-47f8-a88a-c726353107e2 resource provider aggregate not found
2026-04-12 21:54:42.557 10 INFO neutron.services.segments.plugin [-] Segment 7aedb180-fa3a-47f8-a88a-c726353107e2 resource provider aggregate not found /var/lib/openstack/lib/python3.10/site-packages/pycadf/identifier.py:71: UserWarning: Invalid uuid: neutron. To ensure interoperability, identifiers should be a valid uuid. warnings.warn(('Invalid uuid: %s. To ensure interoperability, '
2026-04-12 21:54:42.579 10 INFO neutron.services.segments.plugin [-] Segment 7aedb180-fa3a-47f8-a88a-c726353107e2 resource provider not found; error: Placement Client Error (4xx): {"errors": [{"status": 404, "title": "Not Found", "detail": "The resource could not be found.\n\n No resource provider with uuid 7aedb180-fa3a-47f8-a88a-c726353107e2 found for delete ", "request_id": "req-3bce0e6f-bfdf-4387-b754-2272fb219dc3"}]}
2026-04-12 21:54:42.582 10 INFO neutron.services.segments.plugin [-] Segment 7aedb180-fa3a-47f8-a88a-c726353107e2 resource provider not found; error: Placement Client Error (4xx): {"errors": [{"status": 404, "title": "Not Found", "detail": "The resource could not be found.\n\n No resource provider with uuid 7aedb180-fa3a-47f8-a88a-c726353107e2 found for delete ", "request_id": "req-7921d3b2-f973-47ac-b4f4-d0c6fd06485a"}]}
2026-04-12 21:54:42.599 10 INFO neutron.wsgi [req-85fb42fb-c87a-4122-be74-2d8fb61702e8 req-971a4e90-e001-4bbf-85b8-64a3ba5e5631 604f38dedab04366942f972aa856ac71 1bd2e5467d01435baa48dc817c8e3130 - - 93503bf48b7f40a88d62655bab932e37 93503bf48b7f40a88d62655bab932e37] 199.204.45.144 "GET /v2.0/floatingips?fixed_ip_address=10.100.0.13&port_id=6966b510-7950-4f80-aebd-88699f6592ca HTTP/1.1" status: 200 len: 217 time: 0.0307221
2026-04-12 21:54:42.608 10 INFO neutron.wsgi [None req-becb2c9f-0f42-4530-a181-d279d8e52f04 c1fba72e208246089fa71231cd4e9a30 196d0b3dbce44a698323d7c9d0d92b68 - - default default] 10.0.0.169 "DELETE /v2.0/networks/bb8b123d-3caf-4f68-8495-5ac26f28e78c HTTP/1.1" status: 204 len: 168 time: 1.3388712
2026-04-12 21:54:42.639 9 INFO neutron.pecan_wsgi.hooks.translation [None req-d5b524e4-a1a8-4e5a-9f8d-a4d8ee49dce8 c1fba72e208246089fa71231cd4e9a30 196d0b3dbce44a698323d7c9d0d92b68 - - default default] DELETE failed (client error): The resource could not be found.
2026-04-12 21:54:42.640 10 INFO neutron.wsgi [req-cb02896c-d6de-417d-bdbf-7d06e8093109 req-2250b870-a566-4cff-8ac6-e3d3e0124f50 6adfdd231167452fa9943e55ff62870c ed7772de77474405be1edbabe5f4f0e6 - - default default] 10.0.0.241 "GET /v2.0/security-groups?id=4889efad-9b0b-40cc-a424-313dc19f9687&fields=id&fields=name HTTP/1.1" status: 200 len: 312 time: 0.1143105
2026-04-12 21:54:42.642 9 INFO neutron.wsgi [None req-d5b524e4-a1a8-4e5a-9f8d-a4d8ee49dce8 c1fba72e208246089fa71231cd4e9a30 196d0b3dbce44a698323d7c9d0d92b68 - - default default] 10.0.0.169 "DELETE /v2.0/networks/bb8b123d-3caf-4f68-8495-5ac26f28e78c HTTP/1.1" status: 404 len: 339 time: 0.0267038
2026-04-12 21:54:42.649 9 INFO neutron.wsgi [req-b507991b-5a42-47d7-b1b6-7f624331fc48 req-577da379-9063-48bc-b6e0-a2e343f37419 7715f1f7488b4b7387e7ae027a483ca5 90e0a24caa5041f1a7bf0ad86743714e - - default default] 10.0.0.241 "GET /v2.0/ports?device_id=c17138f4-5e47-49cc-9e65-6168df15250e HTTP/1.1" status: 200 len: 1172 time: 0.0845296
2026-04-12 21:54:42.668 10 INFO neutron.wsgi [req-85fb42fb-c87a-4122-be74-2d8fb61702e8 req-b03ea45c-4cf4-4ad6-a2f4-8849b738e9d1 604f38dedab04366942f972aa856ac71 1bd2e5467d01435baa48dc817c8e3130 - - 93503bf48b7f40a88d62655bab932e37 93503bf48b7f40a88d62655bab932e37] 199.204.45.144 "GET /v2.0/subnets?id=a793e4d9-7f48-45a4-8829-8c55eb80cfd7 HTTP/1.1" status: 200 len: 870 time: 0.0587032
2026-04-12 21:54:42.683 9 INFO neutron.db.ovn_revision_numbers_db [req-59b080b5-21b2-485a-9516-501e352dfe8d req-124a8a4a-63ca-4b82-bf3e-dfbb62f1a160 604f38dedab04366942f972aa856ac71 1bd2e5467d01435baa48dc817c8e3130 - - 93503bf48b7f40a88d62655bab932e37 93503bf48b7f40a88d62655bab932e37] Successfully bumped revision number for resource 0c8896cd-f8e8-451c-a5df-865872b868cf (type: ports) to 2
2026-04-12 21:54:42.717 9 INFO neutron.wsgi [req-59b080b5-21b2-485a-9516-501e352dfe8d req-124a8a4a-63ca-4b82-bf3e-dfbb62f1a160 604f38dedab04366942f972aa856ac71 1bd2e5467d01435baa48dc817c8e3130 - - 93503bf48b7f40a88d62655bab932e37 93503bf48b7f40a88d62655bab932e37] 199.204.45.144 "PUT /v2.0/ports/0c8896cd-f8e8-451c-a5df-865872b868cf HTTP/1.1" status: 200 len: 1376 time: 1.0714471
2026-04-12 21:54:42.722 10 INFO neutron.wsgi [req-85fb42fb-c87a-4122-be74-2d8fb61702e8 req-de5136f0-29ab-4327-9b0e-7d7ccb493d94 604f38dedab04366942f972aa856ac71 1bd2e5467d01435baa48dc817c8e3130 - - 93503bf48b7f40a88d62655bab932e37 93503bf48b7f40a88d62655bab932e37] 199.204.45.144 "GET /v2.0/ports?network_id=590653a9-498e-4a44-a512-a71c11918951&device_owner=network%3Adhcp HTTP/1.1" status: 200 len: 210 time: 0.0476851
2026-04-12 21:54:42.757 9 INFO neutron.wsgi [req-b507991b-5a42-47d7-b1b6-7f624331fc48 req-2e19b481-f2ef-4dd9-b065-7bc6b60ad39b 7715f1f7488b4b7387e7ae027a483ca5 90e0a24caa5041f1a7bf0ad86743714e - - default default] 10.0.0.241 "GET /v2.0/security-groups?id=76b3283d-4483-418c-a848-b2838cf1912a&fields=id&fields=name HTTP/1.1" status: 200 len: 286 time: 0.0993450
2026-04-12 21:54:42.801 10 INFO neutron.wsgi [None req-37276358-4e17-42e4-b401-2680b1388412 c1fba72e208246089fa71231cd4e9a30 196d0b3dbce44a698323d7c9d0d92b68 - - default default] 10.0.0.169 "GET /v2.0/networks?router%3Aexternal=True HTTP/1.1" status: 200 len: 845 time: 0.1520300
2026-04-12 21:54:42.802 9 INFO neutron.notifiers.nova [-] Nova event matching ['req-79bf22f2-3e02-4a8a-b3b4-fce9e82b6f0a'] response: {'name': 'network-changed', 'server_uuid': '7407bd88-42a9-4506-ab56-f8e2ec680def', 'tag': '0c8896cd-f8e8-451c-a5df-865872b868cf', 'status': 'completed', 'code': 200}
2026-04-12 21:54:42.842 9 INFO neutron.wsgi [req-59b080b5-21b2-485a-9516-501e352dfe8d req-5fa87004-981f-4645-872e-dc0403be10b5 604f38dedab04366942f972aa856ac71 1bd2e5467d01435baa48dc817c8e3130 - - 93503bf48b7f40a88d62655bab932e37 93503bf48b7f40a88d62655bab932e37] 199.204.45.144 "GET /v2.0/ports?tenant_id=ed7772de77474405be1edbabe5f4f0e6&device_id=7407bd88-42a9-4506-ab56-f8e2ec680def HTTP/1.1" status: 200 len: 1407 time: 0.0717309
2026-04-12 21:54:42.854 10 INFO neutron.wsgi [None req-5c0ff35e-a4b1-4179-9de0-0b111fa074ad c1fba72e208246089fa71231cd4e9a30 196d0b3dbce44a698323d7c9d0d92b68 - - default default] 10.0.0.169 "GET /v2.0/subnets?network_id=047c664c-a573-4e50-99dd-dda97e845eb7 HTTP/1.1" status: 200 len: 820 time: 0.0483119
2026-04-12 21:54:42.860 10 INFO neutron.wsgi [req-85fb42fb-c87a-4122-be74-2d8fb61702e8 req-4cab85fa-01f9-496c-8e01-201c1aa5b2b1 604f38dedab04366942f972aa856ac71 1bd2e5467d01435baa48dc817c8e3130 - - 93503bf48b7f40a88d62655bab932e37 93503bf48b7f40a88d62655bab932e37] 199.204.45.144 "GET /v2.0/networks/590653a9-498e-4a44-a512-a71c11918951?fields=segments HTTP/1.1" status: 200 len: 212 time: 0.1331892
2026-04-12 21:54:42.870 9 INFO neutron.wsgi [None req-3da19543-c838-46b3-890d-5494a9d42eb0 c1fba72e208246089fa71231cd4e9a30 196d0b3dbce44a698323d7c9d0d92b68 - - default default] 10.0.0.169 "GET /v2.0/extensions HTTP/1.1" status: 200 len: 18678 time: 0.0091548
2026-04-12 21:54:42.890 9 INFO neutron.wsgi [req-59b080b5-21b2-485a-9516-501e352dfe8d req-d425058b-8c66-49e1-baf0-8094db26c8bb 604f38dedab04366942f972aa856ac71 1bd2e5467d01435baa48dc817c8e3130 - - 93503bf48b7f40a88d62655bab932e37 93503bf48b7f40a88d62655bab932e37] 199.204.45.144 "GET /v2.0/floatingips?fixed_ip_address=10.100.0.9&port_id=0c8896cd-f8e8-451c-a5df-865872b868cf HTTP/1.1" status: 200 len: 217 time: 0.0314276
2026-04-12 21:54:42.953 9 INFO neutron.wsgi [req-59b080b5-21b2-485a-9516-501e352dfe8d req-4f841a0f-1076-46a1-8992-a0471ab72f82 604f38dedab04366942f972aa856ac71 1bd2e5467d01435baa48dc817c8e3130 - - 93503bf48b7f40a88d62655bab932e37 93503bf48b7f40a88d62655bab932e37] 199.204.45.144 "GET /v2.0/subnets?id=9fd6048e-7be5-47c6-b83c-56a066f23e3a HTTP/1.1" status: 200 len: 853 time: 0.0545995
2026-04-12 21:54:42.975 10 INFO neutron.wsgi [req-85fb42fb-c87a-4122-be74-2d8fb61702e8 req-1b51f37f-050d-4990-9aac-58beec15c716 604f38dedab04366942f972aa856ac71 1bd2e5467d01435baa48dc817c8e3130 - - 93503bf48b7f40a88d62655bab932e37 93503bf48b7f40a88d62655bab932e37] 199.204.45.144 "GET /v2.0/networks/590653a9-498e-4a44-a512-a71c11918951?fields=provider%3Aphysical_network&fields=provider%3Anetwork_type HTTP/1.1" status: 200 len: 277 time: 0.1080465
2026-04-12 21:54:42.984 9 INFO neutron.services.segments.plugin [-] Segment 5168e9c8-cf75-4f90-941b-2fe1cfa0dc58 resource provider aggregate not found
2026-04-12 21:54:42.985 10 INFO neutron.wsgi [None req-d6b9d598-6d1c-432a-8f47-55e5716feed1 c1fba72e208246089fa71231cd4e9a30 196d0b3dbce44a698323d7c9d0d92b68 - - default default] 10.0.0.169 "GET /v2.0/networks HTTP/1.1" status: 200 len: 1503 time: 0.1090717
2026-04-12 21:54:42.990 9 INFO neutron.services.segments.plugin [-] Segment 5168e9c8-cf75-4f90-941b-2fe1cfa0dc58 resource provider aggregate not found
2026-04-12 21:54:43.005 9 INFO neutron.services.segments.plugin [-] Segment 5168e9c8-cf75-4f90-941b-2fe1cfa0dc58 resource provider not found; error: Placement Client Error (4xx): {"errors": [{"status": 404, "title": "Not Found", "detail": "The resource could not be found.\n\n No resource provider with uuid 5168e9c8-cf75-4f90-941b-2fe1cfa0dc58 found for delete ", "request_id": "req-c0f2649c-c79d-4e97-bc13-c9d51fd929cb"}]}
2026-04-12 21:54:43.007 9 INFO neutron.wsgi [req-59b080b5-21b2-485a-9516-501e352dfe8d req-19e11f6b-7c68-442c-81f0-777bc223be8b 604f38dedab04366942f972aa856ac71 1bd2e5467d01435baa48dc817c8e3130 - - 93503bf48b7f40a88d62655bab932e37 93503bf48b7f40a88d62655bab932e37] 199.204.45.144 "GET /v2.0/ports?network_id=62ba8d37-3765-4b55-b315-27cb81e2c54c&device_owner=network%3Adhcp HTTP/1.1" status: 200 len: 210 time: 0.0417814
2026-04-12 21:54:43.009 9 INFO neutron.services.segments.plugin [-] Segment 5168e9c8-cf75-4f90-941b-2fe1cfa0dc58 resource provider not found; error: Placement Client Error (4xx): {"errors": [{"status": 404, "title": "Not Found", "detail": "The resource could not be found.\n\n No resource provider with uuid 5168e9c8-cf75-4f90-941b-2fe1cfa0dc58 found for delete ", "request_id": "req-6b5c21cd-a5e6-449a-a23e-b0bf52b6560e"}]}
2026-04-12 21:54:43.012 9 INFO neutron.db.ovn_revision_numbers_db [None req-970bc591-b6c6-406a-8750-062f221bc339 - - - - - -] Successfully bumped revision number for resource 0910e62d-a50f-4e42-8f11-1f7f01d016cf (type: ports) to 2
2026-04-12 21:54:43.052 10 INFO neutron.wsgi [None req-f0a570a5-a157-4c24-b1a3-2d18f1d74053 c1fba72e208246089fa71231cd4e9a30 196d0b3dbce44a698323d7c9d0d92b68 - - default default] 10.0.0.169 "GET /v2.0/subnets HTTP/1.1" status: 200 len: 1428 time: 0.0579541
2026-04-12 21:54:43.058 10 INFO neutron.db.ovn_revision_numbers_db [None req-f3be13e7-fce4-4559-8475-7f00d676cfbd - - - - - -] Successfully bumped revision number for resource 6966b510-7950-4f80-aebd-88699f6592ca (type: ports) to 4
2026-04-12 21:54:43.092 9 INFO neutron.wsgi [None req-5e49b2c7-4c38-4160-8d3c-ab6ddebd5079 8f13bc9dd2de4b7aa450ff82db8b8ef2 4058b792de8f420f9ad15c95c4f74f90 - - default default] 10.0.0.169 "DELETE /v2.0/networks/5a7f56e2-833e-4fa9-b901-5bde50547a95 HTTP/1.1" status: 204 len: 168 time: 1.1942198
2026-04-12 21:54:43.136 9 INFO neutron.wsgi [req-59b080b5-21b2-485a-9516-501e352dfe8d req-4f317ec2-fd80-4154-a594-73840cd05eec 604f38dedab04366942f972aa856ac71 1bd2e5467d01435baa48dc817c8e3130 - - 93503bf48b7f40a88d62655bab932e37 93503bf48b7f40a88d62655bab932e37] 199.204.45.144 "GET /v2.0/networks/62ba8d37-3765-4b55-b315-27cb81e2c54c?fields=segments HTTP/1.1" status: 200 len: 212 time: 0.1208172
2026-04-12 21:54:43.153 10 INFO neutron.wsgi [None req-eace7273-2dae-4f88-8d61-c759adc9f254 c1fba72e208246089fa71231cd4e9a30 196d0b3dbce44a698323d7c9d0d92b68 - - default default] 10.0.0.169 "GET /v2.0/networks/2ab5ee4b-5281-495c-92a8-6227f0660a3c HTTP/1.1" status: 200 len: 862 time: 0.0853145 /var/lib/openstack/lib/python3.10/site-packages/pycadf/identifier.py:71: UserWarning: Invalid uuid: neutron. To ensure interoperability, identifiers should be a valid uuid. warnings.warn(('Invalid uuid: %s. To ensure interoperability, '
2026-04-12 21:54:43.191 10 INFO neutron.wsgi [None req-6643f0c4-eddf-48bd-bc3b-1d1673229795 c1fba72e208246089fa71231cd4e9a30 196d0b3dbce44a698323d7c9d0d92b68 - - default default] 10.0.0.169 "GET /v2.0/subnets/4e247b12-e054-4a1c-9f0c-54d04d3b0a3d HTTP/1.1" status: 200 len: 811 time: 0.0341241
2026-04-12 21:54:43.223 9 INFO neutron.wsgi [req-59b080b5-21b2-485a-9516-501e352dfe8d req-3a75c6d4-db84-41e2-bfdc-57031cb81bf0 604f38dedab04366942f972aa856ac71 1bd2e5467d01435baa48dc817c8e3130 - - 93503bf48b7f40a88d62655bab932e37 93503bf48b7f40a88d62655bab932e37] 199.204.45.144 "GET /v2.0/networks/62ba8d37-3765-4b55-b315-27cb81e2c54c?fields=provider%3Aphysical_network&fields=provider%3Anetwork_type HTTP/1.1" status: 200 len: 277 time: 0.0768833
2026-04-12 21:54:43.228 10 INFO neutron.pecan_wsgi.hooks.translation [None req-27da6f2e-4d8f-43d7-9f54-f6dedcea5a14 c1fba72e208246089fa71231cd4e9a30 196d0b3dbce44a698323d7c9d0d92b68 - - default default] DELETE failed (client error): The resource could not be found.
2026-04-12 21:54:43.229 9 INFO neutron.db.ovn_revision_numbers_db [None req-970bc591-b6c6-406a-8750-062f221bc339 - - - - - -] Successfully bumped revision number for resource 0910e62d-a50f-4e42-8f11-1f7f01d016cf (type: router_ports) to 2
2026-04-12 21:54:43.230 10 INFO neutron.wsgi [None req-27da6f2e-4d8f-43d7-9f54-f6dedcea5a14 c1fba72e208246089fa71231cd4e9a30 196d0b3dbce44a698323d7c9d0d92b68 - - default default] 10.0.0.169 "DELETE /v2.0/subnets/0a4d57a6-64da-4a37-8292-b93dd4c42ae0 HTTP/1.1" status: 404 len: 337 time: 0.0338349
2026-04-12 21:54:43.232 9 INFO neutron.db.segments_db [None req-fa5fd4dc-237a-43c0-b285-d0c34f42131c 8f13bc9dd2de4b7aa450ff82db8b8ef2 4058b792de8f420f9ad15c95c4f74f90 - - default default] Added segment 67453d82-17ab-40ca-ae43-41ad4000557b of type geneve for network e70b3d01-fa9f-44ee-b2cc-dc44bdcb0c05
2026-04-12 21:54:43.248 10 INFO neutron.pecan_wsgi.hooks.translation [None req-d57776b4-bb8c-46f2-820b-6c368bf16c73 c1fba72e208246089fa71231cd4e9a30 196d0b3dbce44a698323d7c9d0d92b68 - - default default] DELETE failed (client error): The resource could not be found.
2026-04-12 21:54:43.250 10 INFO neutron.wsgi [None req-d57776b4-bb8c-46f2-820b-6c368bf16c73 c1fba72e208246089fa71231cd4e9a30 196d0b3dbce44a698323d7c9d0d92b68 - - default default] 10.0.0.169 "DELETE /v2.0/networks/bb8b123d-3caf-4f68-8495-5ac26f28e78c HTTP/1.1" status: 404 len: 339 time: 0.0150545
2026-04-12 21:54:43.322 9 INFO neutron.wsgi [req-f8059bf2-1593-4bc0-97b3-41fadc10992d req-302123fa-faa2-4817-b304-b77f9c3cb3a7 604f38dedab04366942f972aa856ac71 1bd2e5467d01435baa48dc817c8e3130 - - 93503bf48b7f40a88d62655bab932e37 93503bf48b7f40a88d62655bab932e37] 199.204.45.144 "GET /v2.0/ports?tenant_id=ed7772de77474405be1edbabe5f4f0e6&device_id=7407bd88-42a9-4506-ab56-f8e2ec680def HTTP/1.1" status: 200 len: 1407 time: 0.0516322
2026-04-12 21:54:43.405 10 INFO neutron.plugins.ml2.drivers.ovn.mech_driver.mech_driver [None req-f3be13e7-fce4-4559-8475-7f00d676cfbd - - - - - -] OVN reports status up for port: 0c8896cd-f8e8-451c-a5df-865872b868cf
2026-04-12 21:54:43.429 10 INFO neutron.plugins.ml2.plugin [None req-f3be13e7-fce4-4559-8475-7f00d676cfbd - - - - - -] Attempt 1 to provision port 0c8896cd-f8e8-451c-a5df-865872b868cf
2026-04-12 21:54:43.509 10 INFO neutron.wsgi [None req-1bfd8204-620e-4ff3-b794-2c0ff1478769 c1fba72e208246089fa71231cd4e9a30 196d0b3dbce44a698323d7c9d0d92b68 - - default default] 10.0.0.169 "DELETE /v2.0/subnets/4e247b12-e054-4a1c-9f0c-54d04d3b0a3d HTTP/1.1" status: 204 len: 168 time: 0.2517376
2026-04-12 21:54:43.558 10 INFO neutron.notifiers.nova [-] Nova event matching ['req-58d3386a-cd87-41ad-9a01-a939b3afccb5'] response: {'server_uuid': 'c17138f4-5e47-49cc-9e65-6168df15250e', 'name': 'network-vif-plugged', 'status': 'completed', 'tag': '6966b510-7950-4f80-aebd-88699f6592ca', 'code': 200}
2026-04-12 21:54:43.558 10 INFO neutron.notifiers.nova [-] Nova event matching ['req-58d3386a-cd87-41ad-9a01-a939b3afccb5'] response: {'server_uuid': 'c17138f4-5e47-49cc-9e65-6168df15250e', 'name': 'network-vif-plugged', 'status': 'completed', 'tag': '6966b510-7950-4f80-aebd-88699f6592ca', 'code': 200}
2026-04-12 21:54:43.719 9 INFO neutron.wsgi [req-f8059bf2-1593-4bc0-97b3-41fadc10992d req-7827d86e-f4a0-46f1-a2a9-438d3ffdbc13 604f38dedab04366942f972aa856ac71 1bd2e5467d01435baa48dc817c8e3130 - - 93503bf48b7f40a88d62655bab932e37 93503bf48b7f40a88d62655bab932e37] 199.204.45.144 "GET /v2.0/networks?id=62ba8d37-3765-4b55-b315-27cb81e2c54c HTTP/1.1" status: 200 len: 959 time: 0.1070657
2026-04-12 21:54:43.737 9 INFO neutron.db.ovn_revision_numbers_db [None req-fa5fd4dc-237a-43c0-b285-d0c34f42131c 8f13bc9dd2de4b7aa450ff82db8b8ef2 4058b792de8f420f9ad15c95c4f74f90 - - default default] Successfully bumped revision number for resource e70b3d01-fa9f-44ee-b2cc-dc44bdcb0c05 (type: networks) to 1
2026-04-12 21:54:43.755 9 INFO neutron.wsgi [req-f8059bf2-1593-4bc0-97b3-41fadc10992d req-bac2193d-ad32-44b8-88f7-d5f765c2caef 604f38dedab04366942f972aa856ac71 1bd2e5467d01435baa48dc817c8e3130 - - 93503bf48b7f40a88d62655bab932e37 93503bf48b7f40a88d62655bab932e37] 199.204.45.144 "GET /v2.0/floatingips?fixed_ip_address=10.100.0.9&port_id=0c8896cd-f8e8-451c-a5df-865872b868cf HTTP/1.1" status: 200 len: 217 time: 0.0279932
2026-04-12 21:54:43.787 10 INFO neutron.wsgi [req-6bffb872-19b4-4b81-acac-8b94d1b7edaa req-735343ae-f02c-4d75-b046-3fd46d6291c6 6adfdd231167452fa9943e55ff62870c ed7772de77474405be1edbabe5f4f0e6 - - default default] 10.0.0.241 "GET /v2.0/ports?device_id=7407bd88-42a9-4506-ab56-f8e2ec680def HTTP/1.1" status: 200 len: 1170 time: 0.0684206
2026-04-12 21:54:43.803 9 INFO neutron.wsgi [req-f8059bf2-1593-4bc0-97b3-41fadc10992d req-a1cf6aec-d53f-4af9-af58-f1d2092cffee 604f38dedab04366942f972aa856ac71 1bd2e5467d01435baa48dc817c8e3130 - - 93503bf48b7f40a88d62655bab932e37 93503bf48b7f40a88d62655bab932e37] 199.204.45.144 "GET /v2.0/subnets?id=9fd6048e-7be5-47c6-b83c-56a066f23e3a HTTP/1.1" status: 200 len: 853 time: 0.0327358
2026-04-12 21:54:43.835 9 INFO neutron.wsgi [req-f8059bf2-1593-4bc0-97b3-41fadc10992d req-145c5d77-e971-4a5f-aea5-bb3e42a23c2f 604f38dedab04366942f972aa856ac71 1bd2e5467d01435baa48dc817c8e3130 - - 93503bf48b7f40a88d62655bab932e37 93503bf48b7f40a88d62655bab932e37] 199.204.45.144 "GET /v2.0/ports?network_id=62ba8d37-3765-4b55-b315-27cb81e2c54c&device_owner=network%3Adhcp HTTP/1.1" status: 200 len: 210 time: 0.0273094
2026-04-12 21:54:43.847 10 INFO neutron.db.ovn_revision_numbers_db [None req-f3be13e7-fce4-4559-8475-7f00d676cfbd - - - - - -] Successfully bumped revision number for resource 0c8896cd-f8e8-451c-a5df-865872b868cf (type: ports) to 4
2026-04-12 21:54:43.884 10 INFO neutron.wsgi [req-6bffb872-19b4-4b81-acac-8b94d1b7edaa req-02f1a866-06d7-4ed1-90d3-cfffe2e6471b 6adfdd231167452fa9943e55ff62870c ed7772de77474405be1edbabe5f4f0e6 - - default default] 10.0.0.241 "GET /v2.0/security-groups?id=4889efad-9b0b-40cc-a424-313dc19f9687&fields=id&fields=name HTTP/1.1" status: 200 len: 312 time: 0.0866020
2026-04-12 21:54:43.962 9 INFO neutron.wsgi [req-f8059bf2-1593-4bc0-97b3-41fadc10992d req-65a34876-9c40-4fcf-bf9c-dd54834496e8 604f38dedab04366942f972aa856ac71 1bd2e5467d01435baa48dc817c8e3130 - - 93503bf48b7f40a88d62655bab932e37 93503bf48b7f40a88d62655bab932e37] 199.204.45.144 "GET /v2.0/networks/62ba8d37-3765-4b55-b315-27cb81e2c54c?fields=segments HTTP/1.1" status: 200 len: 212 time: 0.1132572
2026-04-12 21:54:43.993 9 INFO neutron.wsgi [req-baf0ff2b-156f-454d-8a69-da5238025d4b req-79b29b91-9d5b-4bc0-a309-29f5c055ed07 7715f1f7488b4b7387e7ae027a483ca5 90e0a24caa5041f1a7bf0ad86743714e - - default default] 10.0.0.241 "GET /v2.0/ports?device_id=c17138f4-5e47-49cc-9e65-6168df15250e HTTP/1.1" status: 200 len: 1174 time: 0.1668069
2026-04-12 21:54:44.069 10 INFO neutron.wsgi [None req-93cbef51-8b3b-401b-8fe3-85dbbbdc3499 c1fba72e208246089fa71231cd4e9a30 196d0b3dbce44a698323d7c9d0d92b68 - - default default] 10.0.0.169 "DELETE /v2.0/networks/2ab5ee4b-5281-495c-92a8-6227f0660a3c HTTP/1.1" status: 204 len: 168 time: 0.5473967
2026-04-12 21:54:44.082 9 INFO neutron.wsgi [req-f8059bf2-1593-4bc0-97b3-41fadc10992d req-3d3ffc9e-3733-427d-89aa-94a2aadc1b8b 604f38dedab04366942f972aa856ac71 1bd2e5467d01435baa48dc817c8e3130 - - 93503bf48b7f40a88d62655bab932e37 93503bf48b7f40a88d62655bab932e37] 199.204.45.144 "GET /v2.0/networks/62ba8d37-3765-4b55-b315-27cb81e2c54c?fields=provider%3Aphysical_network&fields=provider%3Anetwork_type HTTP/1.1" status: 200 len: 277 time: 0.1044242
2026-04-12 21:54:44.092 9 WARNING neutron.scheduler.dhcp_agent_scheduler [None req-fa5fd4dc-237a-43c0-b285-d0c34f42131c 8f13bc9dd2de4b7aa450ff82db8b8ef2 4058b792de8f420f9ad15c95c4f74f90 - - default default] No more DHCP agents
2026-04-12 21:54:44.095 9 INFO neutron.wsgi [req-baf0ff2b-156f-454d-8a69-da5238025d4b req-16efea71-7b82-4737-991e-4ba0537f6528 7715f1f7488b4b7387e7ae027a483ca5 90e0a24caa5041f1a7bf0ad86743714e - - default default] 10.0.0.241 "GET /v2.0/security-groups?id=76b3283d-4483-418c-a848-b2838cf1912a&fields=id&fields=name HTTP/1.1" status: 200 len: 286 time: 0.0867302
2026-04-12 21:54:44.096 9 WARNING neutron.api.rpc.agentnotifiers.dhcp_rpc_agent_api [None req-fa5fd4dc-237a-43c0-b285-d0c34f42131c 8f13bc9dd2de4b7aa450ff82db8b8ef2 4058b792de8f420f9ad15c95c4f74f90 - - default default] Unable to schedule network e70b3d01-fa9f-44ee-b2cc-dc44bdcb0c05: no agents available; will retry on subsequent port and subnet creation events.
2026-04-12 21:54:44.200 9 INFO neutron.db.ovn_revision_numbers_db [None req-fa5fd4dc-237a-43c0-b285-d0c34f42131c 8f13bc9dd2de4b7aa450ff82db8b8ef2 4058b792de8f420f9ad15c95c4f74f90 - - default default] Successfully bumped revision number for resource ddf920f8-59f2-4eb0-8119-ade838f2e257 (type: ports) to 1
2026-04-12 21:54:44.218 9 INFO neutron.wsgi [None req-fa5fd4dc-237a-43c0-b285-d0c34f42131c 8f13bc9dd2de4b7aa450ff82db8b8ef2 4058b792de8f420f9ad15c95c4f74f90 - - default default] 10.0.0.169 "POST /v2.0/networks HTTP/1.1" status: 201 len: 928 time: 1.1153479
2026-04-12 21:54:44.434 9 WARNING neutron.scheduler.dhcp_agent_scheduler [None req-3b56ac7d-74bb-4d3f-aa65-179b45b7aba2 8f13bc9dd2de4b7aa450ff82db8b8ef2 4058b792de8f420f9ad15c95c4f74f90 - - default default] No more DHCP agents
2026-04-12 21:54:44.436 9 WARNING neutron.api.rpc.agentnotifiers.dhcp_rpc_agent_api [None req-3b56ac7d-74bb-4d3f-aa65-179b45b7aba2 8f13bc9dd2de4b7aa450ff82db8b8ef2 4058b792de8f420f9ad15c95c4f74f90 - - default default] Unable to schedule network e70b3d01-fa9f-44ee-b2cc-dc44bdcb0c05: no agents available; will retry on subsequent port and subnet creation events. /var/lib/openstack/lib/python3.10/site-packages/pycadf/identifier.py:71: UserWarning: Invalid uuid: neutron. To ensure interoperability, identifiers should be a valid uuid. warnings.warn(('Invalid uuid: %s. To ensure interoperability, '
2026-04-12 21:54:44.506 10 INFO neutron.plugins.ml2.drivers.ovn.mech_driver.mech_driver [None req-f3be13e7-fce4-4559-8475-7f00d676cfbd - - - - - -] OVN reports status down for port: 6966b510-7950-4f80-aebd-88699f6592ca
2026-04-12 21:54:44.604 10 INFO neutron.services.segments.plugin [-] Segment 30e47a0f-6b63-47b7-9257-1748b7c28770 resource provider aggregate not found
2026-04-12 21:54:44.611 10 INFO neutron.services.segments.plugin [-] Segment 30e47a0f-6b63-47b7-9257-1748b7c28770 resource provider aggregate not found
2026-04-12 21:54:44.636 10 INFO neutron.services.segments.plugin [-] Segment 30e47a0f-6b63-47b7-9257-1748b7c28770 resource provider not found; error: Placement Client Error (4xx): {"errors": [{"status": 404, "title": "Not Found", "detail": "The resource could not be found.\n\n No resource provider with uuid 30e47a0f-6b63-47b7-9257-1748b7c28770 found for delete ", "request_id": "req-70eb66cf-fb9d-4859-ac1b-117e27776e24"}]}
2026-04-12 21:54:44.642 10 INFO neutron.services.segments.plugin [-] Segment 30e47a0f-6b63-47b7-9257-1748b7c28770 resource provider not found; error: Placement Client Error (4xx): {"errors": [{"status": 404, "title": "Not Found", "detail": "The resource could not be found.\n\n No resource provider with uuid 30e47a0f-6b63-47b7-9257-1748b7c28770 found for delete ", "request_id": "req-1be48a7a-38a1-46e7-ac2f-5633e67e657c"}]}
2026-04-12 21:54:44.651 10 INFO neutron.wsgi [req-f949fe54-e27d-44e1-bb60-96a8c93c66c6 req-3395b804-1668-4785-9a28-1de8b5056df6 7715f1f7488b4b7387e7ae027a483ca5 90e0a24caa5041f1a7bf0ad86743714e - - default default] 10.0.0.241 "GET /v2.0/ports?device_id=c17138f4-5e47-49cc-9e65-6168df15250e HTTP/1.1" status: 200 len: 1174 time: 0.1833804
2026-04-12 21:54:44.714 10 INFO neutron.wsgi [req-f949fe54-e27d-44e1-bb60-96a8c93c66c6 req-0041a6b8-65e6-453b-aee1-b4784f14c9e3 7715f1f7488b4b7387e7ae027a483ca5 90e0a24caa5041f1a7bf0ad86743714e - - default default] 10.0.0.241 "GET /v2.0/security-groups?id=76b3283d-4483-418c-a848-b2838cf1912a&fields=id&fields=name HTTP/1.1" status: 200 len: 286 time: 0.0523458
2026-04-12 21:54:44.789 10 INFO neutron.wsgi [None req-c2cf3720-6e9f-4fd1-a169-bb9b32be4444 a3205093f34f4fd9915fc406949dd9cd 76a449dc75604226af2f244e37c169cf - - default default] 10.0.0.169 "GET /v2.0/security-groups?tenant_id=196d0b3dbce44a698323d7c9d0d92b68&name=default HTTP/1.1" status: 200 len: 3120 time: 0.1864746
2026-04-12 21:54:44.866 9 INFO neutron.wsgi [req-e21f8128-d0bc-4cf7-a14e-f1bdc73e3d7f req-0e3d46ca-de00-4948-b14c-5b897edd5cfa 7715f1f7488b4b7387e7ae027a483ca5 90e0a24caa5041f1a7bf0ad86743714e - - default default] 199.204.45.144 "GET /v2.0/ports?device_id=c17138f4-5e47-49cc-9e65-6168df15250e HTTP/1.1" status: 200 len: 1172 time: 0.0591779
2026-04-12 21:54:44.958 10 INFO neutron.db.ovn_revision_numbers_db [None req-f3be13e7-fce4-4559-8475-7f00d676cfbd - - - - - -] Successfully bumped revision number for resource 6966b510-7950-4f80-aebd-88699f6592ca (type: ports) to 5
2026-04-12 21:54:45.113 9 INFO neutron.wsgi [req-69735d64-229a-4dd7-9da4-dfc01e3eb33d req-57082d0c-792e-421d-aef4-393ff515bace 6adfdd231167452fa9943e55ff62870c ed7772de77474405be1edbabe5f4f0e6 - - default default] 10.0.0.241 "GET /v2.0/ports?device_id=7407bd88-42a9-4506-ab56-f8e2ec680def HTTP/1.1" status: 200 len: 1170 time: 0.1529102
2026-04-12 21:54:45.118 10 INFO neutron.wsgi [None req-fbcf8635-a0de-4e1a-b8d8-b42fbec3baea a3205093f34f4fd9915fc406949dd9cd 76a449dc75604226af2f244e37c169cf - - default default] 10.0.0.169 "DELETE /v2.0/security-groups/a33bf683-0d60-4b80-ad79-a9e1051cc3f7 HTTP/1.1" status: 204 len: 168 time: 0.3189716
2026-04-12 21:54:45.177 9 INFO neutron.db.ovn_revision_numbers_db [None req-3b56ac7d-74bb-4d3f-aa65-179b45b7aba2 8f13bc9dd2de4b7aa450ff82db8b8ef2 4058b792de8f420f9ad15c95c4f74f90 - - default default] Successfully bumped revision number for resource ddf920f8-59f2-4eb0-8119-ade838f2e257 (type: ports) to 2
2026-04-12 21:54:45.191 9 INFO neutron.wsgi [req-69735d64-229a-4dd7-9da4-dfc01e3eb33d req-5cb987ca-d649-4993-9c3f-5c6782b86b8f 6adfdd231167452fa9943e55ff62870c ed7772de77474405be1edbabe5f4f0e6 - - default default] 10.0.0.241 "GET /v2.0/security-groups?id=4889efad-9b0b-40cc-a424-313dc19f9687&fields=id&fields=name HTTP/1.1" status: 200 len: 312 time: 0.0677571
2026-04-12 21:54:45.229 9 INFO neutron.db.ovn_revision_numbers_db [None req-3b56ac7d-74bb-4d3f-aa65-179b45b7aba2 8f13bc9dd2de4b7aa450ff82db8b8ef2 4058b792de8f420f9ad15c95c4f74f90 - - default default] Successfully bumped revision number for resource fc51a078-73f3-4a77-ba9f-71e72073d275 (type: subnets) to 0
2026-04-12 21:54:45.241 9 INFO neutron.wsgi [None req-3b56ac7d-74bb-4d3f-aa65-179b45b7aba2 8f13bc9dd2de4b7aa450ff82db8b8ef2 4058b792de8f420f9ad15c95c4f74f90 - - default default] 10.0.0.169 "POST /v2.0/subnets HTTP/1.1" status: 201 len: 822 time: 1.0195038
2026-04-12 21:54:45.343 9 INFO neutron.wsgi [req-e21f8128-d0bc-4cf7-a14e-f1bdc73e3d7f req-b4cda63c-9b42-44e3-878f-37eba9608442 7715f1f7488b4b7387e7ae027a483ca5 90e0a24caa5041f1a7bf0ad86743714e - - default default] 199.204.45.144 "DELETE /v2.0/ports/6966b510-7950-4f80-aebd-88699f6592ca HTTP/1.1" status: 204 len: 173 time: 0.4718432
2026-04-12 21:54:45.385 9 INFO neutron.notifiers.nova [-] Nova event matching ['req-cfc906e3-93f8-4545-bd7a-ab90dae37318'] response: {'server_uuid': 'c17138f4-5e47-49cc-9e65-6168df15250e', 'name': 'network-vif-deleted', 'tag': '6966b510-7950-4f80-aebd-88699f6592ca', 'status': 'completed', 'code': 200}
2026-04-12 21:54:45.601 10 INFO neutron.notifiers.nova [-] Nova event matching ['req-d11ff21f-74d5-4b42-93b6-2d41d8c67abe'] response: {'server_uuid': '7407bd88-42a9-4506-ab56-f8e2ec680def', 'name': 'network-vif-plugged', 'status': 'completed', 'tag': '0c8896cd-f8e8-451c-a5df-865872b868cf', 'code': 200}
2026-04-12 21:54:45.601 10 INFO neutron.notifiers.nova [-] Nova event matching ['req-d11ff21f-74d5-4b42-93b6-2d41d8c67abe'] response: {'server_uuid': '7407bd88-42a9-4506-ab56-f8e2ec680def', 'name': 'network-vif-plugged', 'status': 'completed', 'tag': '0c8896cd-f8e8-451c-a5df-865872b868cf', 'code': 200}
2026-04-12 21:54:45.602 10 INFO neutron.notifiers.nova [-] Nova event matching ['req-d11ff21f-74d5-4b42-93b6-2d41d8c67abe'] response: {'server_uuid': 'c17138f4-5e47-49cc-9e65-6168df15250e', 'name': 'network-vif-unplugged', 'status': 'completed', 'tag': '6966b510-7950-4f80-aebd-88699f6592ca', 'code': 200}
2026-04-12 21:54:45.602 10 INFO neutron.notifiers.nova [-] Nova event matching ['req-d11ff21f-74d5-4b42-93b6-2d41d8c67abe'] response: {'server_uuid': 'c17138f4-5e47-49cc-9e65-6168df15250e', 'name': 'network-vif-unplugged', 'status': 'completed', 'tag': '6966b510-7950-4f80-aebd-88699f6592ca', 'code': 200}
2026-04-12 21:54:45.623 9 INFO neutron.wsgi [None req-702de3d3-405e-42ff-bc52-75811b88337e 8f13bc9dd2de4b7aa450ff82db8b8ef2 4058b792de8f420f9ad15c95c4f74f90 - - default default] 10.0.0.169 "POST /v2.0/rbac-policies HTTP/1.1" status: 201 len: 523 time: 0.3764918
2026-04-12 21:54:46.315 9 INFO neutron.wsgi [req-74f28e7f-a77b-4f74-97e3-97bc87b14189 req-16796e92-a1e7-4934-9507-f4bf4f1b3df4 6adfdd231167452fa9943e55ff62870c ed7772de77474405be1edbabe5f4f0e6 - - default default] 10.0.0.241 "GET /v2.0/ports?device_id=7407bd88-42a9-4506-ab56-f8e2ec680def HTTP/1.1" status: 200 len: 1170 time: 0.0614967
2026-04-12 21:54:46.363 9 INFO neutron.wsgi [None req-a0d7ea4c-e0f8-4eda-9fdf-26f4995a210e 31aa164d34da4f7094e3640ef23a349a 12f0100969a14611b158a19a7a57b99c - - default default] 10.0.0.169 "GET /v2.0/networks/e70b3d01-fa9f-44ee-b2cc-dc44bdcb0c05 HTTP/1.1" status: 200 len: 848 time: 0.3117340
2026-04-12 21:54:46.397 9 INFO neutron.wsgi [req-74f28e7f-a77b-4f74-97e3-97bc87b14189 req-a7b5b026-7756-44b7-92f2-a499c7620cf8 6adfdd231167452fa9943e55ff62870c ed7772de77474405be1edbabe5f4f0e6 - - default default] 10.0.0.241 "GET /v2.0/security-groups?id=4889efad-9b0b-40cc-a424-313dc19f9687&fields=id&fields=name HTTP/1.1" status: 200 len: 312 time: 0.0740626 /var/lib/openstack/lib/python3.10/site-packages/pycadf/identifier.py:71: UserWarning: Invalid uuid: neutron. To ensure interoperability, identifiers should be a valid uuid. warnings.warn(('Invalid uuid: %s. To ensure interoperability, '
2026-04-12 21:54:46.867 10 INFO neutron.pecan_wsgi.hooks.translation [None req-953d9ad5-e79f-429d-933d-37a1a651d6ea 9b4cc42077824ca98d1414858118a639 cf46a39ad65548d38ddc39bf16d89702 - - default default] GET failed (client error): The resource could not be found.
2026-04-12 21:54:46.868 10 INFO neutron.wsgi [None req-953d9ad5-e79f-429d-933d-37a1a651d6ea 9b4cc42077824ca98d1414858118a639 cf46a39ad65548d38ddc39bf16d89702 - - default default] 10.0.0.169 "GET /v2.0/networks/e70b3d01-fa9f-44ee-b2cc-dc44bdcb0c05 HTTP/1.1" status: 404 len: 339 time: 0.1495497
2026-04-12 21:54:46.908 9 WARNING neutron_lib.context [None req-d4aa93ee-ed4c-4c4d-bb86-9a48e58b4c55 e9a07bea1bdc49c28d0d1a8c05ab0901 0b0146e5ceba4dc7bb386c7f51f193a6 - - default default] Method 'is_advsvc' is deprecated since 2023.2 release (neutron-lib 3.8.0) and will be removed once support for the old RBAC API policies will be removed from Neutron. Please use method 'is_service_role' instead.
2026-04-12 21:54:47.101 9 INFO neutron.db.ovn_revision_numbers_db [None req-d4aa93ee-ed4c-4c4d-bb86-9a48e58b4c55 e9a07bea1bdc49c28d0d1a8c05ab0901 0b0146e5ceba4dc7bb386c7f51f193a6 - - default default] Successfully bumped revision number for resource 1fe7dc7b-09cb-4165-a159-9d62939e6016 (type: security_groups) to 1
2026-04-12 21:54:47.134 9 INFO neutron.db.ovn_revision_numbers_db [None req-d4aa93ee-ed4c-4c4d-bb86-9a48e58b4c55 e9a07bea1bdc49c28d0d1a8c05ab0901 0b0146e5ceba4dc7bb386c7f51f193a6 - - default default] Successfully bumped revision number for resource 665cb9a6-c3e0-4bc3-a129-98ef393d2fcb (type: security_group_rules) to 0
2026-04-12 21:54:47.148 9 INFO neutron.db.ovn_revision_numbers_db [None req-d4aa93ee-ed4c-4c4d-bb86-9a48e58b4c55 e9a07bea1bdc49c28d0d1a8c05ab0901 0b0146e5ceba4dc7bb386c7f51f193a6 - - default default] Successfully bumped revision number for resource 8f8fd571-ffcd-43fb-984e-1182c718be78 (type: security_group_rules) to 0
2026-04-12 21:54:47.172 9 INFO neutron.db.ovn_revision_numbers_db [None req-d4aa93ee-ed4c-4c4d-bb86-9a48e58b4c55 e9a07bea1bdc49c28d0d1a8c05ab0901 0b0146e5ceba4dc7bb386c7f51f193a6 - - default default] Successfully bumped revision number for resource a3c3774c-09c1-463d-b698-4108b1de387d (type: security_group_rules) to 0
2026-04-12 21:54:47.186 9 INFO neutron.db.ovn_revision_numbers_db [None req-d4aa93ee-ed4c-4c4d-bb86-9a48e58b4c55 e9a07bea1bdc49c28d0d1a8c05ab0901 0b0146e5ceba4dc7bb386c7f51f193a6 - - default default] Successfully bumped revision number for resource dbd15135-49e8-487e-98ba-8c4d9e668034 (type: security_group_rules) to 0
2026-04-12 21:54:47.247 9 INFO neutron.db.segments_db [None req-d4aa93ee-ed4c-4c4d-bb86-9a48e58b4c55 e9a07bea1bdc49c28d0d1a8c05ab0901 0b0146e5ceba4dc7bb386c7f51f193a6 - - default default] Added segment e565eb03-6821-4867-a923-6da4fb7f62a0 of type geneve for network 1b325ae2-2ceb-442d-b496-6ce2cb3c7cda
2026-04-12 21:54:47.434 9 INFO neutron.db.ovn_revision_numbers_db [None req-d4aa93ee-ed4c-4c4d-bb86-9a48e58b4c55 e9a07bea1bdc49c28d0d1a8c05ab0901 0b0146e5ceba4dc7bb386c7f51f193a6 - - default default] Successfully bumped revision number for resource 1b325ae2-2ceb-442d-b496-6ce2cb3c7cda (type: networks) to 1
2026-04-12 21:54:47.535 9 INFO neutron.wsgi [req-67068bc3-9533-4dbc-9445-4b7a979fe16c req-c8b66dc5-d651-4518-9f3f-4e7febe672a4 6adfdd231167452fa9943e55ff62870c ed7772de77474405be1edbabe5f4f0e6 - - default default] 10.0.0.241 "GET /v2.0/ports?device_id=7407bd88-42a9-4506-ab56-f8e2ec680def HTTP/1.1" status: 200 len: 1170 time: 0.0742252 /var/lib/openstack/lib/python3.10/site-packages/pycadf/identifier.py:71: UserWarning: Invalid uuid: neutron. To ensure interoperability, identifiers should be a valid uuid. warnings.warn(('Invalid uuid: %s. To ensure interoperability, '
2026-04-12 21:54:47.559 9 INFO neutron.wsgi [None req-6c574348-6885-4fdd-8b16-74f23fbb06e2 a3205093f34f4fd9915fc406949dd9cd 76a449dc75604226af2f244e37c169cf - - default default] 10.0.0.169 "PUT /v2.0/routers/0487db4a-2560-4355-8c51-a528bd9046a0/remove_router_interface HTTP/1.1" status: 200 len: 503 time: 1.7846186
2026-04-12 21:54:47.613 9 INFO neutron.wsgi [req-67068bc3-9533-4dbc-9445-4b7a979fe16c req-6ddd17e7-90b2-4a60-858c-06e6df7ad389 6adfdd231167452fa9943e55ff62870c ed7772de77474405be1edbabe5f4f0e6 - - default default] 10.0.0.241 "GET /v2.0/security-groups?id=4889efad-9b0b-40cc-a424-313dc19f9687&fields=id&fields=name HTTP/1.1" status: 200 len: 312 time: 0.0722866
2026-04-12 21:54:47.673 9 WARNING neutron.scheduler.dhcp_agent_scheduler [None req-d4aa93ee-ed4c-4c4d-bb86-9a48e58b4c55 e9a07bea1bdc49c28d0d1a8c05ab0901 0b0146e5ceba4dc7bb386c7f51f193a6 - - default default] No more DHCP agents
2026-04-12 21:54:47.674 9 WARNING neutron.api.rpc.agentnotifiers.dhcp_rpc_agent_api [None req-d4aa93ee-ed4c-4c4d-bb86-9a48e58b4c55 e9a07bea1bdc49c28d0d1a8c05ab0901 0b0146e5ceba4dc7bb386c7f51f193a6 - - default default] Unable to schedule network 1b325ae2-2ceb-442d-b496-6ce2cb3c7cda: no agents available; will retry on subsequent port and subnet creation events.
2026-04-12 21:54:47.723 10 INFO neutron.services.segments.plugin [-] Segment 67453d82-17ab-40ca-ae43-41ad4000557b resource provider aggregate not found
2026-04-12 21:54:47.729 10 INFO neutron.services.segments.plugin [-] Segment 67453d82-17ab-40ca-ae43-41ad4000557b resource provider aggregate not found
2026-04-12 21:54:47.750 10 INFO neutron.services.segments.plugin [-] Segment 67453d82-17ab-40ca-ae43-41ad4000557b resource provider not found; error: Placement Client Error (4xx): {"errors": [{"status": 404, "title": "Not Found", "detail": "The resource could not be found.\n\n No resource provider with uuid 67453d82-17ab-40ca-ae43-41ad4000557b found for delete ", "request_id": "req-c2bdaa03-bdc6-4e85-aba8-45b6d9d6d48f"}]}
2026-04-12 21:54:47.763 9 INFO neutron.db.ovn_revision_numbers_db [None req-d4aa93ee-ed4c-4c4d-bb86-9a48e58b4c55 e9a07bea1bdc49c28d0d1a8c05ab0901 0b0146e5ceba4dc7bb386c7f51f193a6 - - default default] Successfully bumped revision number for resource 7ca22b40-9f34-48aa-aad3-0b953ae2e6dc (type: ports) to 1
2026-04-12 21:54:47.765 10 INFO neutron.services.segments.plugin [-] Segment 67453d82-17ab-40ca-ae43-41ad4000557b resource provider not found; error: Placement Client Error (4xx): {"errors": [{"status": 404, "title": "Not Found", "detail": "The resource could not be found.\n\n No resource provider with uuid 67453d82-17ab-40ca-ae43-41ad4000557b found for delete ", "request_id": "req-90efd25a-c284-42b8-90a3-8a30ecc93d0b"}]}
2026-04-12 21:54:47.792 9 INFO neutron.wsgi [None req-d4aa93ee-ed4c-4c4d-bb86-9a48e58b4c55 e9a07bea1bdc49c28d0d1a8c05ab0901 0b0146e5ceba4dc7bb386c7f51f193a6 - - default default] 10.0.0.169 "POST /v2.0/networks HTTP/1.1" status: 201 len: 844 time: 0.9329519
2026-04-12 21:54:47.802 9 WARNING neutron_lib.context [None req-5b5d8387-19cf-4f52-8c37-532094a255df e9a07bea1bdc49c28d0d1a8c05ab0901 0b0146e5ceba4dc7bb386c7f51f193a6 - - default default] Method 'is_advsvc' is deprecated since 2023.2 release (neutron-lib 3.8.0) and will be removed once support for the old RBAC API policies will be removed from Neutron. Please use method 'is_service_role' instead.
2026-04-12 21:54:47.806 10 INFO neutron.wsgi [None req-eb4d415a-f87a-4ced-a5ac-7491ffd93334 8f13bc9dd2de4b7aa450ff82db8b8ef2 4058b792de8f420f9ad15c95c4f74f90 - - default default] 10.0.0.169 "DELETE /v2.0/networks/e70b3d01-fa9f-44ee-b2cc-dc44bdcb0c05 HTTP/1.1" status: 204 len: 168 time: 0.9310217
2026-04-12 21:54:47.849 10 INFO neutron.pecan_wsgi.hooks.translation [None req-5f76f390-bc25-471e-915e-aeeda4ed38a8 8f13bc9dd2de4b7aa450ff82db8b8ef2 4058b792de8f420f9ad15c95c4f74f90 - - default default] DELETE failed (client error): The resource could not be found.
2026-04-12 21:54:47.853 10 INFO neutron.wsgi [None req-5f76f390-bc25-471e-915e-aeeda4ed38a8 8f13bc9dd2de4b7aa450ff82db8b8ef2 4058b792de8f420f9ad15c95c4f74f90 - - default default] 10.0.0.169 "DELETE /v2.0/subnets/967e3e57-0027-4773-8abb-a322577e820c HTTP/1.1" status: 404 len: 337 time: 0.0368550
2026-04-12 21:54:47.865 10 INFO neutron.wsgi [req-d3b29e38-8e0d-4b54-88c2-6f5cf666a1c1 req-e3eec35e-40cb-4d90-b06c-192c0af9fc19 6adfdd231167452fa9943e55ff62870c ed7772de77474405be1edbabe5f4f0e6 - - default default] 10.0.0.241 "GET /v2.0/ports?device_id=7407bd88-42a9-4506-ab56-f8e2ec680def HTTP/1.1" status: 200 len: 1170 time: 0.1828868
2026-04-12 21:54:47.879 9 INFO neutron.pecan_wsgi.hooks.translation [None req-bce9ec97-d270-4281-bd78-83ef7d3c364d 8f13bc9dd2de4b7aa450ff82db8b8ef2 4058b792de8f420f9ad15c95c4f74f90 - - default default] DELETE failed (client error): The resource could not be found.
2026-04-12 21:54:47.881 9 INFO neutron.wsgi [None req-bce9ec97-d270-4281-bd78-83ef7d3c364d 8f13bc9dd2de4b7aa450ff82db8b8ef2 4058b792de8f420f9ad15c95c4f74f90 - - default default] 10.0.0.169 "DELETE /v2.0/subnets/42a7d932-fda6-4453-b6a7-1b31e39ddc09 HTTP/1.1" status: 404 len: 337 time: 0.0227828
2026-04-12 21:54:47.899 9 INFO neutron.pecan_wsgi.hooks.translation [None req-82947113-0c66-4a0a-91a6-35ce267d936c 8f13bc9dd2de4b7aa450ff82db8b8ef2 4058b792de8f420f9ad15c95c4f74f90 - - default default] DELETE failed (client error): The resource could not be found.
2026-04-12 21:54:47.901 9 INFO neutron.wsgi [None req-82947113-0c66-4a0a-91a6-35ce267d936c 8f13bc9dd2de4b7aa450ff82db8b8ef2 4058b792de8f420f9ad15c95c4f74f90 - - default default] 10.0.0.169 "DELETE /v2.0/subnets/fc51a078-73f3-4a77-ba9f-71e72073d275 HTTP/1.1" status: 404 len: 337 time: 0.0164373
2026-04-12 21:54:47.950 10 INFO neutron.wsgi [req-d3b29e38-8e0d-4b54-88c2-6f5cf666a1c1 req-76228cea-3593-4d79-a3da-0dfbc2db6eb7 6adfdd231167452fa9943e55ff62870c ed7772de77474405be1edbabe5f4f0e6 - - default default] 10.0.0.241 "GET /v2.0/security-groups?id=4889efad-9b0b-40cc-a424-313dc19f9687&fields=id&fields=name HTTP/1.1" status: 200 len: 312 time: 0.0784009
2026-04-12 21:54:48.037 9 INFO neutron.wsgi [None req-8c585e40-8f17-4752-958e-25a5901fb7a9 1ec2145e7d3a44a58b7814375ce26a48 38ea041d9d1a4a9b899471681da2583b - - default default] 10.0.0.169 "GET /v2.0/ports?device_id=7407bd88-42a9-4506-ab56-f8e2ec680def HTTP/1.1" status: 200 len: 1404 time: 0.0619793
2026-04-12 21:54:48.049 10 WARNING neutron_lib.context [None req-0eee99ac-64b2-42cf-b6f7-8ba356a129eb 6adfdd231167452fa9943e55ff62870c ed7772de77474405be1edbabe5f4f0e6 - - default default] Method 'is_advsvc' is deprecated since 2023.2 release (neutron-lib 3.8.0) and will be removed once support for the old RBAC API policies will be removed from Neutron. Please use method 'is_service_role' instead.
2026-04-12 21:54:48.097 9 WARNING neutron.scheduler.dhcp_agent_scheduler [None req-5b5d8387-19cf-4f52-8c37-532094a255df e9a07bea1bdc49c28d0d1a8c05ab0901 0b0146e5ceba4dc7bb386c7f51f193a6 - - default default] No more DHCP agents
2026-04-12 21:54:48.100 9 WARNING neutron.api.rpc.agentnotifiers.dhcp_rpc_agent_api [None req-5b5d8387-19cf-4f52-8c37-532094a255df e9a07bea1bdc49c28d0d1a8c05ab0901 0b0146e5ceba4dc7bb386c7f51f193a6 - - default default] Unable to schedule network 1b325ae2-2ceb-442d-b496-6ce2cb3c7cda: no agents available; will retry on subsequent port and subnet creation events.
2026-04-12 21:54:48.198 9 INFO neutron.db.ovn_revision_numbers_db [None req-5b5d8387-19cf-4f52-8c37-532094a255df e9a07bea1bdc49c28d0d1a8c05ab0901 0b0146e5ceba4dc7bb386c7f51f193a6 - - default default] Successfully bumped revision number for resource 169e4314-0aa6-4a54-a86b-11080f4b3573 (type: ports) to 1
2026-04-12 21:54:48.220 9 INFO neutron.wsgi [None req-5b5d8387-19cf-4f52-8c37-532094a255df e9a07bea1bdc49c28d0d1a8c05ab0901 0b0146e5ceba4dc7bb386c7f51f193a6 - - default default] 10.0.0.169 "POST /v2.0/ports HTTP/1.1" status: 201 len: 973 time: 0.4233789 /var/lib/openstack/lib/python3.10/site-packages/pycadf/identifier.py:71: UserWarning: Invalid uuid: neutron. To ensure interoperability, identifiers should be a valid uuid. warnings.warn(('Invalid uuid: %s. To ensure interoperability, '
2026-04-12 21:54:48.230 9 WARNING neutron_lib.context [None req-51e83a25-edc5-4d54-84b6-2d4f09b711e5 e9a07bea1bdc49c28d0d1a8c05ab0901 0b0146e5ceba4dc7bb386c7f51f193a6 - - default default] Method 'is_advsvc' is deprecated since 2023.2 release (neutron-lib 3.8.0) and will be removed once support for the old RBAC API policies will be removed from Neutron. Please use method 'is_service_role' instead.
2026-04-12 21:54:48.313 9 INFO neutron.db.segments_db [None req-51e83a25-edc5-4d54-84b6-2d4f09b711e5 e9a07bea1bdc49c28d0d1a8c05ab0901 0b0146e5ceba4dc7bb386c7f51f193a6 - - default default] Added segment d544b382-2416-4108-9fd7-e8da06328ccd of type geneve for network 5e1f5923-e9e8-4fe1-83aa-1e7c15f6999d
2026-04-12 21:54:48.405 10 WARNING neutron.scheduler.dhcp_agent_scheduler [None req-0eee99ac-64b2-42cf-b6f7-8ba356a129eb 6adfdd231167452fa9943e55ff62870c ed7772de77474405be1edbabe5f4f0e6 - - default default] No more DHCP agents
2026-04-12 21:54:48.414 10 WARNING neutron.api.rpc.agentnotifiers.dhcp_rpc_agent_api [None req-0eee99ac-64b2-42cf-b6f7-8ba356a129eb 6adfdd231167452fa9943e55ff62870c ed7772de77474405be1edbabe5f4f0e6 - - default default] Unable to schedule network 047c664c-a573-4e50-99dd-dda97e845eb7: no agents available; will retry on subsequent port and subnet creation events.
2026-04-12 21:54:48.463 9 INFO neutron.db.ovn_revision_numbers_db [None req-51e83a25-edc5-4d54-84b6-2d4f09b711e5 e9a07bea1bdc49c28d0d1a8c05ab0901 0b0146e5ceba4dc7bb386c7f51f193a6 - - default default] Successfully bumped revision number for resource 5e1f5923-e9e8-4fe1-83aa-1e7c15f6999d (type: networks) to 1
2026-04-12 21:54:48.675 9 WARNING neutron.scheduler.dhcp_agent_scheduler [None req-51e83a25-edc5-4d54-84b6-2d4f09b711e5 e9a07bea1bdc49c28d0d1a8c05ab0901 0b0146e5ceba4dc7bb386c7f51f193a6 - - default default] No more DHCP agents
2026-04-12 21:54:48.677 9 WARNING neutron.api.rpc.agentnotifiers.dhcp_rpc_agent_api [None req-51e83a25-edc5-4d54-84b6-2d4f09b711e5 e9a07bea1bdc49c28d0d1a8c05ab0901 0b0146e5ceba4dc7bb386c7f51f193a6 - - default default] Unable to schedule network 5e1f5923-e9e8-4fe1-83aa-1e7c15f6999d: no agents available; will retry on subsequent port and subnet creation events.
2026-04-12 21:54:48.773 9 INFO neutron.db.ovn_revision_numbers_db [None req-51e83a25-edc5-4d54-84b6-2d4f09b711e5 e9a07bea1bdc49c28d0d1a8c05ab0901 0b0146e5ceba4dc7bb386c7f51f193a6 - - default default] Successfully bumped revision number for resource 418c3d2b-8df7-4497-800d-43eccb9ba3b2 (type: ports) to 1
2026-04-12 21:54:48.822 9 INFO neutron.wsgi [None req-51e83a25-edc5-4d54-84b6-2d4f09b711e5 e9a07bea1bdc49c28d0d1a8c05ab0901 0b0146e5ceba4dc7bb386c7f51f193a6 - - default default] 10.0.0.169 "POST /v2.0/networks HTTP/1.1" status: 201 len: 830 time: 0.5964622
2026-04-12 21:54:48.824 10 INFO neutron.wsgi [None req-b372adc2-a590-4302-94e9-ec9b51c412f7 a3205093f34f4fd9915fc406949dd9cd 76a449dc75604226af2f244e37c169cf - - default default] 10.0.0.169 "DELETE /v2.0/routers/0487db4a-2560-4355-8c51-a528bd9046a0 HTTP/1.1" status: 204 len: 168 time: 1.2593088
2026-04-12 21:54:48.834 9 WARNING neutron_lib.context [None req-36f8f1ae-6d29-4ac5-8c80-6ab5b977d8ba e9a07bea1bdc49c28d0d1a8c05ab0901 0b0146e5ceba4dc7bb386c7f51f193a6 - - default default] Method 'is_advsvc' is deprecated since 2023.2 release (neutron-lib 3.8.0) and will be removed once support for the old RBAC API policies will be removed from Neutron. Please use method 'is_service_role' instead.
2026-04-12 21:54:49.031 9 WARNING neutron.plugins.ml2.drivers.ovn.mech_driver.ovsdb.ovn_client [None req-970bc591-b6c6-406a-8750-062f221bc339 - - - - - -] No port found with ID 0910e62d-a50f-4e42-8f11-1f7f01d016cf: RuntimeError: No port found with ID 0910e62d-a50f-4e42-8f11-1f7f01d016cf
2026-04-12 21:54:49.131 9 WARNING neutron.scheduler.dhcp_agent_scheduler [None req-36f8f1ae-6d29-4ac5-8c80-6ab5b977d8ba e9a07bea1bdc49c28d0d1a8c05ab0901 0b0146e5ceba4dc7bb386c7f51f193a6 - - default default] No more DHCP agents
2026-04-12 21:54:49.134 9 WARNING neutron.api.rpc.agentnotifiers.dhcp_rpc_agent_api [None req-36f8f1ae-6d29-4ac5-8c80-6ab5b977d8ba e9a07bea1bdc49c28d0d1a8c05ab0901 0b0146e5ceba4dc7bb386c7f51f193a6 - - default default] Unable to schedule network 5e1f5923-e9e8-4fe1-83aa-1e7c15f6999d: no agents available; will retry on subsequent port and subnet creation events.
2026-04-12 21:54:49.167 9 INFO neutron.wsgi [None req-b521fb2d-3ecb-4b5c-a51a-109d0bc07e48 a3205093f34f4fd9915fc406949dd9cd 76a449dc75604226af2f244e37c169cf - - default default] 10.0.0.169 "GET /v2.0/security-groups?tenant_id=4058b792de8f420f9ad15c95c4f74f90&name=default HTTP/1.1" status: 200 len: 3120 time: 0.2279179
2026-04-12 21:54:49.472 10 INFO neutron.wsgi [None req-8731abdc-2fd7-4856-aeef-d42210e56737 a3205093f34f4fd9915fc406949dd9cd 76a449dc75604226af2f244e37c169cf - - default default] 10.0.0.169 "DELETE /v2.0/subnets/a793e4d9-7f48-45a4-8829-8c55eb80cfd7 HTTP/1.1" status: 204 len: 168 time: 0.6432030
2026-04-12 21:54:49.480 9 INFO neutron.wsgi [None req-8d479c96-d8f2-4801-b212-410c72faab73 a3205093f34f4fd9915fc406949dd9cd 76a449dc75604226af2f244e37c169cf - - default default] 10.0.0.169 "DELETE /v2.0/security-groups/116d1a3c-dc69-4c37-8df8-4af8375489b5 HTTP/1.1" status: 204 len: 168 time: 0.3063431
2026-04-12 21:54:49.566 10 INFO neutron.wsgi [-] 10.0.0.214 "GET / HTTP/1.1" status: 200 len: 247 time: 0.0015662
2026-04-12 21:54:49.568 10 INFO neutron.wsgi [-] 10.0.0.214 "GET / HTTP/1.1" status: 200 len: 247 time: 0.0008554
