2026-04-12 21:46:17.040 10 INFO neutron.wsgi [None req-ef3dd879-ef8b-4785-afbf-903d1b8a2de3 a3205093f34f4fd9915fc406949dd9cd 76a449dc75604226af2f244e37c169cf - - default default] 10.0.0.243 "GET /v2.0/subnetpools HTTP/1.1" status: 200 len: 193 time: 0.0071921
2026-04-12 21:46:17.127 10 INFO neutron.wsgi [None req-23e09e08-6c7f-4bd8-a5d3-084a63f49c6a a3205093f34f4fd9915fc406949dd9cd 76a449dc75604226af2f244e37c169cf - - default default] 10.0.0.243 "GET /v2.0/ports HTTP/1.1" status: 200 len: 5351 time: 0.0862103
2026-04-12 21:46:17.151 10 INFO neutron.wsgi [None req-4fafe7d5-678b-4534-acfa-c16c7fb7620a a3205093f34f4fd9915fc406949dd9cd 76a449dc75604226af2f244e37c169cf - - default default] 10.0.0.243 "GET /v2.0/routers HTTP/1.1" status: 200 len: 189 time: 0.0213075
2026-04-12 21:46:17.188 10 INFO neutron.wsgi [None req-ca42de97-6e74-4db3-8b72-8652fe95339a a3205093f34f4fd9915fc406949dd9cd 76a449dc75604226af2f244e37c169cf - - default default] 10.0.0.243 "GET /v2.0/agents?binary=ovn-controller HTTP/1.1" status: 200 len: 591 time: 0.0361903
2026-04-12 21:46:17.206 10 INFO neutron.wsgi [None req-23cfc0bc-bd3a-4459-aaae-8db94a57817c a3205093f34f4fd9915fc406949dd9cd 76a449dc75604226af2f244e37c169cf - - default default] 10.0.0.243 "GET /v2.0/agents HTTP/1.1" status: 200 len: 1390 time: 0.0169518
2026-04-12 21:46:17.223 10 INFO neutron.wsgi [None req-9948aa7c-7e17-4625-ba53-e6655571d31d a3205093f34f4fd9915fc406949dd9cd 76a449dc75604226af2f244e37c169cf - - default default] 10.0.0.243 "GET /v2.0/network-ip-availabilities HTTP/1.1" status: 200 len: 1280 time: 0.0155602
2026-04-12 21:46:17.241 10 INFO neutron.wsgi [None req-852e1672-3e60-4edc-bedc-6ff539e0cf15 a3205093f34f4fd9915fc406949dd9cd 76a449dc75604226af2f244e37c169cf - - default default] 10.0.0.243 "GET /v2.0/floatingips HTTP/1.1" status: 200 len: 193 time: 0.0173962
2026-04-12 21:46:17.311 10 INFO neutron.wsgi [None req-3e1a8d89-fc58-4379-8788-5d1848d738c4 a3205093f34f4fd9915fc406949dd9cd 76a449dc75604226af2f244e37c169cf - - default default] 10.0.0.243 "GET /v2.0/networks HTTP/1.1" status: 200 len: 2350 time: 0.0692046
2026-04-12 21:46:17.357 10 INFO neutron.wsgi [None req-dd928a99-e178-4097-a775-a3d46652787b a3205093f34f4fd9915fc406949dd9cd 76a449dc75604226af2f244e37c169cf - - default default] 10.0.0.243 "GET /v2.0/security-groups HTTP/1.1" status: 200 len: 17578 time: 0.0434549
2026-04-12 21:46:19.559 9 INFO neutron.wsgi [-] 10.0.0.214 "GET / HTTP/1.1" status: 200 len: 247 time: 0.0016444
2026-04-12 21:46:19.561 10 INFO neutron.wsgi [-] 10.0.0.214 "GET / HTTP/1.1" status: 200 len: 247 time: 0.0024586
2026-04-12 21:46:34.560 10 INFO neutron.wsgi [-] 10.0.0.214 "GET / HTTP/1.1" status: 200 len: 247 time: 0.0023401
2026-04-12 21:46:34.561 9 INFO neutron.wsgi [-] 10.0.0.214 "GET / HTTP/1.1" status: 200 len: 247 time: 0.0028598
2026-04-12 21:46:49.559 10 INFO neutron.wsgi [-] 10.0.0.214 "GET / HTTP/1.1" status: 200 len: 247 time: 0.0017164
2026-04-12 21:46:49.559 9 INFO neutron.wsgi [-] 10.0.0.214 "GET / HTTP/1.1" status: 200 len: 247 time: 0.0018508
2026-04-12 21:47:04.562 10 INFO neutron.wsgi [-] 10.0.0.214 "GET / HTTP/1.1" status: 200 len: 247 time: 0.0033228
2026-04-12 21:47:04.563 9 INFO neutron.wsgi [-] 10.0.0.214 "GET / HTTP/1.1" status: 200 len: 247 time: 0.0040677
2026-04-12 21:47:17.051 10 INFO neutron.wsgi [None req-15d1af57-2116-4a1c-a2d8-7ef27ef98c24 a3205093f34f4fd9915fc406949dd9cd 76a449dc75604226af2f244e37c169cf - - default default] 10.0.0.243 "GET /v2.0/agents HTTP/1.1" status: 200 len: 1390 time: 0.1298730
2026-04-12 21:47:17.084 10 INFO neutron.wsgi [None req-a8344e6b-828c-44b4-86df-2876880912ed a3205093f34f4fd9915fc406949dd9cd 76a449dc75604226af2f244e37c169cf - - default default] 10.0.0.243 "GET /v2.0/subnets HTTP/1.1" status: 200 len: 1437 time: 0.0319612
2026-04-12 21:47:17.094 10 INFO neutron.wsgi [None req-a2291943-aeed-4815-919e-7bb27e9bc7d1 a3205093f34f4fd9915fc406949dd9cd 76a449dc75604226af2f244e37c169cf - - default default] 10.0.0.243 "GET /v2.0/subnetpools HTTP/1.1" status: 200 len: 193 time: 0.0094979
2026-04-12 21:47:17.137 10 INFO neutron.wsgi [None req-e31a47c9-942d-496f-83ec-2477ed9829c9 a3205093f34f4fd9915fc406949dd9cd 76a449dc75604226af2f244e37c169cf - - default default] 10.0.0.243 "GET /v2.0/ports HTTP/1.1" status: 200 len: 5351 time: 0.0417521
2026-04-12 21:47:17.160 10 INFO neutron.wsgi [None req-af062432-5966-48d2-90ba-73c45ddff0fd a3205093f34f4fd9915fc406949dd9cd 76a449dc75604226af2f244e37c169cf - - default default] 10.0.0.243 "GET /v2.0/floatingips HTTP/1.1" status: 200 len: 193 time: 0.0201035
2026-04-12 21:47:17.205 10 INFO neutron.wsgi [None req-6590c059-cf02-419d-8972-01e7f89b4ecd a3205093f34f4fd9915fc406949dd9cd 76a449dc75604226af2f244e37c169cf - - default default] 10.0.0.243 "GET /v2.0/subnets HTTP/1.1" status: 200 len: 1437 time: 0.0432429
2026-04-12 21:47:17.251 10 INFO neutron.wsgi [None req-70c53ffe-f2c6-4087-a907-bd3835565263 a3205093f34f4fd9915fc406949dd9cd 76a449dc75604226af2f244e37c169cf - - default default] 10.0.0.243 "GET /v2.0/security-groups HTTP/1.1" status: 200 len: 17578 time: 0.0450220
2026-04-12 21:47:17.279 10 INFO neutron.wsgi [None req-331c786c-12fa-47e0-9cce-522db4bf6f37 a3205093f34f4fd9915fc406949dd9cd 76a449dc75604226af2f244e37c169cf - - default default] 10.0.0.243 "GET /v2.0/network-ip-availabilities HTTP/1.1" status: 200 len: 1280 time: 0.0172393
2026-04-12 21:47:17.336 10 INFO neutron.wsgi [None req-1c74ce0f-16bd-4f1d-8bf4-45c62db9b0a5 a3205093f34f4fd9915fc406949dd9cd 76a449dc75604226af2f244e37c169cf - - default default] 10.0.0.243 "GET /v2.0/networks HTTP/1.1" status: 200 len: 2350 time: 0.0556831
2026-04-12 21:47:17.362 10 INFO neutron.wsgi [None req-435b0c55-7821-435a-afb2-f856d4b252b7 a3205093f34f4fd9915fc406949dd9cd 76a449dc75604226af2f244e37c169cf - - default default] 10.0.0.243 "GET /v2.0/routers HTTP/1.1" status: 200 len: 189 time: 0.0230029
2026-04-12 21:47:17.374 10 INFO neutron.wsgi [None req-c31c8e6e-00f6-43b9-a672-d8da959059e4 a3205093f34f4fd9915fc406949dd9cd 76a449dc75604226af2f244e37c169cf - - default default] 10.0.0.243 "GET /v2.0/agents?binary=ovn-controller HTTP/1.1" status: 200 len: 591 time: 0.0111818
2026-04-12 21:47:19.561 9 INFO neutron.wsgi [-] 10.0.0.214 "GET / HTTP/1.1" status: 200 len: 247 time: 0.0024314
2026-04-12 21:47:19.562 10 INFO neutron.wsgi [-] 10.0.0.214 "GET / HTTP/1.1" status: 200 len: 247 time: 0.0031047
2026-04-12 21:47:34.559 10 INFO neutron.wsgi [-] 10.0.0.214 "GET / HTTP/1.1" status: 200 len: 247 time: 0.0016189
2026-04-12 21:47:34.562 10 INFO neutron.wsgi [-] 10.0.0.214 "GET / HTTP/1.1" status: 200 len: 247 time: 0.0018191
2026-04-12 21:47:49.560 10 INFO neutron.wsgi [-] 10.0.0.214 "GET / HTTP/1.1" status: 200 len: 247 time: 0.0020785
2026-04-12 21:47:49.561 9 INFO neutron.wsgi [-] 10.0.0.214 "GET / HTTP/1.1" status: 200 len: 247 time: 0.0026951
2026-04-12 21:48:04.562 10 INFO neutron.wsgi [-] 10.0.0.214 "GET / HTTP/1.1" status: 200 len: 247 time: 0.0034959
2026-04-12 21:48:04.562 9 INFO neutron.wsgi [-] 10.0.0.214 "GET / HTTP/1.1" status: 200 len: 247 time: 0.0034437
2026-04-12 21:48:17.021 10 INFO neutron.wsgi [None req-9a394253-b54a-4a7f-9996-47f3fd6dabf8 a3205093f34f4fd9915fc406949dd9cd 76a449dc75604226af2f244e37c169cf - - default default] 10.0.0.243 "GET /v2.0/floatingips HTTP/1.1" status: 200 len: 193 time: 0.1042161
2026-04-12 21:48:17.059 10 INFO neutron.wsgi [None req-2035afbb-e578-46d6-8d5c-8afdb6652c8f a3205093f34f4fd9915fc406949dd9cd 76a449dc75604226af2f244e37c169cf - - default default] 10.0.0.243 "GET /v2.0/subnets HTTP/1.1" status: 200 len: 1437 time: 0.0376909
2026-04-12 21:48:17.108 10 INFO neutron.wsgi [None req-c64c0227-e4c2-4e1c-b12d-44786d5710b9 a3205093f34f4fd9915fc406949dd9cd 76a449dc75604226af2f244e37c169cf - - default default] 10.0.0.243 "GET /v2.0/security-groups HTTP/1.1" status: 200 len: 17578 time: 0.0475087
2026-04-12 21:48:17.170 10 INFO neutron.wsgi [None req-dcf0e8ca-8e0e-49cf-b4c5-a1cc8afc556a a3205093f34f4fd9915fc406949dd9cd 76a449dc75604226af2f244e37c169cf - - default default] 10.0.0.243 "GET /v2.0/ports HTTP/1.1" status: 200 len: 5351 time: 0.0559337
2026-04-12 21:48:17.242 10 INFO neutron.wsgi [None req-bb9727c1-04e6-44f9-85a0-a962b95cd3a7 a3205093f34f4fd9915fc406949dd9cd 76a449dc75604226af2f244e37c169cf - - default default] 10.0.0.243 "GET /v2.0/networks HTTP/1.1" status: 200 len: 2350 time: 0.0673707
2026-04-12 21:48:17.271 10 INFO neutron.wsgi [None req-e4e9e703-2c16-4064-9f1e-066839826721 a3205093f34f4fd9915fc406949dd9cd 76a449dc75604226af2f244e37c169cf - - default default] 10.0.0.243 "GET /v2.0/routers HTTP/1.1" status: 200 len: 189 time: 0.0264056
2026-04-12 21:48:17.309 10 INFO neutron.wsgi [None req-87d3768b-76f3-4d78-9e32-f5c2e4dbcf96 a3205093f34f4fd9915fc406949dd9cd 76a449dc75604226af2f244e37c169cf - - default default] 10.0.0.243 "GET /v2.0/agents?binary=ovn-controller HTTP/1.1" status: 200 len: 591 time: 0.0377285
2026-04-12 21:48:17.346 10 INFO neutron.wsgi [None req-44765b98-3d2c-4472-94ba-307b73028bf6 a3205093f34f4fd9915fc406949dd9cd 76a449dc75604226af2f244e37c169cf - - default default] 10.0.0.243 "GET /v2.0/subnets HTTP/1.1" status: 200 len: 1437 time: 0.0362012
2026-04-12 21:48:17.353 10 INFO neutron.wsgi [None req-9c825804-d0fc-4e1e-b33a-4c7b794572f1 a3205093f34f4fd9915fc406949dd9cd 76a449dc75604226af2f244e37c169cf - - default default] 10.0.0.243 "GET /v2.0/subnetpools HTTP/1.1" status: 200 len: 193 time: 0.0068555
2026-04-12 21:48:17.374 10 INFO neutron.wsgi [None req-a0eb60f2-62f3-4bec-854d-45a7108b9211 a3205093f34f4fd9915fc406949dd9cd 76a449dc75604226af2f244e37c169cf - - default default] 10.0.0.243 "GET /v2.0/agents HTTP/1.1" status: 200 len: 1390 time: 0.0199759
2026-04-12 21:48:17.386 10 INFO neutron.wsgi [None req-15049fec-f2e3-4d55-87ce-60eac059702b a3205093f34f4fd9915fc406949dd9cd 76a449dc75604226af2f244e37c169cf - - default default] 10.0.0.243 "GET /v2.0/network-ip-availabilities HTTP/1.1" status: 200 len: 1280 time: 0.0100174
2026-04-12 21:48:19.560 9 INFO neutron.wsgi [-] 10.0.0.214 "GET / HTTP/1.1" status: 200 len: 247 time: 0.0017233
2026-04-12 21:48:19.562 9 INFO neutron.wsgi [-] 10.0.0.214 "GET / HTTP/1.1" status: 200 len: 247 time: 0.0013900
2026-04-12 21:48:34.560 10 INFO neutron.wsgi [-] 10.0.0.214 "GET / HTTP/1.1" status: 200 len: 247 time: 0.0022001
2026-04-12 21:48:34.560 9 INFO neutron.wsgi [-] 10.0.0.214 "GET / HTTP/1.1" status: 200 len: 247 time: 0.0023556
2026-04-12 21:48:49.561 9 INFO neutron.wsgi [-] 10.0.0.214 "GET / HTTP/1.1" status: 200 len: 247 time: 0.0026240
2026-04-12 21:48:49.562 10 INFO neutron.wsgi [-] 10.0.0.214 "GET / HTTP/1.1" status: 200 len: 247 time: 0.0025148
2026-04-12 21:48:52.247 10 INFO neutron.pecan_wsgi.hooks.translation [None req-15205f4b-238a-4704-a02a-e8f507424e19 a3205093f34f4fd9915fc406949dd9cd 76a449dc75604226af2f244e37c169cf - - default default] GET failed (client error): The resource could not be found.
2026-04-12 21:48:52.248 10 INFO neutron.wsgi [None req-15205f4b-238a-4704-a02a-e8f507424e19 a3205093f34f4fd9915fc406949dd9cd 76a449dc75604226af2f244e37c169cf - - default default] 199.204.45.144,10.0.0.214 "GET /v2.0/networks/public HTTP/1.1" status: 404 len: 290 time: 0.0659165
2026-04-12 21:48:52.321 10 INFO neutron.wsgi [None req-2e1cc0e9-f1db-4048-949a-e26e1e3f18d7 a3205093f34f4fd9915fc406949dd9cd 76a449dc75604226af2f244e37c169cf - - default default] 199.204.45.144,10.0.0.214 "GET /v2.0/networks?name=public HTTP/1.1" status: 200 len: 928 time: 0.0682440
2026-04-12 21:48:53.501 10 INFO neutron.pecan_wsgi.hooks.translation [None req-6ac95bee-e7f2-4dac-9d1c-a0ecce3d2f19 a3205093f34f4fd9915fc406949dd9cd 76a449dc75604226af2f244e37c169cf - - default default] GET failed (client error): The resource could not be found.
2026-04-12 21:48:53.502 10 INFO neutron.wsgi [None req-6ac95bee-e7f2-4dac-9d1c-a0ecce3d2f19 a3205093f34f4fd9915fc406949dd9cd 76a449dc75604226af2f244e37c169cf - - default default] 199.204.45.144,10.0.0.214 "GET /v2.0/networks/public HTTP/1.1" status: 404 len: 290 time: 0.0535953
2026-04-12 21:48:53.561 10 INFO neutron.wsgi [None req-83e6710e-a2e9-4fab-81fb-872201918840 a3205093f34f4fd9915fc406949dd9cd 76a449dc75604226af2f244e37c169cf - - default default] 199.204.45.144,10.0.0.214 "GET /v2.0/networks?name=public HTTP/1.1" status: 200 len: 928 time: 0.0557323
2026-04-12 21:48:53.587 10 INFO neutron.pecan_wsgi.hooks.translation [None req-bdb81c3a-6330-49c6-942c-cf5ef6771b98 a3205093f34f4fd9915fc406949dd9cd 76a449dc75604226af2f244e37c169cf - - default default] GET failed (client error): The resource could not be found.
2026-04-12 21:48:53.588 10 INFO neutron.wsgi [None req-bdb81c3a-6330-49c6-942c-cf5ef6771b98 a3205093f34f4fd9915fc406949dd9cd 76a449dc75604226af2f244e37c169cf - - default default] 199.204.45.144,10.0.0.214 "GET /v2.0/subnets/public-subnet?network_id=047c664c-a573-4e50-99dd-dda97e845eb7 HTTP/1.1" status: 404 len: 295 time: 0.0176523
2026-04-12 21:48:53.632 10 INFO neutron.wsgi [None req-fb02177a-c4aa-4cd4-8bd2-218f7e2ea0a6 a3205093f34f4fd9915fc406949dd9cd 76a449dc75604226af2f244e37c169cf - - default default] 199.204.45.144,10.0.0.214 "GET /v2.0/subnets?name=public-subnet&network_id=047c664c-a573-4e50-99dd-dda97e845eb7 HTTP/1.1" status: 200 len: 819 time: 0.0411961
2026-04-12 21:49:04.562 9 INFO neutron.wsgi [-] 10.0.0.214 "GET / HTTP/1.1" status: 200 len: 247 time: 0.0034435
2026-04-12 21:49:04.562 10 INFO neutron.wsgi [-] 10.0.0.214 "GET / HTTP/1.1" status: 200 len: 247 time: 0.0039530
2026-04-12 21:49:17.066 10 INFO neutron.wsgi [None req-a0c938a5-6d16-4171-8814-e8e32eb299e6 a3205093f34f4fd9915fc406949dd9cd 76a449dc75604226af2f244e37c169cf - - default default] 10.0.0.243 "GET /v2.0/networks HTTP/1.1" status: 200 len: 2350 time: 0.1120007
2026-04-12 21:49:17.097 10 INFO neutron.wsgi [None req-5cf5000c-51a1-479a-9272-31cce6bea38b a3205093f34f4fd9915fc406949dd9cd 76a449dc75604226af2f244e37c169cf - - default default] 10.0.0.243 "GET /v2.0/subnets HTTP/1.1" status: 200 len: 1437 time: 0.0289338
2026-04-12 21:49:17.154 10 INFO neutron.wsgi [None req-89f4fa83-2c8c-4a6b-87c8-bd4eb45dbabe a3205093f34f4fd9915fc406949dd9cd 76a449dc75604226af2f244e37c169cf - - default default] 10.0.0.243 "GET /v2.0/security-groups HTTP/1.1" status: 200 len: 17578 time: 0.0560336
2026-04-12 21:49:17.219 10 INFO neutron.wsgi [None req-07fb468f-c53c-4c46-800c-9579e2244fc6 a3205093f34f4fd9915fc406949dd9cd 76a449dc75604226af2f244e37c169cf - - default default] 10.0.0.243 "GET /v2.0/ports HTTP/1.1" status: 200 len: 5351 time: 0.0578723
2026-04-12 21:49:17.242 10 INFO neutron.wsgi [None req-9f9fefc4-17fb-4109-81ed-04a6a0ef40a7 a3205093f34f4fd9915fc406949dd9cd 76a449dc75604226af2f244e37c169cf - - default default] 10.0.0.243 "GET /v2.0/network-ip-availabilities HTTP/1.1" status: 200 len: 1280 time: 0.0197365
2026-04-12 21:49:17.274 10 INFO neutron.wsgi [None req-14c53d8c-11a7-4457-9452-5e20e1bd0b66 a3205093f34f4fd9915fc406949dd9cd 76a449dc75604226af2f244e37c169cf - - default default] 10.0.0.243 "GET /v2.0/routers HTTP/1.1" status: 200 len: 189 time: 0.0312364
2026-04-12 21:49:17.355 10 INFO neutron.wsgi [None req-90b10f60-ba1a-431c-8d32-4478525814c0 a3205093f34f4fd9915fc406949dd9cd 76a449dc75604226af2f244e37c169cf - - default default] 10.0.0.243 "GET /v2.0/agents?binary=ovn-controller HTTP/1.1" status: 200 len: 591 time: 0.0802772
2026-04-12 21:49:17.368 10 INFO neutron.wsgi [None req-22c71875-23f0-4dd5-a21e-26223517b5e2 a3205093f34f4fd9915fc406949dd9cd 76a449dc75604226af2f244e37c169cf - - default default] 10.0.0.243 "GET /v2.0/agents HTTP/1.1" status: 200 len: 1390 time: 0.0121830
2026-04-12 21:49:17.400 10 INFO neutron.wsgi [None req-7201d67b-26a9-46ab-bf6e-240c843aa746 a3205093f34f4fd9915fc406949dd9cd 76a449dc75604226af2f244e37c169cf - - default default] 10.0.0.243 "GET /v2.0/subnets HTTP/1.1" status: 200 len: 1437 time: 0.0302370
2026-04-12 21:49:17.408 10 INFO neutron.wsgi [None req-aec2c273-08e9-47e2-a644-eb3ddbf10e2a a3205093f34f4fd9915fc406949dd9cd 76a449dc75604226af2f244e37c169cf - - default default] 10.0.0.243 "GET /v2.0/subnetpools HTTP/1.1" status: 200 len: 193 time: 0.0074255
2026-04-12 21:49:17.430 10 INFO neutron.wsgi [None req-23624854-29dc-4280-97fd-be9a49d650d5 a3205093f34f4fd9915fc406949dd9cd 76a449dc75604226af2f244e37c169cf - - default default] 10.0.0.243 "GET /v2.0/floatingips HTTP/1.1" status: 200 len: 193 time: 0.0211008
2026-04-12 21:49:19.564 9 INFO neutron.wsgi [-] 10.0.0.214 "GET / HTTP/1.1" status: 200 len: 247 time: 0.0050273
2026-04-12 21:49:19.567 9 INFO neutron.wsgi [-] 10.0.0.214 "GET / HTTP/1.1" status: 200 len: 247 time: 0.0016313
2026-04-12 21:49:25.030 10 INFO neutron.pecan_wsgi.hooks.translation [None req-f944ea60-1062-411f-b3b8-7c407eccdf28 a3205093f34f4fd9915fc406949dd9cd 76a449dc75604226af2f244e37c169cf - - default default] GET failed (client error): The resource could not be found.
2026-04-12 21:49:25.032 10 INFO neutron.wsgi [None req-f944ea60-1062-411f-b3b8-7c407eccdf28 a3205093f34f4fd9915fc406949dd9cd 76a449dc75604226af2f244e37c169cf - - default default] 199.204.45.144,10.0.0.214 "GET /v2.0/networks/lb-mgmt-net HTTP/1.1" status: 404 len: 295 time: 0.0579820
2026-04-12 21:49:25.125 10 INFO neutron.wsgi [None req-1a7a268b-b258-442c-9b3e-8c130c0f3f4a a3205093f34f4fd9915fc406949dd9cd 76a449dc75604226af2f244e37c169cf - - default default] 199.204.45.144,10.0.0.214 "GET /v2.0/networks?name=lb-mgmt-net HTTP/1.1" status: 200 len: 913 time: 0.0837877
2026-04-12 21:49:26.075 10 INFO neutron.pecan_wsgi.hooks.translation [None req-e5e5e0c8-2d2f-4f3c-8be3-b4d07bb62313 a3205093f34f4fd9915fc406949dd9cd 76a449dc75604226af2f244e37c169cf - - default default] GET failed (client error): The resource could not be found.
2026-04-12 21:49:26.076 10 INFO neutron.wsgi [None req-e5e5e0c8-2d2f-4f3c-8be3-b4d07bb62313 a3205093f34f4fd9915fc406949dd9cd 76a449dc75604226af2f244e37c169cf - - default default] 199.204.45.144,10.0.0.214 "GET /v2.0/networks/lb-mgmt-net HTTP/1.1" status: 404 len: 295 time: 0.0596294
2026-04-12 21:49:26.139 10 INFO neutron.wsgi [None req-59d0b930-bc94-4318-a220-acaa7f2a37a0 a3205093f34f4fd9915fc406949dd9cd 76a449dc75604226af2f244e37c169cf - - default default] 199.204.45.144,10.0.0.214 "GET /v2.0/networks?name=lb-mgmt-net HTTP/1.1" status: 200 len: 913 time: 0.0597944
2026-04-12 21:49:26.159 10 INFO neutron.pecan_wsgi.hooks.translation [None req-a92452d9-7b9e-46e5-8102-6ca322a1d1e3 a3205093f34f4fd9915fc406949dd9cd 76a449dc75604226af2f244e37c169cf - - default default] GET failed (client error): The resource could not be found.
2026-04-12 21:49:26.160 10 INFO neutron.wsgi [None req-a92452d9-7b9e-46e5-8102-6ca322a1d1e3 a3205093f34f4fd9915fc406949dd9cd 76a449dc75604226af2f244e37c169cf - - default default] 199.204.45.144,10.0.0.214 "GET /v2.0/subnets/lb-mgmt-subnet?network_id=f54d9c7f-73f0-43fd-a578-c8ff4d912e3a HTTP/1.1" status: 404 len: 296 time: 0.0164130
2026-04-12 21:49:26.200 10 INFO neutron.wsgi [None req-bae3ce46-27f9-4290-b2a2-76818460bcad a3205093f34f4fd9915fc406949dd9cd 76a449dc75604226af2f244e37c169cf - - default default] 199.204.45.144,10.0.0.214 "GET /v2.0/subnets?name=lb-mgmt-subnet&network_id=f54d9c7f-73f0-43fd-a578-c8ff4d912e3a HTTP/1.1" status: 200 len: 805 time: 0.0378301
2026-04-12 21:49:27.363 9 INFO neutron.api.v2.resource [None req-9e0770f2-7011-4d84-9b72-fa0d02d526a7 a3205093f34f4fd9915fc406949dd9cd 76a449dc75604226af2f244e37c169cf - - default default] show failed (client error): The resource could not be found.
2026-04-12 21:49:27.365 9 INFO neutron.wsgi [None req-9e0770f2-7011-4d84-9b72-fa0d02d526a7 a3205093f34f4fd9915fc406949dd9cd 76a449dc75604226af2f244e37c169cf - - default default] 199.204.45.144,10.0.0.214 "GET /v2.0/security-groups/lb-health-mgr-sec-grp HTTP/1.1" status: 404 len: 313 time: 0.0775621
2026-04-12 21:49:27.414 9 INFO neutron.wsgi [None req-27da053a-ccc1-4631-afe8-9d9e7dd32ec6 a3205093f34f4fd9915fc406949dd9cd 76a449dc75604226af2f244e37c169cf - - default default] 199.204.45.144,10.0.0.214 "GET /v2.0/security-groups?name=lb-health-mgr-sec-grp HTTP/1.1" status: 200 len: 4866 time: 0.0455546
2026-04-12 21:49:28.574 9 INFO neutron.wsgi [None req-978dbf4e-a912-4b76-af35-2f5c3de82d5a a3205093f34f4fd9915fc406949dd9cd 76a449dc75604226af2f244e37c169cf - - default default] 199.204.45.144,10.0.0.214 "GET /v2.0/security-groups/f5f4bf1f-0fc4-4172-87d6-49a6aef48539 HTTP/1.1" status: 200 len: 4870 time: 0.0731854
2026-04-12 21:49:28.615 9 INFO neutron.wsgi [None req-37f34f61-44dc-4005-89ff-254cc95dd6a1 a3205093f34f4fd9915fc406949dd9cd 76a449dc75604226af2f244e37c169cf - - default default] 199.204.45.144,10.0.0.214 "GET /v2.0/security-groups/f5f4bf1f-0fc4-4172-87d6-49a6aef48539 HTTP/1.1" status: 200 len: 4870 time: 0.0346339
2026-04-12 21:49:28.642 9 INFO neutron.wsgi [None req-b7a0c999-baaa-4a02-a3ff-9ff0103130d3 a3205093f34f4fd9915fc406949dd9cd 76a449dc75604226af2f244e37c169cf - - default default] 199.204.45.144,10.0.0.214 "GET /v2.0/security-group-rules/ce18c5a0-0816-4ab0-98e7-a1e381f501a6 HTTP/1.1" status: 200 len: 776 time: 0.0194845
2026-04-12 21:49:29.517 9 INFO neutron.wsgi [None req-da4299e9-e921-4565-9a5b-379d9f32b572 a3205093f34f4fd9915fc406949dd9cd 76a449dc75604226af2f244e37c169cf - - default default] 199.204.45.144,10.0.0.214 "GET /v2.0/security-groups/f5f4bf1f-0fc4-4172-87d6-49a6aef48539 HTTP/1.1" status: 200 len: 4870 time: 0.0696654
2026-04-12 21:49:29.557 9 INFO neutron.wsgi [None req-6a16103e-bffd-4bd5-aa4b-8c53f3b02377 a3205093f34f4fd9915fc406949dd9cd 76a449dc75604226af2f244e37c169cf - - default default] 199.204.45.144,10.0.0.214 "GET /v2.0/security-groups/f5f4bf1f-0fc4-4172-87d6-49a6aef48539 HTTP/1.1" status: 200 len: 4870 time: 0.0327804
2026-04-12 21:49:29.581 9 INFO neutron.wsgi [None req-952668aa-12a2-4ed4-84d8-6bfd238c57aa a3205093f34f4fd9915fc406949dd9cd 76a449dc75604226af2f244e37c169cf - - default default] 199.204.45.144,10.0.0.214 "GET /v2.0/security-group-rules/041129c2-8866-440b-b6c3-4f3240feceb9 HTTP/1.1" status: 200 len: 778 time: 0.0161824
2026-04-12 21:49:30.495 10 INFO neutron.wsgi [None req-68c816c6-844a-4996-acca-729448f16af6 a3205093f34f4fd9915fc406949dd9cd 76a449dc75604226af2f244e37c169cf - - default default] 199.204.45.144,10.0.0.214 "GET /v2.0/security-groups/f5f4bf1f-0fc4-4172-87d6-49a6aef48539 HTTP/1.1" status: 200 len: 4870 time: 0.0676589
2026-04-12 21:49:30.537 10 INFO neutron.wsgi [None req-37585bfb-459c-4505-9ab7-17ff973ead04 a3205093f34f4fd9915fc406949dd9cd 76a449dc75604226af2f244e37c169cf - - default default] 199.204.45.144,10.0.0.214 "GET /v2.0/security-groups/f5f4bf1f-0fc4-4172-87d6-49a6aef48539 HTTP/1.1" status: 200 len: 4870 time: 0.0342929
2026-04-12 21:49:30.564 10 INFO neutron.wsgi [None req-7f323c8e-ed01-4fee-bf8e-8cbaf4f132c9 a3205093f34f4fd9915fc406949dd9cd 76a449dc75604226af2f244e37c169cf - - default default] 199.204.45.144,10.0.0.214 "GET /v2.0/security-group-rules/0fe9c321-09bf-4ced-bed2-cb70dff03934 HTTP/1.1" status: 200 len: 778 time: 0.0170658
2026-04-12 21:49:31.452 10 INFO neutron.wsgi [None req-26f74ce7-0208-4ece-abc5-1da8a5cd71e6 a3205093f34f4fd9915fc406949dd9cd 76a449dc75604226af2f244e37c169cf - - default default] 199.204.45.144,10.0.0.214 "GET /v2.0/security-groups/f5f4bf1f-0fc4-4172-87d6-49a6aef48539 HTTP/1.1" status: 200 len: 4870 time: 0.0669310
2026-04-12 21:49:31.494 10 INFO neutron.wsgi [None req-1953ca21-05a2-4c0d-aa96-a3976dc9db54 a3205093f34f4fd9915fc406949dd9cd 76a449dc75604226af2f244e37c169cf - - default default] 199.204.45.144,10.0.0.214 "GET /v2.0/security-groups/f5f4bf1f-0fc4-4172-87d6-49a6aef48539 HTTP/1.1" status: 200 len: 4870 time: 0.0369451
2026-04-12 21:49:31.517 10 INFO neutron.wsgi [None req-f9323930-628e-41ee-9d54-c595162fcd11 a3205093f34f4fd9915fc406949dd9cd 76a449dc75604226af2f244e37c169cf - - default default] 199.204.45.144,10.0.0.214 "GET /v2.0/security-group-rules/fbd633c0-fc9d-4bce-a8a1-54583d9eb277 HTTP/1.1" status: 200 len: 778 time: 0.0169013
2026-04-12 21:49:32.370 9 INFO neutron.wsgi [None req-5adaffd3-d2d5-4a32-88e3-b80401e0a563 a3205093f34f4fd9915fc406949dd9cd 76a449dc75604226af2f244e37c169cf - - default default] 199.204.45.144,10.0.0.214 "GET /v2.0/security-groups/f5f4bf1f-0fc4-4172-87d6-49a6aef48539 HTTP/1.1" status: 200 len: 4870 time: 0.0727017
2026-04-12 21:49:32.415 9 INFO neutron.wsgi [None req-f3ccde13-91af-4234-b9fd-779d0c6b8474 a3205093f34f4fd9915fc406949dd9cd 76a449dc75604226af2f244e37c169cf - - default default] 199.204.45.144,10.0.0.214 "GET /v2.0/security-groups/f5f4bf1f-0fc4-4172-87d6-49a6aef48539 HTTP/1.1" status: 200 len: 4870 time: 0.0364447
2026-04-12 21:49:32.440 9 INFO neutron.wsgi [None req-e54d85ad-db4a-40ef-ad05-578f59bd7b7b a3205093f34f4fd9915fc406949dd9cd 76a449dc75604226af2f244e37c169cf - - default default] 199.204.45.144,10.0.0.214 "GET /v2.0/security-group-rules/b56f9aaa-7bc3-439a-80c5-8f8dc06fb8c5 HTTP/1.1" status: 200 len: 778 time: 0.0175209
2026-04-12 21:49:33.690 10 INFO neutron.wsgi [None req-da586ed6-eb26-4788-b7f8-afa69123209f a3205093f34f4fd9915fc406949dd9cd 76a449dc75604226af2f244e37c169cf - - default default] 199.204.45.144,10.0.0.214 "GET /v2.0/networks/f54d9c7f-73f0-43fd-a578-c8ff4d912e3a HTTP/1.1" status: 200 len: 910 time: 0.1047902
2026-04-12 21:49:33.718 10 INFO neutron.pecan_wsgi.hooks.translation [None req-aeff4078-bff4-4ba8-a734-61bf6e168237 a3205093f34f4fd9915fc406949dd9cd 76a449dc75604226af2f244e37c169cf - - default default] GET failed (client error): The resource could not be found.
2026-04-12 21:49:33.719 10 INFO neutron.wsgi [None req-aeff4078-bff4-4ba8-a734-61bf6e168237 a3205093f34f4fd9915fc406949dd9cd 76a449dc75604226af2f244e37c169cf - - default default] 199.204.45.144,10.0.0.214 "GET /v2.0/ports/octavia-health-manager-port-instance?network_id=f54d9c7f-73f0-43fd-a578-c8ff4d912e3a HTTP/1.1" status: 404 len: 314 time: 0.0226405
2026-04-12 21:49:33.781 10 INFO neutron.wsgi [None req-8deed1da-233b-421c-8837-02e0edbde10a a3205093f34f4fd9915fc406949dd9cd 76a449dc75604226af2f244e37c169cf - - default default] 199.204.45.144,10.0.0.214 "GET /v2.0/ports?name=octavia-health-manager-port-instance&network_id=f54d9c7f-73f0-43fd-a578-c8ff4d912e3a HTTP/1.1" status: 200 len: 1399 time: 0.0580730
2026-04-12 21:49:33.824 10 INFO neutron.wsgi [None req-693fc226-7569-4149-b26c-b522540bed64 a3205093f34f4fd9915fc406949dd9cd 76a449dc75604226af2f244e37c169cf - - default default] 199.204.45.144,10.0.0.214 "GET /v2.0/security-groups/f5f4bf1f-0fc4-4172-87d6-49a6aef48539 HTTP/1.1" status: 200 len: 4870 time: 0.0340145
2026-04-12 21:49:34.561 9 INFO neutron.wsgi [-] 10.0.0.214 "GET / HTTP/1.1" status: 200 len: 247 time: 0.0022700
2026-04-12 21:49:34.561 10 INFO neutron.wsgi [-] 10.0.0.214 "GET / HTTP/1.1" status: 200 len: 247 time: 0.0026557
2026-04-12 21:49:41.027 9 INFO neutron.pecan_wsgi.hooks.translation [None req-db2d071c-3a57-41f8-bc7d-80d9aecf1563 a3205093f34f4fd9915fc406949dd9cd 76a449dc75604226af2f244e37c169cf - - default default] GET failed (client error): The resource could not be found.
2026-04-12 21:49:41.028 9 INFO neutron.wsgi [None req-db2d071c-3a57-41f8-bc7d-80d9aecf1563 a3205093f34f4fd9915fc406949dd9cd 76a449dc75604226af2f244e37c169cf - - default default] 199.204.45.144,10.0.0.214 "GET /v2.0/ports/octavia-health-manager-port-instance HTTP/1.1" status: 404 len: 314 time: 0.0561674
2026-04-12 21:49:41.064 9 INFO neutron.wsgi [None req-ac1817fd-3b50-47f1-a66f-1a44082f9288 a3205093f34f4fd9915fc406949dd9cd 76a449dc75604226af2f244e37c169cf - - default default] 199.204.45.144,10.0.0.214 "GET /v2.0/ports?name=octavia-health-manager-port-instance HTTP/1.1" status: 200 len: 1399 time: 0.0313714
2026-04-12 21:49:42.575 10 INFO neutron.wsgi [None req-4b6d1176-ef05-4b6e-8a25-f4894243402a a3205093f34f4fd9915fc406949dd9cd 76a449dc75604226af2f244e37c169cf - - default default] 199.204.45.144,10.0.0.214 "GET /v2.0/ports HTTP/1.1" status: 200 len: 5351 time: 0.0811021
2026-04-12 21:49:43.572 9 INFO neutron.api.v2.resource [None req-9fe1862c-3134-4bb7-a2c7-f490ab0cd0cd a3205093f34f4fd9915fc406949dd9cd 76a449dc75604226af2f244e37c169cf - - default default] show failed (client error): The resource could not be found.
2026-04-12 21:49:43.573 9 INFO neutron.wsgi [None req-9fe1862c-3134-4bb7-a2c7-f490ab0cd0cd a3205093f34f4fd9915fc406949dd9cd 76a449dc75604226af2f244e37c169cf - - default default] 199.204.45.144,10.0.0.214 "GET /v2.0/security-groups/lb-mgmt-sec-grp HTTP/1.1" status: 404 len: 307 time: 0.0460620
2026-04-12 21:49:43.611 9 INFO neutron.wsgi [None req-76f72fa1-c049-44b2-814a-b7bd17c3fbee a3205093f34f4fd9915fc406949dd9cd 76a449dc75604226af2f244e37c169cf - - default default] 199.204.45.144,10.0.0.214 "GET /v2.0/security-groups?name=lb-mgmt-sec-grp HTTP/1.1" status: 200 len: 3061 time: 0.0354211
2026-04-12 21:49:44.529 9 INFO neutron.wsgi [None req-2600b579-8976-459c-ad5d-671436073932 a3205093f34f4fd9915fc406949dd9cd 76a449dc75604226af2f244e37c169cf - - default default] 199.204.45.144,10.0.0.214 "GET /v2.0/security-groups/30756c6f-f7c2-42fe-9997-47615084ae80 HTTP/1.1" status: 200 len: 3062 time: 0.0630414
2026-04-12 21:49:44.558 9 INFO neutron.wsgi [None req-d7440196-f5ea-4d37-8cd6-394fac951a9b a3205093f34f4fd9915fc406949dd9cd 76a449dc75604226af2f244e37c169cf - - default default] 199.204.45.144,10.0.0.214 "GET /v2.0/security-groups/30756c6f-f7c2-42fe-9997-47615084ae80 HTTP/1.1" status: 200 len: 3062 time: 0.0252028
2026-04-12 21:49:44.578 9 INFO neutron.wsgi [None req-a4db6749-a8a6-4f89-ad31-b3fe6be768a3 a3205093f34f4fd9915fc406949dd9cd 76a449dc75604226af2f244e37c169cf - - default default] 199.204.45.144,10.0.0.214 "GET /v2.0/security-group-rules/72d2ef51-29e2-42ba-ad77-4c09a5d29074 HTTP/1.1" status: 200 len: 798 time: 0.0144324
2026-04-12 21:49:45.436 9 INFO neutron.wsgi [None req-3813d535-42b6-4a62-9f00-546dc4b9aacb a3205093f34f4fd9915fc406949dd9cd 76a449dc75604226af2f244e37c169cf - - default default] 199.204.45.144,10.0.0.214 "GET /v2.0/security-groups/30756c6f-f7c2-42fe-9997-47615084ae80 HTTP/1.1" status: 200 len: 3062 time: 0.0598259
2026-04-12 21:49:45.471 9 INFO neutron.wsgi [None req-c32abcbd-9f5b-4cdb-aab1-75e919ac68e8 a3205093f34f4fd9915fc406949dd9cd 76a449dc75604226af2f244e37c169cf - - default default] 199.204.45.144,10.0.0.214 "GET /v2.0/security-groups/30756c6f-f7c2-42fe-9997-47615084ae80 HTTP/1.1" status: 200 len: 3062 time: 0.0281014
2026-04-12 21:49:45.496 9 INFO neutron.wsgi [None req-93469ee2-d6bc-4dbe-a253-741f2f18ccf7 a3205093f34f4fd9915fc406949dd9cd 76a449dc75604226af2f244e37c169cf - - default default] 199.204.45.144,10.0.0.214 "GET /v2.0/security-group-rules/692f4b99-b48b-4082-9d59-7554304c13d9 HTTP/1.1" status: 200 len: 802 time: 0.0180650
2026-04-12 21:49:49.559 10 INFO neutron.wsgi [-] 10.0.0.214 "GET / HTTP/1.1" status: 200 len: 247 time: 0.0017202
2026-04-12 21:49:49.562 10 INFO neutron.wsgi [-] 10.0.0.214 "GET / HTTP/1.1" status: 200 len: 247 time: 0.0012975
2026-04-12 21:49:56.131 9 INFO neutron.wsgi [None req-adeae126-e759-4e90-bda4-33e405ab8309 a3205093f34f4fd9915fc406949dd9cd 76a449dc75604226af2f244e37c169cf - - default default] 199.204.45.144,10.0.0.214 "GET /v2.0/quotas/76a449dc75604226af2f244e37c169cf HTTP/1.1" status: 200 len: 466 time: 0.0123487
2026-04-12 21:50:04.560 10 INFO neutron.wsgi [-] 10.0.0.214 "GET / HTTP/1.1" status: 200 len: 247 time: 0.0023859
2026-04-12 21:50:04.561 9 INFO neutron.wsgi [-] 10.0.0.214 "GET / HTTP/1.1" status: 200 len: 247 time: 0.0025690
2026-04-12 21:50:16.948 10 INFO neutron.wsgi [None req-5311a388-2259-4432-9417-8ec9b2ae1ec4 a3205093f34f4fd9915fc406949dd9cd 76a449dc75604226af2f244e37c169cf - - default default] 10.0.0.243 "GET /v2.0/network-ip-availabilities HTTP/1.1" status: 200 len: 1280 time: 0.0460150
2026-04-12 21:50:16.974 10 INFO neutron.wsgi [None req-d326e92c-c719-4858-a822-dcf9dcfa17fd a3205093f34f4fd9915fc406949dd9cd 76a449dc75604226af2f244e37c169cf - - default default] 10.0.0.243 "GET /v2.0/subnets HTTP/1.1" status: 200 len: 1437 time: 0.0257404
2026-04-12 21:50:17.014 10 INFO neutron.wsgi [None req-07b6c72c-e7f9-44f3-b97b-257da4f7fe27 a3205093f34f4fd9915fc406949dd9cd 76a449dc75604226af2f244e37c169cf - - default default] 10.0.0.243 "GET /v2.0/ports HTTP/1.1" status: 200 len: 5351 time: 0.0386372
2026-04-12 21:50:17.035 10 INFO neutron.wsgi [None req-4880be15-e398-41a2-a273-bb6f0032de62 a3205093f34f4fd9915fc406949dd9cd 76a449dc75604226af2f244e37c169cf - - default default] 10.0.0.243 "GET /v2.0/routers HTTP/1.1" status: 200 len: 189 time: 0.0191145
2026-04-12 21:50:17.064 10 INFO neutron.wsgi [None req-f6474a0b-585e-48d7-87e0-be5774bafe7e a3205093f34f4fd9915fc406949dd9cd 76a449dc75604226af2f244e37c169cf - - default default] 10.0.0.243 "GET /v2.0/agents?binary=ovn-controller HTTP/1.1" status: 200 len: 591 time: 0.0275946
2026-04-12 21:50:17.083 10 INFO neutron.wsgi [None req-552a250a-ddf6-435f-9938-acaaee13606e a3205093f34f4fd9915fc406949dd9cd 76a449dc75604226af2f244e37c169cf - - default default] 10.0.0.243 "GET /v2.0/agents HTTP/1.1" status: 200 len: 1390 time: 0.0179543
2026-04-12 21:50:17.113 10 INFO neutron.wsgi [None req-47b6a228-3290-4440-b5ae-dd6042b873fd a3205093f34f4fd9915fc406949dd9cd 76a449dc75604226af2f244e37c169cf - - default default] 10.0.0.243 "GET /v2.0/subnets HTTP/1.1" status: 200 len: 1437 time: 0.0273910
2026-04-12 21:50:17.120 10 INFO neutron.wsgi [None req-e655d0f1-c95d-4f39-b263-c6b9780b0129 a3205093f34f4fd9915fc406949dd9cd 76a449dc75604226af2f244e37c169cf - - default default] 10.0.0.243 "GET /v2.0/subnetpools HTTP/1.1" status: 200 len: 193 time: 0.0065069
2026-04-12 21:50:17.136 10 INFO neutron.wsgi [None req-56351909-3910-413d-971d-c286c9368e9f a3205093f34f4fd9915fc406949dd9cd 76a449dc75604226af2f244e37c169cf - - default default] 10.0.0.243 "GET /v2.0/floatingips HTTP/1.1" status: 200 len: 193 time: 0.0149887
2026-04-12 21:50:17.226 10 INFO neutron.wsgi [None req-0476da47-8ab7-46be-8b2f-c213e82a0249 a3205093f34f4fd9915fc406949dd9cd 76a449dc75604226af2f244e37c169cf - - default default] 10.0.0.243 "GET /v2.0/networks HTTP/1.1" status: 200 len: 2350 time: 0.0902796
2026-04-12 21:50:17.302 10 INFO neutron.wsgi [None req-a4726d6a-6f8a-4426-87b0-65173583d462 a3205093f34f4fd9915fc406949dd9cd 76a449dc75604226af2f244e37c169cf - - default default] 10.0.0.243 "GET /v2.0/security-groups HTTP/1.1" status: 200 len: 17578 time: 0.0719972
2026-04-12 21:50:19.559 9 INFO neutron.wsgi [-] 10.0.0.214 "GET / HTTP/1.1" status: 200 len: 247 time: 0.0016105
2026-04-12 21:50:19.561 10 INFO neutron.wsgi [-] 10.0.0.214 "GET / HTTP/1.1" status: 200 len: 247 time: 0.0030656
2026-04-12 21:50:34.559 9 INFO neutron.wsgi [-] 10.0.0.214 "GET / HTTP/1.1" status: 200 len: 247 time: 0.0012796
2026-04-12 21:50:34.560 10 INFO neutron.wsgi [-] 10.0.0.214 "GET / HTTP/1.1" status: 200 len: 247 time: 0.0028257
2026-04-12 21:50:43.760 9 INFO neutron.api.v2.resource [None req-206e715b-4128-4b29-b069-f11ce6f1fcd3 a3205093f34f4fd9915fc406949dd9cd 76a449dc75604226af2f244e37c169cf - - default default] show failed (client error): The resource could not be found.
2026-04-12 21:50:43.761 9 INFO neutron.wsgi [None req-206e715b-4128-4b29-b069-f11ce6f1fcd3 a3205093f34f4fd9915fc406949dd9cd 76a449dc75604226af2f244e37c169cf - - default default] 199.204.45.144,10.0.0.214 "GET /v2.0/security-groups/manila-service-security-group?project_id=1bd2e5467d01435baa48dc817c8e3130 HTTP/1.1" status: 404 len: 321 time: 0.0533609
2026-04-12 21:50:43.804 9 INFO neutron.wsgi [None req-a6a55ef2-41a0-4b1a-8b00-e0cc4ce56ed8 a3205093f34f4fd9915fc406949dd9cd 76a449dc75604226af2f244e37c169cf - - default default] 199.204.45.144,10.0.0.214 "GET /v2.0/security-groups?name=manila-service-security-group&project_id=1bd2e5467d01435baa48dc817c8e3130 HTTP/1.1" status: 200 len: 4248 time: 0.0386417
2026-04-12 21:50:44.795 9 INFO neutron.wsgi [None req-f4977461-ba56-4955-bb51-56f57b65e34c a3205093f34f4fd9915fc406949dd9cd 76a449dc75604226af2f244e37c169cf - - default default] 199.204.45.144,10.0.0.214 "GET /v2.0/security-groups/866a635f-894f-40ce-87ab-bced63f19735?project_id=1bd2e5467d01435baa48dc817c8e3130 HTTP/1.1" status: 200 len: 4251 time: 0.0667179
2026-04-12 21:50:44.854 9 INFO neutron.wsgi [None req-e090faa5-1cd0-4dcc-a3c8-ac3afb5b1a8c a3205093f34f4fd9915fc406949dd9cd 76a449dc75604226af2f244e37c169cf - - default default] 199.204.45.144,10.0.0.214 "GET /v2.0/security-groups/866a635f-894f-40ce-87ab-bced63f19735 HTTP/1.1" status: 200 len: 4251 time: 0.0503840
2026-04-12 21:50:44.877 9 INFO neutron.wsgi [None req-ba880007-5c23-4a1e-a436-df5fa1ced96e a3205093f34f4fd9915fc406949dd9cd 76a449dc75604226af2f244e37c169cf - - default default] 199.204.45.144,10.0.0.214 "GET /v2.0/security-group-rules/180bd94f-612d-4258-a031-aba57edf802a HTTP/1.1" status: 200 len: 772 time: 0.0175579
2026-04-12 21:50:45.768 9 INFO neutron.wsgi [None req-a094f06c-1195-44cc-b337-7b4121d93d14 a3205093f34f4fd9915fc406949dd9cd 76a449dc75604226af2f244e37c169cf - - default default] 199.204.45.144,10.0.0.214 "GET /v2.0/security-groups/866a635f-894f-40ce-87ab-bced63f19735?project_id=1bd2e5467d01435baa48dc817c8e3130 HTTP/1.1" status: 200 len: 4251 time: 0.0483811
2026-04-12 21:50:45.806 9 INFO neutron.wsgi [None req-e369b29a-f703-4c4a-b613-c08f07c47420 a3205093f34f4fd9915fc406949dd9cd 76a449dc75604226af2f244e37c169cf - - default default] 199.204.45.144,10.0.0.214 "GET /v2.0/security-groups/866a635f-894f-40ce-87ab-bced63f19735 HTTP/1.1" status: 200 len: 4251 time: 0.0309725
2026-04-12 21:50:45.831 9 INFO neutron.wsgi [None req-111060e1-e5fa-4aa7-bfa5-4fd606541734 a3205093f34f4fd9915fc406949dd9cd 76a449dc75604226af2f244e37c169cf - - default default] 199.204.45.144,10.0.0.214 "GET /v2.0/security-group-rules/c37dad16-e997-418c-95f6-e6d80d2dfad9 HTTP/1.1" status: 200 len: 774 time: 0.0178058
2026-04-12 21:50:46.760 9 INFO neutron.wsgi [None req-c0144da2-223b-4387-bdbf-493aedb79c45 a3205093f34f4fd9915fc406949dd9cd 76a449dc75604226af2f244e37c169cf - - default default] 199.204.45.144,10.0.0.214 "GET /v2.0/security-groups/866a635f-894f-40ce-87ab-bced63f19735?project_id=1bd2e5467d01435baa48dc817c8e3130 HTTP/1.1" status: 200 len: 4251 time: 0.0620000
2026-04-12 21:50:46.849 9 INFO neutron.wsgi [None req-09565b4f-9822-4649-aae4-5ae849af4bba a3205093f34f4fd9915fc406949dd9cd 76a449dc75604226af2f244e37c169cf - - default default] 199.204.45.144,10.0.0.214 "GET /v2.0/security-groups/866a635f-894f-40ce-87ab-bced63f19735 HTTP/1.1" status: 200 len: 4251 time: 0.0839162
2026-04-12 21:50:46.874 9 INFO neutron.wsgi [None req-1bf42a22-810b-4eab-8928-3777bdf2626c a3205093f34f4fd9915fc406949dd9cd 76a449dc75604226af2f244e37c169cf - - default default] 199.204.45.144,10.0.0.214 "GET /v2.0/security-group-rules/f3a94c6f-7a41-4272-a9e1-84091bf6881a HTTP/1.1" status: 200 len: 776 time: 0.0178466
2026-04-12 21:50:47.853 9 INFO neutron.wsgi [None req-e71c9d29-8309-4c65-a4f0-5ca22f071ea6 a3205093f34f4fd9915fc406949dd9cd 76a449dc75604226af2f244e37c169cf - - default default] 199.204.45.144,10.0.0.214 "GET /v2.0/security-groups/866a635f-894f-40ce-87ab-bced63f19735?project_id=1bd2e5467d01435baa48dc817c8e3130 HTTP/1.1" status: 200 len: 4251 time: 0.0668464
2026-04-12 21:50:47.887 9 INFO neutron.wsgi [None req-a513e294-7b7f-453a-bc4d-9e98675a9fcd a3205093f34f4fd9915fc406949dd9cd 76a449dc75604226af2f244e37c169cf - - default default] 199.204.45.144,10.0.0.214 "GET /v2.0/security-groups/866a635f-894f-40ce-87ab-bced63f19735 HTTP/1.1" status: 200 len: 4251 time: 0.0272050
2026-04-12 21:50:47.908 9 INFO neutron.wsgi [None req-3af07632-df5e-404f-af42-db9058d0e666 a3205093f34f4fd9915fc406949dd9cd 76a449dc75604226af2f244e37c169cf - - default default] 199.204.45.144,10.0.0.214 "GET /v2.0/security-group-rules/f9a7e663-32bf-438d-8b4d-82c467d66db0 HTTP/1.1" status: 200 len: 777 time: 0.0148964
2026-04-12 21:50:49.561 9 INFO neutron.wsgi [-] 10.0.0.214 "GET / HTTP/1.1" status: 200 len: 247 time: 0.0024009
2026-04-12 21:50:49.562 10 INFO neutron.wsgi [-] 10.0.0.214 "GET / HTTP/1.1" status: 200 len: 247 time: 0.0035923
2026-04-12 21:50:55.057 9 INFO neutron.wsgi [None req-2facb1b5-21d3-476e-b3cf-eed8f5e5029e a3205093f34f4fd9915fc406949dd9cd 76a449dc75604226af2f244e37c169cf - - default default] 199.204.45.144,10.0.0.214 "GET /v2.0/quotas/1bd2e5467d01435baa48dc817c8e3130 HTTP/1.1" status: 200 len: 466 time: 0.0126235
2026-04-12 21:51:04.561 10 INFO neutron.wsgi [-] 10.0.0.214 "GET / HTTP/1.1" status: 200 len: 247 time: 0.0033035
2026-04-12 21:51:04.561 9 INFO neutron.wsgi [-] 10.0.0.214 "GET / HTTP/1.1" status: 200 len: 247 time: 0.0033410
2026-04-12 21:51:17.107 10 INFO neutron.wsgi [None req-ba5170ec-0c4d-48ff-8811-f4870713af15 a3205093f34f4fd9915fc406949dd9cd 76a449dc75604226af2f244e37c169cf - - default default] 10.0.0.243 "GET /v2.0/floatingips HTTP/1.1" status: 200 len: 193 time: 0.0953822
2026-04-12 21:51:17.152 10 INFO neutron.wsgi [None req-8c5b0ab7-c60f-42a0-8912-b81c47b999c1 a3205093f34f4fd9915fc406949dd9cd 76a449dc75604226af2f244e37c169cf - - default default] 10.0.0.243 "GET /v2.0/ports HTTP/1.1" status: 200 len: 5351 time: 0.0447567
2026-04-12 21:51:17.213 10 INFO neutron.wsgi [None req-49b663f2-b3d1-481e-b7e0-97ad894b2652 a3205093f34f4fd9915fc406949dd9cd 76a449dc75604226af2f244e37c169cf - - default default] 10.0.0.243 "GET /v2.0/security-groups HTTP/1.1" status: 200 len: 17578 time: 0.0563293
2026-04-12 21:51:17.247 10 INFO neutron.wsgi [None req-4e87eec8-b6d3-44a9-9e46-b106e080b158 a3205093f34f4fd9915fc406949dd9cd 76a449dc75604226af2f244e37c169cf - - default default] 10.0.0.243 "GET /v2.0/subnets HTTP/1.1" status: 200 len: 1437 time: 0.0280547
2026-04-12 21:51:17.288 10 INFO neutron.wsgi [None req-d3a4c903-cb26-4b6c-ae4c-b8ed42da645a a3205093f34f4fd9915fc406949dd9cd 76a449dc75604226af2f244e37c169cf - - default default] 10.0.0.243 "GET /v2.0/agents HTTP/1.1" status: 200 len: 1390 time: 0.0402846
2026-04-12 21:51:17.305 10 INFO neutron.wsgi [None req-1c51246b-c9c2-4061-9e50-1a8816756061 a3205093f34f4fd9915fc406949dd9cd 76a449dc75604226af2f244e37c169cf - - default default] 10.0.0.243 "GET /v2.0/network-ip-availabilities HTTP/1.1" status: 200 len: 1280 time: 0.0147498
2026-04-12 21:51:17.337 10 INFO neutron.wsgi [None req-88be57d1-a743-47cb-8ac6-46c85093f045 a3205093f34f4fd9915fc406949dd9cd 76a449dc75604226af2f244e37c169cf - - default default] 10.0.0.243 "GET /v2.0/subnets HTTP/1.1" status: 200 len: 1437 time: 0.0311518
2026-04-12 21:51:17.346 10 INFO neutron.wsgi [None req-d9f091a5-ee35-4a10-acaa-4ea82ee66b9a a3205093f34f4fd9915fc406949dd9cd 76a449dc75604226af2f244e37c169cf - - default default] 10.0.0.243 "GET /v2.0/subnetpools HTTP/1.1" status: 200 len: 193 time: 0.0083399
2026-04-12 21:51:17.368 10 INFO neutron.wsgi [None req-37670d14-649c-4b03-ab3a-c52b07b0b14d a3205093f34f4fd9915fc406949dd9cd 76a449dc75604226af2f244e37c169cf - - default default] 10.0.0.243 "GET /v2.0/routers HTTP/1.1" status: 200 len: 189 time: 0.0205350
2026-04-12 21:51:17.377 10 INFO neutron.wsgi [None req-f43af1cc-e008-444a-9480-c6ca89d6f239 a3205093f34f4fd9915fc406949dd9cd 76a449dc75604226af2f244e37c169cf - - default default] 10.0.0.243 "GET /v2.0/agents?binary=ovn-controller HTTP/1.1" status: 200 len: 591 time: 0.0084641
2026-04-12 21:51:17.435 10 INFO neutron.wsgi [None req-adeded3a-7d47-4fc1-9c28-2e7587c0ef2b a3205093f34f4fd9915fc406949dd9cd 76a449dc75604226af2f244e37c169cf - - default default] 10.0.0.243 "GET /v2.0/networks HTTP/1.1" status: 200 len: 2350 time: 0.0565493
2026-04-12 21:51:19.563 9 INFO neutron.wsgi [-] 10.0.0.214 "GET / HTTP/1.1" status: 200 len: 247 time: 0.0033400
2026-04-12 21:51:19.566 9 INFO neutron.wsgi [-] 10.0.0.214 "GET / HTTP/1.1" status: 200 len: 247 time: 0.0022938
2026-04-12 21:51:34.561 9 INFO neutron.wsgi [-] 10.0.0.214 "GET / HTTP/1.1" status: 200 len: 247 time: 0.0024025
2026-04-12 21:51:34.561 10 INFO neutron.wsgi [-] 10.0.0.214 "GET / HTTP/1.1" status: 200 len: 247 time: 0.0025492
2026-04-12 21:51:42.670 9 INFO neutron.wsgi [None req-901e3ca7-e509-41b2-87e8-482c570fe6a3 a3205093f34f4fd9915fc406949dd9cd 76a449dc75604226af2f244e37c169cf - - default default] 199.204.45.144,10.0.0.214 "GET /v2.0/networks?name=public HTTP/1.1" status: 200 len: 928 time: 0.1041512
2026-04-12 21:51:49.560 10 INFO neutron.wsgi [-] 10.0.0.214 "GET / HTTP/1.1" status: 200 len: 247 time: 0.0016227
2026-04-12 21:51:49.565 10 INFO neutron.wsgi [-] 10.0.0.214 "GET / HTTP/1.1" status: 200 len: 247 time: 0.0043030
2026-04-12 21:52:04.561 10 INFO neutron.wsgi [-] 10.0.0.214 "GET / HTTP/1.1" status: 200 len: 247 time: 0.0037453
2026-04-12 21:52:04.564 10 INFO neutron.wsgi [-] 10.0.0.214 "GET / HTTP/1.1" status: 200 len: 247 time: 0.0018671
2026-04-12 21:52:17.149 10 INFO neutron.wsgi [None req-2e4aa99c-4095-4ba0-98dd-2cc1c8da3d1c a3205093f34f4fd9915fc406949dd9cd 76a449dc75604226af2f244e37c169cf - - default default] 10.0.0.243 "GET /v2.0/subnets HTTP/1.1" status: 200 len: 1437 time: 0.1546216
2026-04-12 21:52:17.195 10 INFO neutron.wsgi [None req-60ceb073-2900-4be8-846f-a2932f776356 a3205093f34f4fd9915fc406949dd9cd 76a449dc75604226af2f244e37c169cf - - default default] 10.0.0.243 "GET /v2.0/ports HTTP/1.1" status: 200 len: 5351 time: 0.0455325
2026-04-12 21:52:17.231 10 INFO neutron.wsgi [None req-65de1d85-fa0a-4073-acaf-76429257db64 a3205093f34f4fd9915fc406949dd9cd 76a449dc75604226af2f244e37c169cf - - default default] 10.0.0.243 "GET /v2.0/routers HTTP/1.1" status: 200 len: 189 time: 0.0321352
2026-04-12 21:52:17.261 10 INFO neutron.wsgi [None req-036355c2-a995-47c3-b34e-c6158bb52f15 a3205093f34f4fd9915fc406949dd9cd 76a449dc75604226af2f244e37c169cf - - default default] 10.0.0.243 "GET /v2.0/agents?binary=ovn-controller HTTP/1.1" status: 200 len: 591 time: 0.0289464
2026-04-12 21:52:17.319 10 INFO neutron.wsgi [None req-794c7d41-64c7-40cc-afbd-68dc43eb8389 a3205093f34f4fd9915fc406949dd9cd 76a449dc75604226af2f244e37c169cf - - default default] 10.0.0.243 "GET /v2.0/networks HTTP/1.1" status: 200 len: 2350 time: 0.0574062
2026-04-12 21:52:17.372 10 INFO neutron.wsgi [None req-bd71e939-1e8e-464d-a67a-7c8654a5ad95 a3205093f34f4fd9915fc406949dd9cd 76a449dc75604226af2f244e37c169cf - - default default] 10.0.0.243 "GET /v2.0/security-groups HTTP/1.1" status: 200 len: 17578 time: 0.0509312
2026-04-12 21:52:17.391 10 INFO neutron.wsgi [None req-cb9cfe7a-06d6-4ba1-9f6e-f047a3ab072c a3205093f34f4fd9915fc406949dd9cd 76a449dc75604226af2f244e37c169cf - - default default] 10.0.0.243 "GET /v2.0/network-ip-availabilities HTTP/1.1" status: 200 len: 1280 time: 0.0144510
2026-04-12 21:52:17.420 10 INFO neutron.wsgi [None req-c04fce59-cc7d-41de-97c4-b510b93f9893 a3205093f34f4fd9915fc406949dd9cd 76a449dc75604226af2f244e37c169cf - - default default] 10.0.0.243 "GET /v2.0/subnets HTTP/1.1" status: 200 len: 1437 time: 0.0277500
2026-04-12 21:52:17.430 10 INFO neutron.wsgi [None req-6ea9142d-991a-4007-b4a0-1fdd00680e14 a3205093f34f4fd9915fc406949dd9cd 76a449dc75604226af2f244e37c169cf - - default default] 10.0.0.243 "GET /v2.0/subnetpools HTTP/1.1" status: 200 len: 193 time: 0.0094867
2026-04-12 21:52:17.443 10 INFO neutron.wsgi [None req-59f887f1-b6e0-407c-bc98-7e92cc3a546f a3205093f34f4fd9915fc406949dd9cd 76a449dc75604226af2f244e37c169cf - - default default] 10.0.0.243 "GET /v2.0/agents HTTP/1.1" status: 200 len: 1390 time: 0.0121396
2026-04-12 21:52:17.466 10 INFO neutron.wsgi [None req-4d0c69ef-d09f-449c-94a8-87bc0bdd9d3a a3205093f34f4fd9915fc406949dd9cd 76a449dc75604226af2f244e37c169cf - - default default] 10.0.0.243 "GET /v2.0/floatingips HTTP/1.1" status: 200 len: 193 time: 0.0215182
2026-04-12 21:52:19.560 10 INFO neutron.wsgi [-] 10.0.0.214 "GET / HTTP/1.1" status: 200 len: 247 time: 0.0023260
2026-04-12 21:52:19.561 9 INFO neutron.wsgi [-] 10.0.0.214 "GET / HTTP/1.1" status: 200 len: 247 time: 0.0025268
2026-04-12 21:52:23.893 10 INFO neutron.wsgi [None req-3e0cd353-e21e-4aeb-a4ad-9ddc33bc010f a3205093f34f4fd9915fc406949dd9cd 76a449dc75604226af2f244e37c169cf - - default default] 10.0.0.169 "GET /v2.0/networks HTTP/1.1" status: 200 len: 2369 time: 0.1576118
2026-04-12 21:52:25.052 9 INFO neutron.wsgi [None req-9740bde0-0aa1-4a79-9eab-46e7f1f8bd37 a3205093f34f4fd9915fc406949dd9cd 76a449dc75604226af2f244e37c169cf - - default default] 10.0.0.169 "GET /v2.0/floatingips HTTP/1.1" status: 200 len: 212 time: 0.0300665
2026-04-12 21:52:25.085 9 INFO neutron.wsgi [None req-17408a72-1b0c-43fb-986c-adc2b9c84edf a3205093f34f4fd9915fc406949dd9cd 76a449dc75604226af2f244e37c169cf - - default default] 10.0.0.169 "GET /v2.0/routers HTTP/1.1" status: 200 len: 208 time: 0.0281477
2026-04-12 21:52:25.139 10 INFO neutron.wsgi [None req-dedf3010-d286-4da2-a201-fd879c39c4a6 a3205093f34f4fd9915fc406949dd9cd 76a449dc75604226af2f244e37c169cf - - default default] 10.0.0.169 "GET /v2.0/ports HTTP/1.1" status: 200 len: 5370 time: 0.0483217
2026-04-12 21:52:25.177 10 INFO neutron.wsgi [None req-eaaefc55-9b16-44c2-8e17-e2994d701bc1 a3205093f34f4fd9915fc406949dd9cd 76a449dc75604226af2f244e37c169cf - - default default] 10.0.0.169 "GET /v2.0/subnets HTTP/1.1" status: 200 len: 1456 time: 0.0327973
2026-04-12 21:52:25.255 10 INFO neutron.wsgi [None req-46f64350-1dcc-4653-bc3b-6c1ba961d1b4 a3205093f34f4fd9915fc406949dd9cd 76a449dc75604226af2f244e37c169cf - - default default] 10.0.0.169 "GET /v2.0/networks HTTP/1.1" status: 200 len: 2369 time: 0.0736699
2026-04-12 21:52:25.319 9 INFO neutron.wsgi [None req-4e0d5d97-92de-45d4-bbd8-89f97943d421 a3205093f34f4fd9915fc406949dd9cd 76a449dc75604226af2f244e37c169cf - - default default] 10.0.0.169 "GET /v2.0/security-groups HTTP/1.1" status: 200 len: 17597 time: 0.0594254
2026-04-12 21:52:25.337 9 INFO neutron.wsgi [None req-6cf5ebdb-fc46-4658-b8b0-3448f4e7f75b a3205093f34f4fd9915fc406949dd9cd 76a449dc75604226af2f244e37c169cf - - default default] 10.0.0.169 "GET /v2.0/subnetpools HTTP/1.1" status: 200 len: 212 time: 0.0129426
2026-04-12 21:52:34.561 9 INFO neutron.wsgi [-] 10.0.0.214 "GET / HTTP/1.1" status: 200 len: 247 time: 0.0019565
2026-04-12 21:52:34.560 10 INFO neutron.wsgi [-] 10.0.0.214 "GET / HTTP/1.1" status: 200 len: 247 time: 0.0021589
