2026-04-12 21:54:02.313 10 INFO neutron.api.v2.resource [None req-59a93949-b9ee-47d9-b506-e375b28285d7 7cdf41b3d82c453f96271e91c0cbc1c5 cde4f0d32a31463e9c21056dddb36bfb - - default default] show failed (client error): The resource could not be found.
2026-04-12 21:54:02.314 10 INFO neutron.wsgi [None req-59a93949-b9ee-47d9-b506-e375b28285d7 7cdf41b3d82c453f96271e91c0cbc1c5 cde4f0d32a31463e9c21056dddb36bfb - - default default] 10.0.0.169 "GET /v2.0/security-groups/82149600-73e8-46bc-bfb8-39c0d9b1b3fa HTTP/1.1" status: 404 len: 347 time: 0.0100462
2026-04-12 21:54:02.566 9 INFO neutron.db.ovn_revision_numbers_db [None req-6f0e3deb-1493-4e27-bb96-fe24855be591 a3205093f34f4fd9915fc406949dd9cd 76a449dc75604226af2f244e37c169cf - - default default] Successfully bumped revision number for resource 2dff84d1-7065-4319-904f-78316d47b0ad (type: ports) to 2
2026-04-12 21:54:02.599 9 INFO neutron.db.ovn_revision_numbers_db [None req-6f0e3deb-1493-4e27-bb96-fe24855be591 a3205093f34f4fd9915fc406949dd9cd 76a449dc75604226af2f244e37c169cf - - default default] Successfully bumped revision number for resource ecf49e3e-2512-4030-885c-a6634d664a8e (type: subnets) to 0
2026-04-12 21:54:02.618 9 INFO neutron.wsgi [None req-6f0e3deb-1493-4e27-bb96-fe24855be591 a3205093f34f4fd9915fc406949dd9cd 76a449dc75604226af2f244e37c169cf - - default default] 10.0.0.169 "POST /v2.0/subnets HTTP/1.1" status: 201 len: 863 time: 0.8983152
2026-04-12 21:54:02.665 10 INFO neutron.wsgi [None req-31034166-661f-4053-a694-d8ebc9cb2fc4 7cdf41b3d82c453f96271e91c0cbc1c5 cde4f0d32a31463e9c21056dddb36bfb - - default default] 10.0.0.169 "DELETE /v2.0/floatingips/66de073f-7c58-47b2-ba79-9620595af856 HTTP/1.1" status: 204 len: 168 time: 0.3468688
2026-04-12 21:54:03.029 10 INFO neutron.wsgi [req-fe3dd35a-d4c0-4ad6-b763-0685e8179608 req-5a5c9e18-04b2-4e36-bb22-e8409fb5cb2e 9a076848d5254baa9bffda70b2a17d32 b563689763a4450d8535587c98429091 - - default default] 10.0.0.241 "GET /v2.0/ports?device_id=ff5209a0-7966-4d25-bfca-a95586645a40 HTTP/1.1" status: 200 len: 1170 time: 0.1715953
2026-04-12 21:54:03.092 10 INFO neutron.wsgi [req-fe3dd35a-d4c0-4ad6-b763-0685e8179608 req-57179a43-59e4-4891-b831-1252f6d46bd8 9a076848d5254baa9bffda70b2a17d32 b563689763a4450d8535587c98429091 - - default default] 10.0.0.241 "GET /v2.0/security-groups?id=c30cf4ea-ba71-40f1-a7bc-25789bdee8e2&fields=id&fields=name HTTP/1.1" status: 200 len: 312 time: 0.0556707
2026-04-12 21:54:03.142 9 WARNING neutron.scheduler.dhcp_agent_scheduler [None req-9613ba80-fb38-4fd0-8a38-2e8b9f0499f5 a3205093f34f4fd9915fc406949dd9cd 76a449dc75604226af2f244e37c169cf - - default default] No more DHCP agents
2026-04-12 21:54:03.143 9 WARNING neutron.api.rpc.agentnotifiers.dhcp_rpc_agent_api [None req-9613ba80-fb38-4fd0-8a38-2e8b9f0499f5 a3205093f34f4fd9915fc406949dd9cd 76a449dc75604226af2f244e37c169cf - - default default] Unable to schedule network 047c664c-a573-4e50-99dd-dda97e845eb7: no agents available; will retry on subsequent port and subnet creation events.
2026-04-12 21:54:03.268 9 INFO neutron.wsgi [req-7059d4be-f41b-486e-8804-b860f8a63480 req-bfd950f5-9c26-4351-85f9-4f3f6da3265d 9a076848d5254baa9bffda70b2a17d32 b563689763a4450d8535587c98429091 - - default default] 10.0.0.241 "GET /v2.0/ports?device_id=ff5209a0-7966-4d25-bfca-a95586645a40 HTTP/1.1" status: 200 len: 1170 time: 0.1132865
2026-04-12 21:54:03.327 9 INFO neutron.wsgi [req-7059d4be-f41b-486e-8804-b860f8a63480 req-180b4214-a66e-4c4e-8023-6ef8da32b898 9a076848d5254baa9bffda70b2a17d32 b563689763a4450d8535587c98429091 - - default default] 10.0.0.241 "GET /v2.0/security-groups?id=c30cf4ea-ba71-40f1-a7bc-25789bdee8e2&fields=id&fields=name HTTP/1.1" status: 200 len: 312 time: 0.0507686
2026-04-12 21:54:03.339 9 INFO neutron.db.ovn_revision_numbers_db [None req-9613ba80-fb38-4fd0-8a38-2e8b9f0499f5 a3205093f34f4fd9915fc406949dd9cd 76a449dc75604226af2f244e37c169cf - - default default] Successfully bumped revision number for resource 8c56e14e-bfe0-4712-8ea1-bef963691257 (type: ports) to 1
2026-04-12 21:54:03.677 9 INFO neutron.wsgi [req-2836f8e9-02d0-432f-9a57-763be298e7a6 req-67f862b6-1460-4c2a-93be-0c2ae40272b8 9a076848d5254baa9bffda70b2a17d32 b563689763a4450d8535587c98429091 - - default default] 10.0.0.241 "GET /v2.0/ports?device_id=ff5209a0-7966-4d25-bfca-a95586645a40 HTTP/1.1" status: 200 len: 1170 time: 0.0761549
2026-04-12 21:54:03.728 10 INFO neutron.wsgi [req-64c9756c-b590-4cec-a499-bc232a5ebd77 req-d7b699e2-1bcd-4526-9724-f9b695b56696 604f38dedab04366942f972aa856ac71 1bd2e5467d01435baa48dc817c8e3130 - - 93503bf48b7f40a88d62655bab932e37 93503bf48b7f40a88d62655bab932e37] 199.204.45.144 "GET /v2.0/ports?tenant_id=b563689763a4450d8535587c98429091&device_id=ff5209a0-7966-4d25-bfca-a95586645a40 HTTP/1.1" status: 200 len: 1409 time: 0.0557399
2026-04-12 21:54:03.735 9 INFO neutron.wsgi [req-2836f8e9-02d0-432f-9a57-763be298e7a6 req-d992ca6d-138b-4c95-91ab-a2f831e09e7e 9a076848d5254baa9bffda70b2a17d32 b563689763a4450d8535587c98429091 - - default default] 10.0.0.241 "GET /v2.0/security-groups?id=c30cf4ea-ba71-40f1-a7bc-25789bdee8e2&fields=id&fields=name HTTP/1.1" status: 200 len: 312 time: 0.0532799
2026-04-12 21:54:03.839 10 INFO neutron.wsgi [req-64c9756c-b590-4cec-a499-bc232a5ebd77 req-cba2cdfb-994e-4595-af7a-58480b3a8388 604f38dedab04366942f972aa856ac71 1bd2e5467d01435baa48dc817c8e3130 - - 93503bf48b7f40a88d62655bab932e37 93503bf48b7f40a88d62655bab932e37] 199.204.45.144 "GET /v2.0/networks?id=630e6c34-c225-4c78-ad5a-32fac84884fc HTTP/1.1" status: 200 len: 974 time: 0.1044772
2026-04-12 21:54:04.131 10 INFO neutron.wsgi [req-64c9756c-b590-4cec-a499-bc232a5ebd77 req-36b930af-f633-41fb-ab6f-71748eeea210 604f38dedab04366942f972aa856ac71 1bd2e5467d01435baa48dc817c8e3130 - - 93503bf48b7f40a88d62655bab932e37 93503bf48b7f40a88d62655bab932e37] 199.204.45.144 "GET /v2.0/floatingips?fixed_ip_address=10.100.0.9&port_id=98cf264a-8ff0-4395-b764-f4c164ef19d1 HTTP/1.1" status: 200 len: 1059 time: 0.2870781
2026-04-12 21:54:04.147 9 INFO neutron.plugins.ml2.drivers.ovn.mech_driver.ovsdb.commands [None req-e59b4a0b-caf0-4788-8bff-ef6c84d506b7 - - - - - -] Schedule LRP lrp-8c56e14e-bfe0-4712-8ea1-bef963691257 on gateway e718b189-ec62-4cb9-abe5-da49ec23c92f with priority 1
2026-04-12 21:54:04.159 9 INFO neutron.plugins.ml2.drivers.ovn.mech_driver.mech_driver [None req-970bc591-b6c6-406a-8750-062f221bc339 - - - - - -] OVN reports status up for port: 8c56e14e-bfe0-4712-8ea1-bef963691257
2026-04-12 21:54:04.179 9 INFO neutron.plugins.ml2.plugin [None req-970bc591-b6c6-406a-8750-062f221bc339 - - - - - -] Attempt 1 to provision port 8c56e14e-bfe0-4712-8ea1-bef963691257
2026-04-12 21:54:04.196 9 INFO neutron.plugins.ml2.drivers.ovn.mech_driver.ovsdb.ovsdb_monitor [None req-34096443-e0fd-416a-b6c8-8861c5f03ee0 - - - - - -] Router d7b20978-3923-49eb-a27f-5771a751c2d9 is bound to host instance
2026-04-12 21:54:04.209 10 INFO neutron.wsgi [req-64c9756c-b590-4cec-a499-bc232a5ebd77 req-3fb3a61a-420b-4207-b375-0fe4dc6410ad 604f38dedab04366942f972aa856ac71 1bd2e5467d01435baa48dc817c8e3130 - - 93503bf48b7f40a88d62655bab932e37 93503bf48b7f40a88d62655bab932e37] 199.204.45.144 "GET /v2.0/subnets?id=a43a2f7c-05fe-43c5-a465-25f6318c4e79 HTTP/1.1" status: 200 len: 869 time: 0.0568352
2026-04-12 21:54:04.211 9 INFO neutron.db.ovn_revision_numbers_db [None req-9613ba80-fb38-4fd0-8a38-2e8b9f0499f5 a3205093f34f4fd9915fc406949dd9cd 76a449dc75604226af2f244e37c169cf - - default default] Successfully bumped revision number for resource 8c56e14e-bfe0-4712-8ea1-bef963691257 (type: router_ports) to 1
2026-04-12 21:54:04.237 10 INFO neutron.wsgi [req-64c9756c-b590-4cec-a499-bc232a5ebd77 req-597cad16-504a-4340-9131-24c2e1979d1b 604f38dedab04366942f972aa856ac71 1bd2e5467d01435baa48dc817c8e3130 - - 93503bf48b7f40a88d62655bab932e37 93503bf48b7f40a88d62655bab932e37] 199.204.45.144 "GET /v2.0/ports?network_id=630e6c34-c225-4c78-ad5a-32fac84884fc&device_owner=network%3Adhcp HTTP/1.1" status: 200 len: 210 time: 0.0191655
2026-04-12 21:54:04.325 10 INFO neutron.wsgi [req-64c9756c-b590-4cec-a499-bc232a5ebd77 req-82260763-f489-41a5-b451-95d59634fd34 604f38dedab04366942f972aa856ac71 1bd2e5467d01435baa48dc817c8e3130 - - 93503bf48b7f40a88d62655bab932e37 93503bf48b7f40a88d62655bab932e37] 199.204.45.144 "GET /v2.0/networks/630e6c34-c225-4c78-ad5a-32fac84884fc?fields=segments HTTP/1.1" status: 200 len: 212 time: 0.0727630
2026-04-12 21:54:04.327 9 INFO neutron.db.ovn_revision_numbers_db [None req-9613ba80-fb38-4fd0-8a38-2e8b9f0499f5 a3205093f34f4fd9915fc406949dd9cd 76a449dc75604226af2f244e37c169cf - - default default] Successfully bumped revision number for resource d7b20978-3923-49eb-a27f-5771a751c2d9 (type: routers) to 2
2026-04-12 21:54:04.351 9 INFO neutron.wsgi [None req-9613ba80-fb38-4fd0-8a38-2e8b9f0499f5 a3205093f34f4fd9915fc406949dd9cd 76a449dc75604226af2f244e37c169cf - - default default] 10.0.0.169 "POST /v2.0/routers HTTP/1.1" status: 201 len: 1165 time: 1.7261491
2026-04-12 21:54:04.413 10 INFO neutron.wsgi [req-64c9756c-b590-4cec-a499-bc232a5ebd77 req-a8710e6e-e8a0-4d10-9ee6-c419816a6a5b 604f38dedab04366942f972aa856ac71 1bd2e5467d01435baa48dc817c8e3130 - - 93503bf48b7f40a88d62655bab932e37 93503bf48b7f40a88d62655bab932e37] 199.204.45.144 "GET /v2.0/networks/630e6c34-c225-4c78-ad5a-32fac84884fc?fields=provider%3Aphysical_network&fields=provider%3Anetwork_type HTTP/1.1" status: 200 len: 277 time: 0.0798187
2026-04-12 21:54:04.522 10 INFO neutron.wsgi [None req-c6bdcf74-76c2-4c24-b31e-49bcea9ba55b a3205093f34f4fd9915fc406949dd9cd 76a449dc75604226af2f244e37c169cf - - default default] 10.0.0.169 "PUT /v2.0/routers/195418c7-2699-49c6-a941-3c4cf645beab/remove_router_interface HTTP/1.1" status: 200 len: 503 time: 1.8508444 /var/lib/openstack/lib/python3.10/site-packages/pycadf/identifier.py:71: UserWarning: Invalid uuid: neutron. To ensure interoperability, identifiers should be a valid uuid. warnings.warn(('Invalid uuid: %s. To ensure interoperability, '
2026-04-12 21:54:04.559 10 INFO neutron.wsgi [-] 10.0.0.214 "GET / HTTP/1.1" status: 200 len: 247 time: 0.0014896
2026-04-12 21:54:04.560 9 INFO neutron.wsgi [-] 10.0.0.214 "GET / HTTP/1.1" status: 200 len: 247 time: 0.0013161
2026-04-12 21:54:04.644 10 INFO neutron.plugins.ml2.drivers.ovn.mech_driver.mech_driver [None req-f3be13e7-fce4-4559-8475-7f00d676cfbd - - - - - -] OVN reports status down for port: 98cf264a-8ff0-4395-b764-f4c164ef19d1
2026-04-12 21:54:04.855 10 INFO neutron.notifiers.nova [-] Nova event matching ['req-6be1b05d-b250-4b38-bd09-cce74a91c875'] response: {'server_uuid': 'ff5209a0-7966-4d25-bfca-a95586645a40', 'name': 'network-vif-unplugged', 'status': 'completed', 'tag': '98cf264a-8ff0-4395-b764-f4c164ef19d1', 'code': 200}
2026-04-12 21:54:04.912 10 INFO neutron.wsgi [req-236420ae-616f-43ed-87f0-76050852acfc req-2c0aaf7b-1786-4d9c-af3e-589312e351e2 9a076848d5254baa9bffda70b2a17d32 b563689763a4450d8535587c98429091 - - default default] 10.0.0.241 "GET /v2.0/ports?device_id=ff5209a0-7966-4d25-bfca-a95586645a40 HTTP/1.1" status: 200 len: 1170 time: 0.0804884
2026-04-12 21:54:04.978 10 INFO neutron.wsgi [req-236420ae-616f-43ed-87f0-76050852acfc req-3b968c55-ac70-489e-bed3-465826a01984 9a076848d5254baa9bffda70b2a17d32 b563689763a4450d8535587c98429091 - - default default] 10.0.0.241 "GET /v2.0/security-groups?id=c30cf4ea-ba71-40f1-a7bc-25789bdee8e2&fields=id&fields=name HTTP/1.1" status: 200 len: 312 time: 0.0617995
2026-04-12 21:54:05.152 10 INFO neutron.db.ovn_revision_numbers_db [None req-f3be13e7-fce4-4559-8475-7f00d676cfbd - - - - - -] Successfully bumped revision number for resource 98cf264a-8ff0-4395-b764-f4c164ef19d1 (type: ports) to 5
2026-04-12 21:54:05.233 10 INFO neutron.plugins.ml2.drivers.ovn.mech_driver.mech_driver [None req-f3be13e7-fce4-4559-8475-7f00d676cfbd - - - - - -] OVN reports status up for port: 98cf264a-8ff0-4395-b764-f4c164ef19d1
2026-04-12 21:54:05.256 10 INFO neutron.plugins.ml2.plugin [None req-f3be13e7-fce4-4559-8475-7f00d676cfbd - - - - - -] Attempt 1 to provision port 98cf264a-8ff0-4395-b764-f4c164ef19d1
2026-04-12 21:54:05.310 9 WARNING neutron.scheduler.dhcp_agent_scheduler [None req-c316d328-41d3-475c-9291-cad30881577a a3205093f34f4fd9915fc406949dd9cd 76a449dc75604226af2f244e37c169cf - - default default] No more DHCP agents
2026-04-12 21:54:05.320 9 WARNING neutron.api.rpc.agentnotifiers.dhcp_rpc_agent_api [None req-c316d328-41d3-475c-9291-cad30881577a a3205093f34f4fd9915fc406949dd9cd 76a449dc75604226af2f244e37c169cf - - default default] Unable to schedule network 9c70059f-2113-45dd-b2e0-e0c87ad1060f: no agents available; will retry on subsequent port and subnet creation events.
2026-04-12 21:54:05.390 9 INFO neutron.db.ovn_revision_numbers_db [None req-34096443-e0fd-416a-b6c8-8861c5f03ee0 - - - - - -] Successfully bumped revision number for resource 8c56e14e-bfe0-4712-8ea1-bef963691257 (type: ports) to 1
2026-04-12 21:54:05.400 10 INFO neutron.db.ovn_revision_numbers_db [None req-74efee60-5a43-46bd-b55c-04ccd0714104 a3205093f34f4fd9915fc406949dd9cd 76a449dc75604226af2f244e37c169cf - - default default] Successfully bumped revision number for resource a0e0c690-b298-4b5b-b67c-e0211b1ba973 (type: security_groups) to 1
2026-04-12 21:54:05.438 10 INFO neutron.db.ovn_revision_numbers_db [None req-74efee60-5a43-46bd-b55c-04ccd0714104 a3205093f34f4fd9915fc406949dd9cd 76a449dc75604226af2f244e37c169cf - - default default] Successfully bumped revision number for resource 09f4072a-28a0-487b-b359-4e8fdcd8a9e4 (type: security_group_rules) to 0
2026-04-12 21:54:05.491 10 INFO neutron.db.ovn_revision_numbers_db [None req-74efee60-5a43-46bd-b55c-04ccd0714104 a3205093f34f4fd9915fc406949dd9cd 76a449dc75604226af2f244e37c169cf - - default default] Successfully bumped revision number for resource c5f1c10f-218c-40ec-9c7d-739447622d4f (type: security_group_rules) to 0
2026-04-12 21:54:05.541 10 INFO neutron.db.ovn_revision_numbers_db [None req-74efee60-5a43-46bd-b55c-04ccd0714104 a3205093f34f4fd9915fc406949dd9cd 76a449dc75604226af2f244e37c169cf - - default default] Successfully bumped revision number for resource c7d4ceaa-bea3-4872-acd1-0490d838b49b (type: security_group_rules) to 0
2026-04-12 21:54:05.581 10 INFO neutron.db.ovn_revision_numbers_db [None req-74efee60-5a43-46bd-b55c-04ccd0714104 a3205093f34f4fd9915fc406949dd9cd 76a449dc75604226af2f244e37c169cf - - default default] Successfully bumped revision number for resource fc5c805a-fdef-48e1-8713-261e92061247 (type: security_group_rules) to 0
2026-04-12 21:54:05.593 9 INFO neutron.db.ovn_revision_numbers_db [None req-c316d328-41d3-475c-9291-cad30881577a a3205093f34f4fd9915fc406949dd9cd 76a449dc75604226af2f244e37c169cf - - default default] Successfully bumped revision number for resource 4904582a-3b63-4f72-9bfe-365336e27e78 (type: ports) to 1
2026-04-12 21:54:05.625 10 INFO neutron.wsgi [None req-74efee60-5a43-46bd-b55c-04ccd0714104 a3205093f34f4fd9915fc406949dd9cd 76a449dc75604226af2f244e37c169cf - - default default] 10.0.0.169 "GET /v2.0/security-groups?tenant_id=0b4478503ea0429aa9950a492f428bae&name=default HTTP/1.1" status: 200 len: 3120 time: 0.6996355
2026-04-12 21:54:05.844 10 INFO neutron.wsgi [None req-afa82c59-9405-4050-b895-675746bbb6c0 a3205093f34f4fd9915fc406949dd9cd 76a449dc75604226af2f244e37c169cf - - default default] 10.0.0.169 "DELETE /v2.0/routers/195418c7-2699-49c6-a941-3c4cf645beab HTTP/1.1" status: 204 len: 168 time: 1.3167443
2026-04-12 21:54:05.846 10 INFO neutron.db.ovn_revision_numbers_db [None req-f3be13e7-fce4-4559-8475-7f00d676cfbd - - - - - -] Successfully bumped revision number for resource 98cf264a-8ff0-4395-b764-f4c164ef19d1 (type: ports) to 6 /var/lib/openstack/lib/python3.10/site-packages/pycadf/identifier.py:71: UserWarning: Invalid uuid: neutron. To ensure interoperability, identifiers should be a valid uuid. warnings.warn(('Invalid uuid: %s. To ensure interoperability, '
2026-04-12 21:54:06.035 9 INFO neutron.db.ovn_revision_numbers_db [None req-34096443-e0fd-416a-b6c8-8861c5f03ee0 - - - - - -] Successfully bumped revision number for resource 8c56e14e-bfe0-4712-8ea1-bef963691257 (type: router_ports) to 3
2026-04-12 21:54:06.105 9 INFO neutron.wsgi [req-5474acbb-15da-400a-b0b2-c3f490247dfd req-4dbf05b4-10a3-4e0b-be43-8e07ddbad5fc 9a076848d5254baa9bffda70b2a17d32 b563689763a4450d8535587c98429091 - - default default] 10.0.0.241 "GET /v2.0/ports?device_id=ff5209a0-7966-4d25-bfca-a95586645a40 HTTP/1.1" status: 200 len: 1170 time: 0.0562913
2026-04-12 21:54:06.129 9 INFO neutron.wsgi [None req-14aa82ea-8624-4048-a116-c32073d6598c a3205093f34f4fd9915fc406949dd9cd 76a449dc75604226af2f244e37c169cf - - default default] 10.0.0.169 "DELETE /v2.0/security-groups/a0e0c690-b298-4b5b-b67c-e0211b1ba973 HTTP/1.1" status: 204 len: 168 time: 0.4876208
2026-04-12 21:54:06.189 9 INFO neutron.wsgi [req-5474acbb-15da-400a-b0b2-c3f490247dfd req-ac868542-c784-4755-a29c-5f51162ae7f9 9a076848d5254baa9bffda70b2a17d32 b563689763a4450d8535587c98429091 - - default default] 10.0.0.241 "GET /v2.0/security-groups?id=c30cf4ea-ba71-40f1-a7bc-25789bdee8e2&fields=id&fields=name HTTP/1.1" status: 200 len: 312 time: 0.0758059
2026-04-12 21:54:06.334 10 INFO neutron.wsgi [None req-80225e8f-d236-484a-b9ed-d2077f42071a a3205093f34f4fd9915fc406949dd9cd 76a449dc75604226af2f244e37c169cf - - default default] 10.0.0.169 "DELETE /v2.0/subnets/7a45fe05-315e-498d-90e1-65b53cb9dc5d HTTP/1.1" status: 204 len: 168 time: 0.4840522 /var/lib/openstack/lib/python3.10/site-packages/pycadf/identifier.py:71: UserWarning: Invalid uuid: neutron. To ensure interoperability, identifiers should be a valid uuid. warnings.warn(('Invalid uuid: %s. To ensure interoperability, '
2026-04-12 21:54:06.621 9 INFO neutron.db.ovn_revision_numbers_db [None req-34096443-e0fd-416a-b6c8-8861c5f03ee0 - - - - - -] Successfully bumped revision number for resource 8c56e14e-bfe0-4712-8ea1-bef963691257 (type: ports) to 2
2026-04-12 21:54:06.662 9 ERROR ovsdbapp.backend.ovs_idl.command [None req-c316d328-41d3-475c-9291-cad30881577a a3205093f34f4fd9915fc406949dd9cd 76a449dc75604226af2f244e37c169cf - - default default] Error executing command (DbGetCommand): ovsdbapp.backend.ovs_idl.idlutils.RowNotFound: Cannot find Logical_Router_Port with name=lrp-4904582a-3b63-4f72-9bfe-365336e27e78
2026-04-12 21:54:06.662 9 ERROR ovsdbapp.backend.ovs_idl.command
Traceback (most recent call last):
2026-04-12 21:54:06.662 9 ERROR ovsdbapp.backend.ovs_idl.command
File "/var/lib/openstack/lib/python3.10/site-packages/ovsdbapp/backend/ovs_idl/command.py", line 47, in execute
2026-04-12 21:54:06.662 9 ERROR ovsdbapp.backend.ovs_idl.command self.run_idl(None)
2026-04-12 21:54:06.662 9 ERROR ovsdbapp.backend.ovs_idl.command
File "/var/lib/openstack/lib/python3.10/site-packages/ovsdbapp/backend/ovs_idl/command.py", line 235, in run_idl
2026-04-12 21:54:06.662 9 ERROR ovsdbapp.backend.ovs_idl.command record = self.api.lookup(self.table, self.record)
2026-04-12 21:54:06.662 9 ERROR ovsdbapp.backend.ovs_idl.command
File "/var/lib/openstack/lib/python3.10/site-packages/ovsdbapp/backend/ovs_idl/__init__.py", line 184, in lookup
2026-04-12 21:54:06.662 9 ERROR ovsdbapp.backend.ovs_idl.command return self._lookup(table, record)
2026-04-12 21:54:06.662 9 ERROR ovsdbapp.backend.ovs_idl.command
File "/var/lib/openstack/lib/python3.10/site-packages/ovsdbapp/backend/ovs_idl/__init__.py", line 235, in _lookup
2026-04-12 21:54:06.662 9 ERROR ovsdbapp.backend.ovs_idl.command row = idlutils.row_by_value(self, rl.table, rl.column, record)
2026-04-12 21:54:06.662 9 ERROR ovsdbapp.backend.ovs_idl.command
File "/var/lib/openstack/lib/python3.10/site-packages/ovsdbapp/backend/ovs_idl/idlutils.py", line 114, in row_by_value
2026-04-12 21:54:06.662 9 ERROR ovsdbapp.backend.ovs_idl.command raise RowNotFound(table=table, col=column, match=match)
2026-04-12 21:54:06.662 9 ERROR ovsdbapp.backend.ovs_idl.command ovsdbapp.backend.ovs_idl.idlutils.RowNotFound: Cannot find Logical_Router_Port with name=lrp-4904582a-3b63-4f72-9bfe-365336e27e78
2026-04-12 21:54:06.662 9 ERROR ovsdbapp.backend.ovs_idl.command 
2026-04-12 21:54:06.663 9 ERROR neutron_lib.callbacks.manager [None req-c316d328-41d3-475c-9291-cad30881577a a3205093f34f4fd9915fc406949dd9cd 76a449dc75604226af2f244e37c169cf - - default default] Error during notification for neutron.services.ovn_l3.plugin.OVNL3RouterPlugin._port_update-8777951925999 port, after_update: ovsdbapp.backend.ovs_idl.idlutils.RowNotFound: Cannot find Logical_Router_Port with name=lrp-4904582a-3b63-4f72-9bfe-365336e27e78
2026-04-12 21:54:06.663 9 ERROR neutron_lib.callbacks.manager
Traceback (most recent call last):
2026-04-12 21:54:06.663 9 ERROR neutron_lib.callbacks.manager
File "/var/lib/openstack/lib/python3.10/site-packages/neutron_lib/callbacks/manager.py", line 189, in _notify_loop
2026-04-12 21:54:06.663 9 ERROR neutron_lib.callbacks.manager callback.method(resource, event, trigger, payload=payload)
2026-04-12 21:54:06.663 9 ERROR neutron_lib.callbacks.manager
File "/var/lib/openstack/lib/python3.10/site-packages/neutron/services/ovn_l3/plugin.py", line 391, in _port_update
2026-04-12 21:54:06.663 9 ERROR neutron_lib.callbacks.manager l3plugin._ovn_client.update_router_port(context,
2026-04-12 21:54:06.663 9 ERROR neutron_lib.callbacks.manager
File "/var/lib/openstack/lib/python3.10/site-packages/neutron/plugins/ml2/drivers/ovn/mech_driver/ovsdb/ovn_client.py", line 1878, in update_router_port
2026-04-12 21:54:06.663 9 ERROR neutron_lib.callbacks.manager self._update_lrouter_port(context, port, if_exists=if_exists,
2026-04-12 21:54:06.663 9 ERROR neutron_lib.callbacks.manager
File "/var/lib/openstack/lib/python3.10/site-packages/neutron/plugins/ml2/drivers/ovn/mech_driver/ovsdb/ovn_client.py", line 1855, in _update_lrouter_port
2026-04-12 21:54:06.663 9 ERROR neutron_lib.callbacks.manager external_ids = self._nb_idl.db_get(
2026-04-12 21:54:06.663 9 ERROR neutron_lib.callbacks.manager
File "/var/lib/openstack/lib/python3.10/site-packages/ovsdbapp/backend/ovs_idl/command.py", line 47, in execute
2026-04-12 21:54:06.663 9 ERROR neutron_lib.callbacks.manager self.run_idl(None)
2026-04-12 21:54:06.663 9 ERROR neutron_lib.callbacks.manager
File "/var/lib/openstack/lib/python3.10/site-packages/ovsdbapp/backend/ovs_idl/command.py", line 235, in run_idl
2026-04-12 21:54:06.663 9 ERROR neutron_lib.callbacks.manager record = self.api.lookup(self.table, self.record)
2026-04-12 21:54:06.663 9 ERROR neutron_lib.callbacks.manager
File "/var/lib/openstack/lib/python3.10/site-packages/ovsdbapp/backend/ovs_idl/__init__.py", line 184, in lookup
2026-04-12 21:54:06.663 9 ERROR neutron_lib.callbacks.manager return self._lookup(table, record)
2026-04-12 21:54:06.663 9 ERROR neutron_lib.callbacks.manager
File "/var/lib/openstack/lib/python3.10/site-packages/ovsdbapp/backend/ovs_idl/__init__.py", line 235, in _lookup
2026-04-12 21:54:06.663 9 ERROR neutron_lib.callbacks.manager row = idlutils.row_by_value(self, rl.table, rl.column, record)
2026-04-12 21:54:06.663 9 ERROR neutron_lib.callbacks.manager
File "/var/lib/openstack/lib/python3.10/site-packages/ovsdbapp/backend/ovs_idl/idlutils.py", line 114, in row_by_value
2026-04-12 21:54:06.663 9 ERROR neutron_lib.callbacks.manager raise RowNotFound(table=table, col=column, match=match)
2026-04-12 21:54:06.663 9 ERROR neutron_lib.callbacks.manager ovsdbapp.backend.ovs_idl.idlutils.RowNotFound: Cannot find Logical_Router_Port with name=lrp-4904582a-3b63-4f72-9bfe-365336e27e78
2026-04-12 21:54:06.663 9 ERROR neutron_lib.callbacks.manager 
2026-04-12 21:54:06.710 10 INFO neutron.services.segments.plugin [-] Segment b6831388-6d3c-44db-9a65-17e0b99bb620 resource provider aggregate not found
2026-04-12 21:54:06.715 10 INFO neutron.services.segments.plugin [-] Segment b6831388-6d3c-44db-9a65-17e0b99bb620 resource provider aggregate not found
2026-04-12 21:54:06.729 10 INFO neutron.services.segments.plugin [-] Segment b6831388-6d3c-44db-9a65-17e0b99bb620 resource provider not found; error: Placement Client Error (4xx): {"errors": [{"status": 404, "title": "Not Found", "detail": "The resource could not be found.\n\n No resource provider with uuid b6831388-6d3c-44db-9a65-17e0b99bb620 found for delete ", "request_id": "req-8cbf812b-f3a2-4b93-ba7a-afa046a6b1f5"}]}
2026-04-12 21:54:06.737 10 INFO neutron.services.segments.plugin [-] Segment b6831388-6d3c-44db-9a65-17e0b99bb620 resource provider not found; error: Placement Client Error (4xx): {"errors": [{"status": 404, "title": "Not Found", "detail": "The resource could not be found.\n\n No resource provider with uuid b6831388-6d3c-44db-9a65-17e0b99bb620 found for delete ", "request_id": "req-880fc9d7-7d10-4907-94bd-a94402493845"}]}
2026-04-12 21:54:06.746 10 INFO neutron.wsgi [None req-816382bd-a710-43a6-b7da-3538e7d0f72d a3205093f34f4fd9915fc406949dd9cd 76a449dc75604226af2f244e37c169cf - - default default] 10.0.0.169 "DELETE /v2.0/networks/e309eb7a-53ac-41d8-9538-4d5c442929fd HTTP/1.1" status: 204 len: 168 time: 0.4072640
2026-04-12 21:54:06.891 10 INFO neutron.wsgi [None req-4fa52e41-90a9-4d0e-ad85-86fe63fe5f5a a3205093f34f4fd9915fc406949dd9cd 76a449dc75604226af2f244e37c169cf - - default default] 10.0.0.169 "GET /v2.0/security-groups?tenant_id=cde4f0d32a31463e9c21056dddb36bfb&name=default HTTP/1.1" status: 200 len: 3120 time: 0.0463483
2026-04-12 21:54:06.892 10 INFO neutron.notifiers.nova [-] Nova event matching ['req-557deeb4-c9a8-40a9-bca8-45df6649d1a9'] response: {'server_uuid': 'ff5209a0-7966-4d25-bfca-a95586645a40', 'name': 'network-vif-unplugged', 'status': 'completed', 'tag': '98cf264a-8ff0-4395-b764-f4c164ef19d1', 'code': 200}
2026-04-12 21:54:06.892 10 INFO neutron.notifiers.nova [-] Nova event matching ['req-557deeb4-c9a8-40a9-bca8-45df6649d1a9'] response: {'server_uuid': 'ff5209a0-7966-4d25-bfca-a95586645a40', 'name': 'network-vif-plugged', 'status': 'completed', 'tag': '98cf264a-8ff0-4395-b764-f4c164ef19d1', 'code': 200}
2026-04-12 21:54:06.892 10 INFO neutron.notifiers.nova [-] Nova event matching ['req-557deeb4-c9a8-40a9-bca8-45df6649d1a9'] response: {'server_uuid': 'ff5209a0-7966-4d25-bfca-a95586645a40', 'name': 'network-vif-plugged', 'status': 'completed', 'tag': '98cf264a-8ff0-4395-b764-f4c164ef19d1', 'code': 200}
2026-04-12 21:54:06.988 9 INFO neutron.db.ovn_revision_numbers_db [None req-c316d328-41d3-475c-9291-cad30881577a a3205093f34f4fd9915fc406949dd9cd 76a449dc75604226af2f244e37c169cf - - default default] Successfully bumped revision number for resource 4904582a-3b63-4f72-9bfe-365336e27e78 (type: ports) to 1
2026-04-12 21:54:07.087 9 WARNING neutron.scheduler.dhcp_agent_scheduler [None req-c316d328-41d3-475c-9291-cad30881577a a3205093f34f4fd9915fc406949dd9cd 76a449dc75604226af2f244e37c169cf - - default default] No more DHCP agents
2026-04-12 21:54:07.091 9 WARNING neutron.api.rpc.agentnotifiers.dhcp_rpc_agent_api [None req-c316d328-41d3-475c-9291-cad30881577a a3205093f34f4fd9915fc406949dd9cd 76a449dc75604226af2f244e37c169cf - - default default] Unable to schedule network 9c70059f-2113-45dd-b2e0-e0c87ad1060f: no agents available; will retry on subsequent port and subnet creation events.
2026-04-12 21:54:07.125 9 INFO neutron.db.ovn_revision_numbers_db [None req-34096443-e0fd-416a-b6c8-8861c5f03ee0 - - - - - -] Successfully bumped revision number for resource 8c56e14e-bfe0-4712-8ea1-bef963691257 (type: ports) to 4
2026-04-12 21:54:07.149 10 INFO neutron.wsgi [None req-6e8a563c-445a-4201-9c01-dfef4faab7d2 a3205093f34f4fd9915fc406949dd9cd 76a449dc75604226af2f244e37c169cf - - default default] 10.0.0.169 "DELETE /v2.0/security-groups/c97911d4-eff1-4e92-bab7-db8b87a9897a HTTP/1.1" status: 204 len: 168 time: 0.2511339
2026-04-12 21:54:07.346 9 INFO neutron.plugins.ml2.drivers.ovn.mech_driver.mech_driver [None req-970bc591-b6c6-406a-8750-062f221bc339 - - - - - -] OVN reports status up for port: 4904582a-3b63-4f72-9bfe-365336e27e78
2026-04-12 21:54:07.362 9 INFO neutron.plugins.ml2.plugin [None req-970bc591-b6c6-406a-8750-062f221bc339 - - - - - -] Attempt 1 to provision port 4904582a-3b63-4f72-9bfe-365336e27e78
2026-04-12 21:54:07.569 9 INFO neutron.db.ovn_revision_numbers_db [None req-34096443-e0fd-416a-b6c8-8861c5f03ee0 - - - - - -] Successfully bumped revision number for resource 8c56e14e-bfe0-4712-8ea1-bef963691257 (type: router_ports) to 4
2026-04-12 21:54:08.132 9 INFO neutron.db.ovn_revision_numbers_db [None req-c316d328-41d3-475c-9291-cad30881577a a3205093f34f4fd9915fc406949dd9cd 76a449dc75604226af2f244e37c169cf - - default default] Successfully bumped revision number for resource 4904582a-3b63-4f72-9bfe-365336e27e78 (type: router_ports) to 1
2026-04-12 21:54:08.136 9 INFO neutron.wsgi [None req-c316d328-41d3-475c-9291-cad30881577a a3205093f34f4fd9915fc406949dd9cd 76a449dc75604226af2f244e37c169cf - - default default] 10.0.0.169 "PUT /v2.0/routers/d7b20978-3923-49eb-a27f-5771a751c2d9/add_router_interface HTTP/1.1" status: 200 len: 503 time: 3.7804296
2026-04-12 21:54:08.151 9 INFO neutron.db.ovn_revision_numbers_db [None req-970bc591-b6c6-406a-8750-062f221bc339 - - - - - -] Successfully bumped revision number for resource 4904582a-3b63-4f72-9bfe-365336e27e78 (type: ports) to 2
2026-04-12 21:54:08.305 9 INFO neutron.db.ovn_revision_numbers_db [None req-970bc591-b6c6-406a-8750-062f221bc339 - - - - - -] Successfully bumped revision number for resource 4904582a-3b63-4f72-9bfe-365336e27e78 (type: router_ports) to 2
2026-04-12 21:54:10.124 10 INFO neutron.db.ovn_revision_numbers_db [None req-8868e4c4-68d8-4c16-8424-cfecccaf57d4 a3205093f34f4fd9915fc406949dd9cd 76a449dc75604226af2f244e37c169cf - - default default] Successfully bumped revision number for resource 2c85340d-fc6c-423e-97b5-701439bb353a (type: security_groups) to 1
2026-04-12 21:54:10.139 10 INFO neutron.db.ovn_revision_numbers_db [None req-8868e4c4-68d8-4c16-8424-cfecccaf57d4 a3205093f34f4fd9915fc406949dd9cd 76a449dc75604226af2f244e37c169cf - - default default] Successfully bumped revision number for resource 023df96e-ee2c-4e36-bdbd-51f7cf3934bc (type: security_group_rules) to 0
2026-04-12 21:54:10.153 10 INFO neutron.db.ovn_revision_numbers_db [None req-8868e4c4-68d8-4c16-8424-cfecccaf57d4 a3205093f34f4fd9915fc406949dd9cd 76a449dc75604226af2f244e37c169cf - - default default] Successfully bumped revision number for resource 7e6e31b0-0de8-4484-946d-0271ccb0eca6 (type: security_group_rules) to 0
2026-04-12 21:54:10.168 10 INFO neutron.db.ovn_revision_numbers_db [None req-8868e4c4-68d8-4c16-8424-cfecccaf57d4 a3205093f34f4fd9915fc406949dd9cd 76a449dc75604226af2f244e37c169cf - - default default] Successfully bumped revision number for resource 871eeb66-4565-4963-a3cf-e96170a6e142 (type: security_group_rules) to 0
2026-04-12 21:54:10.203 9 INFO neutron.db.ovn_revision_numbers_db [None req-2d29c909-e4f1-4b38-ad71-c94ec09ca50a a3205093f34f4fd9915fc406949dd9cd 76a449dc75604226af2f244e37c169cf - - default default] Successfully bumped revision number for resource d4f36f6a-faa9-4ed5-970d-d34f2aa16fd0 (type: security_groups) to 1
2026-04-12 21:54:10.205 10 INFO neutron.db.ovn_revision_numbers_db [None req-8868e4c4-68d8-4c16-8424-cfecccaf57d4 a3205093f34f4fd9915fc406949dd9cd 76a449dc75604226af2f244e37c169cf - - default default] Successfully bumped revision number for resource aae4a3bd-5405-4506-bf2f-ff53337eed2a (type: security_group_rules) to 0
2026-04-12 21:54:10.225 10 INFO neutron.wsgi [None req-8868e4c4-68d8-4c16-8424-cfecccaf57d4 a3205093f34f4fd9915fc406949dd9cd 76a449dc75604226af2f244e37c169cf - - default default] 10.0.0.169 "GET /v2.0/security-groups?tenant_id=98970d6c0127400e93e6c436af010eb2&name=default HTTP/1.1" status: 200 len: 3120 time: 0.4381959
2026-04-12 21:54:10.225 9 INFO neutron.db.ovn_revision_numbers_db [None req-2d29c909-e4f1-4b38-ad71-c94ec09ca50a a3205093f34f4fd9915fc406949dd9cd 76a449dc75604226af2f244e37c169cf - - default default] Successfully bumped revision number for resource 12ea5d9b-fbdd-49da-8bb1-aca2a3161ca1 (type: security_group_rules) to 0
2026-04-12 21:54:10.251 9 INFO neutron.db.ovn_revision_numbers_db [None req-2d29c909-e4f1-4b38-ad71-c94ec09ca50a a3205093f34f4fd9915fc406949dd9cd 76a449dc75604226af2f244e37c169cf - - default default] Successfully bumped revision number for resource 2b9f9977-e4b3-459a-bfe3-2e8257caa2f9 (type: security_group_rules) to 0
2026-04-12 21:54:10.268 9 INFO neutron.db.ovn_revision_numbers_db [None req-2d29c909-e4f1-4b38-ad71-c94ec09ca50a a3205093f34f4fd9915fc406949dd9cd 76a449dc75604226af2f244e37c169cf - - default default] Successfully bumped revision number for resource 4caf881c-c433-4df5-bd3a-8ccadae954a1 (type: security_group_rules) to 0
2026-04-12 21:54:10.282 9 INFO neutron.db.ovn_revision_numbers_db [None req-2d29c909-e4f1-4b38-ad71-c94ec09ca50a a3205093f34f4fd9915fc406949dd9cd 76a449dc75604226af2f244e37c169cf - - default default] Successfully bumped revision number for resource e887f500-42d4-4ef3-b976-663f21b177dd (type: security_group_rules) to 0
2026-04-12 21:54:10.301 9 INFO neutron.wsgi [None req-2d29c909-e4f1-4b38-ad71-c94ec09ca50a a3205093f34f4fd9915fc406949dd9cd 76a449dc75604226af2f244e37c169cf - - default default] 10.0.0.169 "GET /v2.0/security-groups?tenant_id=106d1f67e5554d66a6b0faf33dfffa5d&name=default HTTP/1.1" status: 200 len: 3120 time: 0.2689004
2026-04-12 21:54:10.458 10 INFO neutron.wsgi [None req-0b2372eb-dbd5-464a-a5bb-dce4a583262d a3205093f34f4fd9915fc406949dd9cd 76a449dc75604226af2f244e37c169cf - - default default] 10.0.0.169 "DELETE /v2.0/security-groups/2c85340d-fc6c-423e-97b5-701439bb353a HTTP/1.1" status: 204 len: 168 time: 0.2278018
2026-04-12 21:54:10.536 9 INFO neutron.wsgi [None req-a5dc74e5-cbfc-4951-beba-36a15f443a79 a3205093f34f4fd9915fc406949dd9cd 76a449dc75604226af2f244e37c169cf - - default default] 10.0.0.169 "DELETE /v2.0/security-groups/d4f36f6a-faa9-4ed5-970d-d34f2aa16fd0 HTTP/1.1" status: 204 len: 168 time: 0.2306840
2026-04-12 21:54:10.704 9 INFO neutron.wsgi [req-b93d49dd-8542-45bf-b519-b87db121dc4c req-b2af6e95-435d-4802-876b-cf8816c95725 9844f6e2a26b40a1bfe8306f6a445e58 b04b8345b51b4a3eb8a0ea4507d06e7c - - default default] 10.0.0.241 "GET /v2.0/networks?id=9c70059f-2113-45dd-b2e0-e0c87ad1060f HTTP/1.1" status: 200 len: 872 time: 0.0771353
2026-04-12 21:54:10.722 9 INFO neutron.wsgi [req-b93d49dd-8542-45bf-b519-b87db121dc4c req-8a150172-f02b-4b4a-b6ba-7bdc7ed7372c 9844f6e2a26b40a1bfe8306f6a445e58 b04b8345b51b4a3eb8a0ea4507d06e7c - - default default] 10.0.0.241 "GET /v2.0/quotas/b04b8345b51b4a3eb8a0ea4507d06e7c HTTP/1.1" status: 200 len: 491 time: 0.0107987
2026-04-12 21:54:10.834 9 INFO neutron.wsgi [req-b93d49dd-8542-45bf-b519-b87db121dc4c req-c3b97860-43b6-424a-9d65-55c3129d4295 9844f6e2a26b40a1bfe8306f6a445e58 b04b8345b51b4a3eb8a0ea4507d06e7c - - default default] 10.0.0.241 "GET /v2.0/ports?tenant_id=b04b8345b51b4a3eb8a0ea4507d06e7c&fields=id HTTP/1.1" status: 200 len: 302 time: 0.1049249
2026-04-12 21:54:10.902 9 INFO neutron.wsgi [req-b93d49dd-8542-45bf-b519-b87db121dc4c req-e66755d1-ef63-4a8f-9c81-d7b84d7382df 604f38dedab04366942f972aa856ac71 1bd2e5467d01435baa48dc817c8e3130 - - 93503bf48b7f40a88d62655bab932e37 93503bf48b7f40a88d62655bab932e37] 10.0.0.241 "GET /v2.0/networks/9c70059f-2113-45dd-b2e0-e0c87ad1060f?fields=segments HTTP/1.1" status: 200 len: 212 time: 0.0603409
2026-04-12 21:54:10.969 9 INFO neutron.wsgi [req-b93d49dd-8542-45bf-b519-b87db121dc4c req-a23d9915-9ea4-499d-bccb-86b78c7e4852 604f38dedab04366942f972aa856ac71 1bd2e5467d01435baa48dc817c8e3130 - - 93503bf48b7f40a88d62655bab932e37 93503bf48b7f40a88d62655bab932e37] 10.0.0.241 "GET /v2.0/networks/9c70059f-2113-45dd-b2e0-e0c87ad1060f?fields=provider%3Aphysical_network&fields=provider%3Anetwork_type HTTP/1.1" status: 200 len: 277 time: 0.0592082
2026-04-12 21:54:11.162 10 INFO neutron.wsgi [req-5d220598-897a-436e-8d2c-d7647dd7d63c req-1ca6b421-ba48-4657-9cfb-a9e9bdfd59d5 9844f6e2a26b40a1bfe8306f6a445e58 b04b8345b51b4a3eb8a0ea4507d06e7c - - default default] 10.0.0.241 "GET /v2.0/ports?device_id=40493c69-4b41-4f4e-ac2d-69c883582548 HTTP/1.1" status: 200 len: 210 time: 0.0238476
2026-04-12 21:54:11.827 10 INFO neutron.wsgi [req-b93d49dd-8542-45bf-b519-b87db121dc4c req-6652ccb2-fb5d-454e-bfb4-1d02ec3aa535 9844f6e2a26b40a1bfe8306f6a445e58 b04b8345b51b4a3eb8a0ea4507d06e7c - - default default] 199.204.45.144 "GET /v2.0/networks?id=9c70059f-2113-45dd-b2e0-e0c87ad1060f HTTP/1.1" status: 200 len: 872 time: 0.0774202
2026-04-12 21:54:11.843 10 WARNING neutron_lib.context [req-b93d49dd-8542-45bf-b519-b87db121dc4c req-f4697e54-ef47-461c-9423-52669f9dce20 9844f6e2a26b40a1bfe8306f6a445e58 b04b8345b51b4a3eb8a0ea4507d06e7c - - default default] Method 'is_advsvc' is deprecated since 2023.2 release (neutron-lib 3.8.0) and will be removed once support for the old RBAC API policies will be removed from Neutron. Please use method 'is_service_role' instead.
2026-04-12 21:54:12.267 10 WARNING neutron.scheduler.dhcp_agent_scheduler [req-b93d49dd-8542-45bf-b519-b87db121dc4c req-f4697e54-ef47-461c-9423-52669f9dce20 9844f6e2a26b40a1bfe8306f6a445e58 b04b8345b51b4a3eb8a0ea4507d06e7c - - default default] No more DHCP agents
2026-04-12 21:54:12.270 10 WARNING neutron.api.rpc.agentnotifiers.dhcp_rpc_agent_api [req-b93d49dd-8542-45bf-b519-b87db121dc4c req-f4697e54-ef47-461c-9423-52669f9dce20 9844f6e2a26b40a1bfe8306f6a445e58 b04b8345b51b4a3eb8a0ea4507d06e7c - - default default] Unable to schedule network 9c70059f-2113-45dd-b2e0-e0c87ad1060f: no agents available; will retry on subsequent port and subnet creation events.
2026-04-12 21:54:12.275 9 INFO neutron.wsgi [req-2cc00bb5-4106-4de9-be21-0a74dedf8164 req-aa68c5fc-fd3c-444b-b050-4c735bd6c439 9844f6e2a26b40a1bfe8306f6a445e58 b04b8345b51b4a3eb8a0ea4507d06e7c - - default default] 10.0.0.241 "GET /v2.0/ports?device_id=40493c69-4b41-4f4e-ac2d-69c883582548 HTTP/1.1" status: 200 len: 1160 time: 0.0394878
2026-04-12 21:54:12.323 9 INFO neutron.wsgi [req-2cc00bb5-4106-4de9-be21-0a74dedf8164 req-68e76fb2-cc3b-496b-b43f-c11e1c3d3639 9844f6e2a26b40a1bfe8306f6a445e58 b04b8345b51b4a3eb8a0ea4507d06e7c - - default default] 10.0.0.241 "GET /v2.0/security-groups?id=f1cde818-9faa-46cc-b5bf-1cc666db541c&fields=id&fields=name HTTP/1.1" status: 200 len: 286 time: 0.0423889
2026-04-12 21:54:12.451 10 INFO neutron.db.ovn_revision_numbers_db [req-b93d49dd-8542-45bf-b519-b87db121dc4c req-f4697e54-ef47-461c-9423-52669f9dce20 9844f6e2a26b40a1bfe8306f6a445e58 b04b8345b51b4a3eb8a0ea4507d06e7c - - default default] Successfully bumped revision number for resource 3c27a491-0b77-4b57-9719-64660b64a7d5 (type: ports) to 1
2026-04-12 21:54:12.485 10 INFO neutron.wsgi [req-b93d49dd-8542-45bf-b519-b87db121dc4c req-f4697e54-ef47-461c-9423-52669f9dce20 9844f6e2a26b40a1bfe8306f6a445e58 b04b8345b51b4a3eb8a0ea4507d06e7c - - default default] 199.204.45.144 "POST /v2.0/ports HTTP/1.1" status: 201 len: 1162 time: 0.6496987 /var/lib/openstack/lib/python3.10/site-packages/pycadf/identifier.py:71: UserWarning: Invalid uuid: neutron. To ensure interoperability, identifiers should be a valid uuid. warnings.warn(('Invalid uuid: %s. To ensure interoperability, '
2026-04-12 21:54:13.048 10 INFO neutron.db.ovn_revision_numbers_db [req-b93d49dd-8542-45bf-b519-b87db121dc4c req-2ce58777-edaa-4f80-8aa4-c142a5f2e296 604f38dedab04366942f972aa856ac71 1bd2e5467d01435baa48dc817c8e3130 - - 93503bf48b7f40a88d62655bab932e37 93503bf48b7f40a88d62655bab932e37] Successfully bumped revision number for resource 3c27a491-0b77-4b57-9719-64660b64a7d5 (type: ports) to 2
2026-04-12 21:54:13.272 10 INFO neutron.db.ovn_revision_numbers_db [req-b93d49dd-8542-45bf-b519-b87db121dc4c req-2ce58777-edaa-4f80-8aa4-c142a5f2e296 604f38dedab04366942f972aa856ac71 1bd2e5467d01435baa48dc817c8e3130 - - 93503bf48b7f40a88d62655bab932e37 93503bf48b7f40a88d62655bab932e37] Successfully bumped revision number for resource 3c27a491-0b77-4b57-9719-64660b64a7d5 (type: ports) to 2
2026-04-12 21:54:13.290 10 INFO neutron.wsgi [req-b93d49dd-8542-45bf-b519-b87db121dc4c req-2ce58777-edaa-4f80-8aa4-c142a5f2e296 604f38dedab04366942f972aa856ac71 1bd2e5467d01435baa48dc817c8e3130 - - 93503bf48b7f40a88d62655bab932e37 93503bf48b7f40a88d62655bab932e37] 199.204.45.144 "PUT /v2.0/ports/3c27a491-0b77-4b57-9719-64660b64a7d5 HTTP/1.1" status: 200 len: 1380 time: 0.7949493
2026-04-12 21:54:13.328 10 INFO neutron.notifiers.nova [-] Nova event matching ['req-b646439a-3efc-44cb-96a3-5e77697faea3'] response: {'name': 'network-changed', 'server_uuid': '40493c69-4b41-4f4e-ac2d-69c883582548', 'tag': '3c27a491-0b77-4b57-9719-64660b64a7d5', 'status': 'completed', 'code': 200} /var/lib/openstack/lib/python3.10/site-packages/pycadf/identifier.py:71: UserWarning: Invalid uuid: neutron. To ensure interoperability, identifiers should be a valid uuid. warnings.warn(('Invalid uuid: %s. To ensure interoperability, '
2026-04-12 21:54:13.374 10 INFO neutron.wsgi [req-b93d49dd-8542-45bf-b519-b87db121dc4c req-a4e90095-87fd-41e8-8e05-9a5565125b1e 604f38dedab04366942f972aa856ac71 1bd2e5467d01435baa48dc817c8e3130 - - 93503bf48b7f40a88d62655bab932e37 93503bf48b7f40a88d62655bab932e37] 199.204.45.144 "GET /v2.0/ports?tenant_id=b04b8345b51b4a3eb8a0ea4507d06e7c&device_id=40493c69-4b41-4f4e-ac2d-69c883582548 HTTP/1.1" status: 200 len: 1411 time: 0.0435951
2026-04-12 21:54:13.403 10 INFO neutron.wsgi [req-b93d49dd-8542-45bf-b519-b87db121dc4c req-6dbedda4-b0f1-4c0c-9c9b-15a73058e21b 604f38dedab04366942f972aa856ac71 1bd2e5467d01435baa48dc817c8e3130 - - 93503bf48b7f40a88d62655bab932e37 93503bf48b7f40a88d62655bab932e37] 199.204.45.144 "GET /v2.0/floatingips?fixed_ip_address=10.100.0.12&port_id=3c27a491-0b77-4b57-9719-64660b64a7d5 HTTP/1.1" status: 200 len: 217 time: 0.0223851
2026-04-12 21:54:13.446 9 INFO neutron.wsgi [req-72c423e8-9b06-4c66-90e2-a66a0547b290 req-91456177-1ce6-4629-afe7-0d705b2f5062 9844f6e2a26b40a1bfe8306f6a445e58 b04b8345b51b4a3eb8a0ea4507d06e7c - - default default] 10.0.0.241 "GET /v2.0/ports?device_id=40493c69-4b41-4f4e-ac2d-69c883582548 HTTP/1.1" status: 200 len: 1172 time: 0.0510168
2026-04-12 21:54:13.449 10 INFO neutron.wsgi [req-b93d49dd-8542-45bf-b519-b87db121dc4c req-ae73ba77-12ed-42e4-8cf9-51502ef39556 604f38dedab04366942f972aa856ac71 1bd2e5467d01435baa48dc817c8e3130 - - 93503bf48b7f40a88d62655bab932e37 93503bf48b7f40a88d62655bab932e37] 199.204.45.144 "GET /v2.0/subnets?id=ecf49e3e-2512-4030-885c-a6634d664a8e HTTP/1.1" status: 200 len: 866 time: 0.0412629
2026-04-12 21:54:13.478 10 INFO neutron.wsgi [req-b93d49dd-8542-45bf-b519-b87db121dc4c req-4df73ae8-631f-46ba-b920-2526e4dd476f 604f38dedab04366942f972aa856ac71 1bd2e5467d01435baa48dc817c8e3130 - - 93503bf48b7f40a88d62655bab932e37 93503bf48b7f40a88d62655bab932e37] 199.204.45.144 "GET /v2.0/ports?network_id=9c70059f-2113-45dd-b2e0-e0c87ad1060f&device_owner=network%3Adhcp HTTP/1.1" status: 200 len: 210 time: 0.0177610
2026-04-12 21:54:13.505 9 WARNING neutron.plugins.ml2.drivers.ovn.mech_driver.ovsdb.ovn_client [None req-970bc591-b6c6-406a-8750-062f221bc339 - - - - - -] No hosting information found for port 4904582a-3b63-4f72-9bfe-365336e27e78: RuntimeError: No hosting information found for port 4904582a-3b63-4f72-9bfe-365336e27e78
2026-04-12 21:54:13.515 9 INFO neutron.wsgi [req-72c423e8-9b06-4c66-90e2-a66a0547b290 req-e70b52fe-76a0-4f0f-8be7-7c1a973d7d02 9844f6e2a26b40a1bfe8306f6a445e58 b04b8345b51b4a3eb8a0ea4507d06e7c - - default default] 10.0.0.241 "GET /v2.0/security-groups?id=f1cde818-9faa-46cc-b5bf-1cc666db541c&fields=id&fields=name HTTP/1.1" status: 200 len: 286 time: 0.0637650
2026-04-12 21:54:13.542 10 INFO neutron.wsgi [req-b93d49dd-8542-45bf-b519-b87db121dc4c req-d1e6a43e-75e2-4386-b9a5-3c1efd774546 604f38dedab04366942f972aa856ac71 1bd2e5467d01435baa48dc817c8e3130 - - 93503bf48b7f40a88d62655bab932e37 93503bf48b7f40a88d62655bab932e37] 199.204.45.144 "GET /v2.0/networks/9c70059f-2113-45dd-b2e0-e0c87ad1060f?fields=segments HTTP/1.1" status: 200 len: 212 time: 0.0586002
2026-04-12 21:54:13.603 10 INFO neutron.wsgi [req-b93d49dd-8542-45bf-b519-b87db121dc4c req-dec8d21b-bfef-49db-a6b4-935c6fcd280d 604f38dedab04366942f972aa856ac71 1bd2e5467d01435baa48dc817c8e3130 - - 93503bf48b7f40a88d62655bab932e37 93503bf48b7f40a88d62655bab932e37] 199.204.45.144 "GET /v2.0/networks/9c70059f-2113-45dd-b2e0-e0c87ad1060f?fields=provider%3Aphysical_network&fields=provider%3Anetwork_type HTTP/1.1" status: 200 len: 277 time: 0.0563791
2026-04-12 21:54:13.692 10 INFO neutron.wsgi [req-73731165-de73-4c42-85db-4dfdb5b16c3b req-e8947b12-4c07-4127-af7b-b739ac27c4d0 604f38dedab04366942f972aa856ac71 1bd2e5467d01435baa48dc817c8e3130 - - 93503bf48b7f40a88d62655bab932e37 93503bf48b7f40a88d62655bab932e37] 199.204.45.144 "GET /v2.0/ports?tenant_id=b04b8345b51b4a3eb8a0ea4507d06e7c&device_id=40493c69-4b41-4f4e-ac2d-69c883582548 HTTP/1.1" status: 200 len: 1411 time: 0.0420032
2026-04-12 21:54:13.744 10 INFO neutron.wsgi [req-73731165-de73-4c42-85db-4dfdb5b16c3b req-432357c9-b67e-4975-85f2-a2a6c842ddec 604f38dedab04366942f972aa856ac71 1bd2e5467d01435baa48dc817c8e3130 - - 93503bf48b7f40a88d62655bab932e37 93503bf48b7f40a88d62655bab932e37] 199.204.45.144 "GET /v2.0/networks?id=9c70059f-2113-45dd-b2e0-e0c87ad1060f HTTP/1.1" status: 200 len: 971 time: 0.0483859
2026-04-12 21:54:13.782 10 INFO neutron.wsgi [req-73731165-de73-4c42-85db-4dfdb5b16c3b req-8eb17d52-85e3-4b90-8d71-e9459f9df82b 604f38dedab04366942f972aa856ac71 1bd2e5467d01435baa48dc817c8e3130 - - 93503bf48b7f40a88d62655bab932e37 93503bf48b7f40a88d62655bab932e37] 199.204.45.144 "GET /v2.0/floatingips?fixed_ip_address=10.100.0.12&port_id=3c27a491-0b77-4b57-9719-64660b64a7d5 HTTP/1.1" status: 200 len: 217 time: 0.0289977
2026-04-12 21:54:13.804 10 INFO neutron.plugins.ml2.drivers.ovn.mech_driver.mech_driver [None req-f3be13e7-fce4-4559-8475-7f00d676cfbd - - - - - -] OVN reports status up for port: 3c27a491-0b77-4b57-9719-64660b64a7d5
2026-04-12 21:54:13.829 10 INFO neutron.plugins.ml2.plugin [None req-f3be13e7-fce4-4559-8475-7f00d676cfbd - - - - - -] Attempt 1 to provision port 3c27a491-0b77-4b57-9719-64660b64a7d5
2026-04-12 21:54:13.844 10 INFO neutron.wsgi [req-73731165-de73-4c42-85db-4dfdb5b16c3b req-58edccaa-4da2-4129-9ac3-d5386a325353 604f38dedab04366942f972aa856ac71 1bd2e5467d01435baa48dc817c8e3130 - - 93503bf48b7f40a88d62655bab932e37 93503bf48b7f40a88d62655bab932e37] 199.204.45.144 "GET /v2.0/subnets?id=ecf49e3e-2512-4030-885c-a6634d664a8e HTTP/1.1" status: 200 len: 866 time: 0.0511765
2026-04-12 21:54:13.868 10 INFO neutron.wsgi [req-73731165-de73-4c42-85db-4dfdb5b16c3b req-1543c78e-ba53-4292-b018-10b7b5a1a013 604f38dedab04366942f972aa856ac71 1bd2e5467d01435baa48dc817c8e3130 - - 93503bf48b7f40a88d62655bab932e37 93503bf48b7f40a88d62655bab932e37] 199.204.45.144 "GET /v2.0/ports?network_id=9c70059f-2113-45dd-b2e0-e0c87ad1060f&device_owner=network%3Adhcp HTTP/1.1" status: 200 len: 210 time: 0.0171914
2026-04-12 21:54:13.952 10 INFO neutron.wsgi [req-73731165-de73-4c42-85db-4dfdb5b16c3b req-20af2a80-e99a-48f2-9e9c-36a2623a39f1 604f38dedab04366942f972aa856ac71 1bd2e5467d01435baa48dc817c8e3130 - - 93503bf48b7f40a88d62655bab932e37 93503bf48b7f40a88d62655bab932e37] 199.204.45.144 "GET /v2.0/networks/9c70059f-2113-45dd-b2e0-e0c87ad1060f?fields=segments HTTP/1.1" status: 200 len: 212 time: 0.0775516
2026-04-12 21:54:14.040 10 INFO neutron.wsgi [req-73731165-de73-4c42-85db-4dfdb5b16c3b req-b584a969-93ec-4673-9dc3-91d66473e444 604f38dedab04366942f972aa856ac71 1bd2e5467d01435baa48dc817c8e3130 - - 93503bf48b7f40a88d62655bab932e37 93503bf48b7f40a88d62655bab932e37] 199.204.45.144 "GET /v2.0/networks/9c70059f-2113-45dd-b2e0-e0c87ad1060f?fields=provider%3Aphysical_network&fields=provider%3Anetwork_type HTTP/1.1" status: 200 len: 277 time: 0.0763965
2026-04-12 21:54:14.188 10 INFO neutron.db.ovn_revision_numbers_db [None req-f3be13e7-fce4-4559-8475-7f00d676cfbd - - - - - -] Successfully bumped revision number for resource 3c27a491-0b77-4b57-9719-64660b64a7d5 (type: ports) to 4 /var/lib/openstack/lib/python3.10/site-packages/pycadf/identifier.py:71: UserWarning: Invalid uuid: neutron. To ensure interoperability, identifiers should be a valid uuid. warnings.warn(('Invalid uuid: %s. To ensure interoperability, '
2026-04-12 21:54:14.705 10 INFO neutron.wsgi [req-2c11ae22-878e-4a58-bf0b-d4c622ebd075 req-c040600f-cd1d-4c68-b11e-98ca9bae34ed 9844f6e2a26b40a1bfe8306f6a445e58 b04b8345b51b4a3eb8a0ea4507d06e7c - - default default] 10.0.0.241 "GET /v2.0/ports?device_id=40493c69-4b41-4f4e-ac2d-69c883582548 HTTP/1.1" status: 200 len: 1174 time: 0.1110919
2026-04-12 21:54:14.760 10 INFO neutron.wsgi [req-2c11ae22-878e-4a58-bf0b-d4c622ebd075 req-29dd03b3-1177-44c9-84d4-18e9cadafa6e 9844f6e2a26b40a1bfe8306f6a445e58 b04b8345b51b4a3eb8a0ea4507d06e7c - - default default] 10.0.0.241 "GET /v2.0/security-groups?id=f1cde818-9faa-46cc-b5bf-1cc666db541c&fields=id&fields=name HTTP/1.1" status: 200 len: 286 time: 0.0472791
2026-04-12 21:54:15.393 10 INFO neutron.notifiers.nova [-] Nova event matching ['req-921d87b2-3746-48fd-b994-208ca8a50f7c'] response: {'server_uuid': '40493c69-4b41-4f4e-ac2d-69c883582548', 'name': 'network-vif-plugged', 'status': 'completed', 'tag': '3c27a491-0b77-4b57-9719-64660b64a7d5', 'code': 200}
2026-04-12 21:54:15.393 10 INFO neutron.notifiers.nova [-] Nova event matching ['req-921d87b2-3746-48fd-b994-208ca8a50f7c'] response: {'server_uuid': '40493c69-4b41-4f4e-ac2d-69c883582548', 'name': 'network-vif-plugged', 'status': 'completed', 'tag': '3c27a491-0b77-4b57-9719-64660b64a7d5', 'code': 200}
2026-04-12 21:54:15.896 10 INFO neutron.wsgi [req-80ba4abe-c0f0-4739-8131-44f5db3d536e req-c9aec8e6-613e-469c-a25e-fb03b6f4843a 9844f6e2a26b40a1bfe8306f6a445e58 b04b8345b51b4a3eb8a0ea4507d06e7c - - default default] 10.0.0.241 "GET /v2.0/ports?device_id=40493c69-4b41-4f4e-ac2d-69c883582548 HTTP/1.1" status: 200 len: 1174 time: 0.0534394
2026-04-12 21:54:15.948 10 INFO neutron.wsgi [req-80ba4abe-c0f0-4739-8131-44f5db3d536e req-171a5950-aef0-4a12-851b-4e6ec60be3fc 9844f6e2a26b40a1bfe8306f6a445e58 b04b8345b51b4a3eb8a0ea4507d06e7c - - default default] 10.0.0.241 "GET /v2.0/security-groups?id=f1cde818-9faa-46cc-b5bf-1cc666db541c&fields=id&fields=name HTTP/1.1" status: 200 len: 286 time: 0.0439982
