Apr 25 16:14:33.976664 np0000170196 neutron-periodic-workers[105807]: DEBUG cotyledon.oslo_config_glue [-] database.connection = **** {{(pid=105807) log_opt_values /opt/stack/data/venv/lib/python3.12/site-packages/oslo_config/cfg.py:3006}}
Apr 25 16:14:33.976716 np0000170196 neutron-periodic-workers[105807]: DEBUG cotyledon.oslo_config_glue [-] database.connection_debug = 0 {{(pid=105807) log_opt_values /opt/stack/data/venv/lib/python3.12/site-packages/oslo_config/cfg.py:3006}}
Apr 25 16:14:33.976767 np0000170196 neutron-periodic-workers[105807]: DEBUG cotyledon.oslo_config_glue [-] database.connection_parameters = {{(pid=105807) log_opt_values /opt/stack/data/venv/lib/python3.12/site-packages/oslo_config/cfg.py:3006}}
Apr 25 16:14:33.976819 np0000170196 neutron-periodic-workers[105807]: DEBUG cotyledon.oslo_config_glue [-] database.connection_recycle_time = 3600 {{(pid=105807) log_opt_values /opt/stack/data/venv/lib/python3.12/site-packages/oslo_config/cfg.py:3006}}
Apr 25 16:14:33.976900 np0000170196 neutron-periodic-workers[105807]: DEBUG cotyledon.oslo_config_glue [-] database.connection_trace = False {{(pid=105807) log_opt_values /opt/stack/data/venv/lib/python3.12/site-packages/oslo_config/cfg.py:3006}}
Apr 25 16:14:33.976900 np0000170196 neutron-periodic-workers[105807]: DEBUG cotyledon.oslo_config_glue [-] database.db_inc_retry_interval = True {{(pid=105807) log_opt_values /opt/stack/data/venv/lib/python3.12/site-packages/oslo_config/cfg.py:3006}}
Apr 25 16:14:33.977048 np0000170196 neutron-periodic-workers[105807]: DEBUG cotyledon.oslo_config_glue [-] database.db_max_retries = 20 {{(pid=105807) log_opt_values /opt/stack/data/venv/lib/python3.12/site-packages/oslo_config/cfg.py:3006}}
Apr 25 16:14:33.977048 np0000170196 neutron-periodic-workers[105807]: DEBUG cotyledon.oslo_config_glue [-] database.db_max_retry_interval = 10 {{(pid=105807) log_opt_values /opt/stack/data/venv/lib/python3.12/site-packages/oslo_config/cfg.py:3006}}
Apr 25 16:14:33.977048 np0000170196 neutron-periodic-workers[105807]: DEBUG cotyledon.oslo_config_glue [-] database.db_retry_interval = 1 {{(pid=105807) log_opt_values /opt/stack/data/venv/lib/python3.12/site-packages/oslo_config/cfg.py:3006}}
Apr 25 16:14:33.977048 np0000170196 neutron-periodic-workers[105807]: DEBUG cotyledon.oslo_config_glue [-] database.max_overflow = 50 {{(pid=105807) log_opt_values /opt/stack/data/venv/lib/python3.12/site-packages/oslo_config/cfg.py:3006}}
Apr 25 16:14:33.977274 np0000170196 neutron-periodic-workers[105807]: DEBUG cotyledon.oslo_config_glue [-] database.max_pool_size = 5 {{(pid=105807) log_opt_values /opt/stack/data/venv/lib/python3.12/site-packages/oslo_config/cfg.py:3006}}
Apr 25 16:14:33.977274 np0000170196 neutron-periodic-workers[105807]: DEBUG cotyledon.oslo_config_glue [-] database.max_retries = 10 {{(pid=105807) log_opt_values /opt/stack/data/venv/lib/python3.12/site-packages/oslo_config/cfg.py:3006}}
Apr 25 16:14:33.977274 np0000170196 neutron-periodic-workers[105807]: DEBUG cotyledon.oslo_config_glue [-] database.mysql_sql_mode = TRADITIONAL {{(pid=105807) log_opt_values /opt/stack/data/venv/lib/python3.12/site-packages/oslo_config/cfg.py:3006}}
Apr 25 16:14:33.977274 np0000170196 neutron-periodic-workers[105807]: DEBUG cotyledon.oslo_config_glue [-] database.mysql_wsrep_sync_wait = None {{(pid=105807) log_opt_values /opt/stack/data/venv/lib/python3.12/site-packages/oslo_config/cfg.py:3006}}
Apr 25 16:14:33.977274 np0000170196 neutron-periodic-workers[105807]: DEBUG cotyledon.oslo_config_glue [-] database.pool_timeout = None {{(pid=105807) log_opt_values /opt/stack/data/venv/lib/python3.12/site-packages/oslo_config/cfg.py:3006}}
Apr 25 16:14:33.977439 np0000170196 neutron-periodic-workers[105807]: DEBUG cotyledon.oslo_config_glue [-] database.retry_interval = 10 {{(pid=105807) log_opt_values /opt/stack/data/venv/lib/python3.12/site-packages/oslo_config/cfg.py:3006}}
Apr 25 16:14:33.977439 np0000170196 neutron-periodic-workers[105807]: DEBUG cotyledon.oslo_config_glue [-] database.slave_connection = **** {{(pid=105807) log_opt_values /opt/stack/data/venv/lib/python3.12/site-packages/oslo_config/cfg.py:3006}}
Apr 25 16:14:33.977439 np0000170196 neutron-periodic-workers[105807]: DEBUG cotyledon.oslo_config_glue [-] database.sqlite_synchronous = True {{(pid=105807) log_opt_values /opt/stack/data/venv/lib/python3.12/site-packages/oslo_config/cfg.py:3006}}
Apr 25 16:14:33.977439 np0000170196 neutron-periodic-workers[105807]: DEBUG cotyledon.oslo_config_glue [-] database.synchronous_reader = True {{(pid=105807) log_opt_values /opt/stack/data/venv/lib/python3.12/site-packages/oslo_config/cfg.py:3006}}
Apr 25 16:14:33.977620 np0000170196 neutron-periodic-workers[105807]: DEBUG cotyledon.oslo_config_glue [-] database.use_db_reconnect = False {{(pid=105807) log_opt_values /opt/stack/data/venv/lib/python3.12/site-packages/oslo_config/cfg.py:3006}}
Apr 25 16:14:33.977620 np0000170196 neutron-periodic-workers[105807]: DEBUG cotyledon.oslo_config_glue [-] ovn.bfd_min_rx = 1000 {{(pid=105807) log_opt_values /opt/stack/data/venv/lib/python3.12/site-packages/oslo_config/cfg.py:3006}}
Apr 25 16:14:33.977620 np0000170196 neutron-periodic-workers[105807]: DEBUG cotyledon.oslo_config_glue [-] ovn.bfd_min_tx = 100 {{(pid=105807) log_opt_values /opt/stack/data/venv/lib/python3.12/site-packages/oslo_config/cfg.py:3006}}
Apr 25 16:14:33.977620 np0000170196 neutron-periodic-workers[105807]: DEBUG cotyledon.oslo_config_glue [-] ovn.bfd_mult = 3 {{(pid=105807) log_opt_values /opt/stack/data/venv/lib/python3.12/site-packages/oslo_config/cfg.py:3006}}
Apr 25 16:14:33.977737 np0000170196 neutron-periodic-workers[105807]: DEBUG cotyledon.oslo_config_glue [-] ovn.broadcast_arps_to_all_routers = True {{(pid=105807) log_opt_values /opt/stack/data/venv/lib/python3.12/site-packages/oslo_config/cfg.py:3006}}
Apr 25 16:14:33.977737 np0000170196 neutron-periodic-workers[105807]: DEBUG cotyledon.oslo_config_glue [-] ovn.dhcp_default_lease_time = 43200 {{(pid=105807) log_opt_values /opt/stack/data/venv/lib/python3.12/site-packages/oslo_config/cfg.py:3006}}
Apr 25 16:14:33.977737 np0000170196 neutron-periodic-workers[105807]: DEBUG cotyledon.oslo_config_glue [-] ovn.disable_ovn_dhcp_for_baremetal_ports = False {{(pid=105807) log_opt_values /opt/stack/data/venv/lib/python3.12/site-packages/oslo_config/cfg.py:3006}}
Apr 25 16:14:33.977870 np0000170196 neutron-periodic-workers[105807]: DEBUG cotyledon.oslo_config_glue [-] ovn.dns_records_ovn_owned = False {{(pid=105807) log_opt_values /opt/stack/data/venv/lib/python3.12/site-packages/oslo_config/cfg.py:3006}}
Apr 25 16:14:33.977870 np0000170196 neutron-periodic-workers[105807]: DEBUG cotyledon.oslo_config_glue [-] ovn.dns_servers = [] {{(pid=105807) log_opt_values /opt/stack/data/venv/lib/python3.12/site-packages/oslo_config/cfg.py:3006}}
Apr 25 16:14:33.977870 np0000170196 neutron-periodic-workers[105807]: DEBUG cotyledon.oslo_config_glue [-] ovn.enable_distributed_floating_ip = False {{(pid=105807) log_opt_values /opt/stack/data/venv/lib/python3.12/site-packages/oslo_config/cfg.py:3006}}
Apr 25 16:14:33.977870 np0000170196 neutron-periodic-workers[105807]: DEBUG cotyledon.oslo_config_glue [-] ovn.fdb_age_threshold = 300 {{(pid=105807) log_opt_values /opt/stack/data/venv/lib/python3.12/site-packages/oslo_config/cfg.py:3006}}
Apr 25 16:14:33.977975 np0000170196 neutron-periodic-workers[105807]: DEBUG cotyledon.oslo_config_glue [-] ovn.ha_failover_strategy = normal {{(pid=105807) log_opt_values /opt/stack/data/venv/lib/python3.12/site-packages/oslo_config/cfg.py:3006}}
Apr 25 16:14:33.977975 np0000170196 neutron-periodic-workers[105807]: DEBUG cotyledon.oslo_config_glue [-] ovn.live_migration_activation_strategy = rarp {{(pid=105807) log_opt_values /opt/stack/data/venv/lib/python3.12/site-packages/oslo_config/cfg.py:3006}}
Apr 25 16:14:33.977975 np0000170196 neutron-periodic-workers[105807]: DEBUG cotyledon.oslo_config_glue [-] ovn.localnet_learn_fdb = False {{(pid=105807) log_opt_values /opt/stack/data/venv/lib/python3.12/site-packages/oslo_config/cfg.py:3006}}
Apr 25 16:14:33.978143 np0000170196 neutron-periodic-workers[105807]: DEBUG cotyledon.oslo_config_glue [-] ovn.mac_binding_age_threshold = 300 {{(pid=105807) log_opt_values /opt/stack/data/venv/lib/python3.12/site-packages/oslo_config/cfg.py:3006}}
Apr 25 16:14:33.978143 np0000170196 neutron-periodic-workers[105807]: DEBUG cotyledon.oslo_config_glue [-] ovn.neutron_sync_mode = log {{(pid=105807) log_opt_values /opt/stack/data/venv/lib/python3.12/site-packages/oslo_config/cfg.py:3006}}
Apr 25 16:14:33.978242 np0000170196 neutron-periodic-workers[105807]: DEBUG cotyledon.oslo_config_glue [-] ovn.ovn_dhcp4_global_options = {} {{(pid=105807) log_opt_values /opt/stack/data/venv/lib/python3.12/site-packages/oslo_config/cfg.py:3006}}
Apr 25 16:14:33.978242 np0000170196 neutron-periodic-workers[105807]: DEBUG cotyledon.oslo_config_glue [-] ovn.ovn_dhcp6_global_options = {} {{(pid=105807) log_opt_values /opt/stack/data/venv/lib/python3.12/site-packages/oslo_config/cfg.py:3006}}
Apr 25 16:14:33.978242 np0000170196 neutron-periodic-workers[105807]: DEBUG cotyledon.oslo_config_glue [-] ovn.ovn_l3_scheduler = leastloaded {{(pid=105807) log_opt_values /opt/stack/data/venv/lib/python3.12/site-packages/oslo_config/cfg.py:3006}}
Apr 25 16:14:33.978413 np0000170196 neutron-periodic-workers[105807]: DEBUG cotyledon.oslo_config_glue [-] ovn.ovn_metadata_enabled = True {{(pid=105807) log_opt_values /opt/stack/data/venv/lib/python3.12/site-packages/oslo_config/cfg.py:3006}}
Apr 25 16:14:33.978413 np0000170196 neutron-periodic-workers[105807]: DEBUG cotyledon.oslo_config_glue [-] ovn.ovn_nb_ca_cert = /opt/stack/data/CA/int-ca/ca-chain.pem {{(pid=105807) log_opt_values /opt/stack/data/venv/lib/python3.12/site-packages/oslo_config/cfg.py:3006}}
Apr 25 16:14:33.978413 np0000170196 neutron-periodic-workers[105807]: DEBUG cotyledon.oslo_config_glue [-] ovn.ovn_nb_certificate = /opt/stack/data/CA/int-ca/devstack-cert.crt {{(pid=105807) log_opt_values /opt/stack/data/venv/lib/python3.12/site-packages/oslo_config/cfg.py:3006}}
Apr 25 16:14:33.978413 np0000170196 neutron-periodic-workers[105807]: DEBUG cotyledon.oslo_config_glue [-] ovn.ovn_nb_connection = ['ssl:199.204.45.113:6641'] {{(pid=105807) log_opt_values /opt/stack/data/venv/lib/python3.12/site-packages/oslo_config/cfg.py:3006}}
Apr 25 16:14:33.978557 np0000170196 neutron-periodic-workers[105807]: DEBUG cotyledon.oslo_config_glue [-] ovn.ovn_nb_private_key = /opt/stack/data/CA/int-ca/private/devstack-cert.key {{(pid=105807) log_opt_values /opt/stack/data/venv/lib/python3.12/site-packages/oslo_config/cfg.py:3006}}
Apr 25 16:14:33.978557 np0000170196 neutron-periodic-workers[105807]: DEBUG cotyledon.oslo_config_glue [-] ovn.ovn_router_indirect_snat = False {{(pid=105807) log_opt_values /opt/stack/data/venv/lib/python3.12/site-packages/oslo_config/cfg.py:3006}}
Apr 25 16:14:33.978557 np0000170196 neutron-periodic-workers[105807]: DEBUG cotyledon.oslo_config_glue [-] ovn.ovn_sb_ca_cert = /opt/stack/data/CA/int-ca/ca-chain.pem {{(pid=105807) log_opt_values /opt/stack/data/venv/lib/python3.12/site-packages/oslo_config/cfg.py:3006}}
Apr 25 16:14:33.978557 np0000170196 neutron-periodic-workers[105807]: DEBUG cotyledon.oslo_config_glue [-] ovn.ovn_sb_certificate = /opt/stack/data/CA/int-ca/devstack-cert.crt {{(pid=105807) log_opt_values /opt/stack/data/venv/lib/python3.12/site-packages/oslo_config/cfg.py:3006}}
Apr 25 16:14:33.978764 np0000170196 neutron-periodic-workers[105807]: DEBUG cotyledon.oslo_config_glue [-] ovn.ovn_sb_connection = ['ssl:199.204.45.113:6642'] {{(pid=105807) log_opt_values /opt/stack/data/venv/lib/python3.12/site-packages/oslo_config/cfg.py:3006}}
Apr 25 16:14:33.978764 np0000170196 neutron-periodic-workers[105807]: DEBUG cotyledon.oslo_config_glue [-] ovn.ovn_sb_private_key = /opt/stack/data/CA/int-ca/private/devstack-cert.key {{(pid=105807) log_opt_values /opt/stack/data/venv/lib/python3.12/site-packages/oslo_config/cfg.py:3006}}
Apr 25 16:14:33.978764 np0000170196 neutron-periodic-workers[105807]: DEBUG cotyledon.oslo_config_glue [-] ovn.ovs_create_tap = False {{(pid=105807) log_opt_values /opt/stack/data/venv/lib/python3.12/site-packages/oslo_config/cfg.py:3006}}
Apr 25 16:14:33.978764 np0000170196 neutron-periodic-workers[105807]: DEBUG cotyledon.oslo_config_glue [-] ovn.ovsdb_connection_timeout = 180 {{(pid=105807) log_opt_values /opt/stack/data/venv/lib/python3.12/site-packages/oslo_config/cfg.py:3006}}
Apr 25 16:14:33.978764 np0000170196 neutron-periodic-workers[105807]: DEBUG cotyledon.oslo_config_glue [-] ovn.ovsdb_log_level = INFO {{(pid=105807) log_opt_values /opt/stack/data/venv/lib/python3.12/site-packages/oslo_config/cfg.py:3006}}
Apr 25 16:14:33.978993 np0000170196 neutron-periodic-workers[105807]: DEBUG cotyledon.oslo_config_glue [-] ovn.ovsdb_probe_interval = 60000 {{(pid=105807) log_opt_values /opt/stack/data/venv/lib/python3.12/site-packages/oslo_config/cfg.py:3006}}
Apr 25 16:14:33.978993 np0000170196 neutron-periodic-workers[105807]: DEBUG cotyledon.oslo_config_glue [-] ovn.ovsdb_retry_max_interval = 180 {{(pid=105807) log_opt_values /opt/stack/data/venv/lib/python3.12/site-packages/oslo_config/cfg.py:3006}}
Apr 25 16:14:33.978993 np0000170196 neutron-periodic-workers[105807]: DEBUG cotyledon.oslo_config_glue [-] ovn.stateless_nat_enabled = False {{(pid=105807) log_opt_values /opt/stack/data/venv/lib/python3.12/site-packages/oslo_config/cfg.py:3006}}
Apr 25 16:14:33.978993 np0000170196 neutron-periodic-workers[105807]: DEBUG cotyledon.oslo_config_glue [-] ovn.vhost_sock_dir = /var/run/openvswitch {{(pid=105807) log_opt_values /opt/stack/data/venv/lib/python3.12/site-packages/oslo_config/cfg.py:3006}}
Apr 25 16:14:33.978993 np0000170196 neutron-periodic-workers[105807]: DEBUG cotyledon.oslo_config_glue [-] OVS.bridge_mac_table_size = 50000 {{(pid=105807) log_opt_values /opt/stack/data/venv/lib/python3.12/site-packages/oslo_config/cfg.py:3006}}
Apr 25 16:14:33.978993 np0000170196 neutron-periodic-workers[105807]: DEBUG cotyledon.oslo_config_glue [-] OVS.igmp_flood = False {{(pid=105807) log_opt_values /opt/stack/data/venv/lib/python3.12/site-packages/oslo_config/cfg.py:3006}}
Apr 25 16:14:33.979248 np0000170196 neutron-periodic-workers[105807]: DEBUG cotyledon.oslo_config_glue [-] OVS.igmp_flood_reports = True {{(pid=105807) log_opt_values /opt/stack/data/venv/lib/python3.12/site-packages/oslo_config/cfg.py:3006}}
Apr 25 16:14:33.979248 np0000170196 neutron-periodic-workers[105807]: DEBUG cotyledon.oslo_config_glue [-] OVS.igmp_flood_unregistered = False {{(pid=105807) log_opt_values /opt/stack/data/venv/lib/python3.12/site-packages/oslo_config/cfg.py:3006}}
Apr 25 16:14:33.979248 np0000170196 neutron-periodic-workers[105807]: DEBUG cotyledon.oslo_config_glue [-] OVS.igmp_snooping_enable = False {{(pid=105807) log_opt_values /opt/stack/data/venv/lib/python3.12/site-packages/oslo_config/cfg.py:3006}}
Apr 25 16:14:33.979248 np0000170196 neutron-periodic-workers[105807]: DEBUG cotyledon.oslo_config_glue [-] OVS.ovsdb_timeout = 10 {{(pid=105807) log_opt_values /opt/stack/data/venv/lib/python3.12/site-packages/oslo_config/cfg.py:3006}}
Apr 25 16:14:33.979248 np0000170196 neutron-periodic-workers[105807]: DEBUG cotyledon.oslo_config_glue [-] ovn_nb_global.fdb_removal_limit = 0 {{(pid=105807) log_opt_values /opt/stack/data/venv/lib/python3.12/site-packages/oslo_config/cfg.py:3006}}
Apr 25 16:14:33.979475 np0000170196 neutron-periodic-workers[105807]: DEBUG cotyledon.oslo_config_glue [-] ovn_nb_global.ignore_lsp_down = False {{(pid=105807) log_opt_values /opt/stack/data/venv/lib/python3.12/site-packages/oslo_config/cfg.py:3006}}
Apr 25 16:14:33.979475 np0000170196 neutron-periodic-workers[105807]: DEBUG cotyledon.oslo_config_glue [-] ovn_nb_global.mac_binding_removal_limit = 0 {{(pid=105807) log_opt_values /opt/stack/data/venv/lib/python3.12/site-packages/oslo_config/cfg.py:3006}}
Apr 25 16:14:33.979475 np0000170196 neutron-periodic-workers[105807]: DEBUG cotyledon.oslo_config_glue [-] ******************************************************************************** {{(pid=105807) log_opt_values /opt/stack/data/venv/lib/python3.12/site-packages/oslo_config/cfg.py:3013}}
Apr 25 16:14:33.979587 np0000170196 neutron-periodic-workers[105807]: DEBUG cotyledon._service_worker [-] Run service ServiceWrapper(0) [105807] {{(pid=105807) wait_forever /opt/stack/data/venv/lib/python3.12/site-packages/cotyledon/_service_worker.py:218}}
Apr 25 16:14:43.612401 np0000170196 neutron-periodic-workers[105092]: DEBUG dbcounter [-] [105092] Writing DB stats neutron:SELECT=4 {{(pid=105092) stat_writer /opt/stack/data/venv/lib/python3.12/site-packages/dbcounter.py:115}}
Apr 25 16:15:11.935575 np0000170196 neutron-periodic-workers[105789]: DEBUG oslo_db.sqlalchemy.engines [None req-67945f5f-fa03-484b-bb5f-3e4f3cf4f087 None None] Parent process 105092 forked (105789) with an open database connection, which is being discarded and recreated. {{(pid=105789) checkout /opt/stack/data/venv/lib/python3.12/site-packages/oslo_db/sqlalchemy/engines.py:402}}
Apr 25 16:15:11.946140 np0000170196 neutron-periodic-workers[105789]: DEBUG dbcounter [-] [105789] Writer thread running {{(pid=105789) stat_writer /opt/stack/data/venv/lib/python3.12/site-packages/dbcounter.py:102}}
Apr 25 16:15:11.955190 np0000170196 neutron-periodic-workers[105789]: DEBUG oslo.service.backend._threading.loopingcall [None req-67945f5f-fa03-484b-bb5f-3e4f3cf4f087 None None] Fixed interval looping call 'neutron.plugins.ml2.plugin.DhcpAgentSchedulerDbMixin.remove_networks_from_down_agents' sleeping for 36.97 seconds {{(pid=105789) _run_loop /opt/stack/data/venv/lib/python3.12/site-packages/oslo_service/backend/_threading/loopingcall.py:125}}
Apr 25 16:15:13.963027 np0000170196 neutron-periodic-workers[105796]: DEBUG dbcounter [-] [105796] Writer thread running {{(pid=105796) stat_writer /opt/stack/data/venv/lib/python3.12/site-packages/dbcounter.py:102}}
Apr 25 16:15:13.966547 np0000170196 neutron-periodic-workers[105796]: DEBUG neutron.db.agents_db [None req-881672a4-297f-4fbc-80f0-aec50d2a2975 None None] Agent healthcheck: found 0 active agents {{(pid=105796) agent_health_check /opt/stack/neutron/neutron/db/agents_db.py:317}}
Apr 25 16:15:13.966749 np0000170196 neutron-periodic-workers[105796]: DEBUG oslo.service.backend._threading.loopingcall [None req-881672a4-297f-4fbc-80f0-aec50d2a2975 None None] Fixed interval looping call 'neutron.plugins.ml2.plugin.AgentDbMixin.agent_health_check' sleeping for 36.98 seconds {{(pid=105796) _run_loop /opt/stack/data/venv/lib/python3.12/site-packages/oslo_service/backend/_threading/loopingcall.py:125}}
Apr 25 16:15:21.953979 np0000170196 neutron-periodic-workers[105789]: DEBUG dbcounter [-] [105789] Writing DB stats neutron:SELECT=3 {{(pid=105789) stat_writer /opt/stack/data/venv/lib/python3.12/site-packages/dbcounter.py:115}}
Apr 25 16:15:23.964374 np0000170196 neutron-periodic-workers[105796]: DEBUG dbcounter [-] [105796] Writing DB stats neutron:SELECT=1 {{(pid=105796) stat_writer /opt/stack/data/venv/lib/python3.12/site-packages/dbcounter.py:115}}
Apr 25 16:15:48.939788 np0000170196 neutron-periodic-workers[105789]: DEBUG oslo.service.backend._threading.loopingcall [None req-67945f5f-fa03-484b-bb5f-3e4f3cf4f087 None None] Fixed interval looping call 'neutron.plugins.ml2.plugin.DhcpAgentSchedulerDbMixin.remove_networks_from_down_agents' sleeping for 36.99 seconds {{(pid=105789) _run_loop /opt/stack/data/venv/lib/python3.12/site-packages/oslo_service/backend/_threading/loopingcall.py:125}}
Apr 25 16:15:50.953346 np0000170196 neutron-periodic-workers[105796]: DEBUG neutron.db.agents_db [None req-881672a4-297f-4fbc-80f0-aec50d2a2975 None None] Agent healthcheck: found 0 active agents {{(pid=105796) agent_health_check /opt/stack/neutron/neutron/db/agents_db.py:317}}
Apr 25 16:15:50.954024 np0000170196 neutron-periodic-workers[105796]: DEBUG oslo.service.backend._threading.loopingcall [None req-881672a4-297f-4fbc-80f0-aec50d2a2975 None None] Fixed interval looping call 'neutron.plugins.ml2.plugin.AgentDbMixin.agent_health_check' sleeping for 36.99 seconds {{(pid=105796) _run_loop /opt/stack/data/venv/lib/python3.12/site-packages/oslo_service/backend/_threading/loopingcall.py:125}}
Apr 25 16:15:58.937102 np0000170196 neutron-periodic-workers[105789]: DEBUG dbcounter [-] [105789] Writing DB stats neutron:SELECT=3 {{(pid=105789) stat_writer /opt/stack/data/venv/lib/python3.12/site-packages/dbcounter.py:115}}
Apr 25 16:16:00.950973 np0000170196 neutron-periodic-workers[105796]: DEBUG dbcounter [-] [105796] Writing DB stats neutron:SELECT=1 {{(pid=105796) stat_writer /opt/stack/data/venv/lib/python3.12/site-packages/dbcounter.py:115}}
Apr 25 16:16:25.937199 np0000170196 neutron-periodic-workers[105789]: DEBUG oslo.service.backend._threading.loopingcall [None req-67945f5f-fa03-484b-bb5f-3e4f3cf4f087 None None] Fixed interval looping call 'neutron.plugins.ml2.plugin.DhcpAgentSchedulerDbMixin.remove_networks_from_down_agents' sleeping for 36.99 seconds {{(pid=105789) _run_loop /opt/stack/data/venv/lib/python3.12/site-packages/oslo_service/backend/_threading/loopingcall.py:125}}
Apr 25 16:16:27.949405 np0000170196 neutron-periodic-workers[105796]: DEBUG neutron.db.agents_db [None req-881672a4-297f-4fbc-80f0-aec50d2a2975 None None] Agent healthcheck: found 0 active agents {{(pid=105796) agent_health_check /opt/stack/neutron/neutron/db/agents_db.py:317}}
Apr 25 16:16:27.949909 np0000170196 neutron-periodic-workers[105796]: DEBUG oslo.service.backend._threading.loopingcall [None req-881672a4-297f-4fbc-80f0-aec50d2a2975 None None] Fixed interval looping call 'neutron.plugins.ml2.plugin.AgentDbMixin.agent_health_check' sleeping for 36.99 seconds {{(pid=105796) _run_loop /opt/stack/data/venv/lib/python3.12/site-packages/oslo_service/backend/_threading/loopingcall.py:125}}
Apr 25 16:16:34.002392 np0000170196 neutron-periodic-workers[105807]: DEBUG dbcounter [-] [105807] Writer thread running {{(pid=105807) stat_writer /opt/stack/data/venv/lib/python3.12/site-packages/dbcounter.py:102}}
Apr 25 16:16:34.004400 np0000170196 neutron-periodic-workers[105807]: DEBUG oslo.service.backend._threading.loopingcall [None req-c02dc2a1-1e2b-4147-907c-326a66e34b86 None None] Fixed interval looping call 'neutron.db.quota.driver_nolock.DbQuotaNoLockDriver._remove_expired_reservations' sleeping for 119.98 seconds {{(pid=105807) _run_loop /opt/stack/data/venv/lib/python3.12/site-packages/oslo_service/backend/_threading/loopingcall.py:125}}
Apr 25 16:16:35.936089 np0000170196 neutron-periodic-workers[105789]: DEBUG dbcounter [-] [105789] Writing DB stats neutron:SELECT=3 {{(pid=105789) stat_writer /opt/stack/data/venv/lib/python3.12/site-packages/dbcounter.py:115}}
Apr 25 16:16:37.947118 np0000170196 neutron-periodic-workers[105796]: DEBUG dbcounter [-] [105796] Writing DB stats neutron:SELECT=1 {{(pid=105796) stat_writer /opt/stack/data/venv/lib/python3.12/site-packages/dbcounter.py:115}}
Apr 25 16:16:52.948447 np0000170196 neutron-periodic-workers[105780]: DEBUG dbcounter [-] [105780] Writer thread running {{(pid=105780) stat_writer /opt/stack/data/venv/lib/python3.12/site-packages/dbcounter.py:102}}
Apr 25 16:16:52.957722 np0000170196 neutron-periodic-workers[105780]: DEBUG oslo.service.backend._threading.loopingcall [None req-5ded0799-c792-4586-b0b5-07d1a6a1b957 None None] Fixed interval looping call 'neutron.services.ovn_l3.plugin.L3_NAT_dbonly_mixin._clean_garbage' sleeping for 299.95 seconds {{(pid=105780) _run_loop /opt/stack/data/venv/lib/python3.12/site-packages/oslo_service/backend/_threading/loopingcall.py:125}}
Apr 25 16:16:54.003126 np0000170196 neutron-periodic-workers[105807]: DEBUG dbcounter [-] [105807] Writing DB stats neutron:DELETE=1 {{(pid=105807) stat_writer /opt/stack/data/venv/lib/python3.12/site-packages/dbcounter.py:115}}
Apr 25 16:17:02.936842 np0000170196 neutron-periodic-workers[105789]: DEBUG oslo.service.backend._threading.loopingcall [None req-67945f5f-fa03-484b-bb5f-3e4f3cf4f087 None None] Fixed interval looping call 'neutron.plugins.ml2.plugin.DhcpAgentSchedulerDbMixin.remove_networks_from_down_agents' sleeping for 36.99 seconds {{(pid=105789) _run_loop /opt/stack/data/venv/lib/python3.12/site-packages/oslo_service/backend/_threading/loopingcall.py:125}}
Apr 25 16:17:02.949165 np0000170196 neutron-periodic-workers[105780]: DEBUG dbcounter [-] [105780] Writing DB stats neutron:SELECT=1 {{(pid=105780) stat_writer /opt/stack/data/venv/lib/python3.12/site-packages/dbcounter.py:115}}
Apr 25 16:17:04.945196 np0000170196 neutron-periodic-workers[105796]: DEBUG neutron.db.agents_db [None req-881672a4-297f-4fbc-80f0-aec50d2a2975 None None] Agent healthcheck: found 0 active agents {{(pid=105796) agent_health_check /opt/stack/neutron/neutron/db/agents_db.py:317}}
Apr 25 16:17:04.946025 np0000170196 neutron-periodic-workers[105796]: DEBUG oslo.service.backend._threading.loopingcall [None req-881672a4-297f-4fbc-80f0-aec50d2a2975 None None] Fixed interval looping call 'neutron.plugins.ml2.plugin.AgentDbMixin.agent_health_check' sleeping for 36.99 seconds {{(pid=105796) _run_loop /opt/stack/data/venv/lib/python3.12/site-packages/oslo_service/backend/_threading/loopingcall.py:125}}
Apr 25 16:17:12.935659 np0000170196 neutron-periodic-workers[105789]: DEBUG dbcounter [-] [105789] Writing DB stats neutron:SELECT=3 {{(pid=105789) stat_writer /opt/stack/data/venv/lib/python3.12/site-packages/dbcounter.py:115}}
Apr 25 16:17:14.944050 np0000170196 neutron-periodic-workers[105796]: DEBUG dbcounter [-] [105796] Writing DB stats neutron:SELECT=1 {{(pid=105796) stat_writer /opt/stack/data/venv/lib/python3.12/site-packages/dbcounter.py:115}}
Apr 25 16:17:39.939121 np0000170196 neutron-periodic-workers[105789]: DEBUG oslo.service.backend._threading.loopingcall [None req-67945f5f-fa03-484b-bb5f-3e4f3cf4f087 None None] Fixed interval looping call 'neutron.plugins.ml2.plugin.DhcpAgentSchedulerDbMixin.remove_networks_from_down_agents' sleeping for 36.99 seconds {{(pid=105789) _run_loop /opt/stack/data/venv/lib/python3.12/site-packages/oslo_service/backend/_threading/loopingcall.py:125}}
Apr 25 16:17:41.940891 np0000170196 neutron-periodic-workers[105796]: DEBUG neutron.db.agents_db [None req-881672a4-297f-4fbc-80f0-aec50d2a2975 None None] Agent healthcheck: found 0 active agents {{(pid=105796) agent_health_check /opt/stack/neutron/neutron/db/agents_db.py:317}}
Apr 25 16:17:41.941412 np0000170196 neutron-periodic-workers[105796]: DEBUG oslo.service.backend._threading.loopingcall [None req-881672a4-297f-4fbc-80f0-aec50d2a2975 None None] Fixed interval looping call 'neutron.plugins.ml2.plugin.AgentDbMixin.agent_health_check' sleeping for 36.99 seconds {{(pid=105796) _run_loop /opt/stack/data/venv/lib/python3.12/site-packages/oslo_service/backend/_threading/loopingcall.py:125}}
Apr 25 16:17:49.938047 np0000170196 neutron-periodic-workers[105789]: DEBUG dbcounter [-] [105789] Writing DB stats neutron:SELECT=3 {{(pid=105789) stat_writer /opt/stack/data/venv/lib/python3.12/site-packages/dbcounter.py:115}}
Apr 25 16:17:51.940302 np0000170196 neutron-periodic-workers[105796]: DEBUG dbcounter [-] [105796] Writing DB stats neutron:SELECT=1 {{(pid=105796) stat_writer /opt/stack/data/venv/lib/python3.12/site-packages/dbcounter.py:115}}
Apr 25 16:18:16.939081 np0000170196 neutron-periodic-workers[105789]: DEBUG oslo.service.backend._threading.loopingcall [None req-67945f5f-fa03-484b-bb5f-3e4f3cf4f087 None None] Fixed interval looping call 'neutron.plugins.ml2.plugin.DhcpAgentSchedulerDbMixin.remove_networks_from_down_agents' sleeping for 36.99 seconds {{(pid=105789) _run_loop /opt/stack/data/venv/lib/python3.12/site-packages/oslo_service/backend/_threading/loopingcall.py:125}}
Apr 25 16:18:18.958047 np0000170196 neutron-periodic-workers[105796]: DEBUG neutron.db.agents_db [None req-881672a4-297f-4fbc-80f0-aec50d2a2975 None None] Agent healthcheck: found 0 active agents {{(pid=105796) agent_health_check /opt/stack/neutron/neutron/db/agents_db.py:317}}
Apr 25 16:18:18.958285 np0000170196 neutron-periodic-workers[105796]: DEBUG oslo.service.backend._threading.loopingcall [None req-881672a4-297f-4fbc-80f0-aec50d2a2975 None None] Fixed interval looping call 'neutron.plugins.ml2.plugin.AgentDbMixin.agent_health_check' sleeping for 37.00 seconds {{(pid=105796) _run_loop /opt/stack/data/venv/lib/python3.12/site-packages/oslo_service/backend/_threading/loopingcall.py:125}}
Apr 25 16:18:26.938452 np0000170196 neutron-periodic-workers[105789]: DEBUG dbcounter [-] [105789] Writing DB stats neutron:SELECT=3 {{(pid=105789) stat_writer /opt/stack/data/venv/lib/python3.12/site-packages/dbcounter.py:115}}
Apr 25 16:18:28.957184 np0000170196 neutron-periodic-workers[105796]: DEBUG dbcounter [-] [105796] Writing DB stats neutron:SELECT=1 {{(pid=105796) stat_writer /opt/stack/data/venv/lib/python3.12/site-packages/dbcounter.py:115}}
Apr 25 16:18:33.990405 np0000170196 neutron-periodic-workers[105807]: DEBUG oslo.service.backend._threading.loopingcall [None req-c02dc2a1-1e2b-4147-907c-326a66e34b86 None None] Fixed interval looping call 'neutron.db.quota.driver_nolock.DbQuotaNoLockDriver._remove_expired_reservations' sleeping for 120.00 seconds {{(pid=105807) _run_loop /opt/stack/data/venv/lib/python3.12/site-packages/oslo_service/backend/_threading/loopingcall.py:125}}
Apr 25 16:18:43.988903 np0000170196 neutron-periodic-workers[105807]: DEBUG dbcounter [-] [105807] Writing DB stats neutron:DELETE=1 {{(pid=105807) stat_writer /opt/stack/data/venv/lib/python3.12/site-packages/dbcounter.py:115}}
Apr 25 16:18:53.935760 np0000170196 neutron-periodic-workers[105789]: DEBUG oslo.service.backend._threading.loopingcall [None req-67945f5f-fa03-484b-bb5f-3e4f3cf4f087 None None] Fixed interval looping call 'neutron.plugins.ml2.plugin.DhcpAgentSchedulerDbMixin.remove_networks_from_down_agents' sleeping for 36.99 seconds {{(pid=105789) _run_loop /opt/stack/data/venv/lib/python3.12/site-packages/oslo_service/backend/_threading/loopingcall.py:125}}
Apr 25 16:18:55.962477 np0000170196 neutron-periodic-workers[105796]: DEBUG neutron.db.agents_db [None req-881672a4-297f-4fbc-80f0-aec50d2a2975 None None] Agent healthcheck: found 0 active agents {{(pid=105796) agent_health_check /opt/stack/neutron/neutron/db/agents_db.py:317}}
Apr 25 16:18:55.963026 np0000170196 neutron-periodic-workers[105796]: DEBUG oslo.service.backend._threading.loopingcall [None req-881672a4-297f-4fbc-80f0-aec50d2a2975 None None] Fixed interval looping call 'neutron.plugins.ml2.plugin.AgentDbMixin.agent_health_check' sleeping for 37.00 seconds {{(pid=105796) _run_loop /opt/stack/data/venv/lib/python3.12/site-packages/oslo_service/backend/_threading/loopingcall.py:125}}
Apr 25 16:19:03.934839 np0000170196 neutron-periodic-workers[105789]: DEBUG dbcounter [-] [105789] Writing DB stats neutron:SELECT=3 {{(pid=105789) stat_writer /opt/stack/data/venv/lib/python3.12/site-packages/dbcounter.py:115}}
Apr 25 16:19:05.961276 np0000170196 neutron-periodic-workers[105796]: DEBUG dbcounter [-] [105796] Writing DB stats neutron:SELECT=1 {{(pid=105796) stat_writer /opt/stack/data/venv/lib/python3.12/site-packages/dbcounter.py:115}}
Apr 25 16:19:30.935107 np0000170196 neutron-periodic-workers[105789]: DEBUG oslo.service.backend._threading.loopingcall [None req-67945f5f-fa03-484b-bb5f-3e4f3cf4f087 None None] Fixed interval looping call 'neutron.plugins.ml2.plugin.DhcpAgentSchedulerDbMixin.remove_networks_from_down_agents' sleeping for 36.99 seconds {{(pid=105789) _run_loop /opt/stack/data/venv/lib/python3.12/site-packages/oslo_service/backend/_threading/loopingcall.py:125}}
Apr 25 16:19:32.968733 np0000170196 neutron-periodic-workers[105796]: DEBUG neutron.db.agents_db [None req-881672a4-297f-4fbc-80f0-aec50d2a2975 None None] Agent healthcheck: found 0 active agents {{(pid=105796) agent_health_check /opt/stack/neutron/neutron/db/agents_db.py:317}}
Apr 25 16:19:32.969622 np0000170196 neutron-periodic-workers[105796]: DEBUG oslo.service.backend._threading.loopingcall [None req-881672a4-297f-4fbc-80f0-aec50d2a2975 None None] Fixed interval looping call 'neutron.plugins.ml2.plugin.AgentDbMixin.agent_health_check' sleeping for 36.99 seconds {{(pid=105796) _run_loop /opt/stack/data/venv/lib/python3.12/site-packages/oslo_service/backend/_threading/loopingcall.py:125}}
Apr 25 16:19:40.932317 np0000170196 neutron-periodic-workers[105789]: DEBUG dbcounter [-] [105789] Writing DB stats neutron:SELECT=3 {{(pid=105789) stat_writer /opt/stack/data/venv/lib/python3.12/site-packages/dbcounter.py:115}}
Apr 25 16:19:42.967338 np0000170196 neutron-periodic-workers[105796]: DEBUG dbcounter [-] [105796] Writing DB stats neutron:SELECT=1 {{(pid=105796) stat_writer /opt/stack/data/venv/lib/python3.12/site-packages/dbcounter.py:115}}
Apr 25 16:20:07.932630 np0000170196 neutron-periodic-workers[105789]: DEBUG oslo.service.backend._threading.loopingcall [None req-67945f5f-fa03-484b-bb5f-3e4f3cf4f087 None None] Fixed interval looping call 'neutron.plugins.ml2.plugin.DhcpAgentSchedulerDbMixin.remove_networks_from_down_agents' sleeping for 36.99 seconds {{(pid=105789) _run_loop /opt/stack/data/venv/lib/python3.12/site-packages/oslo_service/backend/_threading/loopingcall.py:125}}
Apr 25 16:20:09.963784 np0000170196 neutron-periodic-workers[105796]: DEBUG neutron.db.agents_db [None req-881672a4-297f-4fbc-80f0-aec50d2a2975 None None] Agent healthcheck: found 0 active agents {{(pid=105796) agent_health_check /opt/stack/neutron/neutron/db/agents_db.py:317}}
Apr 25 16:20:09.964211 np0000170196 neutron-periodic-workers[105796]: DEBUG oslo.service.backend._threading.loopingcall [None req-881672a4-297f-4fbc-80f0-aec50d2a2975 None None] Fixed interval looping call 'neutron.plugins.ml2.plugin.AgentDbMixin.agent_health_check' sleeping for 37.00 seconds {{(pid=105796) _run_loop /opt/stack/data/venv/lib/python3.12/site-packages/oslo_service/backend/_threading/loopingcall.py:125}}
Apr 25 16:20:17.932159 np0000170196 neutron-periodic-workers[105789]: DEBUG dbcounter [-] [105789] Writing DB stats neutron:SELECT=3 {{(pid=105789) stat_writer /opt/stack/data/venv/lib/python3.12/site-packages/dbcounter.py:115}}
Apr 25 16:20:19.962452 np0000170196 neutron-periodic-workers[105796]: DEBUG dbcounter [-] [105796] Writing DB stats neutron:SELECT=1 {{(pid=105796) stat_writer /opt/stack/data/venv/lib/python3.12/site-packages/dbcounter.py:115}}
Apr 25 16:20:33.995427 np0000170196 neutron-periodic-workers[105807]: DEBUG oslo.service.backend._threading.loopingcall [None req-c02dc2a1-1e2b-4147-907c-326a66e34b86 None None] Fixed interval looping call 'neutron.db.quota.driver_nolock.DbQuotaNoLockDriver._remove_expired_reservations' sleeping for 120.00 seconds {{(pid=105807) _run_loop /opt/stack/data/venv/lib/python3.12/site-packages/oslo_service/backend/_threading/loopingcall.py:125}}
Apr 25 16:20:43.994079 np0000170196 neutron-periodic-workers[105807]: DEBUG dbcounter [-] [105807] Writing DB stats neutron:DELETE=1 {{(pid=105807) stat_writer /opt/stack/data/venv/lib/python3.12/site-packages/dbcounter.py:115}}
Apr 25 16:20:44.930256 np0000170196 neutron-periodic-workers[105789]: DEBUG oslo.service.backend._threading.loopingcall [None req-67945f5f-fa03-484b-bb5f-3e4f3cf4f087 None None] Fixed interval looping call 'neutron.plugins.ml2.plugin.DhcpAgentSchedulerDbMixin.remove_networks_from_down_agents' sleeping for 36.99 seconds {{(pid=105789) _run_loop /opt/stack/data/venv/lib/python3.12/site-packages/oslo_service/backend/_threading/loopingcall.py:125}}
Apr 25 16:20:46.969798 np0000170196 neutron-periodic-workers[105796]: DEBUG neutron.db.agents_db [None req-881672a4-297f-4fbc-80f0-aec50d2a2975 None None] Agent healthcheck: found 0 active agents {{(pid=105796) agent_health_check /opt/stack/neutron/neutron/db/agents_db.py:317}}
Apr 25 16:20:46.970550 np0000170196 neutron-periodic-workers[105796]: DEBUG oslo.service.backend._threading.loopingcall [None req-881672a4-297f-4fbc-80f0-aec50d2a2975 None None] Fixed interval looping call 'neutron.plugins.ml2.plugin.AgentDbMixin.agent_health_check' sleeping for 36.99 seconds {{(pid=105796) _run_loop /opt/stack/data/venv/lib/python3.12/site-packages/oslo_service/backend/_threading/loopingcall.py:125}}
Apr 25 16:20:54.929607 np0000170196 neutron-periodic-workers[105789]: DEBUG dbcounter [-] [105789] Writing DB stats neutron:SELECT=3 {{(pid=105789) stat_writer /opt/stack/data/venv/lib/python3.12/site-packages/dbcounter.py:115}}
Apr 25 16:20:56.968184 np0000170196 neutron-periodic-workers[105796]: DEBUG dbcounter [-] [105796] Writing DB stats neutron:SELECT=1 {{(pid=105796) stat_writer /opt/stack/data/venv/lib/python3.12/site-packages/dbcounter.py:115}}
Apr 25 16:21:21.929934 np0000170196 neutron-periodic-workers[105789]: DEBUG oslo.service.backend._threading.loopingcall [None req-67945f5f-fa03-484b-bb5f-3e4f3cf4f087 None None] Fixed interval looping call 'neutron.plugins.ml2.plugin.DhcpAgentSchedulerDbMixin.remove_networks_from_down_agents' sleeping for 36.99 seconds {{(pid=105789) _run_loop /opt/stack/data/venv/lib/python3.12/site-packages/oslo_service/backend/_threading/loopingcall.py:125}}
Apr 25 16:21:23.966391 np0000170196 neutron-periodic-workers[105796]: DEBUG neutron.db.agents_db [None req-881672a4-297f-4fbc-80f0-aec50d2a2975 None None] Agent healthcheck: found 0 active agents {{(pid=105796) agent_health_check /opt/stack/neutron/neutron/db/agents_db.py:317}}
Apr 25 16:21:23.966391 np0000170196 neutron-periodic-workers[105796]: DEBUG oslo.service.backend._threading.loopingcall [None req-881672a4-297f-4fbc-80f0-aec50d2a2975 None None] Fixed interval looping call 'neutron.plugins.ml2.plugin.AgentDbMixin.agent_health_check' sleeping for 36.99 seconds {{(pid=105796) _run_loop /opt/stack/data/venv/lib/python3.12/site-packages/oslo_service/backend/_threading/loopingcall.py:125}}
Apr 25 16:21:31.929113 np0000170196 neutron-periodic-workers[105789]: DEBUG dbcounter [-] [105789] Writing DB stats neutron:SELECT=3 {{(pid=105789) stat_writer /opt/stack/data/venv/lib/python3.12/site-packages/dbcounter.py:115}}
Apr 25 16:21:33.964507 np0000170196 neutron-periodic-workers[105796]: DEBUG dbcounter [-] [105796] Writing DB stats neutron:SELECT=1 {{(pid=105796) stat_writer /opt/stack/data/venv/lib/python3.12/site-packages/dbcounter.py:115}}
Apr 25 16:21:52.922290 np0000170196 neutron-periodic-workers[105780]: DEBUG oslo.service.backend._threading.loopingcall [None req-5ded0799-c792-4586-b0b5-07d1a6a1b957 None None] Fixed interval looping call 'neutron.services.ovn_l3.plugin.L3_NAT_dbonly_mixin._clean_garbage' sleeping for 299.99 seconds {{(pid=105780) _run_loop /opt/stack/data/venv/lib/python3.12/site-packages/oslo_service/backend/_threading/loopingcall.py:125}}
Apr 25 16:21:58.929748 np0000170196 neutron-periodic-workers[105789]: DEBUG oslo.service.backend._threading.loopingcall [None req-67945f5f-fa03-484b-bb5f-3e4f3cf4f087 None None] Fixed interval looping call 'neutron.plugins.ml2.plugin.DhcpAgentSchedulerDbMixin.remove_networks_from_down_agents' sleeping for 36.99 seconds {{(pid=105789) _run_loop /opt/stack/data/venv/lib/python3.12/site-packages/oslo_service/backend/_threading/loopingcall.py:125}}
Apr 25 16:22:00.960391 np0000170196 neutron-periodic-workers[105796]: DEBUG neutron.db.agents_db [None req-881672a4-297f-4fbc-80f0-aec50d2a2975 None None] Agent healthcheck: found 0 active agents {{(pid=105796) agent_health_check /opt/stack/neutron/neutron/db/agents_db.py:317}}
Apr 25 16:22:00.961101 np0000170196 neutron-periodic-workers[105796]: DEBUG oslo.service.backend._threading.loopingcall [None req-881672a4-297f-4fbc-80f0-aec50d2a2975 None None] Fixed interval looping call 'neutron.plugins.ml2.plugin.AgentDbMixin.agent_health_check' sleeping for 37.00 seconds {{(pid=105796) _run_loop /opt/stack/data/venv/lib/python3.12/site-packages/oslo_service/backend/_threading/loopingcall.py:125}}
Apr 25 16:22:02.912187 np0000170196 neutron-periodic-workers[105780]: DEBUG dbcounter [-] [105780] Writing DB stats neutron:SELECT=1 {{(pid=105780) stat_writer /opt/stack/data/venv/lib/python3.12/site-packages/dbcounter.py:115}}
Apr 25 16:22:08.928328 np0000170196 neutron-periodic-workers[105789]: DEBUG dbcounter [-] [105789] Writing DB stats neutron:SELECT=3 {{(pid=105789) stat_writer /opt/stack/data/venv/lib/python3.12/site-packages/dbcounter.py:115}}
Apr 25 16:22:10.959380 np0000170196 neutron-periodic-workers[105796]: DEBUG dbcounter [-] [105796] Writing DB stats neutron:SELECT=1 {{(pid=105796) stat_writer /opt/stack/data/venv/lib/python3.12/site-packages/dbcounter.py:115}}
Apr 25 16:22:33.999203 np0000170196 neutron-periodic-workers[105807]: DEBUG oslo.service.backend._threading.loopingcall [None req-c02dc2a1-1e2b-4147-907c-326a66e34b86 None None] Fixed interval looping call 'neutron.db.quota.driver_nolock.DbQuotaNoLockDriver._remove_expired_reservations' sleeping for 120.00 seconds {{(pid=105807) _run_loop /opt/stack/data/venv/lib/python3.12/site-packages/oslo_service/backend/_threading/loopingcall.py:125}}
Apr 25 16:22:35.928764 np0000170196 neutron-periodic-workers[105789]: DEBUG oslo.service.backend._threading.loopingcall [None req-67945f5f-fa03-484b-bb5f-3e4f3cf4f087 None None] Fixed interval looping call 'neutron.plugins.ml2.plugin.DhcpAgentSchedulerDbMixin.remove_networks_from_down_agents' sleeping for 36.99 seconds {{(pid=105789) _run_loop /opt/stack/data/venv/lib/python3.12/site-packages/oslo_service/backend/_threading/loopingcall.py:125}}
Apr 25 16:22:37.967047 np0000170196 neutron-periodic-workers[105796]: DEBUG neutron.db.agents_db [None req-881672a4-297f-4fbc-80f0-aec50d2a2975 None None] Agent healthcheck: found 0 active agents {{(pid=105796) agent_health_check /opt/stack/neutron/neutron/db/agents_db.py:317}}
Apr 25 16:22:37.967047 np0000170196 neutron-periodic-workers[105796]: DEBUG oslo.service.backend._threading.loopingcall [None req-881672a4-297f-4fbc-80f0-aec50d2a2975 None None] Fixed interval looping call 'neutron.plugins.ml2.plugin.AgentDbMixin.agent_health_check' sleeping for 36.99 seconds {{(pid=105796) _run_loop /opt/stack/data/venv/lib/python3.12/site-packages/oslo_service/backend/_threading/loopingcall.py:125}}
Apr 25 16:22:43.998611 np0000170196 neutron-periodic-workers[105807]: DEBUG dbcounter [-] [105807] Writing DB stats neutron:DELETE=1 {{(pid=105807) stat_writer /opt/stack/data/venv/lib/python3.12/site-packages/dbcounter.py:115}}
Apr 25 16:22:45.927808 np0000170196 neutron-periodic-workers[105789]: DEBUG dbcounter [-] [105789] Writing DB stats neutron:SELECT=3 {{(pid=105789) stat_writer /opt/stack/data/venv/lib/python3.12/site-packages/dbcounter.py:115}}
Apr 25 16:22:47.965532 np0000170196 neutron-periodic-workers[105796]: DEBUG dbcounter [-] [105796] Writing DB stats neutron:SELECT=1 {{(pid=105796) stat_writer /opt/stack/data/venv/lib/python3.12/site-packages/dbcounter.py:115}}
Apr 25 16:23:12.929556 np0000170196 neutron-periodic-workers[105789]: DEBUG oslo.service.backend._threading.loopingcall [None req-67945f5f-fa03-484b-bb5f-3e4f3cf4f087 None None] Fixed interval looping call 'neutron.plugins.ml2.plugin.DhcpAgentSchedulerDbMixin.remove_networks_from_down_agents' sleeping for 36.99 seconds {{(pid=105789) _run_loop /opt/stack/data/venv/lib/python3.12/site-packages/oslo_service/backend/_threading/loopingcall.py:125}}
Apr 25 16:23:14.962538 np0000170196 neutron-periodic-workers[105796]: DEBUG neutron.db.agents_db [None req-881672a4-297f-4fbc-80f0-aec50d2a2975 None None] Agent healthcheck: found 0 active agents {{(pid=105796) agent_health_check /opt/stack/neutron/neutron/db/agents_db.py:317}}
Apr 25 16:23:14.963087 np0000170196 neutron-periodic-workers[105796]: DEBUG oslo.service.backend._threading.loopingcall [None req-881672a4-297f-4fbc-80f0-aec50d2a2975 None None] Fixed interval looping call 'neutron.plugins.ml2.plugin.AgentDbMixin.agent_health_check' sleeping for 36.99 seconds {{(pid=105796) _run_loop /opt/stack/data/venv/lib/python3.12/site-packages/oslo_service/backend/_threading/loopingcall.py:125}}
Apr 25 16:23:22.928339 np0000170196 neutron-periodic-workers[105789]: DEBUG dbcounter [-] [105789] Writing DB stats neutron:SELECT=3 {{(pid=105789) stat_writer /opt/stack/data/venv/lib/python3.12/site-packages/dbcounter.py:115}}
Apr 25 16:23:24.963328 np0000170196 neutron-periodic-workers[105796]: DEBUG dbcounter [-] [105796] Writing DB stats neutron:SELECT=1 {{(pid=105796) stat_writer /opt/stack/data/venv/lib/python3.12/site-packages/dbcounter.py:115}}
Apr 25 16:23:49.930026 np0000170196 neutron-periodic-workers[105789]: DEBUG oslo.service.backend._threading.loopingcall [None req-67945f5f-fa03-484b-bb5f-3e4f3cf4f087 None None] Fixed interval looping call 'neutron.plugins.ml2.plugin.DhcpAgentSchedulerDbMixin.remove_networks_from_down_agents' sleeping for 36.99 seconds {{(pid=105789) _run_loop /opt/stack/data/venv/lib/python3.12/site-packages/oslo_service/backend/_threading/loopingcall.py:125}}
Apr 25 16:23:51.957031 np0000170196 neutron-periodic-workers[105796]: DEBUG neutron.db.agents_db [None req-881672a4-297f-4fbc-80f0-aec50d2a2975 None None] Agent healthcheck: found 0 active agents {{(pid=105796) agent_health_check /opt/stack/neutron/neutron/db/agents_db.py:317}}
Apr 25 16:23:51.957716 np0000170196 neutron-periodic-workers[105796]: DEBUG oslo.service.backend._threading.loopingcall [None req-881672a4-297f-4fbc-80f0-aec50d2a2975 None None] Fixed interval looping call 'neutron.plugins.ml2.plugin.AgentDbMixin.agent_health_check' sleeping for 37.00 seconds {{(pid=105796) _run_loop /opt/stack/data/venv/lib/python3.12/site-packages/oslo_service/backend/_threading/loopingcall.py:125}}
Apr 25 16:23:59.929016 np0000170196 neutron-periodic-workers[105789]: DEBUG dbcounter [-] [105789] Writing DB stats neutron:SELECT=3 {{(pid=105789) stat_writer /opt/stack/data/venv/lib/python3.12/site-packages/dbcounter.py:115}}
Apr 25 16:24:01.955738 np0000170196 neutron-periodic-workers[105796]: DEBUG dbcounter [-] [105796] Writing DB stats neutron:SELECT=1 {{(pid=105796) stat_writer /opt/stack/data/venv/lib/python3.12/site-packages/dbcounter.py:115}}
Apr 25 16:24:26.930521 np0000170196 neutron-periodic-workers[105789]: DEBUG oslo.service.backend._threading.loopingcall [None req-67945f5f-fa03-484b-bb5f-3e4f3cf4f087 None None] Fixed interval looping call 'neutron.plugins.ml2.plugin.DhcpAgentSchedulerDbMixin.remove_networks_from_down_agents' sleeping for 36.99 seconds {{(pid=105789) _run_loop /opt/stack/data/venv/lib/python3.12/site-packages/oslo_service/backend/_threading/loopingcall.py:125}}
Apr 25 16:24:28.963653 np0000170196 neutron-periodic-workers[105796]: DEBUG neutron.db.agents_db [None req-881672a4-297f-4fbc-80f0-aec50d2a2975 None None] Agent healthcheck: found 0 active agents {{(pid=105796) agent_health_check /opt/stack/neutron/neutron/db/agents_db.py:317}}
Apr 25 16:24:28.964157 np0000170196 neutron-periodic-workers[105796]: DEBUG oslo.service.backend._threading.loopingcall [None req-881672a4-297f-4fbc-80f0-aec50d2a2975 None None] Fixed interval looping call 'neutron.plugins.ml2.plugin.AgentDbMixin.agent_health_check' sleeping for 36.99 seconds {{(pid=105796) _run_loop /opt/stack/data/venv/lib/python3.12/site-packages/oslo_service/backend/_threading/loopingcall.py:125}}
Apr 25 16:24:34.004572 np0000170196 neutron-periodic-workers[105807]: DEBUG oslo.service.backend._threading.loopingcall [None req-c02dc2a1-1e2b-4147-907c-326a66e34b86 None None] Fixed interval looping call 'neutron.db.quota.driver_nolock.DbQuotaNoLockDriver._remove_expired_reservations' sleeping for 120.00 seconds {{(pid=105807) _run_loop /opt/stack/data/venv/lib/python3.12/site-packages/oslo_service/backend/_threading/loopingcall.py:125}}
Apr 25 16:24:36.928878 np0000170196 neutron-periodic-workers[105789]: DEBUG dbcounter [-] [105789] Writing DB stats neutron:SELECT=3 {{(pid=105789) stat_writer /opt/stack/data/venv/lib/python3.12/site-packages/dbcounter.py:115}}
Apr 25 16:24:38.960953 np0000170196 neutron-periodic-workers[105796]: DEBUG dbcounter [-] [105796] Writing DB stats neutron:SELECT=1 {{(pid=105796) stat_writer /opt/stack/data/venv/lib/python3.12/site-packages/dbcounter.py:115}}
Apr 25 16:24:44.003509 np0000170196 neutron-periodic-workers[105807]: DEBUG dbcounter [-] [105807] Writing DB stats neutron:DELETE=1 {{(pid=105807) stat_writer /opt/stack/data/venv/lib/python3.12/site-packages/dbcounter.py:115}}
Apr 25 16:25:03.935514 np0000170196 neutron-periodic-workers[105789]: DEBUG oslo.service.backend._threading.loopingcall [None req-67945f5f-fa03-484b-bb5f-3e4f3cf4f087 None None] Fixed interval looping call 'neutron.plugins.ml2.plugin.DhcpAgentSchedulerDbMixin.remove_networks_from_down_agents' sleeping for 36.99 seconds {{(pid=105789) _run_loop /opt/stack/data/venv/lib/python3.12/site-packages/oslo_service/backend/_threading/loopingcall.py:125}}
Apr 25 16:25:05.960198 np0000170196 neutron-periodic-workers[105796]: DEBUG neutron.db.agents_db [None req-881672a4-297f-4fbc-80f0-aec50d2a2975 None None] Agent healthcheck: found 0 active agents {{(pid=105796) agent_health_check /opt/stack/neutron/neutron/db/agents_db.py:317}}
Apr 25 16:25:05.960198 np0000170196 neutron-periodic-workers[105796]: DEBUG oslo.service.backend._threading.loopingcall [None req-881672a4-297f-4fbc-80f0-aec50d2a2975 None None] Fixed interval looping call 'neutron.plugins.ml2.plugin.AgentDbMixin.agent_health_check' sleeping for 36.99 seconds {{(pid=105796) _run_loop /opt/stack/data/venv/lib/python3.12/site-packages/oslo_service/backend/_threading/loopingcall.py:125}}
Apr 25 16:25:13.932322 np0000170196 neutron-periodic-workers[105789]: DEBUG dbcounter [-] [105789] Writing DB stats neutron:SELECT=3 {{(pid=105789) stat_writer /opt/stack/data/venv/lib/python3.12/site-packages/dbcounter.py:115}}
