2026-08-02 23:33:10.917 7 INFO placement.requestlog [req-514e2a3b-edf7-4fff-adbd-db943458d13e req-2557a14c-fade-414a-8df7-02b7d5e01d94 96450f5183544dc6b679e56a46c20c2d 7a9e0ba5f6d04dffb68e597ad8853672 - - 2f56b8551f4f4e2cb9ce9557517f04b7 2f56b8551f4f4e2cb9ce9557517f04b7] 199.204.45.205 "GET /resource_providers/0a8dc4e3-0b4d-448a-89c1-46033dc4580d/traits" status: 200 len: 1682 microversion: 1.6 [pid: 7|app: 0|req: 291/582] 199.204.45.205 () {34 vars in 890 bytes} [Sun Aug 2 23:33:10 2026] GET /resource_providers/0a8dc4e3-0b4d-448a-89c1-46033dc4580d/traits => generated 1682 bytes in 25 msecs (HTTP/1.1 200) 6 headers in 225 bytes (1 switches on core 0)
2026-08-02 23:33:10.953 8 INFO placement.requestlog [req-514e2a3b-edf7-4fff-adbd-db943458d13e req-d37f3de2-2a20-4210-8ab6-449d873d5e2b 96450f5183544dc6b679e56a46c20c2d 7a9e0ba5f6d04dffb68e597ad8853672 - - 2f56b8551f4f4e2cb9ce9557517f04b7 2f56b8551f4f4e2cb9ce9557517f04b7] 199.204.45.205 "GET /resource_providers/0a8dc4e3-0b4d-448a-89c1-46033dc4580d/allocations" status: 200 len: 54 microversion: 1.0 [pid: 8|app: 0|req: 292/583] 199.204.45.205 () {32 vars in 857 bytes} [Sun Aug 2 23:33:10 2026] GET /resource_providers/0a8dc4e3-0b4d-448a-89c1-46033dc4580d/allocations => generated 54 bytes in 22 msecs (HTTP/1.1 200) 6 headers in 223 bytes (1 switches on core 0)
2026-08-02 23:33:12.323 8 INFO placement.requestlog [None req-da7074e8-f7c2-4911-8b3b-3cef38aa8680 - - - - - -] 10.0.0.188 "GET /" status: 200 len: 136 microversion: 1.0
2026-08-02 23:33:12.323 7 INFO placement.requestlog [None req-1a6feed0-19ac-47c4-88cb-124e9fff28ad - - - - - -] 10.0.0.188 "GET /" status: 200 len: 136 microversion: 1.0
2026-08-02 23:33:22.322 8 INFO placement.requestlog [None req-96176252-c11f-4634-98bd-c9075fcc0476 - - - - - -] 10.0.0.188 "GET /" status: 200 len: 136 microversion: 1.0
2026-08-02 23:33:22.323 7 INFO placement.requestlog [None req-44fddb15-23bd-4038-a7bc-8a1782fc0e36 - - - - - -] 10.0.0.188 "GET /" status: 200 len: 136 microversion: 1.0
2026-08-02 23:33:32.322 8 INFO placement.requestlog [None req-1cf0da0f-9836-4f65-93dd-085006067948 - - - - - -] 10.0.0.188 "GET /" status: 200 len: 136 microversion: 1.0
2026-08-02 23:33:32.323 7 INFO placement.requestlog [None req-eee870e0-fff3-42fc-8897-874d1148c0ac - - - - - -] 10.0.0.188 "GET /" status: 200 len: 136 microversion: 1.0
2026-08-02 23:33:42.323 8 INFO placement.requestlog [None req-f809be6d-a6b2-4546-a663-99824144bbc7 - - - - - -] 10.0.0.188 "GET /" status: 200 len: 136 microversion: 1.0
2026-08-02 23:33:42.323 7 INFO placement.requestlog [None req-47c67dfa-c10d-4475-999b-80db2561a6b6 - - - - - -] 10.0.0.188 "GET /" status: 200 len: 136 microversion: 1.0
2026-08-02 23:33:52.322 8 INFO placement.requestlog [None req-9ba0874e-cb34-4586-b72f-e59d7a5cd139 - - - - - -] 10.0.0.188 "GET /" status: 200 len: 136 microversion: 1.0
2026-08-02 23:33:52.323 7 INFO placement.requestlog [None req-02489009-80cf-41a7-9091-2cf067616832 - - - - - -] 10.0.0.188 "GET /" status: 200 len: 136 microversion: 1.0
2026-08-02 23:34:02.323 8 INFO placement.requestlog [None req-0509d9ad-0833-42f0-82fa-e66ad3abc4cd - - - - - -] 10.0.0.188 "GET /" status: 200 len: 136 microversion: 1.0
2026-08-02 23:34:02.323 7 INFO placement.requestlog [None req-04128949-d7e7-40d3-bdc1-c0fe73417513 - - - - - -] 10.0.0.188 "GET /" status: 200 len: 136 microversion: 1.0
2026-08-02 23:34:12.322 8 INFO placement.requestlog [None req-6104593b-5ce7-4128-80b8-177abd625f28 - - - - - -] 10.0.0.188 "GET /" status: 200 len: 136 microversion: 1.0
2026-08-02 23:34:12.323 7 INFO placement.requestlog [None req-f8749fcb-91a5-4930-8708-8532957144e8 - - - - - -] 10.0.0.188 "GET /" status: 200 len: 136 microversion: 1.0
2026-08-02 23:34:12.665 8 INFO placement.requestlog [req-087779ce-f95a-4f6d-8895-baad35d9ca63 req-3e577424-a732-42b1-95a0-f2ff99882219 96450f5183544dc6b679e56a46c20c2d 7a9e0ba5f6d04dffb68e597ad8853672 - - 2f56b8551f4f4e2cb9ce9557517f04b7 2f56b8551f4f4e2cb9ce9557517f04b7] 199.204.45.205 "GET /resource_providers/0a8dc4e3-0b4d-448a-89c1-46033dc4580d/allocations" status: 200 len: 54 microversion: 1.0 [pid: 8|app: 0|req: 300/598] 199.204.45.205 () {32 vars in 857 bytes} [Sun Aug 2 23:34:12 2026] GET /resource_providers/0a8dc4e3-0b4d-448a-89c1-46033dc4580d/allocations => generated 54 bytes in 22 msecs (HTTP/1.1 200) 6 headers in 223 bytes (1 switches on core 0)
2026-08-02 23:34:12.688 7 INFO placement.requestlog [req-087779ce-f95a-4f6d-8895-baad35d9ca63 req-e236e6a5-dfde-4024-b8a1-e6b7a8df4728 96450f5183544dc6b679e56a46c20c2d 7a9e0ba5f6d04dffb68e597ad8853672 - - 2f56b8551f4f4e2cb9ce9557517f04b7 2f56b8551f4f4e2cb9ce9557517f04b7] 199.204.45.205 "GET /resource_providers/0a8dc4e3-0b4d-448a-89c1-46033dc4580d/allocations" status: 200 len: 54 microversion: 1.0 [pid: 7|app: 0|req: 299/599] 199.204.45.205 () {32 vars in 857 bytes} [Sun Aug 2 23:34:12 2026] GET /resource_providers/0a8dc4e3-0b4d-448a-89c1-46033dc4580d/allocations => generated 54 bytes in 17 msecs (HTTP/1.1 200) 6 headers in 223 bytes (1 switches on core 0)
2026-08-02 23:34:22.323 8 INFO placement.requestlog [None req-cc4186b7-6b56-4fbf-a835-53c77a33745e - - - - - -] 10.0.0.188 "GET /" status: 200 len: 136 microversion: 1.0
2026-08-02 23:34:22.323 7 INFO placement.requestlog [None req-aa21d594-6ff9-4dd5-a605-98352657f0c5 - - - - - -] 10.0.0.188 "GET /" status: 200 len: 136 microversion: 1.0
2026-08-02 23:34:32.322 8 INFO placement.requestlog [None req-9f67dd74-6f96-4040-a6b1-b43fef1c1334 - - - - - -] 10.0.0.188 "GET /" status: 200 len: 136 microversion: 1.0
2026-08-02 23:34:32.323 7 INFO placement.requestlog [None req-b6dfdef4-1014-4603-be23-d0bb7e13873e - - - - - -] 10.0.0.188 "GET /" status: 200 len: 136 microversion: 1.0
2026-08-02 23:34:42.323 7 INFO placement.requestlog [None req-043f4d42-6592-4ba1-ba87-f2214a9ab438 - - - - - -] 10.0.0.188 "GET /" status: 200 len: 136 microversion: 1.0
2026-08-02 23:34:42.323 8 INFO placement.requestlog [None req-7fa68c4f-ab1c-4772-8752-53c1f1f02635 - - - - - -] 10.0.0.188 "GET /" status: 200 len: 136 microversion: 1.0
2026-08-02 23:34:52.323 7 INFO placement.requestlog [None req-62c3b7ce-0624-44f6-b46b-a013fb00d61a - - - - - -] 10.0.0.188 "GET /" status: 200 len: 136 microversion: 1.0
2026-08-02 23:34:52.323 8 INFO placement.requestlog [None req-1b6e8d6f-6dd9-49da-985a-6b954f2661bd - - - - - -] 10.0.0.188 "GET /" status: 200 len: 136 microversion: 1.0
2026-08-02 23:35:02.323 8 INFO placement.requestlog [None req-effd0baa-a1d0-4753-8a02-81a355ef082b - - - - - -] 10.0.0.188 "GET /" status: 200 len: 136 microversion: 1.0
2026-08-02 23:35:02.323 7 INFO placement.requestlog [None req-8804238b-319f-48f2-a61e-8f9cdfe763e2 - - - - - -] 10.0.0.188 "GET /" status: 200 len: 136 microversion: 1.0
2026-08-02 23:35:12.323 7 INFO placement.requestlog [None req-2d712a2e-8031-421d-b0dc-de7d5d9448e5 - - - - - -] 10.0.0.188 "GET /" status: 200 len: 136 microversion: 1.0
2026-08-02 23:35:12.323 8 INFO placement.requestlog [None req-cf74086f-b8ce-4cdc-9a19-3a72d88d0c12 - - - - - -] 10.0.0.188 "GET /" status: 200 len: 136 microversion: 1.0
2026-08-02 23:35:14.838 7 INFO placement.requestlog [req-06252c6f-250d-4bcd-8b3c-c5cdf5082910 req-f65395ec-2531-40e0-ab37-4298a8c9e117 96450f5183544dc6b679e56a46c20c2d 7a9e0ba5f6d04dffb68e597ad8853672 - - 2f56b8551f4f4e2cb9ce9557517f04b7 2f56b8551f4f4e2cb9ce9557517f04b7] 199.204.45.205 "GET /resource_providers/0a8dc4e3-0b4d-448a-89c1-46033dc4580d/allocations" status: 200 len: 54 microversion: 1.0 [pid: 7|app: 0|req: 306/612] 199.204.45.205 () {32 vars in 857 bytes} [Sun Aug 2 23:35:14 2026] GET /resource_providers/0a8dc4e3-0b4d-448a-89c1-46033dc4580d/allocations => generated 54 bytes in 20 msecs (HTTP/1.1 200) 6 headers in 223 bytes (1 switches on core 0)
2026-08-02 23:35:14.862 8 INFO placement.requestlog [req-06252c6f-250d-4bcd-8b3c-c5cdf5082910 req-0916cad0-b182-4531-bee4-61fc73010225 96450f5183544dc6b679e56a46c20c2d 7a9e0ba5f6d04dffb68e597ad8853672 - - 2f56b8551f4f4e2cb9ce9557517f04b7 2f56b8551f4f4e2cb9ce9557517f04b7] 199.204.45.205 "GET /resource_providers/0a8dc4e3-0b4d-448a-89c1-46033dc4580d/allocations" status: 200 len: 54 microversion: 1.0 [pid: 8|app: 0|req: 307/613] 199.204.45.205 () {32 vars in 857 bytes} [Sun Aug 2 23:35:14 2026] GET /resource_providers/0a8dc4e3-0b4d-448a-89c1-46033dc4580d/allocations => generated 54 bytes in 17 msecs (HTTP/1.1 200) 6 headers in 223 bytes (1 switches on core 0)
2026-08-02 23:35:22.323 7 INFO placement.requestlog [None req-ea2021d1-4e4a-4b09-9de0-fed1de411814 - - - - - -] 10.0.0.188 "GET /" status: 200 len: 136 microversion: 1.0
2026-08-02 23:35:22.323 8 INFO placement.requestlog [None req-edae5d4a-52c9-4726-997f-b2775e925268 - - - - - -] 10.0.0.188 "GET /" status: 200 len: 136 microversion: 1.0
2026-08-02 23:35:32.322 7 INFO placement.requestlog [None req-65726f4a-2702-4643-abf8-12b9819b1d49 - - - - - -] 10.0.0.188 "GET /" status: 200 len: 136 microversion: 1.0
2026-08-02 23:35:32.324 8 INFO placement.requestlog [None req-fc7385c2-9752-41aa-bb18-82a05496db37 - - - - - -] 10.0.0.188 "GET /" status: 200 len: 136 microversion: 1.0
2026-08-02 23:35:42.323 7 INFO placement.requestlog [None req-71deeff3-e1ba-42c2-ab4a-a6afb1c69193 - - - - - -] 10.0.0.188 "GET /" status: 200 len: 136 microversion: 1.0
2026-08-02 23:35:42.323 8 INFO placement.requestlog [None req-3879b1e3-32a2-431b-9081-6beba78abbed - - - - - -] 10.0.0.188 "GET /" status: 200 len: 136 microversion: 1.0
2026-08-02 23:35:52.323 7 INFO placement.requestlog [None req-64c4034a-fe5a-4ace-b9e0-b18163b1a0d9 - - - - - -] 10.0.0.188 "GET /" status: 200 len: 136 microversion: 1.0
2026-08-02 23:35:52.323 8 INFO placement.requestlog [None req-11acae07-ea4a-4d31-a247-014058740faf - - - - - -] 10.0.0.188 "GET /" status: 200 len: 136 microversion: 1.0
2026-08-02 23:36:02.323 7 INFO placement.requestlog [None req-7f843427-ce48-463a-958b-dadabbf0f0f2 - - - - - -] 10.0.0.188 "GET /" status: 200 len: 136 microversion: 1.0
2026-08-02 23:36:02.323 8 INFO placement.requestlog [None req-0f361082-92e6-436b-8561-4c9494c433b2 - - - - - -] 10.0.0.188 "GET /" status: 200 len: 136 microversion: 1.0
2026-08-02 23:36:12.323 7 INFO placement.requestlog [None req-7f66eef1-2571-49a1-8c37-9deb8548c49a - - - - - -] 10.0.0.188 "GET /" status: 200 len: 136 microversion: 1.0
2026-08-02 23:36:12.324 8 INFO placement.requestlog [None req-ddc8839b-981e-4fb6-afe3-cec602dab907 - - - - - -] 10.0.0.188 "GET /" status: 200 len: 136 microversion: 1.0
2026-08-02 23:36:17.084 7 INFO placement.requestlog [req-83398350-5471-41bc-9de7-4fee2ed5be13 req-e2c6e0be-9129-495d-8ced-7761a347d57e 96450f5183544dc6b679e56a46c20c2d 7a9e0ba5f6d04dffb68e597ad8853672 - - 2f56b8551f4f4e2cb9ce9557517f04b7 2f56b8551f4f4e2cb9ce9557517f04b7] 199.204.45.205 "GET /resource_providers/0a8dc4e3-0b4d-448a-89c1-46033dc4580d/allocations" status: 200 len: 54 microversion: 1.0 [pid: 7|app: 0|req: 313/626] 199.204.45.205 () {32 vars in 857 bytes} [Sun Aug 2 23:36:17 2026] GET /resource_providers/0a8dc4e3-0b4d-448a-89c1-46033dc4580d/allocations => generated 54 bytes in 34 msecs (HTTP/1.1 200) 6 headers in 223 bytes (1 switches on core 0)
2026-08-02 23:36:17.114 8 INFO placement.requestlog [req-83398350-5471-41bc-9de7-4fee2ed5be13 req-b67ff380-6bd6-4a49-bffa-6e556dcc3d9c 96450f5183544dc6b679e56a46c20c2d 7a9e0ba5f6d04dffb68e597ad8853672 - - 2f56b8551f4f4e2cb9ce9557517f04b7 2f56b8551f4f4e2cb9ce9557517f04b7] 199.204.45.205 "GET /resource_providers/0a8dc4e3-0b4d-448a-89c1-46033dc4580d/allocations" status: 200 len: 54 microversion: 1.0 [pid: 8|app: 0|req: 314/627] 199.204.45.205 () {32 vars in 857 bytes} [Sun Aug 2 23:36:17 2026] GET /resource_providers/0a8dc4e3-0b4d-448a-89c1-46033dc4580d/allocations => generated 54 bytes in 22 msecs (HTTP/1.1 200) 6 headers in 223 bytes (1 switches on core 0)
2026-08-02 23:36:22.323 7 INFO placement.requestlog [None req-104c60ff-bdf7-4363-9b5e-c09f17780e87 - - - - - -] 10.0.0.188 "GET /" status: 200 len: 136 microversion: 1.0
2026-08-02 23:36:22.323 8 INFO placement.requestlog [None req-75d933d4-318e-46d2-85ef-d3029e6eb1be - - - - - -] 10.0.0.188 "GET /" status: 200 len: 136 microversion: 1.0
2026-08-02 23:36:26.075 7 INFO placement.requestlog [req-b177aff7-93fb-425d-b354-1fef1821823c req-2129c55f-547d-4200-b830-093c434b13bf 96450f5183544dc6b679e56a46c20c2d 7a9e0ba5f6d04dffb68e597ad8853672 - - 2f56b8551f4f4e2cb9ce9557517f04b7 2f56b8551f4f4e2cb9ce9557517f04b7] 10.0.0.157 "GET /allocation_candidates?limit=1000&resources=DISK_GB%3A1%2CMEMORY_MB%3A512%2CVCPU%3A1&root_required=%21COMPUTE_STATUS_DISABLED" status: 200 len: 2147 microversion: 1.36 [pid: 7|app: 0|req: 315/630] 10.0.0.157 () {34 vars in 1012 bytes} [Sun Aug 2 23:36:25 2026] GET /allocation_candidates?limit=1000&resources=DISK_GB%3A1%2CMEMORY_MB%3A512%2CVCPU%3A1&root_required=%21COMPUTE_STATUS_DISABLED => generated 2147 bytes in 261 msecs (HTTP/1.1 200) 8 headers in 297 bytes (1 switches on core 0)
2026-08-02 23:36:26.134 8 INFO placement.requestlog [req-b177aff7-93fb-425d-b354-1fef1821823c req-05f67ef6-0aad-49f2-a358-eab15ce4eb0c 96450f5183544dc6b679e56a46c20c2d 7a9e0ba5f6d04dffb68e597ad8853672 - - 2f56b8551f4f4e2cb9ce9557517f04b7 2f56b8551f4f4e2cb9ce9557517f04b7] 10.0.0.157 "GET /allocations/9b290625-b823-4536-a872-3e7f8ca6f284" status: 200 len: 19 microversion: 1.28 [pid: 8|app: 0|req: 316/631] 10.0.0.157 () {34 vars in 861 bytes} [Sun Aug 2 23:36:26 2026] GET /allocations/9b290625-b823-4536-a872-3e7f8ca6f284 => generated 19 bytes in 21 msecs (HTTP/1.1 200) 8 headers in 295 bytes (1 switches on core 0)
2026-08-02 23:36:26.219 7 INFO placement.requestlog [req-b177aff7-93fb-425d-b354-1fef1821823c req-6da11652-e2aa-4838-9ab2-eaf77ad24421 96450f5183544dc6b679e56a46c20c2d 7a9e0ba5f6d04dffb68e597ad8853672 - - 2f56b8551f4f4e2cb9ce9557517f04b7 2f56b8551f4f4e2cb9ce9557517f04b7] 10.0.0.157 "PUT /allocations/9b290625-b823-4536-a872-3e7f8ca6f284" status: 204 len: 0 microversion: 1.36 [pid: 7|app: 0|req: 316/632] 10.0.0.157 () {38 vars in 914 bytes} [Sun Aug 2 23:36:26 2026] PUT /allocations/9b290625-b823-4536-a872-3e7f8ca6f284 => generated 0 bytes in 79 msecs (HTTP/1.1 204) 5 headers in 199 bytes (1 switches on core 0)
2026-08-02 23:36:26.766 8 INFO placement.requestlog [req-b177aff7-93fb-425d-b354-1fef1821823c req-411bc7c1-b095-4edd-bf27-ddd0ca02e38d 96450f5183544dc6b679e56a46c20c2d 7a9e0ba5f6d04dffb68e597ad8853672 - - 2f56b8551f4f4e2cb9ce9557517f04b7 2f56b8551f4f4e2cb9ce9557517f04b7] 199.204.45.205 "GET /allocations/9b290625-b823-4536-a872-3e7f8ca6f284" status: 200 len: 257 microversion: 1.28 [pid: 8|app: 0|req: 317/633] 199.204.45.205 () {34 vars in 863 bytes} [Sun Aug 2 23:36:26 2026] GET /allocations/9b290625-b823-4536-a872-3e7f8ca6f284 => generated 257 bytes in 16 msecs (HTTP/1.1 200) 8 headers in 296 bytes (1 switches on core 0)
2026-08-02 23:36:26.912 7 INFO placement.requestlog [req-b177aff7-93fb-425d-b354-1fef1821823c req-17a43ec8-a3be-4abd-a435-6fd49fd66772 96450f5183544dc6b679e56a46c20c2d 7a9e0ba5f6d04dffb68e597ad8853672 - - 2f56b8551f4f4e2cb9ce9557517f04b7 2f56b8551f4f4e2cb9ce9557517f04b7] 199.204.45.205 "GET /resource_providers/0a8dc4e3-0b4d-448a-89c1-46033dc4580d/allocations" status: 200 len: 152 microversion: 1.0 [pid: 7|app: 0|req: 317/634] 199.204.45.205 () {32 vars in 857 bytes} [Sun Aug 2 23:36:26 2026] GET /resource_providers/0a8dc4e3-0b4d-448a-89c1-46033dc4580d/allocations => generated 152 bytes in 22 msecs (HTTP/1.1 200) 6 headers in 224 bytes (1 switches on core 0)
2026-08-02 23:36:26.950 8 INFO placement.requestlog [req-b177aff7-93fb-425d-b354-1fef1821823c req-ed203557-c284-4db5-848a-5891a3d337fa 96450f5183544dc6b679e56a46c20c2d 7a9e0ba5f6d04dffb68e597ad8853672 - - 2f56b8551f4f4e2cb9ce9557517f04b7 2f56b8551f4f4e2cb9ce9557517f04b7] 199.204.45.205 "GET /allocations/9b290625-b823-4536-a872-3e7f8ca6f284" status: 200 len: 257 microversion: 1.28 [pid: 8|app: 0|req: 318/635] 199.204.45.205 () {34 vars in 863 bytes} [Sun Aug 2 23:36:26 2026] GET /allocations/9b290625-b823-4536-a872-3e7f8ca6f284 => generated 257 bytes in 17 msecs (HTTP/1.1 200) 8 headers in 296 bytes (1 switches on core 0)
2026-08-02 23:36:29.471 8 INFO placement.requestlog [None req-395197bd-05f1-48f6-805b-62f72f44cb0b 30f02ca955734b028925c5e7393d6d85 7a9e0ba5f6d04dffb68e597ad8853672 - - 2f56b8551f4f4e2cb9ce9557517f04b7 2f56b8551f4f4e2cb9ce9557517f04b7] 10.0.0.172 "GET /resource_providers/bd517847-b871-4283-9442-c25485a925b6/aggregates" status: 404 len: 235 microversion: 1.1 [pid: 8|app: 0|req: 319/636] 10.0.0.172 () {32 vars in 816 bytes} [Sun Aug 2 23:36:29 2026] GET /resource_providers/bd517847-b871-4283-9442-c25485a925b6/aggregates => generated 235 bytes in 196 msecs (HTTP/1.1 404) 5 headers in 202 bytes (1 switches on core 0)
2026-08-02 23:36:29.547 7 INFO placement.requestlog [None req-847cbe4f-92e2-4390-99dc-d8dc050c7f63 30f02ca955734b028925c5e7393d6d85 7a9e0ba5f6d04dffb68e597ad8853672 - - 2f56b8551f4f4e2cb9ce9557517f04b7 2f56b8551f4f4e2cb9ce9557517f04b7] 10.0.0.172 "GET /resource_providers/bd517847-b871-4283-9442-c25485a925b6/aggregates" status: 404 len: 235 microversion: 1.1 [pid: 7|app: 0|req: 318/637] 10.0.0.172 () {32 vars in 816 bytes} [Sun Aug 2 23:36:29 2026] GET /resource_providers/bd517847-b871-4283-9442-c25485a925b6/aggregates => generated 235 bytes in 279 msecs (HTTP/1.1 404) 5 headers in 202 bytes (1 switches on core 0)
2026-08-02 23:36:29.803 8 INFO placement.requestlog [None req-c299e6c8-b614-4b9c-bac9-3b5a8c0e1a99 30f02ca955734b028925c5e7393d6d85 7a9e0ba5f6d04dffb68e597ad8853672 - - 2f56b8551f4f4e2cb9ce9557517f04b7 2f56b8551f4f4e2cb9ce9557517f04b7] 10.0.0.172 "DELETE /resource_providers/bd517847-b871-4283-9442-c25485a925b6" status: 404 len: 246 microversion: 1.1 [pid: 8|app: 0|req: 320/638] 10.0.0.172 () {34 vars in 816 bytes} [Sun Aug 2 23:36:29 2026] DELETE /resource_providers/bd517847-b871-4283-9442-c25485a925b6 => generated 246 bytes in 10 msecs (HTTP/1.1 404) 6 headers in 231 bytes (1 switches on core 0)
2026-08-02 23:36:29.813 7 INFO placement.requestlog [None req-ca873d61-034e-4f1e-a9ee-8f5fc381f675 30f02ca955734b028925c5e7393d6d85 7a9e0ba5f6d04dffb68e597ad8853672 - - 2f56b8551f4f4e2cb9ce9557517f04b7 2f56b8551f4f4e2cb9ce9557517f04b7] 10.0.0.172 "DELETE /resource_providers/bd517847-b871-4283-9442-c25485a925b6" status: 404 len: 246 microversion: 1.1 [pid: 7|app: 0|req: 319/639] 10.0.0.172 () {34 vars in 816 bytes} [Sun Aug 2 23:36:29 2026] DELETE /resource_providers/bd517847-b871-4283-9442-c25485a925b6 => generated 246 bytes in 16 msecs (HTTP/1.1 404) 6 headers in 231 bytes (1 switches on core 0)
2026-08-02 23:36:30.782 7 INFO placement.requestlog [None req-00f85e59-3146-4144-94dc-ce0a9e56088d 30f02ca955734b028925c5e7393d6d85 7a9e0ba5f6d04dffb68e597ad8853672 - - 2f56b8551f4f4e2cb9ce9557517f04b7 2f56b8551f4f4e2cb9ce9557517f04b7] 10.0.0.172 "GET /resource_providers/ab4c7aa3-e348-4524-b478-7cd11776f87d/aggregates" status: 404 len: 235 microversion: 1.1 [pid: 7|app: 0|req: 320/640] 10.0.0.172 () {32 vars in 816 bytes} [Sun Aug 2 23:36:30 2026] GET /resource_providers/ab4c7aa3-e348-4524-b478-7cd11776f87d/aggregates => generated 235 bytes in 88 msecs (HTTP/1.1 404) 5 headers in 202 bytes (1 switches on core 0)
2026-08-02 23:36:30.797 8 INFO placement.requestlog [None req-98df35d5-69c1-4ab2-8a97-61e695405dfd 30f02ca955734b028925c5e7393d6d85 7a9e0ba5f6d04dffb68e597ad8853672 - - 2f56b8551f4f4e2cb9ce9557517f04b7 2f56b8551f4f4e2cb9ce9557517f04b7] 10.0.0.172 "GET /resource_providers/ab4c7aa3-e348-4524-b478-7cd11776f87d/aggregates" status: 404 len: 235 microversion: 1.1 [pid: 8|app: 0|req: 321/641] 10.0.0.172 () {32 vars in 816 bytes} [Sun Aug 2 23:36:30 2026] GET /resource_providers/ab4c7aa3-e348-4524-b478-7cd11776f87d/aggregates => generated 235 bytes in 106 msecs (HTTP/1.1 404) 5 headers in 202 bytes (1 switches on core 0)
2026-08-02 23:36:30.805 7 INFO placement.requestlog [None req-f28f251a-f84f-498b-b412-d92058b4cdc3 30f02ca955734b028925c5e7393d6d85 7a9e0ba5f6d04dffb68e597ad8853672 - - 2f56b8551f4f4e2cb9ce9557517f04b7 2f56b8551f4f4e2cb9ce9557517f04b7] 10.0.0.172 "DELETE /resource_providers/ab4c7aa3-e348-4524-b478-7cd11776f87d" status: 404 len: 246 microversion: 1.1 [pid: 7|app: 0|req: 321/642] 10.0.0.172 () {34 vars in 816 bytes} [Sun Aug 2 23:36:30 2026] DELETE /resource_providers/ab4c7aa3-e348-4524-b478-7cd11776f87d => generated 246 bytes in 12 msecs (HTTP/1.1 404) 6 headers in 231 bytes (1 switches on core 0)
2026-08-02 23:36:30.827 8 INFO placement.requestlog [None req-83c45c5d-75b8-497f-bdab-7592c921b18a 30f02ca955734b028925c5e7393d6d85 7a9e0ba5f6d04dffb68e597ad8853672 - - 2f56b8551f4f4e2cb9ce9557517f04b7 2f56b8551f4f4e2cb9ce9557517f04b7] 10.0.0.172 "DELETE /resource_providers/ab4c7aa3-e348-4524-b478-7cd11776f87d" status: 404 len: 246 microversion: 1.1 [pid: 8|app: 0|req: 322/643] 10.0.0.172 () {34 vars in 816 bytes} [Sun Aug 2 23:36:30 2026] DELETE /resource_providers/ab4c7aa3-e348-4524-b478-7cd11776f87d => generated 246 bytes in 12 msecs (HTTP/1.1 404) 6 headers in 231 bytes (1 switches on core 0)
2026-08-02 23:36:32.325 7 INFO placement.requestlog [None req-5fadd8b5-3343-4137-904f-4d27a59bdb88 - - - - - -] 10.0.0.188 "GET /" status: 200 len: 136 microversion: 1.0
2026-08-02 23:36:32.325 8 INFO placement.requestlog [None req-32958478-b10c-439b-b3b8-56fff5bb6baa - - - - - -] 10.0.0.188 "GET /" status: 200 len: 136 microversion: 1.0
2026-08-02 23:36:35.039 8 INFO placement.requestlog [None req-7e4f1440-41e9-436d-826f-62cddd22f583 30f02ca955734b028925c5e7393d6d85 7a9e0ba5f6d04dffb68e597ad8853672 - - 2f56b8551f4f4e2cb9ce9557517f04b7 2f56b8551f4f4e2cb9ce9557517f04b7] 10.0.0.172 "GET /resource_providers/585a80f4-2b3f-46e8-bae6-d1ed0ad6b6b0/aggregates" status: 404 len: 235 microversion: 1.1 [pid: 8|app: 0|req: 324/646] 10.0.0.172 () {32 vars in 816 bytes} [Sun Aug 2 23:36:35 2026] GET /resource_providers/585a80f4-2b3f-46e8-bae6-d1ed0ad6b6b0/aggregates => generated 235 bytes in 11 msecs (HTTP/1.1 404) 5 headers in 202 bytes (1 switches on core 0)
2026-08-02 23:36:35.051 7 INFO placement.requestlog [None req-b1c73127-80c1-4cba-9e6a-88327d57f875 30f02ca955734b028925c5e7393d6d85 7a9e0ba5f6d04dffb68e597ad8853672 - - 2f56b8551f4f4e2cb9ce9557517f04b7 2f56b8551f4f4e2cb9ce9557517f04b7] 10.0.0.172 "GET /resource_providers/585a80f4-2b3f-46e8-bae6-d1ed0ad6b6b0/aggregates" status: 404 len: 235 microversion: 1.1 [pid: 7|app: 0|req: 323/647] 10.0.0.172 () {32 vars in 816 bytes} [Sun Aug 2 23:36:35 2026] GET /resource_providers/585a80f4-2b3f-46e8-bae6-d1ed0ad6b6b0/aggregates => generated 235 bytes in 18 msecs (HTTP/1.1 404) 5 headers in 202 bytes (1 switches on core 0)
2026-08-02 23:36:35.068 8 INFO placement.requestlog [None req-8c835b5f-474b-4af7-84a6-06d175a599e7 30f02ca955734b028925c5e7393d6d85 7a9e0ba5f6d04dffb68e597ad8853672 - - 2f56b8551f4f4e2cb9ce9557517f04b7 2f56b8551f4f4e2cb9ce9557517f04b7] 10.0.0.172 "DELETE /resource_providers/585a80f4-2b3f-46e8-bae6-d1ed0ad6b6b0" status: 404 len: 246 microversion: 1.1 [pid: 8|app: 0|req: 325/648] 10.0.0.172 () {34 vars in 816 bytes} [Sun Aug 2 23:36:35 2026] DELETE /resource_providers/585a80f4-2b3f-46e8-bae6-d1ed0ad6b6b0 => generated 246 bytes in 13 msecs (HTTP/1.1 404) 6 headers in 231 bytes (1 switches on core 0)
2026-08-02 23:36:35.073 7 INFO placement.requestlog [None req-9a3da5dd-7896-4060-b763-7330bcc9e737 30f02ca955734b028925c5e7393d6d85 7a9e0ba5f6d04dffb68e597ad8853672 - - 2f56b8551f4f4e2cb9ce9557517f04b7 2f56b8551f4f4e2cb9ce9557517f04b7] 10.0.0.172 "DELETE /resource_providers/585a80f4-2b3f-46e8-bae6-d1ed0ad6b6b0" status: 404 len: 246 microversion: 1.1 [pid: 7|app: 0|req: 324/649] 10.0.0.172 () {34 vars in 816 bytes} [Sun Aug 2 23:36:35 2026] DELETE /resource_providers/585a80f4-2b3f-46e8-bae6-d1ed0ad6b6b0 => generated 246 bytes in 14 msecs (HTTP/1.1 404) 6 headers in 231 bytes (1 switches on core 0)
2026-08-02 23:36:38.036 8 INFO placement.requestlog [None req-5440fac8-8e75-4e92-bef2-b62c43761aaa 30f02ca955734b028925c5e7393d6d85 7a9e0ba5f6d04dffb68e597ad8853672 - - 2f56b8551f4f4e2cb9ce9557517f04b7 2f56b8551f4f4e2cb9ce9557517f04b7] 10.0.0.172 "GET /resource_providers/742020ee-dfb9-46c2-b961-51b124f46c68/aggregates" status: 404 len: 235 microversion: 1.1 [pid: 8|app: 0|req: 326/650] 10.0.0.172 () {32 vars in 816 bytes} [Sun Aug 2 23:36:38 2026] GET /resource_providers/742020ee-dfb9-46c2-b961-51b124f46c68/aggregates => generated 235 bytes in 13 msecs (HTTP/1.1 404) 5 headers in 202 bytes (1 switches on core 0)
2026-08-02 23:36:38.038 7 INFO placement.requestlog [None req-801e57af-4aa5-4765-a992-df213295a9d6 30f02ca955734b028925c5e7393d6d85 7a9e0ba5f6d04dffb68e597ad8853672 - - 2f56b8551f4f4e2cb9ce9557517f04b7 2f56b8551f4f4e2cb9ce9557517f04b7] 10.0.0.172 "GET /resource_providers/742020ee-dfb9-46c2-b961-51b124f46c68/aggregates" status: 404 len: 235 microversion: 1.1 [pid: 7|app: 0|req: 325/651] 10.0.0.172 () {32 vars in 816 bytes} [Sun Aug 2 23:36:38 2026] GET /resource_providers/742020ee-dfb9-46c2-b961-51b124f46c68/aggregates => generated 235 bytes in 15 msecs (HTTP/1.1 404) 5 headers in 202 bytes (1 switches on core 0)
2026-08-02 23:36:38.063 8 INFO placement.requestlog [None req-34be9d8c-3936-4a01-856f-47b100555ac1 30f02ca955734b028925c5e7393d6d85 7a9e0ba5f6d04dffb68e597ad8853672 - - 2f56b8551f4f4e2cb9ce9557517f04b7 2f56b8551f4f4e2cb9ce9557517f04b7] 10.0.0.172 "DELETE /resource_providers/742020ee-dfb9-46c2-b961-51b124f46c68" status: 404 len: 246 microversion: 1.1 [pid: 8|app: 0|req: 327/652] 10.0.0.172 () {34 vars in 816 bytes} [Sun Aug 2 23:36:38 2026] DELETE /resource_providers/742020ee-dfb9-46c2-b961-51b124f46c68 => generated 246 bytes in 12 msecs (HTTP/1.1 404) 6 headers in 231 bytes (1 switches on core 0)
2026-08-02 23:36:38.065 7 INFO placement.requestlog [None req-d9da8d9d-4f37-4b7e-9539-f6af6b3281aa 30f02ca955734b028925c5e7393d6d85 7a9e0ba5f6d04dffb68e597ad8853672 - - 2f56b8551f4f4e2cb9ce9557517f04b7 2f56b8551f4f4e2cb9ce9557517f04b7] 10.0.0.172 "DELETE /resource_providers/742020ee-dfb9-46c2-b961-51b124f46c68" status: 404 len: 246 microversion: 1.1 [pid: 7|app: 0|req: 326/653] 10.0.0.172 () {34 vars in 816 bytes} [Sun Aug 2 23:36:38 2026] DELETE /resource_providers/742020ee-dfb9-46c2-b961-51b124f46c68 => generated 246 bytes in 12 msecs (HTTP/1.1 404) 6 headers in 231 bytes (1 switches on core 0)
2026-08-02 23:36:42.323 7 INFO placement.requestlog [None req-c31593e4-f0e0-47b0-9a49-691ddb3787eb - - - - - -] 10.0.0.188 "GET /" status: 200 len: 136 microversion: 1.0
2026-08-02 23:36:42.325 8 INFO placement.requestlog [None req-24d140dd-1566-4cbb-b559-9a974d90f504 - - - - - -] 10.0.0.188 "GET /" status: 200 len: 136 microversion: 1.0
2026-08-02 23:36:46.906 7 INFO placement.requestlog [req-716fe9d6-11be-4c1b-8986-fc03deab922c req-2eb09ebe-d1c5-4b28-9a24-79a44aeaae0b 96450f5183544dc6b679e56a46c20c2d 7a9e0ba5f6d04dffb68e597ad8853672 - - 2f56b8551f4f4e2cb9ce9557517f04b7 2f56b8551f4f4e2cb9ce9557517f04b7] 10.0.0.157 "GET /allocation_candidates?limit=1000&resources=MEMORY_MB%3A512%2CVCPU%3A1&root_required=%21COMPUTE_STATUS_DISABLED" status: 200 len: 2135 microversion: 1.36 [pid: 7|app: 0|req: 328/656] 10.0.0.157 () {34 vars in 984 bytes} [Sun Aug 2 23:36:46 2026] GET /allocation_candidates?limit=1000&resources=MEMORY_MB%3A512%2CVCPU%3A1&root_required=%21COMPUTE_STATUS_DISABLED => generated 2135 bytes in 57 msecs (HTTP/1.1 200) 8 headers in 297 bytes (1 switches on core 0)
2026-08-02 23:36:46.952 8 INFO placement.requestlog [req-716fe9d6-11be-4c1b-8986-fc03deab922c req-f795b105-abd1-4647-9fea-2579ef8c9236 96450f5183544dc6b679e56a46c20c2d 7a9e0ba5f6d04dffb68e597ad8853672 - - 2f56b8551f4f4e2cb9ce9557517f04b7 2f56b8551f4f4e2cb9ce9557517f04b7] 10.0.0.157 "GET /allocations/eed45158-25e6-4c8f-b341-faf039db87ee" status: 200 len: 19 microversion: 1.28 [pid: 8|app: 0|req: 329/657] 10.0.0.157 () {34 vars in 861 bytes} [Sun Aug 2 23:36:46 2026] GET /allocations/eed45158-25e6-4c8f-b341-faf039db87ee => generated 19 bytes in 17 msecs (HTTP/1.1 200) 8 headers in 295 bytes (1 switches on core 0)
2026-08-02 23:36:47.055 7 INFO placement.requestlog [req-716fe9d6-11be-4c1b-8986-fc03deab922c req-bb4a8d50-9ae9-457c-a096-04ece4bbf725 96450f5183544dc6b679e56a46c20c2d 7a9e0ba5f6d04dffb68e597ad8853672 - - 2f56b8551f4f4e2cb9ce9557517f04b7 2f56b8551f4f4e2cb9ce9557517f04b7] 10.0.0.157 "PUT /allocations/eed45158-25e6-4c8f-b341-faf039db87ee" status: 204 len: 0 microversion: 1.36 [pid: 7|app: 0|req: 329/658] 10.0.0.157 () {38 vars in 914 bytes} [Sun Aug 2 23:36:46 2026] PUT /allocations/eed45158-25e6-4c8f-b341-faf039db87ee => generated 0 bytes in 94 msecs (HTTP/1.1 204) 5 headers in 199 bytes (1 switches on core 0)
2026-08-02 23:36:47.548 8 INFO placement.requestlog [req-716fe9d6-11be-4c1b-8986-fc03deab922c req-aaa39c9f-a5d2-4e34-b0b7-9c763ee3e68e 96450f5183544dc6b679e56a46c20c2d 7a9e0ba5f6d04dffb68e597ad8853672 - - 2f56b8551f4f4e2cb9ce9557517f04b7 2f56b8551f4f4e2cb9ce9557517f04b7] 199.204.45.205 "GET /allocations/eed45158-25e6-4c8f-b341-faf039db87ee" status: 200 len: 243 microversion: 1.28 [pid: 8|app: 0|req: 330/659] 199.204.45.205 () {34 vars in 863 bytes} [Sun Aug 2 23:36:47 2026] GET /allocations/eed45158-25e6-4c8f-b341-faf039db87ee => generated 243 bytes in 18 msecs (HTTP/1.1 200) 8 headers in 296 bytes (1 switches on core 0)
2026-08-02 23:36:47.673 7 INFO placement.requestlog [req-716fe9d6-11be-4c1b-8986-fc03deab922c req-ad5f22ca-b0b7-4d85-bfe2-07587b969ece 96450f5183544dc6b679e56a46c20c2d 7a9e0ba5f6d04dffb68e597ad8853672 - - 2f56b8551f4f4e2cb9ce9557517f04b7 2f56b8551f4f4e2cb9ce9557517f04b7] 199.204.45.205 "GET /resource_providers/0a8dc4e3-0b4d-448a-89c1-46033dc4580d/allocations" status: 200 len: 238 microversion: 1.0 [pid: 7|app: 0|req: 330/660] 199.204.45.205 () {32 vars in 857 bytes} [Sun Aug 2 23:36:47 2026] GET /resource_providers/0a8dc4e3-0b4d-448a-89c1-46033dc4580d/allocations => generated 238 bytes in 15 msecs (HTTP/1.1 200) 6 headers in 224 bytes (1 switches on core 0)
2026-08-02 23:36:47.708 8 INFO placement.requestlog [req-716fe9d6-11be-4c1b-8986-fc03deab922c req-28088ccf-570f-4b9a-b165-8acef2248a86 96450f5183544dc6b679e56a46c20c2d 7a9e0ba5f6d04dffb68e597ad8853672 - - 2f56b8551f4f4e2cb9ce9557517f04b7 2f56b8551f4f4e2cb9ce9557517f04b7] 199.204.45.205 "GET /allocations/9b290625-b823-4536-a872-3e7f8ca6f284" status: 200 len: 257 microversion: 1.28 [pid: 8|app: 0|req: 331/661] 199.204.45.205 () {34 vars in 863 bytes} [Sun Aug 2 23:36:47 2026] GET /allocations/9b290625-b823-4536-a872-3e7f8ca6f284 => generated 257 bytes in 23 msecs (HTTP/1.1 200) 8 headers in 296 bytes (1 switches on core 0)
2026-08-02 23:36:47.732 7 INFO placement.requestlog [req-716fe9d6-11be-4c1b-8986-fc03deab922c req-ae7db647-a357-4c19-99ff-305bdac813b4 96450f5183544dc6b679e56a46c20c2d 7a9e0ba5f6d04dffb68e597ad8853672 - - 2f56b8551f4f4e2cb9ce9557517f04b7 2f56b8551f4f4e2cb9ce9557517f04b7] 199.204.45.205 "GET /allocations/eed45158-25e6-4c8f-b341-faf039db87ee" status: 200 len: 243 microversion: 1.28 [pid: 7|app: 0|req: 331/662] 199.204.45.205 () {34 vars in 863 bytes} [Sun Aug 2 23:36:47 2026] GET /allocations/eed45158-25e6-4c8f-b341-faf039db87ee => generated 243 bytes in 18 msecs (HTTP/1.1 200) 8 headers in 296 bytes (1 switches on core 0)
2026-08-02 23:36:48.026 8 INFO placement.requestlog [req-23cc334b-5ee5-4758-9f75-0ce8c8b5eaf7 req-3aa7c245-8278-443e-b169-acce35557611 96450f5183544dc6b679e56a46c20c2d 7a9e0ba5f6d04dffb68e597ad8853672 - - 2f56b8551f4f4e2cb9ce9557517f04b7 2f56b8551f4f4e2cb9ce9557517f04b7] 10.0.0.157 "GET /allocation_candidates?limit=1000&resources=DISK_GB%3A1%2CMEMORY_MB%3A512%2CVCPU%3A1&root_required=%21COMPUTE_STATUS_DISABLED" status: 200 len: 2150 microversion: 1.36 [pid: 8|app: 0|req: 332/663] 10.0.0.157 () {34 vars in 1012 bytes} [Sun Aug 2 23:36:47 2026] GET /allocation_candidates?limit=1000&resources=DISK_GB%3A1%2CMEMORY_MB%3A512%2CVCPU%3A1&root_required=%21COMPUTE_STATUS_DISABLED => generated 2150 bytes in 51 msecs (HTTP/1.1 200) 8 headers in 297 bytes (1 switches on core 0)
2026-08-02 23:36:48.088 7 INFO placement.requestlog [req-23cc334b-5ee5-4758-9f75-0ce8c8b5eaf7 req-2a57714d-bedc-41a8-aa36-e059d5c3b845 96450f5183544dc6b679e56a46c20c2d 7a9e0ba5f6d04dffb68e597ad8853672 - - 2f56b8551f4f4e2cb9ce9557517f04b7 2f56b8551f4f4e2cb9ce9557517f04b7] 10.0.0.157 "GET /allocations/196087f8-d729-4ed1-ba76-f11fb9ca24e8" status: 200 len: 19 microversion: 1.28 [pid: 7|app: 0|req: 332/664] 10.0.0.157 () {34 vars in 861 bytes} [Sun Aug 2 23:36:48 2026] GET /allocations/196087f8-d729-4ed1-ba76-f11fb9ca24e8 => generated 19 bytes in 34 msecs (HTTP/1.1 200) 8 headers in 295 bytes (1 switches on core 0)
2026-08-02 23:36:48.176 8 INFO placement.requestlog [req-23cc334b-5ee5-4758-9f75-0ce8c8b5eaf7 req-9563027e-2889-458d-81b1-52aa1080e89a 96450f5183544dc6b679e56a46c20c2d 7a9e0ba5f6d04dffb68e597ad8853672 - - 2f56b8551f4f4e2cb9ce9557517f04b7 2f56b8551f4f4e2cb9ce9557517f04b7] 10.0.0.157 "PUT /allocations/196087f8-d729-4ed1-ba76-f11fb9ca24e8" status: 204 len: 0 microversion: 1.36 [pid: 8|app: 0|req: 333/665] 10.0.0.157 () {38 vars in 914 bytes} [Sun Aug 2 23:36:48 2026] PUT /allocations/196087f8-d729-4ed1-ba76-f11fb9ca24e8 => generated 0 bytes in 77 msecs (HTTP/1.1 204) 5 headers in 199 bytes (1 switches on core 0)
2026-08-02 23:36:48.473 7 INFO placement.requestlog [req-23cc334b-5ee5-4758-9f75-0ce8c8b5eaf7 req-10a623ac-d814-464c-9f47-a5d4063ea1ce 96450f5183544dc6b679e56a46c20c2d 7a9e0ba5f6d04dffb68e597ad8853672 - - 2f56b8551f4f4e2cb9ce9557517f04b7 2f56b8551f4f4e2cb9ce9557517f04b7] 199.204.45.205 "GET /allocations/196087f8-d729-4ed1-ba76-f11fb9ca24e8" status: 200 len: 257 microversion: 1.28 [pid: 7|app: 0|req: 333/666] 199.204.45.205 () {34 vars in 863 bytes} [Sun Aug 2 23:36:48 2026] GET /allocations/196087f8-d729-4ed1-ba76-f11fb9ca24e8 => generated 257 bytes in 14 msecs (HTTP/1.1 200) 8 headers in 296 bytes (1 switches on core 0)
2026-08-02 23:36:48.597 8 INFO placement.requestlog [req-23cc334b-5ee5-4758-9f75-0ce8c8b5eaf7 req-ad873dec-85e5-4055-acd8-4c880610f8d5 96450f5183544dc6b679e56a46c20c2d 7a9e0ba5f6d04dffb68e597ad8853672 - - 2f56b8551f4f4e2cb9ce9557517f04b7 2f56b8551f4f4e2cb9ce9557517f04b7] 199.204.45.205 "GET /resource_providers/0a8dc4e3-0b4d-448a-89c1-46033dc4580d/allocations" status: 200 len: 338 microversion: 1.0 [pid: 8|app: 0|req: 334/667] 199.204.45.205 () {32 vars in 857 bytes} [Sun Aug 2 23:36:48 2026] GET /resource_providers/0a8dc4e3-0b4d-448a-89c1-46033dc4580d/allocations => generated 338 bytes in 15 msecs (HTTP/1.1 200) 6 headers in 224 bytes (1 switches on core 0)
2026-08-02 23:36:48.637 7 INFO placement.requestlog [req-23cc334b-5ee5-4758-9f75-0ce8c8b5eaf7 req-12068e91-19fa-47e9-8e52-b24c2b388d1e 96450f5183544dc6b679e56a46c20c2d 7a9e0ba5f6d04dffb68e597ad8853672 - - 2f56b8551f4f4e2cb9ce9557517f04b7 2f56b8551f4f4e2cb9ce9557517f04b7] 199.204.45.205 "GET /allocations/196087f8-d729-4ed1-ba76-f11fb9ca24e8" status: 200 len: 257 microversion: 1.28 [pid: 7|app: 0|req: 334/668] 199.204.45.205 () {34 vars in 863 bytes} [Sun Aug 2 23:36:48 2026] GET /allocations/196087f8-d729-4ed1-ba76-f11fb9ca24e8 => generated 257 bytes in 31 msecs (HTTP/1.1 200) 8 headers in 296 bytes (1 switches on core 0)
2026-08-02 23:36:48.666 8 INFO placement.requestlog [req-23cc334b-5ee5-4758-9f75-0ce8c8b5eaf7 req-1a931a2e-a1ae-4062-9c66-eb9515debb3f 96450f5183544dc6b679e56a46c20c2d 7a9e0ba5f6d04dffb68e597ad8853672 - - 2f56b8551f4f4e2cb9ce9557517f04b7 2f56b8551f4f4e2cb9ce9557517f04b7] 199.204.45.205 "GET /allocations/9b290625-b823-4536-a872-3e7f8ca6f284" status: 200 len: 257 microversion: 1.28 [pid: 8|app: 0|req: 335/669] 199.204.45.205 () {34 vars in 863 bytes} [Sun Aug 2 23:36:48 2026] GET /allocations/9b290625-b823-4536-a872-3e7f8ca6f284 => generated 257 bytes in 17 msecs (HTTP/1.1 200) 8 headers in 296 bytes (1 switches on core 0)
2026-08-02 23:36:48.695 7 INFO placement.requestlog [req-23cc334b-5ee5-4758-9f75-0ce8c8b5eaf7 req-f16ae30e-a846-4f17-b362-9f10ec8fa2f5 96450f5183544dc6b679e56a46c20c2d 7a9e0ba5f6d04dffb68e597ad8853672 - - 2f56b8551f4f4e2cb9ce9557517f04b7 2f56b8551f4f4e2cb9ce9557517f04b7] 199.204.45.205 "GET /allocations/eed45158-25e6-4c8f-b341-faf039db87ee" status: 200 len: 243 microversion: 1.28 [pid: 7|app: 0|req: 335/670] 199.204.45.205 () {34 vars in 863 bytes} [Sun Aug 2 23:36:48 2026] GET /allocations/eed45158-25e6-4c8f-b341-faf039db87ee => generated 243 bytes in 17 msecs (HTTP/1.1 200) 8 headers in 296 bytes (1 switches on core 0)
2026-08-02 23:36:52.322 8 INFO placement.requestlog [None req-b8919541-fffd-4d31-97b9-404308e5d534 - - - - - -] 10.0.0.188 "GET /" status: 200 len: 136 microversion: 1.0
2026-08-02 23:36:52.323 7 INFO placement.requestlog [None req-85277f36-fb45-45a2-9a41-aca593ede1c1 - - - - - -] 10.0.0.188 "GET /" status: 200 len: 136 microversion: 1.0
2026-08-02 23:36:58.893 8 INFO placement.requestlog [None req-0bac39e2-933a-4aa3-8eef-b29cc539cbf0 30f02ca955734b028925c5e7393d6d85 7a9e0ba5f6d04dffb68e597ad8853672 - - 2f56b8551f4f4e2cb9ce9557517f04b7 2f56b8551f4f4e2cb9ce9557517f04b7] 10.0.0.172 "GET /resource_providers/f9fff449-bbe7-4320-8cb4-f34ff462961b/aggregates" status: 404 len: 235 microversion: 1.1 [pid: 8|app: 0|req: 337/673] 10.0.0.172 () {32 vars in 816 bytes} [Sun Aug 2 23:36:58 2026] GET /resource_providers/f9fff449-bbe7-4320-8cb4-f34ff462961b/aggregates => generated 235 bytes in 15 msecs (HTTP/1.1 404) 5 headers in 202 bytes (1 switches on core 0)
2026-08-02 23:36:58.905 7 INFO placement.requestlog [None req-ecd0518a-333d-4985-b7a2-572a1ae3a2c6 30f02ca955734b028925c5e7393d6d85 7a9e0ba5f6d04dffb68e597ad8853672 - - 2f56b8551f4f4e2cb9ce9557517f04b7 2f56b8551f4f4e2cb9ce9557517f04b7] 10.0.0.172 "GET /resource_providers/f9fff449-bbe7-4320-8cb4-f34ff462961b/aggregates" status: 404 len: 235 microversion: 1.1 [pid: 7|app: 0|req: 337/674] 10.0.0.172 () {32 vars in 816 bytes} [Sun Aug 2 23:36:58 2026] GET /resource_providers/f9fff449-bbe7-4320-8cb4-f34ff462961b/aggregates => generated 235 bytes in 16 msecs (HTTP/1.1 404) 5 headers in 202 bytes (1 switches on core 0)
2026-08-02 23:36:58.921 8 INFO placement.requestlog [None req-e632530a-0e7c-4dd3-af84-32bbf65e0884 30f02ca955734b028925c5e7393d6d85 7a9e0ba5f6d04dffb68e597ad8853672 - - 2f56b8551f4f4e2cb9ce9557517f04b7 2f56b8551f4f4e2cb9ce9557517f04b7] 10.0.0.172 "DELETE /resource_providers/f9fff449-bbe7-4320-8cb4-f34ff462961b" status: 404 len: 246 microversion: 1.1 [pid: 8|app: 0|req: 338/675] 10.0.0.172 () {34 vars in 816 bytes} [Sun Aug 2 23:36:58 2026] DELETE /resource_providers/f9fff449-bbe7-4320-8cb4-f34ff462961b => generated 246 bytes in 16 msecs (HTTP/1.1 404) 6 headers in 231 bytes (1 switches on core 0)
2026-08-02 23:36:58.931 7 INFO placement.requestlog [None req-4d06021d-67a3-474c-bd5e-794e4a0611e5 30f02ca955734b028925c5e7393d6d85 7a9e0ba5f6d04dffb68e597ad8853672 - - 2f56b8551f4f4e2cb9ce9557517f04b7 2f56b8551f4f4e2cb9ce9557517f04b7] 10.0.0.172 "DELETE /resource_providers/f9fff449-bbe7-4320-8cb4-f34ff462961b" status: 404 len: 246 microversion: 1.1 [pid: 7|app: 0|req: 338/676] 10.0.0.172 () {34 vars in 816 bytes} [Sun Aug 2 23:36:58 2026] DELETE /resource_providers/f9fff449-bbe7-4320-8cb4-f34ff462961b => generated 246 bytes in 14 msecs (HTTP/1.1 404) 6 headers in 231 bytes (1 switches on core 0)
2026-08-02 23:37:00.005 8 INFO placement.requestlog [req-efd6469a-fb16-4fb2-8265-259a599ae179 req-d45e5b58-7d49-4ce8-96c0-a34cc01c86d6 96450f5183544dc6b679e56a46c20c2d 7a9e0ba5f6d04dffb68e597ad8853672 - - 2f56b8551f4f4e2cb9ce9557517f04b7 2f56b8551f4f4e2cb9ce9557517f04b7] 199.204.45.205 "GET /resource_providers/0a8dc4e3-0b4d-448a-89c1-46033dc4580d/allocations" status: 200 len: 338 microversion: 1.0 [pid: 8|app: 0|req: 339/677] 199.204.45.205 () {32 vars in 857 bytes} [Sun Aug 2 23:36:59 2026] GET /resource_providers/0a8dc4e3-0b4d-448a-89c1-46033dc4580d/allocations => generated 338 bytes in 25 msecs (HTTP/1.1 200) 6 headers in 224 bytes (1 switches on core 0)
2026-08-02 23:37:00.031 7 INFO placement.requestlog [req-efd6469a-fb16-4fb2-8265-259a599ae179 req-46088eb9-7ff1-432b-b86f-defdc5b271e1 96450f5183544dc6b679e56a46c20c2d 7a9e0ba5f6d04dffb68e597ad8853672 - - 2f56b8551f4f4e2cb9ce9557517f04b7 2f56b8551f4f4e2cb9ce9557517f04b7] 199.204.45.205 "GET /allocations/196087f8-d729-4ed1-ba76-f11fb9ca24e8" status: 200 len: 257 microversion: 1.28 [pid: 7|app: 0|req: 339/678] 199.204.45.205 () {34 vars in 863 bytes} [Sun Aug 2 23:37:00 2026] GET /allocations/196087f8-d729-4ed1-ba76-f11fb9ca24e8 => generated 257 bytes in 16 msecs (HTTP/1.1 200) 8 headers in 296 bytes (1 switches on core 0)
2026-08-02 23:37:00.056 8 INFO placement.requestlog [req-efd6469a-fb16-4fb2-8265-259a599ae179 req-9cb19c81-df4e-4ece-8b6f-3c64c36697c4 96450f5183544dc6b679e56a46c20c2d 7a9e0ba5f6d04dffb68e597ad8853672 - - 2f56b8551f4f4e2cb9ce9557517f04b7 2f56b8551f4f4e2cb9ce9557517f04b7] 199.204.45.205 "GET /allocations/9b290625-b823-4536-a872-3e7f8ca6f284" status: 200 len: 257 microversion: 1.28 [pid: 8|app: 0|req: 340/679] 199.204.45.205 () {34 vars in 863 bytes} [Sun Aug 2 23:37:00 2026] GET /allocations/9b290625-b823-4536-a872-3e7f8ca6f284 => generated 257 bytes in 15 msecs (HTTP/1.1 200) 8 headers in 296 bytes (1 switches on core 0)
2026-08-02 23:37:00.081 7 INFO placement.requestlog [req-efd6469a-fb16-4fb2-8265-259a599ae179 req-fd44d8dc-988e-4316-9bd4-bead054141ca 96450f5183544dc6b679e56a46c20c2d 7a9e0ba5f6d04dffb68e597ad8853672 - - 2f56b8551f4f4e2cb9ce9557517f04b7 2f56b8551f4f4e2cb9ce9557517f04b7] 199.204.45.205 "GET /allocations/eed45158-25e6-4c8f-b341-faf039db87ee" status: 200 len: 243 microversion: 1.28 [pid: 7|app: 0|req: 340/680] 199.204.45.205 () {34 vars in 863 bytes} [Sun Aug 2 23:37:00 2026] GET /allocations/eed45158-25e6-4c8f-b341-faf039db87ee => generated 243 bytes in 16 msecs (HTTP/1.1 200) 8 headers in 296 bytes (1 switches on core 0)
2026-08-02 23:37:00.181 8 INFO placement.requestlog [req-efd6469a-fb16-4fb2-8265-259a599ae179 req-9a4350e4-dc43-4636-bdf5-dde278ee2848 96450f5183544dc6b679e56a46c20c2d 7a9e0ba5f6d04dffb68e597ad8853672 - - 2f56b8551f4f4e2cb9ce9557517f04b7 2f56b8551f4f4e2cb9ce9557517f04b7] 199.204.45.205 "DELETE /allocations/eed45158-25e6-4c8f-b341-faf039db87ee" status: 204 len: 0 microversion: 1.0 [pid: 8|app: 0|req: 341/681] 199.204.45.205 () {34 vars in 841 bytes} [Sun Aug 2 23:37:00 2026] DELETE /allocations/eed45158-25e6-4c8f-b341-faf039db87ee => generated 0 bytes in 34 msecs (HTTP/1.1 204) 5 headers in 198 bytes (1 switches on core 0)
2026-08-02 23:37:00.964 8 INFO placement.requestlog [None req-71785c5e-815e-4b32-887d-2d252a22609b 30f02ca955734b028925c5e7393d6d85 7a9e0ba5f6d04dffb68e597ad8853672 - - 2f56b8551f4f4e2cb9ce9557517f04b7 2f56b8551f4f4e2cb9ce9557517f04b7] 10.0.0.172 "GET /resource_providers/56be0e36-b4aa-4bb7-b022-2b232575a377/aggregates" status: 404 len: 235 microversion: 1.1 [pid: 8|app: 0|req: 342/682] 10.0.0.172 () {32 vars in 816 bytes} [Sun Aug 2 23:37:00 2026] GET /resource_providers/56be0e36-b4aa-4bb7-b022-2b232575a377/aggregates => generated 235 bytes in 9 msecs (HTTP/1.1 404) 5 headers in 202 bytes (1 switches on core 0)
2026-08-02 23:37:00.967 7 INFO placement.requestlog [None req-e2c4ad0a-b869-471c-8b80-c60786b76b68 30f02ca955734b028925c5e7393d6d85 7a9e0ba5f6d04dffb68e597ad8853672 - - 2f56b8551f4f4e2cb9ce9557517f04b7 2f56b8551f4f4e2cb9ce9557517f04b7] 10.0.0.172 "GET /resource_providers/56be0e36-b4aa-4bb7-b022-2b232575a377/aggregates" status: 404 len: 235 microversion: 1.1 [pid: 7|app: 0|req: 341/683] 10.0.0.172 () {32 vars in 816 bytes} [Sun Aug 2 23:37:00 2026] GET /resource_providers/56be0e36-b4aa-4bb7-b022-2b232575a377/aggregates => generated 235 bytes in 14 msecs (HTTP/1.1 404) 5 headers in 202 bytes (1 switches on core 0)
2026-08-02 23:37:00.985 8 INFO placement.requestlog [None req-a9839838-0990-4737-97d6-edd2e7f56513 30f02ca955734b028925c5e7393d6d85 7a9e0ba5f6d04dffb68e597ad8853672 - - 2f56b8551f4f4e2cb9ce9557517f04b7 2f56b8551f4f4e2cb9ce9557517f04b7] 10.0.0.172 "DELETE /resource_providers/56be0e36-b4aa-4bb7-b022-2b232575a377" status: 404 len: 246 microversion: 1.1 [pid: 8|app: 0|req: 343/684] 10.0.0.172 () {34 vars in 816 bytes} [Sun Aug 2 23:37:00 2026] DELETE /resource_providers/56be0e36-b4aa-4bb7-b022-2b232575a377 => generated 246 bytes in 11 msecs (HTTP/1.1 404) 6 headers in 231 bytes (1 switches on core 0)
2026-08-02 23:37:00.992 7 INFO placement.requestlog [None req-82a1b02c-c048-47fd-bc87-235488c7f119 30f02ca955734b028925c5e7393d6d85 7a9e0ba5f6d04dffb68e597ad8853672 - - 2f56b8551f4f4e2cb9ce9557517f04b7 2f56b8551f4f4e2cb9ce9557517f04b7] 10.0.0.172 "DELETE /resource_providers/56be0e36-b4aa-4bb7-b022-2b232575a377" status: 404 len: 246 microversion: 1.1 [pid: 7|app: 0|req: 342/685] 10.0.0.172 () {34 vars in 816 bytes} [Sun Aug 2 23:37:00 2026] DELETE /resource_providers/56be0e36-b4aa-4bb7-b022-2b232575a377 => generated 246 bytes in 16 msecs (HTTP/1.1 404) 6 headers in 231 bytes (1 switches on core 0)
2026-08-02 23:37:02.323 7 INFO placement.requestlog [None req-d7ad3d20-cc03-4129-9fab-4eccb0aa7ae4 - - - - - -] 10.0.0.188 "GET /" status: 200 len: 136 microversion: 1.0
2026-08-02 23:37:02.323 8 INFO placement.requestlog [None req-1eadb60c-4a92-4b2d-a2d4-59584066412a - - - - - -] 10.0.0.188 "GET /" status: 200 len: 136 microversion: 1.0
2026-08-02 23:37:03.752 7 INFO placement.requestlog [None req-19f04433-b968-46da-b4b6-d2a41d30efe7 30f02ca955734b028925c5e7393d6d85 7a9e0ba5f6d04dffb68e597ad8853672 - - 2f56b8551f4f4e2cb9ce9557517f04b7 2f56b8551f4f4e2cb9ce9557517f04b7] 10.0.0.172 "GET /resource_providers/30eee440-f734-4c13-893a-4c9bbcb6fb26/aggregates" status: 404 len: 235 microversion: 1.1 [pid: 7|app: 0|req: 344/688] 10.0.0.172 () {32 vars in 816 bytes} [Sun Aug 2 23:37:03 2026] GET /resource_providers/30eee440-f734-4c13-893a-4c9bbcb6fb26/aggregates => generated 235 bytes in 11 msecs (HTTP/1.1 404) 5 headers in 202 bytes (1 switches on core 0)
2026-08-02 23:37:03.755 8 INFO placement.requestlog [None req-273e2a83-f815-4e0e-8221-767eb80a046d 30f02ca955734b028925c5e7393d6d85 7a9e0ba5f6d04dffb68e597ad8853672 - - 2f56b8551f4f4e2cb9ce9557517f04b7 2f56b8551f4f4e2cb9ce9557517f04b7] 10.0.0.172 "GET /resource_providers/30eee440-f734-4c13-893a-4c9bbcb6fb26/aggregates" status: 404 len: 235 microversion: 1.1 [pid: 8|app: 0|req: 345/689] 10.0.0.172 () {32 vars in 816 bytes} [Sun Aug 2 23:37:03 2026] GET /resource_providers/30eee440-f734-4c13-893a-4c9bbcb6fb26/aggregates => generated 235 bytes in 14 msecs (HTTP/1.1 404) 5 headers in 202 bytes (1 switches on core 0)
2026-08-02 23:37:03.769 7 INFO placement.requestlog [None req-0229e0bf-71cd-4948-a507-b10987e0d94c 30f02ca955734b028925c5e7393d6d85 7a9e0ba5f6d04dffb68e597ad8853672 - - 2f56b8551f4f4e2cb9ce9557517f04b7 2f56b8551f4f4e2cb9ce9557517f04b7] 10.0.0.172 "DELETE /resource_providers/30eee440-f734-4c13-893a-4c9bbcb6fb26" status: 404 len: 246 microversion: 1.1 [pid: 7|app: 0|req: 345/690] 10.0.0.172 () {34 vars in 816 bytes} [Sun Aug 2 23:37:03 2026] DELETE /resource_providers/30eee440-f734-4c13-893a-4c9bbcb6fb26 => generated 246 bytes in 7 msecs (HTTP/1.1 404) 6 headers in 231 bytes (1 switches on core 0)
2026-08-02 23:37:03.794 8 INFO placement.requestlog [None req-94fbced4-74b9-484c-b1f2-6c414d1588fd 30f02ca955734b028925c5e7393d6d85 7a9e0ba5f6d04dffb68e597ad8853672 - - 2f56b8551f4f4e2cb9ce9557517f04b7 2f56b8551f4f4e2cb9ce9557517f04b7] 10.0.0.172 "DELETE /resource_providers/30eee440-f734-4c13-893a-4c9bbcb6fb26" status: 404 len: 246 microversion: 1.1 [pid: 8|app: 0|req: 346/691] 10.0.0.172 () {34 vars in 816 bytes} [Sun Aug 2 23:37:03 2026] DELETE /resource_providers/30eee440-f734-4c13-893a-4c9bbcb6fb26 => generated 246 bytes in 11 msecs (HTTP/1.1 404) 6 headers in 231 bytes (1 switches on core 0)
2026-08-02 23:37:05.021 8 INFO placement.requestlog [None req-d9a9ab39-3d96-4220-91d5-6b2d2ca6d0da 30f02ca955734b028925c5e7393d6d85 7a9e0ba5f6d04dffb68e597ad8853672 - - 2f56b8551f4f4e2cb9ce9557517f04b7 2f56b8551f4f4e2cb9ce9557517f04b7] 10.0.0.172 "GET /resource_providers/1bcac381-54d7-4770-a83f-f074eb678321/aggregates" status: 404 len: 235 microversion: 1.1
2026-08-02 23:37:05.021 7 INFO placement.requestlog [None req-fe98581c-495a-4a73-ae80-19785c3ace7e 30f02ca955734b028925c5e7393d6d85 7a9e0ba5f6d04dffb68e597ad8853672 - - 2f56b8551f4f4e2cb9ce9557517f04b7 2f56b8551f4f4e2cb9ce9557517f04b7] 10.0.0.172 "GET /resource_providers/1bcac381-54d7-4770-a83f-f074eb678321/aggregates" status: 404 len: 235 microversion: 1.1 [pid: 8|app: 0|req: 347/692] 10.0.0.172 () {32 vars in 816 bytes} [Sun Aug 2 23:37:05 2026] GET /resource_providers/1bcac381-54d7-4770-a83f-f074eb678321/aggregates => generated 235 bytes in 13 msecs (HTTP/1.1 404) 5 headers in 202 bytes (1 switches on core 0) [pid: 7|app: 0|req: 346/693] 10.0.0.172 () {32 vars in 816 bytes} [Sun Aug 2 23:37:05 2026] GET /resource_providers/1bcac381-54d7-4770-a83f-f074eb678321/aggregates => generated 235 bytes in 13 msecs (HTTP/1.1 404) 5 headers in 202 bytes (1 switches on core 0)
2026-08-02 23:37:05.050 7 INFO placement.requestlog [None req-aa583f43-c163-4338-8052-197705c46917 30f02ca955734b028925c5e7393d6d85 7a9e0ba5f6d04dffb68e597ad8853672 - - 2f56b8551f4f4e2cb9ce9557517f04b7 2f56b8551f4f4e2cb9ce9557517f04b7] 10.0.0.172 "DELETE /resource_providers/1bcac381-54d7-4770-a83f-f074eb678321" status: 404 len: 246 microversion: 1.1 [pid: 7|app: 0|req: 347/694] 10.0.0.172 () {34 vars in 816 bytes} [Sun Aug 2 23:37:05 2026] DELETE /resource_providers/1bcac381-54d7-4770-a83f-f074eb678321 => generated 246 bytes in 15 msecs (HTTP/1.1 404) 6 headers in 231 bytes (1 switches on core 0)
2026-08-02 23:37:05.053 8 INFO placement.requestlog [None req-4c0d59d3-66f1-4a31-9d35-6e84f77700f0 30f02ca955734b028925c5e7393d6d85 7a9e0ba5f6d04dffb68e597ad8853672 - - 2f56b8551f4f4e2cb9ce9557517f04b7 2f56b8551f4f4e2cb9ce9557517f04b7] 10.0.0.172 "DELETE /resource_providers/1bcac381-54d7-4770-a83f-f074eb678321" status: 404 len: 246 microversion: 1.1 [pid: 8|app: 0|req: 348/695] 10.0.0.172 () {34 vars in 816 bytes} [Sun Aug 2 23:37:05 2026] DELETE /resource_providers/1bcac381-54d7-4770-a83f-f074eb678321 => generated 246 bytes in 18 msecs (HTTP/1.1 404) 6 headers in 231 bytes (1 switches on core 0)
