2026-08-02 23:37:05.811 7 INFO placement.requestlog [None req-cf329504-b14e-4dc0-a8c9-f0dec7a6f16e 30f02ca955734b028925c5e7393d6d85 7a9e0ba5f6d04dffb68e597ad8853672 - - 2f56b8551f4f4e2cb9ce9557517f04b7 2f56b8551f4f4e2cb9ce9557517f04b7] 10.0.0.172 "GET /resource_providers/43458b20-0c78-45db-8f59-83ac8bdc2b2f/aggregates" status: 404 len: 235 microversion: 1.1 [pid: 7|app: 0|req: 348/696] 10.0.0.172 () {32 vars in 816 bytes} [Sun Aug 2 23:37:05 2026] GET /resource_providers/43458b20-0c78-45db-8f59-83ac8bdc2b2f/aggregates => generated 235 bytes in 17 msecs (HTTP/1.1 404) 5 headers in 202 bytes (1 switches on core 0)
2026-08-02 23:37:05.816 8 INFO placement.requestlog [None req-96e03656-d47d-4cad-b0fd-93d089123634 30f02ca955734b028925c5e7393d6d85 7a9e0ba5f6d04dffb68e597ad8853672 - - 2f56b8551f4f4e2cb9ce9557517f04b7 2f56b8551f4f4e2cb9ce9557517f04b7] 10.0.0.172 "GET /resource_providers/43458b20-0c78-45db-8f59-83ac8bdc2b2f/aggregates" status: 404 len: 235 microversion: 1.1 [pid: 8|app: 0|req: 349/697] 10.0.0.172 () {32 vars in 816 bytes} [Sun Aug 2 23:37:05 2026] GET /resource_providers/43458b20-0c78-45db-8f59-83ac8bdc2b2f/aggregates => generated 235 bytes in 13 msecs (HTTP/1.1 404) 5 headers in 202 bytes (1 switches on core 0)
2026-08-02 23:37:05.835 8 INFO placement.requestlog [None req-8d61841b-1076-4385-b430-0988dad1c4f1 30f02ca955734b028925c5e7393d6d85 7a9e0ba5f6d04dffb68e597ad8853672 - - 2f56b8551f4f4e2cb9ce9557517f04b7 2f56b8551f4f4e2cb9ce9557517f04b7] 10.0.0.172 "DELETE /resource_providers/43458b20-0c78-45db-8f59-83ac8bdc2b2f" status: 404 len: 246 microversion: 1.1 [pid: 8|app: 0|req: 350/698] 10.0.0.172 () {34 vars in 816 bytes} [Sun Aug 2 23:37:05 2026] DELETE /resource_providers/43458b20-0c78-45db-8f59-83ac8bdc2b2f => generated 246 bytes in 11 msecs (HTTP/1.1 404) 6 headers in 231 bytes (1 switches on core 0)
2026-08-02 23:37:05.838 7 INFO placement.requestlog [None req-12e920d7-2aa3-4dee-be95-3ffa4be218df 30f02ca955734b028925c5e7393d6d85 7a9e0ba5f6d04dffb68e597ad8853672 - - 2f56b8551f4f4e2cb9ce9557517f04b7 2f56b8551f4f4e2cb9ce9557517f04b7] 10.0.0.172 "DELETE /resource_providers/43458b20-0c78-45db-8f59-83ac8bdc2b2f" status: 404 len: 246 microversion: 1.1 [pid: 7|app: 0|req: 349/699] 10.0.0.172 () {34 vars in 816 bytes} [Sun Aug 2 23:37:05 2026] DELETE /resource_providers/43458b20-0c78-45db-8f59-83ac8bdc2b2f => generated 246 bytes in 15 msecs (HTTP/1.1 404) 6 headers in 231 bytes (1 switches on core 0)
2026-08-02 23:37:07.858 8 INFO placement.requestlog [None req-64842fba-9e49-412d-85a0-981b57eaddec 30f02ca955734b028925c5e7393d6d85 7a9e0ba5f6d04dffb68e597ad8853672 - - 2f56b8551f4f4e2cb9ce9557517f04b7 2f56b8551f4f4e2cb9ce9557517f04b7] 10.0.0.172 "GET /resource_providers/442919e5-1746-4860-9453-1d13db7ff1c5/aggregates" status: 404 len: 235 microversion: 1.1 [pid: 8|app: 0|req: 351/700] 10.0.0.172 () {32 vars in 816 bytes} [Sun Aug 2 23:37:07 2026] GET /resource_providers/442919e5-1746-4860-9453-1d13db7ff1c5/aggregates => generated 235 bytes in 14 msecs (HTTP/1.1 404) 5 headers in 202 bytes (1 switches on core 0)
2026-08-02 23:37:07.882 7 INFO placement.requestlog [None req-03411435-a82e-4919-9bde-900474ae69d4 30f02ca955734b028925c5e7393d6d85 7a9e0ba5f6d04dffb68e597ad8853672 - - 2f56b8551f4f4e2cb9ce9557517f04b7 2f56b8551f4f4e2cb9ce9557517f04b7] 10.0.0.172 "GET /resource_providers/442919e5-1746-4860-9453-1d13db7ff1c5/aggregates" status: 404 len: 235 microversion: 1.1 [pid: 7|app: 0|req: 350/701] 10.0.0.172 () {32 vars in 816 bytes} [Sun Aug 2 23:37:07 2026] GET /resource_providers/442919e5-1746-4860-9453-1d13db7ff1c5/aggregates => generated 235 bytes in 20 msecs (HTTP/1.1 404) 5 headers in 202 bytes (1 switches on core 0)
2026-08-02 23:37:07.889 8 INFO placement.requestlog [None req-0e67b2af-186f-4001-9e2b-a4f67b680a06 30f02ca955734b028925c5e7393d6d85 7a9e0ba5f6d04dffb68e597ad8853672 - - 2f56b8551f4f4e2cb9ce9557517f04b7 2f56b8551f4f4e2cb9ce9557517f04b7] 10.0.0.172 "DELETE /resource_providers/442919e5-1746-4860-9453-1d13db7ff1c5" status: 404 len: 246 microversion: 1.1 [pid: 8|app: 0|req: 352/702] 10.0.0.172 () {34 vars in 816 bytes} [Sun Aug 2 23:37:07 2026] DELETE /resource_providers/442919e5-1746-4860-9453-1d13db7ff1c5 => generated 246 bytes in 10 msecs (HTTP/1.1 404) 6 headers in 231 bytes (1 switches on core 0)
2026-08-02 23:37:07.905 8 INFO placement.requestlog [None req-fd973fc3-7214-4836-b3c7-c86a1e2cca90 30f02ca955734b028925c5e7393d6d85 7a9e0ba5f6d04dffb68e597ad8853672 - - 2f56b8551f4f4e2cb9ce9557517f04b7 2f56b8551f4f4e2cb9ce9557517f04b7] 10.0.0.172 "GET /resource_providers/63219250-996c-475e-8a82-0502c6f6b356/aggregates" status: 404 len: 235 microversion: 1.1
2026-08-02 23:37:07.905 7 INFO placement.requestlog [None req-1cc65793-39f7-4d0a-a3e5-2c0b38cffbd6 30f02ca955734b028925c5e7393d6d85 7a9e0ba5f6d04dffb68e597ad8853672 - - 2f56b8551f4f4e2cb9ce9557517f04b7 2f56b8551f4f4e2cb9ce9557517f04b7] 10.0.0.172 "DELETE /resource_providers/442919e5-1746-4860-9453-1d13db7ff1c5" status: 404 len: 246 microversion: 1.1 [pid: 8|app: 0|req: 353/703] 10.0.0.172 () {32 vars in 816 bytes} [Sun Aug 2 23:37:07 2026] GET /resource_providers/63219250-996c-475e-8a82-0502c6f6b356/aggregates => generated 235 bytes in 7 msecs (HTTP/1.1 404) 5 headers in 202 bytes (1 switches on core 0) [pid: 7|app: 0|req: 351/704] 10.0.0.172 () {34 vars in 816 bytes} [Sun Aug 2 23:37:07 2026] DELETE /resource_providers/442919e5-1746-4860-9453-1d13db7ff1c5 => generated 246 bytes in 14 msecs (HTTP/1.1 404) 6 headers in 231 bytes (1 switches on core 0)
2026-08-02 23:37:07.919 8 INFO placement.requestlog [None req-3fe5c9dc-a733-4077-9498-2df1c5e45641 30f02ca955734b028925c5e7393d6d85 7a9e0ba5f6d04dffb68e597ad8853672 - - 2f56b8551f4f4e2cb9ce9557517f04b7 2f56b8551f4f4e2cb9ce9557517f04b7] 10.0.0.172 "DELETE /resource_providers/63219250-996c-475e-8a82-0502c6f6b356" status: 404 len: 246 microversion: 1.1 [pid: 8|app: 0|req: 354/705] 10.0.0.172 () {34 vars in 816 bytes} [Sun Aug 2 23:37:07 2026] DELETE /resource_providers/63219250-996c-475e-8a82-0502c6f6b356 => generated 246 bytes in 8 msecs (HTTP/1.1 404) 6 headers in 231 bytes (1 switches on core 0)
2026-08-02 23:37:07.932 7 INFO placement.requestlog [None req-6ec22b89-0693-4515-8b22-063298e1f881 30f02ca955734b028925c5e7393d6d85 7a9e0ba5f6d04dffb68e597ad8853672 - - 2f56b8551f4f4e2cb9ce9557517f04b7 2f56b8551f4f4e2cb9ce9557517f04b7] 10.0.0.172 "GET /resource_providers/63219250-996c-475e-8a82-0502c6f6b356/aggregates" status: 404 len: 235 microversion: 1.1 [pid: 7|app: 0|req: 352/706] 10.0.0.172 () {32 vars in 816 bytes} [Sun Aug 2 23:37:07 2026] GET /resource_providers/63219250-996c-475e-8a82-0502c6f6b356/aggregates => generated 235 bytes in 13 msecs (HTTP/1.1 404) 5 headers in 202 bytes (1 switches on core 0)
2026-08-02 23:37:07.934 8 INFO placement.requestlog [None req-ceb9f019-18c9-4f6a-afee-e261f845bcc2 30f02ca955734b028925c5e7393d6d85 7a9e0ba5f6d04dffb68e597ad8853672 - - 2f56b8551f4f4e2cb9ce9557517f04b7 2f56b8551f4f4e2cb9ce9557517f04b7] 10.0.0.172 "GET /resource_providers/b78f9263-9ecc-4248-985e-5975b9728a5f/aggregates" status: 404 len: 235 microversion: 1.1 [pid: 8|app: 0|req: 355/707] 10.0.0.172 () {32 vars in 816 bytes} [Sun Aug 2 23:37:07 2026] GET /resource_providers/b78f9263-9ecc-4248-985e-5975b9728a5f/aggregates => generated 235 bytes in 6 msecs (HTTP/1.1 404) 5 headers in 202 bytes (1 switches on core 0)
2026-08-02 23:37:07.949 8 INFO placement.requestlog [None req-bf25efba-6e63-424d-87be-ebd7fa2c4502 30f02ca955734b028925c5e7393d6d85 7a9e0ba5f6d04dffb68e597ad8853672 - - 2f56b8551f4f4e2cb9ce9557517f04b7 2f56b8551f4f4e2cb9ce9557517f04b7] 10.0.0.172 "DELETE /resource_providers/b78f9263-9ecc-4248-985e-5975b9728a5f" status: 404 len: 246 microversion: 1.1 [pid: 8|app: 0|req: 356/708] 10.0.0.172 () {34 vars in 816 bytes} [Sun Aug 2 23:37:07 2026] DELETE /resource_providers/b78f9263-9ecc-4248-985e-5975b9728a5f => generated 246 bytes in 8 msecs (HTTP/1.1 404) 6 headers in 231 bytes (1 switches on core 0)
2026-08-02 23:37:07.955 7 INFO placement.requestlog [None req-68fb08f8-a291-4b9d-bd51-292d3b61458b 30f02ca955734b028925c5e7393d6d85 7a9e0ba5f6d04dffb68e597ad8853672 - - 2f56b8551f4f4e2cb9ce9557517f04b7 2f56b8551f4f4e2cb9ce9557517f04b7] 10.0.0.172 "DELETE /resource_providers/63219250-996c-475e-8a82-0502c6f6b356" status: 404 len: 246 microversion: 1.1 [pid: 7|app: 0|req: 353/709] 10.0.0.172 () {34 vars in 816 bytes} [Sun Aug 2 23:37:07 2026] DELETE /resource_providers/63219250-996c-475e-8a82-0502c6f6b356 => generated 246 bytes in 14 msecs (HTTP/1.1 404) 6 headers in 231 bytes (1 switches on core 0)
2026-08-02 23:37:07.969 8 INFO placement.requestlog [None req-79b38c38-081d-4c8a-baa4-40edaed7650f 30f02ca955734b028925c5e7393d6d85 7a9e0ba5f6d04dffb68e597ad8853672 - - 2f56b8551f4f4e2cb9ce9557517f04b7 2f56b8551f4f4e2cb9ce9557517f04b7] 10.0.0.172 "GET /resource_providers/b78f9263-9ecc-4248-985e-5975b9728a5f/aggregates" status: 404 len: 235 microversion: 1.1 [pid: 8|app: 0|req: 357/710] 10.0.0.172 () {32 vars in 816 bytes} [Sun Aug 2 23:37:07 2026] GET /resource_providers/b78f9263-9ecc-4248-985e-5975b9728a5f/aggregates => generated 235 bytes in 8 msecs (HTTP/1.1 404) 5 headers in 202 bytes (1 switches on core 0)
2026-08-02 23:37:07.989 7 INFO placement.requestlog [None req-780a746e-ff05-4c1c-9837-4d0e72bd90f3 30f02ca955734b028925c5e7393d6d85 7a9e0ba5f6d04dffb68e597ad8853672 - - 2f56b8551f4f4e2cb9ce9557517f04b7 2f56b8551f4f4e2cb9ce9557517f04b7] 10.0.0.172 "DELETE /resource_providers/b78f9263-9ecc-4248-985e-5975b9728a5f" status: 404 len: 246 microversion: 1.1 [pid: 7|app: 0|req: 354/711] 10.0.0.172 () {34 vars in 816 bytes} [Sun Aug 2 23:37:07 2026] DELETE /resource_providers/b78f9263-9ecc-4248-985e-5975b9728a5f => generated 246 bytes in 12 msecs (HTTP/1.1 404) 6 headers in 231 bytes (1 switches on core 0)
2026-08-02 23:37:08.641 8 INFO placement.requestlog [req-c4a68957-9517-466e-ba3c-bd885567088a req-4293212c-ab01-4cdd-b044-8e09cadb7cda 96450f5183544dc6b679e56a46c20c2d 7a9e0ba5f6d04dffb68e597ad8853672 - - 2f56b8551f4f4e2cb9ce9557517f04b7 2f56b8551f4f4e2cb9ce9557517f04b7] 199.204.45.205 "GET /resource_providers/0a8dc4e3-0b4d-448a-89c1-46033dc4580d/allocations" status: 200 len: 252 microversion: 1.0 [pid: 8|app: 0|req: 358/712] 199.204.45.205 () {32 vars in 857 bytes} [Sun Aug 2 23:37:08 2026] GET /resource_providers/0a8dc4e3-0b4d-448a-89c1-46033dc4580d/allocations => generated 252 bytes in 19 msecs (HTTP/1.1 200) 6 headers in 224 bytes (1 switches on core 0)
2026-08-02 23:37:08.665 7 INFO placement.requestlog [req-c4a68957-9517-466e-ba3c-bd885567088a req-b3aa5a69-36c0-45bc-8643-02068baea5f9 96450f5183544dc6b679e56a46c20c2d 7a9e0ba5f6d04dffb68e597ad8853672 - - 2f56b8551f4f4e2cb9ce9557517f04b7 2f56b8551f4f4e2cb9ce9557517f04b7] 199.204.45.205 "GET /allocations/196087f8-d729-4ed1-ba76-f11fb9ca24e8" status: 200 len: 257 microversion: 1.28 [pid: 7|app: 0|req: 355/713] 199.204.45.205 () {34 vars in 863 bytes} [Sun Aug 2 23:37:08 2026] GET /allocations/196087f8-d729-4ed1-ba76-f11fb9ca24e8 => generated 257 bytes in 15 msecs (HTTP/1.1 200) 8 headers in 296 bytes (1 switches on core 0)
2026-08-02 23:37:08.689 8 INFO placement.requestlog [req-c4a68957-9517-466e-ba3c-bd885567088a req-29360cec-6b8a-4eb5-8606-1b11c80632b2 96450f5183544dc6b679e56a46c20c2d 7a9e0ba5f6d04dffb68e597ad8853672 - - 2f56b8551f4f4e2cb9ce9557517f04b7 2f56b8551f4f4e2cb9ce9557517f04b7] 199.204.45.205 "GET /allocations/9b290625-b823-4536-a872-3e7f8ca6f284" status: 200 len: 257 microversion: 1.28 [pid: 8|app: 0|req: 359/714] 199.204.45.205 () {34 vars in 863 bytes} [Sun Aug 2 23:37:08 2026] GET /allocations/9b290625-b823-4536-a872-3e7f8ca6f284 => generated 257 bytes in 17 msecs (HTTP/1.1 200) 8 headers in 296 bytes (1 switches on core 0)
2026-08-02 23:37:08.815 7 INFO placement.requestlog [req-c4a68957-9517-466e-ba3c-bd885567088a req-a5df0e5b-2ef3-4c93-b1c1-4b82b1b4c888 96450f5183544dc6b679e56a46c20c2d 7a9e0ba5f6d04dffb68e597ad8853672 - - 2f56b8551f4f4e2cb9ce9557517f04b7 2f56b8551f4f4e2cb9ce9557517f04b7] 199.204.45.205 "DELETE /allocations/9b290625-b823-4536-a872-3e7f8ca6f284" status: 204 len: 0 microversion: 1.0 [pid: 7|app: 0|req: 356/715] 199.204.45.205 () {34 vars in 841 bytes} [Sun Aug 2 23:37:08 2026] DELETE /allocations/9b290625-b823-4536-a872-3e7f8ca6f284 => generated 0 bytes in 27 msecs (HTTP/1.1 204) 5 headers in 198 bytes (1 switches on core 0)
2026-08-02 23:37:12.324 7 INFO placement.requestlog [None req-98a5fbb8-2a3b-4a1d-b78f-c8b34069af2a - - - - - -] 10.0.0.188 "GET /" status: 200 len: 136 microversion: 1.0
2026-08-02 23:37:12.324 8 INFO placement.requestlog [None req-7107ecc2-d302-4295-8ea2-1b863291845c - - - - - -] 10.0.0.188 "GET /" status: 200 len: 136 microversion: 1.0
2026-08-02 23:37:12.590 7 INFO placement.requestlog [None req-494f42c6-1e82-4e9a-a981-783a56da99fd 30f02ca955734b028925c5e7393d6d85 7a9e0ba5f6d04dffb68e597ad8853672 - - 2f56b8551f4f4e2cb9ce9557517f04b7 2f56b8551f4f4e2cb9ce9557517f04b7] 10.0.0.172 "GET /resource_providers/c272dfd1-d8d0-4a90-af92-cc86576a515c/aggregates" status: 404 len: 235 microversion: 1.1 [pid: 7|app: 0|req: 358/718] 10.0.0.172 () {32 vars in 816 bytes} [Sun Aug 2 23:37:12 2026] GET /resource_providers/c272dfd1-d8d0-4a90-af92-cc86576a515c/aggregates => generated 235 bytes in 12 msecs (HTTP/1.1 404) 5 headers in 202 bytes (1 switches on core 0)
2026-08-02 23:37:12.592 8 INFO placement.requestlog [None req-d40e32cc-d130-4847-9e4d-864192af3f31 30f02ca955734b028925c5e7393d6d85 7a9e0ba5f6d04dffb68e597ad8853672 - - 2f56b8551f4f4e2cb9ce9557517f04b7 2f56b8551f4f4e2cb9ce9557517f04b7] 10.0.0.172 "GET /resource_providers/c272dfd1-d8d0-4a90-af92-cc86576a515c/aggregates" status: 404 len: 235 microversion: 1.1 [pid: 8|app: 0|req: 361/719] 10.0.0.172 () {32 vars in 816 bytes} [Sun Aug 2 23:37:12 2026] GET /resource_providers/c272dfd1-d8d0-4a90-af92-cc86576a515c/aggregates => generated 235 bytes in 14 msecs (HTTP/1.1 404) 5 headers in 202 bytes (1 switches on core 0)
2026-08-02 23:37:12.604 7 INFO placement.requestlog [None req-60f82469-832f-455c-9dfd-159d5a742fee 30f02ca955734b028925c5e7393d6d85 7a9e0ba5f6d04dffb68e597ad8853672 - - 2f56b8551f4f4e2cb9ce9557517f04b7 2f56b8551f4f4e2cb9ce9557517f04b7] 10.0.0.172 "DELETE /resource_providers/c272dfd1-d8d0-4a90-af92-cc86576a515c" status: 404 len: 246 microversion: 1.1 [pid: 7|app: 0|req: 359/720] 10.0.0.172 () {34 vars in 816 bytes} [Sun Aug 2 23:37:12 2026] DELETE /resource_providers/c272dfd1-d8d0-4a90-af92-cc86576a515c => generated 246 bytes in 8 msecs (HTTP/1.1 404) 6 headers in 231 bytes (1 switches on core 0)
2026-08-02 23:37:12.621 8 INFO placement.requestlog [None req-4ca62271-7e37-4edb-89f5-a85e3586fd9b 30f02ca955734b028925c5e7393d6d85 7a9e0ba5f6d04dffb68e597ad8853672 - - 2f56b8551f4f4e2cb9ce9557517f04b7 2f56b8551f4f4e2cb9ce9557517f04b7] 10.0.0.172 "DELETE /resource_providers/c272dfd1-d8d0-4a90-af92-cc86576a515c" status: 404 len: 246 microversion: 1.1 [pid: 8|app: 0|req: 362/721] 10.0.0.172 () {34 vars in 816 bytes} [Sun Aug 2 23:37:12 2026] DELETE /resource_providers/c272dfd1-d8d0-4a90-af92-cc86576a515c => generated 246 bytes in 20 msecs (HTTP/1.1 404) 6 headers in 231 bytes (1 switches on core 0)
2026-08-02 23:37:14.295 7 INFO placement.requestlog [None req-13767643-144f-403b-925b-843e285e5bfe 30f02ca955734b028925c5e7393d6d85 7a9e0ba5f6d04dffb68e597ad8853672 - - 2f56b8551f4f4e2cb9ce9557517f04b7 2f56b8551f4f4e2cb9ce9557517f04b7] 10.0.0.172 "GET /resource_providers/0122ebd9-1522-49ba-b71b-818f1ee46378/aggregates" status: 404 len: 235 microversion: 1.1 [pid: 7|app: 0|req: 360/722] 10.0.0.172 () {32 vars in 816 bytes} [Sun Aug 2 23:37:14 2026] GET /resource_providers/0122ebd9-1522-49ba-b71b-818f1ee46378/aggregates => generated 235 bytes in 12 msecs (HTTP/1.1 404) 5 headers in 202 bytes (1 switches on core 0)
2026-08-02 23:37:14.305 8 INFO placement.requestlog [None req-6f082feb-e37e-4fbd-aa6d-7ae8e14fae9d 30f02ca955734b028925c5e7393d6d85 7a9e0ba5f6d04dffb68e597ad8853672 - - 2f56b8551f4f4e2cb9ce9557517f04b7 2f56b8551f4f4e2cb9ce9557517f04b7] 10.0.0.172 "GET /resource_providers/0122ebd9-1522-49ba-b71b-818f1ee46378/aggregates" status: 404 len: 235 microversion: 1.1 [pid: 8|app: 0|req: 363/723] 10.0.0.172 () {32 vars in 816 bytes} [Sun Aug 2 23:37:14 2026] GET /resource_providers/0122ebd9-1522-49ba-b71b-818f1ee46378/aggregates => generated 235 bytes in 22 msecs (HTTP/1.1 404) 5 headers in 202 bytes (1 switches on core 0)
2026-08-02 23:37:14.334 8 INFO placement.requestlog [None req-007f153d-2872-495d-a6ed-ea2de602464b 30f02ca955734b028925c5e7393d6d85 7a9e0ba5f6d04dffb68e597ad8853672 - - 2f56b8551f4f4e2cb9ce9557517f04b7 2f56b8551f4f4e2cb9ce9557517f04b7] 10.0.0.172 "DELETE /resource_providers/0122ebd9-1522-49ba-b71b-818f1ee46378" status: 404 len: 246 microversion: 1.1
2026-08-02 23:37:14.334 7 INFO placement.requestlog [None req-86d10143-25ca-42db-a0bb-a1a2d109d2e0 30f02ca955734b028925c5e7393d6d85 7a9e0ba5f6d04dffb68e597ad8853672 - - 2f56b8551f4f4e2cb9ce9557517f04b7 2f56b8551f4f4e2cb9ce9557517f04b7] 10.0.0.172 "DELETE /resource_providers/0122ebd9-1522-49ba-b71b-818f1ee46378" status: 404 len: 246 microversion: 1.1 [pid: 7|app: 0|req: 361/725] 10.0.0.172 () {34 vars in 816 bytes} [Sun Aug 2 23:37:14 2026] DELETE /resource_providers/0122ebd9-1522-49ba-b71b-818f1ee46378 => generated 246 bytes in 14 msecs (HTTP/1.1 404) 6 headers in 231 bytes (1 switches on core 0) [pid: 8|app: 0|req: 364/725] 10.0.0.172 () {34 vars in 816 bytes} [Sun Aug 2 23:37:14 2026] DELETE /resource_providers/0122ebd9-1522-49ba-b71b-818f1ee46378 => generated 246 bytes in 14 msecs (HTTP/1.1 404) 6 headers in 231 bytes (1 switches on core 0)
2026-08-02 23:37:14.644 8 INFO placement.requestlog [None req-1b83ada7-4b67-4c00-8fc4-69794714cc82 30f02ca955734b028925c5e7393d6d85 7a9e0ba5f6d04dffb68e597ad8853672 - - 2f56b8551f4f4e2cb9ce9557517f04b7 2f56b8551f4f4e2cb9ce9557517f04b7] 10.0.0.172 "GET /resource_providers/751be568-2275-4502-ada7-002fe7c0a0a7/aggregates" status: 404 len: 235 microversion: 1.1 [pid: 8|app: 0|req: 365/726] 10.0.0.172 () {32 vars in 816 bytes} [Sun Aug 2 23:37:14 2026] GET /resource_providers/751be568-2275-4502-ada7-002fe7c0a0a7/aggregates => generated 235 bytes in 16 msecs (HTTP/1.1 404) 5 headers in 202 bytes (1 switches on core 0)
2026-08-02 23:37:14.654 7 INFO placement.requestlog [None req-48758ed9-27cc-4e00-b699-e371939daeb1 30f02ca955734b028925c5e7393d6d85 7a9e0ba5f6d04dffb68e597ad8853672 - - 2f56b8551f4f4e2cb9ce9557517f04b7 2f56b8551f4f4e2cb9ce9557517f04b7] 10.0.0.172 "GET /resource_providers/751be568-2275-4502-ada7-002fe7c0a0a7/aggregates" status: 404 len: 235 microversion: 1.1 [pid: 7|app: 0|req: 362/727] 10.0.0.172 () {32 vars in 816 bytes} [Sun Aug 2 23:37:14 2026] GET /resource_providers/751be568-2275-4502-ada7-002fe7c0a0a7/aggregates => generated 235 bytes in 33 msecs (HTTP/1.1 404) 5 headers in 202 bytes (1 switches on core 0)
2026-08-02 23:37:14.671 8 INFO placement.requestlog [None req-fbb0de43-22d3-4304-bf8a-51716e13b998 30f02ca955734b028925c5e7393d6d85 7a9e0ba5f6d04dffb68e597ad8853672 - - 2f56b8551f4f4e2cb9ce9557517f04b7 2f56b8551f4f4e2cb9ce9557517f04b7] 10.0.0.172 "DELETE /resource_providers/751be568-2275-4502-ada7-002fe7c0a0a7" status: 404 len: 246 microversion: 1.1 [pid: 8|app: 0|req: 366/728] 10.0.0.172 () {34 vars in 816 bytes} [Sun Aug 2 23:37:14 2026] DELETE /resource_providers/751be568-2275-4502-ada7-002fe7c0a0a7 => generated 246 bytes in 17 msecs (HTTP/1.1 404) 6 headers in 231 bytes (1 switches on core 0)
2026-08-02 23:37:14.705 7 INFO placement.requestlog [None req-d3d981ab-bed7-44b3-9544-79d9d6e60e0f 30f02ca955734b028925c5e7393d6d85 7a9e0ba5f6d04dffb68e597ad8853672 - - 2f56b8551f4f4e2cb9ce9557517f04b7 2f56b8551f4f4e2cb9ce9557517f04b7] 10.0.0.172 "DELETE /resource_providers/751be568-2275-4502-ada7-002fe7c0a0a7" status: 404 len: 246 microversion: 1.1 [pid: 7|app: 0|req: 363/729] 10.0.0.172 () {34 vars in 816 bytes} [Sun Aug 2 23:37:14 2026] DELETE /resource_providers/751be568-2275-4502-ada7-002fe7c0a0a7 => generated 246 bytes in 44 msecs (HTTP/1.1 404) 6 headers in 231 bytes (1 switches on core 0)
2026-08-02 23:37:16.697 8 INFO placement.requestlog [None req-d3bd672a-5203-4cbc-a595-6ae2536d9b12 30f02ca955734b028925c5e7393d6d85 7a9e0ba5f6d04dffb68e597ad8853672 - - 2f56b8551f4f4e2cb9ce9557517f04b7 2f56b8551f4f4e2cb9ce9557517f04b7] 10.0.0.172 "GET /resource_providers/9982e1e0-9d55-4fb6-b1c2-9953709186ab/aggregates" status: 404 len: 235 microversion: 1.1 [pid: 8|app: 0|req: 367/730] 10.0.0.172 () {32 vars in 816 bytes} [Sun Aug 2 23:37:16 2026] GET /resource_providers/9982e1e0-9d55-4fb6-b1c2-9953709186ab/aggregates => generated 235 bytes in 12 msecs (HTTP/1.1 404) 5 headers in 202 bytes (1 switches on core 0)
2026-08-02 23:37:16.721 7 INFO placement.requestlog [None req-45a5d75b-9936-454a-a49a-d4763f12818d 30f02ca955734b028925c5e7393d6d85 7a9e0ba5f6d04dffb68e597ad8853672 - - 2f56b8551f4f4e2cb9ce9557517f04b7 2f56b8551f4f4e2cb9ce9557517f04b7] 10.0.0.172 "DELETE /resource_providers/9982e1e0-9d55-4fb6-b1c2-9953709186ab" status: 404 len: 246 microversion: 1.1 [pid: 7|app: 0|req: 364/731] 10.0.0.172 () {34 vars in 816 bytes} [Sun Aug 2 23:37:16 2026] DELETE /resource_providers/9982e1e0-9d55-4fb6-b1c2-9953709186ab => generated 246 bytes in 18 msecs (HTTP/1.1 404) 6 headers in 231 bytes (1 switches on core 0)
2026-08-02 23:37:16.733 8 INFO placement.requestlog [None req-056b7782-3e20-41c6-8cba-abf397717c54 30f02ca955734b028925c5e7393d6d85 7a9e0ba5f6d04dffb68e597ad8853672 - - 2f56b8551f4f4e2cb9ce9557517f04b7 2f56b8551f4f4e2cb9ce9557517f04b7] 10.0.0.172 "GET /resource_providers/9982e1e0-9d55-4fb6-b1c2-9953709186ab/aggregates" status: 404 len: 235 microversion: 1.1 [pid: 8|app: 0|req: 368/732] 10.0.0.172 () {32 vars in 816 bytes} [Sun Aug 2 23:37:16 2026] GET /resource_providers/9982e1e0-9d55-4fb6-b1c2-9953709186ab/aggregates => generated 235 bytes in 15 msecs (HTTP/1.1 404) 5 headers in 202 bytes (1 switches on core 0)
2026-08-02 23:37:16.761 7 INFO placement.requestlog [None req-149c7185-020e-4c19-9a58-4811c4d952bb 30f02ca955734b028925c5e7393d6d85 7a9e0ba5f6d04dffb68e597ad8853672 - - 2f56b8551f4f4e2cb9ce9557517f04b7 2f56b8551f4f4e2cb9ce9557517f04b7] 10.0.0.172 "DELETE /resource_providers/9982e1e0-9d55-4fb6-b1c2-9953709186ab" status: 404 len: 246 microversion: 1.1 [pid: 7|app: 0|req: 365/733] 10.0.0.172 () {34 vars in 816 bytes} [Sun Aug 2 23:37:16 2026] DELETE /resource_providers/9982e1e0-9d55-4fb6-b1c2-9953709186ab => generated 246 bytes in 15 msecs (HTTP/1.1 404) 6 headers in 231 bytes (1 switches on core 0)
2026-08-02 23:37:16.988 8 INFO placement.requestlog [req-a6e04818-98bc-46a8-b2ed-9ebb008c8664 req-0805e124-dcb8-4096-9232-59767d4c25b9 96450f5183544dc6b679e56a46c20c2d 7a9e0ba5f6d04dffb68e597ad8853672 - - 2f56b8551f4f4e2cb9ce9557517f04b7 2f56b8551f4f4e2cb9ce9557517f04b7] 10.0.0.157 "GET /allocation_candidates?limit=1000&resources=DISK_GB%3A1%2CMEMORY_MB%3A512%2CVCPU%3A1&root_required=%21COMPUTE_STATUS_DISABLED" status: 200 len: 2149 microversion: 1.36 [pid: 8|app: 0|req: 369/734] 10.0.0.157 () {34 vars in 1012 bytes} [Sun Aug 2 23:37:16 2026] GET /allocation_candidates?limit=1000&resources=DISK_GB%3A1%2CMEMORY_MB%3A512%2CVCPU%3A1&root_required=%21COMPUTE_STATUS_DISABLED => generated 2149 bytes in 55 msecs (HTTP/1.1 200) 8 headers in 297 bytes (1 switches on core 0)
2026-08-02 23:37:17.031 7 INFO placement.requestlog [req-a6e04818-98bc-46a8-b2ed-9ebb008c8664 req-1481fad2-5fbb-4904-8044-25729d13cd9e 96450f5183544dc6b679e56a46c20c2d 7a9e0ba5f6d04dffb68e597ad8853672 - - 2f56b8551f4f4e2cb9ce9557517f04b7 2f56b8551f4f4e2cb9ce9557517f04b7] 10.0.0.157 "GET /allocations/85d3729c-c124-4c57-a4e1-4cb555a6e43a" status: 200 len: 19 microversion: 1.28 [pid: 7|app: 0|req: 366/735] 10.0.0.157 () {34 vars in 861 bytes} [Sun Aug 2 23:37:17 2026] GET /allocations/85d3729c-c124-4c57-a4e1-4cb555a6e43a => generated 19 bytes in 21 msecs (HTTP/1.1 200) 8 headers in 295 bytes (1 switches on core 0)
2026-08-02 23:37:17.118 8 INFO placement.requestlog [req-a6e04818-98bc-46a8-b2ed-9ebb008c8664 req-99d8e915-cfa7-49da-acac-70266f09c592 96450f5183544dc6b679e56a46c20c2d 7a9e0ba5f6d04dffb68e597ad8853672 - - 2f56b8551f4f4e2cb9ce9557517f04b7 2f56b8551f4f4e2cb9ce9557517f04b7] 10.0.0.157 "PUT /allocations/85d3729c-c124-4c57-a4e1-4cb555a6e43a" status: 204 len: 0 microversion: 1.36 [pid: 8|app: 0|req: 370/736] 10.0.0.157 () {38 vars in 914 bytes} [Sun Aug 2 23:37:17 2026] PUT /allocations/85d3729c-c124-4c57-a4e1-4cb555a6e43a => generated 0 bytes in 79 msecs (HTTP/1.1 204) 5 headers in 199 bytes (1 switches on core 0)
2026-08-02 23:37:17.731 7 INFO placement.requestlog [req-a6e04818-98bc-46a8-b2ed-9ebb008c8664 req-8f5db44f-f27d-4be2-ae0b-f6d4e2487490 96450f5183544dc6b679e56a46c20c2d 7a9e0ba5f6d04dffb68e597ad8853672 - - 2f56b8551f4f4e2cb9ce9557517f04b7 2f56b8551f4f4e2cb9ce9557517f04b7] 199.204.45.205 "GET /allocations/85d3729c-c124-4c57-a4e1-4cb555a6e43a" status: 200 len: 257 microversion: 1.28 [pid: 7|app: 0|req: 367/737] 199.204.45.205 () {34 vars in 863 bytes} [Sun Aug 2 23:37:17 2026] GET /allocations/85d3729c-c124-4c57-a4e1-4cb555a6e43a => generated 257 bytes in 248 msecs (HTTP/1.1 200) 8 headers in 296 bytes (1 switches on core 0)
2026-08-02 23:37:17.860 8 INFO placement.requestlog [req-a6e04818-98bc-46a8-b2ed-9ebb008c8664 req-c93b70a2-4e25-4038-8d56-feb9aaac63ea 96450f5183544dc6b679e56a46c20c2d 7a9e0ba5f6d04dffb68e597ad8853672 - - 2f56b8551f4f4e2cb9ce9557517f04b7 2f56b8551f4f4e2cb9ce9557517f04b7] 199.204.45.205 "GET /resource_providers/0a8dc4e3-0b4d-448a-89c1-46033dc4580d/allocations" status: 200 len: 252 microversion: 1.0 [pid: 8|app: 0|req: 371/738] 199.204.45.205 () {32 vars in 857 bytes} [Sun Aug 2 23:37:17 2026] GET /resource_providers/0a8dc4e3-0b4d-448a-89c1-46033dc4580d/allocations => generated 252 bytes in 20 msecs (HTTP/1.1 200) 6 headers in 224 bytes (1 switches on core 0)
2026-08-02 23:37:17.898 7 INFO placement.requestlog [req-a6e04818-98bc-46a8-b2ed-9ebb008c8664 req-44d9afa1-6a8a-43a6-a87c-f3855808758b 96450f5183544dc6b679e56a46c20c2d 7a9e0ba5f6d04dffb68e597ad8853672 - - 2f56b8551f4f4e2cb9ce9557517f04b7 2f56b8551f4f4e2cb9ce9557517f04b7] 199.204.45.205 "GET /allocations/196087f8-d729-4ed1-ba76-f11fb9ca24e8" status: 200 len: 257 microversion: 1.28 [pid: 7|app: 0|req: 368/739] 199.204.45.205 () {34 vars in 863 bytes} [Sun Aug 2 23:37:17 2026] GET /allocations/196087f8-d729-4ed1-ba76-f11fb9ca24e8 => generated 257 bytes in 30 msecs (HTTP/1.1 200) 8 headers in 296 bytes (1 switches on core 0)
2026-08-02 23:37:17.925 8 INFO placement.requestlog [req-a6e04818-98bc-46a8-b2ed-9ebb008c8664 req-51e62191-c975-4d57-8159-c6ca060cc652 96450f5183544dc6b679e56a46c20c2d 7a9e0ba5f6d04dffb68e597ad8853672 - - 2f56b8551f4f4e2cb9ce9557517f04b7 2f56b8551f4f4e2cb9ce9557517f04b7] 199.204.45.205 "GET /allocations/85d3729c-c124-4c57-a4e1-4cb555a6e43a" status: 200 len: 257 microversion: 1.28 [pid: 8|app: 0|req: 372/740] 199.204.45.205 () {34 vars in 863 bytes} [Sun Aug 2 23:37:17 2026] GET /allocations/85d3729c-c124-4c57-a4e1-4cb555a6e43a => generated 257 bytes in 16 msecs (HTTP/1.1 200) 8 headers in 296 bytes (1 switches on core 0)
2026-08-02 23:37:18.627 7 INFO placement.requestlog [req-bb268c00-24a5-43ef-b875-ceead7cc9a15 req-39fa8ed3-aad3-4a29-84ed-d94a95e313e4 96450f5183544dc6b679e56a46c20c2d 7a9e0ba5f6d04dffb68e597ad8853672 - - 2f56b8551f4f4e2cb9ce9557517f04b7 2f56b8551f4f4e2cb9ce9557517f04b7] 199.204.45.205 "GET /resource_providers/0a8dc4e3-0b4d-448a-89c1-46033dc4580d/allocations" status: 200 len: 252 microversion: 1.0 [pid: 7|app: 0|req: 369/741] 199.204.45.205 () {32 vars in 857 bytes} [Sun Aug 2 23:37:18 2026] GET /resource_providers/0a8dc4e3-0b4d-448a-89c1-46033dc4580d/allocations => generated 252 bytes in 23 msecs (HTTP/1.1 200) 6 headers in 224 bytes (1 switches on core 0)
2026-08-02 23:37:18.659 8 INFO placement.requestlog [req-bb268c00-24a5-43ef-b875-ceead7cc9a15 req-63d281ab-3d1c-49a6-bbae-33abea195ce2 96450f5183544dc6b679e56a46c20c2d 7a9e0ba5f6d04dffb68e597ad8853672 - - 2f56b8551f4f4e2cb9ce9557517f04b7 2f56b8551f4f4e2cb9ce9557517f04b7] 199.204.45.205 "GET /resource_providers/0a8dc4e3-0b4d-448a-89c1-46033dc4580d/allocations" status: 200 len: 252 microversion: 1.0 [pid: 8|app: 0|req: 373/742] 199.204.45.205 () {32 vars in 857 bytes} [Sun Aug 2 23:37:18 2026] GET /resource_providers/0a8dc4e3-0b4d-448a-89c1-46033dc4580d/allocations => generated 252 bytes in 21 msecs (HTTP/1.1 200) 6 headers in 224 bytes (1 switches on core 0)
2026-08-02 23:37:18.686 7 INFO placement.requestlog [req-bb268c00-24a5-43ef-b875-ceead7cc9a15 req-f2c7b899-b543-4983-8aa1-3cb32e172d94 96450f5183544dc6b679e56a46c20c2d 7a9e0ba5f6d04dffb68e597ad8853672 - - 2f56b8551f4f4e2cb9ce9557517f04b7 2f56b8551f4f4e2cb9ce9557517f04b7] 199.204.45.205 "GET /allocations/196087f8-d729-4ed1-ba76-f11fb9ca24e8" status: 200 len: 257 microversion: 1.28 [pid: 7|app: 0|req: 370/743] 199.204.45.205 () {34 vars in 863 bytes} [Sun Aug 2 23:37:18 2026] GET /allocations/196087f8-d729-4ed1-ba76-f11fb9ca24e8 => generated 257 bytes in 17 msecs (HTTP/1.1 200) 8 headers in 296 bytes (1 switches on core 0)
2026-08-02 23:37:18.711 8 INFO placement.requestlog [req-bb268c00-24a5-43ef-b875-ceead7cc9a15 req-0de052bf-502b-48c0-b484-4e07c716c56a 96450f5183544dc6b679e56a46c20c2d 7a9e0ba5f6d04dffb68e597ad8853672 - - 2f56b8551f4f4e2cb9ce9557517f04b7 2f56b8551f4f4e2cb9ce9557517f04b7] 199.204.45.205 "GET /allocations/85d3729c-c124-4c57-a4e1-4cb555a6e43a" status: 200 len: 257 microversion: 1.28 [pid: 8|app: 0|req: 374/744] 199.204.45.205 () {34 vars in 863 bytes} [Sun Aug 2 23:37:18 2026] GET /allocations/85d3729c-c124-4c57-a4e1-4cb555a6e43a => generated 257 bytes in 18 msecs (HTTP/1.1 200) 8 headers in 296 bytes (1 switches on core 0)
2026-08-02 23:37:20.435 7 INFO placement.requestlog [None req-1f346a3e-9144-43a4-82a0-2d7c8769232d 30f02ca955734b028925c5e7393d6d85 7a9e0ba5f6d04dffb68e597ad8853672 - - 2f56b8551f4f4e2cb9ce9557517f04b7 2f56b8551f4f4e2cb9ce9557517f04b7] 10.0.0.172 "GET /resource_providers/d17cd7a7-bdb6-4b7c-b65c-4db16c8f7c0b/aggregates" status: 404 len: 235 microversion: 1.1 [pid: 7|app: 0|req: 371/745] 10.0.0.172 () {32 vars in 816 bytes} [Sun Aug 2 23:37:20 2026] GET /resource_providers/d17cd7a7-bdb6-4b7c-b65c-4db16c8f7c0b/aggregates => generated 235 bytes in 18 msecs (HTTP/1.1 404) 5 headers in 202 bytes (1 switches on core 0)
2026-08-02 23:37:20.436 8 INFO placement.requestlog [None req-e8ccc3af-d4cf-4067-baad-af0438b5cff6 30f02ca955734b028925c5e7393d6d85 7a9e0ba5f6d04dffb68e597ad8853672 - - 2f56b8551f4f4e2cb9ce9557517f04b7 2f56b8551f4f4e2cb9ce9557517f04b7] 10.0.0.172 "GET /resource_providers/d17cd7a7-bdb6-4b7c-b65c-4db16c8f7c0b/aggregates" status: 404 len: 235 microversion: 1.1 [pid: 8|app: 0|req: 375/746] 10.0.0.172 () {32 vars in 816 bytes} [Sun Aug 2 23:37:20 2026] GET /resource_providers/d17cd7a7-bdb6-4b7c-b65c-4db16c8f7c0b/aggregates => generated 235 bytes in 18 msecs (HTTP/1.1 404) 5 headers in 202 bytes (1 switches on core 0)
2026-08-02 23:37:20.453 7 INFO placement.requestlog [None req-482429f2-8f34-4523-adf0-41084db97dfc 30f02ca955734b028925c5e7393d6d85 7a9e0ba5f6d04dffb68e597ad8853672 - - 2f56b8551f4f4e2cb9ce9557517f04b7 2f56b8551f4f4e2cb9ce9557517f04b7] 10.0.0.172 "DELETE /resource_providers/d17cd7a7-bdb6-4b7c-b65c-4db16c8f7c0b" status: 404 len: 246 microversion: 1.1 [pid: 7|app: 0|req: 372/747] 10.0.0.172 () {34 vars in 816 bytes} [Sun Aug 2 23:37:20 2026] DELETE /resource_providers/d17cd7a7-bdb6-4b7c-b65c-4db16c8f7c0b => generated 246 bytes in 11 msecs (HTTP/1.1 404) 6 headers in 231 bytes (1 switches on core 0)
2026-08-02 23:37:20.465 8 INFO placement.requestlog [None req-2fa2eba9-d2b5-4cd7-920a-eb3eacfa0f6d 30f02ca955734b028925c5e7393d6d85 7a9e0ba5f6d04dffb68e597ad8853672 - - 2f56b8551f4f4e2cb9ce9557517f04b7 2f56b8551f4f4e2cb9ce9557517f04b7] 10.0.0.172 "DELETE /resource_providers/d17cd7a7-bdb6-4b7c-b65c-4db16c8f7c0b" status: 404 len: 246 microversion: 1.1 [pid: 8|app: 0|req: 376/748] 10.0.0.172 () {34 vars in 816 bytes} [Sun Aug 2 23:37:20 2026] DELETE /resource_providers/d17cd7a7-bdb6-4b7c-b65c-4db16c8f7c0b => generated 246 bytes in 16 msecs (HTTP/1.1 404) 6 headers in 231 bytes (1 switches on core 0)
2026-08-02 23:37:22.325 8 INFO placement.requestlog [None req-bed95973-cebc-479d-a663-e6de2ea864e1 - - - - - -] 10.0.0.188 "GET /" status: 200 len: 136 microversion: 1.0
2026-08-02 23:37:22.331 7 INFO placement.requestlog [None req-371fdfe2-be20-4cd9-871f-997f560c0606 - - - - - -] 10.0.0.188 "GET /" status: 200 len: 136 microversion: 1.0
2026-08-02 23:37:22.487 8 INFO placement.requestlog [None req-da984649-e31e-4e95-abea-53024cd73ff2 30f02ca955734b028925c5e7393d6d85 7a9e0ba5f6d04dffb68e597ad8853672 - - 2f56b8551f4f4e2cb9ce9557517f04b7 2f56b8551f4f4e2cb9ce9557517f04b7] 10.0.0.172 "GET /resource_providers/6759b544-7c0e-4411-91c6-93f148478ba0/aggregates" status: 404 len: 235 microversion: 1.1 [pid: 8|app: 0|req: 378/751] 10.0.0.172 () {32 vars in 816 bytes} [Sun Aug 2 23:37:22 2026] GET /resource_providers/6759b544-7c0e-4411-91c6-93f148478ba0/aggregates => generated 235 bytes in 21 msecs (HTTP/1.1 404) 5 headers in 202 bytes (1 switches on core 0)
2026-08-02 23:37:22.504 7 INFO placement.requestlog [None req-4479f9b7-9661-4dab-bc59-9b477894cb09 30f02ca955734b028925c5e7393d6d85 7a9e0ba5f6d04dffb68e597ad8853672 - - 2f56b8551f4f4e2cb9ce9557517f04b7 2f56b8551f4f4e2cb9ce9557517f04b7] 10.0.0.172 "GET /resource_providers/6759b544-7c0e-4411-91c6-93f148478ba0/aggregates" status: 404 len: 235 microversion: 1.1 [pid: 7|app: 0|req: 374/752] 10.0.0.172 () {32 vars in 816 bytes} [Sun Aug 2 23:37:22 2026] GET /resource_providers/6759b544-7c0e-4411-91c6-93f148478ba0/aggregates => generated 235 bytes in 21 msecs (HTTP/1.1 404) 5 headers in 202 bytes (1 switches on core 0)
2026-08-02 23:37:22.508 8 INFO placement.requestlog [None req-49bd4156-58ee-42d9-9559-f02e40fce5a8 30f02ca955734b028925c5e7393d6d85 7a9e0ba5f6d04dffb68e597ad8853672 - - 2f56b8551f4f4e2cb9ce9557517f04b7 2f56b8551f4f4e2cb9ce9557517f04b7] 10.0.0.172 "DELETE /resource_providers/6759b544-7c0e-4411-91c6-93f148478ba0" status: 404 len: 246 microversion: 1.1 [pid: 8|app: 0|req: 379/753] 10.0.0.172 () {34 vars in 816 bytes} [Sun Aug 2 23:37:22 2026] DELETE /resource_providers/6759b544-7c0e-4411-91c6-93f148478ba0 => generated 246 bytes in 11 msecs (HTTP/1.1 404) 6 headers in 231 bytes (1 switches on core 0)
2026-08-02 23:37:22.524 8 INFO placement.requestlog [None req-93de4e2f-f7ca-45fb-9652-02935f25d0f0 30f02ca955734b028925c5e7393d6d85 7a9e0ba5f6d04dffb68e597ad8853672 - - 2f56b8551f4f4e2cb9ce9557517f04b7 2f56b8551f4f4e2cb9ce9557517f04b7] 10.0.0.172 "GET /resource_providers/8c12acb7-0ed9-4284-83bf-c44b8b8417c7/aggregates" status: 404 len: 235 microversion: 1.1 [pid: 8|app: 0|req: 380/754] 10.0.0.172 () {32 vars in 816 bytes} [Sun Aug 2 23:37:22 2026] GET /resource_providers/8c12acb7-0ed9-4284-83bf-c44b8b8417c7/aggregates => generated 235 bytes in 12 msecs (HTTP/1.1 404) 5 headers in 202 bytes (1 switches on core 0)
2026-08-02 23:37:22.525 7 INFO placement.requestlog [None req-eeb2e2a1-d61c-4c07-bb86-5045e26b316d 30f02ca955734b028925c5e7393d6d85 7a9e0ba5f6d04dffb68e597ad8853672 - - 2f56b8551f4f4e2cb9ce9557517f04b7 2f56b8551f4f4e2cb9ce9557517f04b7] 10.0.0.172 "DELETE /resource_providers/6759b544-7c0e-4411-91c6-93f148478ba0" status: 404 len: 246 microversion: 1.1 [pid: 7|app: 0|req: 375/755] 10.0.0.172 () {34 vars in 816 bytes} [Sun Aug 2 23:37:22 2026] DELETE /resource_providers/6759b544-7c0e-4411-91c6-93f148478ba0 => generated 246 bytes in 16 msecs (HTTP/1.1 404) 6 headers in 231 bytes (1 switches on core 0)
2026-08-02 23:37:22.541 8 INFO placement.requestlog [None req-85d58eb6-b4fc-4a9c-9b4a-1398b77f803a 30f02ca955734b028925c5e7393d6d85 7a9e0ba5f6d04dffb68e597ad8853672 - - 2f56b8551f4f4e2cb9ce9557517f04b7 2f56b8551f4f4e2cb9ce9557517f04b7] 10.0.0.172 "DELETE /resource_providers/8c12acb7-0ed9-4284-83bf-c44b8b8417c7" status: 404 len: 246 microversion: 1.1 [pid: 8|app: 0|req: 381/756] 10.0.0.172 () {34 vars in 816 bytes} [Sun Aug 2 23:37:22 2026] DELETE /resource_providers/8c12acb7-0ed9-4284-83bf-c44b8b8417c7 => generated 246 bytes in 11 msecs (HTTP/1.1 404) 6 headers in 231 bytes (1 switches on core 0)
2026-08-02 23:37:22.546 7 INFO placement.requestlog [None req-98cbbd2b-8bb0-4e74-944c-bbba60690e87 30f02ca955734b028925c5e7393d6d85 7a9e0ba5f6d04dffb68e597ad8853672 - - 2f56b8551f4f4e2cb9ce9557517f04b7 2f56b8551f4f4e2cb9ce9557517f04b7] 10.0.0.172 "GET /resource_providers/8c12acb7-0ed9-4284-83bf-c44b8b8417c7/aggregates" status: 404 len: 235 microversion: 1.1 [pid: 7|app: 0|req: 376/757] 10.0.0.172 () {32 vars in 816 bytes} [Sun Aug 2 23:37:22 2026] GET /resource_providers/8c12acb7-0ed9-4284-83bf-c44b8b8417c7/aggregates => generated 235 bytes in 12 msecs (HTTP/1.1 404) 5 headers in 202 bytes (1 switches on core 0)
2026-08-02 23:37:22.558 8 INFO placement.requestlog [None req-b8a9218c-a8d3-403f-ba3a-c5858d7e082a 30f02ca955734b028925c5e7393d6d85 7a9e0ba5f6d04dffb68e597ad8853672 - - 2f56b8551f4f4e2cb9ce9557517f04b7 2f56b8551f4f4e2cb9ce9557517f04b7] 10.0.0.172 "GET /resource_providers/c426638b-c1d8-49d7-b9f8-d7f500760973/aggregates" status: 404 len: 235 microversion: 1.1 [pid: 8|app: 0|req: 382/758] 10.0.0.172 () {32 vars in 816 bytes} [Sun Aug 2 23:37:22 2026] GET /resource_providers/c426638b-c1d8-49d7-b9f8-d7f500760973/aggregates => generated 235 bytes in 12 msecs (HTTP/1.1 404) 5 headers in 202 bytes (1 switches on core 0)
2026-08-02 23:37:22.559 7 INFO placement.requestlog [None req-50319849-344e-474e-b2cc-2ddd01fac0c1 30f02ca955734b028925c5e7393d6d85 7a9e0ba5f6d04dffb68e597ad8853672 - - 2f56b8551f4f4e2cb9ce9557517f04b7 2f56b8551f4f4e2cb9ce9557517f04b7] 10.0.0.172 "DELETE /resource_providers/8c12acb7-0ed9-4284-83bf-c44b8b8417c7" status: 404 len: 246 microversion: 1.1 [pid: 7|app: 0|req: 377/759] 10.0.0.172 () {34 vars in 816 bytes} [Sun Aug 2 23:37:22 2026] DELETE /resource_providers/8c12acb7-0ed9-4284-83bf-c44b8b8417c7 => generated 246 bytes in 8 msecs (HTTP/1.1 404) 6 headers in 231 bytes (1 switches on core 0)
2026-08-02 23:37:22.579 8 INFO placement.requestlog [None req-66068d55-09b7-4756-a3e6-0752a9c8eb0a 30f02ca955734b028925c5e7393d6d85 7a9e0ba5f6d04dffb68e597ad8853672 - - 2f56b8551f4f4e2cb9ce9557517f04b7 2f56b8551f4f4e2cb9ce9557517f04b7] 10.0.0.172 "DELETE /resource_providers/c426638b-c1d8-49d7-b9f8-d7f500760973" status: 404 len: 246 microversion: 1.1 [pid: 8|app: 0|req: 383/760] 10.0.0.172 () {34 vars in 816 bytes} [Sun Aug 2 23:37:22 2026] DELETE /resource_providers/c426638b-c1d8-49d7-b9f8-d7f500760973 => generated 246 bytes in 12 msecs (HTTP/1.1 404) 6 headers in 231 bytes (1 switches on core 0)
2026-08-02 23:37:22.590 7 INFO placement.requestlog [None req-c6bfff70-d066-462d-83dc-d3386cc80b5f 30f02ca955734b028925c5e7393d6d85 7a9e0ba5f6d04dffb68e597ad8853672 - - 2f56b8551f4f4e2cb9ce9557517f04b7 2f56b8551f4f4e2cb9ce9557517f04b7] 10.0.0.172 "GET /resource_providers/c426638b-c1d8-49d7-b9f8-d7f500760973/aggregates" status: 404 len: 235 microversion: 1.1 [pid: 7|app: 0|req: 378/761] 10.0.0.172 () {32 vars in 816 bytes} [Sun Aug 2 23:37:22 2026] GET /resource_providers/c426638b-c1d8-49d7-b9f8-d7f500760973/aggregates => generated 235 bytes in 11 msecs (HTTP/1.1 404) 5 headers in 202 bytes (1 switches on core 0)
2026-08-02 23:37:22.622 8 INFO placement.requestlog [None req-64647619-cf8e-4a33-a77b-12a64a270165 30f02ca955734b028925c5e7393d6d85 7a9e0ba5f6d04dffb68e597ad8853672 - - 2f56b8551f4f4e2cb9ce9557517f04b7 2f56b8551f4f4e2cb9ce9557517f04b7] 10.0.0.172 "DELETE /resource_providers/c426638b-c1d8-49d7-b9f8-d7f500760973" status: 404 len: 246 microversion: 1.1 [pid: 8|app: 0|req: 384/762] 10.0.0.172 () {34 vars in 816 bytes} [Sun Aug 2 23:37:22 2026] DELETE /resource_providers/c426638b-c1d8-49d7-b9f8-d7f500760973 => generated 246 bytes in 11 msecs (HTTP/1.1 404) 6 headers in 231 bytes (1 switches on core 0)
2026-08-02 23:37:25.906 7 INFO placement.requestlog [req-4da96f4f-e596-43f6-9806-a297390e2410 req-25408b3d-5961-4355-ab3b-b9d9faed70d1 96450f5183544dc6b679e56a46c20c2d 7a9e0ba5f6d04dffb68e597ad8853672 - - 2f56b8551f4f4e2cb9ce9557517f04b7 2f56b8551f4f4e2cb9ce9557517f04b7] 10.0.0.157 "GET /allocation_candidates?limit=1000&resources=DISK_GB%3A1%2CMEMORY_MB%3A512%2CVCPU%3A1&root_required=%21COMPUTE_STATUS_DISABLED" status: 200 len: 2150 microversion: 1.36 [pid: 7|app: 0|req: 379/763] 10.0.0.157 () {34 vars in 1012 bytes} [Sun Aug 2 23:37:25 2026] GET /allocation_candidates?limit=1000&resources=DISK_GB%3A1%2CMEMORY_MB%3A512%2CVCPU%3A1&root_required=%21COMPUTE_STATUS_DISABLED => generated 2150 bytes in 53 msecs (HTTP/1.1 200) 8 headers in 297 bytes (1 switches on core 0)
2026-08-02 23:37:25.969 8 INFO placement.requestlog [req-4da96f4f-e596-43f6-9806-a297390e2410 req-f59e3057-e629-4ab2-aee1-a7a69eef9919 96450f5183544dc6b679e56a46c20c2d 7a9e0ba5f6d04dffb68e597ad8853672 - - 2f56b8551f4f4e2cb9ce9557517f04b7 2f56b8551f4f4e2cb9ce9557517f04b7] 10.0.0.157 "GET /allocations/0f6f2495-5c75-4040-b734-622e669c8967" status: 200 len: 19 microversion: 1.28 [pid: 8|app: 0|req: 385/764] 10.0.0.157 () {34 vars in 861 bytes} [Sun Aug 2 23:37:25 2026] GET /allocations/0f6f2495-5c75-4040-b734-622e669c8967 => generated 19 bytes in 15 msecs (HTTP/1.1 200) 8 headers in 295 bytes (1 switches on core 0)
2026-08-02 23:37:26.059 7 INFO placement.requestlog [req-4da96f4f-e596-43f6-9806-a297390e2410 req-902cbb54-35c4-4553-8efd-a8e4560f9411 96450f5183544dc6b679e56a46c20c2d 7a9e0ba5f6d04dffb68e597ad8853672 - - 2f56b8551f4f4e2cb9ce9557517f04b7 2f56b8551f4f4e2cb9ce9557517f04b7] 10.0.0.157 "PUT /allocations/0f6f2495-5c75-4040-b734-622e669c8967" status: 204 len: 0 microversion: 1.36 [pid: 7|app: 0|req: 380/765] 10.0.0.157 () {38 vars in 914 bytes} [Sun Aug 2 23:37:25 2026] PUT /allocations/0f6f2495-5c75-4040-b734-622e669c8967 => generated 0 bytes in 80 msecs (HTTP/1.1 204) 5 headers in 199 bytes (1 switches on core 0)
2026-08-02 23:37:26.389 8 INFO placement.requestlog [req-4da96f4f-e596-43f6-9806-a297390e2410 req-0738da4f-a1a9-4e1f-96d8-c464498e3232 96450f5183544dc6b679e56a46c20c2d 7a9e0ba5f6d04dffb68e597ad8853672 - - 2f56b8551f4f4e2cb9ce9557517f04b7 2f56b8551f4f4e2cb9ce9557517f04b7] 199.204.45.205 "GET /allocations/0f6f2495-5c75-4040-b734-622e669c8967" status: 200 len: 257 microversion: 1.28 [pid: 8|app: 0|req: 386/766] 199.204.45.205 () {34 vars in 863 bytes} [Sun Aug 2 23:37:26 2026] GET /allocations/0f6f2495-5c75-4040-b734-622e669c8967 => generated 257 bytes in 35 msecs (HTTP/1.1 200) 8 headers in 296 bytes (1 switches on core 0)
2026-08-02 23:37:26.501 7 INFO placement.requestlog [req-4da96f4f-e596-43f6-9806-a297390e2410 req-ddab7b4f-bec3-41aa-9556-1fccfcf28ad6 96450f5183544dc6b679e56a46c20c2d 7a9e0ba5f6d04dffb68e597ad8853672 - - 2f56b8551f4f4e2cb9ce9557517f04b7 2f56b8551f4f4e2cb9ce9557517f04b7] 199.204.45.205 "GET /resource_providers/0a8dc4e3-0b4d-448a-89c1-46033dc4580d/allocations" status: 200 len: 352 microversion: 1.0 [pid: 7|app: 0|req: 381/767] 199.204.45.205 () {32 vars in 857 bytes} [Sun Aug 2 23:37:26 2026] GET /resource_providers/0a8dc4e3-0b4d-448a-89c1-46033dc4580d/allocations => generated 352 bytes in 30 msecs (HTTP/1.1 200) 6 headers in 224 bytes (1 switches on core 0)
2026-08-02 23:37:26.547 8 INFO placement.requestlog [req-4da96f4f-e596-43f6-9806-a297390e2410 req-de17fffd-df9c-433b-82d4-0a7492a483e7 96450f5183544dc6b679e56a46c20c2d 7a9e0ba5f6d04dffb68e597ad8853672 - - 2f56b8551f4f4e2cb9ce9557517f04b7 2f56b8551f4f4e2cb9ce9557517f04b7] 199.204.45.205 "GET /allocations/0f6f2495-5c75-4040-b734-622e669c8967" status: 200 len: 257 microversion: 1.28 [pid: 8|app: 0|req: 387/768] 199.204.45.205 () {34 vars in 863 bytes} [Sun Aug 2 23:37:26 2026] GET /allocations/0f6f2495-5c75-4040-b734-622e669c8967 => generated 257 bytes in 33 msecs (HTTP/1.1 200) 8 headers in 296 bytes (1 switches on core 0)
2026-08-02 23:37:26.576 7 INFO placement.requestlog [req-4da96f4f-e596-43f6-9806-a297390e2410 req-e68981d2-bcc8-4dea-ba36-26adc9be1c1c 96450f5183544dc6b679e56a46c20c2d 7a9e0ba5f6d04dffb68e597ad8853672 - - 2f56b8551f4f4e2cb9ce9557517f04b7 2f56b8551f4f4e2cb9ce9557517f04b7] 199.204.45.205 "GET /allocations/196087f8-d729-4ed1-ba76-f11fb9ca24e8" status: 200 len: 257 microversion: 1.28 [pid: 7|app: 0|req: 382/769] 199.204.45.205 () {34 vars in 863 bytes} [Sun Aug 2 23:37:26 2026] GET /allocations/196087f8-d729-4ed1-ba76-f11fb9ca24e8 => generated 257 bytes in 22 msecs (HTTP/1.1 200) 8 headers in 296 bytes (1 switches on core 0)
2026-08-02 23:37:26.603 8 INFO placement.requestlog [req-4da96f4f-e596-43f6-9806-a297390e2410 req-bcbab01d-0e41-4c54-ac14-64fdad2596d1 96450f5183544dc6b679e56a46c20c2d 7a9e0ba5f6d04dffb68e597ad8853672 - - 2f56b8551f4f4e2cb9ce9557517f04b7 2f56b8551f4f4e2cb9ce9557517f04b7] 199.204.45.205 "GET /allocations/85d3729c-c124-4c57-a4e1-4cb555a6e43a" status: 200 len: 257 microversion: 1.28 [pid: 8|app: 0|req: 388/770] 199.204.45.205 () {34 vars in 863 bytes} [Sun Aug 2 23:37:26 2026] GET /allocations/85d3729c-c124-4c57-a4e1-4cb555a6e43a => generated 257 bytes in 17 msecs (HTTP/1.1 200) 8 headers in 296 bytes (1 switches on core 0)
2026-08-02 23:37:27.987 7 INFO placement.requestlog [req-dca0ee30-6c0e-4aaf-ad45-20296b7104de req-a7bf776e-65f2-44d4-8209-0743f5294ead 96450f5183544dc6b679e56a46c20c2d 7a9e0ba5f6d04dffb68e597ad8853672 - - 2f56b8551f4f4e2cb9ce9557517f04b7 2f56b8551f4f4e2cb9ce9557517f04b7] 199.204.45.205 "GET /resource_providers/0a8dc4e3-0b4d-448a-89c1-46033dc4580d/allocations" status: 200 len: 352 microversion: 1.0 [pid: 7|app: 0|req: 383/771] 199.204.45.205 () {32 vars in 857 bytes} [Sun Aug 2 23:37:27 2026] GET /resource_providers/0a8dc4e3-0b4d-448a-89c1-46033dc4580d/allocations => generated 352 bytes in 30 msecs (HTTP/1.1 200) 6 headers in 224 bytes (1 switches on core 0)
2026-08-02 23:37:28.007 8 INFO placement.requestlog [req-dca0ee30-6c0e-4aaf-ad45-20296b7104de req-a7963692-7207-4ad4-8c63-3b3b7ec803da 96450f5183544dc6b679e56a46c20c2d 7a9e0ba5f6d04dffb68e597ad8853672 - - 2f56b8551f4f4e2cb9ce9557517f04b7 2f56b8551f4f4e2cb9ce9557517f04b7] 199.204.45.205 "GET /allocations/0f6f2495-5c75-4040-b734-622e669c8967" status: 200 len: 257 microversion: 1.28 [pid: 8|app: 0|req: 389/772] 199.204.45.205 () {34 vars in 863 bytes} [Sun Aug 2 23:37:27 2026] GET /allocations/0f6f2495-5c75-4040-b734-622e669c8967 => generated 257 bytes in 14 msecs (HTTP/1.1 200) 8 headers in 296 bytes (1 switches on core 0)
2026-08-02 23:37:28.032 7 INFO placement.requestlog [req-dca0ee30-6c0e-4aaf-ad45-20296b7104de req-e412356d-6c5d-4846-a021-16ea4b36e206 96450f5183544dc6b679e56a46c20c2d 7a9e0ba5f6d04dffb68e597ad8853672 - - 2f56b8551f4f4e2cb9ce9557517f04b7 2f56b8551f4f4e2cb9ce9557517f04b7] 199.204.45.205 "GET /allocations/196087f8-d729-4ed1-ba76-f11fb9ca24e8" status: 200 len: 257 microversion: 1.28 [pid: 7|app: 0|req: 384/773] 199.204.45.205 () {34 vars in 863 bytes} [Sun Aug 2 23:37:28 2026] GET /allocations/196087f8-d729-4ed1-ba76-f11fb9ca24e8 => generated 257 bytes in 20 msecs (HTTP/1.1 200) 8 headers in 296 bytes (1 switches on core 0)
2026-08-02 23:37:28.058 8 INFO placement.requestlog [req-dca0ee30-6c0e-4aaf-ad45-20296b7104de req-2bff9103-5a1a-4606-9b16-35c6517aeeb9 96450f5183544dc6b679e56a46c20c2d 7a9e0ba5f6d04dffb68e597ad8853672 - - 2f56b8551f4f4e2cb9ce9557517f04b7 2f56b8551f4f4e2cb9ce9557517f04b7] 199.204.45.205 "GET /allocations/85d3729c-c124-4c57-a4e1-4cb555a6e43a" status: 200 len: 257 microversion: 1.28 [pid: 8|app: 0|req: 390/774] 199.204.45.205 () {34 vars in 863 bytes} [Sun Aug 2 23:37:28 2026] GET /allocations/85d3729c-c124-4c57-a4e1-4cb555a6e43a => generated 257 bytes in 20 msecs (HTTP/1.1 200) 8 headers in 296 bytes (1 switches on core 0)
2026-08-02 23:37:28.155 7 INFO placement.requestlog [req-dca0ee30-6c0e-4aaf-ad45-20296b7104de req-14a88dc9-89b2-4245-b1f9-c939c884a876 96450f5183544dc6b679e56a46c20c2d 7a9e0ba5f6d04dffb68e597ad8853672 - - 2f56b8551f4f4e2cb9ce9557517f04b7 2f56b8551f4f4e2cb9ce9557517f04b7] 199.204.45.205 "DELETE /allocations/85d3729c-c124-4c57-a4e1-4cb555a6e43a" status: 204 len: 0 microversion: 1.0 [pid: 7|app: 0|req: 385/775] 199.204.45.205 () {34 vars in 841 bytes} [Sun Aug 2 23:37:28 2026] DELETE /allocations/85d3729c-c124-4c57-a4e1-4cb555a6e43a => generated 0 bytes in 30 msecs (HTTP/1.1 204) 5 headers in 198 bytes (1 switches on core 0)
2026-08-02 23:37:32.328 7 INFO placement.requestlog [None req-25d9cc2d-3792-4064-ad86-1358acb17f30 - - - - - -] 10.0.0.188 "GET /" status: 200 len: 136 microversion: 1.0
2026-08-02 23:37:32.328 8 INFO placement.requestlog [None req-759cae2d-83b4-4010-8a1f-90982e98dec4 - - - - - -] 10.0.0.188 "GET /" status: 200 len: 136 microversion: 1.0
2026-08-02 23:37:32.830 7 INFO placement.requestlog [None req-9455c055-fdea-4d5e-8cbb-8288c37a575b 30f02ca955734b028925c5e7393d6d85 7a9e0ba5f6d04dffb68e597ad8853672 - - 2f56b8551f4f4e2cb9ce9557517f04b7 2f56b8551f4f4e2cb9ce9557517f04b7] 10.0.0.172 "GET /resource_providers/7cbd2bbd-9e45-41c1-b57b-e940407174dd/aggregates" status: 404 len: 235 microversion: 1.1 [pid: 7|app: 0|req: 387/778] 10.0.0.172 () {32 vars in 816 bytes} [Sun Aug 2 23:37:32 2026] GET /resource_providers/7cbd2bbd-9e45-41c1-b57b-e940407174dd/aggregates => generated 235 bytes in 14 msecs (HTTP/1.1 404) 5 headers in 202 bytes (1 switches on core 0)
2026-08-02 23:37:32.831 8 INFO placement.requestlog [None req-a0aac67e-a27a-4002-82e5-6848ad014e2d 30f02ca955734b028925c5e7393d6d85 7a9e0ba5f6d04dffb68e597ad8853672 - - 2f56b8551f4f4e2cb9ce9557517f04b7 2f56b8551f4f4e2cb9ce9557517f04b7] 10.0.0.172 "GET /resource_providers/7cbd2bbd-9e45-41c1-b57b-e940407174dd/aggregates" status: 404 len: 235 microversion: 1.1 [pid: 8|app: 0|req: 392/779] 10.0.0.172 () {32 vars in 816 bytes} [Sun Aug 2 23:37:32 2026] GET /resource_providers/7cbd2bbd-9e45-41c1-b57b-e940407174dd/aggregates => generated 235 bytes in 15 msecs (HTTP/1.1 404) 5 headers in 202 bytes (1 switches on core 0)
