Apr 28 20:15:04.435718 np0000171174 nova-conductor[111983]: DEBUG cotyledon.oslo_config_glue [-] vmware.vnc_port_total = 10000 {{(pid=111983) log_opt_values /opt/stack/data/venv/lib/python3.12/site-packages/oslo_config/cfg.py:3006}}
Apr 28 20:15:04.435718 np0000171174 nova-conductor[111983]: DEBUG cotyledon.oslo_config_glue [-] vnc.auth_schemes = ['none'] {{(pid=111983) log_opt_values /opt/stack/data/venv/lib/python3.12/site-packages/oslo_config/cfg.py:3006}}
Apr 28 20:15:04.435718 np0000171174 nova-conductor[111983]: DEBUG cotyledon.oslo_config_glue [-] vnc.enabled = True {{(pid=111983) log_opt_values /opt/stack/data/venv/lib/python3.12/site-packages/oslo_config/cfg.py:3006}}
Apr 28 20:15:04.435718 np0000171174 nova-conductor[111983]: DEBUG cotyledon.oslo_config_glue [-] vnc.novncproxy_base_url = http://127.0.0.1:6080/vnc_auto.html {{(pid=111983) log_opt_values /opt/stack/data/venv/lib/python3.12/site-packages/oslo_config/cfg.py:3006}}
Apr 28 20:15:04.435718 np0000171174 nova-conductor[111983]: DEBUG cotyledon.oslo_config_glue [-] vnc.novncproxy_host = 0.0.0.0 {{(pid=111983) log_opt_values /opt/stack/data/venv/lib/python3.12/site-packages/oslo_config/cfg.py:3006}}
Apr 28 20:15:04.435718 np0000171174 nova-conductor[111983]: DEBUG cotyledon.oslo_config_glue [-] vnc.novncproxy_port = 6080 {{(pid=111983) log_opt_values /opt/stack/data/venv/lib/python3.12/site-packages/oslo_config/cfg.py:3006}}
Apr 28 20:15:04.435934 np0000171174 nova-conductor[111983]: DEBUG cotyledon.oslo_config_glue [-] vnc.server_listen = 127.0.0.1 {{(pid=111983) log_opt_values /opt/stack/data/venv/lib/python3.12/site-packages/oslo_config/cfg.py:3006}}
Apr 28 20:15:04.435934 np0000171174 nova-conductor[111983]: DEBUG cotyledon.oslo_config_glue [-] vnc.server_proxyclient_address = 127.0.0.1 {{(pid=111983) log_opt_values /opt/stack/data/venv/lib/python3.12/site-packages/oslo_config/cfg.py:3006}}
Apr 28 20:15:04.435934 np0000171174 nova-conductor[111983]: DEBUG cotyledon.oslo_config_glue [-] vnc.vencrypt_ca_certs = None {{(pid=111983) log_opt_values /opt/stack/data/venv/lib/python3.12/site-packages/oslo_config/cfg.py:3006}}
Apr 28 20:15:04.435934 np0000171174 nova-conductor[111983]: DEBUG cotyledon.oslo_config_glue [-] vnc.vencrypt_client_cert = None {{(pid=111983) log_opt_values /opt/stack/data/venv/lib/python3.12/site-packages/oslo_config/cfg.py:3006}}
Apr 28 20:15:04.435934 np0000171174 nova-conductor[111983]: DEBUG cotyledon.oslo_config_glue [-] vnc.vencrypt_client_key = None {{(pid=111983) log_opt_values /opt/stack/data/venv/lib/python3.12/site-packages/oslo_config/cfg.py:3006}}
Apr 28 20:15:04.435934 np0000171174 nova-conductor[111983]: DEBUG cotyledon.oslo_config_glue [-] workarounds.disable_compute_service_check_for_ffu = False {{(pid=111983) log_opt_values /opt/stack/data/venv/lib/python3.12/site-packages/oslo_config/cfg.py:3006}}
Apr 28 20:15:04.435934 np0000171174 nova-conductor[111983]: DEBUG cotyledon.oslo_config_glue [-] workarounds.disable_deep_image_inspection = False {{(pid=111983) log_opt_values /opt/stack/data/venv/lib/python3.12/site-packages/oslo_config/cfg.py:3006}}
Apr 28 20:15:04.435934 np0000171174 nova-conductor[111983]: DEBUG cotyledon.oslo_config_glue [-] workarounds.disable_fallback_pcpu_query = False {{(pid=111983) log_opt_values /opt/stack/data/venv/lib/python3.12/site-packages/oslo_config/cfg.py:3006}}
Apr 28 20:15:04.435934 np0000171174 nova-conductor[111983]: DEBUG cotyledon.oslo_config_glue [-] workarounds.disable_group_policy_check_upcall = False {{(pid=111983) log_opt_values /opt/stack/data/venv/lib/python3.12/site-packages/oslo_config/cfg.py:3006}}
Apr 28 20:15:04.436141 np0000171174 nova-conductor[111983]: DEBUG cotyledon.oslo_config_glue [-] workarounds.disable_libvirt_livesnapshot = False {{(pid=111983) log_opt_values /opt/stack/data/venv/lib/python3.12/site-packages/oslo_config/cfg.py:3006}}
Apr 28 20:15:04.436141 np0000171174 nova-conductor[111983]: DEBUG cotyledon.oslo_config_glue [-] workarounds.disable_rootwrap = False {{(pid=111983) log_opt_values /opt/stack/data/venv/lib/python3.12/site-packages/oslo_config/cfg.py:3006}}
Apr 28 20:15:04.436141 np0000171174 nova-conductor[111983]: DEBUG cotyledon.oslo_config_glue [-] workarounds.enable_numa_live_migration = False {{(pid=111983) log_opt_values /opt/stack/data/venv/lib/python3.12/site-packages/oslo_config/cfg.py:3006}}
Apr 28 20:15:04.436141 np0000171174 nova-conductor[111983]: DEBUG cotyledon.oslo_config_glue [-] workarounds.enable_qemu_monitor_announce_self = False {{(pid=111983) log_opt_values /opt/stack/data/venv/lib/python3.12/site-packages/oslo_config/cfg.py:3006}}
Apr 28 20:15:04.436141 np0000171174 nova-conductor[111983]: DEBUG cotyledon.oslo_config_glue [-] workarounds.ensure_libvirt_rbd_instance_dir_cleanup = False {{(pid=111983) log_opt_values /opt/stack/data/venv/lib/python3.12/site-packages/oslo_config/cfg.py:3006}}
Apr 28 20:15:04.436141 np0000171174 nova-conductor[111983]: DEBUG cotyledon.oslo_config_glue [-] workarounds.handle_virt_lifecycle_events = True {{(pid=111983) log_opt_values /opt/stack/data/venv/lib/python3.12/site-packages/oslo_config/cfg.py:3006}}
Apr 28 20:15:04.436141 np0000171174 nova-conductor[111983]: DEBUG cotyledon.oslo_config_glue [-] workarounds.libvirt_disable_apic = False {{(pid=111983) log_opt_values /opt/stack/data/venv/lib/python3.12/site-packages/oslo_config/cfg.py:3006}}
Apr 28 20:15:04.436141 np0000171174 nova-conductor[111983]: DEBUG cotyledon.oslo_config_glue [-] workarounds.never_download_image_if_on_rbd = False {{(pid=111983) log_opt_values /opt/stack/data/venv/lib/python3.12/site-packages/oslo_config/cfg.py:3006}}
Apr 28 20:15:04.436141 np0000171174 nova-conductor[111983]: DEBUG cotyledon.oslo_config_glue [-] workarounds.qemu_monitor_announce_self_count = 3 {{(pid=111983) log_opt_values /opt/stack/data/venv/lib/python3.12/site-packages/oslo_config/cfg.py:3006}}
Apr 28 20:15:04.436343 np0000171174 nova-conductor[111983]: DEBUG cotyledon.oslo_config_glue [-] workarounds.qemu_monitor_announce_self_interval = 1 {{(pid=111983) log_opt_values /opt/stack/data/venv/lib/python3.12/site-packages/oslo_config/cfg.py:3006}}
Apr 28 20:15:04.436343 np0000171174 nova-conductor[111983]: DEBUG cotyledon.oslo_config_glue [-] workarounds.reserve_disk_resource_for_image_cache = False {{(pid=111983) log_opt_values /opt/stack/data/venv/lib/python3.12/site-packages/oslo_config/cfg.py:3006}}
Apr 28 20:15:04.436343 np0000171174 nova-conductor[111983]: DEBUG cotyledon.oslo_config_glue [-] workarounds.skip_cpu_compare_at_startup = False {{(pid=111983) log_opt_values /opt/stack/data/venv/lib/python3.12/site-packages/oslo_config/cfg.py:3006}}
Apr 28 20:15:04.436343 np0000171174 nova-conductor[111983]: DEBUG cotyledon.oslo_config_glue [-] workarounds.skip_cpu_compare_on_dest = False {{(pid=111983) log_opt_values /opt/stack/data/venv/lib/python3.12/site-packages/oslo_config/cfg.py:3006}}
Apr 28 20:15:04.436343 np0000171174 nova-conductor[111983]: DEBUG cotyledon.oslo_config_glue [-] workarounds.skip_hypervisor_version_check_on_lm = False {{(pid=111983) log_opt_values /opt/stack/data/venv/lib/python3.12/site-packages/oslo_config/cfg.py:3006}}
Apr 28 20:15:04.436343 np0000171174 nova-conductor[111983]: DEBUG cotyledon.oslo_config_glue [-] workarounds.skip_reserve_in_use_ironic_nodes = False {{(pid=111983) log_opt_values /opt/stack/data/venv/lib/python3.12/site-packages/oslo_config/cfg.py:3006}}
Apr 28 20:15:04.436343 np0000171174 nova-conductor[111983]: DEBUG cotyledon.oslo_config_glue [-] workarounds.unified_limits_count_pcpu_as_vcpu = False {{(pid=111983) log_opt_values /opt/stack/data/venv/lib/python3.12/site-packages/oslo_config/cfg.py:3006}}
Apr 28 20:15:04.436343 np0000171174 nova-conductor[111983]: DEBUG cotyledon.oslo_config_glue [-] workarounds.wait_for_vif_plugged_event_during_hard_reboot = [] {{(pid=111983) log_opt_values /opt/stack/data/venv/lib/python3.12/site-packages/oslo_config/cfg.py:3006}}
Apr 28 20:15:04.436522 np0000171174 nova-conductor[111983]: DEBUG cotyledon.oslo_config_glue [-] wsgi.api_paste_config = /etc/nova/api-paste.ini {{(pid=111983) log_opt_values /opt/stack/data/venv/lib/python3.12/site-packages/oslo_config/cfg.py:3006}}
Apr 28 20:15:04.436522 np0000171174 nova-conductor[111983]: DEBUG cotyledon.oslo_config_glue [-] wsgi.secure_proxy_ssl_header = None {{(pid=111983) log_opt_values /opt/stack/data/venv/lib/python3.12/site-packages/oslo_config/cfg.py:3006}}
Apr 28 20:15:04.436522 np0000171174 nova-conductor[111983]: DEBUG cotyledon.oslo_config_glue [-] zvm.ca_file = None {{(pid=111983) log_opt_values /opt/stack/data/venv/lib/python3.12/site-packages/oslo_config/cfg.py:3006}}
Apr 28 20:15:04.436522 np0000171174 nova-conductor[111983]: DEBUG cotyledon.oslo_config_glue [-] zvm.cloud_connector_url = None {{(pid=111983) log_opt_values /opt/stack/data/venv/lib/python3.12/site-packages/oslo_config/cfg.py:3006}}
Apr 28 20:15:04.436522 np0000171174 nova-conductor[111983]: DEBUG cotyledon.oslo_config_glue [-] zvm.image_tmp_path = /opt/stack/data/nova/images {{(pid=111983) log_opt_values /opt/stack/data/venv/lib/python3.12/site-packages/oslo_config/cfg.py:3006}}
Apr 28 20:15:04.436522 np0000171174 nova-conductor[111983]: DEBUG cotyledon.oslo_config_glue [-] zvm.reachable_timeout = 300 {{(pid=111983) log_opt_values /opt/stack/data/venv/lib/python3.12/site-packages/oslo_config/cfg.py:3006}}
Apr 28 20:15:04.436522 np0000171174 nova-conductor[111983]: DEBUG cotyledon.oslo_config_glue [-] oslo_versionedobjects.fatal_exception_format_errors = False {{(pid=111983) log_opt_values /opt/stack/data/venv/lib/python3.12/site-packages/oslo_config/cfg.py:3006}}
Apr 28 20:15:04.436522 np0000171174 nova-conductor[111983]: DEBUG cotyledon.oslo_config_glue [-] oslo_middleware.http_basic_auth_user_file = /etc/htpasswd {{(pid=111983) log_opt_values /opt/stack/data/venv/lib/python3.12/site-packages/oslo_config/cfg.py:3006}}
Apr 28 20:15:04.436522 np0000171174 nova-conductor[111983]: DEBUG cotyledon.oslo_config_glue [-] profiler.connection_string = messaging:// {{(pid=111983) log_opt_values /opt/stack/data/venv/lib/python3.12/site-packages/oslo_config/cfg.py:3006}}
Apr 28 20:15:04.436749 np0000171174 nova-conductor[111983]: DEBUG cotyledon.oslo_config_glue [-] profiler.enabled = False {{(pid=111983) log_opt_values /opt/stack/data/venv/lib/python3.12/site-packages/oslo_config/cfg.py:3006}}
Apr 28 20:15:04.436749 np0000171174 nova-conductor[111983]: DEBUG cotyledon.oslo_config_glue [-] profiler.es_doc_type = notification {{(pid=111983) log_opt_values /opt/stack/data/venv/lib/python3.12/site-packages/oslo_config/cfg.py:3006}}
Apr 28 20:15:04.436749 np0000171174 nova-conductor[111983]: DEBUG cotyledon.oslo_config_glue [-] profiler.es_scroll_size = 10000 {{(pid=111983) log_opt_values /opt/stack/data/venv/lib/python3.12/site-packages/oslo_config/cfg.py:3006}}
Apr 28 20:15:04.436749 np0000171174 nova-conductor[111983]: DEBUG cotyledon.oslo_config_glue [-] profiler.es_scroll_time = 2m {{(pid=111983) log_opt_values /opt/stack/data/venv/lib/python3.12/site-packages/oslo_config/cfg.py:3006}}
Apr 28 20:15:04.436749 np0000171174 nova-conductor[111983]: DEBUG cotyledon.oslo_config_glue [-] profiler.filter_error_trace = False {{(pid=111983) log_opt_values /opt/stack/data/venv/lib/python3.12/site-packages/oslo_config/cfg.py:3006}}
Apr 28 20:15:04.436749 np0000171174 nova-conductor[111983]: DEBUG cotyledon.oslo_config_glue [-] profiler.hmac_keys = **** {{(pid=111983) log_opt_values /opt/stack/data/venv/lib/python3.12/site-packages/oslo_config/cfg.py:3006}}
Apr 28 20:15:04.436749 np0000171174 nova-conductor[111983]: DEBUG cotyledon.oslo_config_glue [-] profiler.sentinel_service_name = mymaster {{(pid=111983) log_opt_values /opt/stack/data/venv/lib/python3.12/site-packages/oslo_config/cfg.py:3006}}
Apr 28 20:15:04.436749 np0000171174 nova-conductor[111983]: DEBUG cotyledon.oslo_config_glue [-] profiler.socket_timeout = 0.1 {{(pid=111983) log_opt_values /opt/stack/data/venv/lib/python3.12/site-packages/oslo_config/cfg.py:3006}}
Apr 28 20:15:04.436749 np0000171174 nova-conductor[111983]: DEBUG cotyledon.oslo_config_glue [-] profiler.trace_requests = False {{(pid=111983) log_opt_values /opt/stack/data/venv/lib/python3.12/site-packages/oslo_config/cfg.py:3006}}
Apr 28 20:15:04.436973 np0000171174 nova-conductor[111983]: DEBUG cotyledon.oslo_config_glue [-] profiler.trace_sqlalchemy = False {{(pid=111983) log_opt_values /opt/stack/data/venv/lib/python3.12/site-packages/oslo_config/cfg.py:3006}}
Apr 28 20:15:04.436973 np0000171174 nova-conductor[111983]: DEBUG cotyledon.oslo_config_glue [-] profiler_jaeger.process_tags = {} {{(pid=111983) log_opt_values /opt/stack/data/venv/lib/python3.12/site-packages/oslo_config/cfg.py:3006}}
Apr 28 20:15:04.436973 np0000171174 nova-conductor[111983]: DEBUG cotyledon.oslo_config_glue [-] profiler_jaeger.service_name_prefix = None {{(pid=111983) log_opt_values /opt/stack/data/venv/lib/python3.12/site-packages/oslo_config/cfg.py:3006}}
Apr 28 20:15:04.436973 np0000171174 nova-conductor[111983]: DEBUG cotyledon.oslo_config_glue [-] profiler_otlp.service_name_prefix = None {{(pid=111983) log_opt_values /opt/stack/data/venv/lib/python3.12/site-packages/oslo_config/cfg.py:3006}}
Apr 28 20:15:04.436973 np0000171174 nova-conductor[111983]: DEBUG cotyledon.oslo_config_glue [-] oslo_messaging_rabbit.amqp_auto_delete = False {{(pid=111983) log_opt_values /opt/stack/data/venv/lib/python3.12/site-packages/oslo_config/cfg.py:3006}}
Apr 28 20:15:04.436973 np0000171174 nova-conductor[111983]: DEBUG cotyledon.oslo_config_glue [-] oslo_messaging_rabbit.amqp_durable_queues = False {{(pid=111983) log_opt_values /opt/stack/data/venv/lib/python3.12/site-packages/oslo_config/cfg.py:3006}}
Apr 28 20:15:04.436973 np0000171174 nova-conductor[111983]: DEBUG cotyledon.oslo_config_glue [-] oslo_messaging_rabbit.conn_pool_min_size = 2 {{(pid=111983) log_opt_values /opt/stack/data/venv/lib/python3.12/site-packages/oslo_config/cfg.py:3006}}
Apr 28 20:15:04.436973 np0000171174 nova-conductor[111983]: DEBUG cotyledon.oslo_config_glue [-] oslo_messaging_rabbit.conn_pool_ttl = 1200 {{(pid=111983) log_opt_values /opt/stack/data/venv/lib/python3.12/site-packages/oslo_config/cfg.py:3006}}
Apr 28 20:15:04.436973 np0000171174 nova-conductor[111983]: DEBUG cotyledon.oslo_config_glue [-] oslo_messaging_rabbit.direct_mandatory_flag = True {{(pid=111983) log_opt_values /opt/stack/data/venv/lib/python3.12/site-packages/oslo_config/cfg.py:3006}}
Apr 28 20:15:04.437341 np0000171174 nova-conductor[111983]: DEBUG cotyledon.oslo_config_glue [-] oslo_messaging_rabbit.enable_cancel_on_failover = False {{(pid=111983) log_opt_values /opt/stack/data/venv/lib/python3.12/site-packages/oslo_config/cfg.py:3006}}
Apr 28 20:15:04.437341 np0000171174 nova-conductor[111983]: DEBUG cotyledon.oslo_config_glue [-] oslo_messaging_rabbit.heartbeat_in_pthread = False {{(pid=111983) log_opt_values /opt/stack/data/venv/lib/python3.12/site-packages/oslo_config/cfg.py:3006}}
Apr 28 20:15:04.437341 np0000171174 nova-conductor[111983]: DEBUG cotyledon.oslo_config_glue [-] oslo_messaging_rabbit.heartbeat_rate = 3 {{(pid=111983) log_opt_values /opt/stack/data/venv/lib/python3.12/site-packages/oslo_config/cfg.py:3006}}
Apr 28 20:15:04.437413 np0000171174 nova-conductor[111977]: INFO dbcounter [None req-4b34e361-3a9e-422a-809d-a9b52e3f52c1 None None] Registered counter for database nova_cell0
Apr 28 20:15:04.437438 np0000171174 nova-conductor[111983]: DEBUG cotyledon.oslo_config_glue [-] oslo_messaging_rabbit.heartbeat_timeout_threshold = 60 {{(pid=111983) log_opt_values /opt/stack/data/venv/lib/python3.12/site-packages/oslo_config/cfg.py:3006}}
Apr 28 20:15:04.437438 np0000171174 nova-conductor[111983]: DEBUG cotyledon.oslo_config_glue [-] oslo_messaging_rabbit.hostname = np0000171174 {{(pid=111983) log_opt_values /opt/stack/data/venv/lib/python3.12/site-packages/oslo_config/cfg.py:3006}}
Apr 28 20:15:04.437438 np0000171174 nova-conductor[111983]: DEBUG cotyledon.oslo_config_glue [-] oslo_messaging_rabbit.kombu_compression = None {{(pid=111983) log_opt_values /opt/stack/data/venv/lib/python3.12/site-packages/oslo_config/cfg.py:3006}}
Apr 28 20:15:04.437438 np0000171174 nova-conductor[111983]: DEBUG cotyledon.oslo_config_glue [-] oslo_messaging_rabbit.kombu_failover_strategy = round-robin {{(pid=111983) log_opt_values /opt/stack/data/venv/lib/python3.12/site-packages/oslo_config/cfg.py:3006}}
Apr 28 20:15:04.437438 np0000171174 nova-conductor[111983]: DEBUG cotyledon.oslo_config_glue [-] oslo_messaging_rabbit.kombu_missing_consumer_retry_timeout = 60 {{(pid=111983) log_opt_values /opt/stack/data/venv/lib/python3.12/site-packages/oslo_config/cfg.py:3006}}
Apr 28 20:15:04.437438 np0000171174 nova-conductor[111983]: DEBUG cotyledon.oslo_config_glue [-] oslo_messaging_rabbit.kombu_reconnect_delay = 1.0 {{(pid=111983) log_opt_values /opt/stack/data/venv/lib/python3.12/site-packages/oslo_config/cfg.py:3006}}
Apr 28 20:15:04.437438 np0000171174 nova-conductor[111983]: DEBUG cotyledon.oslo_config_glue [-] oslo_messaging_rabbit.kombu_reconnect_splay = 0.0 {{(pid=111983) log_opt_values /opt/stack/data/venv/lib/python3.12/site-packages/oslo_config/cfg.py:3006}}
Apr 28 20:15:04.437438 np0000171174 nova-conductor[111983]: DEBUG cotyledon.oslo_config_glue [-] oslo_messaging_rabbit.processname = nova-conductor {{(pid=111983) log_opt_values /opt/stack/data/venv/lib/python3.12/site-packages/oslo_config/cfg.py:3006}}
Apr 28 20:15:04.437612 np0000171174 nova-conductor[111983]: DEBUG cotyledon.oslo_config_glue [-] oslo_messaging_rabbit.rabbit_ha_queues = False {{(pid=111983) log_opt_values /opt/stack/data/venv/lib/python3.12/site-packages/oslo_config/cfg.py:3006}}
Apr 28 20:15:04.437612 np0000171174 nova-conductor[111983]: DEBUG cotyledon.oslo_config_glue [-] oslo_messaging_rabbit.rabbit_interval_max = 30 {{(pid=111983) log_opt_values /opt/stack/data/venv/lib/python3.12/site-packages/oslo_config/cfg.py:3006}}
Apr 28 20:15:04.437612 np0000171174 nova-conductor[111983]: DEBUG cotyledon.oslo_config_glue [-] oslo_messaging_rabbit.rabbit_login_method = AMQPLAIN {{(pid=111983) log_opt_values /opt/stack/data/venv/lib/python3.12/site-packages/oslo_config/cfg.py:3006}}
Apr 28 20:15:04.437612 np0000171174 nova-conductor[111983]: DEBUG cotyledon.oslo_config_glue [-] oslo_messaging_rabbit.rabbit_qos_prefetch_count = 0 {{(pid=111983) log_opt_values /opt/stack/data/venv/lib/python3.12/site-packages/oslo_config/cfg.py:3006}}
Apr 28 20:15:04.437612 np0000171174 nova-conductor[111983]: DEBUG cotyledon.oslo_config_glue [-] oslo_messaging_rabbit.rabbit_quorum_delivery_limit = 0 {{(pid=111983) log_opt_values /opt/stack/data/venv/lib/python3.12/site-packages/oslo_config/cfg.py:3006}}
Apr 28 20:15:04.437612 np0000171174 nova-conductor[111983]: DEBUG cotyledon.oslo_config_glue [-] oslo_messaging_rabbit.rabbit_quorum_max_memory_bytes = 0 {{(pid=111983) log_opt_values /opt/stack/data/venv/lib/python3.12/site-packages/oslo_config/cfg.py:3006}}
Apr 28 20:15:04.437612 np0000171174 nova-conductor[111983]: DEBUG cotyledon.oslo_config_glue [-] oslo_messaging_rabbit.rabbit_quorum_max_memory_length = 0 {{(pid=111983) log_opt_values /opt/stack/data/venv/lib/python3.12/site-packages/oslo_config/cfg.py:3006}}
Apr 28 20:15:04.437612 np0000171174 nova-conductor[111983]: DEBUG cotyledon.oslo_config_glue [-] oslo_messaging_rabbit.rabbit_quorum_queue = False {{(pid=111983) log_opt_values /opt/stack/data/venv/lib/python3.12/site-packages/oslo_config/cfg.py:3006}}
Apr 28 20:15:04.437819 np0000171174 nova-conductor[111983]: DEBUG cotyledon.oslo_config_glue [-] oslo_messaging_rabbit.rabbit_retry_backoff = 2 {{(pid=111983) log_opt_values /opt/stack/data/venv/lib/python3.12/site-packages/oslo_config/cfg.py:3006}}
Apr 28 20:15:04.437819 np0000171174 nova-conductor[111983]: DEBUG cotyledon.oslo_config_glue [-] oslo_messaging_rabbit.rabbit_retry_interval = 1 {{(pid=111983) log_opt_values /opt/stack/data/venv/lib/python3.12/site-packages/oslo_config/cfg.py:3006}}
Apr 28 20:15:04.437819 np0000171174 nova-conductor[111983]: DEBUG cotyledon.oslo_config_glue [-] oslo_messaging_rabbit.rabbit_stream_fanout = False {{(pid=111983) log_opt_values /opt/stack/data/venv/lib/python3.12/site-packages/oslo_config/cfg.py:3006}}
Apr 28 20:15:04.437819 np0000171174 nova-conductor[111983]: DEBUG cotyledon.oslo_config_glue [-] oslo_messaging_rabbit.rabbit_transient_queues_ttl = 1800 {{(pid=111983) log_opt_values /opt/stack/data/venv/lib/python3.12/site-packages/oslo_config/cfg.py:3006}}
Apr 28 20:15:04.437819 np0000171174 nova-conductor[111983]: DEBUG cotyledon.oslo_config_glue [-] oslo_messaging_rabbit.rabbit_transient_quorum_queue = False {{(pid=111983) log_opt_values /opt/stack/data/venv/lib/python3.12/site-packages/oslo_config/cfg.py:3006}}
Apr 28 20:15:04.437819 np0000171174 nova-conductor[111983]: DEBUG cotyledon.oslo_config_glue [-] oslo_messaging_rabbit.rpc_conn_pool_size = 30 {{(pid=111983) log_opt_values /opt/stack/data/venv/lib/python3.12/site-packages/oslo_config/cfg.py:3006}}
Apr 28 20:15:04.437819 np0000171174 nova-conductor[111983]: DEBUG cotyledon.oslo_config_glue [-] oslo_messaging_rabbit.ssl = False {{(pid=111983) log_opt_values /opt/stack/data/venv/lib/python3.12/site-packages/oslo_config/cfg.py:3006}}
Apr 28 20:15:04.437819 np0000171174 nova-conductor[111983]: DEBUG cotyledon.oslo_config_glue [-] oslo_messaging_rabbit.ssl_ca_file = {{(pid=111983) log_opt_values /opt/stack/data/venv/lib/python3.12/site-packages/oslo_config/cfg.py:3006}}
Apr 28 20:15:04.437819 np0000171174 nova-conductor[111983]: DEBUG cotyledon.oslo_config_glue [-] oslo_messaging_rabbit.ssl_cert_file = {{(pid=111983) log_opt_values /opt/stack/data/venv/lib/python3.12/site-packages/oslo_config/cfg.py:3006}}
Apr 28 20:15:04.438055 np0000171174 nova-conductor[111983]: DEBUG cotyledon.oslo_config_glue [-] oslo_messaging_rabbit.ssl_enforce_fips_mode = False {{(pid=111983) log_opt_values /opt/stack/data/venv/lib/python3.12/site-packages/oslo_config/cfg.py:3006}}
Apr 28 20:15:04.438055 np0000171174 nova-conductor[111983]: DEBUG cotyledon.oslo_config_glue [-] oslo_messaging_rabbit.ssl_key_file = {{(pid=111983) log_opt_values /opt/stack/data/venv/lib/python3.12/site-packages/oslo_config/cfg.py:3006}}
Apr 28 20:15:04.438055 np0000171174 nova-conductor[111983]: DEBUG cotyledon.oslo_config_glue [-] oslo_messaging_rabbit.ssl_version = {{(pid=111983) log_opt_values /opt/stack/data/venv/lib/python3.12/site-packages/oslo_config/cfg.py:3006}}
Apr 28 20:15:04.438055 np0000171174 nova-conductor[111983]: DEBUG cotyledon.oslo_config_glue [-] oslo_messaging_rabbit.use_queue_manager = False {{(pid=111983) log_opt_values /opt/stack/data/venv/lib/python3.12/site-packages/oslo_config/cfg.py:3006}}
Apr 28 20:15:04.438055 np0000171174 nova-conductor[111983]: DEBUG cotyledon.oslo_config_glue [-] oslo_messaging_notifications.driver = ['messagingv2'] {{(pid=111983) log_opt_values /opt/stack/data/venv/lib/python3.12/site-packages/oslo_config/cfg.py:3006}}
Apr 28 20:15:04.438055 np0000171174 nova-conductor[111983]: DEBUG cotyledon.oslo_config_glue [-] oslo_messaging_notifications.retry = -1 {{(pid=111983) log_opt_values /opt/stack/data/venv/lib/python3.12/site-packages/oslo_config/cfg.py:3006}}
Apr 28 20:15:04.438055 np0000171174 nova-conductor[111983]: DEBUG cotyledon.oslo_config_glue [-] oslo_messaging_notifications.topics = ['notifications'] {{(pid=111983) log_opt_values /opt/stack/data/venv/lib/python3.12/site-packages/oslo_config/cfg.py:3006}}
Apr 28 20:15:04.438055 np0000171174 nova-conductor[111983]: DEBUG cotyledon.oslo_config_glue [-] oslo_messaging_notifications.transport_url = **** {{(pid=111983) log_opt_values /opt/stack/data/venv/lib/python3.12/site-packages/oslo_config/cfg.py:3006}}
Apr 28 20:15:04.438055 np0000171174 nova-conductor[111983]: DEBUG cotyledon.oslo_config_glue [-] oslo_limit.auth_section = None {{(pid=111983) log_opt_values /opt/stack/data/venv/lib/python3.12/site-packages/oslo_config/cfg.py:3006}}
Apr 28 20:15:04.438347 np0000171174 nova-conductor[111983]: DEBUG cotyledon.oslo_config_glue [-] oslo_limit.auth_type = None {{(pid=111983) log_opt_values /opt/stack/data/venv/lib/python3.12/site-packages/oslo_config/cfg.py:3006}}
Apr 28 20:15:04.438347 np0000171174 nova-conductor[111983]: DEBUG cotyledon.oslo_config_glue [-] oslo_limit.cafile = None {{(pid=111983) log_opt_values /opt/stack/data/venv/lib/python3.12/site-packages/oslo_config/cfg.py:3006}}
Apr 28 20:15:04.438347 np0000171174 nova-conductor[111983]: DEBUG cotyledon.oslo_config_glue [-] oslo_limit.certfile = None {{(pid=111983) log_opt_values /opt/stack/data/venv/lib/python3.12/site-packages/oslo_config/cfg.py:3006}}
Apr 28 20:15:04.438347 np0000171174 nova-conductor[111983]: DEBUG cotyledon.oslo_config_glue [-] oslo_limit.collect_timing = False {{(pid=111983) log_opt_values /opt/stack/data/venv/lib/python3.12/site-packages/oslo_config/cfg.py:3006}}
Apr 28 20:15:04.438347 np0000171174 nova-conductor[111983]: DEBUG cotyledon.oslo_config_glue [-] oslo_limit.connect_retries = None {{(pid=111983) log_opt_values /opt/stack/data/venv/lib/python3.12/site-packages/oslo_config/cfg.py:3006}}
Apr 28 20:15:04.438347 np0000171174 nova-conductor[111983]: DEBUG cotyledon.oslo_config_glue [-] oslo_limit.connect_retry_delay = None {{(pid=111983) log_opt_values /opt/stack/data/venv/lib/python3.12/site-packages/oslo_config/cfg.py:3006}}
Apr 28 20:15:04.438347 np0000171174 nova-conductor[111983]: DEBUG cotyledon.oslo_config_glue [-] oslo_limit.endpoint_id = None {{(pid=111983) log_opt_values /opt/stack/data/venv/lib/python3.12/site-packages/oslo_config/cfg.py:3006}}
Apr 28 20:15:04.438347 np0000171174 nova-conductor[111983]: DEBUG cotyledon.oslo_config_glue [-] oslo_limit.endpoint_interface = public {{(pid=111983) log_opt_values /opt/stack/data/venv/lib/python3.12/site-packages/oslo_config/cfg.py:3006}}
Apr 28 20:15:04.438347 np0000171174 nova-conductor[111983]: DEBUG cotyledon.oslo_config_glue [-] oslo_limit.endpoint_override = None {{(pid=111983) log_opt_values /opt/stack/data/venv/lib/python3.12/site-packages/oslo_config/cfg.py:3006}}
Apr 28 20:15:04.438642 np0000171174 nova-conductor[111983]: DEBUG cotyledon.oslo_config_glue [-] oslo_limit.endpoint_region_name = None {{(pid=111983) log_opt_values /opt/stack/data/venv/lib/python3.12/site-packages/oslo_config/cfg.py:3006}}
Apr 28 20:15:04.438642 np0000171174 nova-conductor[111983]: DEBUG cotyledon.oslo_config_glue [-] oslo_limit.endpoint_service_name = None {{(pid=111983) log_opt_values /opt/stack/data/venv/lib/python3.12/site-packages/oslo_config/cfg.py:3006}}
Apr 28 20:15:04.438642 np0000171174 nova-conductor[111983]: DEBUG cotyledon.oslo_config_glue [-] oslo_limit.endpoint_service_type = None {{(pid=111983) log_opt_values /opt/stack/data/venv/lib/python3.12/site-packages/oslo_config/cfg.py:3006}}
Apr 28 20:15:04.438642 np0000171174 nova-conductor[111983]: DEBUG cotyledon.oslo_config_glue [-] oslo_limit.insecure = False {{(pid=111983) log_opt_values /opt/stack/data/venv/lib/python3.12/site-packages/oslo_config/cfg.py:3006}}
Apr 28 20:15:04.438642 np0000171174 nova-conductor[111983]: DEBUG cotyledon.oslo_config_glue [-] oslo_limit.keyfile = None {{(pid=111983) log_opt_values /opt/stack/data/venv/lib/python3.12/site-packages/oslo_config/cfg.py:3006}}
Apr 28 20:15:04.438642 np0000171174 nova-conductor[111983]: DEBUG cotyledon.oslo_config_glue [-] oslo_limit.max_version = None {{(pid=111983) log_opt_values /opt/stack/data/venv/lib/python3.12/site-packages/oslo_config/cfg.py:3006}}
Apr 28 20:15:04.438642 np0000171174 nova-conductor[111983]: DEBUG cotyledon.oslo_config_glue [-] oslo_limit.min_version = None {{(pid=111983) log_opt_values /opt/stack/data/venv/lib/python3.12/site-packages/oslo_config/cfg.py:3006}}
Apr 28 20:15:04.438642 np0000171174 nova-conductor[111983]: DEBUG cotyledon.oslo_config_glue [-] oslo_limit.region_name = None {{(pid=111983) log_opt_values /opt/stack/data/venv/lib/python3.12/site-packages/oslo_config/cfg.py:3006}}
Apr 28 20:15:04.438642 np0000171174 nova-conductor[111983]: DEBUG cotyledon.oslo_config_glue [-] oslo_limit.retriable_status_codes = None {{(pid=111983) log_opt_values /opt/stack/data/venv/lib/python3.12/site-packages/oslo_config/cfg.py:3006}}
Apr 28 20:15:04.439056 np0000171174 nova-conductor[111983]: DEBUG cotyledon.oslo_config_glue [-] oslo_limit.service_name = None {{(pid=111983) log_opt_values /opt/stack/data/venv/lib/python3.12/site-packages/oslo_config/cfg.py:3006}}
Apr 28 20:15:04.439056 np0000171174 nova-conductor[111983]: DEBUG cotyledon.oslo_config_glue [-] oslo_limit.service_type = None {{(pid=111983) log_opt_values /opt/stack/data/venv/lib/python3.12/site-packages/oslo_config/cfg.py:3006}}
Apr 28 20:15:04.439056 np0000171174 nova-conductor[111983]: DEBUG cotyledon.oslo_config_glue [-] oslo_limit.split_loggers = False {{(pid=111983) log_opt_values /opt/stack/data/venv/lib/python3.12/site-packages/oslo_config/cfg.py:3006}}
Apr 28 20:15:04.439056 np0000171174 nova-conductor[111983]: DEBUG cotyledon.oslo_config_glue [-] oslo_limit.status_code_retries = None {{(pid=111983) log_opt_values /opt/stack/data/venv/lib/python3.12/site-packages/oslo_config/cfg.py:3006}}
Apr 28 20:15:04.439056 np0000171174 nova-conductor[111983]: DEBUG cotyledon.oslo_config_glue [-] oslo_limit.status_code_retry_delay = None {{(pid=111983) log_opt_values /opt/stack/data/venv/lib/python3.12/site-packages/oslo_config/cfg.py:3006}}
Apr 28 20:15:04.439056 np0000171174 nova-conductor[111983]: DEBUG cotyledon.oslo_config_glue [-] oslo_limit.timeout = None {{(pid=111983) log_opt_values /opt/stack/data/venv/lib/python3.12/site-packages/oslo_config/cfg.py:3006}}
Apr 28 20:15:04.439056 np0000171174 nova-conductor[111983]: DEBUG cotyledon.oslo_config_glue [-] oslo_limit.valid_interfaces = None {{(pid=111983) log_opt_values /opt/stack/data/venv/lib/python3.12/site-packages/oslo_config/cfg.py:3006}}
Apr 28 20:15:04.439056 np0000171174 nova-conductor[111983]: DEBUG cotyledon.oslo_config_glue [-] oslo_limit.version = None {{(pid=111983) log_opt_values /opt/stack/data/venv/lib/python3.12/site-packages/oslo_config/cfg.py:3006}}
Apr 28 20:15:04.439056 np0000171174 nova-conductor[111983]: DEBUG cotyledon.oslo_config_glue [-] oslo_reports.file_event_handler = None {{(pid=111983) log_opt_values /opt/stack/data/venv/lib/python3.12/site-packages/oslo_config/cfg.py:3006}}
Apr 28 20:15:04.439368 np0000171174 nova-conductor[111983]: DEBUG cotyledon.oslo_config_glue [-] oslo_reports.file_event_handler_interval = 1 {{(pid=111983) log_opt_values /opt/stack/data/venv/lib/python3.12/site-packages/oslo_config/cfg.py:3006}}
Apr 28 20:15:04.439368 np0000171174 nova-conductor[111983]: DEBUG cotyledon.oslo_config_glue [-] oslo_reports.log_dir = None {{(pid=111983) log_opt_values /opt/stack/data/venv/lib/python3.12/site-packages/oslo_config/cfg.py:3006}}
Apr 28 20:15:04.439368 np0000171174 nova-conductor[111983]: DEBUG cotyledon.oslo_config_glue [-] ******************************************************************************** {{(pid=111983) log_opt_values /opt/stack/data/venv/lib/python3.12/site-packages/oslo_config/cfg.py:3013}}
Apr 28 20:15:04.439368 np0000171174 nova-conductor[111983]: DEBUG cotyledon._service_worker [-] Run service ServiceWrapper(3) [111983] {{(pid=111983) wait_forever /opt/stack/data/venv/lib/python3.12/site-packages/cotyledon/_service_worker.py:218}}
Apr 28 20:15:04.439368 np0000171174 nova-conductor[111983]: INFO nova.service [-] Starting conductor node (version 33.1.0)
Apr 28 20:15:04.439519 np0000171174 nova-conductor[111966]: DEBUG dbcounter [-] [111966] Writer thread running {{(pid=111966) stat_writer /opt/stack/data/venv/lib/python3.12/site-packages/dbcounter.py:102}}
Apr 28 20:15:04.439564 np0000171174 nova-conductor[111983]: INFO dbcounter [None req-f7a1563e-4aa4-456f-9998-a1bc1e52b992 None None] Registered counter for database nova_cell0
Apr 28 20:15:04.439599 np0000171174 nova-conductor[111977]: DEBUG oslo_db.sqlalchemy.engines [None req-4b34e361-3a9e-422a-809d-a9b52e3f52c1 None None] MySQL server mode set to STRICT_TRANS_TABLES,STRICT_ALL_TABLES,NO_ZERO_IN_DATE,NO_ZERO_DATE,ERROR_FOR_DIVISION_BY_ZERO,TRADITIONAL,NO_ENGINE_SUBSTITUTION {{(pid=111977) _check_effective_sql_mode /opt/stack/data/venv/lib/python3.12/site-packages/oslo_db/sqlalchemy/engines.py:325}}
Apr 28 20:15:04.439641 np0000171174 nova-conductor[111983]: DEBUG oslo_db.sqlalchemy.engines [None req-f7a1563e-4aa4-456f-9998-a1bc1e52b992 None None] MySQL server mode set to STRICT_TRANS_TABLES,STRICT_ALL_TABLES,NO_ZERO_IN_DATE,NO_ZERO_DATE,ERROR_FOR_DIVISION_BY_ZERO,TRADITIONAL,NO_ENGINE_SUBSTITUTION {{(pid=111983) _check_effective_sql_mode /opt/stack/data/venv/lib/python3.12/site-packages/oslo_db/sqlalchemy/engines.py:325}}
Apr 28 20:15:04.439685 np0000171174 nova-conductor[111977]: DEBUG dbcounter [-] [111977] Writer thread running {{(pid=111977) stat_writer /opt/stack/data/venv/lib/python3.12/site-packages/dbcounter.py:102}}
Apr 28 20:15:04.439721 np0000171174 nova-conductor[111983]: DEBUG dbcounter [-] [111983] Writer thread running {{(pid=111983) stat_writer /opt/stack/data/venv/lib/python3.12/site-packages/dbcounter.py:102}}
Apr 28 20:15:04.467588 np0000171174 nova-conductor[111958]: DEBUG nova.service [None req-b5529938-0123-4941-bf79-e1bd858defca None None] Creating RPC server for service: nova-conductor on topic: conductor {{(pid=111958) start /opt/stack/nova/nova/service.py:195}}
Apr 28 20:15:04.494265 np0000171174 nova-conductor[111958]: DEBUG nova.service [None req-b5529938-0123-4941-bf79-e1bd858defca None None] Join ServiceGroup membership for this service conductor {{(pid=111958) start /opt/stack/nova/nova/service.py:221}}
Apr 28 20:15:04.494405 np0000171174 nova-conductor[111958]: DEBUG nova.servicegroup.drivers.db [None req-b5529938-0123-4941-bf79-e1bd858defca None None] DB_Driver: join new ServiceGroup member np0000171174 to the conductor group, service = {{(pid=111958) join /opt/stack/nova/nova/servicegroup/drivers/db.py:44}}
Apr 28 20:15:04.527578 np0000171174 nova-conductor[111983]: DEBUG nova.service [None req-f7a1563e-4aa4-456f-9998-a1bc1e52b992 None None] Creating RPC server for service: nova-conductor on topic: conductor {{(pid=111983) start /opt/stack/nova/nova/service.py:195}}
Apr 28 20:15:04.528337 np0000171174 nova-conductor[111966]: DEBUG nova.service [None req-b26dd39f-d329-42fe-9ce6-78ea5a36f84e None None] Creating RPC server for service: nova-conductor on topic: conductor {{(pid=111966) start /opt/stack/nova/nova/service.py:195}}
Apr 28 20:15:04.529294 np0000171174 nova-conductor[111977]: DEBUG nova.service [None req-4b34e361-3a9e-422a-809d-a9b52e3f52c1 None None] Creating RPC server for service: nova-conductor on topic: conductor {{(pid=111977) start /opt/stack/nova/nova/service.py:195}}
Apr 28 20:15:04.551171 np0000171174 nova-conductor[111983]: DEBUG nova.service [None req-f7a1563e-4aa4-456f-9998-a1bc1e52b992 None None] Join ServiceGroup membership for this service conductor {{(pid=111983) start /opt/stack/nova/nova/service.py:221}}
Apr 28 20:15:04.551387 np0000171174 nova-conductor[111983]: DEBUG nova.servicegroup.drivers.db [None req-f7a1563e-4aa4-456f-9998-a1bc1e52b992 None None] DB_Driver: join new ServiceGroup member np0000171174 to the conductor group, service = {{(pid=111983) join /opt/stack/nova/nova/servicegroup/drivers/db.py:44}}
Apr 28 20:15:04.552394 np0000171174 nova-conductor[111966]: DEBUG nova.service [None req-b26dd39f-d329-42fe-9ce6-78ea5a36f84e None None] Join ServiceGroup membership for this service conductor {{(pid=111966) start /opt/stack/nova/nova/service.py:221}}
Apr 28 20:15:04.552852 np0000171174 nova-conductor[111966]: DEBUG nova.servicegroup.drivers.db [None req-b26dd39f-d329-42fe-9ce6-78ea5a36f84e None None] DB_Driver: join new ServiceGroup member np0000171174 to the conductor group, service = {{(pid=111966) join /opt/stack/nova/nova/servicegroup/drivers/db.py:44}}
Apr 28 20:15:04.554069 np0000171174 nova-conductor[111977]: DEBUG nova.service [None req-4b34e361-3a9e-422a-809d-a9b52e3f52c1 None None] Join ServiceGroup membership for this service conductor {{(pid=111977) start /opt/stack/nova/nova/service.py:221}}
Apr 28 20:15:04.554699 np0000171174 nova-conductor[111977]: DEBUG nova.servicegroup.drivers.db [None req-4b34e361-3a9e-422a-809d-a9b52e3f52c1 None None] DB_Driver: join new ServiceGroup member np0000171174 to the conductor group, service = {{(pid=111977) join /opt/stack/nova/nova/servicegroup/drivers/db.py:44}}
Apr 28 20:15:09.512643 np0000171174 nova-conductor[111958]: DEBUG oslo.service.backend._threading.loopingcall [-] Fixed interval looping call 'nova.servicegroup.drivers.db.DbDriver._report_state' sleeping for 119.98 seconds {{(pid=111958) _run_loop /opt/stack/data/venv/lib/python3.12/site-packages/oslo_service/backend/_threading/loopingcall.py:125}}
Apr 28 20:15:09.562269 np0000171174 nova-conductor[111983]: DEBUG oslo.service.backend._threading.loopingcall [-] Fixed interval looping call 'nova.servicegroup.drivers.db.DbDriver._report_state' sleeping for 119.99 seconds {{(pid=111983) _run_loop /opt/stack/data/venv/lib/python3.12/site-packages/oslo_service/backend/_threading/loopingcall.py:125}}
Apr 28 20:15:09.564727 np0000171174 nova-conductor[111977]: DEBUG oslo.service.backend._threading.loopingcall [-] Fixed interval looping call 'nova.servicegroup.drivers.db.DbDriver._report_state' sleeping for 119.99 seconds {{(pid=111977) _run_loop /opt/stack/data/venv/lib/python3.12/site-packages/oslo_service/backend/_threading/loopingcall.py:125}}
Apr 28 20:15:09.566593 np0000171174 nova-conductor[111966]: DEBUG oslo.service.backend._threading.loopingcall [-] Fixed interval looping call 'nova.servicegroup.drivers.db.DbDriver._report_state' sleeping for 119.99 seconds {{(pid=111966) _run_loop /opt/stack/data/venv/lib/python3.12/site-packages/oslo_service/backend/_threading/loopingcall.py:125}}
Apr 28 20:15:12.557932 np0000171174 nova-conductor[111977]: DEBUG oslo.service.backend._threading.loopingcall [None req-632e14f6-266d-4b83-b059-897f2189ac9b None None] Dynamic interval looping call 'nova.service.Service.periodic_tasks' sleeping for 60.00 seconds {{(pid=111977) _run_loop /opt/stack/data/venv/lib/python3.12/site-packages/oslo_service/backend/_threading/loopingcall.py:125}}
Apr 28 20:15:13.045738 np0000171174 nova-conductor[111086]: DEBUG dbcounter [-] [111086] Writing DB stats nova_api:SELECT=1 {{(pid=111086) stat_writer /opt/stack/data/venv/lib/python3.12/site-packages/dbcounter.py:115}}
Apr 28 20:15:13.154463 np0000171174 nova-conductor[111086]: DEBUG dbcounter [-] [111086] Writing DB stats nova_cell0:SELECT=1 {{(pid=111086) stat_writer /opt/stack/data/venv/lib/python3.12/site-packages/dbcounter.py:115}}
Apr 28 20:15:13.157133 np0000171174 nova-conductor[111086]: DEBUG dbcounter [-] [111086] Writing DB stats nova_cell1:SELECT=1 {{(pid=111086) stat_writer /opt/stack/data/venv/lib/python3.12/site-packages/dbcounter.py:115}}
Apr 28 20:15:19.506534 np0000171174 nova-conductor[111958]: DEBUG dbcounter [-] [111958] Writing DB stats nova_cell0:SELECT=4,nova_cell0:INSERT=1,nova_cell0:UPDATE=1 {{(pid=111958) stat_writer /opt/stack/data/venv/lib/python3.12/site-packages/dbcounter.py:115}}
Apr 28 20:15:19.560257 np0000171174 nova-conductor[111983]: DEBUG dbcounter [-] [111983] Writing DB stats nova_cell0:SELECT=5,nova_cell0:INSERT=1 {{(pid=111983) stat_writer /opt/stack/data/venv/lib/python3.12/site-packages/dbcounter.py:115}}
Apr 28 20:15:19.562723 np0000171174 nova-conductor[111977]: DEBUG dbcounter [-] [111977] Writing DB stats nova_cell0:SELECT=5,nova_cell0:INSERT=1 {{(pid=111977) stat_writer /opt/stack/data/venv/lib/python3.12/site-packages/dbcounter.py:115}}
Apr 28 20:15:19.563384 np0000171174 nova-conductor[111966]: DEBUG dbcounter [-] [111966] Writing DB stats nova_cell0:SELECT=5,nova_cell0:INSERT=1 {{(pid=111966) stat_writer /opt/stack/data/venv/lib/python3.12/site-packages/dbcounter.py:115}}
Apr 28 20:15:29.556972 np0000171174 nova-conductor[111983]: DEBUG oslo.service.backend._threading.loopingcall [None req-bfda3968-baf2-40b1-b238-ad4ccfcdef24 None None] Dynamic interval looping call 'nova.service.Service.periodic_tasks' sleeping for 60.00 seconds {{(pid=111983) _run_loop /opt/stack/data/venv/lib/python3.12/site-packages/oslo_service/backend/_threading/loopingcall.py:125}}
Apr 28 20:15:42.555742 np0000171174 nova-conductor[111966]: DEBUG oslo.service.backend._threading.loopingcall [None req-0b9fec8c-8beb-4ebf-b1c6-403531ee4915 None None] Dynamic interval looping call 'nova.service.Service.periodic_tasks' sleeping for 60.00 seconds {{(pid=111966) _run_loop /opt/stack/data/venv/lib/python3.12/site-packages/oslo_service/backend/_threading/loopingcall.py:125}}
Apr 28 20:16:04.497068 np0000171174 nova-conductor[111958]: DEBUG oslo.service.backend._threading.loopingcall [None req-76004896-073b-4d2d-a92d-d12b4545f4fe None None] Dynamic interval looping call 'nova.service.Service.periodic_tasks' sleeping for 60.00 seconds {{(pid=111958) _run_loop /opt/stack/data/venv/lib/python3.12/site-packages/oslo_service/backend/_threading/loopingcall.py:125}}
Apr 28 20:16:12.558794 np0000171174 nova-conductor[111977]: DEBUG oslo.service.backend._threading.loopingcall [None req-632e14f6-266d-4b83-b059-897f2189ac9b None None] Dynamic interval looping call 'nova.service.Service.periodic_tasks' sleeping for 60.00 seconds {{(pid=111977) _run_loop /opt/stack/data/venv/lib/python3.12/site-packages/oslo_service/backend/_threading/loopingcall.py:125}}
Apr 28 20:16:29.555139 np0000171174 nova-conductor[111983]: DEBUG oslo.service.backend._threading.loopingcall [None req-bfda3968-baf2-40b1-b238-ad4ccfcdef24 None None] Dynamic interval looping call 'nova.service.Service.periodic_tasks' sleeping for 60.00 seconds {{(pid=111983) _run_loop /opt/stack/data/venv/lib/python3.12/site-packages/oslo_service/backend/_threading/loopingcall.py:125}}
Apr 28 20:16:42.556588 np0000171174 nova-conductor[111966]: DEBUG oslo.service.backend._threading.loopingcall [None req-0b9fec8c-8beb-4ebf-b1c6-403531ee4915 None None] Dynamic interval looping call 'nova.service.Service.periodic_tasks' sleeping for 60.00 seconds {{(pid=111966) _run_loop /opt/stack/data/venv/lib/python3.12/site-packages/oslo_service/backend/_threading/loopingcall.py:125}}
Apr 28 20:17:04.497918 np0000171174 nova-conductor[111958]: DEBUG oslo.service.backend._threading.loopingcall [None req-76004896-073b-4d2d-a92d-d12b4545f4fe None None] Dynamic interval looping call 'nova.service.Service.periodic_tasks' sleeping for 60.00 seconds {{(pid=111958) _run_loop /opt/stack/data/venv/lib/python3.12/site-packages/oslo_service/backend/_threading/loopingcall.py:125}}
Apr 28 20:17:09.504499 np0000171174 nova-conductor[111958]: DEBUG oslo.service.backend._threading.loopingcall [-] Fixed interval looping call 'nova.servicegroup.drivers.db.DbDriver._report_state' sleeping for 119.99 seconds {{(pid=111958) _run_loop /opt/stack/data/venv/lib/python3.12/site-packages/oslo_service/backend/_threading/loopingcall.py:125}}
Apr 28 20:17:09.557323 np0000171174 nova-conductor[111983]: DEBUG oslo.service.backend._threading.loopingcall [-] Fixed interval looping call 'nova.servicegroup.drivers.db.DbDriver._report_state' sleeping for 120.00 seconds {{(pid=111983) _run_loop /opt/stack/data/venv/lib/python3.12/site-packages/oslo_service/backend/_threading/loopingcall.py:125}}
Apr 28 20:17:09.559955 np0000171174 nova-conductor[111977]: DEBUG oslo.service.backend._threading.loopingcall [-] Fixed interval looping call 'nova.servicegroup.drivers.db.DbDriver._report_state' sleeping for 120.00 seconds {{(pid=111977) _run_loop /opt/stack/data/venv/lib/python3.12/site-packages/oslo_service/backend/_threading/loopingcall.py:125}}
Apr 28 20:17:09.562427 np0000171174 nova-conductor[111966]: DEBUG oslo.service.backend._threading.loopingcall [-] Fixed interval looping call 'nova.servicegroup.drivers.db.DbDriver._report_state' sleeping for 119.99 seconds {{(pid=111966) _run_loop /opt/stack/data/venv/lib/python3.12/site-packages/oslo_service/backend/_threading/loopingcall.py:125}}
Apr 28 20:17:12.559295 np0000171174 nova-conductor[111977]: DEBUG oslo.service.backend._threading.loopingcall [None req-632e14f6-266d-4b83-b059-897f2189ac9b None None] Dynamic interval looping call 'nova.service.Service.periodic_tasks' sleeping for 60.00 seconds {{(pid=111977) _run_loop /opt/stack/data/venv/lib/python3.12/site-packages/oslo_service/backend/_threading/loopingcall.py:125}}
Apr 28 20:17:19.498063 np0000171174 nova-conductor[111958]: DEBUG dbcounter [-] [111958] Writing DB stats nova_cell0:SELECT=1,nova_cell0:UPDATE=1 {{(pid=111958) stat_writer /opt/stack/data/venv/lib/python3.12/site-packages/dbcounter.py:115}}
Apr 28 20:17:19.554849 np0000171174 nova-conductor[111983]: DEBUG dbcounter [-] [111983] Writing DB stats nova_cell0:SELECT=1 {{(pid=111983) stat_writer /opt/stack/data/venv/lib/python3.12/site-packages/dbcounter.py:115}}
Apr 28 20:17:19.557652 np0000171174 nova-conductor[111977]: DEBUG dbcounter [-] [111977] Writing DB stats nova_cell0:SELECT=1 {{(pid=111977) stat_writer /opt/stack/data/venv/lib/python3.12/site-packages/dbcounter.py:115}}
Apr 28 20:17:19.559651 np0000171174 nova-conductor[111966]: DEBUG dbcounter [-] [111966] Writing DB stats nova_cell0:SELECT=1 {{(pid=111966) stat_writer /opt/stack/data/venv/lib/python3.12/site-packages/dbcounter.py:115}}
Apr 28 20:17:29.555636 np0000171174 nova-conductor[111983]: DEBUG oslo.service.backend._threading.loopingcall [None req-bfda3968-baf2-40b1-b238-ad4ccfcdef24 None None] Dynamic interval looping call 'nova.service.Service.periodic_tasks' sleeping for 60.00 seconds {{(pid=111983) _run_loop /opt/stack/data/venv/lib/python3.12/site-packages/oslo_service/backend/_threading/loopingcall.py:125}}
Apr 28 20:17:42.557607 np0000171174 nova-conductor[111966]: DEBUG oslo.service.backend._threading.loopingcall [None req-0b9fec8c-8beb-4ebf-b1c6-403531ee4915 None None] Dynamic interval looping call 'nova.service.Service.periodic_tasks' sleeping for 60.00 seconds {{(pid=111966) _run_loop /opt/stack/data/venv/lib/python3.12/site-packages/oslo_service/backend/_threading/loopingcall.py:125}}
Apr 28 20:18:04.498684 np0000171174 nova-conductor[111958]: DEBUG oslo.service.backend._threading.loopingcall [None req-76004896-073b-4d2d-a92d-d12b4545f4fe None None] Dynamic interval looping call 'nova.service.Service.periodic_tasks' sleeping for 60.00 seconds {{(pid=111958) _run_loop /opt/stack/data/venv/lib/python3.12/site-packages/oslo_service/backend/_threading/loopingcall.py:125}}
Apr 28 20:18:12.560043 np0000171174 nova-conductor[111977]: DEBUG oslo.service.backend._threading.loopingcall [None req-632e14f6-266d-4b83-b059-897f2189ac9b None None] Dynamic interval looping call 'nova.service.Service.periodic_tasks' sleeping for 60.00 seconds {{(pid=111977) _run_loop /opt/stack/data/venv/lib/python3.12/site-packages/oslo_service/backend/_threading/loopingcall.py:125}}
Apr 28 20:18:29.556206 np0000171174 nova-conductor[111983]: DEBUG oslo.service.backend._threading.loopingcall [None req-bfda3968-baf2-40b1-b238-ad4ccfcdef24 None None] Dynamic interval looping call 'nova.service.Service.periodic_tasks' sleeping for 60.00 seconds {{(pid=111983) _run_loop /opt/stack/data/venv/lib/python3.12/site-packages/oslo_service/backend/_threading/loopingcall.py:125}}
Apr 28 20:18:42.558465 np0000171174 nova-conductor[111966]: DEBUG oslo.service.backend._threading.loopingcall [None req-0b9fec8c-8beb-4ebf-b1c6-403531ee4915 None None] Dynamic interval looping call 'nova.service.Service.periodic_tasks' sleeping for 60.00 seconds {{(pid=111966) _run_loop /opt/stack/data/venv/lib/python3.12/site-packages/oslo_service/backend/_threading/loopingcall.py:125}}
Apr 28 20:19:04.499449 np0000171174 nova-conductor[111958]: DEBUG oslo.service.backend._threading.loopingcall [None req-76004896-073b-4d2d-a92d-d12b4545f4fe None None] Dynamic interval looping call 'nova.service.Service.periodic_tasks' sleeping for 60.00 seconds {{(pid=111958) _run_loop /opt/stack/data/venv/lib/python3.12/site-packages/oslo_service/backend/_threading/loopingcall.py:125}}
Apr 28 20:19:09.504600 np0000171174 nova-conductor[111958]: DEBUG oslo.service.backend._threading.loopingcall [-] Fixed interval looping call 'nova.servicegroup.drivers.db.DbDriver._report_state' sleeping for 119.99 seconds {{(pid=111958) _run_loop /opt/stack/data/venv/lib/python3.12/site-packages/oslo_service/backend/_threading/loopingcall.py:125}}
Apr 28 20:19:09.558162 np0000171174 nova-conductor[111966]: DEBUG oslo.service.backend._threading.loopingcall [-] Fixed interval looping call 'nova.servicegroup.drivers.db.DbDriver._report_state' sleeping for 119.99 seconds {{(pid=111966) _run_loop /opt/stack/data/venv/lib/python3.12/site-packages/oslo_service/backend/_threading/loopingcall.py:125}}
Apr 28 20:19:09.562015 np0000171174 nova-conductor[111983]: DEBUG oslo.service.backend._threading.loopingcall [-] Fixed interval looping call 'nova.servicegroup.drivers.db.DbDriver._report_state' sleeping for 120.00 seconds {{(pid=111983) _run_loop /opt/stack/data/venv/lib/python3.12/site-packages/oslo_service/backend/_threading/loopingcall.py:125}}
Apr 28 20:19:09.563280 np0000171174 nova-conductor[111977]: DEBUG oslo.service.backend._threading.loopingcall [-] Fixed interval looping call 'nova.servicegroup.drivers.db.DbDriver._report_state' sleeping for 120.00 seconds {{(pid=111977) _run_loop /opt/stack/data/venv/lib/python3.12/site-packages/oslo_service/backend/_threading/loopingcall.py:125}}
Apr 28 20:19:12.561274 np0000171174 nova-conductor[111977]: DEBUG oslo.service.backend._threading.loopingcall [None req-632e14f6-266d-4b83-b059-897f2189ac9b None None] Dynamic interval looping call 'nova.service.Service.periodic_tasks' sleeping for 60.00 seconds {{(pid=111977) _run_loop /opt/stack/data/venv/lib/python3.12/site-packages/oslo_service/backend/_threading/loopingcall.py:125}}
