May 06 15:06:46.556451 np0000172280 devstack@neutron-api.service[103103]: DEBUG neutron.api.extensions [None req-8748255d-5d90-473b-b759-f5d834147433 None None] Extended resource: quotas {{(pid=103103) __init__ /opt/stack/neutron/neutron/api/extensions.py:156}}
May 06 15:06:46.556484 np0000172280 devstack@neutron-api.service[103105]: INFO neutron.quota.resource_registry [None req-51b9d420-8938-4fd6-98bb-e7c79ecc9694 None None] Creating instance of TrackedResource for resource:subnet
May 06 15:06:46.556484 np0000172280 devstack@neutron-api.service[103105]: INFO neutron.quota.resource_registry [None req-51b9d420-8938-4fd6-98bb-e7c79ecc9694 None None] Creating instance of TrackedResource for resource:subnetpool
May 06 15:06:46.556484 np0000172280 devstack@neutron-api.service[103105]: INFO neutron.quota.resource_registry [None req-51b9d420-8938-4fd6-98bb-e7c79ecc9694 None None] Creating instance of TrackedResource for resource:port
May 06 15:06:46.556552 np0000172280 devstack@neutron-api.service[103106]: DEBUG neutron.api.extensions [None req-686adf61-8585-452e-8277-a4d0f692ceb0 None None] Extended resource: floatingip-pools {{(pid=103106) __init__ /opt/stack/neutron/neutron/api/extensions.py:156}}
May 06 15:06:46.556577 np0000172280 devstack@neutron-api.service[103103]: DEBUG neutron.api.extensions [None req-8748255d-5d90-473b-b759-f5d834147433 None None] Extended resource: quotas {{(pid=103103) __init__ /opt/stack/neutron/neutron/api/extensions.py:156}}
May 06 15:06:46.556603 np0000172280 devstack@neutron-api.service[103106]: DEBUG neutron.api.extensions [None req-686adf61-8585-452e-8277-a4d0f692ceb0 None None] Extended resource: routers {{(pid=103106) __init__ /opt/stack/neutron/neutron/api/extensions.py:156}}
May 06 15:06:46.556630 np0000172280 devstack@neutron-api.service[103103]: DEBUG neutron.api.extensions [None req-8748255d-5d90-473b-b759-f5d834147433 None None] Extended resource: rbac-policies {{(pid=103103) __init__ /opt/stack/neutron/neutron/api/extensions.py:156}}
May 06 15:06:46.556657 np0000172280 devstack@neutron-api.service[103105]: DEBUG neutron.api.v2.resource_helper [None req-51b9d420-8938-4fd6-98bb-e7c79ecc9694 None None] Service L3_ROUTER_NAT assigned prefix: {{(pid=103105) build_resource_info /opt/stack/neutron/neutron/api/v2/resource_helper.py:77}}
May 06 15:06:46.556686 np0000172280 devstack@neutron-api.service[103103]: DEBUG neutron.api.extensions [None req-8748255d-5d90-473b-b759-f5d834147433 None None] Extended resource: default-security-group-rules {{(pid=103103) __init__ /opt/stack/neutron/neutron/api/extensions.py:156}}
May 06 15:06:46.556712 np0000172280 devstack@neutron-api.service[103106]: DEBUG neutron.api.extensions [None req-686adf61-8585-452e-8277-a4d0f692ceb0 None None] Extended resource: floatingips {{(pid=103106) __init__ /opt/stack/neutron/neutron/api/extensions.py:156}}
May 06 15:06:46.556741 np0000172280 devstack@neutron-api.service[103105]: DEBUG neutron.api.v2.resource_helper [None req-51b9d420-8938-4fd6-98bb-e7c79ecc9694 None None] Service FLAVORS assigned prefix: {{(pid=103105) build_resource_info /opt/stack/neutron/neutron/api/v2/resource_helper.py:77}}
May 06 15:06:46.556773 np0000172280 devstack@neutron-api.service[103103]: DEBUG neutron.api.extensions [None req-8748255d-5d90-473b-b759-f5d834147433 None None] Extended resource: security-groups {{(pid=103103) __init__ /opt/stack/neutron/neutron/api/extensions.py:156}}
May 06 15:06:46.556800 np0000172280 devstack@neutron-api.service[103106]: DEBUG neutron.api.extensions [None req-686adf61-8585-452e-8277-a4d0f692ceb0 None None] Extended resource: network-ip-availabilities {{(pid=103106) __init__ /opt/stack/neutron/neutron/api/extensions.py:156}}
May 06 15:06:46.556800 np0000172280 devstack@neutron-api.service[103106]: DEBUG neutron.api.extensions [None req-686adf61-8585-452e-8277-a4d0f692ceb0 None None] Extended resource: network-ip-availabilities {{(pid=103106) __init__ /opt/stack/neutron/neutron/api/extensions.py:156}}
May 06 15:06:46.556857 np0000172280 devstack@neutron-api.service[103103]: DEBUG neutron.api.extensions [None req-8748255d-5d90-473b-b759-f5d834147433 None None] Extended resource: security-group-rules {{(pid=103103) __init__ /opt/stack/neutron/neutron/api/extensions.py:156}}
May 06 15:06:46.556884 np0000172280 devstack@neutron-api.service[103105]: DEBUG neutron.api.v2.resource_helper [None req-51b9d420-8938-4fd6-98bb-e7c79ecc9694 None None] Service L3_ROUTER_NAT assigned prefix: {{(pid=103105) build_resource_info /opt/stack/neutron/neutron/api/v2/resource_helper.py:77}}
May 06 15:06:46.556884 np0000172280 devstack@neutron-api.service[103105]: DEBUG neutron.api.v2.resource_helper [None req-51b9d420-8938-4fd6-98bb-e7c79ecc9694 None None] Service L3_ROUTER_NAT assigned prefix: {{(pid=103105) build_resource_info /opt/stack/neutron/neutron/api/v2/resource_helper.py:77}}
May 06 15:06:46.556884 np0000172280 devstack@neutron-api.service[103105]: INFO neutron.quota.resource_registry [None req-51b9d420-8938-4fd6-98bb-e7c79ecc9694 None None] Creating instance of TrackedResource for resource:router
May 06 15:06:46.556954 np0000172280 devstack@neutron-api.service[103106]: DEBUG neutron.api.extensions [None req-686adf61-8585-452e-8277-a4d0f692ceb0 None None] Extended resource: bindings {{(pid=103106) __init__ /opt/stack/neutron/neutron/api/extensions.py:156}}
May 06 15:06:46.556981 np0000172280 devstack@neutron-api.service[103103]: DEBUG neutron.api.extensions [None req-8748255d-5d90-473b-b759-f5d834147433 None None] Extended resource: service-providers {{(pid=103103) __init__ /opt/stack/neutron/neutron/api/extensions.py:156}}
May 06 15:06:46.557008 np0000172280 devstack@neutron-api.service[103105]: INFO neutron.quota.resource_registry [None req-51b9d420-8938-4fd6-98bb-e7c79ecc9694 None None] Creating instance of TrackedResource for resource:floatingip
May 06 15:06:46.557043 np0000172280 devstack@neutron-api.service[103103]: DEBUG neutron.api.extensions [None req-8748255d-5d90-473b-b759-f5d834147433 None None] Extended resource: subnetpools {{(pid=103103) __init__ /opt/stack/neutron/neutron/api/extensions.py:156}}
May 06 15:06:46.557075 np0000172280 devstack@neutron-api.service[103106]: DEBUG neutron.api.extensions [None req-686adf61-8585-452e-8277-a4d0f692ceb0 None None] Extended resource: quotas {{(pid=103106) __init__ /opt/stack/neutron/neutron/api/extensions.py:156}}
May 06 15:06:46.557102 np0000172280 devstack@neutron-api.service[103103]: DEBUG neutron.api.extensions [None req-8748255d-5d90-473b-b759-f5d834147433 None None] Extended resource: tags {{(pid=103103) __init__ /opt/stack/neutron/neutron/api/extensions.py:156}}
May 06 15:06:46.557129 np0000172280 devstack@neutron-api.service[103106]: DEBUG neutron.api.extensions [None req-686adf61-8585-452e-8277-a4d0f692ceb0 None None] Extended resource: quotas {{(pid=103106) __init__ /opt/stack/neutron/neutron/api/extensions.py:156}}
May 06 15:06:46.557157 np0000172280 devstack@neutron-api.service[103105]: INFO neutron.quota.resource_registry [None req-51b9d420-8938-4fd6-98bb-e7c79ecc9694 None None] Creating instance of CountableResource for resource:rbac_policy
May 06 15:06:46.557183 np0000172280 devstack@neutron-api.service[103103]: DEBUG neutron.api.extensions [None req-8748255d-5d90-473b-b759-f5d834147433 None None] Extended resource: tags {{(pid=103103) __init__ /opt/stack/neutron/neutron/api/extensions.py:156}}
May 06 15:06:46.557209 np0000172280 devstack@neutron-api.service[103105]: INFO neutron.quota.resource_registry [None req-51b9d420-8938-4fd6-98bb-e7c79ecc9694 None None] Creating instance of TrackedResource for resource:security_group
May 06 15:06:46.557237 np0000172280 devstack@neutron-api.service[103106]: DEBUG neutron.api.extensions [None req-686adf61-8585-452e-8277-a4d0f692ceb0 None None] Extended resource: rbac-policies {{(pid=103106) __init__ /opt/stack/neutron/neutron/api/extensions.py:156}}
May 06 15:06:46.557268 np0000172280 devstack@neutron-api.service[103105]: INFO neutron.quota.resource_registry [None req-51b9d420-8938-4fd6-98bb-e7c79ecc9694 None None] Creating instance of TrackedResource for resource:security_group_rule
May 06 15:06:46.557295 np0000172280 devstack@neutron-api.service[103106]: DEBUG neutron.api.extensions [None req-686adf61-8585-452e-8277-a4d0f692ceb0 None None] Extended resource: default-security-group-rules {{(pid=103106) __init__ /opt/stack/neutron/neutron/api/extensions.py:156}}
May 06 15:06:46.557353 np0000172280 devstack@neutron-api.service[103105]: WARNING neutron.api.api_common [None req-51b9d420-8938-4fd6-98bb-e7c79ecc9694 None None] The plugin class neutron.db.servicetype_db.ServiceTypeManager should inherit from ``ServicePluginBase`` or ``NeutronDbPluginV2``. This class needs to be refactored. Please report a Launchpad bug in https://bugs.launchpad.net/neutron.
May 06 15:06:46.557383 np0000172280 devstack@neutron-api.service[103103]: DEBUG neutron.api.extensions [None req-8748255d-5d90-473b-b759-f5d834147433 None None] Extended resource: tags {{(pid=103103) __init__ /opt/stack/neutron/neutron/api/extensions.py:156}}
May 06 15:06:46.557410 np0000172280 devstack@neutron-api.service[103105]: DEBUG neutron.api.v2.resource_helper [None req-51b9d420-8938-4fd6-98bb-e7c79ecc9694 None None] Service CORE assigned prefix: {{(pid=103105) build_resource_info /opt/stack/neutron/neutron/api/v2/resource_helper.py:77}}
May 06 15:06:46.557434 np0000172280 devstack@neutron-api.service[103106]: DEBUG neutron.api.extensions [None req-686adf61-8585-452e-8277-a4d0f692ceb0 None None] Extended resource: security-groups {{(pid=103106) __init__ /opt/stack/neutron/neutron/api/extensions.py:156}}
May 06 15:06:46.557461 np0000172280 devstack@neutron-api.service[103105]: INFO neutron.quota.resource_registry [None req-51b9d420-8938-4fd6-98bb-e7c79ecc9694 None None] Creating instance of TrackedResource for resource:subnetpool
May 06 15:06:46.557461 np0000172280 devstack@neutron-api.service[103105]: WARNING neutron.quota.resource_registry [None req-51b9d420-8938-4fd6-98bb-e7c79ecc9694 None None] subnetpool is already registered
May 06 15:06:46.557507 np0000172280 devstack@neutron-api.service[103103]: DEBUG neutron.api.extensions [None req-8748255d-5d90-473b-b759-f5d834147433 None None] Extended resource: tags {{(pid=103103) __init__ /opt/stack/neutron/neutron/api/extensions.py:156}}
May 06 15:06:46.557535 np0000172280 devstack@neutron-api.service[103106]: DEBUG neutron.api.extensions [None req-686adf61-8585-452e-8277-a4d0f692ceb0 None None] Extended resource: security-group-rules {{(pid=103106) __init__ /opt/stack/neutron/neutron/api/extensions.py:156}}
May 06 15:06:46.557589 np0000172280 devstack@neutron-api.service[103105]: WARNING neutron.api.api_common [None req-51b9d420-8938-4fd6-98bb-e7c79ecc9694 None None] The plugin class builtins.NoneType should inherit from ``ServicePluginBase`` or ``NeutronDbPluginV2``. This class needs to be refactored. Please report a Launchpad bug in https://bugs.launchpad.net/neutron.
May 06 15:06:46.557589 np0000172280 devstack@neutron-api.service[103105]: WARNING neutron.api.api_common [None req-51b9d420-8938-4fd6-98bb-e7c79ecc9694 None None] The plugin class builtins.NoneType should inherit from ``ServicePluginBase`` or ``NeutronDbPluginV2``. This class needs to be refactored. Please report a Launchpad bug in https://bugs.launchpad.net/neutron.
May 06 15:06:46.557651 np0000172280 devstack@neutron-api.service[103106]: DEBUG neutron.api.extensions [None req-686adf61-8585-452e-8277-a4d0f692ceb0 None None] Extended resource: service-providers {{(pid=103106) __init__ /opt/stack/neutron/neutron/api/extensions.py:156}}
May 06 15:06:46.557685 np0000172280 devstack@neutron-api.service[103105]: WARNING neutron.api.api_common [None req-51b9d420-8938-4fd6-98bb-e7c79ecc9694 None None] The plugin class builtins.NoneType should inherit from ``ServicePluginBase`` or ``NeutronDbPluginV2``. This class needs to be refactored. Please report a Launchpad bug in https://bugs.launchpad.net/neutron.
May 06 15:06:46.557713 np0000172280 devstack@neutron-api.service[103103]: DEBUG neutron.api.extensions [None req-8748255d-5d90-473b-b759-f5d834147433 None None] Extended resource: tags {{(pid=103103) __init__ /opt/stack/neutron/neutron/api/extensions.py:156}}
May 06 15:06:46.557740 np0000172280 devstack@neutron-api.service[103105]: WARNING neutron.api.api_common [None req-51b9d420-8938-4fd6-98bb-e7c79ecc9694 None None] The plugin class neutron.db.servicetype_db.ServiceTypeManager should inherit from ``ServicePluginBase`` or ``NeutronDbPluginV2``. This class needs to be refactored. Please report a Launchpad bug in https://bugs.launchpad.net/neutron.
May 06 15:06:46.557740 np0000172280 devstack@neutron-api.service[103105]: WARNING neutron.api.api_common [None req-51b9d420-8938-4fd6-98bb-e7c79ecc9694 None None] The plugin class builtins.NoneType should inherit from ``ServicePluginBase`` or ``NeutronDbPluginV2``. This class needs to be refactored. Please report a Launchpad bug in https://bugs.launchpad.net/neutron.
May 06 15:06:46.557740 np0000172280 devstack@neutron-api.service[103105]: WARNING neutron.api.api_common [None req-51b9d420-8938-4fd6-98bb-e7c79ecc9694 None None] The plugin class builtins.NoneType should inherit from ``ServicePluginBase`` or ``NeutronDbPluginV2``. This class needs to be refactored. Please report a Launchpad bug in https://bugs.launchpad.net/neutron.
May 06 15:06:46.557813 np0000172280 devstack@neutron-api.service[103106]: DEBUG neutron.api.extensions [None req-686adf61-8585-452e-8277-a4d0f692ceb0 None None] Extended resource: subnetpools {{(pid=103106) __init__ /opt/stack/neutron/neutron/api/extensions.py:156}}
May 06 15:06:46.557841 np0000172280 devstack@neutron-api.service[103105]: WARNING neutron.api.api_common [None req-51b9d420-8938-4fd6-98bb-e7c79ecc9694 None None] The plugin class builtins.NoneType should inherit from ``ServicePluginBase`` or ``NeutronDbPluginV2``. This class needs to be refactored. Please report a Launchpad bug in https://bugs.launchpad.net/neutron.
May 06 15:06:46.557841 np0000172280 devstack@neutron-api.service[103105]: WARNING neutron.api.api_common [None req-51b9d420-8938-4fd6-98bb-e7c79ecc9694 None None] The plugin class builtins.NoneType should inherit from ``ServicePluginBase`` or ``NeutronDbPluginV2``. This class needs to be refactored. Please report a Launchpad bug in https://bugs.launchpad.net/neutron.
May 06 15:06:46.557841 np0000172280 devstack@neutron-api.service[103105]: WARNING neutron.api.api_common [None req-51b9d420-8938-4fd6-98bb-e7c79ecc9694 None None] The plugin class builtins.NoneType should inherit from ``ServicePluginBase`` or ``NeutronDbPluginV2``. This class needs to be refactored. Please report a Launchpad bug in https://bugs.launchpad.net/neutron.
May 06 15:06:46.557841 np0000172280 devstack@neutron-api.service[103105]: WARNING neutron.api.api_common [None req-51b9d420-8938-4fd6-98bb-e7c79ecc9694 None None] The plugin class builtins.NoneType should inherit from ``ServicePluginBase`` or ``NeutronDbPluginV2``. This class needs to be refactored. Please report a Launchpad bug in https://bugs.launchpad.net/neutron.
May 06 15:06:46.557841 np0000172280 devstack@neutron-api.service[103105]: WARNING neutron.api.api_common [None req-51b9d420-8938-4fd6-98bb-e7c79ecc9694 None None] The plugin class builtins.NoneType should inherit from ``ServicePluginBase`` or ``NeutronDbPluginV2``. This class needs to be refactored. Please report a Launchpad bug in https://bugs.launchpad.net/neutron.
May 06 15:06:46.557841 np0000172280 devstack@neutron-api.service[103105]: WARNING neutron.api.api_common [None req-51b9d420-8938-4fd6-98bb-e7c79ecc9694 None None] The plugin class builtins.NoneType should inherit from ``ServicePluginBase`` or ``NeutronDbPluginV2``. This class needs to be refactored. Please report a Launchpad bug in https://bugs.launchpad.net/neutron.
May 06 15:06:46.557986 np0000172280 devstack@neutron-api.service[103103]: DEBUG neutron.api.extensions [None req-8748255d-5d90-473b-b759-f5d834147433 None None] Extended resource: tags {{(pid=103103) __init__ /opt/stack/neutron/neutron/api/extensions.py:156}}
May 06 15:06:46.558013 np0000172280 devstack@neutron-api.service[103106]: DEBUG neutron.api.extensions [None req-686adf61-8585-452e-8277-a4d0f692ceb0 None None] Extended resource: tags {{(pid=103106) __init__ /opt/stack/neutron/neutron/api/extensions.py:156}}
May 06 15:06:46.558040 np0000172280 devstack@neutron-api.service[103105]: WARNING neutron.api.api_common [None req-51b9d420-8938-4fd6-98bb-e7c79ecc9694 None None] The plugin class builtins.NoneType should inherit from ``ServicePluginBase`` or ``NeutronDbPluginV2``. This class needs to be refactored. Please report a Launchpad bug in https://bugs.launchpad.net/neutron.
May 06 15:06:46.558040 np0000172280 devstack@neutron-api.service[103105]: WARNING neutron.api.api_common [None req-51b9d420-8938-4fd6-98bb-e7c79ecc9694 None None] The plugin class builtins.NoneType should inherit from ``ServicePluginBase`` or ``NeutronDbPluginV2``. This class needs to be refactored. Please report a Launchpad bug in https://bugs.launchpad.net/neutron.
May 06 15:06:46.558088 np0000172280 devstack@neutron-api.service[103103]: DEBUG neutron.api.extensions [None req-8748255d-5d90-473b-b759-f5d834147433 None None] Extended resource: tags {{(pid=103103) __init__ /opt/stack/neutron/neutron/api/extensions.py:156}}
May 06 15:06:46.558114 np0000172280 devstack@neutron-api.service[103106]: DEBUG neutron.api.extensions [None req-686adf61-8585-452e-8277-a4d0f692ceb0 None None] Extended resource: tags {{(pid=103106) __init__ /opt/stack/neutron/neutron/api/extensions.py:156}}
May 06 15:06:46.558114 np0000172280 devstack@neutron-api.service[103106]: DEBUG neutron.api.extensions [None req-686adf61-8585-452e-8277-a4d0f692ceb0 None None] Extended resource: tags {{(pid=103106) __init__ /opt/stack/neutron/neutron/api/extensions.py:156}}
May 06 15:06:46.558161 np0000172280 devstack@neutron-api.service[103103]: DEBUG neutron.api.extensions [None req-8748255d-5d90-473b-b759-f5d834147433 None None] Extended resource: tags {{(pid=103103) __init__ /opt/stack/neutron/neutron/api/extensions.py:156}}
May 06 15:06:46.558188 np0000172280 devstack@neutron-api.service[103106]: DEBUG neutron.api.extensions [None req-686adf61-8585-452e-8277-a4d0f692ceb0 None None] Extended resource: tags {{(pid=103106) __init__ /opt/stack/neutron/neutron/api/extensions.py:156}}
May 06 15:06:46.558220 np0000172280 devstack@neutron-api.service[103105]: DEBUG neutron.api.v2.resource_helper [None req-51b9d420-8938-4fd6-98bb-e7c79ecc9694 None None] Service L3_ROUTER_NAT assigned prefix: {{(pid=103105) build_resource_info /opt/stack/neutron/neutron/api/v2/resource_helper.py:77}}
May 06 15:06:46.558247 np0000172280 devstack@neutron-api.service[103103]: DEBUG neutron.api.extensions [None req-8748255d-5d90-473b-b759-f5d834147433 None None] Extended resource: tags {{(pid=103103) __init__ /opt/stack/neutron/neutron/api/extensions.py:156}}
May 06 15:06:46.558274 np0000172280 devstack@neutron-api.service[103105]: DEBUG neutron.api.v2.resource_helper [None req-51b9d420-8938-4fd6-98bb-e7c79ecc9694 None None] Service FLAVORS assigned prefix: {{(pid=103105) build_resource_info /opt/stack/neutron/neutron/api/v2/resource_helper.py:77}}
May 06 15:06:46.558315 np0000172280 devstack@neutron-api.service[103106]: DEBUG neutron.api.extensions [None req-686adf61-8585-452e-8277-a4d0f692ceb0 None None] Extended resource: tags {{(pid=103106) __init__ /opt/stack/neutron/neutron/api/extensions.py:156}}
May 06 15:06:46.558358 np0000172280 devstack@neutron-api.service[103103]: DEBUG neutron.api.extensions [None req-8748255d-5d90-473b-b759-f5d834147433 None None] Extended resource: tags {{(pid=103103) __init__ /opt/stack/neutron/neutron/api/extensions.py:156}}
May 06 15:06:46.558385 np0000172280 devstack@neutron-api.service[103105]: DEBUG neutron.api.v2.resource_helper [None req-51b9d420-8938-4fd6-98bb-e7c79ecc9694 None None] Service L3_ROUTER_NAT assigned prefix: {{(pid=103105) build_resource_info /opt/stack/neutron/neutron/api/v2/resource_helper.py:77}}
May 06 15:06:46.558412 np0000172280 devstack@neutron-api.service[103106]: DEBUG neutron.api.extensions [None req-686adf61-8585-452e-8277-a4d0f692ceb0 None None] Extended resource: tags {{(pid=103106) __init__ /opt/stack/neutron/neutron/api/extensions.py:156}}
May 06 15:06:46.558439 np0000172280 devstack@neutron-api.service[103105]: DEBUG neutron.api.v2.resource_helper [None req-51b9d420-8938-4fd6-98bb-e7c79ecc9694 None None] Service L3_ROUTER_NAT assigned prefix: {{(pid=103105) build_resource_info /opt/stack/neutron/neutron/api/v2/resource_helper.py:77}}
May 06 15:06:46.558439 np0000172280 devstack@neutron-api.service[103105]: INFO neutron.quota.resource_registry [None req-51b9d420-8938-4fd6-98bb-e7c79ecc9694 None None] Creating instance of TrackedResource for resource:router
May 06 15:06:46.558439 np0000172280 devstack@neutron-api.service[103105]: WARNING neutron.quota.resource_registry [None req-51b9d420-8938-4fd6-98bb-e7c79ecc9694 None None] router is already registered
May 06 15:06:46.558439 np0000172280 devstack@neutron-api.service[103105]: INFO neutron.quota.resource_registry [None req-51b9d420-8938-4fd6-98bb-e7c79ecc9694 None None] Creating instance of TrackedResource for resource:floatingip
May 06 15:06:46.558439 np0000172280 devstack@neutron-api.service[103105]: WARNING neutron.quota.resource_registry [None req-51b9d420-8938-4fd6-98bb-e7c79ecc9694 None None] floatingip is already registered
May 06 15:06:46.558554 np0000172280 devstack@neutron-api.service[103106]: DEBUG neutron.api.extensions [None req-686adf61-8585-452e-8277-a4d0f692ceb0 None None] Extended resource: tags {{(pid=103106) __init__ /opt/stack/neutron/neutron/api/extensions.py:156}}
May 06 15:06:46.558554 np0000172280 devstack@neutron-api.service[103106]: DEBUG neutron.api.extensions [None req-686adf61-8585-452e-8277-a4d0f692ceb0 None None] Extended resource: tags {{(pid=103106) __init__ /opt/stack/neutron/neutron/api/extensions.py:156}}
May 06 15:06:46.558652 np0000172280 devstack@neutron-api.service[103105]: INFO neutron.quota.resource_registry [None req-51b9d420-8938-4fd6-98bb-e7c79ecc9694 None None] Creating instance of CountableResource for resource:rbac_policy
May 06 15:06:46.558652 np0000172280 devstack@neutron-api.service[103105]: WARNING neutron.quota.resource_registry [None req-51b9d420-8938-4fd6-98bb-e7c79ecc9694 None None] rbac_policy is already registered
May 06 15:06:46.558652 np0000172280 devstack@neutron-api.service[103105]: INFO neutron.quota.resource_registry [None req-51b9d420-8938-4fd6-98bb-e7c79ecc9694 None None] Creating instance of TrackedResource for resource:security_group
May 06 15:06:46.558725 np0000172280 devstack@neutron-api.service[103106]: DEBUG neutron.api.extensions [None req-686adf61-8585-452e-8277-a4d0f692ceb0 None None] Extended resource: tags {{(pid=103106) __init__ /opt/stack/neutron/neutron/api/extensions.py:156}}
May 06 15:06:46.558753 np0000172280 devstack@neutron-api.service[103103]: WARNING keystonemiddleware.auth_token [None req-8748255d-5d90-473b-b759-f5d834147433 None None] AuthToken middleware is set with keystone_authtoken.service_token_roles_required set to False. This is backwards compatible but deprecated behaviour. Please set this to True.
May 06 15:06:46.558791 np0000172280 devstack@neutron-api.service[103105]: WARNING neutron.quota.resource_registry [None req-51b9d420-8938-4fd6-98bb-e7c79ecc9694 None None] security_group is already registered
May 06 15:06:46.558791 np0000172280 devstack@neutron-api.service[103105]: INFO neutron.quota.resource_registry [None req-51b9d420-8938-4fd6-98bb-e7c79ecc9694 None None] Creating instance of TrackedResource for resource:security_group_rule
May 06 15:06:46.558791 np0000172280 devstack@neutron-api.service[103105]: WARNING neutron.quota.resource_registry [None req-51b9d420-8938-4fd6-98bb-e7c79ecc9694 None None] security_group_rule is already registered
May 06 15:06:46.558868 np0000172280 devstack@neutron-api.service[103106]: DEBUG neutron.api.extensions [None req-686adf61-8585-452e-8277-a4d0f692ceb0 None None] Extended resource: tags {{(pid=103106) __init__ /opt/stack/neutron/neutron/api/extensions.py:156}}
May 06 15:06:46.558896 np0000172280 devstack@neutron-api.service[103105]: WARNING neutron.api.api_common [None req-51b9d420-8938-4fd6-98bb-e7c79ecc9694 None None] The plugin class neutron.db.servicetype_db.ServiceTypeManager should inherit from ``ServicePluginBase`` or ``NeutronDbPluginV2``. This class needs to be refactored. Please report a Launchpad bug in https://bugs.launchpad.net/neutron.
May 06 15:06:46.558896 np0000172280 devstack@neutron-api.service[103105]: DEBUG neutron.api.v2.resource_helper [None req-51b9d420-8938-4fd6-98bb-e7c79ecc9694 None None] Service CORE assigned prefix: {{(pid=103105) build_resource_info /opt/stack/neutron/neutron/api/v2/resource_helper.py:77}}
May 06 15:06:46.558896 np0000172280 devstack@neutron-api.service[103105]: INFO neutron.quota.resource_registry [None req-51b9d420-8938-4fd6-98bb-e7c79ecc9694 None None] Creating instance of TrackedResource for resource:subnetpool
May 06 15:06:46.558896 np0000172280 devstack@neutron-api.service[103105]: WARNING neutron.quota.resource_registry [None req-51b9d420-8938-4fd6-98bb-e7c79ecc9694 None None] subnetpool is already registered
May 06 15:06:46.558896 np0000172280 devstack@neutron-api.service[103105]: DEBUG neutron.api.extensions [None req-51b9d420-8938-4fd6-98bb-e7c79ecc9694 None None] Extended resource: extensions {{(pid=103105) __init__ /opt/stack/neutron/neutron/api/extensions.py:156}}
May 06 15:06:46.558896 np0000172280 devstack@neutron-api.service[103105]: DEBUG neutron.api.extensions [None req-51b9d420-8938-4fd6-98bb-e7c79ecc9694 None None] Extended resource: address-groups {{(pid=103105) __init__ /opt/stack/neutron/neutron/api/extensions.py:156}}
May 06 15:06:46.558896 np0000172280 devstack@neutron-api.service[103105]: DEBUG neutron.api.extensions [None req-51b9d420-8938-4fd6-98bb-e7c79ecc9694 None None] Extended resource: address-scopes {{(pid=103105) __init__ /opt/stack/neutron/neutron/api/extensions.py:156}}
May 06 15:06:46.558896 np0000172280 devstack@neutron-api.service[103105]: DEBUG neutron.api.extensions [None req-51b9d420-8938-4fd6-98bb-e7c79ecc9694 None None] Extended resource: agents {{(pid=103105) __init__ /opt/stack/neutron/neutron/api/extensions.py:156}}
May 06 15:06:46.559087 np0000172280 devstack@neutron-api.service[103106]: WARNING keystonemiddleware.auth_token [None req-686adf61-8585-452e-8277-a4d0f692ceb0 None None] AuthToken middleware is set with keystone_authtoken.service_token_roles_required set to False. This is backwards compatible but deprecated behaviour. Please set this to True.
May 06 15:06:46.559121 np0000172280 devstack@neutron-api.service[103105]: DEBUG neutron.api.extensions [None req-51b9d420-8938-4fd6-98bb-e7c79ecc9694 None None] Extended resource: auto-allocated-topology {{(pid=103105) __init__ /opt/stack/neutron/neutron/api/extensions.py:156}}
May 06 15:06:46.559121 np0000172280 devstack@neutron-api.service[103105]: DEBUG neutron.api.extensions [None req-51b9d420-8938-4fd6-98bb-e7c79ecc9694 None None] Extended resource: availability_zones {{(pid=103105) __init__ /opt/stack/neutron/neutron/api/extensions.py:156}}
May 06 15:06:46.559121 np0000172280 devstack@neutron-api.service[103105]: DEBUG neutron.api.extensions [None req-51b9d420-8938-4fd6-98bb-e7c79ecc9694 None None] Extended resource: dhcp-networks {{(pid=103105) __init__ /opt/stack/neutron/neutron/api/extensions.py:156}}
May 06 15:06:46.559121 np0000172280 devstack@neutron-api.service[103105]: DEBUG neutron.api.extensions [None req-51b9d420-8938-4fd6-98bb-e7c79ecc9694 None None] Extended resource: dhcp-agents {{(pid=103105) __init__ /opt/stack/neutron/neutron/api/extensions.py:156}}
May 06 15:06:46.559121 np0000172280 devstack@neutron-api.service[103105]: DEBUG neutron.api.extensions [None req-51b9d420-8938-4fd6-98bb-e7c79ecc9694 None None] Extended resource: routers {{(pid=103105) __init__ /opt/stack/neutron/neutron/api/extensions.py:156}}
May 06 15:06:46.559241 np0000172280 devstack@neutron-api.service[103103]: DEBUG neutron_lib.callbacks.manager [None req-8748255d-5d90-473b-b759-f5d834147433 None None] Publish callbacks ['neutron.plugins.ml2.drivers.ovn.mech_driver.mech_driver.OVNMechanismDriver.pre_fork_initialize-223888'] for process (None), before_spawn {{(pid=103103) _notify_loop /opt/stack/data/venv/lib/python3.12/site-packages/neutron_lib/callbacks/manager.py:184}}
May 06 15:06:46.559241 np0000172280 devstack@neutron-api.service[103103]: DEBUG oslo_concurrency.processutils [None req-8748255d-5d90-473b-b759-f5d834147433 None None] Running cmd (subprocess): ovsdb-client transact ssl:199.204.45.227:6641 --timeout 180 -p /opt/stack/data/CA/int-ca/private/devstack-cert.key -c /opt/stack/data/CA/int-ca/devstack-cert.crt -C /opt/stack/data/CA/int-ca/ca-chain.pem ["OVN_Northbound", {"op": "wait", "timeout": 0, "table": "Port_Group", "where": [["name", "==", "neutron_pg_drop"]], "until": "==", "rows": []}, {"op": "insert", "table": "ACL", "row": {"action": "drop", "direction": "to-lport", "match": "outport == @neutron_pg_drop && ip", "priority": 1001}, "uuid-name": "droptoport"}, {"op": "insert", "table": "ACL", "row": {"action": "drop", "direction": "from-lport", "match": "inport == @neutron_pg_drop && ip", "priority": 1001}, "uuid-name": "dropfromport"}, {"op": "insert", "table": "Port_Group", "row": {"name": "neutron_pg_drop", "acls": ["set", [["named-uuid", "droptoport"], ["named-uuid", "dropfromport"]]]}}] {{(pid=103103) execute /opt/stack/data/venv/lib/python3.12/site-packages/oslo_concurrency/processutils.py:440}}
May 06 15:06:46.559357 np0000172280 devstack@neutron-api.service[103105]: DEBUG neutron.api.extensions [None req-51b9d420-8938-4fd6-98bb-e7c79ecc9694 None None] Extended resource: flavors {{(pid=103105) __init__ /opt/stack/neutron/neutron/api/extensions.py:156}}
May 06 15:06:46.559357 np0000172280 devstack@neutron-api.service[103105]: DEBUG neutron.api.extensions [None req-51b9d420-8938-4fd6-98bb-e7c79ecc9694 None None] Extended resource: service_profiles {{(pid=103105) __init__ /opt/stack/neutron/neutron/api/extensions.py:156}}
May 06 15:06:46.559357 np0000172280 devstack@neutron-api.service[103105]: DEBUG neutron.api.extensions [None req-51b9d420-8938-4fd6-98bb-e7c79ecc9694 None None] Extended resource: next_providers {{(pid=103105) __init__ /opt/stack/neutron/neutron/api/extensions.py:156}}
May 06 15:06:46.559357 np0000172280 devstack@neutron-api.service[103105]: DEBUG neutron.api.extensions [None req-51b9d420-8938-4fd6-98bb-e7c79ecc9694 None None] Extended resource: service_profiles {{(pid=103105) __init__ /opt/stack/neutron/neutron/api/extensions.py:156}}
May 06 15:06:46.559357 np0000172280 devstack@neutron-api.service[103105]: DEBUG neutron.api.extensions [None req-51b9d420-8938-4fd6-98bb-e7c79ecc9694 None None] Extended resource: floatingip-pools {{(pid=103105) __init__ /opt/stack/neutron/neutron/api/extensions.py:156}}
May 06 15:06:46.559357 np0000172280 devstack@neutron-api.service[103105]: DEBUG neutron.api.extensions [None req-51b9d420-8938-4fd6-98bb-e7c79ecc9694 None None] Extended resource: routers {{(pid=103105) __init__ /opt/stack/neutron/neutron/api/extensions.py:156}}
May 06 15:06:46.559553 np0000172280 devstack@neutron-api.service[103106]: DEBUG neutron_lib.callbacks.manager [None req-686adf61-8585-452e-8277-a4d0f692ceb0 None None] Publish callbacks ['neutron.plugins.ml2.drivers.ovn.mech_driver.mech_driver.OVNMechanismDriver.pre_fork_initialize-205863'] for process (None), before_spawn {{(pid=103106) _notify_loop /opt/stack/data/venv/lib/python3.12/site-packages/neutron_lib/callbacks/manager.py:184}}
May 06 15:06:46.559553 np0000172280 devstack@neutron-api.service[103106]: DEBUG oslo_concurrency.processutils [None req-686adf61-8585-452e-8277-a4d0f692ceb0 None None] Running cmd (subprocess): ovsdb-client transact ssl:199.204.45.227:6641 --timeout 180 -p /opt/stack/data/CA/int-ca/private/devstack-cert.key -c /opt/stack/data/CA/int-ca/devstack-cert.crt -C /opt/stack/data/CA/int-ca/ca-chain.pem ["OVN_Northbound", {"op": "wait", "timeout": 0, "table": "Port_Group", "where": [["name", "==", "neutron_pg_drop"]], "until": "==", "rows": []}, {"op": "insert", "table": "ACL", "row": {"action": "drop", "direction": "to-lport", "match": "outport == @neutron_pg_drop && ip", "priority": 1001}, "uuid-name": "droptoport"}, {"op": "insert", "table": "ACL", "row": {"action": "drop", "direction": "from-lport", "match": "inport == @neutron_pg_drop && ip", "priority": 1001}, "uuid-name": "dropfromport"}, {"op": "insert", "table": "Port_Group", "row": {"name": "neutron_pg_drop", "acls": ["set", [["named-uuid", "droptoport"], ["named-uuid", "dropfromport"]]]}}] {{(pid=103106) execute /opt/stack/data/venv/lib/python3.12/site-packages/oslo_concurrency/processutils.py:440}}
May 06 15:06:46.559636 np0000172280 devstack@neutron-api.service[103105]: DEBUG neutron.api.extensions [None req-51b9d420-8938-4fd6-98bb-e7c79ecc9694 None None] Extended resource: floatingips {{(pid=103105) __init__ /opt/stack/neutron/neutron/api/extensions.py:156}}
May 06 15:06:46.559636 np0000172280 devstack@neutron-api.service[103105]: DEBUG neutron.api.extensions [None req-51b9d420-8938-4fd6-98bb-e7c79ecc9694 None None] Extended resource: network-ip-availabilities {{(pid=103105) __init__ /opt/stack/neutron/neutron/api/extensions.py:156}}
May 06 15:06:46.559636 np0000172280 devstack@neutron-api.service[103105]: DEBUG neutron.api.extensions [None req-51b9d420-8938-4fd6-98bb-e7c79ecc9694 None None] Extended resource: network-ip-availabilities {{(pid=103105) __init__ /opt/stack/neutron/neutron/api/extensions.py:156}}
May 06 15:06:46.559636 np0000172280 devstack@neutron-api.service[103105]: DEBUG neutron.api.extensions [None req-51b9d420-8938-4fd6-98bb-e7c79ecc9694 None None] Extended resource: bindings {{(pid=103105) __init__ /opt/stack/neutron/neutron/api/extensions.py:156}}
May 06 15:06:46.559636 np0000172280 devstack@neutron-api.service[103105]: DEBUG neutron.api.extensions [None req-51b9d420-8938-4fd6-98bb-e7c79ecc9694 None None] Extended resource: quotas {{(pid=103105) __init__ /opt/stack/neutron/neutron/api/extensions.py:156}}
May 06 15:06:46.559636 np0000172280 devstack@neutron-api.service[103105]: DEBUG neutron.api.extensions [None req-51b9d420-8938-4fd6-98bb-e7c79ecc9694 None None] Extended resource: quotas {{(pid=103105) __init__ /opt/stack/neutron/neutron/api/extensions.py:156}}
May 06 15:06:46.559636 np0000172280 devstack@neutron-api.service[103105]: DEBUG neutron.api.extensions [None req-51b9d420-8938-4fd6-98bb-e7c79ecc9694 None None] Extended resource: rbac-policies {{(pid=103105) __init__ /opt/stack/neutron/neutron/api/extensions.py:156}}
May 06 15:06:46.559636 np0000172280 devstack@neutron-api.service[103105]: DEBUG neutron.api.extensions [None req-51b9d420-8938-4fd6-98bb-e7c79ecc9694 None None] Extended resource: default-security-group-rules {{(pid=103105) __init__ /opt/stack/neutron/neutron/api/extensions.py:156}}
May 06 15:06:46.560152 np0000172280 devstack@neutron-api.service[103105]: DEBUG neutron.api.extensions [None req-51b9d420-8938-4fd6-98bb-e7c79ecc9694 None None] Extended resource: security-groups {{(pid=103105) __init__ /opt/stack/neutron/neutron/api/extensions.py:156}}
May 06 15:06:46.560152 np0000172280 devstack@neutron-api.service[103105]: DEBUG neutron.api.extensions [None req-51b9d420-8938-4fd6-98bb-e7c79ecc9694 None None] Extended resource: security-group-rules {{(pid=103105) __init__ /opt/stack/neutron/neutron/api/extensions.py:156}}
May 06 15:06:46.560152 np0000172280 devstack@neutron-api.service[103105]: DEBUG neutron.api.extensions [None req-51b9d420-8938-4fd6-98bb-e7c79ecc9694 None None] Extended resource: service-providers {{(pid=103105) __init__ /opt/stack/neutron/neutron/api/extensions.py:156}}
May 06 15:06:46.560152 np0000172280 devstack@neutron-api.service[103105]: DEBUG neutron.api.extensions [None req-51b9d420-8938-4fd6-98bb-e7c79ecc9694 None None] Extended resource: subnetpools {{(pid=103105) __init__ /opt/stack/neutron/neutron/api/extensions.py:156}}
May 06 15:06:46.560152 np0000172280 devstack@neutron-api.service[103105]: DEBUG neutron.api.extensions [None req-51b9d420-8938-4fd6-98bb-e7c79ecc9694 None None] Extended resource: tags {{(pid=103105) __init__ /opt/stack/neutron/neutron/api/extensions.py:156}}
May 06 15:06:46.560152 np0000172280 devstack@neutron-api.service[103105]: DEBUG neutron.api.extensions [None req-51b9d420-8938-4fd6-98bb-e7c79ecc9694 None None] Extended resource: tags {{(pid=103105) __init__ /opt/stack/neutron/neutron/api/extensions.py:156}}
May 06 15:06:46.560152 np0000172280 devstack@neutron-api.service[103105]: DEBUG neutron.api.extensions [None req-51b9d420-8938-4fd6-98bb-e7c79ecc9694 None None] Extended resource: tags {{(pid=103105) __init__ /opt/stack/neutron/neutron/api/extensions.py:156}}
May 06 15:06:46.560152 np0000172280 devstack@neutron-api.service[103105]: DEBUG neutron.api.extensions [None req-51b9d420-8938-4fd6-98bb-e7c79ecc9694 None None] Extended resource: tags {{(pid=103105) __init__ /opt/stack/neutron/neutron/api/extensions.py:156}}
May 06 15:06:46.560378 np0000172280 devstack@neutron-api.service[103105]: DEBUG neutron.api.extensions [None req-51b9d420-8938-4fd6-98bb-e7c79ecc9694 None None] Extended resource: tags {{(pid=103105) __init__ /opt/stack/neutron/neutron/api/extensions.py:156}}
May 06 15:06:46.560378 np0000172280 devstack@neutron-api.service[103105]: DEBUG neutron.api.extensions [None req-51b9d420-8938-4fd6-98bb-e7c79ecc9694 None None] Extended resource: tags {{(pid=103105) __init__ /opt/stack/neutron/neutron/api/extensions.py:156}}
May 06 15:06:46.560378 np0000172280 devstack@neutron-api.service[103105]: DEBUG neutron.api.extensions [None req-51b9d420-8938-4fd6-98bb-e7c79ecc9694 None None] Extended resource: tags {{(pid=103105) __init__ /opt/stack/neutron/neutron/api/extensions.py:156}}
May 06 15:06:46.582822 np0000172280 devstack@neutron-api.service[103103]: DEBUG oslo_concurrency.processutils [None req-8748255d-5d90-473b-b759-f5d834147433 None None] CMD "ovsdb-client transact ssl:199.204.45.227:6641 --timeout 180 -p /opt/stack/data/CA/int-ca/private/devstack-cert.key -c /opt/stack/data/CA/int-ca/devstack-cert.crt -C /opt/stack/data/CA/int-ca/ca-chain.pem ["OVN_Northbound", {"op": "wait", "timeout": 0, "table": "Port_Group", "where": [["name", "==", "neutron_pg_drop"]], "until": "==", "rows": []}, {"op": "insert", "table": "ACL", "row": {"action": "drop", "direction": "to-lport", "match": "outport == @neutron_pg_drop && ip", "priority": 1001}, "uuid-name": "droptoport"}, {"op": "insert", "table": "ACL", "row": {"action": "drop", "direction": "from-lport", "match": "inport == @neutron_pg_drop && ip", "priority": 1001}, "uuid-name": "dropfromport"}, {"op": "insert", "table": "Port_Group", "row": {"name": "neutron_pg_drop", "acls": ["set", [["named-uuid", "droptoport"], ["named-uuid", "dropfromport"]]]}}]" returned: 0 in 0.043s {{(pid=103103) execute /opt/stack/data/venv/lib/python3.12/site-packages/oslo_concurrency/processutils.py:468}}
May 06 15:06:46.583363 np0000172280 devstack@neutron-api.service[103103]: DEBUG neutron_lib.callbacks.manager [None req-8748255d-5d90-473b-b759-f5d834147433 None None] Publish callbacks ['neutron.plugins.ml2.drivers.ovn.mech_driver.mech_driver.OVNMechanismDriver.post_fork_initialize-223928', 'neutron.services.ovn_l3.plugin.OVNL3RouterPlugin._post_fork_initialize-993250'] for process (None), after_init {{(pid=103103) _notify_loop /opt/stack/data/venv/lib/python3.12/site-packages/neutron_lib/callbacks/manager.py:184}}
May 06 15:06:46.583985 np0000172280 devstack@neutron-api.service[103103]: DEBUG oslo_concurrency.lockutils [None req-8748255d-5d90-473b-b759-f5d834147433 None None] Acquiring lock "singleton_lock" {{(pid=103103) lock /opt/stack/data/venv/lib/python3.12/site-packages/oslo_concurrency/lockutils.py:390}}
May 06 15:06:46.584207 np0000172280 devstack@neutron-api.service[103103]: DEBUG oslo_concurrency.lockutils [None req-8748255d-5d90-473b-b759-f5d834147433 None None] Acquired lock "singleton_lock" {{(pid=103103) lock /opt/stack/data/venv/lib/python3.12/site-packages/oslo_concurrency/lockutils.py:393}}
May 06 15:06:46.584711 np0000172280 devstack@neutron-api.service[103103]: DEBUG oslo_concurrency.lockutils [None req-8748255d-5d90-473b-b759-f5d834147433 None None] Releasing lock "singleton_lock" {{(pid=103103) lock /opt/stack/data/venv/lib/python3.12/site-packages/oslo_concurrency/lockutils.py:413}}
May 06 15:06:46.587498 np0000172280 devstack@neutron-api.service[103103]: DEBUG neutron.plugins.ml2.drivers.ovn.mech_driver.mech_driver [None req-8748255d-5d90-473b-b759-f5d834147433 None None] Hash Ring setup using WSGI start time 2026-05-06 15:06:40+00:00 {{(pid=103103) _init_hash_ring /opt/stack/neutron/neutron/plugins/ml2/drivers/ovn/mech_driver/mech_driver.py:402}}
May 06 15:06:46.590318 np0000172280 devstack@neutron-api.service[103106]: DEBUG oslo_concurrency.processutils [None req-686adf61-8585-452e-8277-a4d0f692ceb0 None None] CMD "ovsdb-client transact ssl:199.204.45.227:6641 --timeout 180 -p /opt/stack/data/CA/int-ca/private/devstack-cert.key -c /opt/stack/data/CA/int-ca/devstack-cert.crt -C /opt/stack/data/CA/int-ca/ca-chain.pem ["OVN_Northbound", {"op": "wait", "timeout": 0, "table": "Port_Group", "where": [["name", "==", "neutron_pg_drop"]], "until": "==", "rows": []}, {"op": "insert", "table": "ACL", "row": {"action": "drop", "direction": "to-lport", "match": "outport == @neutron_pg_drop && ip", "priority": 1001}, "uuid-name": "droptoport"}, {"op": "insert", "table": "ACL", "row": {"action": "drop", "direction": "from-lport", "match": "inport == @neutron_pg_drop && ip", "priority": 1001}, "uuid-name": "dropfromport"}, {"op": "insert", "table": "Port_Group", "row": {"name": "neutron_pg_drop", "acls": ["set", [["named-uuid", "droptoport"], ["named-uuid", "dropfromport"]]]}}]" returned: 0 in 0.046s {{(pid=103106) execute /opt/stack/data/venv/lib/python3.12/site-packages/oslo_concurrency/processutils.py:468}}
May 06 15:06:46.591051 np0000172280 devstack@neutron-api.service[103106]: DEBUG neutron_lib.callbacks.manager [None req-686adf61-8585-452e-8277-a4d0f692ceb0 None None] Publish callbacks ['neutron.plugins.ml2.drivers.ovn.mech_driver.mech_driver.OVNMechanismDriver.post_fork_initialize-205855', 'neutron.services.ovn_l3.plugin.OVNL3RouterPlugin._post_fork_initialize-27117'] for process (None), after_init {{(pid=103106) _notify_loop /opt/stack/data/venv/lib/python3.12/site-packages/neutron_lib/callbacks/manager.py:184}}
May 06 15:06:46.591752 np0000172280 devstack@neutron-api.service[103106]: DEBUG oslo_concurrency.lockutils [None req-686adf61-8585-452e-8277-a4d0f692ceb0 None None] Acquiring lock "singleton_lock" {{(pid=103106) lock /opt/stack/data/venv/lib/python3.12/site-packages/oslo_concurrency/lockutils.py:390}}
May 06 15:06:46.591968 np0000172280 devstack@neutron-api.service[103106]: DEBUG oslo_concurrency.lockutils [None req-686adf61-8585-452e-8277-a4d0f692ceb0 None None] Acquired lock "singleton_lock" {{(pid=103106) lock /opt/stack/data/venv/lib/python3.12/site-packages/oslo_concurrency/lockutils.py:393}}
May 06 15:06:46.592637 np0000172280 devstack@neutron-api.service[103106]: DEBUG oslo_concurrency.lockutils [None req-686adf61-8585-452e-8277-a4d0f692ceb0 None None] Releasing lock "singleton_lock" {{(pid=103106) lock /opt/stack/data/venv/lib/python3.12/site-packages/oslo_concurrency/lockutils.py:413}}
May 06 15:06:46.594821 np0000172280 devstack@neutron-api.service[103103]: INFO neutron.db.ovn_hash_ring_db [None req-8748255d-5d90-473b-b759-f5d834147433 None None] Nodes from host "np0000172280" and group "mechanism_driver" removed from the Hash Ring created at 2026-05-06 15:06:40+00:00
May 06 15:06:46.596105 np0000172280 devstack@neutron-api.service[103106]: DEBUG neutron.plugins.ml2.drivers.ovn.mech_driver.mech_driver [None req-686adf61-8585-452e-8277-a4d0f692ceb0 None None] Hash Ring setup using WSGI start time 2026-05-06 15:06:40+00:00 {{(pid=103106) _init_hash_ring /opt/stack/neutron/neutron/plugins/ml2/drivers/ovn/mech_driver/mech_driver.py:402}}
May 06 15:06:46.599605 np0000172280 devstack@neutron-api.service[103103]: INFO neutron.db.ovn_hash_ring_db [None req-8748255d-5d90-473b-b759-f5d834147433 None None] Node d506189ce08358698868cfa276afbe97 from host "np0000172280" and group "mechanism_driver" added to the Hash Ring
May 06 15:06:46.603750 np0000172280 devstack@neutron-api.service[103103]: DEBUG neutron.plugins.ml2.drivers.ovn.mech_driver.mech_driver [None req-8748255d-5d90-473b-b759-f5d834147433 None None] Hash Ring setup, this worker has detected 2 OVN hash ring registers in the database {{(pid=103103) _init_hash_ring /opt/stack/neutron/neutron/plugins/ml2/drivers/ovn/mech_driver/mech_driver.py:412}}
May 06 15:06:46.610259 np0000172280 devstack@neutron-api.service[103106]: INFO neutron.db.ovn_hash_ring_db [None req-686adf61-8585-452e-8277-a4d0f692ceb0 None None] Nodes from host "np0000172280" and group "mechanism_driver" removed from the Hash Ring created at 2026-05-06 15:06:40+00:00
May 06 15:06:46.611290 np0000172280 devstack@neutron-api.service[103103]: DEBUG neutron.plugins.ml2.drivers.ovn.mech_driver.ovsdb.maintenance [None req-8748255d-5d90-473b-b759-f5d834147433 None None] Periodic task found: HashRingHealthCheckPeriodics.touch_hash_ring_node {{(pid=103103) add_periodics /opt/stack/neutron/neutron/plugins/ml2/drivers/ovn/mech_driver/ovsdb/maintenance.py:148}}
May 06 15:06:46.612325 np0000172280 devstack@neutron-api.service[103103]: INFO neutron.plugins.ml2.drivers.ovn.mech_driver.mech_driver [None req-8748255d-5d90-473b-b759-f5d834147433 None None] Hash Ring probing thread for node d506189ce08358698868cfa276afbe97 has started
May 06 15:06:46.612882 np0000172280 devstack@neutron-api.service[103106]: INFO neutron.db.ovn_hash_ring_db [None req-686adf61-8585-452e-8277-a4d0f692ceb0 None None] Node ccffa56b53205fe8aec690029ef84965 from host "np0000172280" and group "mechanism_driver" added to the Hash Ring
May 06 15:06:46.613873 np0000172280 devstack@neutron-api.service[103103]: INFO neutron.plugins.ml2.drivers.ovn.mech_driver.ovsdb.impl_idl_ovn [None req-8748255d-5d90-473b-b759-f5d834147433 None None] Getting OvsdbNbOvnIdl for WorkerService with retry
May 06 15:06:46.616762 np0000172280 devstack@neutron-api.service[103106]: DEBUG neutron.plugins.ml2.drivers.ovn.mech_driver.mech_driver [None req-686adf61-8585-452e-8277-a4d0f692ceb0 None None] Hash Ring setup, this worker has detected 3 OVN hash ring registers in the database {{(pid=103106) _init_hash_ring /opt/stack/neutron/neutron/plugins/ml2/drivers/ovn/mech_driver/mech_driver.py:412}}
May 06 15:06:46.623443 np0000172280 devstack@neutron-api.service[103106]: DEBUG neutron.plugins.ml2.drivers.ovn.mech_driver.ovsdb.maintenance [None req-686adf61-8585-452e-8277-a4d0f692ceb0 None None] Periodic task found: HashRingHealthCheckPeriodics.touch_hash_ring_node {{(pid=103106) add_periodics /opt/stack/neutron/neutron/plugins/ml2/drivers/ovn/mech_driver/ovsdb/maintenance.py:148}}
May 06 15:06:46.624704 np0000172280 devstack@neutron-api.service[103106]: INFO neutron.plugins.ml2.drivers.ovn.mech_driver.mech_driver [None req-686adf61-8585-452e-8277-a4d0f692ceb0 None None] Hash Ring probing thread for node ccffa56b53205fe8aec690029ef84965 has started
May 06 15:06:46.625768 np0000172280 devstack@neutron-api.service[103106]: INFO neutron.plugins.ml2.drivers.ovn.mech_driver.ovsdb.impl_idl_ovn [None req-686adf61-8585-452e-8277-a4d0f692ceb0 None None] Getting OvsdbNbOvnIdl for WorkerService with retry
May 06 15:06:46.679753 np0000172280 devstack@neutron-api.service[103105]: DEBUG neutron.api.extensions [None req-51b9d420-8938-4fd6-98bb-e7c79ecc9694 None None] Extended resource: tags {{(pid=103105) __init__ /opt/stack/neutron/neutron/api/extensions.py:156}}
May 06 15:06:46.680549 np0000172280 devstack@neutron-api.service[103105]: DEBUG neutron.api.extensions [None req-51b9d420-8938-4fd6-98bb-e7c79ecc9694 None None] Extended resource: tags {{(pid=103105) __init__ /opt/stack/neutron/neutron/api/extensions.py:156}}
May 06 15:06:46.681490 np0000172280 devstack@neutron-api.service[103105]: DEBUG neutron.api.extensions [None req-51b9d420-8938-4fd6-98bb-e7c79ecc9694 None None] Extended resource: tags {{(pid=103105) __init__ /opt/stack/neutron/neutron/api/extensions.py:156}}
May 06 15:06:46.684610 np0000172280 devstack@neutron-api.service[103105]: WARNING keystonemiddleware.auth_token [None req-51b9d420-8938-4fd6-98bb-e7c79ecc9694 None None] AuthToken middleware is set with keystone_authtoken.service_token_roles_required set to False. This is backwards compatible but deprecated behaviour. Please set this to True.
May 06 15:06:46.691379 np0000172280 devstack@neutron-api.service[103105]: DEBUG neutron_lib.callbacks.manager [None req-51b9d420-8938-4fd6-98bb-e7c79ecc9694 None None] Publish callbacks ['neutron.plugins.ml2.drivers.ovn.mech_driver.mech_driver.OVNMechanismDriver.pre_fork_initialize-202516'] for process (None), before_spawn {{(pid=103105) _notify_loop /opt/stack/data/venv/lib/python3.12/site-packages/neutron_lib/callbacks/manager.py:184}}
