2026-05-18 01:54:46.112 8 INFO placement.requestlog [req-796ddf7e-7b7e-4fb9-8c13-10741d056aef req-05095129-920a-4239-9f7c-eb6f15c440e6 4ba941b15d2b461eae39ef76166a9dc9 149dc5064e4941e5be7e217642625693 - - b628d0d4ef3549d491015717114f8314 b628d0d4ef3549d491015717114f8314] 199.19.213.250 "GET /allocations/5101f258-0872-4e45-9a6a-44fca86b08a7" status: 200 len: 257 microversion: 1.28 [pid: 8|app: 0|req: 386/768] 199.19.213.250 () {34 vars in 862 bytes} [Mon May 18 01:54:46 2026] GET /allocations/5101f258-0872-4e45-9a6a-44fca86b08a7 => generated 257 bytes in 23 msecs (HTTP/1.1 200) 8 headers in 296 bytes (1 switches on core 0)
2026-05-18 01:54:46.136 7 INFO placement.requestlog [req-796ddf7e-7b7e-4fb9-8c13-10741d056aef req-16806899-2bbb-4b1e-b258-34250eb051d6 4ba941b15d2b461eae39ef76166a9dc9 149dc5064e4941e5be7e217642625693 - - b628d0d4ef3549d491015717114f8314 b628d0d4ef3549d491015717114f8314] 199.19.213.250 "GET /allocations/50573022-4ae1-4366-9a62-6fd7e9399a2d" status: 200 len: 257 microversion: 1.28 [pid: 7|app: 0|req: 383/769] 199.19.213.250 () {34 vars in 862 bytes} [Mon May 18 01:54:46 2026] GET /allocations/50573022-4ae1-4366-9a62-6fd7e9399a2d => generated 257 bytes in 16 msecs (HTTP/1.1 200) 8 headers in 296 bytes (1 switches on core 0)
2026-05-18 01:54:47.066 8 INFO placement.requestlog [None req-30b69394-d4c0-4ad9-b5ec-ae7ba9485fc1 - - - - - -] 10.0.0.49 "GET /" status: 200 len: 136 microversion: 1.0
2026-05-18 01:54:47.067 7 INFO placement.requestlog [None req-81dda503-a9f1-4584-96e2-0d3507858b28 - - - - - -] 10.0.0.49 "GET /" status: 200 len: 136 microversion: 1.0
2026-05-18 01:54:50.224 8 INFO placement.requestlog [None req-f1a263e7-739f-4289-bd96-42d2f6b83507 1262b466b23644ddacbf5a385e28278c 149dc5064e4941e5be7e217642625693 - - b628d0d4ef3549d491015717114f8314 b628d0d4ef3549d491015717114f8314] 10.0.0.163 "GET /resource_providers/4178e590-e935-4a80-b594-a2fea8852a19/aggregates" status: 404 len: 235 microversion: 1.1 [pid: 8|app: 0|req: 388/772] 10.0.0.163 () {32 vars in 815 bytes} [Mon May 18 01:54:50 2026] GET /resource_providers/4178e590-e935-4a80-b594-a2fea8852a19/aggregates => generated 235 bytes in 18 msecs (HTTP/1.1 404) 5 headers in 202 bytes (1 switches on core 0)
2026-05-18 01:54:50.226 7 INFO placement.requestlog [None req-7fac48e1-84d8-4175-8cce-ef92b592b854 1262b466b23644ddacbf5a385e28278c 149dc5064e4941e5be7e217642625693 - - b628d0d4ef3549d491015717114f8314 b628d0d4ef3549d491015717114f8314] 10.0.0.163 "GET /resource_providers/4178e590-e935-4a80-b594-a2fea8852a19/aggregates" status: 404 len: 235 microversion: 1.1 [pid: 7|app: 0|req: 385/773] 10.0.0.163 () {32 vars in 815 bytes} [Mon May 18 01:54:50 2026] GET /resource_providers/4178e590-e935-4a80-b594-a2fea8852a19/aggregates => generated 235 bytes in 19 msecs (HTTP/1.1 404) 5 headers in 202 bytes (1 switches on core 0)
2026-05-18 01:54:50.254 7 INFO placement.requestlog [None req-9a74faa6-e9ba-447e-ab6a-060cadace4a7 1262b466b23644ddacbf5a385e28278c 149dc5064e4941e5be7e217642625693 - - b628d0d4ef3549d491015717114f8314 b628d0d4ef3549d491015717114f8314] 10.0.0.163 "DELETE /resource_providers/4178e590-e935-4a80-b594-a2fea8852a19" status: 404 len: 246 microversion: 1.1
2026-05-18 01:54:50.254 8 INFO placement.requestlog [None req-b48f21b1-d489-4c8d-8245-d48dba2683db 1262b466b23644ddacbf5a385e28278c 149dc5064e4941e5be7e217642625693 - - b628d0d4ef3549d491015717114f8314 b628d0d4ef3549d491015717114f8314] 10.0.0.163 "DELETE /resource_providers/4178e590-e935-4a80-b594-a2fea8852a19" status: 404 len: 246 microversion: 1.1 [pid: 7|app: 0|req: 386/774] 10.0.0.163 () {34 vars in 815 bytes} [Mon May 18 01:54:50 2026] DELETE /resource_providers/4178e590-e935-4a80-b594-a2fea8852a19 => generated 246 bytes in 12 msecs (HTTP/1.1 404) 6 headers in 231 bytes (1 switches on core 0) [pid: 8|app: 0|req: 389/775] 10.0.0.163 () {34 vars in 815 bytes} [Mon May 18 01:54:50 2026] DELETE /resource_providers/4178e590-e935-4a80-b594-a2fea8852a19 => generated 246 bytes in 12 msecs (HTTP/1.1 404) 6 headers in 231 bytes (1 switches on core 0)
2026-05-18 01:54:52.280 8 INFO placement.requestlog [None req-43ecdfb3-3c60-42d6-8316-0749d356e7ca 1262b466b23644ddacbf5a385e28278c 149dc5064e4941e5be7e217642625693 - - b628d0d4ef3549d491015717114f8314 b628d0d4ef3549d491015717114f8314] 10.0.0.163 "GET /resource_providers/855322b3-e0ce-4b12-ae0b-bfbc718b704a/aggregates" status: 404 len: 235 microversion: 1.1 [pid: 8|app: 0|req: 390/776] 10.0.0.163 () {32 vars in 815 bytes} [Mon May 18 01:54:52 2026] GET /resource_providers/855322b3-e0ce-4b12-ae0b-bfbc718b704a/aggregates => generated 235 bytes in 12 msecs (HTTP/1.1 404) 5 headers in 202 bytes (1 switches on core 0)
2026-05-18 01:54:52.281 7 INFO placement.requestlog [None req-08c7be24-60ed-434b-85a7-0a77a222d1dc 1262b466b23644ddacbf5a385e28278c 149dc5064e4941e5be7e217642625693 - - b628d0d4ef3549d491015717114f8314 b628d0d4ef3549d491015717114f8314] 10.0.0.163 "GET /resource_providers/855322b3-e0ce-4b12-ae0b-bfbc718b704a/aggregates" status: 404 len: 235 microversion: 1.1 [pid: 7|app: 0|req: 387/777] 10.0.0.163 () {32 vars in 815 bytes} [Mon May 18 01:54:52 2026] GET /resource_providers/855322b3-e0ce-4b12-ae0b-bfbc718b704a/aggregates => generated 235 bytes in 13 msecs (HTTP/1.1 404) 5 headers in 202 bytes (1 switches on core 0)
2026-05-18 01:54:52.322 8 INFO placement.requestlog [None req-1106451f-15ef-4303-9bb4-28775a4cf130 1262b466b23644ddacbf5a385e28278c 149dc5064e4941e5be7e217642625693 - - b628d0d4ef3549d491015717114f8314 b628d0d4ef3549d491015717114f8314] 10.0.0.163 "DELETE /resource_providers/855322b3-e0ce-4b12-ae0b-bfbc718b704a" status: 404 len: 246 microversion: 1.1 [pid: 8|app: 0|req: 391/778] 10.0.0.163 () {34 vars in 815 bytes} [Mon May 18 01:54:52 2026] DELETE /resource_providers/855322b3-e0ce-4b12-ae0b-bfbc718b704a => generated 246 bytes in 11 msecs (HTTP/1.1 404) 6 headers in 231 bytes (1 switches on core 0)
2026-05-18 01:54:52.325 7 INFO placement.requestlog [None req-e595bd0a-f3d5-4d27-a06e-792d01bfc9b3 1262b466b23644ddacbf5a385e28278c 149dc5064e4941e5be7e217642625693 - - b628d0d4ef3549d491015717114f8314 b628d0d4ef3549d491015717114f8314] 10.0.0.163 "DELETE /resource_providers/855322b3-e0ce-4b12-ae0b-bfbc718b704a" status: 404 len: 246 microversion: 1.1 [pid: 7|app: 0|req: 388/779] 10.0.0.163 () {34 vars in 815 bytes} [Mon May 18 01:54:52 2026] DELETE /resource_providers/855322b3-e0ce-4b12-ae0b-bfbc718b704a => generated 246 bytes in 11 msecs (HTTP/1.1 404) 6 headers in 231 bytes (1 switches on core 0)
2026-05-18 01:54:54.893 8 INFO placement.requestlog [req-14fdd669-6ec8-4358-a99f-401b7ed1102b req-afcb79a1-8a9f-4c3b-b01f-4bf3307f5859 4ba941b15d2b461eae39ef76166a9dc9 149dc5064e4941e5be7e217642625693 - - b628d0d4ef3549d491015717114f8314 b628d0d4ef3549d491015717114f8314] 199.19.213.250 "GET /resource_providers/20457f28-117f-4ba2-98f8-7f2656d6a76b/allocations" status: 200 len: 252 microversion: 1.0 [pid: 8|app: 0|req: 392/780] 199.19.213.250 () {32 vars in 856 bytes} [Mon May 18 01:54:54 2026] GET /resource_providers/20457f28-117f-4ba2-98f8-7f2656d6a76b/allocations => generated 252 bytes in 19 msecs (HTTP/1.1 200) 6 headers in 224 bytes (1 switches on core 0)
2026-05-18 01:54:54.928 7 INFO placement.requestlog [req-14fdd669-6ec8-4358-a99f-401b7ed1102b req-764a768e-3e95-47b3-a78c-23b1cf9a5fa2 4ba941b15d2b461eae39ef76166a9dc9 149dc5064e4941e5be7e217642625693 - - b628d0d4ef3549d491015717114f8314 b628d0d4ef3549d491015717114f8314] 199.19.213.250 "GET /allocations/5101f258-0872-4e45-9a6a-44fca86b08a7" status: 200 len: 257 microversion: 1.28 [pid: 7|app: 0|req: 389/781] 199.19.213.250 () {34 vars in 862 bytes} [Mon May 18 01:54:54 2026] GET /allocations/5101f258-0872-4e45-9a6a-44fca86b08a7 => generated 257 bytes in 25 msecs (HTTP/1.1 200) 8 headers in 296 bytes (1 switches on core 0)
2026-05-18 01:54:54.950 8 INFO placement.requestlog [req-14fdd669-6ec8-4358-a99f-401b7ed1102b req-2dbaadd4-9e64-4959-927e-950bc7778165 4ba941b15d2b461eae39ef76166a9dc9 149dc5064e4941e5be7e217642625693 - - b628d0d4ef3549d491015717114f8314 b628d0d4ef3549d491015717114f8314] 199.19.213.250 "GET /allocations/50573022-4ae1-4366-9a62-6fd7e9399a2d" status: 200 len: 257 microversion: 1.28 [pid: 8|app: 0|req: 393/782] 199.19.213.250 () {34 vars in 862 bytes} [Mon May 18 01:54:54 2026] GET /allocations/50573022-4ae1-4366-9a62-6fd7e9399a2d => generated 257 bytes in 16 msecs (HTTP/1.1 200) 8 headers in 296 bytes (1 switches on core 0)
2026-05-18 01:54:55.126 7 INFO placement.requestlog [req-14fdd669-6ec8-4358-a99f-401b7ed1102b req-61810442-87fb-4455-8a27-d09667b69f41 4ba941b15d2b461eae39ef76166a9dc9 149dc5064e4941e5be7e217642625693 - - b628d0d4ef3549d491015717114f8314 b628d0d4ef3549d491015717114f8314] 199.19.213.250 "DELETE /allocations/50573022-4ae1-4366-9a62-6fd7e9399a2d" status: 204 len: 0 microversion: 1.0 [pid: 7|app: 0|req: 390/783] 199.19.213.250 () {34 vars in 840 bytes} [Mon May 18 01:54:54 2026] DELETE /allocations/50573022-4ae1-4366-9a62-6fd7e9399a2d => generated 0 bytes in 146 msecs (HTTP/1.1 204) 5 headers in 198 bytes (1 switches on core 0)
2026-05-18 01:54:57.066 7 INFO placement.requestlog [None req-b8dcbdbf-37f5-466a-a900-13d77ad02ab7 - - - - - -] 10.0.0.49 "GET /" status: 200 len: 136 microversion: 1.0
2026-05-18 01:54:57.066 8 INFO placement.requestlog [None req-1cdac1dd-46bb-4744-b310-a9dea32fd30a - - - - - -] 10.0.0.49 "GET /" status: 200 len: 136 microversion: 1.0
2026-05-18 01:54:58.370 8 INFO placement.requestlog [None req-69fb5436-b863-4017-b563-37a014ce9a68 1262b466b23644ddacbf5a385e28278c 149dc5064e4941e5be7e217642625693 - - b628d0d4ef3549d491015717114f8314 b628d0d4ef3549d491015717114f8314] 10.0.0.163 "GET /resource_providers/ac2b3dc7-957b-42c9-ae87-83776531a8ba/aggregates" status: 404 len: 235 microversion: 1.1 [pid: 8|app: 0|req: 395/786] 10.0.0.163 () {32 vars in 815 bytes} [Mon May 18 01:54:58 2026] GET /resource_providers/ac2b3dc7-957b-42c9-ae87-83776531a8ba/aggregates => generated 235 bytes in 10 msecs (HTTP/1.1 404) 5 headers in 202 bytes (1 switches on core 0)
2026-05-18 01:54:58.373 7 INFO placement.requestlog [None req-2c1e7d76-221e-4b2f-8e76-2e3a483787ba 1262b466b23644ddacbf5a385e28278c 149dc5064e4941e5be7e217642625693 - - b628d0d4ef3549d491015717114f8314 b628d0d4ef3549d491015717114f8314] 10.0.0.163 "GET /resource_providers/ac2b3dc7-957b-42c9-ae87-83776531a8ba/aggregates" status: 404 len: 235 microversion: 1.1 [pid: 7|app: 0|req: 392/787] 10.0.0.163 () {32 vars in 815 bytes} [Mon May 18 01:54:58 2026] GET /resource_providers/ac2b3dc7-957b-42c9-ae87-83776531a8ba/aggregates => generated 235 bytes in 13 msecs (HTTP/1.1 404) 5 headers in 202 bytes (1 switches on core 0)
2026-05-18 01:54:58.401 8 INFO placement.requestlog [None req-d6e6a313-08bb-4490-80b6-f11e9d94251c 1262b466b23644ddacbf5a385e28278c 149dc5064e4941e5be7e217642625693 - - b628d0d4ef3549d491015717114f8314 b628d0d4ef3549d491015717114f8314] 10.0.0.163 "DELETE /resource_providers/ac2b3dc7-957b-42c9-ae87-83776531a8ba" status: 404 len: 246 microversion: 1.1 [pid: 8|app: 0|req: 396/788] 10.0.0.163 () {34 vars in 815 bytes} [Mon May 18 01:54:58 2026] DELETE /resource_providers/ac2b3dc7-957b-42c9-ae87-83776531a8ba => generated 246 bytes in 10 msecs (HTTP/1.1 404) 6 headers in 231 bytes (1 switches on core 0)
2026-05-18 01:54:58.402 7 INFO placement.requestlog [None req-26d41db5-dccc-4791-963f-509b9bca75f8 1262b466b23644ddacbf5a385e28278c 149dc5064e4941e5be7e217642625693 - - b628d0d4ef3549d491015717114f8314 b628d0d4ef3549d491015717114f8314] 10.0.0.163 "DELETE /resource_providers/ac2b3dc7-957b-42c9-ae87-83776531a8ba" status: 404 len: 246 microversion: 1.1 [pid: 7|app: 0|req: 393/789] 10.0.0.163 () {34 vars in 815 bytes} [Mon May 18 01:54:58 2026] DELETE /resource_providers/ac2b3dc7-957b-42c9-ae87-83776531a8ba => generated 246 bytes in 10 msecs (HTTP/1.1 404) 6 headers in 231 bytes (1 switches on core 0)
2026-05-18 01:54:59.301 7 INFO placement.requestlog [None req-72323def-e802-4e63-af9d-45ff23b90af1 1262b466b23644ddacbf5a385e28278c 149dc5064e4941e5be7e217642625693 - - b628d0d4ef3549d491015717114f8314 b628d0d4ef3549d491015717114f8314] 10.0.0.163 "GET /resource_providers/a4cd2d5b-07f8-4500-b4b6-764b6829456d/aggregates" status: 404 len: 235 microversion: 1.1 [pid: 7|app: 0|req: 394/790] 10.0.0.163 () {32 vars in 815 bytes} [Mon May 18 01:54:59 2026] GET /resource_providers/a4cd2d5b-07f8-4500-b4b6-764b6829456d/aggregates => generated 235 bytes in 16 msecs (HTTP/1.1 404) 5 headers in 202 bytes (1 switches on core 0)
2026-05-18 01:54:59.318 7 INFO placement.requestlog [None req-4db447b3-80fa-45a9-a2c5-59dfe037b0de 1262b466b23644ddacbf5a385e28278c 149dc5064e4941e5be7e217642625693 - - b628d0d4ef3549d491015717114f8314 b628d0d4ef3549d491015717114f8314] 10.0.0.163 "DELETE /resource_providers/a4cd2d5b-07f8-4500-b4b6-764b6829456d" status: 404 len: 246 microversion: 1.1 [pid: 7|app: 0|req: 395/791] 10.0.0.163 () {34 vars in 815 bytes} [Mon May 18 01:54:59 2026] DELETE /resource_providers/a4cd2d5b-07f8-4500-b4b6-764b6829456d => generated 246 bytes in 9 msecs (HTTP/1.1 404) 6 headers in 231 bytes (1 switches on core 0)
2026-05-18 01:54:59.347 8 INFO placement.requestlog [None req-ac50c337-b202-4dfc-bdcc-eb2875264ee6 1262b466b23644ddacbf5a385e28278c 149dc5064e4941e5be7e217642625693 - - b628d0d4ef3549d491015717114f8314 b628d0d4ef3549d491015717114f8314] 10.0.0.163 "GET /resource_providers/a4cd2d5b-07f8-4500-b4b6-764b6829456d/aggregates" status: 404 len: 235 microversion: 1.1 [pid: 8|app: 0|req: 397/792] 10.0.0.163 () {32 vars in 815 bytes} [Mon May 18 01:54:59 2026] GET /resource_providers/a4cd2d5b-07f8-4500-b4b6-764b6829456d/aggregates => generated 235 bytes in 67 msecs (HTTP/1.1 404) 5 headers in 202 bytes (1 switches on core 0)
2026-05-18 01:54:59.365 7 INFO placement.requestlog [None req-e76a233e-4e76-4e4c-983f-2c9405ea1283 1262b466b23644ddacbf5a385e28278c 149dc5064e4941e5be7e217642625693 - - b628d0d4ef3549d491015717114f8314 b628d0d4ef3549d491015717114f8314] 10.0.0.163 "DELETE /resource_providers/a4cd2d5b-07f8-4500-b4b6-764b6829456d" status: 404 len: 246 microversion: 1.1 [pid: 7|app: 0|req: 396/793] 10.0.0.163 () {34 vars in 815 bytes} [Mon May 18 01:54:59 2026] DELETE /resource_providers/a4cd2d5b-07f8-4500-b4b6-764b6829456d => generated 246 bytes in 10 msecs (HTTP/1.1 404) 6 headers in 231 bytes (1 switches on core 0)
2026-05-18 01:55:00.427 8 INFO placement.requestlog [None req-0383d416-34c0-49e9-b9a1-0946ab7128d8 1262b466b23644ddacbf5a385e28278c 149dc5064e4941e5be7e217642625693 - - b628d0d4ef3549d491015717114f8314 b628d0d4ef3549d491015717114f8314] 10.0.0.163 "GET /resource_providers/ba5681ad-bc8a-4cff-bd16-81ad33ffe40a/aggregates" status: 404 len: 235 microversion: 1.1 [pid: 8|app: 0|req: 398/794] 10.0.0.163 () {32 vars in 815 bytes} [Mon May 18 01:55:00 2026] GET /resource_providers/ba5681ad-bc8a-4cff-bd16-81ad33ffe40a/aggregates => generated 235 bytes in 18 msecs (HTTP/1.1 404) 5 headers in 202 bytes (1 switches on core 0)
2026-05-18 01:55:00.433 7 INFO placement.requestlog [None req-4908197a-6d9d-4e0b-9310-e66e0aa52170 1262b466b23644ddacbf5a385e28278c 149dc5064e4941e5be7e217642625693 - - b628d0d4ef3549d491015717114f8314 b628d0d4ef3549d491015717114f8314] 10.0.0.163 "GET /resource_providers/ba5681ad-bc8a-4cff-bd16-81ad33ffe40a/aggregates" status: 404 len: 235 microversion: 1.1 [pid: 7|app: 0|req: 397/795] 10.0.0.163 () {32 vars in 815 bytes} [Mon May 18 01:55:00 2026] GET /resource_providers/ba5681ad-bc8a-4cff-bd16-81ad33ffe40a/aggregates => generated 235 bytes in 17 msecs (HTTP/1.1 404) 5 headers in 202 bytes (1 switches on core 0)
2026-05-18 01:55:00.466 8 INFO placement.requestlog [None req-e474db3c-f036-4956-9e71-40886d8d5646 1262b466b23644ddacbf5a385e28278c 149dc5064e4941e5be7e217642625693 - - b628d0d4ef3549d491015717114f8314 b628d0d4ef3549d491015717114f8314] 10.0.0.163 "DELETE /resource_providers/ba5681ad-bc8a-4cff-bd16-81ad33ffe40a" status: 404 len: 246 microversion: 1.1
2026-05-18 01:55:00.466 7 INFO placement.requestlog [None req-849ca3de-f528-4c9c-882f-e6dc2562a92e 1262b466b23644ddacbf5a385e28278c 149dc5064e4941e5be7e217642625693 - - b628d0d4ef3549d491015717114f8314 b628d0d4ef3549d491015717114f8314] 10.0.0.163 "DELETE /resource_providers/ba5681ad-bc8a-4cff-bd16-81ad33ffe40a" status: 404 len: 246 microversion: 1.1 [pid: 8|app: 0|req: 399/796] 10.0.0.163 () {34 vars in 815 bytes} [Mon May 18 01:55:00 2026] DELETE /resource_providers/ba5681ad-bc8a-4cff-bd16-81ad33ffe40a => generated 246 bytes in 14 msecs (HTTP/1.1 404) 6 headers in 231 bytes (1 switches on core 0) [pid: 7|app: 0|req: 398/797] 10.0.0.163 () {34 vars in 815 bytes} [Mon May 18 01:55:00 2026] DELETE /resource_providers/ba5681ad-bc8a-4cff-bd16-81ad33ffe40a => generated 246 bytes in 13 msecs (HTTP/1.1 404) 6 headers in 231 bytes (1 switches on core 0)
2026-05-18 01:55:02.499 7 INFO placement.requestlog [None req-acb7d076-91d2-4ff6-b8fd-ee679c727417 1262b466b23644ddacbf5a385e28278c 149dc5064e4941e5be7e217642625693 - - b628d0d4ef3549d491015717114f8314 b628d0d4ef3549d491015717114f8314] 10.0.0.163 "GET /resource_providers/eb1dd6d9-887b-41dd-9ac3-c0aa00afe6b0/aggregates" status: 404 len: 235 microversion: 1.1 [pid: 7|app: 0|req: 399/798] 10.0.0.163 () {32 vars in 815 bytes} [Mon May 18 01:55:02 2026] GET /resource_providers/eb1dd6d9-887b-41dd-9ac3-c0aa00afe6b0/aggregates => generated 235 bytes in 11 msecs (HTTP/1.1 404) 5 headers in 202 bytes (1 switches on core 0)
2026-05-18 01:55:02.504 8 INFO placement.requestlog [None req-7bc8c0e1-923e-48ac-8579-7d7dd7609dae 1262b466b23644ddacbf5a385e28278c 149dc5064e4941e5be7e217642625693 - - b628d0d4ef3549d491015717114f8314 b628d0d4ef3549d491015717114f8314] 10.0.0.163 "GET /resource_providers/eb1dd6d9-887b-41dd-9ac3-c0aa00afe6b0/aggregates" status: 404 len: 235 microversion: 1.1 [pid: 8|app: 0|req: 400/799] 10.0.0.163 () {32 vars in 815 bytes} [Mon May 18 01:55:02 2026] GET /resource_providers/eb1dd6d9-887b-41dd-9ac3-c0aa00afe6b0/aggregates => generated 235 bytes in 17 msecs (HTTP/1.1 404) 5 headers in 202 bytes (1 switches on core 0)
2026-05-18 01:55:02.513 7 INFO placement.requestlog [None req-af873136-3098-4e41-a9ad-2968d063186d 1262b466b23644ddacbf5a385e28278c 149dc5064e4941e5be7e217642625693 - - b628d0d4ef3549d491015717114f8314 b628d0d4ef3549d491015717114f8314] 10.0.0.163 "DELETE /resource_providers/eb1dd6d9-887b-41dd-9ac3-c0aa00afe6b0" status: 404 len: 246 microversion: 1.1 [pid: 7|app: 0|req: 400/800] 10.0.0.163 () {34 vars in 815 bytes} [Mon May 18 01:55:02 2026] DELETE /resource_providers/eb1dd6d9-887b-41dd-9ac3-c0aa00afe6b0 => generated 246 bytes in 9 msecs (HTTP/1.1 404) 6 headers in 231 bytes (1 switches on core 0)
2026-05-18 01:55:02.522 8 INFO placement.requestlog [None req-c2ea1f13-5a6f-4503-b420-26e65f0812cb 1262b466b23644ddacbf5a385e28278c 149dc5064e4941e5be7e217642625693 - - b628d0d4ef3549d491015717114f8314 b628d0d4ef3549d491015717114f8314] 10.0.0.163 "DELETE /resource_providers/eb1dd6d9-887b-41dd-9ac3-c0aa00afe6b0" status: 404 len: 246 microversion: 1.1 [pid: 8|app: 0|req: 401/801] 10.0.0.163 () {34 vars in 815 bytes} [Mon May 18 01:55:02 2026] DELETE /resource_providers/eb1dd6d9-887b-41dd-9ac3-c0aa00afe6b0 => generated 246 bytes in 14 msecs (HTTP/1.1 404) 6 headers in 231 bytes (1 switches on core 0)
2026-05-18 01:55:06.494 7 INFO placement.requestlog [None req-7cef5b91-722d-4d87-bbcf-558e5d509533 1262b466b23644ddacbf5a385e28278c 149dc5064e4941e5be7e217642625693 - - b628d0d4ef3549d491015717114f8314 b628d0d4ef3549d491015717114f8314] 10.0.0.163 "GET /resource_providers/802c8b5b-4a7e-4ded-ae19-c86c5828e17b/aggregates" status: 404 len: 235 microversion: 1.1 [pid: 7|app: 0|req: 401/802] 10.0.0.163 () {32 vars in 815 bytes} [Mon May 18 01:55:06 2026] GET /resource_providers/802c8b5b-4a7e-4ded-ae19-c86c5828e17b/aggregates => generated 235 bytes in 12 msecs (HTTP/1.1 404) 5 headers in 202 bytes (1 switches on core 0)
2026-05-18 01:55:06.504 8 INFO placement.requestlog [None req-1a142732-85b0-456c-b294-ad269eee3453 1262b466b23644ddacbf5a385e28278c 149dc5064e4941e5be7e217642625693 - - b628d0d4ef3549d491015717114f8314 b628d0d4ef3549d491015717114f8314] 10.0.0.163 "GET /resource_providers/802c8b5b-4a7e-4ded-ae19-c86c5828e17b/aggregates" status: 404 len: 235 microversion: 1.1 [pid: 8|app: 0|req: 402/803] 10.0.0.163 () {32 vars in 815 bytes} [Mon May 18 01:55:06 2026] GET /resource_providers/802c8b5b-4a7e-4ded-ae19-c86c5828e17b/aggregates => generated 235 bytes in 14 msecs (HTTP/1.1 404) 5 headers in 202 bytes (1 switches on core 0)
2026-05-18 01:55:06.525 7 INFO placement.requestlog [None req-d8066408-1f35-4aed-ab0f-3419a1ac21e4 1262b466b23644ddacbf5a385e28278c 149dc5064e4941e5be7e217642625693 - - b628d0d4ef3549d491015717114f8314 b628d0d4ef3549d491015717114f8314] 10.0.0.163 "DELETE /resource_providers/802c8b5b-4a7e-4ded-ae19-c86c5828e17b" status: 404 len: 246 microversion: 1.1 [pid: 7|app: 0|req: 402/804] 10.0.0.163 () {34 vars in 815 bytes} [Mon May 18 01:55:06 2026] DELETE /resource_providers/802c8b5b-4a7e-4ded-ae19-c86c5828e17b => generated 246 bytes in 14 msecs (HTTP/1.1 404) 6 headers in 231 bytes (1 switches on core 0)
2026-05-18 01:55:06.543 8 INFO placement.requestlog [None req-2c506beb-cd60-40aa-ba8a-5abc713d70ff 1262b466b23644ddacbf5a385e28278c 149dc5064e4941e5be7e217642625693 - - b628d0d4ef3549d491015717114f8314 b628d0d4ef3549d491015717114f8314] 10.0.0.163 "DELETE /resource_providers/802c8b5b-4a7e-4ded-ae19-c86c5828e17b" status: 404 len: 246 microversion: 1.1 [pid: 8|app: 0|req: 403/805] 10.0.0.163 () {34 vars in 815 bytes} [Mon May 18 01:55:06 2026] DELETE /resource_providers/802c8b5b-4a7e-4ded-ae19-c86c5828e17b => generated 246 bytes in 13 msecs (HTTP/1.1 404) 6 headers in 231 bytes (1 switches on core 0)
2026-05-18 01:55:07.066 8 INFO placement.requestlog [None req-de2de1d8-e8aa-455c-b748-cdcef4084583 - - - - - -] 10.0.0.49 "GET /" status: 200 len: 136 microversion: 1.0
2026-05-18 01:55:07.066 7 INFO placement.requestlog [None req-884b2cb2-9ed7-473a-95d5-43f27d2f9a04 - - - - - -] 10.0.0.49 "GET /" status: 200 len: 136 microversion: 1.0
2026-05-18 01:55:09.815 8 INFO placement.requestlog [req-ca0effd0-cf8a-4528-8eed-ccd74e809788 req-0339c439-4049-4644-b6c4-c4c14f2998ac 4ba941b15d2b461eae39ef76166a9dc9 149dc5064e4941e5be7e217642625693 - - b628d0d4ef3549d491015717114f8314 b628d0d4ef3549d491015717114f8314] 10.0.0.212 "GET /allocation_candidates?limit=1000&resources=DISK_GB%3A1%2CMEMORY_MB%3A512%2CVCPU%3A1&root_required=%21COMPUTE_STATUS_DISABLED" status: 200 len: 2149 microversion: 1.36 [pid: 8|app: 0|req: 405/808] 10.0.0.212 () {34 vars in 1011 bytes} [Mon May 18 01:55:09 2026] GET /allocation_candidates?limit=1000&resources=DISK_GB%3A1%2CMEMORY_MB%3A512%2CVCPU%3A1&root_required=%21COMPUTE_STATUS_DISABLED => generated 2149 bytes in 56 msecs (HTTP/1.1 200) 8 headers in 297 bytes (1 switches on core 0)
2026-05-18 01:55:09.861 7 INFO placement.requestlog [req-ca0effd0-cf8a-4528-8eed-ccd74e809788 req-3e833c36-6940-490a-a1a8-9e8cac0b00a3 4ba941b15d2b461eae39ef76166a9dc9 149dc5064e4941e5be7e217642625693 - - b628d0d4ef3549d491015717114f8314 b628d0d4ef3549d491015717114f8314] 10.0.0.212 "GET /allocations/04588548-f06e-437d-b85f-15f35a88df52" status: 200 len: 19 microversion: 1.28 [pid: 7|app: 0|req: 404/809] 10.0.0.212 () {34 vars in 860 bytes} [Mon May 18 01:55:09 2026] GET /allocations/04588548-f06e-437d-b85f-15f35a88df52 => generated 19 bytes in 11 msecs (HTTP/1.1 200) 8 headers in 295 bytes (1 switches on core 0)
2026-05-18 01:55:09.946 8 INFO placement.requestlog [req-ca0effd0-cf8a-4528-8eed-ccd74e809788 req-602f18d7-0512-47fa-bbb9-f2054131cd5e 4ba941b15d2b461eae39ef76166a9dc9 149dc5064e4941e5be7e217642625693 - - b628d0d4ef3549d491015717114f8314 b628d0d4ef3549d491015717114f8314] 10.0.0.212 "PUT /allocations/04588548-f06e-437d-b85f-15f35a88df52" status: 204 len: 0 microversion: 1.36 [pid: 8|app: 0|req: 406/810] 10.0.0.212 () {38 vars in 913 bytes} [Mon May 18 01:55:09 2026] PUT /allocations/04588548-f06e-437d-b85f-15f35a88df52 => generated 0 bytes in 78 msecs (HTTP/1.1 204) 5 headers in 199 bytes (1 switches on core 0)
2026-05-18 01:55:10.422 7 INFO placement.requestlog [req-ca0effd0-cf8a-4528-8eed-ccd74e809788 req-2d2d3d4b-5bcc-4c26-beff-590465626687 4ba941b15d2b461eae39ef76166a9dc9 149dc5064e4941e5be7e217642625693 - - b628d0d4ef3549d491015717114f8314 b628d0d4ef3549d491015717114f8314] 199.19.213.250 "GET /allocations/04588548-f06e-437d-b85f-15f35a88df52" status: 200 len: 257 microversion: 1.28 [pid: 7|app: 0|req: 405/811] 199.19.213.250 () {34 vars in 862 bytes} [Mon May 18 01:55:10 2026] GET /allocations/04588548-f06e-437d-b85f-15f35a88df52 => generated 257 bytes in 11 msecs (HTTP/1.1 200) 8 headers in 296 bytes (1 switches on core 0)
2026-05-18 01:55:10.545 8 INFO placement.requestlog [req-ca0effd0-cf8a-4528-8eed-ccd74e809788 req-82e40ef6-91de-4d88-b9ee-4179ff16e4b8 4ba941b15d2b461eae39ef76166a9dc9 149dc5064e4941e5be7e217642625693 - - b628d0d4ef3549d491015717114f8314 b628d0d4ef3549d491015717114f8314] 199.19.213.250 "GET /resource_providers/20457f28-117f-4ba2-98f8-7f2656d6a76b/allocations" status: 200 len: 252 microversion: 1.0 [pid: 8|app: 0|req: 407/812] 199.19.213.250 () {32 vars in 856 bytes} [Mon May 18 01:55:10 2026] GET /resource_providers/20457f28-117f-4ba2-98f8-7f2656d6a76b/allocations => generated 252 bytes in 17 msecs (HTTP/1.1 200) 6 headers in 224 bytes (1 switches on core 0)
2026-05-18 01:55:10.573 7 INFO placement.requestlog [req-ca0effd0-cf8a-4528-8eed-ccd74e809788 req-6b515247-e869-4287-90b7-6af13d658a44 4ba941b15d2b461eae39ef76166a9dc9 149dc5064e4941e5be7e217642625693 - - b628d0d4ef3549d491015717114f8314 b628d0d4ef3549d491015717114f8314] 199.19.213.250 "GET /allocations/5101f258-0872-4e45-9a6a-44fca86b08a7" status: 200 len: 257 microversion: 1.28 [pid: 7|app: 0|req: 406/813] 199.19.213.250 () {34 vars in 862 bytes} [Mon May 18 01:55:10 2026] GET /allocations/5101f258-0872-4e45-9a6a-44fca86b08a7 => generated 257 bytes in 20 msecs (HTTP/1.1 200) 8 headers in 296 bytes (1 switches on core 0)
2026-05-18 01:55:10.594 8 INFO placement.requestlog [req-ca0effd0-cf8a-4528-8eed-ccd74e809788 req-ff7be4d0-8903-4de0-b66c-73ff48e1bca4 4ba941b15d2b461eae39ef76166a9dc9 149dc5064e4941e5be7e217642625693 - - b628d0d4ef3549d491015717114f8314 b628d0d4ef3549d491015717114f8314] 199.19.213.250 "GET /allocations/04588548-f06e-437d-b85f-15f35a88df52" status: 200 len: 257 microversion: 1.28 [pid: 8|app: 0|req: 408/814] 199.19.213.250 () {34 vars in 862 bytes} [Mon May 18 01:55:10 2026] GET /allocations/04588548-f06e-437d-b85f-15f35a88df52 => generated 257 bytes in 14 msecs (HTTP/1.1 200) 8 headers in 296 bytes (1 switches on core 0)
2026-05-18 01:55:13.018 7 INFO placement.requestlog [req-f0052433-8362-45f3-af96-bbc06d970705 req-dc69e1bc-9237-497c-bd42-f07fcc52799a 4ba941b15d2b461eae39ef76166a9dc9 149dc5064e4941e5be7e217642625693 - - b628d0d4ef3549d491015717114f8314 b628d0d4ef3549d491015717114f8314] 10.0.0.212 "GET /allocation_candidates?limit=1000&resources=DISK_GB%3A1%2CMEMORY_MB%3A512%2CVCPU%3A1&root_required=%21COMPUTE_STATUS_DISABLED" status: 200 len: 2150 microversion: 1.36 [pid: 7|app: 0|req: 407/815] 10.0.0.212 () {34 vars in 1011 bytes} [Mon May 18 01:55:12 2026] GET /allocation_candidates?limit=1000&resources=DISK_GB%3A1%2CMEMORY_MB%3A512%2CVCPU%3A1&root_required=%21COMPUTE_STATUS_DISABLED => generated 2150 bytes in 78 msecs (HTTP/1.1 200) 8 headers in 297 bytes (1 switches on core 0)
2026-05-18 01:55:13.060 8 INFO placement.requestlog [req-f0052433-8362-45f3-af96-bbc06d970705 req-2c3972fd-4bcb-48d0-903a-2ea84877b3ca 4ba941b15d2b461eae39ef76166a9dc9 149dc5064e4941e5be7e217642625693 - - b628d0d4ef3549d491015717114f8314 b628d0d4ef3549d491015717114f8314] 10.0.0.212 "GET /allocations/f433124a-b04a-4eb0-866b-763b762db58e" status: 200 len: 19 microversion: 1.28 [pid: 8|app: 0|req: 409/816] 10.0.0.212 () {34 vars in 860 bytes} [Mon May 18 01:55:13 2026] GET /allocations/f433124a-b04a-4eb0-866b-763b762db58e => generated 19 bytes in 16 msecs (HTTP/1.1 200) 8 headers in 295 bytes (1 switches on core 0)
2026-05-18 01:55:13.133 7 INFO placement.requestlog [req-f0052433-8362-45f3-af96-bbc06d970705 req-41589448-4d31-48c9-aa04-bd6ec803b920 4ba941b15d2b461eae39ef76166a9dc9 149dc5064e4941e5be7e217642625693 - - b628d0d4ef3549d491015717114f8314 b628d0d4ef3549d491015717114f8314] 10.0.0.212 "PUT /allocations/f433124a-b04a-4eb0-866b-763b762db58e" status: 204 len: 0 microversion: 1.36 [pid: 7|app: 0|req: 408/817] 10.0.0.212 () {38 vars in 913 bytes} [Mon May 18 01:55:13 2026] PUT /allocations/f433124a-b04a-4eb0-866b-763b762db58e => generated 0 bytes in 66 msecs (HTTP/1.1 204) 5 headers in 199 bytes (1 switches on core 0)
2026-05-18 01:55:13.442 8 INFO placement.requestlog [req-f0052433-8362-45f3-af96-bbc06d970705 req-052e9d70-70f7-4b33-95f7-6c7e40d6a645 4ba941b15d2b461eae39ef76166a9dc9 149dc5064e4941e5be7e217642625693 - - b628d0d4ef3549d491015717114f8314 b628d0d4ef3549d491015717114f8314] 199.19.213.250 "GET /allocations/f433124a-b04a-4eb0-866b-763b762db58e" status: 200 len: 257 microversion: 1.28 [pid: 8|app: 0|req: 410/818] 199.19.213.250 () {34 vars in 862 bytes} [Mon May 18 01:55:13 2026] GET /allocations/f433124a-b04a-4eb0-866b-763b762db58e => generated 257 bytes in 13 msecs (HTTP/1.1 200) 8 headers in 296 bytes (1 switches on core 0)
2026-05-18 01:55:13.566 7 INFO placement.requestlog [req-f0052433-8362-45f3-af96-bbc06d970705 req-c01685d0-a69f-43a2-9524-f4e65d855fbe 4ba941b15d2b461eae39ef76166a9dc9 149dc5064e4941e5be7e217642625693 - - b628d0d4ef3549d491015717114f8314 b628d0d4ef3549d491015717114f8314] 199.19.213.250 "GET /resource_providers/20457f28-117f-4ba2-98f8-7f2656d6a76b/allocations" status: 200 len: 352 microversion: 1.0 [pid: 7|app: 0|req: 409/819] 199.19.213.250 () {32 vars in 856 bytes} [Mon May 18 01:55:13 2026] GET /resource_providers/20457f28-117f-4ba2-98f8-7f2656d6a76b/allocations => generated 352 bytes in 19 msecs (HTTP/1.1 200) 6 headers in 224 bytes (1 switches on core 0)
2026-05-18 01:55:13.592 8 INFO placement.requestlog [req-f0052433-8362-45f3-af96-bbc06d970705 req-67db9077-0dc8-492a-acff-acada43f13f6 4ba941b15d2b461eae39ef76166a9dc9 149dc5064e4941e5be7e217642625693 - - b628d0d4ef3549d491015717114f8314 b628d0d4ef3549d491015717114f8314] 199.19.213.250 "GET /allocations/5101f258-0872-4e45-9a6a-44fca86b08a7" status: 200 len: 257 microversion: 1.28 [pid: 8|app: 0|req: 411/820] 199.19.213.250 () {34 vars in 862 bytes} [Mon May 18 01:55:13 2026] GET /allocations/5101f258-0872-4e45-9a6a-44fca86b08a7 => generated 257 bytes in 17 msecs (HTTP/1.1 200) 8 headers in 296 bytes (1 switches on core 0)
2026-05-18 01:55:13.615 7 INFO placement.requestlog [req-f0052433-8362-45f3-af96-bbc06d970705 req-fbe1e34c-2bf9-4bd0-befe-60542b88cb25 4ba941b15d2b461eae39ef76166a9dc9 149dc5064e4941e5be7e217642625693 - - b628d0d4ef3549d491015717114f8314 b628d0d4ef3549d491015717114f8314] 199.19.213.250 "GET /allocations/04588548-f06e-437d-b85f-15f35a88df52" status: 200 len: 257 microversion: 1.28 [pid: 7|app: 0|req: 410/821] 199.19.213.250 () {34 vars in 862 bytes} [Mon May 18 01:55:13 2026] GET /allocations/04588548-f06e-437d-b85f-15f35a88df52 => generated 257 bytes in 13 msecs (HTTP/1.1 200) 8 headers in 296 bytes (1 switches on core 0)
2026-05-18 01:55:13.643 8 INFO placement.requestlog [req-f0052433-8362-45f3-af96-bbc06d970705 req-df9bb800-566d-469a-bf01-b1893f63c824 4ba941b15d2b461eae39ef76166a9dc9 149dc5064e4941e5be7e217642625693 - - b628d0d4ef3549d491015717114f8314 b628d0d4ef3549d491015717114f8314] 199.19.213.250 "GET /allocations/f433124a-b04a-4eb0-866b-763b762db58e" status: 200 len: 257 microversion: 1.28 [pid: 8|app: 0|req: 412/822] 199.19.213.250 () {34 vars in 862 bytes} [Mon May 18 01:55:13 2026] GET /allocations/f433124a-b04a-4eb0-866b-763b762db58e => generated 257 bytes in 21 msecs (HTTP/1.1 200) 8 headers in 296 bytes (1 switches on core 0)
2026-05-18 01:55:17.066 8 INFO placement.requestlog [None req-34101b1d-ab1d-45de-9ac9-a68ec95a105d - - - - - -] 10.0.0.49 "GET /" status: 200 len: 136 microversion: 1.0
2026-05-18 01:55:17.067 7 INFO placement.requestlog [None req-f5b22406-3bf1-4a06-8431-d752b6aca10e - - - - - -] 10.0.0.49 "GET /" status: 200 len: 136 microversion: 1.0
2026-05-18 01:55:18.186 8 INFO placement.requestlog [req-9ee7c756-dc31-477d-a8d1-185254371334 req-63397169-5fb1-467d-81a7-51c55d49c569 4ba941b15d2b461eae39ef76166a9dc9 149dc5064e4941e5be7e217642625693 - - b628d0d4ef3549d491015717114f8314 b628d0d4ef3549d491015717114f8314] 199.19.213.250 "GET /resource_providers/20457f28-117f-4ba2-98f8-7f2656d6a76b/allocations" status: 200 len: 352 microversion: 1.0 [pid: 8|app: 0|req: 414/825] 199.19.213.250 () {32 vars in 856 bytes} [Mon May 18 01:55:18 2026] GET /resource_providers/20457f28-117f-4ba2-98f8-7f2656d6a76b/allocations => generated 352 bytes in 185 msecs (HTTP/1.1 200) 6 headers in 224 bytes (1 switches on core 0)
2026-05-18 01:55:18.262 7 INFO placement.requestlog [req-9ee7c756-dc31-477d-a8d1-185254371334 req-f8978325-4ea3-43ae-919f-dd84c5b83767 4ba941b15d2b461eae39ef76166a9dc9 149dc5064e4941e5be7e217642625693 - - b628d0d4ef3549d491015717114f8314 b628d0d4ef3549d491015717114f8314] 199.19.213.250 "GET /resource_providers/20457f28-117f-4ba2-98f8-7f2656d6a76b/allocations" status: 200 len: 352 microversion: 1.0 [pid: 7|app: 0|req: 412/826] 199.19.213.250 () {32 vars in 856 bytes} [Mon May 18 01:55:18 2026] GET /resource_providers/20457f28-117f-4ba2-98f8-7f2656d6a76b/allocations => generated 352 bytes in 24 msecs (HTTP/1.1 200) 6 headers in 224 bytes (1 switches on core 0)
2026-05-18 01:55:18.287 8 INFO placement.requestlog [req-9ee7c756-dc31-477d-a8d1-185254371334 req-24b3d60d-bae6-4bd9-ac63-28d97d0e4121 4ba941b15d2b461eae39ef76166a9dc9 149dc5064e4941e5be7e217642625693 - - b628d0d4ef3549d491015717114f8314 b628d0d4ef3549d491015717114f8314] 199.19.213.250 "GET /allocations/5101f258-0872-4e45-9a6a-44fca86b08a7" status: 200 len: 257 microversion: 1.28 [pid: 8|app: 0|req: 415/827] 199.19.213.250 () {34 vars in 862 bytes} [Mon May 18 01:55:18 2026] GET /allocations/5101f258-0872-4e45-9a6a-44fca86b08a7 => generated 257 bytes in 15 msecs (HTTP/1.1 200) 8 headers in 296 bytes (1 switches on core 0)
2026-05-18 01:55:18.307 7 INFO placement.requestlog [req-9ee7c756-dc31-477d-a8d1-185254371334 req-aba5116c-7f83-4447-b5d3-5ca1000ac445 4ba941b15d2b461eae39ef76166a9dc9 149dc5064e4941e5be7e217642625693 - - b628d0d4ef3549d491015717114f8314 b628d0d4ef3549d491015717114f8314] 199.19.213.250 "GET /allocations/04588548-f06e-437d-b85f-15f35a88df52" status: 200 len: 257 microversion: 1.28 [pid: 7|app: 0|req: 413/828] 199.19.213.250 () {34 vars in 862 bytes} [Mon May 18 01:55:18 2026] GET /allocations/04588548-f06e-437d-b85f-15f35a88df52 => generated 257 bytes in 14 msecs (HTTP/1.1 200) 8 headers in 296 bytes (1 switches on core 0)
2026-05-18 01:55:18.329 8 INFO placement.requestlog [req-9ee7c756-dc31-477d-a8d1-185254371334 req-15eaa517-8fba-47fc-b758-23347f99d141 4ba941b15d2b461eae39ef76166a9dc9 149dc5064e4941e5be7e217642625693 - - b628d0d4ef3549d491015717114f8314 b628d0d4ef3549d491015717114f8314] 199.19.213.250 "GET /allocations/f433124a-b04a-4eb0-866b-763b762db58e" status: 200 len: 257 microversion: 1.28 [pid: 8|app: 0|req: 416/829] 199.19.213.250 () {34 vars in 862 bytes} [Mon May 18 01:55:18 2026] GET /allocations/f433124a-b04a-4eb0-866b-763b762db58e => generated 257 bytes in 14 msecs (HTTP/1.1 200) 8 headers in 296 bytes (1 switches on core 0)
2026-05-18 01:55:19.896 7 INFO placement.requestlog [None req-f694a05d-293a-4a9e-a94f-375d90695474 1262b466b23644ddacbf5a385e28278c 149dc5064e4941e5be7e217642625693 - - b628d0d4ef3549d491015717114f8314 b628d0d4ef3549d491015717114f8314] 10.0.0.163 "GET /resource_providers/f92ad317-55c0-4b25-9c32-97243b58237e/aggregates" status: 404 len: 235 microversion: 1.1
2026-05-18 01:55:19.897 8 INFO placement.requestlog [None req-775ea3ab-8b35-4dbd-944a-eff592fcfc0e 1262b466b23644ddacbf5a385e28278c 149dc5064e4941e5be7e217642625693 - - b628d0d4ef3549d491015717114f8314 b628d0d4ef3549d491015717114f8314] 10.0.0.163 "GET /resource_providers/f92ad317-55c0-4b25-9c32-97243b58237e/aggregates" status: 404 len: 235 microversion: 1.1 [pid: 8|app: 0|req: 417/831] 10.0.0.163 () {32 vars in 815 bytes} [Mon May 18 01:55:19 2026] GET /resource_providers/f92ad317-55c0-4b25-9c32-97243b58237e/aggregates => generated 235 bytes in 9 msecs (HTTP/1.1 404) 5 headers in 202 bytes (1 switches on core 0) [pid: 7|app: 0|req: 414/831] 10.0.0.163 () {32 vars in 815 bytes} [Mon May 18 01:55:19 2026] GET /resource_providers/f92ad317-55c0-4b25-9c32-97243b58237e/aggregates => generated 235 bytes in 9 msecs (HTTP/1.1 404) 5 headers in 202 bytes (1 switches on core 0)
2026-05-18 01:55:19.927 7 INFO placement.requestlog [None req-f9c5256e-fee2-4bfe-95d5-3f8055c9fe1b 1262b466b23644ddacbf5a385e28278c 149dc5064e4941e5be7e217642625693 - - b628d0d4ef3549d491015717114f8314 b628d0d4ef3549d491015717114f8314] 10.0.0.163 "DELETE /resource_providers/f92ad317-55c0-4b25-9c32-97243b58237e" status: 404 len: 246 microversion: 1.1 [pid: 7|app: 0|req: 415/832] 10.0.0.163 () {34 vars in 815 bytes} [Mon May 18 01:55:19 2026] DELETE /resource_providers/f92ad317-55c0-4b25-9c32-97243b58237e => generated 246 bytes in 10 msecs (HTTP/1.1 404) 6 headers in 231 bytes (1 switches on core 0)
2026-05-18 01:55:19.928 8 INFO placement.requestlog [None req-56cac4d4-67b2-4ec8-bb0e-e0392ab68899 1262b466b23644ddacbf5a385e28278c 149dc5064e4941e5be7e217642625693 - - b628d0d4ef3549d491015717114f8314 b628d0d4ef3549d491015717114f8314] 10.0.0.163 "DELETE /resource_providers/f92ad317-55c0-4b25-9c32-97243b58237e" status: 404 len: 246 microversion: 1.1 [pid: 8|app: 0|req: 418/833] 10.0.0.163 () {34 vars in 815 bytes} [Mon May 18 01:55:19 2026] DELETE /resource_providers/f92ad317-55c0-4b25-9c32-97243b58237e => generated 246 bytes in 11 msecs (HTTP/1.1 404) 6 headers in 231 bytes (1 switches on core 0)
2026-05-18 01:55:20.707 7 INFO placement.requestlog [None req-781c7480-61f5-4465-8abb-17276ac9a532 1262b466b23644ddacbf5a385e28278c 149dc5064e4941e5be7e217642625693 - - b628d0d4ef3549d491015717114f8314 b628d0d4ef3549d491015717114f8314] 10.0.0.163 "GET /resource_providers/725dca09-b574-45a3-a683-b1e69ec59863/aggregates" status: 404 len: 235 microversion: 1.1 [pid: 7|app: 0|req: 416/834] 10.0.0.163 () {32 vars in 815 bytes} [Mon May 18 01:55:20 2026] GET /resource_providers/725dca09-b574-45a3-a683-b1e69ec59863/aggregates => generated 235 bytes in 10 msecs (HTTP/1.1 404) 5 headers in 202 bytes (1 switches on core 0)
2026-05-18 01:55:20.715 8 INFO placement.requestlog [None req-afca9eb9-4c50-4009-a730-762030ec58be 1262b466b23644ddacbf5a385e28278c 149dc5064e4941e5be7e217642625693 - - b628d0d4ef3549d491015717114f8314 b628d0d4ef3549d491015717114f8314] 10.0.0.163 "GET /resource_providers/725dca09-b574-45a3-a683-b1e69ec59863/aggregates" status: 404 len: 235 microversion: 1.1 [pid: 8|app: 0|req: 419/835] 10.0.0.163 () {32 vars in 815 bytes} [Mon May 18 01:55:20 2026] GET /resource_providers/725dca09-b574-45a3-a683-b1e69ec59863/aggregates => generated 235 bytes in 13 msecs (HTTP/1.1 404) 5 headers in 202 bytes (1 switches on core 0)
2026-05-18 01:55:20.750 7 INFO placement.requestlog [None req-103a5a1a-5d44-4944-bdec-2ddb95f86019 1262b466b23644ddacbf5a385e28278c 149dc5064e4941e5be7e217642625693 - - b628d0d4ef3549d491015717114f8314 b628d0d4ef3549d491015717114f8314] 10.0.0.163 "DELETE /resource_providers/725dca09-b574-45a3-a683-b1e69ec59863" status: 404 len: 246 microversion: 1.1 [pid: 7|app: 0|req: 417/836] 10.0.0.163 () {34 vars in 815 bytes} [Mon May 18 01:55:20 2026] DELETE /resource_providers/725dca09-b574-45a3-a683-b1e69ec59863 => generated 246 bytes in 20 msecs (HTTP/1.1 404) 6 headers in 231 bytes (1 switches on core 0)
2026-05-18 01:55:20.755 8 INFO placement.requestlog [None req-7c165fc5-5c96-4e4b-af82-14ec6fb0e6a7 1262b466b23644ddacbf5a385e28278c 149dc5064e4941e5be7e217642625693 - - b628d0d4ef3549d491015717114f8314 b628d0d4ef3549d491015717114f8314] 10.0.0.163 "DELETE /resource_providers/725dca09-b574-45a3-a683-b1e69ec59863" status: 404 len: 246 microversion: 1.1 [pid: 8|app: 0|req: 420/837] 10.0.0.163 () {34 vars in 815 bytes} [Mon May 18 01:55:20 2026] DELETE /resource_providers/725dca09-b574-45a3-a683-b1e69ec59863 => generated 246 bytes in 17 msecs (HTTP/1.1 404) 6 headers in 231 bytes (1 switches on core 0)
2026-05-18 01:55:22.773 7 INFO placement.requestlog [None req-9dbf6337-d2e4-495d-a5a9-89c487b78779 1262b466b23644ddacbf5a385e28278c 149dc5064e4941e5be7e217642625693 - - b628d0d4ef3549d491015717114f8314 b628d0d4ef3549d491015717114f8314] 10.0.0.163 "GET /resource_providers/ae6a2d12-c88f-4510-85fd-a4c4bce0c1b0/aggregates" status: 404 len: 235 microversion: 1.1 [pid: 7|app: 0|req: 418/838] 10.0.0.163 () {32 vars in 815 bytes} [Mon May 18 01:55:22 2026] GET /resource_providers/ae6a2d12-c88f-4510-85fd-a4c4bce0c1b0/aggregates => generated 235 bytes in 15 msecs (HTTP/1.1 404) 5 headers in 202 bytes (1 switches on core 0)
2026-05-18 01:55:22.798 8 INFO placement.requestlog [None req-9baca4f9-c8fe-48a4-a00a-811b488a0d46 1262b466b23644ddacbf5a385e28278c 149dc5064e4941e5be7e217642625693 - - b628d0d4ef3549d491015717114f8314 b628d0d4ef3549d491015717114f8314] 10.0.0.163 "GET /resource_providers/ae6a2d12-c88f-4510-85fd-a4c4bce0c1b0/aggregates" status: 404 len: 235 microversion: 1.1 [pid: 8|app: 0|req: 421/839] 10.0.0.163 () {32 vars in 815 bytes} [Mon May 18 01:55:22 2026] GET /resource_providers/ae6a2d12-c88f-4510-85fd-a4c4bce0c1b0/aggregates => generated 235 bytes in 20 msecs (HTTP/1.1 404) 5 headers in 202 bytes (1 switches on core 0)
2026-05-18 01:55:22.799 7 INFO placement.requestlog [None req-cf160b27-17c9-4460-8a92-2fe56dcd9f43 1262b466b23644ddacbf5a385e28278c 149dc5064e4941e5be7e217642625693 - - b628d0d4ef3549d491015717114f8314 b628d0d4ef3549d491015717114f8314] 10.0.0.163 "DELETE /resource_providers/ae6a2d12-c88f-4510-85fd-a4c4bce0c1b0" status: 404 len: 246 microversion: 1.1 [pid: 7|app: 0|req: 419/840] 10.0.0.163 () {34 vars in 815 bytes} [Mon May 18 01:55:22 2026] DELETE /resource_providers/ae6a2d12-c88f-4510-85fd-a4c4bce0c1b0 => generated 246 bytes in 12 msecs (HTTP/1.1 404) 6 headers in 231 bytes (1 switches on core 0)
2026-05-18 01:55:22.841 8 INFO placement.requestlog [None req-5bf74fc4-b4e8-48a2-951a-d965febc04b3 1262b466b23644ddacbf5a385e28278c 149dc5064e4941e5be7e217642625693 - - b628d0d4ef3549d491015717114f8314 b628d0d4ef3549d491015717114f8314] 10.0.0.163 "DELETE /resource_providers/ae6a2d12-c88f-4510-85fd-a4c4bce0c1b0" status: 404 len: 246 microversion: 1.1 [pid: 8|app: 0|req: 422/841] 10.0.0.163 () {34 vars in 815 bytes} [Mon May 18 01:55:22 2026] DELETE /resource_providers/ae6a2d12-c88f-4510-85fd-a4c4bce0c1b0 => generated 246 bytes in 16 msecs (HTTP/1.1 404) 6 headers in 231 bytes (1 switches on core 0)
2026-05-18 01:55:23.625 7 INFO placement.requestlog [req-2555a156-29a0-4ac2-bdfe-7b970c836916 req-72d03c83-ca38-49ce-86fc-922b316a31c4 4ba941b15d2b461eae39ef76166a9dc9 149dc5064e4941e5be7e217642625693 - - b628d0d4ef3549d491015717114f8314 b628d0d4ef3549d491015717114f8314] 199.19.213.250 "GET /resource_providers/20457f28-117f-4ba2-98f8-7f2656d6a76b/allocations" status: 200 len: 352 microversion: 1.0 [pid: 7|app: 0|req: 420/842] 199.19.213.250 () {32 vars in 856 bytes} [Mon May 18 01:55:23 2026] GET /resource_providers/20457f28-117f-4ba2-98f8-7f2656d6a76b/allocations => generated 352 bytes in 19 msecs (HTTP/1.1 200) 6 headers in 224 bytes (1 switches on core 0)
2026-05-18 01:55:23.647 8 INFO placement.requestlog [req-2555a156-29a0-4ac2-bdfe-7b970c836916 req-78c97f61-f098-433e-8633-68c24a638007 4ba941b15d2b461eae39ef76166a9dc9 149dc5064e4941e5be7e217642625693 - - b628d0d4ef3549d491015717114f8314 b628d0d4ef3549d491015717114f8314] 199.19.213.250 "GET /allocations/5101f258-0872-4e45-9a6a-44fca86b08a7" status: 200 len: 257 microversion: 1.28 [pid: 8|app: 0|req: 423/843] 199.19.213.250 () {34 vars in 862 bytes} [Mon May 18 01:55:23 2026] GET /allocations/5101f258-0872-4e45-9a6a-44fca86b08a7 => generated 257 bytes in 16 msecs (HTTP/1.1 200) 8 headers in 296 bytes (1 switches on core 0)
2026-05-18 01:55:23.667 7 INFO placement.requestlog [req-2555a156-29a0-4ac2-bdfe-7b970c836916 req-a5f0cb54-781e-46ed-8a14-905a424e3cb0 4ba941b15d2b461eae39ef76166a9dc9 149dc5064e4941e5be7e217642625693 - - b628d0d4ef3549d491015717114f8314 b628d0d4ef3549d491015717114f8314] 199.19.213.250 "GET /allocations/04588548-f06e-437d-b85f-15f35a88df52" status: 200 len: 257 microversion: 1.28 [pid: 7|app: 0|req: 421/844] 199.19.213.250 () {34 vars in 862 bytes} [Mon May 18 01:55:23 2026] GET /allocations/04588548-f06e-437d-b85f-15f35a88df52 => generated 257 bytes in 12 msecs (HTTP/1.1 200) 8 headers in 296 bytes (1 switches on core 0)
2026-05-18 01:55:23.694 8 INFO placement.requestlog [req-2555a156-29a0-4ac2-bdfe-7b970c836916 req-4d00eb58-6be2-4d86-b2ae-1532497774bf 4ba941b15d2b461eae39ef76166a9dc9 149dc5064e4941e5be7e217642625693 - - b628d0d4ef3549d491015717114f8314 b628d0d4ef3549d491015717114f8314] 199.19.213.250 "GET /allocations/f433124a-b04a-4eb0-866b-763b762db58e" status: 200 len: 257 microversion: 1.28 [pid: 8|app: 0|req: 424/845] 199.19.213.250 () {34 vars in 862 bytes} [Mon May 18 01:55:23 2026] GET /allocations/f433124a-b04a-4eb0-866b-763b762db58e => generated 257 bytes in 15 msecs (HTTP/1.1 200) 8 headers in 296 bytes (1 switches on core 0)
2026-05-18 01:55:23.768 7 INFO placement.requestlog [req-2555a156-29a0-4ac2-bdfe-7b970c836916 req-e4cc0358-638b-4e13-9dcb-a249263ea453 4ba941b15d2b461eae39ef76166a9dc9 149dc5064e4941e5be7e217642625693 - - b628d0d4ef3549d491015717114f8314 b628d0d4ef3549d491015717114f8314] 199.19.213.250 "DELETE /allocations/f433124a-b04a-4eb0-866b-763b762db58e" status: 204 len: 0 microversion: 1.0 [pid: 7|app: 0|req: 422/846] 199.19.213.250 () {34 vars in 840 bytes} [Mon May 18 01:55:23 2026] DELETE /allocations/f433124a-b04a-4eb0-866b-763b762db58e => generated 0 bytes in 44 msecs (HTTP/1.1 204) 5 headers in 198 bytes (1 switches on core 0)
2026-05-18 01:55:27.068 7 INFO placement.requestlog [None req-62d44879-f116-4349-a95b-9d767f890505 - - - - - -] 10.0.0.49 "GET /" status: 200 len: 136 microversion: 1.0
2026-05-18 01:55:27.068 8 INFO placement.requestlog [None req-37ea8eee-1549-488b-8134-ce8f0b9ac502 - - - - - -] 10.0.0.49 "GET /" status: 200 len: 136 microversion: 1.0
2026-05-18 01:55:27.583 8 INFO placement.requestlog [None req-ef8e5742-87eb-4ff1-b75b-53a7fcd9d470 1262b466b23644ddacbf5a385e28278c 149dc5064e4941e5be7e217642625693 - - b628d0d4ef3549d491015717114f8314 b628d0d4ef3549d491015717114f8314] 10.0.0.163 "GET /resource_providers/d0f24b24-9855-4b46-80d7-8fadf57ee328/aggregates" status: 404 len: 235 microversion: 1.1 [pid: 8|app: 0|req: 426/849] 10.0.0.163 () {32 vars in 815 bytes} [Mon May 18 01:55:27 2026] GET /resource_providers/d0f24b24-9855-4b46-80d7-8fadf57ee328/aggregates => generated 235 bytes in 9 msecs (HTTP/1.1 404) 5 headers in 202 bytes (1 switches on core 0)
2026-05-18 01:55:27.584 7 INFO placement.requestlog [None req-02d9dfaa-900f-4106-8356-360f908b6890 1262b466b23644ddacbf5a385e28278c 149dc5064e4941e5be7e217642625693 - - b628d0d4ef3549d491015717114f8314 b628d0d4ef3549d491015717114f8314] 10.0.0.163 "GET /resource_providers/d0f24b24-9855-4b46-80d7-8fadf57ee328/aggregates" status: 404 len: 235 microversion: 1.1 [pid: 7|app: 0|req: 424/850] 10.0.0.163 () {32 vars in 815 bytes} [Mon May 18 01:55:27 2026] GET /resource_providers/d0f24b24-9855-4b46-80d7-8fadf57ee328/aggregates => generated 235 bytes in 10 msecs (HTTP/1.1 404) 5 headers in 202 bytes (1 switches on core 0)
2026-05-18 01:55:27.617 7 INFO placement.requestlog [None req-ddda434c-10bf-4e1c-bd46-7d5a7a3fe081 1262b466b23644ddacbf5a385e28278c 149dc5064e4941e5be7e217642625693 - - b628d0d4ef3549d491015717114f8314 b628d0d4ef3549d491015717114f8314] 10.0.0.163 "DELETE /resource_providers/d0f24b24-9855-4b46-80d7-8fadf57ee328" status: 404 len: 246 microversion: 1.1 [pid: 7|app: 0|req: 425/851] 10.0.0.163 () {34 vars in 815 bytes} [Mon May 18 01:55:27 2026] DELETE /resource_providers/d0f24b24-9855-4b46-80d7-8fadf57ee328 => generated 246 bytes in 10 msecs (HTTP/1.1 404) 6 headers in 231 bytes (1 switches on core 0)
2026-05-18 01:55:27.618 8 INFO placement.requestlog [None req-1537f350-cdc8-40a4-8b60-62e14e088732 1262b466b23644ddacbf5a385e28278c 149dc5064e4941e5be7e217642625693 - - b628d0d4ef3549d491015717114f8314 b628d0d4ef3549d491015717114f8314] 10.0.0.163 "DELETE /resource_providers/d0f24b24-9855-4b46-80d7-8fadf57ee328" status: 404 len: 246 microversion: 1.1 [pid: 8|app: 0|req: 427/852] 10.0.0.163 () {34 vars in 815 bytes} [Mon May 18 01:55:27 2026] DELETE /resource_providers/d0f24b24-9855-4b46-80d7-8fadf57ee328 => generated 246 bytes in 12 msecs (HTTP/1.1 404) 6 headers in 231 bytes (1 switches on core 0)
2026-05-18 01:55:28.319 7 INFO placement.requestlog [None req-abefcf44-9bda-43ba-9781-d10cf2ebfa66 1262b466b23644ddacbf5a385e28278c 149dc5064e4941e5be7e217642625693 - - b628d0d4ef3549d491015717114f8314 b628d0d4ef3549d491015717114f8314] 10.0.0.163 "GET /resource_providers/57547a84-a68b-4e6c-8b27-4437393a45b1/aggregates" status: 404 len: 235 microversion: 1.1 [pid: 7|app: 0|req: 426/853] 10.0.0.163 () {32 vars in 815 bytes} [Mon May 18 01:55:28 2026] GET /resource_providers/57547a84-a68b-4e6c-8b27-4437393a45b1/aggregates => generated 235 bytes in 17 msecs (HTTP/1.1 404) 5 headers in 202 bytes (1 switches on core 0)
2026-05-18 01:55:28.327 8 INFO placement.requestlog [None req-fc597e8e-bf4b-425a-b96a-1367e4f75175 1262b466b23644ddacbf5a385e28278c 149dc5064e4941e5be7e217642625693 - - b628d0d4ef3549d491015717114f8314 b628d0d4ef3549d491015717114f8314] 10.0.0.163 "GET /resource_providers/57547a84-a68b-4e6c-8b27-4437393a45b1/aggregates" status: 404 len: 235 microversion: 1.1 [pid: 8|app: 0|req: 428/854] 10.0.0.163 () {32 vars in 815 bytes} [Mon May 18 01:55:28 2026] GET /resource_providers/57547a84-a68b-4e6c-8b27-4437393a45b1/aggregates => generated 235 bytes in 19 msecs (HTTP/1.1 404) 5 headers in 202 bytes (1 switches on core 0)
