2026-05-21 06:08:59.190 10 WARNING neutron.api.rpc.agentnotifiers.dhcp_rpc_agent_api [None req-70a8e667-01e0-4eb7-bf59-be12587ca954 14f1358bc9e343d3a49fb905c1b51cf4 b596d1aa324b428fa9b59886b28a5fe0 - - default default] Unable to schedule network 41f4ca13-55a2-4fd3-bd2d-4138f64c856a: no agents available; will retry on subsequent port and subnet creation events.
2026-05-21 06:08:59.340 9 INFO neutron.db.ovn_revision_numbers_db [None req-1482a3ad-1445-464a-a156-6aa4739a484a - - - - - -] Successfully bumped revision number for resource 02c97970-1c7b-4ed7-9fe1-ea87333fccce (type: router_ports) to 3
2026-05-21 06:08:59.402 10 INFO neutron.db.ovn_revision_numbers_db [None req-70a8e667-01e0-4eb7-bf59-be12587ca954 14f1358bc9e343d3a49fb905c1b51cf4 b596d1aa324b428fa9b59886b28a5fe0 - - default default] Successfully bumped revision number for resource 06ec186c-2fb4-42b6-92fe-23938036be69 (type: ports) to 1
2026-05-21 06:08:59.538 9 INFO neutron.db.ovn_revision_numbers_db [None req-1482a3ad-1445-464a-a156-6aa4739a484a - - - - - -] Successfully bumped revision number for resource 02c97970-1c7b-4ed7-9fe1-ea87333fccce (type: ports) to 2
2026-05-21 06:08:59.789 9 INFO neutron.db.ovn_revision_numbers_db [None req-1482a3ad-1445-464a-a156-6aa4739a484a - - - - - -] Successfully bumped revision number for resource 02c97970-1c7b-4ed7-9fe1-ea87333fccce (type: ports) to 4
2026-05-21 06:08:59.844 10 INFO neutron.plugins.ml2.drivers.ovn.mech_driver.mech_driver [None req-57002d08-0037-4a3f-a84d-4197daadc4a1 - - - - - -] OVN reports status up for port: 06ec186c-2fb4-42b6-92fe-23938036be69
2026-05-21 06:08:59.854 10 INFO neutron.plugins.ml2.plugin [None req-57002d08-0037-4a3f-a84d-4197daadc4a1 - - - - - -] Attempt 1 to provision port 06ec186c-2fb4-42b6-92fe-23938036be69
2026-05-21 06:08:59.879 10 INFO neutron.db.ovn_revision_numbers_db [None req-70a8e667-01e0-4eb7-bf59-be12587ca954 14f1358bc9e343d3a49fb905c1b51cf4 b596d1aa324b428fa9b59886b28a5fe0 - - default default] Successfully bumped revision number for resource 06ec186c-2fb4-42b6-92fe-23938036be69 (type: router_ports) to 1
2026-05-21 06:09:00.107 10 INFO neutron.db.ovn_revision_numbers_db [None req-70a8e667-01e0-4eb7-bf59-be12587ca954 14f1358bc9e343d3a49fb905c1b51cf4 b596d1aa324b428fa9b59886b28a5fe0 - - default default] Successfully bumped revision number for resource 06ec186c-2fb4-42b6-92fe-23938036be69 (type: ports) to 1
2026-05-21 06:09:00.209 10 WARNING neutron.scheduler.dhcp_agent_scheduler [None req-70a8e667-01e0-4eb7-bf59-be12587ca954 14f1358bc9e343d3a49fb905c1b51cf4 b596d1aa324b428fa9b59886b28a5fe0 - - default default] No more DHCP agents
2026-05-21 06:09:00.213 10 WARNING neutron.api.rpc.agentnotifiers.dhcp_rpc_agent_api [None req-70a8e667-01e0-4eb7-bf59-be12587ca954 14f1358bc9e343d3a49fb905c1b51cf4 b596d1aa324b428fa9b59886b28a5fe0 - - default default] Unable to schedule network 41f4ca13-55a2-4fd3-bd2d-4138f64c856a: no agents available; will retry on subsequent port and subnet creation events.
2026-05-21 06:09:00.284 10 INFO neutron.db.ovn_revision_numbers_db [None req-57002d08-0037-4a3f-a84d-4197daadc4a1 - - - - - -] Successfully bumped revision number for resource 06ec186c-2fb4-42b6-92fe-23938036be69 (type: ports) to 2
2026-05-21 06:09:00.359 9 INFO neutron.db.ovn_revision_numbers_db [None req-1482a3ad-1445-464a-a156-6aa4739a484a - - - - - -] Successfully bumped revision number for resource 02c97970-1c7b-4ed7-9fe1-ea87333fccce (type: router_ports) to 4
2026-05-21 06:09:00.420 10 INFO neutron.db.ovn_revision_numbers_db [None req-57002d08-0037-4a3f-a84d-4197daadc4a1 - - - - - -] Successfully bumped revision number for resource 06ec186c-2fb4-42b6-92fe-23938036be69 (type: router_ports) to 2
2026-05-21 06:09:01.116 10 INFO neutron.db.ovn_revision_numbers_db [None req-70a8e667-01e0-4eb7-bf59-be12587ca954 14f1358bc9e343d3a49fb905c1b51cf4 b596d1aa324b428fa9b59886b28a5fe0 - - default default] Successfully bumped revision number for resource 06ec186c-2fb4-42b6-92fe-23938036be69 (type: router_ports) to 2
2026-05-21 06:09:01.119 10 INFO neutron.wsgi [None req-70a8e667-01e0-4eb7-bf59-be12587ca954 14f1358bc9e343d3a49fb905c1b51cf4 b596d1aa324b428fa9b59886b28a5fe0 - - default default] 10.0.0.31 "PUT /v2.0/routers/3058a9c0-867a-45e8-afc7-da97792bc7f1/add_router_interface HTTP/1.1" status: 200 len: 503 time: 2.4048483
2026-05-21 06:09:01.177 9 WARNING neutron.plugins.ml2.drivers.ovn.mech_driver.ovsdb.ovn_client [None req-bdae711b-8b13-4214-9c2c-d0e26b7da533 - - - - - -] No hosting information found for port e19beeab-cc4a-4a56-a3d9-2c0b97de7dfa: RuntimeError: No hosting information found for port e19beeab-cc4a-4a56-a3d9-2c0b97de7dfa
2026-05-21 06:09:01.177 9 INFO neutron.plugins.ml2.drivers.ovn.mech_driver.mech_driver [None req-bdae711b-8b13-4214-9c2c-d0e26b7da533 - - - - - -] OVN reports status up for port: 780b7623-35c7-422b-b130-f45fa41162d1
2026-05-21 06:09:01.189 9 INFO neutron.plugins.ml2.plugin [None req-bdae711b-8b13-4214-9c2c-d0e26b7da533 - - - - - -] Attempt 1 to provision port 780b7623-35c7-422b-b130-f45fa41162d1
2026-05-21 06:09:01.316 9 INFO neutron.notifiers.nova [-] Nova event matching ['req-be4fd50e-3bda-406b-b7fe-4b376756166a'] response: {'server_uuid': 'bf48c542-19e8-4f45-a323-61b7d3f00e09', 'name': 'network-vif-plugged', 'status': 'completed', 'tag': '780b7623-35c7-422b-b130-f45fa41162d1', 'code': 200}
2026-05-21 06:09:01.508 9 INFO neutron.db.ovn_revision_numbers_db [None req-bdae711b-8b13-4214-9c2c-d0e26b7da533 - - - - - -] Successfully bumped revision number for resource 780b7623-35c7-422b-b130-f45fa41162d1 (type: ports) to 4
2026-05-21 06:09:01.572 9 INFO neutron.plugins.ml2.drivers.ovn.mech_driver.mech_driver [None req-bdae711b-8b13-4214-9c2c-d0e26b7da533 - - - - - -] OVN reports status up for port: 02c97970-1c7b-4ed7-9fe1-ea87333fccce
2026-05-21 06:09:01.586 9 INFO neutron.plugins.ml2.plugin [None req-bdae711b-8b13-4214-9c2c-d0e26b7da533 - - - - - -] Attempt 1 to provision port 02c97970-1c7b-4ed7-9fe1-ea87333fccce /var/lib/openstack/lib/python3.10/site-packages/pycadf/identifier.py:71: UserWarning: Invalid uuid: neutron. To ensure interoperability, identifiers should be a valid uuid. warnings.warn(('Invalid uuid: %s. To ensure interoperability, '
2026-05-21 06:09:02.382 9 INFO neutron.db.ovn_revision_numbers_db [None req-0d80abea-79c6-4b0a-8c56-ca139ff33d69 14f1358bc9e343d3a49fb905c1b51cf4 b596d1aa324b428fa9b59886b28a5fe0 - - default default] Successfully bumped revision number for resource 3cfc095f-9eb8-4367-bcb8-500d47dd97cf (type: security_groups) to 1
2026-05-21 06:09:02.397 9 INFO neutron.db.ovn_revision_numbers_db [None req-0d80abea-79c6-4b0a-8c56-ca139ff33d69 14f1358bc9e343d3a49fb905c1b51cf4 b596d1aa324b428fa9b59886b28a5fe0 - - default default] Successfully bumped revision number for resource 069a389d-4504-4c5c-aba0-f203ca950ba9 (type: security_group_rules) to 0
2026-05-21 06:09:02.415 9 INFO neutron.db.ovn_revision_numbers_db [None req-0d80abea-79c6-4b0a-8c56-ca139ff33d69 14f1358bc9e343d3a49fb905c1b51cf4 b596d1aa324b428fa9b59886b28a5fe0 - - default default] Successfully bumped revision number for resource 17f26b50-2b03-4e35-9e05-e3ee4fc5c866 (type: security_group_rules) to 0
2026-05-21 06:09:02.430 9 INFO neutron.db.ovn_revision_numbers_db [None req-0d80abea-79c6-4b0a-8c56-ca139ff33d69 14f1358bc9e343d3a49fb905c1b51cf4 b596d1aa324b428fa9b59886b28a5fe0 - - default default] Successfully bumped revision number for resource 5ad5f27e-5eec-4d64-8098-e77b6dd795fa (type: security_group_rules) to 0
2026-05-21 06:09:02.445 9 INFO neutron.db.ovn_revision_numbers_db [None req-0d80abea-79c6-4b0a-8c56-ca139ff33d69 14f1358bc9e343d3a49fb905c1b51cf4 b596d1aa324b428fa9b59886b28a5fe0 - - default default] Successfully bumped revision number for resource c637bdab-a96d-461d-876f-9a5ea4f7bf2d (type: security_group_rules) to 0
2026-05-21 06:09:02.493 9 INFO neutron.db.segments_db [None req-0d80abea-79c6-4b0a-8c56-ca139ff33d69 14f1358bc9e343d3a49fb905c1b51cf4 b596d1aa324b428fa9b59886b28a5fe0 - - default default] Added segment e7b0859b-2d1d-49ea-9d20-e9996e0a7ee5 of type geneve for network 7dddf7d7-0981-4039-9575-818ab27c1289
2026-05-21 06:09:02.672 9 INFO neutron.db.ovn_revision_numbers_db [None req-0d80abea-79c6-4b0a-8c56-ca139ff33d69 14f1358bc9e343d3a49fb905c1b51cf4 b596d1aa324b428fa9b59886b28a5fe0 - - default default] Successfully bumped revision number for resource 7dddf7d7-0981-4039-9575-818ab27c1289 (type: networks) to 1
2026-05-21 06:09:02.865 9 WARNING neutron.scheduler.dhcp_agent_scheduler [None req-0d80abea-79c6-4b0a-8c56-ca139ff33d69 14f1358bc9e343d3a49fb905c1b51cf4 b596d1aa324b428fa9b59886b28a5fe0 - - default default] No more DHCP agents
2026-05-21 06:09:02.867 9 WARNING neutron.api.rpc.agentnotifiers.dhcp_rpc_agent_api [None req-0d80abea-79c6-4b0a-8c56-ca139ff33d69 14f1358bc9e343d3a49fb905c1b51cf4 b596d1aa324b428fa9b59886b28a5fe0 - - default default] Unable to schedule network 7dddf7d7-0981-4039-9575-818ab27c1289: no agents available; will retry on subsequent port and subnet creation events.
2026-05-21 06:09:02.948 9 INFO neutron.db.ovn_revision_numbers_db [None req-0d80abea-79c6-4b0a-8c56-ca139ff33d69 14f1358bc9e343d3a49fb905c1b51cf4 b596d1aa324b428fa9b59886b28a5fe0 - - default default] Successfully bumped revision number for resource a02d425b-8af2-46a6-b1bb-0b7322edd02e (type: ports) to 1
2026-05-21 06:09:02.980 9 INFO neutron.wsgi [None req-0d80abea-79c6-4b0a-8c56-ca139ff33d69 14f1358bc9e343d3a49fb905c1b51cf4 b596d1aa324b428fa9b59886b28a5fe0 - - default default] 10.0.0.31 "POST /v2.0/networks HTTP/1.1" status: 201 len: 943 time: 0.7384529
2026-05-21 06:09:03.157 9 WARNING neutron.scheduler.dhcp_agent_scheduler [None req-1215fb92-87f8-4c18-b130-04fa305c2783 14f1358bc9e343d3a49fb905c1b51cf4 b596d1aa324b428fa9b59886b28a5fe0 - - default default] No more DHCP agents
2026-05-21 06:09:03.160 9 WARNING neutron.api.rpc.agentnotifiers.dhcp_rpc_agent_api [None req-1215fb92-87f8-4c18-b130-04fa305c2783 14f1358bc9e343d3a49fb905c1b51cf4 b596d1aa324b428fa9b59886b28a5fe0 - - default default] Unable to schedule network 7dddf7d7-0981-4039-9575-818ab27c1289: no agents available; will retry on subsequent port and subnet creation events.
2026-05-21 06:09:03.373 9 INFO neutron.notifiers.nova [-] Nova event matching ['req-10e2b8bb-39bc-46da-b4ad-882046f4f851'] response: {'server_uuid': 'bf48c542-19e8-4f45-a323-61b7d3f00e09', 'name': 'network-vif-plugged', 'status': 'completed', 'tag': '780b7623-35c7-422b-b130-f45fa41162d1', 'code': 200}
2026-05-21 06:09:03.696 9 INFO neutron.wsgi [req-fb791f61-ed35-480e-ab6f-5cd847afd2de req-5536f8bb-a15e-42b8-9e82-a1d8bf6d79ae 492bf0e032bc446daa8e01e25b07498a 31d248f038194717bf2fd0052df59473 - - default default] 10.0.0.167 "GET /v2.0/ports?device_id=bf48c542-19e8-4f45-a323-61b7d3f00e09 HTTP/1.1" status: 200 len: 1396 time: 0.1162779
2026-05-21 06:09:03.708 9 INFO neutron.db.ovn_revision_numbers_db [None req-1215fb92-87f8-4c18-b130-04fa305c2783 14f1358bc9e343d3a49fb905c1b51cf4 b596d1aa324b428fa9b59886b28a5fe0 - - default default] Successfully bumped revision number for resource a02d425b-8af2-46a6-b1bb-0b7322edd02e (type: ports) to 2
2026-05-21 06:09:03.742 9 INFO neutron.db.ovn_revision_numbers_db [None req-1215fb92-87f8-4c18-b130-04fa305c2783 14f1358bc9e343d3a49fb905c1b51cf4 b596d1aa324b428fa9b59886b28a5fe0 - - default default] Successfully bumped revision number for resource 75bc2e06-0192-4441-80c2-cf5706a03425 (type: subnets) to 0
2026-05-21 06:09:03.761 9 INFO neutron.wsgi [req-fb791f61-ed35-480e-ab6f-5cd847afd2de req-5caf1490-a275-4958-a295-b51d4a7af787 492bf0e032bc446daa8e01e25b07498a 31d248f038194717bf2fd0052df59473 - - default default] 10.0.0.167 "GET /v2.0/security-groups?id=fba01e4b-1487-4ba3-aaec-4f7b998724f7&fields=id&fields=name HTTP/1.1" status: 200 len: 310 time: 0.0591004
2026-05-21 06:09:03.764 9 INFO neutron.wsgi [None req-1215fb92-87f8-4c18-b130-04fa305c2783 14f1358bc9e343d3a49fb905c1b51cf4 b596d1aa324b428fa9b59886b28a5fe0 - - default default] 10.0.0.31 "POST /v2.0/subnets HTTP/1.1" status: 201 len: 863 time: 0.7781260
2026-05-21 06:09:03.911 10 INFO neutron.wsgi [None req-1bb5bf66-ac0f-4407-87a2-05dc53b1c274 492bf0e032bc446daa8e01e25b07498a 31d248f038194717bf2fd0052df59473 - - default default] 10.0.0.31 "GET /v2.0/ports?network_id=0e771680-e4ee-4e18-8167-6478bbf260ab&mac_address=fa%3A16%3A3e%3A46%3Aff%3Acb HTTP/1.1" status: 200 len: 1391 time: 0.1200027
2026-05-21 06:09:03.936 9 WARNING neutron_lib.context [None req-f93a5cae-c228-408e-807c-c2911b9804c8 492bf0e032bc446daa8e01e25b07498a 31d248f038194717bf2fd0052df59473 - - default default] Method 'is_advsvc' is deprecated since 2023.2 release (neutron-lib 3.8.0) and will be removed once support for the old RBAC API policies will be removed from Neutron. Please use method 'is_service_role' instead.
2026-05-21 06:09:04.339 9 WARNING neutron.scheduler.dhcp_agent_scheduler [None req-f93a5cae-c228-408e-807c-c2911b9804c8 492bf0e032bc446daa8e01e25b07498a 31d248f038194717bf2fd0052df59473 - - default default] No more DHCP agents
2026-05-21 06:09:04.342 9 WARNING neutron.api.rpc.agentnotifiers.dhcp_rpc_agent_api [None req-f93a5cae-c228-408e-807c-c2911b9804c8 492bf0e032bc446daa8e01e25b07498a 31d248f038194717bf2fd0052df59473 - - default default] Unable to schedule network 1ce885a1-e630-4a49-96c6-ca1d2e781844: no agents available; will retry on subsequent port and subnet creation events.
2026-05-21 06:09:04.384 9 WARNING neutron.scheduler.dhcp_agent_scheduler [None req-f4f8c2d6-2570-465a-882d-3457158ebbe1 14f1358bc9e343d3a49fb905c1b51cf4 b596d1aa324b428fa9b59886b28a5fe0 - - default default] No more DHCP agents
2026-05-21 06:09:04.392 9 WARNING neutron.api.rpc.agentnotifiers.dhcp_rpc_agent_api [None req-f4f8c2d6-2570-465a-882d-3457158ebbe1 14f1358bc9e343d3a49fb905c1b51cf4 b596d1aa324b428fa9b59886b28a5fe0 - - default default] Unable to schedule network 1ce885a1-e630-4a49-96c6-ca1d2e781844: no agents available; will retry on subsequent port and subnet creation events.
2026-05-21 06:09:04.615 9 INFO neutron.db.ovn_revision_numbers_db [None req-f4f8c2d6-2570-465a-882d-3457158ebbe1 14f1358bc9e343d3a49fb905c1b51cf4 b596d1aa324b428fa9b59886b28a5fe0 - - default default] Successfully bumped revision number for resource 79d3278d-02b0-458e-ad32-cf83c29bb862 (type: ports) to 1
2026-05-21 06:09:04.894 9 INFO neutron.db.l3_db [None req-f93a5cae-c228-408e-807c-c2911b9804c8 492bf0e032bc446daa8e01e25b07498a 31d248f038194717bf2fd0052df59473 - - default default] Floating IP 9f571969-e438-4a28-9ff3-1c7b86e8fa7c associated. External IP: 10.96.250.215, port: 780b7623-35c7-422b-b130-f45fa41162d1.
2026-05-21 06:09:05.425 10 WARNING neutron.plugins.ml2.drivers.ovn.mech_driver.ovsdb.ovn_client [None req-57002d08-0037-4a3f-a84d-4197daadc4a1 - - - - - -] No hosting information found for port 06ec186c-2fb4-42b6-92fe-23938036be69: RuntimeError: No hosting information found for port 06ec186c-2fb4-42b6-92fe-23938036be69
2026-05-21 06:09:05.552 9 INFO neutron.db.ovn_revision_numbers_db [None req-f93a5cae-c228-408e-807c-c2911b9804c8 492bf0e032bc446daa8e01e25b07498a 31d248f038194717bf2fd0052df59473 - - default default] Successfully bumped revision number for resource 9f571969-e438-4a28-9ff3-1c7b86e8fa7c (type: floatingips) to 0
2026-05-21 06:09:05.721 9 INFO neutron.db.ovn_revision_numbers_db [None req-f93a5cae-c228-408e-807c-c2911b9804c8 492bf0e032bc446daa8e01e25b07498a 31d248f038194717bf2fd0052df59473 - - default default] Successfully bumped revision number for resource 9f571969-e438-4a28-9ff3-1c7b86e8fa7c (type: floatingips) to 1
2026-05-21 06:09:05.744 10 INFO neutron.wsgi [-] 10.0.0.172 "GET / HTTP/1.1" status: 200 len: 246 time: 0.0030158
2026-05-21 06:09:05.747 10 INFO neutron.wsgi [-] 10.0.0.172 "GET / HTTP/1.1" status: 200 len: 246 time: 0.0019767
2026-05-21 06:09:05.804 10 INFO neutron.plugins.ml2.drivers.ovn.mech_driver.mech_driver [None req-57002d08-0037-4a3f-a84d-4197daadc4a1 - - - - - -] OVN reports status up for port: 79d3278d-02b0-458e-ad32-cf83c29bb862
2026-05-21 06:09:05.818 9 INFO neutron.wsgi [None req-f93a5cae-c228-408e-807c-c2911b9804c8 492bf0e032bc446daa8e01e25b07498a 31d248f038194717bf2fd0052df59473 - - default default] 10.0.0.31 "POST /v2.0/floatingips HTTP/1.1" status: 201 len: 1053 time: 1.9021506
2026-05-21 06:09:05.828 10 INFO neutron.plugins.ml2.plugin [None req-57002d08-0037-4a3f-a84d-4197daadc4a1 - - - - - -] Attempt 1 to provision port 79d3278d-02b0-458e-ad32-cf83c29bb862
2026-05-21 06:09:05.831 9 INFO neutron.plugins.ml2.drivers.ovn.mech_driver.ovsdb.ovsdb_monitor [None req-1482a3ad-1445-464a-a156-6aa4739a484a - - - - - -] Router 2ad8d030-6d53-4fb5-88f6-2f61c2a36a99 is bound to host instance
2026-05-21 06:09:05.861 9 INFO neutron.notifiers.nova [-] Nova event matching ['req-1a5bba91-52d9-4d9b-8806-987df925b12c'] response: {'name': 'network-changed', 'server_uuid': 'bf48c542-19e8-4f45-a323-61b7d3f00e09', 'tag': '780b7623-35c7-422b-b130-f45fa41162d1', 'status': 'completed', 'code': 200}
2026-05-21 06:09:05.873 9 INFO neutron.db.ovn_revision_numbers_db [None req-f4f8c2d6-2570-465a-882d-3457158ebbe1 14f1358bc9e343d3a49fb905c1b51cf4 b596d1aa324b428fa9b59886b28a5fe0 - - default default] Successfully bumped revision number for resource 79d3278d-02b0-458e-ad32-cf83c29bb862 (type: router_ports) to 1 /var/lib/openstack/lib/python3.10/site-packages/pycadf/identifier.py:71: UserWarning: Invalid uuid: neutron. To ensure interoperability, identifiers should be a valid uuid. warnings.warn(('Invalid uuid: %s. To ensure interoperability, '
2026-05-21 06:09:05.924 10 INFO neutron.wsgi [req-e69cb4d3-59ba-430b-911a-3ab47c5e885f req-db929c18-838f-49a5-a3b0-70ce723b6da1 229501d8a6c14532b4471656d3f47bda 898e81d6baed46e2827c75275a9facd0 - - 3956b636088b444f9ad1deef5c6431c0 3956b636088b444f9ad1deef5c6431c0] 199.19.213.138 "GET /v2.0/ports?tenant_id=31d248f038194717bf2fd0052df59473&device_id=bf48c542-19e8-4f45-a323-61b7d3f00e09 HTTP/1.1" status: 200 len: 1634 time: 0.0387106
2026-05-21 06:09:05.975 9 INFO neutron.wsgi [req-c8da37bc-be46-49da-9bb6-62c5ff6d7d34 req-db5b42ee-96f9-4c43-81e4-3d35adf8a247 492bf0e032bc446daa8e01e25b07498a 31d248f038194717bf2fd0052df59473 - - default default] 10.0.0.167 "GET /v2.0/security-groups?name=tempest-lb_member_SG-344128920&fields=id&tenant_id=31d248f038194717bf2fd0052df59473 HTTP/1.1" status: 200 len: 267 time: 0.0607800
2026-05-21 06:09:06.001 10 INFO neutron.wsgi [req-e69cb4d3-59ba-430b-911a-3ab47c5e885f req-fd0ed958-4b80-4e21-a4bd-46e21562b4bc 229501d8a6c14532b4471656d3f47bda 898e81d6baed46e2827c75275a9facd0 - - 3956b636088b444f9ad1deef5c6431c0 3956b636088b444f9ad1deef5c6431c0] 199.19.213.138 "GET /v2.0/networks?id=0e771680-e4ee-4e18-8167-6478bbf260ab HTTP/1.1" status: 200 len: 1002 time: 0.0697324
2026-05-21 06:09:06.006 9 INFO neutron.db.ovn_revision_numbers_db [None req-f4f8c2d6-2570-465a-882d-3457158ebbe1 14f1358bc9e343d3a49fb905c1b51cf4 b596d1aa324b428fa9b59886b28a5fe0 - - default default] Successfully bumped revision number for resource 2ad8d030-6d53-4fb5-88f6-2f61c2a36a99 (type: routers) to 2
2026-05-21 06:09:06.047 9 INFO neutron.wsgi [None req-f4f8c2d6-2570-465a-882d-3457158ebbe1 14f1358bc9e343d3a49fb905c1b51cf4 b596d1aa324b428fa9b59886b28a5fe0 - - default default] 10.0.0.31 "POST /v2.0/routers HTTP/1.1" status: 201 len: 874 time: 2.2773383
2026-05-21 06:09:06.095 10 INFO neutron.wsgi [req-e69cb4d3-59ba-430b-911a-3ab47c5e885f req-eddc0662-1bf7-45ca-8026-a32af8c29b8a 229501d8a6c14532b4471656d3f47bda 898e81d6baed46e2827c75275a9facd0 - - 3956b636088b444f9ad1deef5c6431c0 3956b636088b444f9ad1deef5c6431c0] 199.19.213.138 "GET /v2.0/floatingips?fixed_ip_address=10.2.1.20&port_id=780b7623-35c7-422b-b130-f45fa41162d1 HTTP/1.1" status: 200 len: 1058 time: 0.0892541
2026-05-21 06:09:06.098 9 INFO neutron.wsgi [req-c8da37bc-be46-49da-9bb6-62c5ff6d7d34 req-e352709d-f060-4fa8-93bf-848c6d12504c 492bf0e032bc446daa8e01e25b07498a 31d248f038194717bf2fd0052df59473 - - default default] 10.0.0.167 "GET /v2.0/networks?id=fccbd632-80dd-46b8-8585-ad570cbd8729 HTTP/1.1" status: 200 len: 903 time: 0.1140919
2026-05-21 06:09:06.120 9 INFO neutron.wsgi [req-c8da37bc-be46-49da-9bb6-62c5ff6d7d34 req-97822292-ab42-48cb-aced-5a83c12a80f9 492bf0e032bc446daa8e01e25b07498a 31d248f038194717bf2fd0052df59473 - - default default] 10.0.0.167 "GET /v2.0/quotas/31d248f038194717bf2fd0052df59473 HTTP/1.1" status: 200 len: 386 time: 0.0141821
2026-05-21 06:09:06.129 10 INFO neutron.wsgi [req-e69cb4d3-59ba-430b-911a-3ab47c5e885f req-083d92ab-6a8f-4189-94a0-fbeee95364dd 229501d8a6c14532b4471656d3f47bda 898e81d6baed46e2827c75275a9facd0 - - 3956b636088b444f9ad1deef5c6431c0 3956b636088b444f9ad1deef5c6431c0] 199.19.213.138 "GET /v2.0/floatingips?fixed_ip_address=fd7b%3Af9f7%3Afff%3A4eca%3A%3A216&port_id=780b7623-35c7-422b-b130-f45fa41162d1 HTTP/1.1" status: 200 len: 217 time: 0.0221741
2026-05-21 06:09:06.185 10 INFO neutron.wsgi [req-e69cb4d3-59ba-430b-911a-3ab47c5e885f req-2693f159-ed02-452e-b59e-4e14d95675d5 229501d8a6c14532b4471656d3f47bda 898e81d6baed46e2827c75275a9facd0 - - 3956b636088b444f9ad1deef5c6431c0 3956b636088b444f9ad1deef5c6431c0] 199.19.213.138 "GET /v2.0/subnets?id=e1e782cc-49ed-4754-98db-4acdf488bbb6&id=a7647130-4d68-49fc-808c-9b7dadc5feb4 HTTP/1.1" status: 200 len: 1559 time: 0.0507722
2026-05-21 06:09:06.224 10 INFO neutron.wsgi [req-e69cb4d3-59ba-430b-911a-3ab47c5e885f req-b6abb454-e03f-42f5-9115-c619da7e95e7 229501d8a6c14532b4471656d3f47bda 898e81d6baed46e2827c75275a9facd0 - - 3956b636088b444f9ad1deef5c6431c0 3956b636088b444f9ad1deef5c6431c0] 199.19.213.138 "GET /v2.0/ports?network_id=0e771680-e4ee-4e18-8167-6478bbf260ab&device_owner=network%3Adhcp HTTP/1.1" status: 200 len: 210 time: 0.0317707
2026-05-21 06:09:06.256 10 INFO neutron.wsgi [req-e69cb4d3-59ba-430b-911a-3ab47c5e885f req-37a76e7c-b913-4923-ae33-74d1feeb9d99 229501d8a6c14532b4471656d3f47bda 898e81d6baed46e2827c75275a9facd0 - - 3956b636088b444f9ad1deef5c6431c0 3956b636088b444f9ad1deef5c6431c0] 199.19.213.138 "GET /v2.0/ports?network_id=0e771680-e4ee-4e18-8167-6478bbf260ab&device_owner=network%3Adhcp HTTP/1.1" status: 200 len: 210 time: 0.0216413
2026-05-21 06:09:06.339 10 INFO neutron.wsgi [req-e69cb4d3-59ba-430b-911a-3ab47c5e885f req-90837b3d-a665-4394-84d5-5b078f4ac843 229501d8a6c14532b4471656d3f47bda 898e81d6baed46e2827c75275a9facd0 - - 3956b636088b444f9ad1deef5c6431c0 3956b636088b444f9ad1deef5c6431c0] 199.19.213.138 "GET /v2.0/networks/0e771680-e4ee-4e18-8167-6478bbf260ab?fields=segments HTTP/1.1" status: 200 len: 212 time: 0.0736728
2026-05-21 06:09:06.339 9 INFO neutron.wsgi [req-c8da37bc-be46-49da-9bb6-62c5ff6d7d34 req-e2a6c2d7-e1fd-47e1-ae8d-a7514eeb86aa 492bf0e032bc446daa8e01e25b07498a 31d248f038194717bf2fd0052df59473 - - default default] 10.0.0.167 "GET /v2.0/ports?tenant_id=31d248f038194717bf2fd0052df59473&fields=id HTTP/1.1" status: 200 len: 532 time: 0.2095466
2026-05-21 06:09:06.435 10 INFO neutron.wsgi [req-e69cb4d3-59ba-430b-911a-3ab47c5e885f req-740fd58f-5122-4486-9af4-5dad297b5366 229501d8a6c14532b4471656d3f47bda 898e81d6baed46e2827c75275a9facd0 - - 3956b636088b444f9ad1deef5c6431c0 3956b636088b444f9ad1deef5c6431c0] 199.19.213.138 "GET /v2.0/networks/0e771680-e4ee-4e18-8167-6478bbf260ab?fields=provider%3Aphysical_network&fields=provider%3Anetwork_type HTTP/1.1" status: 200 len: 277 time: 0.0861223
2026-05-21 06:09:06.447 9 INFO neutron.wsgi [req-c8da37bc-be46-49da-9bb6-62c5ff6d7d34 req-d19ceae8-0df5-4629-b9db-8cee2b9ac485 229501d8a6c14532b4471656d3f47bda 898e81d6baed46e2827c75275a9facd0 - - 3956b636088b444f9ad1deef5c6431c0 3956b636088b444f9ad1deef5c6431c0] 10.0.0.167 "GET /v2.0/networks/fccbd632-80dd-46b8-8585-ad570cbd8729?fields=segments HTTP/1.1" status: 200 len: 212 time: 0.0937896
2026-05-21 06:09:06.552 9 INFO neutron.wsgi [req-c8da37bc-be46-49da-9bb6-62c5ff6d7d34 req-f4cf44c8-9e08-45a2-88dd-f1b87915b974 229501d8a6c14532b4471656d3f47bda 898e81d6baed46e2827c75275a9facd0 - - 3956b636088b444f9ad1deef5c6431c0 3956b636088b444f9ad1deef5c6431c0] 10.0.0.167 "GET /v2.0/networks/fccbd632-80dd-46b8-8585-ad570cbd8729?fields=provider%3Aphysical_network&fields=provider%3Anetwork_type HTTP/1.1" status: 200 len: 277 time: 0.0903127
2026-05-21 06:09:06.604 9 INFO neutron.db.ovn_revision_numbers_db [None req-1482a3ad-1445-464a-a156-6aa4739a484a - - - - - -] Successfully bumped revision number for resource 79d3278d-02b0-458e-ad32-cf83c29bb862 (type: ports) to 1
2026-05-21 06:09:06.641 10 WARNING neutron.scheduler.dhcp_agent_scheduler [None req-12846c57-c45a-4ca7-a4b2-640b2d381e34 14f1358bc9e343d3a49fb905c1b51cf4 b596d1aa324b428fa9b59886b28a5fe0 - - default default] No more DHCP agents
2026-05-21 06:09:06.644 10 WARNING neutron.api.rpc.agentnotifiers.dhcp_rpc_agent_api [None req-12846c57-c45a-4ca7-a4b2-640b2d381e34 14f1358bc9e343d3a49fb905c1b51cf4 b596d1aa324b428fa9b59886b28a5fe0 - - default default] Unable to schedule network 7dddf7d7-0981-4039-9575-818ab27c1289: no agents available; will retry on subsequent port and subnet creation events.
2026-05-21 06:09:06.724 9 INFO neutron.wsgi [req-53d51af9-d234-43be-bf1f-ed9e7a91598f req-01ca0009-a09d-47e7-af9d-3255f25084c5 492bf0e032bc446daa8e01e25b07498a 31d248f038194717bf2fd0052df59473 - - default default] 10.0.0.167 "GET /v2.0/ports?device_id=a8e8e29f-c422-4b56-bfa7-b8fa4f12d94f HTTP/1.1" status: 200 len: 210 time: 0.0387883
2026-05-21 06:09:06.825 10 INFO neutron.db.ovn_revision_numbers_db [None req-12846c57-c45a-4ca7-a4b2-640b2d381e34 14f1358bc9e343d3a49fb905c1b51cf4 b596d1aa324b428fa9b59886b28a5fe0 - - default default] Successfully bumped revision number for resource eda44512-5b47-40c9-932a-d2cf7151db76 (type: ports) to 1
2026-05-21 06:09:06.870 9 INFO neutron.db.ovn_revision_numbers_db [None req-1482a3ad-1445-464a-a156-6aa4739a484a - - - - - -] Successfully bumped revision number for resource 79d3278d-02b0-458e-ad32-cf83c29bb862 (type: router_ports) to 3
2026-05-21 06:09:07.038 9 INFO neutron.db.ovn_revision_numbers_db [None req-1482a3ad-1445-464a-a156-6aa4739a484a - - - - - -] Successfully bumped revision number for resource 79d3278d-02b0-458e-ad32-cf83c29bb862 (type: ports) to 2
2026-05-21 06:09:07.243 9 INFO neutron.plugins.ml2.drivers.ovn.mech_driver.mech_driver [None req-bdae711b-8b13-4214-9c2c-d0e26b7da533 - - - - - -] OVN reports status up for port: eda44512-5b47-40c9-932a-d2cf7151db76
2026-05-21 06:09:07.255 9 INFO neutron.plugins.ml2.plugin [None req-bdae711b-8b13-4214-9c2c-d0e26b7da533 - - - - - -] Attempt 1 to provision port eda44512-5b47-40c9-932a-d2cf7151db76
2026-05-21 06:09:07.265 10 INFO neutron.db.ovn_revision_numbers_db [None req-12846c57-c45a-4ca7-a4b2-640b2d381e34 14f1358bc9e343d3a49fb905c1b51cf4 b596d1aa324b428fa9b59886b28a5fe0 - - default default] Successfully bumped revision number for resource eda44512-5b47-40c9-932a-d2cf7151db76 (type: router_ports) to 1
2026-05-21 06:09:07.353 9 INFO neutron.db.ovn_revision_numbers_db [None req-1482a3ad-1445-464a-a156-6aa4739a484a - - - - - -] Successfully bumped revision number for resource 79d3278d-02b0-458e-ad32-cf83c29bb862 (type: ports) to 4
2026-05-21 06:09:07.452 10 INFO neutron.wsgi [req-c8da37bc-be46-49da-9bb6-62c5ff6d7d34 req-3a2b44cc-dcb8-4c54-8a14-d68f7d55d3fc 492bf0e032bc446daa8e01e25b07498a 31d248f038194717bf2fd0052df59473 - - default default] 199.19.213.138 "GET /v2.0/networks?id=fccbd632-80dd-46b8-8585-ad570cbd8729 HTTP/1.1" status: 200 len: 903 time: 0.0812254
2026-05-21 06:09:07.479 10 INFO neutron.db.ovn_revision_numbers_db [None req-12846c57-c45a-4ca7-a4b2-640b2d381e34 14f1358bc9e343d3a49fb905c1b51cf4 b596d1aa324b428fa9b59886b28a5fe0 - - default default] Successfully bumped revision number for resource eda44512-5b47-40c9-932a-d2cf7151db76 (type: ports) to 1
2026-05-21 06:09:07.511 10 INFO neutron.wsgi [req-c8da37bc-be46-49da-9bb6-62c5ff6d7d34 req-281e78c9-a437-4993-90f1-8522c52fe893 492bf0e032bc446daa8e01e25b07498a 31d248f038194717bf2fd0052df59473 - - default default] 199.19.213.138 "GET /v2.0/security-groups?fields=id&fields=name&tenant_id=31d248f038194717bf2fd0052df59473 HTTP/1.1" status: 200 len: 377 time: 0.0523043
2026-05-21 06:09:07.539 10 WARNING neutron_lib.context [req-c8da37bc-be46-49da-9bb6-62c5ff6d7d34 req-1e57dd1d-78a5-4c42-a792-5ccf259af0ed 492bf0e032bc446daa8e01e25b07498a 31d248f038194717bf2fd0052df59473 - - default default] Method 'is_advsvc' is deprecated since 2023.2 release (neutron-lib 3.8.0) and will be removed once support for the old RBAC API policies will be removed from Neutron. Please use method 'is_service_role' instead.
2026-05-21 06:09:07.595 10 WARNING neutron.scheduler.dhcp_agent_scheduler [None req-12846c57-c45a-4ca7-a4b2-640b2d381e34 14f1358bc9e343d3a49fb905c1b51cf4 b596d1aa324b428fa9b59886b28a5fe0 - - default default] No more DHCP agents
2026-05-21 06:09:07.597 10 WARNING neutron.api.rpc.agentnotifiers.dhcp_rpc_agent_api [None req-12846c57-c45a-4ca7-a4b2-640b2d381e34 14f1358bc9e343d3a49fb905c1b51cf4 b596d1aa324b428fa9b59886b28a5fe0 - - default default] Unable to schedule network 7dddf7d7-0981-4039-9575-818ab27c1289: no agents available; will retry on subsequent port and subnet creation events.
2026-05-21 06:09:07.934 9 INFO neutron.db.ovn_revision_numbers_db [None req-1482a3ad-1445-464a-a156-6aa4739a484a - - - - - -] Successfully bumped revision number for resource 79d3278d-02b0-458e-ad32-cf83c29bb862 (type: router_ports) to 4
2026-05-21 06:09:07.963 9 INFO neutron.db.ovn_revision_numbers_db [None req-bdae711b-8b13-4214-9c2c-d0e26b7da533 - - - - - -] Successfully bumped revision number for resource eda44512-5b47-40c9-932a-d2cf7151db76 (type: ports) to 2
2026-05-21 06:09:08.076 9 INFO neutron.db.ovn_revision_numbers_db [None req-bdae711b-8b13-4214-9c2c-d0e26b7da533 - - - - - -] Successfully bumped revision number for resource eda44512-5b47-40c9-932a-d2cf7151db76 (type: router_ports) to 2
2026-05-21 06:09:08.367 10 WARNING neutron.scheduler.dhcp_agent_scheduler [req-c8da37bc-be46-49da-9bb6-62c5ff6d7d34 req-1e57dd1d-78a5-4c42-a792-5ccf259af0ed 492bf0e032bc446daa8e01e25b07498a 31d248f038194717bf2fd0052df59473 - - default default] No more DHCP agents
2026-05-21 06:09:08.370 10 WARNING neutron.api.rpc.agentnotifiers.dhcp_rpc_agent_api [req-c8da37bc-be46-49da-9bb6-62c5ff6d7d34 req-1e57dd1d-78a5-4c42-a792-5ccf259af0ed 492bf0e032bc446daa8e01e25b07498a 31d248f038194717bf2fd0052df59473 - - default default] Unable to schedule network fccbd632-80dd-46b8-8585-ad570cbd8729: no agents available; will retry on subsequent port and subnet creation events.
2026-05-21 06:09:08.614 10 INFO neutron.db.ovn_revision_numbers_db [req-c8da37bc-be46-49da-9bb6-62c5ff6d7d34 req-1e57dd1d-78a5-4c42-a792-5ccf259af0ed 492bf0e032bc446daa8e01e25b07498a 31d248f038194717bf2fd0052df59473 - - default default] Successfully bumped revision number for resource 6df714d4-d75f-497b-a56e-6db116190dcb (type: ports) to 1
2026-05-21 06:09:08.641 10 INFO neutron.wsgi [req-c8da37bc-be46-49da-9bb6-62c5ff6d7d34 req-1e57dd1d-78a5-4c42-a792-5ccf259af0ed 492bf0e032bc446daa8e01e25b07498a 31d248f038194717bf2fd0052df59473 - - default default] 199.19.213.138 "POST /v2.0/ports HTTP/1.1" status: 201 len: 1388 time: 1.1096931 /var/lib/openstack/lib/python3.10/site-packages/pycadf/identifier.py:71: UserWarning: Invalid uuid: neutron. To ensure interoperability, identifiers should be a valid uuid. warnings.warn(('Invalid uuid: %s. To ensure interoperability, '
2026-05-21 06:09:08.748 10 INFO neutron.db.ovn_revision_numbers_db [None req-12846c57-c45a-4ca7-a4b2-640b2d381e34 14f1358bc9e343d3a49fb905c1b51cf4 b596d1aa324b428fa9b59886b28a5fe0 - - default default] Successfully bumped revision number for resource eda44512-5b47-40c9-932a-d2cf7151db76 (type: router_ports) to 2
2026-05-21 06:09:08.750 10 INFO neutron.wsgi [None req-12846c57-c45a-4ca7-a4b2-640b2d381e34 14f1358bc9e343d3a49fb905c1b51cf4 b596d1aa324b428fa9b59886b28a5fe0 - - default default] 10.0.0.31 "PUT /v2.0/routers/2ad8d030-6d53-4fb5-88f6-2f61c2a36a99/add_router_interface HTTP/1.1" status: 200 len: 503 time: 2.6883922
2026-05-21 06:09:08.872 10 INFO neutron.wsgi [None req-24833064-87d7-4b23-b98e-86d3afbce923 14f1358bc9e343d3a49fb905c1b51cf4 b596d1aa324b428fa9b59886b28a5fe0 - - default default] 10.0.0.104 "GET /v2.0/subnets HTTP/1.1" status: 200 len: 6798 time: 0.2267017
2026-05-21 06:09:08.908 10 INFO neutron.wsgi [None req-c3882fad-a842-4524-87c1-b94c7b2ad263 14f1358bc9e343d3a49fb905c1b51cf4 b596d1aa324b428fa9b59886b28a5fe0 - - default default] 10.0.0.104 "GET /v2.0/subnetpools HTTP/1.1" status: 200 len: 193 time: 0.0324433
2026-05-21 06:09:09.030 10 INFO neutron.wsgi [None req-6ac2b23e-62c2-4bce-9eee-cdb031bb9fae 14f1358bc9e343d3a49fb905c1b51cf4 b596d1aa324b428fa9b59886b28a5fe0 - - default default] 10.0.0.104 "GET /v2.0/ports HTTP/1.1" status: 200 len: 22903 time: 0.1206789
2026-05-21 06:09:09.102 10 INFO neutron.wsgi [None req-35d43c46-e086-41e7-9e2b-e2efa82d6ee5 14f1358bc9e343d3a49fb905c1b51cf4 b596d1aa324b428fa9b59886b28a5fe0 - - default default] 10.0.0.104 "GET /v2.0/subnets HTTP/1.1" status: 200 len: 6798 time: 0.0533476
2026-05-21 06:09:09.233 10 INFO neutron.wsgi [None req-e09aca89-42c2-4e0d-99f4-5021bc60c0e8 14f1358bc9e343d3a49fb905c1b51cf4 b596d1aa324b428fa9b59886b28a5fe0 - - default default] 10.0.0.104 "GET /v2.0/networks HTTP/1.1" status: 200 len: 6234 time: 0.1280215
2026-05-21 06:09:09.331 10 INFO neutron.wsgi [None req-ebbc795b-da56-484c-a3f5-450c947585e4 14f1358bc9e343d3a49fb905c1b51cf4 b596d1aa324b428fa9b59886b28a5fe0 - - default default] 10.0.0.104 "GET /v2.0/security-groups HTTP/1.1" status: 200 len: 33095 time: 0.0919507 /var/lib/openstack/lib/python3.10/site-packages/pycadf/identifier.py:71: UserWarning: Invalid uuid: neutron. To ensure interoperability, identifiers should be a valid uuid. warnings.warn(('Invalid uuid: %s. To ensure interoperability, '
2026-05-21 06:09:09.383 10 INFO neutron.wsgi [None req-e26cef43-a4f5-4c25-a77e-9c7dec02a1bf 14f1358bc9e343d3a49fb905c1b51cf4 b596d1aa324b428fa9b59886b28a5fe0 - - default default] 10.0.0.104 "GET /v2.0/agents HTTP/1.1" status: 200 len: 997 time: 0.0299485
2026-05-21 06:09:09.403 9 WARNING neutron_lib.context [None req-15207853-de2c-432b-8ee9-ff368a78e060 7f576275fbb544e18dfdfc1ef52a57f4 57eaf0ca817d48329f33a8ab8aca802e - - default default] Method 'is_advsvc' is deprecated since 2023.2 release (neutron-lib 3.8.0) and will be removed once support for the old RBAC API policies will be removed from Neutron. Please use method 'is_service_role' instead.
2026-05-21 06:09:09.419 10 INFO neutron.wsgi [None req-e8d321e8-6d5c-4b32-acbd-dd155830bc2a 14f1358bc9e343d3a49fb905c1b51cf4 b596d1aa324b428fa9b59886b28a5fe0 - - default default] 10.0.0.104 "GET /v2.0/network-ip-availabilities HTTP/1.1" status: 200 len: 4299 time: 0.0306811
2026-05-21 06:09:09.484 10 INFO neutron.wsgi [None req-fd5aa526-14ec-415d-9bc8-f61324f5bf79 14f1358bc9e343d3a49fb905c1b51cf4 b596d1aa324b428fa9b59886b28a5fe0 - - default default] 10.0.0.104 "GET /v2.0/floatingips HTTP/1.1" status: 200 len: 1034 time: 0.0634181
2026-05-21 06:09:09.486 10 INFO neutron.db.ovn_revision_numbers_db [req-c8da37bc-be46-49da-9bb6-62c5ff6d7d34 req-bc4e82c0-eee9-44a8-a9ee-f374590fa1f4 229501d8a6c14532b4471656d3f47bda 898e81d6baed46e2827c75275a9facd0 - - 3956b636088b444f9ad1deef5c6431c0 3956b636088b444f9ad1deef5c6431c0] Successfully bumped revision number for resource 6df714d4-d75f-497b-a56e-6db116190dcb (type: ports) to 2
2026-05-21 06:09:09.557 9 INFO neutron.db.ovn_revision_numbers_db [None req-15207853-de2c-432b-8ee9-ff368a78e060 7f576275fbb544e18dfdfc1ef52a57f4 57eaf0ca817d48329f33a8ab8aca802e - - default default] Successfully bumped revision number for resource 337672a1-11d1-4009-bde0-b0c375634e45 (type: security_groups) to 1
2026-05-21 06:09:09.576 9 INFO neutron.db.ovn_revision_numbers_db [None req-15207853-de2c-432b-8ee9-ff368a78e060 7f576275fbb544e18dfdfc1ef52a57f4 57eaf0ca817d48329f33a8ab8aca802e - - default default] Successfully bumped revision number for resource 1a552c74-7af1-424e-986d-1c39c1fe47ff (type: security_group_rules) to 0
2026-05-21 06:09:09.596 9 INFO neutron.db.ovn_revision_numbers_db [None req-15207853-de2c-432b-8ee9-ff368a78e060 7f576275fbb544e18dfdfc1ef52a57f4 57eaf0ca817d48329f33a8ab8aca802e - - default default] Successfully bumped revision number for resource 48479b8f-f266-42e3-a494-c7884de9b8d2 (type: security_group_rules) to 0
2026-05-21 06:09:09.626 9 INFO neutron.wsgi [None req-15207853-de2c-432b-8ee9-ff368a78e060 7f576275fbb544e18dfdfc1ef52a57f4 57eaf0ca817d48329f33a8ab8aca802e - - default default] 10.0.0.31 "POST /v2.0/security-groups HTTP/1.1" status: 201 len: 1811 time: 0.2338657
2026-05-21 06:09:09.636 9 WARNING neutron_lib.context [None req-cb3be0f8-6d76-479b-b703-b34dc43949dc 7f576275fbb544e18dfdfc1ef52a57f4 57eaf0ca817d48329f33a8ab8aca802e - - default default] Method 'is_advsvc' is deprecated since 2023.2 release (neutron-lib 3.8.0) and will be removed once support for the old RBAC API policies will be removed from Neutron. Please use method 'is_service_role' instead.
2026-05-21 06:09:09.770 9 INFO neutron.db.ovn_revision_numbers_db [None req-cb3be0f8-6d76-479b-b703-b34dc43949dc 7f576275fbb544e18dfdfc1ef52a57f4 57eaf0ca817d48329f33a8ab8aca802e - - default default] Successfully bumped revision number for resource 6dde14b3-5be3-4b8b-b886-8b0bb6f7c73c (type: security_group_rules) to 0
2026-05-21 06:09:09.798 9 INFO neutron.wsgi [None req-cb3be0f8-6d76-479b-b703-b34dc43949dc 7f576275fbb544e18dfdfc1ef52a57f4 57eaf0ca817d48329f33a8ab8aca802e - - default default] 10.0.0.31 "POST /v2.0/security-group-rules HTTP/1.1" status: 201 len: 764 time: 0.1663804
2026-05-21 06:09:09.808 9 WARNING neutron_lib.context [None req-7122034e-48d7-414f-ad22-4d811307f327 7f576275fbb544e18dfdfc1ef52a57f4 57eaf0ca817d48329f33a8ab8aca802e - - default default] Method 'is_advsvc' is deprecated since 2023.2 release (neutron-lib 3.8.0) and will be removed once support for the old RBAC API policies will be removed from Neutron. Please use method 'is_service_role' instead.
2026-05-21 06:09:09.928 10 INFO neutron.wsgi [None req-b9b0625b-06e3-4738-b14c-d12f7c2f2517 14f1358bc9e343d3a49fb905c1b51cf4 b596d1aa324b428fa9b59886b28a5fe0 - - default default] 10.0.0.104 "GET /v2.0/routers HTTP/1.1" status: 200 len: 2191 time: 0.4403358
2026-05-21 06:09:09.946 10 INFO neutron.wsgi [None req-1c771889-350b-45bd-bebc-653575718d34 14f1358bc9e343d3a49fb905c1b51cf4 b596d1aa324b428fa9b59886b28a5fe0 - - default default] 10.0.0.104 "GET /v2.0/agents?binary=ovn-controller HTTP/1.1" status: 200 len: 591 time: 0.0158954
2026-05-21 06:09:09.949 9 INFO neutron.db.ovn_revision_numbers_db [None req-7122034e-48d7-414f-ad22-4d811307f327 7f576275fbb544e18dfdfc1ef52a57f4 57eaf0ca817d48329f33a8ab8aca802e - - default default] Successfully bumped revision number for resource 5852f7ab-ad36-4103-88e5-6a48eb20454c (type: security_group_rules) to 0
2026-05-21 06:09:09.982 9 INFO neutron.wsgi [None req-7122034e-48d7-414f-ad22-4d811307f327 7f576275fbb544e18dfdfc1ef52a57f4 57eaf0ca817d48329f33a8ab8aca802e - - default default] 10.0.0.31 "POST /v2.0/security-group-rules HTTP/1.1" status: 201 len: 763 time: 0.1787210
2026-05-21 06:09:09.992 9 WARNING neutron_lib.context [None req-53bd09b7-bb81-4cc8-a6eb-7db4ebecfde1 7f576275fbb544e18dfdfc1ef52a57f4 57eaf0ca817d48329f33a8ab8aca802e - - default default] Method 'is_advsvc' is deprecated since 2023.2 release (neutron-lib 3.8.0) and will be removed once support for the old RBAC API policies will be removed from Neutron. Please use method 'is_service_role' instead.
2026-05-21 06:09:10.125 10 INFO neutron.db.ovn_revision_numbers_db [req-c8da37bc-be46-49da-9bb6-62c5ff6d7d34 req-bc4e82c0-eee9-44a8-a9ee-f374590fa1f4 229501d8a6c14532b4471656d3f47bda 898e81d6baed46e2827c75275a9facd0 - - 3956b636088b444f9ad1deef5c6431c0 3956b636088b444f9ad1deef5c6431c0] Successfully bumped revision number for resource 6df714d4-d75f-497b-a56e-6db116190dcb (type: ports) to 2
2026-05-21 06:09:10.143 10 INFO neutron.wsgi [req-c8da37bc-be46-49da-9bb6-62c5ff6d7d34 req-bc4e82c0-eee9-44a8-a9ee-f374590fa1f4 229501d8a6c14532b4471656d3f47bda 898e81d6baed46e2827c75275a9facd0 - - 3956b636088b444f9ad1deef5c6431c0 3956b636088b444f9ad1deef5c6431c0] 199.19.213.138 "PUT /v2.0/ports/6df714d4-d75f-497b-a56e-6db116190dcb HTTP/1.1" status: 200 len: 1605 time: 1.4918847
2026-05-21 06:09:10.145 9 INFO neutron.db.ovn_revision_numbers_db [None req-53bd09b7-bb81-4cc8-a6eb-7db4ebecfde1 7f576275fbb544e18dfdfc1ef52a57f4 57eaf0ca817d48329f33a8ab8aca802e - - default default] Successfully bumped revision number for resource d1c9de49-90d2-47a7-9f04-22a07f081510 (type: security_group_rules) to 0
2026-05-21 06:09:10.169 9 INFO neutron.wsgi [None req-53bd09b7-bb81-4cc8-a6eb-7db4ebecfde1 7f576275fbb544e18dfdfc1ef52a57f4 57eaf0ca817d48329f33a8ab8aca802e - - default default] 10.0.0.31 "POST /v2.0/security-group-rules HTTP/1.1" status: 201 len: 769 time: 0.1818895
2026-05-21 06:09:10.179 10 INFO neutron.notifiers.nova [-] Nova event matching ['req-f0dfbcad-eab4-41bc-9ae4-6199a5e54377'] response: {'name': 'network-changed', 'server_uuid': 'a8e8e29f-c422-4b56-bfa7-b8fa4f12d94f', 'tag': '6df714d4-d75f-497b-a56e-6db116190dcb', 'status': 'completed', 'code': 200}
2026-05-21 06:09:10.179 9 WARNING neutron_lib.context [None req-90b0b060-5e0e-4583-b8db-c9603b004fb2 7f576275fbb544e18dfdfc1ef52a57f4 57eaf0ca817d48329f33a8ab8aca802e - - default default] Method 'is_advsvc' is deprecated since 2023.2 release (neutron-lib 3.8.0) and will be removed once support for the old RBAC API policies will be removed from Neutron. Please use method 'is_service_role' instead. /var/lib/openstack/lib/python3.10/site-packages/pycadf/identifier.py:71: UserWarning: Invalid uuid: neutron. To ensure interoperability, identifiers should be a valid uuid. warnings.warn(('Invalid uuid: %s. To ensure interoperability, '
2026-05-21 06:09:10.235 10 INFO neutron.wsgi [req-c8da37bc-be46-49da-9bb6-62c5ff6d7d34 req-c81497b3-8fe9-443f-9c79-80c348d3ccaa 229501d8a6c14532b4471656d3f47bda 898e81d6baed46e2827c75275a9facd0 - - 3956b636088b444f9ad1deef5c6431c0 3956b636088b444f9ad1deef5c6431c0] 199.19.213.138 "GET /v2.0/ports?tenant_id=31d248f038194717bf2fd0052df59473&device_id=a8e8e29f-c422-4b56-bfa7-b8fa4f12d94f HTTP/1.1" status: 200 len: 1636 time: 0.0476797
2026-05-21 06:09:10.274 10 INFO neutron.wsgi [req-c8da37bc-be46-49da-9bb6-62c5ff6d7d34 req-933eaa8e-765f-496e-82b5-68292ba3774d 229501d8a6c14532b4471656d3f47bda 898e81d6baed46e2827c75275a9facd0 - - 3956b636088b444f9ad1deef5c6431c0 3956b636088b444f9ad1deef5c6431c0] 199.19.213.138 "GET /v2.0/floatingips?fixed_ip_address=10.2.2.57&port_id=6df714d4-d75f-497b-a56e-6db116190dcb HTTP/1.1" status: 200 len: 217 time: 0.0283852
2026-05-21 06:09:10.299 9 INFO neutron.db.ovn_revision_numbers_db [None req-90b0b060-5e0e-4583-b8db-c9603b004fb2 7f576275fbb544e18dfdfc1ef52a57f4 57eaf0ca817d48329f33a8ab8aca802e - - default default] Successfully bumped revision number for resource 10200645-1b4b-40c7-91d0-eddc8945504c (type: security_group_rules) to 0
2026-05-21 06:09:10.308 10 INFO neutron.wsgi [req-c8da37bc-be46-49da-9bb6-62c5ff6d7d34 req-1b28f649-9a38-4b60-a08a-e3feb80ffc0e 229501d8a6c14532b4471656d3f47bda 898e81d6baed46e2827c75275a9facd0 - - 3956b636088b444f9ad1deef5c6431c0 3956b636088b444f9ad1deef5c6431c0] 199.19.213.138 "GET /v2.0/floatingips?fixed_ip_address=fd77%3A1457%3A4cf0%3A26a8%3A%3A207&port_id=6df714d4-d75f-497b-a56e-6db116190dcb HTTP/1.1" status: 200 len: 217 time: 0.0270476
2026-05-21 06:09:10.337 9 INFO neutron.wsgi [None req-90b0b060-5e0e-4583-b8db-c9603b004fb2 7f576275fbb544e18dfdfc1ef52a57f4 57eaf0ca817d48329f33a8ab8aca802e - - default default] 10.0.0.31 "POST /v2.0/security-group-rules HTTP/1.1" status: 201 len: 768 time: 0.1626775
2026-05-21 06:09:10.347 9 WARNING neutron_lib.context [None req-8143446a-c7eb-4d95-9019-ddba559be628 7f576275fbb544e18dfdfc1ef52a57f4 57eaf0ca817d48329f33a8ab8aca802e - - default default] Method 'is_advsvc' is deprecated since 2023.2 release (neutron-lib 3.8.0) and will be removed once support for the old RBAC API policies will be removed from Neutron. Please use method 'is_service_role' instead.
2026-05-21 06:09:10.368 10 INFO neutron.wsgi [req-c8da37bc-be46-49da-9bb6-62c5ff6d7d34 req-a63a5a2a-ebd3-4709-b8c4-69653bd400a6 229501d8a6c14532b4471656d3f47bda 898e81d6baed46e2827c75275a9facd0 - - 3956b636088b444f9ad1deef5c6431c0 3956b636088b444f9ad1deef5c6431c0] 199.19.213.138 "GET /v2.0/subnets?id=3c97dbd7-114e-4cc6-84a1-2be2a6979b6f&id=5e18c5d5-ca6b-42bd-9320-880ab9312143 HTTP/1.1" status: 200 len: 1565 time: 0.0511601
2026-05-21 06:09:10.373 9 INFO neutron.db.securitygroups_db [None req-8143446a-c7eb-4d95-9019-ddba559be628 7f576275fbb544e18dfdfc1ef52a57f4 57eaf0ca817d48329f33a8ab8aca802e - - default default] Project 57eaf0ca817d48329f33a8ab8aca802e added a security group rule with legacy IPv6 ICMP protocol name icmp, ipv6-icmp should be used instead. It was automatically converted.
2026-05-21 06:09:10.396 10 INFO neutron.wsgi [req-c8da37bc-be46-49da-9bb6-62c5ff6d7d34 req-8ad1e109-05e1-4e6b-9459-0549b4fe565a 229501d8a6c14532b4471656d3f47bda 898e81d6baed46e2827c75275a9facd0 - - 3956b636088b444f9ad1deef5c6431c0 3956b636088b444f9ad1deef5c6431c0] 199.19.213.138 "GET /v2.0/ports?network_id=fccbd632-80dd-46b8-8585-ad570cbd8729&device_owner=network%3Adhcp HTTP/1.1" status: 200 len: 210 time: 0.0199249
2026-05-21 06:09:10.434 10 INFO neutron.wsgi [req-c8da37bc-be46-49da-9bb6-62c5ff6d7d34 req-158543c4-c4fa-4b71-a2ba-f4457539794d 229501d8a6c14532b4471656d3f47bda 898e81d6baed46e2827c75275a9facd0 - - 3956b636088b444f9ad1deef5c6431c0 3956b636088b444f9ad1deef5c6431c0] 199.19.213.138 "GET /v2.0/ports?network_id=fccbd632-80dd-46b8-8585-ad570cbd8729&device_owner=network%3Adhcp HTTP/1.1" status: 200 len: 210 time: 0.0294445
2026-05-21 06:09:10.490 9 INFO neutron.db.ovn_revision_numbers_db [None req-8143446a-c7eb-4d95-9019-ddba559be628 7f576275fbb544e18dfdfc1ef52a57f4 57eaf0ca817d48329f33a8ab8aca802e - - default default] Successfully bumped revision number for resource fd77f307-3ee3-4700-bf06-a10ef0317618 (type: security_group_rules) to 0
2026-05-21 06:09:10.516 9 INFO neutron.wsgi [None req-8143446a-c7eb-4d95-9019-ddba559be628 7f576275fbb544e18dfdfc1ef52a57f4 57eaf0ca817d48329f33a8ab8aca802e - - default default] 10.0.0.31 "POST /v2.0/security-group-rules HTTP/1.1" status: 201 len: 774 time: 0.1747320
2026-05-21 06:09:10.519 10 INFO neutron.wsgi [req-c8da37bc-be46-49da-9bb6-62c5ff6d7d34 req-fe2ebddd-6d22-4a42-a288-bcddb0ee3240 229501d8a6c14532b4471656d3f47bda 898e81d6baed46e2827c75275a9facd0 - - 3956b636088b444f9ad1deef5c6431c0 3956b636088b444f9ad1deef5c6431c0] 199.19.213.138 "GET /v2.0/networks/fccbd632-80dd-46b8-8585-ad570cbd8729?fields=segments HTTP/1.1" status: 200 len: 212 time: 0.0758579
2026-05-21 06:09:10.527 9 WARNING neutron_lib.context [None req-8159bd85-eba5-4ccc-bb56-66eccc6e13b3 7f576275fbb544e18dfdfc1ef52a57f4 57eaf0ca817d48329f33a8ab8aca802e - - default default] Method 'is_advsvc' is deprecated since 2023.2 release (neutron-lib 3.8.0) and will be removed once support for the old RBAC API policies will be removed from Neutron. Please use method 'is_service_role' instead.
2026-05-21 06:09:10.546 9 INFO neutron.db.securitygroups_db [None req-8159bd85-eba5-4ccc-bb56-66eccc6e13b3 7f576275fbb544e18dfdfc1ef52a57f4 57eaf0ca817d48329f33a8ab8aca802e - - default default] Project 57eaf0ca817d48329f33a8ab8aca802e added a security group rule with legacy IPv6 ICMP protocol name icmp, ipv6-icmp should be used instead. It was automatically converted.
2026-05-21 06:09:10.588 10 INFO neutron.wsgi [req-c8da37bc-be46-49da-9bb6-62c5ff6d7d34 req-400b92af-f86d-48e8-b405-0f76db298a02 229501d8a6c14532b4471656d3f47bda 898e81d6baed46e2827c75275a9facd0 - - 3956b636088b444f9ad1deef5c6431c0 3956b636088b444f9ad1deef5c6431c0] 199.19.213.138 "GET /v2.0/networks/fccbd632-80dd-46b8-8585-ad570cbd8729?fields=provider%3Aphysical_network&fields=provider%3Anetwork_type HTTP/1.1" status: 200 len: 277 time: 0.0636690
2026-05-21 06:09:10.673 9 INFO neutron.db.ovn_revision_numbers_db [None req-8159bd85-eba5-4ccc-bb56-66eccc6e13b3 7f576275fbb544e18dfdfc1ef52a57f4 57eaf0ca817d48329f33a8ab8aca802e - - default default] Successfully bumped revision number for resource d6aaf4ec-34a8-4f99-924f-1d2443de1313 (type: security_group_rules) to 0
2026-05-21 06:09:10.689 10 INFO neutron.wsgi [req-630a9ee5-81a3-4483-a925-baec275036f9 req-c2016d6c-a62d-411c-8f11-a3474594635e 229501d8a6c14532b4471656d3f47bda 898e81d6baed46e2827c75275a9facd0 - - 3956b636088b444f9ad1deef5c6431c0 3956b636088b444f9ad1deef5c6431c0] 199.19.213.138 "GET /v2.0/ports?tenant_id=31d248f038194717bf2fd0052df59473&device_id=a8e8e29f-c422-4b56-bfa7-b8fa4f12d94f HTTP/1.1" status: 200 len: 1636 time: 0.0510707
2026-05-21 06:09:10.702 9 INFO neutron.wsgi [None req-8159bd85-eba5-4ccc-bb56-66eccc6e13b3 7f576275fbb544e18dfdfc1ef52a57f4 57eaf0ca817d48329f33a8ab8aca802e - - default default] 10.0.0.31 "POST /v2.0/security-group-rules HTTP/1.1" status: 201 len: 773 time: 0.1798851
2026-05-21 06:09:10.799 10 INFO neutron.wsgi [req-630a9ee5-81a3-4483-a925-baec275036f9 req-77416002-fbdb-469f-bbfe-54141275aef4 229501d8a6c14532b4471656d3f47bda 898e81d6baed46e2827c75275a9facd0 - - 3956b636088b444f9ad1deef5c6431c0 3956b636088b444f9ad1deef5c6431c0] 199.19.213.138 "GET /v2.0/networks?id=fccbd632-80dd-46b8-8585-ad570cbd8729 HTTP/1.1" status: 200 len: 1002 time: 0.1013966
2026-05-21 06:09:10.834 10 INFO neutron.wsgi [req-630a9ee5-81a3-4483-a925-baec275036f9 req-3781757c-7a2b-4a16-b3ea-26be26b6859f 229501d8a6c14532b4471656d3f47bda 898e81d6baed46e2827c75275a9facd0 - - 3956b636088b444f9ad1deef5c6431c0 3956b636088b444f9ad1deef5c6431c0] 199.19.213.138 "GET /v2.0/floatingips?fixed_ip_address=10.2.2.57&port_id=6df714d4-d75f-497b-a56e-6db116190dcb HTTP/1.1" status: 200 len: 217 time: 0.0216601
