2026-05-21 06:06:00.725 9 WARNING neutron.scheduler.dhcp_agent_scheduler [None req-27ca3b16-15ec-44b3-bf3f-ff8a35cf024f 0ab6843180184034b4966ee13f0c5cbb 9a18052ba02a47f5832b6cf54bd27730 - - default default] No more DHCP agents
2026-05-21 06:06:00.727 9 WARNING neutron.api.rpc.agentnotifiers.dhcp_rpc_agent_api [None req-27ca3b16-15ec-44b3-bf3f-ff8a35cf024f 0ab6843180184034b4966ee13f0c5cbb 9a18052ba02a47f5832b6cf54bd27730 - - default default] Unable to schedule network 9537e475-19e9-495a-b4e6-e1596b8b508c: no agents available; will retry on subsequent port and subnet creation events.
2026-05-21 06:06:00.827 9 INFO neutron.db.ovn_revision_numbers_db [None req-27ca3b16-15ec-44b3-bf3f-ff8a35cf024f 0ab6843180184034b4966ee13f0c5cbb 9a18052ba02a47f5832b6cf54bd27730 - - default default] Successfully bumped revision number for resource 7efc918c-538b-4ea6-b2dd-6e70452c232b (type: ports) to 1
2026-05-21 06:06:00.830 10 INFO neutron.db.ovn_revision_numbers_db [None req-0e767894-bcfc-4305-a41a-6731f91eb734 bed466721f9b4797bf8dff67e7ba3302 9aa1e9fd1aee42a782868b270827d040 - - default default] Successfully bumped revision number for resource 64cbd6fa-de86-4fec-b1af-daaed01f20ea (type: ports) to 1
2026-05-21 06:06:00.847 9 INFO neutron.wsgi [None req-27ca3b16-15ec-44b3-bf3f-ff8a35cf024f 0ab6843180184034b4966ee13f0c5cbb 9a18052ba02a47f5832b6cf54bd27730 - - default default] 10.0.0.31 "POST /v2.0/networks HTTP/1.1" status: 201 len: 830 time: 0.6168423
2026-05-21 06:06:00.872 10 WARNING neutron_lib.context [None req-1fb7e917-1e24-450c-8c80-417abdc1680a 0ab6843180184034b4966ee13f0c5cbb 9a18052ba02a47f5832b6cf54bd27730 - - default default] Method 'is_advsvc' is deprecated since 2023.2 release (neutron-lib 3.8.0) and will be removed once support for the old RBAC API policies will be removed from Neutron. Please use method 'is_service_role' instead.
2026-05-21 06:06:00.880 10 INFO neutron.wsgi [None req-0e767894-bcfc-4305-a41a-6731f91eb734 bed466721f9b4797bf8dff67e7ba3302 9aa1e9fd1aee42a782868b270827d040 - - default default] 10.0.0.31 "POST /v2.0/networks HTTP/1.1" status: 201 len: 847 time: 0.8610811
2026-05-21 06:06:00.895 10 INFO neutron.services.segments.plugin [-] Segment 11c2785c-8f2b-41d5-9711-daa9f8884e7b resource provider aggregate not found
2026-05-21 06:06:00.919 9 WARNING neutron_lib.context [None req-b5901865-a1e5-4e8a-917f-55874801507b bed466721f9b4797bf8dff67e7ba3302 9aa1e9fd1aee42a782868b270827d040 - - default default] Method 'is_advsvc' is deprecated since 2023.2 release (neutron-lib 3.8.0) and will be removed once support for the old RBAC API policies will be removed from Neutron. Please use method 'is_service_role' instead.
2026-05-21 06:06:00.922 10 INFO neutron.services.segments.plugin [-] Segment 11c2785c-8f2b-41d5-9711-daa9f8884e7b resource provider not found; error: Placement Client Error (4xx): {"errors": [{"status": 404, "title": "Not Found", "detail": "The resource could not be found.\n\n No resource provider with uuid 11c2785c-8f2b-41d5-9711-daa9f8884e7b found for delete ", "request_id": "req-4695f261-3b79-4e39-b695-8f26962bf553"}]}
2026-05-21 06:06:00.926 10 INFO neutron.services.segments.plugin [-] Segment 11c2785c-8f2b-41d5-9711-daa9f8884e7b resource provider aggregate not found
2026-05-21 06:06:00.948 10 INFO neutron.services.segments.plugin [-] Segment 11c2785c-8f2b-41d5-9711-daa9f8884e7b resource provider not found; error: Placement Client Error (4xx): {"errors": [{"status": 404, "title": "Not Found", "detail": "The resource could not be found.\n\n No resource provider with uuid 11c2785c-8f2b-41d5-9711-daa9f8884e7b found for delete ", "request_id": "req-8745de79-d4eb-4fee-bb5a-01ba32ecc4e4"}]}
2026-05-21 06:06:00.957 10 INFO neutron.wsgi [None req-72bed4a9-d134-4f1c-9b1c-6b28fa7b737a 14f1358bc9e343d3a49fb905c1b51cf4 b596d1aa324b428fa9b59886b28a5fe0 - - default default] 10.0.0.31 "DELETE /v2.0/networks/7dcb0c64-2d4b-442e-8532-328ccfaa0111 HTTP/1.1" status: 204 len: 168 time: 0.7386830
2026-05-21 06:06:00.971 9 WARNING neutron_lib.context [None req-b5901865-a1e5-4e8a-917f-55874801507b bed466721f9b4797bf8dff67e7ba3302 9aa1e9fd1aee42a782868b270827d040 - - default default] Method 'is_advsvc' is deprecated since 2023.2 release (neutron-lib 3.8.0) and will be removed once support for the old RBAC API policies will be removed from Neutron. Please use method 'is_service_role' instead.
2026-05-21 06:06:01.188 10 WARNING neutron.scheduler.dhcp_agent_scheduler [None req-1fb7e917-1e24-450c-8c80-417abdc1680a 0ab6843180184034b4966ee13f0c5cbb 9a18052ba02a47f5832b6cf54bd27730 - - default default] No more DHCP agents
2026-05-21 06:06:01.191 10 WARNING neutron.api.rpc.agentnotifiers.dhcp_rpc_agent_api [None req-1fb7e917-1e24-450c-8c80-417abdc1680a 0ab6843180184034b4966ee13f0c5cbb 9a18052ba02a47f5832b6cf54bd27730 - - default default] Unable to schedule network 9537e475-19e9-495a-b4e6-e1596b8b508c: no agents available; will retry on subsequent port and subnet creation events.
2026-05-21 06:06:01.208 10 INFO neutron.wsgi [None req-1f6ef6a4-1de1-4c58-a502-95e7d08405e9 14f1358bc9e343d3a49fb905c1b51cf4 b596d1aa324b428fa9b59886b28a5fe0 - - default default] 10.0.0.31 "GET /v2.0/security-groups?tenant_id=8ed452ea57514230a52ed12447abdcfc&name=default HTTP/1.1" status: 200 len: 2996 time: 0.0608950
2026-05-21 06:06:01.443 9 WARNING neutron.scheduler.dhcp_agent_scheduler [None req-b5901865-a1e5-4e8a-917f-55874801507b bed466721f9b4797bf8dff67e7ba3302 9aa1e9fd1aee42a782868b270827d040 - - default default] No more DHCP agents
2026-05-21 06:06:01.449 9 WARNING neutron.api.rpc.agentnotifiers.dhcp_rpc_agent_api [None req-b5901865-a1e5-4e8a-917f-55874801507b bed466721f9b4797bf8dff67e7ba3302 9aa1e9fd1aee42a782868b270827d040 - - default default] Unable to schedule network 7a7cf6ed-3056-4ad1-9c12-5322e63ae309: no agents available; will retry on subsequent port and subnet creation events.
2026-05-21 06:06:01.714 10 INFO neutron.wsgi [req-4b536f1b-8303-4203-9951-a565acaea437 req-009eb859-2d2e-4684-b587-210b221d9cc3 229501d8a6c14532b4471656d3f47bda 898e81d6baed46e2827c75275a9facd0 - - 3956b636088b444f9ad1deef5c6431c0 3956b636088b444f9ad1deef5c6431c0] 10.0.0.179 "GET /v2.0/ports?device_id=e09f885f-b83d-49fc-98fd-f3fc24f20daf HTTP/1.1" status: 200 len: 1409 time: 0.0584216
2026-05-21 06:06:01.811 10 INFO neutron.wsgi [req-4b536f1b-8303-4203-9951-a565acaea437 req-ca481a6b-6adb-45a4-a2f3-20992b202141 229501d8a6c14532b4471656d3f47bda 898e81d6baed46e2827c75275a9facd0 - - 3956b636088b444f9ad1deef5c6431c0 3956b636088b444f9ad1deef5c6431c0] 10.0.0.179 "GET /v2.0/security-groups?id=4116a97d-4348-4d9a-a610-1707d4c818d9&fields=id&fields=name HTTP/1.1" status: 200 len: 312 time: 0.0861478
2026-05-21 06:06:01.952 10 INFO neutron.wsgi [None req-ceda6aa2-f32e-4066-b5fd-183d82560dc3 14f1358bc9e343d3a49fb905c1b51cf4 b596d1aa324b428fa9b59886b28a5fe0 - - default default] 10.0.0.31 "DELETE /v2.0/security-groups/49bfb2af-9075-4220-8ead-cd683ef109eb HTTP/1.1" status: 204 len: 168 time: 0.7368860
2026-05-21 06:06:02.072 9 INFO neutron.db.ovn_revision_numbers_db [None req-b5901865-a1e5-4e8a-917f-55874801507b bed466721f9b4797bf8dff67e7ba3302 9aa1e9fd1aee42a782868b270827d040 - - default default] Successfully bumped revision number for resource e39c9dfc-2534-4dce-a8a0-77c135d68547 (type: ports) to 2
2026-05-21 06:06:02.122 9 INFO neutron.db.ovn_revision_numbers_db [None req-b5901865-a1e5-4e8a-917f-55874801507b bed466721f9b4797bf8dff67e7ba3302 9aa1e9fd1aee42a782868b270827d040 - - default default] Successfully bumped revision number for resource 0073f708-2e95-45fc-abcb-0d18b73d9953 (type: subnets) to 0
2026-05-21 06:06:02.156 9 WARNING neutron.scheduler.dhcp_agent_scheduler [None req-b5901865-a1e5-4e8a-917f-55874801507b bed466721f9b4797bf8dff67e7ba3302 9aa1e9fd1aee42a782868b270827d040 - - default default] No more DHCP agents
2026-05-21 06:06:02.160 9 WARNING neutron.api.rpc.agentnotifiers.dhcp_rpc_agent_api [None req-b5901865-a1e5-4e8a-917f-55874801507b bed466721f9b4797bf8dff67e7ba3302 9aa1e9fd1aee42a782868b270827d040 - - default default] Unable to schedule network 94dc8e0e-152a-41a4-85dd-53517996b9a6: no agents available; will retry on subsequent port and subnet creation events.
2026-05-21 06:06:02.255 10 INFO neutron.db.ovn_revision_numbers_db [None req-1fb7e917-1e24-450c-8c80-417abdc1680a 0ab6843180184034b4966ee13f0c5cbb 9a18052ba02a47f5832b6cf54bd27730 - - default default] Successfully bumped revision number for resource 7efc918c-538b-4ea6-b2dd-6e70452c232b (type: ports) to 2
2026-05-21 06:06:02.290 10 INFO neutron.db.ovn_revision_numbers_db [None req-1fb7e917-1e24-450c-8c80-417abdc1680a 0ab6843180184034b4966ee13f0c5cbb 9a18052ba02a47f5832b6cf54bd27730 - - default default] Successfully bumped revision number for resource b5ff6eca-82a6-4851-8dce-cfef3d29a974 (type: subnets) to 0
2026-05-21 06:06:02.311 10 INFO neutron.wsgi [None req-1fb7e917-1e24-450c-8c80-417abdc1680a 0ab6843180184034b4966ee13f0c5cbb 9a18052ba02a47f5832b6cf54bd27730 - - default default] 10.0.0.31 "POST /v2.0/subnets HTTP/1.1" status: 201 len: 801 time: 1.4554517
2026-05-21 06:06:02.323 10 WARNING neutron_lib.context [None req-451c3755-31bf-4093-8b19-cf2a9d5f462c 0ab6843180184034b4966ee13f0c5cbb 9a18052ba02a47f5832b6cf54bd27730 - - default default] Method 'is_advsvc' is deprecated since 2023.2 release (neutron-lib 3.8.0) and will be removed once support for the old RBAC API policies will be removed from Neutron. Please use method 'is_service_role' instead.
2026-05-21 06:06:02.662 10 WARNING neutron.scheduler.dhcp_agent_scheduler [None req-451c3755-31bf-4093-8b19-cf2a9d5f462c 0ab6843180184034b4966ee13f0c5cbb 9a18052ba02a47f5832b6cf54bd27730 - - default default] No more DHCP agents
2026-05-21 06:06:02.669 10 WARNING neutron.api.rpc.agentnotifiers.dhcp_rpc_agent_api [None req-451c3755-31bf-4093-8b19-cf2a9d5f462c 0ab6843180184034b4966ee13f0c5cbb 9a18052ba02a47f5832b6cf54bd27730 - - default default] Unable to schedule network 9537e475-19e9-495a-b4e6-e1596b8b508c: no agents available; will retry on subsequent port and subnet creation events.
2026-05-21 06:06:02.685 9 INFO neutron.db.ovn_revision_numbers_db [None req-b5901865-a1e5-4e8a-917f-55874801507b bed466721f9b4797bf8dff67e7ba3302 9aa1e9fd1aee42a782868b270827d040 - - default default] Successfully bumped revision number for resource 64cbd6fa-de86-4fec-b1af-daaed01f20ea (type: ports) to 2
2026-05-21 06:06:02.723 9 INFO neutron.db.ovn_revision_numbers_db [None req-b5901865-a1e5-4e8a-917f-55874801507b bed466721f9b4797bf8dff67e7ba3302 9aa1e9fd1aee42a782868b270827d040 - - default default] Successfully bumped revision number for resource c578d3a3-961a-4031-8e5b-4974915d849c (type: subnets) to 0
2026-05-21 06:06:02.749 9 INFO neutron.wsgi [None req-b5901865-a1e5-4e8a-917f-55874801507b bed466721f9b4797bf8dff67e7ba3302 9aa1e9fd1aee42a782868b270827d040 - - default default] 10.0.0.31 "POST /v2.0/subnets HTTP/1.1" status: 201 len: 1426 time: 1.8383770
2026-05-21 06:06:02.801 9 INFO neutron.wsgi [None req-4588aa96-7f50-45cb-88d1-cf4a29e36434 bed466721f9b4797bf8dff67e7ba3302 9aa1e9fd1aee42a782868b270827d040 - - default default] 10.0.0.31 "GET /v2.0/subnets HTTP/1.1" status: 200 len: 2034 time: 0.0435092
2026-05-21 06:06:02.847 10 INFO neutron.db.ovn_revision_numbers_db [None req-451c3755-31bf-4093-8b19-cf2a9d5f462c 0ab6843180184034b4966ee13f0c5cbb 9a18052ba02a47f5832b6cf54bd27730 - - default default] Successfully bumped revision number for resource 22fa7d5e-6ce2-4a3e-82e1-329d9eb61aa0 (type: ports) to 1
2026-05-21 06:06:02.871 10 INFO neutron.wsgi [None req-451c3755-31bf-4093-8b19-cf2a9d5f462c 0ab6843180184034b4966ee13f0c5cbb 9a18052ba02a47f5832b6cf54bd27730 - - default default] 10.0.0.31 "POST /v2.0/ports HTTP/1.1" status: 201 len: 1152 time: 0.5535126
2026-05-21 06:06:03.069 9 INFO neutron.wsgi [None req-9aea2830-c760-4613-b07d-c8fac73ec24f bed466721f9b4797bf8dff67e7ba3302 9aa1e9fd1aee42a782868b270827d040 - - default default] 10.0.0.31 "DELETE /v2.0/subnets/0073f708-2e95-45fc-abcb-0d18b73d9953 HTTP/1.1" status: 204 len: 168 time: 0.2614808 /var/lib/openstack/lib/python3.10/site-packages/pycadf/identifier.py:71: UserWarning: Invalid uuid: neutron. To ensure interoperability, identifiers should be a valid uuid. warnings.warn(('Invalid uuid: %s. To ensure interoperability, '
2026-05-21 06:06:03.275 9 INFO neutron.wsgi [None req-c8b3aad3-fc06-4e2f-bf35-c53e67460789 0ab6843180184034b4966ee13f0c5cbb 9a18052ba02a47f5832b6cf54bd27730 - - default default] 10.0.0.31 "DELETE /v2.0/ports/22fa7d5e-6ce2-4a3e-82e1-329d9eb61aa0 HTTP/1.1" status: 204 len: 168 time: 0.3971522
2026-05-21 06:06:03.307 10 INFO neutron.pecan_wsgi.hooks.translation [None req-937f6f59-da28-4bd7-b90f-fcf4cc88a992 0ab6843180184034b4966ee13f0c5cbb 9a18052ba02a47f5832b6cf54bd27730 - - default default] DELETE failed (client error): The resource could not be found.
2026-05-21 06:06:03.312 10 INFO neutron.wsgi [None req-937f6f59-da28-4bd7-b90f-fcf4cc88a992 0ab6843180184034b4966ee13f0c5cbb 9a18052ba02a47f5832b6cf54bd27730 - - default default] 10.0.0.31 "DELETE /v2.0/ports/22fa7d5e-6ce2-4a3e-82e1-329d9eb61aa0 HTTP/1.1" status: 404 len: 333 time: 0.0308623
2026-05-21 06:06:03.337 9 INFO neutron.pecan_wsgi.hooks.translation [None req-b5dc0d4e-c00d-4028-badb-c1818a6baafa 0ab6843180184034b4966ee13f0c5cbb 9a18052ba02a47f5832b6cf54bd27730 - - default default] GET failed (client error): The resource could not be found.
2026-05-21 06:06:03.339 9 INFO neutron.wsgi [None req-b5dc0d4e-c00d-4028-badb-c1818a6baafa 0ab6843180184034b4966ee13f0c5cbb 9a18052ba02a47f5832b6cf54bd27730 - - default default] 10.0.0.31 "GET /v2.0/ports/22fa7d5e-6ce2-4a3e-82e1-329d9eb61aa0 HTTP/1.1" status: 404 len: 333 time: 0.0219045
2026-05-21 06:06:03.359 10 INFO neutron.wsgi [None req-8722f98c-68f1-4a09-96e7-c901c161fde7 bed466721f9b4797bf8dff67e7ba3302 9aa1e9fd1aee42a782868b270827d040 - - default default] 10.0.0.31 "DELETE /v2.0/subnets/c578d3a3-961a-4031-8e5b-4974915d849c HTTP/1.1" status: 204 len: 168 time: 0.2840843
2026-05-21 06:06:03.420 10 INFO neutron.wsgi [None req-3746f1b5-cecd-42a1-af09-c985970f756e bed466721f9b4797bf8dff67e7ba3302 9aa1e9fd1aee42a782868b270827d040 - - default default] 10.0.0.31 "GET /v2.0/subnets HTTP/1.1" status: 200 len: 820 time: 0.0525963
2026-05-21 06:06:03.612 9 INFO neutron.wsgi [None req-a7562484-a69d-4a95-a034-7e25c1457367 0ab6843180184034b4966ee13f0c5cbb 9a18052ba02a47f5832b6cf54bd27730 - - default default] 10.0.0.31 "DELETE /v2.0/subnets/b5ff6eca-82a6-4851-8dce-cfef3d29a974 HTTP/1.1" status: 204 len: 168 time: 0.2674904
2026-05-21 06:06:03.927 10 INFO neutron.services.segments.plugin [-] Segment e8be93dc-0f1a-4372-aab1-fc66f2338373 resource provider aggregate not found
2026-05-21 06:06:03.933 10 INFO neutron.services.segments.plugin [-] Segment e8be93dc-0f1a-4372-aab1-fc66f2338373 resource provider aggregate not found
2026-05-21 06:06:03.961 10 INFO neutron.services.segments.plugin [-] Segment e8be93dc-0f1a-4372-aab1-fc66f2338373 resource provider not found; error: Placement Client Error (4xx): {"errors": [{"status": 404, "title": "Not Found", "detail": "The resource could not be found.\n\n No resource provider with uuid e8be93dc-0f1a-4372-aab1-fc66f2338373 found for delete ", "request_id": "req-50da1265-81c0-4444-a8a1-855681ba7342"}]}
2026-05-21 06:06:03.964 10 INFO neutron.services.segments.plugin [-] Segment e8be93dc-0f1a-4372-aab1-fc66f2338373 resource provider not found; error: Placement Client Error (4xx): {"errors": [{"status": 404, "title": "Not Found", "detail": "The resource could not be found.\n\n No resource provider with uuid e8be93dc-0f1a-4372-aab1-fc66f2338373 found for delete ", "request_id": "req-e0ec0306-bb91-4491-92b5-a9a4a2fd0486"}]}
2026-05-21 06:06:03.991 10 INFO neutron.wsgi [None req-53a1e9b3-adec-405b-b030-d66da74ec8ae bed466721f9b4797bf8dff67e7ba3302 9aa1e9fd1aee42a782868b270827d040 - - default default] 10.0.0.31 "DELETE /v2.0/networks/94dc8e0e-152a-41a4-85dd-53517996b9a6 HTTP/1.1" status: 204 len: 168 time: 0.5657957
2026-05-21 06:06:04.200 10 INFO neutron.wsgi [None req-4fdabaf7-8ff1-4771-a921-bc6c5414efb9 0ab6843180184034b4966ee13f0c5cbb 9a18052ba02a47f5832b6cf54bd27730 - - default default] 10.0.0.31 "DELETE /v2.0/networks/9537e475-19e9-495a-b4e6-e1596b8b508c HTTP/1.1" status: 204 len: 168 time: 0.5804622
2026-05-21 06:06:04.217 9 WARNING neutron_lib.context [None req-768aa5f9-17bb-47f0-b159-a440c46f6a9b 0ab6843180184034b4966ee13f0c5cbb 9a18052ba02a47f5832b6cf54bd27730 - - default default] Method 'is_advsvc' is deprecated since 2023.2 release (neutron-lib 3.8.0) and will be removed once support for the old RBAC API policies will be removed from Neutron. Please use method 'is_service_role' instead.
2026-05-21 06:06:04.321 9 INFO neutron.db.segments_db [None req-768aa5f9-17bb-47f0-b159-a440c46f6a9b 0ab6843180184034b4966ee13f0c5cbb 9a18052ba02a47f5832b6cf54bd27730 - - default default] Added segment 6353a7cd-ea95-4b2b-86a0-187a67399dfe of type geneve for network dcc0a314-f4e2-4b24-b972-3fa913c14823
2026-05-21 06:06:04.688 9 INFO neutron.db.ovn_revision_numbers_db [None req-9f11ae3a-ee25-4741-ad68-e0ca1649d640 14f1358bc9e343d3a49fb905c1b51cf4 b596d1aa324b428fa9b59886b28a5fe0 - - default default] Successfully bumped revision number for resource 1d3907e9-6880-496a-97d8-c4415448789e (type: security_groups) to 1
2026-05-21 06:06:04.727 9 INFO neutron.db.ovn_revision_numbers_db [None req-9f11ae3a-ee25-4741-ad68-e0ca1649d640 14f1358bc9e343d3a49fb905c1b51cf4 b596d1aa324b428fa9b59886b28a5fe0 - - default default] Successfully bumped revision number for resource 0d9ccb17-9880-4cc1-b584-69441295d10f (type: security_group_rules) to 0
2026-05-21 06:06:04.783 9 INFO neutron.db.ovn_revision_numbers_db [None req-9f11ae3a-ee25-4741-ad68-e0ca1649d640 14f1358bc9e343d3a49fb905c1b51cf4 b596d1aa324b428fa9b59886b28a5fe0 - - default default] Successfully bumped revision number for resource 0e9dd285-1ec1-4f45-af99-52e246e999e7 (type: security_group_rules) to 0
2026-05-21 06:06:04.837 9 INFO neutron.services.segments.plugin [-] Segment 1c6847ad-a605-4d56-8390-9da9303e06db resource provider aggregate not found
2026-05-21 06:06:04.845 9 INFO neutron.services.segments.plugin [-] Segment 1c6847ad-a605-4d56-8390-9da9303e06db resource provider aggregate not found
2026-05-21 06:06:04.859 9 INFO neutron.db.ovn_revision_numbers_db [None req-9f11ae3a-ee25-4741-ad68-e0ca1649d640 14f1358bc9e343d3a49fb905c1b51cf4 b596d1aa324b428fa9b59886b28a5fe0 - - default default] Successfully bumped revision number for resource 13b0f6fe-9b6b-4789-83bc-ab6fb724c4ba (type: security_group_rules) to 0
2026-05-21 06:06:04.866 9 INFO neutron.services.segments.plugin [-] Segment 1c6847ad-a605-4d56-8390-9da9303e06db resource provider not found; error: Placement Client Error (4xx): {"errors": [{"status": 404, "title": "Not Found", "detail": "The resource could not be found.\n\n No resource provider with uuid 1c6847ad-a605-4d56-8390-9da9303e06db found for delete ", "request_id": "req-f4c9a586-3fad-4024-b9d9-f3f31e298804"}]}
2026-05-21 06:06:04.867 9 INFO neutron.services.segments.plugin [-] Segment 1c6847ad-a605-4d56-8390-9da9303e06db resource provider not found; error: Placement Client Error (4xx): {"errors": [{"status": 404, "title": "Not Found", "detail": "The resource could not be found.\n\n No resource provider with uuid 1c6847ad-a605-4d56-8390-9da9303e06db found for delete ", "request_id": "req-42986efc-c6e9-4829-9b72-2004dd493da9"}]}
2026-05-21 06:06:04.869 9 INFO neutron.db.ovn_revision_numbers_db [None req-768aa5f9-17bb-47f0-b159-a440c46f6a9b 0ab6843180184034b4966ee13f0c5cbb 9a18052ba02a47f5832b6cf54bd27730 - - default default] Successfully bumped revision number for resource dcc0a314-f4e2-4b24-b972-3fa913c14823 (type: networks) to 1
2026-05-21 06:06:04.886 9 INFO neutron.db.ovn_revision_numbers_db [None req-9f11ae3a-ee25-4741-ad68-e0ca1649d640 14f1358bc9e343d3a49fb905c1b51cf4 b596d1aa324b428fa9b59886b28a5fe0 - - default default] Successfully bumped revision number for resource 5048de89-9618-4614-87aa-d58f1f8e3aca (type: security_group_rules) to 0
2026-05-21 06:06:04.906 9 INFO neutron.wsgi [None req-7acf3f67-6f4a-4cac-8db7-ac4b0b3acce0 bed466721f9b4797bf8dff67e7ba3302 9aa1e9fd1aee42a782868b270827d040 - - default default] 10.0.0.31 "DELETE /v2.0/networks/7a7cf6ed-3056-4ad1-9c12-5322e63ae309 HTTP/1.1" status: 204 len: 168 time: 0.9093084
2026-05-21 06:06:04.965 9 INFO neutron.db.segments_db [None req-9f11ae3a-ee25-4741-ad68-e0ca1649d640 14f1358bc9e343d3a49fb905c1b51cf4 b596d1aa324b428fa9b59886b28a5fe0 - - default default] Added segment 8cd6936e-669d-49b1-8882-6a6e440b2aa5 of type geneve for network 7c4144d0-de45-4d2a-bd0c-b7abbbb4e091
2026-05-21 06:06:05.137 9 WARNING neutron.scheduler.dhcp_agent_scheduler [None req-768aa5f9-17bb-47f0-b159-a440c46f6a9b 0ab6843180184034b4966ee13f0c5cbb 9a18052ba02a47f5832b6cf54bd27730 - - default default] No more DHCP agents
2026-05-21 06:06:05.142 9 WARNING neutron.api.rpc.agentnotifiers.dhcp_rpc_agent_api [None req-768aa5f9-17bb-47f0-b159-a440c46f6a9b 0ab6843180184034b4966ee13f0c5cbb 9a18052ba02a47f5832b6cf54bd27730 - - default default] Unable to schedule network dcc0a314-f4e2-4b24-b972-3fa913c14823: no agents available; will retry on subsequent port and subnet creation events.
2026-05-21 06:06:05.183 9 INFO neutron.db.ovn_revision_numbers_db [None req-9f11ae3a-ee25-4741-ad68-e0ca1649d640 14f1358bc9e343d3a49fb905c1b51cf4 b596d1aa324b428fa9b59886b28a5fe0 - - default default] Successfully bumped revision number for resource 7c4144d0-de45-4d2a-bd0c-b7abbbb4e091 (type: networks) to 1
2026-05-21 06:06:05.285 9 INFO neutron.db.ovn_revision_numbers_db [None req-768aa5f9-17bb-47f0-b159-a440c46f6a9b 0ab6843180184034b4966ee13f0c5cbb 9a18052ba02a47f5832b6cf54bd27730 - - default default] Successfully bumped revision number for resource 70400dc4-e25d-4088-bf3a-a6f7de40cee2 (type: ports) to 1
2026-05-21 06:06:05.320 10 INFO neutron.wsgi [None req-39626b47-ece7-4ea8-b242-9eddf81af87f bed466721f9b4797bf8dff67e7ba3302 9aa1e9fd1aee42a782868b270827d040 - - default default] 10.0.0.31 "DELETE /v2.0/networks/c981d18d-3ded-425b-98be-035cc70efde3 HTTP/1.1" status: 204 len: 168 time: 0.4072115
2026-05-21 06:06:05.350 9 INFO neutron.wsgi [None req-768aa5f9-17bb-47f0-b159-a440c46f6a9b 0ab6843180184034b4966ee13f0c5cbb 9a18052ba02a47f5832b6cf54bd27730 - - default default] 10.0.0.31 "POST /v2.0/networks HTTP/1.1" status: 201 len: 831 time: 1.1420860
2026-05-21 06:06:05.362 10 WARNING neutron_lib.context [None req-250283eb-441d-4881-9cb8-c421442fad38 0ab6843180184034b4966ee13f0c5cbb 9a18052ba02a47f5832b6cf54bd27730 - - default default] Method 'is_advsvc' is deprecated since 2023.2 release (neutron-lib 3.8.0) and will be removed once support for the old RBAC API policies will be removed from Neutron. Please use method 'is_service_role' instead.
2026-05-21 06:06:05.493 9 WARNING neutron.scheduler.dhcp_agent_scheduler [None req-9f11ae3a-ee25-4741-ad68-e0ca1649d640 14f1358bc9e343d3a49fb905c1b51cf4 b596d1aa324b428fa9b59886b28a5fe0 - - default default] No more DHCP agents
2026-05-21 06:06:05.497 9 WARNING neutron.api.rpc.agentnotifiers.dhcp_rpc_agent_api [None req-9f11ae3a-ee25-4741-ad68-e0ca1649d640 14f1358bc9e343d3a49fb905c1b51cf4 b596d1aa324b428fa9b59886b28a5fe0 - - default default] Unable to schedule network 7c4144d0-de45-4d2a-bd0c-b7abbbb4e091: no agents available; will retry on subsequent port and subnet creation events.
2026-05-21 06:06:05.630 9 INFO neutron.db.ovn_revision_numbers_db [None req-9f11ae3a-ee25-4741-ad68-e0ca1649d640 14f1358bc9e343d3a49fb905c1b51cf4 b596d1aa324b428fa9b59886b28a5fe0 - - default default] Successfully bumped revision number for resource 5fb04f0f-68fb-47e4-b63a-3a1bf93c805a (type: ports) to 1
2026-05-21 06:06:05.639 10 WARNING neutron.scheduler.dhcp_agent_scheduler [None req-250283eb-441d-4881-9cb8-c421442fad38 0ab6843180184034b4966ee13f0c5cbb 9a18052ba02a47f5832b6cf54bd27730 - - default default] No more DHCP agents
2026-05-21 06:06:05.641 10 WARNING neutron.api.rpc.agentnotifiers.dhcp_rpc_agent_api [None req-250283eb-441d-4881-9cb8-c421442fad38 0ab6843180184034b4966ee13f0c5cbb 9a18052ba02a47f5832b6cf54bd27730 - - default default] Unable to schedule network dcc0a314-f4e2-4b24-b972-3fa913c14823: no agents available; will retry on subsequent port and subnet creation events.
2026-05-21 06:06:05.665 9 INFO neutron.wsgi [None req-9f11ae3a-ee25-4741-ad68-e0ca1649d640 14f1358bc9e343d3a49fb905c1b51cf4 b596d1aa324b428fa9b59886b28a5fe0 - - default default] 10.0.0.31 "POST /v2.0/networks HTTP/1.1" status: 201 len: 945 time: 1.7511101
2026-05-21 06:06:05.746 9 INFO neutron.wsgi [-] 10.0.0.172 "GET / HTTP/1.1" status: 200 len: 246 time: 0.0016024
2026-05-21 06:06:05.747 9 INFO neutron.wsgi [-] 10.0.0.172 "GET / HTTP/1.1" status: 200 len: 246 time: 0.0008903
2026-05-21 06:06:05.860 9 INFO neutron.wsgi [None req-81e12d7d-4d35-45cf-ab7c-ed122e829a00 bed466721f9b4797bf8dff67e7ba3302 9aa1e9fd1aee42a782868b270827d040 - - default default] 10.0.0.31 "DELETE /v2.0/networks/18a5b5f8-2281-427c-8b8f-082c88e1479e HTTP/1.1" status: 204 len: 168 time: 0.5324311
2026-05-21 06:06:05.892 10 WARNING neutron.scheduler.dhcp_agent_scheduler [None req-ae80fb07-40c6-4dbb-b344-afb4676a3b7d 14f1358bc9e343d3a49fb905c1b51cf4 b596d1aa324b428fa9b59886b28a5fe0 - - default default] No more DHCP agents
2026-05-21 06:06:05.896 10 WARNING neutron.api.rpc.agentnotifiers.dhcp_rpc_agent_api [None req-ae80fb07-40c6-4dbb-b344-afb4676a3b7d 14f1358bc9e343d3a49fb905c1b51cf4 b596d1aa324b428fa9b59886b28a5fe0 - - default default] Unable to schedule network 7c4144d0-de45-4d2a-bd0c-b7abbbb4e091: no agents available; will retry on subsequent port and subnet creation events.
2026-05-21 06:06:05.987 10 INFO neutron.services.segments.plugin [-] Segment 54233b39-9764-435e-b870-8e3f6fc01eec resource provider aggregate not found
2026-05-21 06:06:05.997 10 INFO neutron.services.segments.plugin [-] Segment 54233b39-9764-435e-b870-8e3f6fc01eec resource provider aggregate not found
2026-05-21 06:06:06.011 10 INFO neutron.services.segments.plugin [-] Segment 54233b39-9764-435e-b870-8e3f6fc01eec resource provider not found; error: Placement Client Error (4xx): {"errors": [{"status": 404, "title": "Not Found", "detail": "The resource could not be found.\n\n No resource provider with uuid 54233b39-9764-435e-b870-8e3f6fc01eec found for delete ", "request_id": "req-0dfe971a-848d-4d3d-95ba-9d3b6d22a91c"}]}
2026-05-21 06:06:06.021 10 INFO neutron.services.segments.plugin [-] Segment 54233b39-9764-435e-b870-8e3f6fc01eec resource provider not found; error: Placement Client Error (4xx): {"errors": [{"status": 404, "title": "Not Found", "detail": "The resource could not be found.\n\n No resource provider with uuid 54233b39-9764-435e-b870-8e3f6fc01eec found for delete ", "request_id": "req-38e6aa78-17ac-4e5d-9580-8b2075258229"}]}
2026-05-21 06:06:06.031 10 INFO neutron.services.segments.plugin [-] Segment 7fd1c42a-db05-4e87-9f6e-7cfcb43527dc resource provider aggregate not found
2026-05-21 06:06:06.042 10 INFO neutron.services.segments.plugin [-] Segment 7fd1c42a-db05-4e87-9f6e-7cfcb43527dc resource provider aggregate not found
2026-05-21 06:06:06.057 10 INFO neutron.services.segments.plugin [-] Segment 7fd1c42a-db05-4e87-9f6e-7cfcb43527dc resource provider not found; error: Placement Client Error (4xx): {"errors": [{"status": 404, "title": "Not Found", "detail": "The resource could not be found.\n\n No resource provider with uuid 7fd1c42a-db05-4e87-9f6e-7cfcb43527dc found for delete ", "request_id": "req-7d43a71a-4e17-4e01-9545-3a3e0e995cc2"}]}
2026-05-21 06:06:06.059 10 INFO neutron.services.segments.plugin [-] Segment 7fd1c42a-db05-4e87-9f6e-7cfcb43527dc resource provider not found; error: Placement Client Error (4xx): {"errors": [{"status": 404, "title": "Not Found", "detail": "The resource could not be found.\n\n No resource provider with uuid 7fd1c42a-db05-4e87-9f6e-7cfcb43527dc found for delete ", "request_id": "req-d322c287-0ff2-4831-be36-242e0dd572ce"}]}
2026-05-21 06:06:06.514 9 INFO neutron.wsgi [None req-d93fbcfb-236b-4058-9ed0-ac32e914c01c 14f1358bc9e343d3a49fb905c1b51cf4 b596d1aa324b428fa9b59886b28a5fe0 - - default default] 10.0.0.31 "GET /v2.0/security-groups?tenant_id=9aa1e9fd1aee42a782868b270827d040&name=default HTTP/1.1" status: 200 len: 2996 time: 0.1656554
2026-05-21 06:06:06.688 10 INFO neutron.db.ovn_revision_numbers_db [None req-250283eb-441d-4881-9cb8-c421442fad38 0ab6843180184034b4966ee13f0c5cbb 9a18052ba02a47f5832b6cf54bd27730 - - default default] Successfully bumped revision number for resource 70400dc4-e25d-4088-bf3a-a6f7de40cee2 (type: ports) to 2
2026-05-21 06:06:06.723 9 INFO neutron.wsgi [None req-4f3f4ee5-62d8-43b1-9cf9-98075be2ec8e 14f1358bc9e343d3a49fb905c1b51cf4 b596d1aa324b428fa9b59886b28a5fe0 - - default default] 10.0.0.31 "DELETE /v2.0/security-groups/254541cd-6d43-4586-9e71-27ce0955eb9b HTTP/1.1" status: 204 len: 168 time: 0.1991947
2026-05-21 06:06:06.738 10 INFO neutron.db.ovn_revision_numbers_db [None req-250283eb-441d-4881-9cb8-c421442fad38 0ab6843180184034b4966ee13f0c5cbb 9a18052ba02a47f5832b6cf54bd27730 - - default default] Successfully bumped revision number for resource e3711ed8-9d87-474b-8103-af92485a5caa (type: subnets) to 0
2026-05-21 06:06:06.770 10 INFO neutron.wsgi [None req-250283eb-441d-4881-9cb8-c421442fad38 0ab6843180184034b4966ee13f0c5cbb 9a18052ba02a47f5832b6cf54bd27730 - - default default] 10.0.0.31 "POST /v2.0/subnets HTTP/1.1" status: 201 len: 801 time: 1.4129961
2026-05-21 06:06:06.782 10 WARNING neutron_lib.context [None req-b8e28ad0-3083-4997-b30a-af43ba24a5af 0ab6843180184034b4966ee13f0c5cbb 9a18052ba02a47f5832b6cf54bd27730 - - default default] Method 'is_advsvc' is deprecated since 2023.2 release (neutron-lib 3.8.0) and will be removed once support for the old RBAC API policies will be removed from Neutron. Please use method 'is_service_role' instead.
2026-05-21 06:06:06.887 9 INFO neutron.services.segments.plugin [-] Segment 13307362-ce22-4a1f-8aff-36acd2fab720 resource provider aggregate not found
2026-05-21 06:06:06.894 9 INFO neutron.services.segments.plugin [-] Segment 13307362-ce22-4a1f-8aff-36acd2fab720 resource provider aggregate not found
2026-05-21 06:06:06.907 9 INFO neutron.services.segments.plugin [-] Segment 13307362-ce22-4a1f-8aff-36acd2fab720 resource provider not found; error: Placement Client Error (4xx): {"errors": [{"status": 404, "title": "Not Found", "detail": "The resource could not be found.\n\n No resource provider with uuid 13307362-ce22-4a1f-8aff-36acd2fab720 found for delete ", "request_id": "req-1ec3cc11-a67c-43d6-901e-66907cf4ed72"}]}
2026-05-21 06:06:06.916 9 INFO neutron.services.segments.plugin [-] Segment 13307362-ce22-4a1f-8aff-36acd2fab720 resource provider not found; error: Placement Client Error (4xx): {"errors": [{"status": 404, "title": "Not Found", "detail": "The resource could not be found.\n\n No resource provider with uuid 13307362-ce22-4a1f-8aff-36acd2fab720 found for delete ", "request_id": "req-b053c071-8f27-4d26-979d-1d4984d3cc16"}]}
2026-05-21 06:06:06.958 10 INFO neutron.db.ovn_revision_numbers_db [None req-ae80fb07-40c6-4dbb-b344-afb4676a3b7d 14f1358bc9e343d3a49fb905c1b51cf4 b596d1aa324b428fa9b59886b28a5fe0 - - default default] Successfully bumped revision number for resource 5fb04f0f-68fb-47e4-b63a-3a1bf93c805a (type: ports) to 2
2026-05-21 06:06:07.011 10 INFO neutron.db.ovn_revision_numbers_db [None req-ae80fb07-40c6-4dbb-b344-afb4676a3b7d 14f1358bc9e343d3a49fb905c1b51cf4 b596d1aa324b428fa9b59886b28a5fe0 - - default default] Successfully bumped revision number for resource dcbf5914-7674-401a-b371-c020cb3013b7 (type: subnets) to 0
2026-05-21 06:06:07.034 10 INFO neutron.wsgi [None req-ae80fb07-40c6-4dbb-b344-afb4676a3b7d 14f1358bc9e343d3a49fb905c1b51cf4 b596d1aa324b428fa9b59886b28a5fe0 - - default default] 10.0.0.31 "POST /v2.0/subnets HTTP/1.1" status: 201 len: 866 time: 1.3609233
2026-05-21 06:06:07.255 10 WARNING neutron.scheduler.dhcp_agent_scheduler [None req-b8e28ad0-3083-4997-b30a-af43ba24a5af 0ab6843180184034b4966ee13f0c5cbb 9a18052ba02a47f5832b6cf54bd27730 - - default default] No more DHCP agents
2026-05-21 06:06:07.271 10 WARNING neutron.api.rpc.agentnotifiers.dhcp_rpc_agent_api [None req-b8e28ad0-3083-4997-b30a-af43ba24a5af 0ab6843180184034b4966ee13f0c5cbb 9a18052ba02a47f5832b6cf54bd27730 - - default default] Unable to schedule network dcc0a314-f4e2-4b24-b972-3fa913c14823: no agents available; will retry on subsequent port and subnet creation events.
2026-05-21 06:06:07.380 9 INFO neutron.wsgi [req-a946d140-537e-4d9c-903b-d38c75699ea6 req-52d40584-2794-40f6-99c0-443e853fca5d 37aed0cf8b4348d4836af4aeaa199a90 cc42a029ba46415bb7f566fce6ad3355 - - default default] 10.0.0.167 "GET /v2.0/ports?device_id=e09f885f-b83d-49fc-98fd-f3fc24f20daf HTTP/1.1" status: 200 len: 1170 time: 0.1063113
2026-05-21 06:06:07.432 9 INFO neutron.wsgi [req-a946d140-537e-4d9c-903b-d38c75699ea6 req-9c891a82-881b-457a-af16-6e320e9ef1b2 37aed0cf8b4348d4836af4aeaa199a90 cc42a029ba46415bb7f566fce6ad3355 - - default default] 10.0.0.167 "GET /v2.0/security-groups?id=4116a97d-4348-4d9a-a610-1707d4c818d9&fields=id&fields=name HTTP/1.1" status: 200 len: 312 time: 0.0434902
2026-05-21 06:06:07.508 10 INFO neutron.db.ovn_revision_numbers_db [None req-b8e28ad0-3083-4997-b30a-af43ba24a5af 0ab6843180184034b4966ee13f0c5cbb 9a18052ba02a47f5832b6cf54bd27730 - - default default] Successfully bumped revision number for resource 8a6f443d-ef61-45a6-a475-ab118922782b (type: ports) to 1
2026-05-21 06:06:07.533 10 INFO neutron.wsgi [None req-b8e28ad0-3083-4997-b30a-af43ba24a5af 0ab6843180184034b4966ee13f0c5cbb 9a18052ba02a47f5832b6cf54bd27730 - - default default] 10.0.0.31 "POST /v2.0/ports HTTP/1.1" status: 201 len: 1114 time: 0.7575686
2026-05-21 06:06:07.659 10 WARNING neutron.scheduler.dhcp_agent_scheduler [None req-73addbca-a7dd-4f58-ad1e-190df445b009 14f1358bc9e343d3a49fb905c1b51cf4 b596d1aa324b428fa9b59886b28a5fe0 - - default default] No more DHCP agents
2026-05-21 06:06:07.662 10 WARNING neutron.api.rpc.agentnotifiers.dhcp_rpc_agent_api [None req-73addbca-a7dd-4f58-ad1e-190df445b009 14f1358bc9e343d3a49fb905c1b51cf4 b596d1aa324b428fa9b59886b28a5fe0 - - default default] Unable to schedule network 1ce885a1-e630-4a49-96c6-ca1d2e781844: no agents available; will retry on subsequent port and subnet creation events.
2026-05-21 06:06:07.666 9 INFO neutron.wsgi [req-2eef3ca8-fc8c-4f77-b54d-1bbbef82579c req-6777b618-b98f-40f4-be95-227077ea0af9 37aed0cf8b4348d4836af4aeaa199a90 cc42a029ba46415bb7f566fce6ad3355 - - default default] 10.0.0.167 "GET /v2.0/ports?device_id=e09f885f-b83d-49fc-98fd-f3fc24f20daf HTTP/1.1" status: 200 len: 1170 time: 0.0487735
2026-05-21 06:06:07.687 10 INFO neutron.plugins.ml2.drivers.ovn.mech_driver.mech_driver [None req-57002d08-0037-4a3f-a84d-4197daadc4a1 - - - - - -] OVN reports status down for port: 4a391203-7581-4069-bdb5-c1748fcf85bd
2026-05-21 06:06:07.749 9 INFO neutron.wsgi [req-2eef3ca8-fc8c-4f77-b54d-1bbbef82579c req-ace26a61-ab12-4556-85d5-d2293c93b137 37aed0cf8b4348d4836af4aeaa199a90 cc42a029ba46415bb7f566fce6ad3355 - - default default] 10.0.0.167 "GET /v2.0/security-groups?id=4116a97d-4348-4d9a-a610-1707d4c818d9&fields=id&fields=name HTTP/1.1" status: 200 len: 312 time: 0.0747211
2026-05-21 06:06:07.914 10 INFO neutron.notifiers.nova [-] Nova event matching ['req-e1469c97-2be0-4fec-bc25-373090811375'] response: {'server_uuid': 'e09f885f-b83d-49fc-98fd-f3fc24f20daf', 'name': 'network-vif-unplugged', 'status': 'completed', 'tag': '4a391203-7581-4069-bdb5-c1748fcf85bd', 'code': 200}
2026-05-21 06:06:07.914 10 INFO neutron.db.ovn_revision_numbers_db [None req-73addbca-a7dd-4f58-ad1e-190df445b009 14f1358bc9e343d3a49fb905c1b51cf4 b596d1aa324b428fa9b59886b28a5fe0 - - default default] Successfully bumped revision number for resource db028def-7fcf-414c-9161-d0d1e116e538 (type: ports) to 1
2026-05-21 06:06:08.063 9 INFO neutron.wsgi [None req-d0a41d85-ca80-4ba7-9aa4-3bfa301a0817 0ab6843180184034b4966ee13f0c5cbb 9a18052ba02a47f5832b6cf54bd27730 - - default default] 10.0.0.31 "DELETE /v2.0/ports/8a6f443d-ef61-45a6-a475-ab118922782b HTTP/1.1" status: 204 len: 168 time: 0.5173852
2026-05-21 06:06:08.116 10 INFO neutron.pecan_wsgi.hooks.translation [None req-861a27c1-7a1e-4a56-bbb7-3bca1447fdd0 0ab6843180184034b4966ee13f0c5cbb 9a18052ba02a47f5832b6cf54bd27730 - - default default] GET failed (client error): The resource could not be found.
2026-05-21 06:06:08.119 10 INFO neutron.wsgi [None req-861a27c1-7a1e-4a56-bbb7-3bca1447fdd0 0ab6843180184034b4966ee13f0c5cbb 9a18052ba02a47f5832b6cf54bd27730 - - default default] 10.0.0.31 "GET /v2.0/ports/8a6f443d-ef61-45a6-a475-ab118922782b HTTP/1.1" status: 404 len: 333 time: 0.0490103
2026-05-21 06:06:08.186 10 INFO neutron.wsgi [req-294484ac-5acd-46c4-a7ad-f9f6d8e7059b req-f6d69fb8-a279-4bc4-b853-8684635f38c6 37aed0cf8b4348d4836af4aeaa199a90 cc42a029ba46415bb7f566fce6ad3355 - - default default] 199.19.213.138 "GET /v2.0/ports?device_id=e09f885f-b83d-49fc-98fd-f3fc24f20daf HTTP/1.1" status: 200 len: 1168 time: 0.1858556
2026-05-21 06:06:08.221 10 INFO neutron.db.ovn_revision_numbers_db [None req-57002d08-0037-4a3f-a84d-4197daadc4a1 - - - - - -] Successfully bumped revision number for resource 4a391203-7581-4069-bdb5-c1748fcf85bd (type: ports) to 7
2026-05-21 06:06:08.526 9 INFO neutron.wsgi [None req-6cba944e-fb46-4cc8-9999-546724105aec 0ab6843180184034b4966ee13f0c5cbb 9a18052ba02a47f5832b6cf54bd27730 - - default default] 10.0.0.31 "DELETE /v2.0/subnets/e3711ed8-9d87-474b-8103-af92485a5caa HTTP/1.1" status: 204 len: 168 time: 0.4008555
2026-05-21 06:06:08.744 9 WARNING neutron_lib.context [None req-299a0c0a-0791-4d06-a94b-af07fde282d8 609aa4daace64dd898bb09afc8a963fe f7f3ad52dfa740549822122efe0a9293 - - default default] Method 'is_advsvc' is deprecated since 2023.2 release (neutron-lib 3.8.0) and will be removed once support for the old RBAC API policies will be removed from Neutron. Please use method 'is_service_role' instead.
2026-05-21 06:06:08.886 9 INFO neutron.wsgi [req-93354762-06c4-40f0-957c-0c3e93ce0c10 req-dd4c1df5-5b09-4119-9dc7-7781a03ad738 37aed0cf8b4348d4836af4aeaa199a90 cc42a029ba46415bb7f566fce6ad3355 - - default default] 10.0.0.167 "GET /v2.0/ports?device_id=e09f885f-b83d-49fc-98fd-f3fc24f20daf HTTP/1.1" status: 200 len: 1168 time: 0.0697384
2026-05-21 06:06:08.998 9 INFO neutron.wsgi [req-93354762-06c4-40f0-957c-0c3e93ce0c10 req-6bca25b7-c2df-453e-a25b-11e1553be201 37aed0cf8b4348d4836af4aeaa199a90 cc42a029ba46415bb7f566fce6ad3355 - - default default] 10.0.0.167 "GET /v2.0/security-groups?id=4116a97d-4348-4d9a-a610-1707d4c818d9&fields=id&fields=name HTTP/1.1" status: 200 len: 312 time: 0.1005509
2026-05-21 06:06:09.060 9 INFO neutron.services.segments.plugin [-] Segment 6353a7cd-ea95-4b2b-86a0-187a67399dfe resource provider aggregate not found
2026-05-21 06:06:09.076 9 INFO neutron.services.segments.plugin [-] Segment 6353a7cd-ea95-4b2b-86a0-187a67399dfe resource provider aggregate not found
2026-05-21 06:06:09.084 9 INFO neutron.services.segments.plugin [-] Segment 6353a7cd-ea95-4b2b-86a0-187a67399dfe resource provider not found; error: Placement Client Error (4xx): {"errors": [{"status": 404, "title": "Not Found", "detail": "The resource could not be found.\n\n No resource provider with uuid 6353a7cd-ea95-4b2b-86a0-187a67399dfe found for delete ", "request_id": "req-52e5a263-3138-4e48-b845-afdbb85b1023"}]}
2026-05-21 06:06:09.085 9 INFO neutron.db.ovn_revision_numbers_db [None req-299a0c0a-0791-4d06-a94b-af07fde282d8 609aa4daace64dd898bb09afc8a963fe f7f3ad52dfa740549822122efe0a9293 - - default default] Successfully bumped revision number for resource e54220e1-eac7-4be2-94e9-e2bdbc2f827c (type: security_groups) to 1
2026-05-21 06:06:09.096 9 INFO neutron.services.segments.plugin [-] Segment 6353a7cd-ea95-4b2b-86a0-187a67399dfe resource provider not found; error: Placement Client Error (4xx): {"errors": [{"status": 404, "title": "Not Found", "detail": "The resource could not be found.\n\n No resource provider with uuid 6353a7cd-ea95-4b2b-86a0-187a67399dfe found for delete ", "request_id": "req-5d16c9a1-a495-41f3-b31a-6897e51fbc34"}]}
2026-05-21 06:06:09.100 9 INFO neutron.db.ovn_revision_numbers_db [None req-299a0c0a-0791-4d06-a94b-af07fde282d8 609aa4daace64dd898bb09afc8a963fe f7f3ad52dfa740549822122efe0a9293 - - default default] Successfully bumped revision number for resource d2ec596a-7d8c-41af-9b27-fb780bdaa6c6 (type: security_group_rules) to 0
2026-05-21 06:06:09.122 9 INFO neutron.wsgi [None req-eeb5ed6a-19db-4ee4-8d8d-6289e869c88c 0ab6843180184034b4966ee13f0c5cbb 9a18052ba02a47f5832b6cf54bd27730 - - default default] 10.0.0.31 "DELETE /v2.0/networks/dcc0a314-f4e2-4b24-b972-3fa913c14823 HTTP/1.1" status: 204 len: 168 time: 0.5883255
2026-05-21 06:06:09.124 9 INFO neutron.db.ovn_revision_numbers_db [None req-299a0c0a-0791-4d06-a94b-af07fde282d8 609aa4daace64dd898bb09afc8a963fe f7f3ad52dfa740549822122efe0a9293 - - default default] Successfully bumped revision number for resource f2374d91-086a-444b-8db0-f10a1e3a8688 (type: security_group_rules) to 0
2026-05-21 06:06:09.135 9 WARNING neutron_lib.context [None req-d2908fd4-440c-4d45-b921-4bc90da718c3 0ab6843180184034b4966ee13f0c5cbb 9a18052ba02a47f5832b6cf54bd27730 - - default default] Method 'is_advsvc' is deprecated since 2023.2 release (neutron-lib 3.8.0) and will be removed once support for the old RBAC API policies will be removed from Neutron. Please use method 'is_service_role' instead.
2026-05-21 06:06:09.155 9 INFO neutron.db.ovn_revision_numbers_db [None req-299a0c0a-0791-4d06-a94b-af07fde282d8 609aa4daace64dd898bb09afc8a963fe f7f3ad52dfa740549822122efe0a9293 - - default default] Successfully bumped revision number for resource f7901473-5c84-4b29-9705-fb68db8ad7c3 (type: security_group_rules) to 0 /var/lib/openstack/lib/python3.10/site-packages/pycadf/identifier.py:71: UserWarning: Invalid uuid: neutron. To ensure interoperability, identifiers should be a valid uuid. warnings.warn(('Invalid uuid: %s. To ensure interoperability, '
2026-05-21 06:06:09.201 9 INFO neutron.db.ovn_revision_numbers_db [None req-299a0c0a-0791-4d06-a94b-af07fde282d8 609aa4daace64dd898bb09afc8a963fe f7f3ad52dfa740549822122efe0a9293 - - default default] Successfully bumped revision number for resource fe2fc3c3-08a3-48b9-a5ff-34596da867fe (type: security_group_rules) to 0
2026-05-21 06:06:09.206 10 INFO neutron.db.l3_db [req-294484ac-5acd-46c4-a7ad-f9f6d8e7059b req-127a7fdf-ca4d-45df-a8d2-5bbd8a52fae4 37aed0cf8b4348d4836af4aeaa199a90 cc42a029ba46415bb7f566fce6ad3355 - - default default] Floating IP 2bd0eb49-3b3a-4985-96fa-ae91370b8207 disassociated. External IP: 10.96.250.211, port: 4a391203-7581-4069-bdb5-c1748fcf85bd.
2026-05-21 06:06:09.211 10 INFO neutron.wsgi [None req-8fed3830-5a01-4a3f-9293-b8393fb7a93b 14f1358bc9e343d3a49fb905c1b51cf4 b596d1aa324b428fa9b59886b28a5fe0 - - default default] 10.0.0.104 "GET /v2.0/agents HTTP/1.1" status: 200 len: 997 time: 0.1937053
2026-05-21 06:06:09.266 9 INFO neutron.db.segments_db [None req-299a0c0a-0791-4d06-a94b-af07fde282d8 609aa4daace64dd898bb09afc8a963fe f7f3ad52dfa740549822122efe0a9293 - - default default] Added segment 1286a158-ae69-44f4-979d-e8d61a5e9052 of type geneve for network 3206e046-26ed-4713-864f-3031379644a5
2026-05-21 06:06:09.297 10 INFO neutron.wsgi [None req-926caa87-3f55-4353-b404-8ac20614e8d1 14f1358bc9e343d3a49fb905c1b51cf4 b596d1aa324b428fa9b59886b28a5fe0 - - default default] 10.0.0.104 "GET /v2.0/network-ip-availabilities HTTP/1.1" status: 200 len: 2516 time: 0.0814943 /var/lib/openstack/lib/python3.10/site-packages/pycadf/identifier.py:71: UserWarning: Invalid uuid: neutron. To ensure interoperability, identifiers should be a valid uuid. warnings.warn(('Invalid uuid: %s. To ensure interoperability, '
2026-05-21 06:06:09.414 10 INFO neutron.wsgi [None req-69608569-66d2-4919-ab62-3a4cc5d69f33 14f1358bc9e343d3a49fb905c1b51cf4 b596d1aa324b428fa9b59886b28a5fe0 - - default default] 10.0.0.104 "GET /v2.0/floatingips HTTP/1.1" status: 200 len: 1033 time: 0.1043413
2026-05-21 06:06:09.478 9 INFO neutron.db.ovn_revision_numbers_db [None req-299a0c0a-0791-4d06-a94b-af07fde282d8 609aa4daace64dd898bb09afc8a963fe f7f3ad52dfa740549822122efe0a9293 - - default default] Successfully bumped revision number for resource 3206e046-26ed-4713-864f-3031379644a5 (type: networks) to 1
2026-05-21 06:06:09.514 9 WARNING neutron.scheduler.dhcp_agent_scheduler [None req-d2908fd4-440c-4d45-b921-4bc90da718c3 0ab6843180184034b4966ee13f0c5cbb 9a18052ba02a47f5832b6cf54bd27730 - - default default] No more DHCP agents
2026-05-21 06:06:09.519 9 WARNING neutron.api.rpc.agentnotifiers.dhcp_rpc_agent_api [None req-d2908fd4-440c-4d45-b921-4bc90da718c3 0ab6843180184034b4966ee13f0c5cbb 9a18052ba02a47f5832b6cf54bd27730 - - default default] Unable to schedule network 6b239905-07c5-4c2c-9819-ae02bc783e60: no agents available; will retry on subsequent port and subnet creation events.
2026-05-21 06:06:09.528 10 INFO neutron.wsgi [None req-fc105971-63d4-4a36-950f-d17c48871c54 14f1358bc9e343d3a49fb905c1b51cf4 b596d1aa324b428fa9b59886b28a5fe0 - - default default] 10.0.0.104 "GET /v2.0/ports HTTP/1.1" status: 200 len: 14580 time: 0.1097016
2026-05-21 06:06:09.619 10 INFO neutron.plugins.ml2.drivers.ovn.mech_driver.mech_driver [None req-57002d08-0037-4a3f-a84d-4197daadc4a1 - - - - - -] OVN reports status up for port: db028def-7fcf-414c-9161-d0d1e116e538
2026-05-21 06:06:09.622 9 INFO neutron.plugins.ml2.drivers.ovn.mech_driver.ovsdb.ovsdb_monitor [None req-1482a3ad-1445-464a-a156-6aa4739a484a - - - - - -] Router 60e924e3-0c08-430a-983e-da77eb9ec5cd is bound to host instance
2026-05-21 06:06:09.682 10 INFO neutron.wsgi [None req-cfefd471-f57b-4999-94a2-1b7fd12e8b54 14f1358bc9e343d3a49fb905c1b51cf4 b596d1aa324b428fa9b59886b28a5fe0 - - default default] 10.0.0.104 "GET /v2.0/security-groups HTTP/1.1" status: 200 len: 30664 time: 0.1428163
2026-05-21 06:06:09.708 10 INFO neutron.plugins.ml2.plugin [None req-57002d08-0037-4a3f-a84d-4197daadc4a1 - - - - - -] Attempt 1 to provision port db028def-7fcf-414c-9161-d0d1e116e538
2026-05-21 06:06:09.716 9 INFO neutron.db.ovn_revision_numbers_db [None req-d2908fd4-440c-4d45-b921-4bc90da718c3 0ab6843180184034b4966ee13f0c5cbb 9a18052ba02a47f5832b6cf54bd27730 - - default default] Successfully bumped revision number for resource 61eeb4e9-2b9e-4b91-9c8d-ce82ff4e5610 (type: ports) to 1
2026-05-21 06:06:09.755 10 INFO neutron.db.ovn_revision_numbers_db [None req-73addbca-a7dd-4f58-ad1e-190df445b009 14f1358bc9e343d3a49fb905c1b51cf4 b596d1aa324b428fa9b59886b28a5fe0 - - default default] Successfully bumped revision number for resource db028def-7fcf-414c-9161-d0d1e116e538 (type: router_ports) to 1
2026-05-21 06:06:09.783 9 INFO neutron.wsgi [None req-d2908fd4-440c-4d45-b921-4bc90da718c3 0ab6843180184034b4966ee13f0c5cbb 9a18052ba02a47f5832b6cf54bd27730 - - default default] 10.0.0.31 "POST /v2.0/ports HTTP/1.1" status: 201 len: 974 time: 0.6543889
2026-05-21 06:06:09.786 10 INFO neutron.wsgi [None req-076d36a3-fab6-48d5-90be-6ded81f81b47 14f1358bc9e343d3a49fb905c1b51cf4 b596d1aa324b428fa9b59886b28a5fe0 - - default default] 10.0.0.104 "GET /v2.0/subnets HTTP/1.1" status: 200 len: 2751 time: 0.0960886
2026-05-21 06:06:09.812 9 WARNING neutron.scheduler.dhcp_agent_scheduler [None req-299a0c0a-0791-4d06-a94b-af07fde282d8 609aa4daace64dd898bb09afc8a963fe f7f3ad52dfa740549822122efe0a9293 - - default default] No more DHCP agents
2026-05-21 06:06:09.818 9 WARNING neutron.api.rpc.agentnotifiers.dhcp_rpc_agent_api [None req-299a0c0a-0791-4d06-a94b-af07fde282d8 609aa4daace64dd898bb09afc8a963fe f7f3ad52dfa740549822122efe0a9293 - - default default] Unable to schedule network 3206e046-26ed-4713-864f-3031379644a5: no agents available; will retry on subsequent port and subnet creation events.
2026-05-21 06:06:09.865 10 INFO neutron.wsgi [req-294484ac-5acd-46c4-a7ad-f9f6d8e7059b req-127a7fdf-ca4d-45df-a8d2-5bbd8a52fae4 37aed0cf8b4348d4836af4aeaa199a90 cc42a029ba46415bb7f566fce6ad3355 - - default default] 199.19.213.138 "DELETE /v2.0/ports/4a391203-7581-4069-bdb5-c1748fcf85bd HTTP/1.1" status: 204 len: 173 time: 1.6712840
2026-05-21 06:06:09.942 9 INFO neutron.db.ovn_revision_numbers_db [None req-299a0c0a-0791-4d06-a94b-af07fde282d8 609aa4daace64dd898bb09afc8a963fe f7f3ad52dfa740549822122efe0a9293 - - default default] Successfully bumped revision number for resource dd946bb8-63be-466b-af68-055e1a2a5c3a (type: ports) to 1
2026-05-21 06:06:09.964 10 INFO neutron.notifiers.nova [-] Nova event matching ['req-8ee9be00-3a00-487e-ad86-e1b0f3f9685f'] response: {'server_uuid': 'e09f885f-b83d-49fc-98fd-f3fc24f20daf', 'name': 'network-vif-plugged', 'status': 'completed', 'tag': '4a391203-7581-4069-bdb5-c1748fcf85bd', 'code': 200}
2026-05-21 06:06:09.964 10 INFO neutron.notifiers.nova [-] Nova event matching ['req-8ee9be00-3a00-487e-ad86-e1b0f3f9685f'] response: {'server_uuid': 'e09f885f-b83d-49fc-98fd-f3fc24f20daf', 'name': 'network-vif-deleted', 'tag': '4a391203-7581-4069-bdb5-c1748fcf85bd', 'status': 'completed', 'code': 200}
2026-05-21 06:06:09.968 9 INFO neutron.wsgi [None req-299a0c0a-0791-4d06-a94b-af07fde282d8 609aa4daace64dd898bb09afc8a963fe f7f3ad52dfa740549822122efe0a9293 - - default default] 10.0.0.31 "POST /v2.0/networks HTTP/1.1" status: 201 len: 833 time: 1.3841262 /var/lib/openstack/lib/python3.10/site-packages/pycadf/identifier.py:71: UserWarning: Invalid uuid: neutron. To ensure interoperability, identifiers should be a valid uuid. warnings.warn(('Invalid uuid: %s. To ensure interoperability, '
2026-05-21 06:06:09.984 9 WARNING neutron_lib.context [None req-460eb196-827f-49b4-bfcf-6dee3536be7a 609aa4daace64dd898bb09afc8a963fe f7f3ad52dfa740549822122efe0a9293 - - default default] Method 'is_advsvc' is deprecated since 2023.2 release (neutron-lib 3.8.0) and will be removed once support for the old RBAC API policies will be removed from Neutron. Please use method 'is_service_role' instead.
