2026-05-21 06:05:44.173 9 WARNING neutron_lib.context [None req-fb24705c-da80-47c8-a897-26f09514ec80 406d06f69f9a4b6484242f2e9336093d 0ae070fa5e2d4d20b19544f5c3a184a0 - - default default] Method 'is_advsvc' is deprecated since 2023.2 release (neutron-lib 3.8.0) and will be removed once support for the old RBAC API policies will be removed from Neutron. Please use method 'is_service_role' instead.
2026-05-21 06:05:44.322 10 INFO neutron.db.ovn_revision_numbers_db [None req-ff4136d1-099e-4be6-afbc-2a384e932b56 62389e64083b4ce28cecc1bae4ae77de 8ed452ea57514230a52ed12447abdcfc - - default default] Successfully bumped revision number for resource 1764c5dc-7828-4562-925e-dce4a8448688 (type: floatingips) to 0
2026-05-21 06:05:44.337 10 INFO neutron.wsgi [None req-ff4136d1-099e-4be6-afbc-2a384e932b56 62389e64083b4ce28cecc1bae4ae77de 8ed452ea57514230a52ed12447abdcfc - - default default] 10.0.0.31 "POST /v2.0/floatingips HTTP/1.1" status: 201 len: 751 time: 0.6925430
2026-05-21 06:05:44.715 9 INFO neutron.wsgi [None req-78a1e2d4-50ed-43a2-9cd0-aff95a576dc8 f7646afb733e46bab45a216beac3447f 5cbef3446d8b4c4c82949d26a2bbb2c0 - - default default] 10.0.0.31 "DELETE /v2.0/ports/0dcc682c-9de8-4967-a30b-720e18e9014b HTTP/1.1" status: 204 len: 168 time: 0.8148024
2026-05-21 06:05:44.825 9 INFO neutron.wsgi [req-de613a30-8d96-451b-a3dd-4bcab7689eb4 req-fc7f89f1-5a97-4253-a0ad-22b8a8c1de50 62389e64083b4ce28cecc1bae4ae77de 8ed452ea57514230a52ed12447abdcfc - - default default] 10.0.0.167 "GET /v2.0/security-groups?name=tempest-securitygroup--670186820&fields=id&tenant_id=8ed452ea57514230a52ed12447abdcfc HTTP/1.1" status: 200 len: 267 time: 0.0791578 /var/lib/openstack/lib/python3.10/site-packages/pycadf/identifier.py:71: UserWarning: Invalid uuid: neutron. To ensure interoperability, identifiers should be a valid uuid. warnings.warn(('Invalid uuid: %s. To ensure interoperability, '
2026-05-21 06:05:44.869 9 WARNING neutron.scheduler.dhcp_agent_scheduler [None req-fb24705c-da80-47c8-a897-26f09514ec80 406d06f69f9a4b6484242f2e9336093d 0ae070fa5e2d4d20b19544f5c3a184a0 - - default default] No more DHCP agents
2026-05-21 06:05:44.878 9 WARNING neutron.api.rpc.agentnotifiers.dhcp_rpc_agent_api [None req-fb24705c-da80-47c8-a897-26f09514ec80 406d06f69f9a4b6484242f2e9336093d 0ae070fa5e2d4d20b19544f5c3a184a0 - - default default] Unable to schedule network 89eb8b8c-ad58-4ca4-8e13-40f16a976cf5: no agents available; will retry on subsequent port and subnet creation events.
2026-05-21 06:05:44.892 9 INFO neutron.wsgi [None req-6b2c7ca9-4d73-49a5-bb49-bf26e9b754e3 f7646afb733e46bab45a216beac3447f 5cbef3446d8b4c4c82949d26a2bbb2c0 - - default default] 10.0.0.31 "GET /v2.0/ports?device_id=05b6ae95-d276-48b0-a189-85acf6db7ae0 HTTP/1.1" status: 200 len: 1140 time: 0.1708162 /var/lib/openstack/lib/python3.10/site-packages/pycadf/identifier.py:71: UserWarning: Invalid uuid: neutron. To ensure interoperability, identifiers should be a valid uuid. warnings.warn(('Invalid uuid: %s. To ensure interoperability, '
2026-05-21 06:05:44.972 9 INFO neutron.wsgi [req-de613a30-8d96-451b-a3dd-4bcab7689eb4 req-61cd8313-14d2-48dd-bbb1-1c03626494ba 62389e64083b4ce28cecc1bae4ae77de 8ed452ea57514230a52ed12447abdcfc - - default default] 10.0.0.167 "GET /v2.0/networks?id=7dcb0c64-2d4b-442e-8532-328ccfaa0111 HTTP/1.1" status: 200 len: 875 time: 0.1351531
2026-05-21 06:05:45.020 9 INFO neutron.wsgi [req-de613a30-8d96-451b-a3dd-4bcab7689eb4 req-6956cce7-1ec2-43e9-a66e-ab226feeb683 62389e64083b4ce28cecc1bae4ae77de 8ed452ea57514230a52ed12447abdcfc - - default default] 10.0.0.167 "GET /v2.0/quotas/8ed452ea57514230a52ed12447abdcfc HTTP/1.1" status: 200 len: 386 time: 0.0388644
2026-05-21 06:05:45.077 9 INFO neutron.db.ovn_revision_numbers_db [None req-fb24705c-da80-47c8-a897-26f09514ec80 406d06f69f9a4b6484242f2e9336093d 0ae070fa5e2d4d20b19544f5c3a184a0 - - default default] Successfully bumped revision number for resource 7d34a73b-61a8-45b2-9b94-b459f8ce8f1e (type: ports) to 1
2026-05-21 06:05:45.127 9 INFO neutron.wsgi [None req-fb24705c-da80-47c8-a897-26f09514ec80 406d06f69f9a4b6484242f2e9336093d 0ae070fa5e2d4d20b19544f5c3a184a0 - - default default] 10.0.0.31 "POST /v2.0/ports HTTP/1.1" status: 201 len: 978 time: 0.9590366
2026-05-21 06:05:45.143 10 WARNING neutron_lib.context [None req-a12ff2cc-8346-47e1-8748-3e9d86b5125f 406d06f69f9a4b6484242f2e9336093d 0ae070fa5e2d4d20b19544f5c3a184a0 - - default default] Method 'is_advsvc' is deprecated since 2023.2 release (neutron-lib 3.8.0) and will be removed once support for the old RBAC API policies will be removed from Neutron. Please use method 'is_service_role' instead.
2026-05-21 06:05:45.163 9 INFO neutron.wsgi [req-de613a30-8d96-451b-a3dd-4bcab7689eb4 req-8b501609-910f-4d5a-ad12-ce36e6117154 62389e64083b4ce28cecc1bae4ae77de 8ed452ea57514230a52ed12447abdcfc - - default default] 10.0.0.167 "GET /v2.0/ports?tenant_id=8ed452ea57514230a52ed12447abdcfc&fields=id HTTP/1.1" status: 200 len: 302 time: 0.1291389
2026-05-21 06:05:45.265 10 INFO neutron.db.segments_db [None req-a12ff2cc-8346-47e1-8748-3e9d86b5125f 406d06f69f9a4b6484242f2e9336093d 0ae070fa5e2d4d20b19544f5c3a184a0 - - default default] Added segment 614bcdc1-a4a9-44d9-9a03-36c5fbf1db07 of type geneve for network 35600002-c728-418a-9990-550c3b0386b8
2026-05-21 06:05:45.287 9 INFO neutron.wsgi [req-de613a30-8d96-451b-a3dd-4bcab7689eb4 req-40f254a8-cd6b-4709-8284-9c1d637a2266 229501d8a6c14532b4471656d3f47bda 898e81d6baed46e2827c75275a9facd0 - - 3956b636088b444f9ad1deef5c6431c0 3956b636088b444f9ad1deef5c6431c0] 10.0.0.167 "GET /v2.0/networks/7dcb0c64-2d4b-442e-8532-328ccfaa0111?fields=segments HTTP/1.1" status: 200 len: 212 time: 0.1109595
2026-05-21 06:05:45.397 9 INFO neutron.wsgi [req-de613a30-8d96-451b-a3dd-4bcab7689eb4 req-7f3e3387-1502-49da-adb8-c10afb062104 229501d8a6c14532b4471656d3f47bda 898e81d6baed46e2827c75275a9facd0 - - 3956b636088b444f9ad1deef5c6431c0 3956b636088b444f9ad1deef5c6431c0] 10.0.0.167 "GET /v2.0/networks/7dcb0c64-2d4b-442e-8532-328ccfaa0111?fields=provider%3Aphysical_network&fields=provider%3Anetwork_type HTTP/1.1" status: 200 len: 277 time: 0.1019189
2026-05-21 06:05:45.425 10 INFO neutron.db.ovn_revision_numbers_db [None req-a12ff2cc-8346-47e1-8748-3e9d86b5125f 406d06f69f9a4b6484242f2e9336093d 0ae070fa5e2d4d20b19544f5c3a184a0 - - default default] Successfully bumped revision number for resource 35600002-c728-418a-9990-550c3b0386b8 (type: networks) to 1
2026-05-21 06:05:45.577 9 INFO neutron.wsgi [req-4426f478-a0e2-437a-ba05-359b0b0aa9e9 req-fb6b0ffb-2e0e-4482-acf2-2d16ab58a631 62389e64083b4ce28cecc1bae4ae77de 8ed452ea57514230a52ed12447abdcfc - - default default] 10.0.0.167 "GET /v2.0/ports?device_id=4fc70f6a-67dc-4c35-a621-8abccd87b823 HTTP/1.1" status: 200 len: 210 time: 0.0367789
2026-05-21 06:05:45.633 10 WARNING neutron.scheduler.dhcp_agent_scheduler [None req-a12ff2cc-8346-47e1-8748-3e9d86b5125f 406d06f69f9a4b6484242f2e9336093d 0ae070fa5e2d4d20b19544f5c3a184a0 - - default default] No more DHCP agents
2026-05-21 06:05:45.635 10 WARNING neutron.api.rpc.agentnotifiers.dhcp_rpc_agent_api [None req-a12ff2cc-8346-47e1-8748-3e9d86b5125f 406d06f69f9a4b6484242f2e9336093d 0ae070fa5e2d4d20b19544f5c3a184a0 - - default default] Unable to schedule network 35600002-c728-418a-9990-550c3b0386b8: no agents available; will retry on subsequent port and subnet creation events.
2026-05-21 06:05:45.731 10 INFO neutron.db.ovn_revision_numbers_db [None req-a12ff2cc-8346-47e1-8748-3e9d86b5125f 406d06f69f9a4b6484242f2e9336093d 0ae070fa5e2d4d20b19544f5c3a184a0 - - default default] Successfully bumped revision number for resource f02be331-2ecc-464e-b5d3-f1051f6b4ee2 (type: ports) to 1
2026-05-21 06:05:45.758 10 INFO neutron.wsgi [None req-a12ff2cc-8346-47e1-8748-3e9d86b5125f 406d06f69f9a4b6484242f2e9336093d 0ae070fa5e2d4d20b19544f5c3a184a0 - - default default] 10.0.0.31 "POST /v2.0/networks HTTP/1.1" status: 201 len: 835 time: 0.6224144
2026-05-21 06:05:45.770 10 WARNING neutron_lib.context [None req-1733754b-d17e-4602-933e-028c1e4ee96e 406d06f69f9a4b6484242f2e9336093d 0ae070fa5e2d4d20b19544f5c3a184a0 - - default default] Method 'is_advsvc' is deprecated since 2023.2 release (neutron-lib 3.8.0) and will be removed once support for the old RBAC API policies will be removed from Neutron. Please use method 'is_service_role' instead.
2026-05-21 06:05:46.014 9 INFO neutron.wsgi [None req-a1e139cd-806a-4134-b492-c3cc16932dc4 f7646afb733e46bab45a216beac3447f 5cbef3446d8b4c4c82949d26a2bbb2c0 - - default default] 10.0.0.31 "PUT /v2.0/routers/05b6ae95-d276-48b0-a189-85acf6db7ae0/remove_router_interface HTTP/1.1" status: 200 len: 503 time: 1.1132684 /var/lib/openstack/lib/python3.10/site-packages/pycadf/identifier.py:71: UserWarning: Invalid uuid: neutron. To ensure interoperability, identifiers should be a valid uuid. warnings.warn(('Invalid uuid: %s. To ensure interoperability, '
2026-05-21 06:05:46.051 10 WARNING neutron.scheduler.dhcp_agent_scheduler [None req-1733754b-d17e-4602-933e-028c1e4ee96e 406d06f69f9a4b6484242f2e9336093d 0ae070fa5e2d4d20b19544f5c3a184a0 - - default default] No more DHCP agents
2026-05-21 06:05:46.056 10 WARNING neutron.api.rpc.agentnotifiers.dhcp_rpc_agent_api [None req-1733754b-d17e-4602-933e-028c1e4ee96e 406d06f69f9a4b6484242f2e9336093d 0ae070fa5e2d4d20b19544f5c3a184a0 - - default default] Unable to schedule network 35600002-c728-418a-9990-550c3b0386b8: no agents available; will retry on subsequent port and subnet creation events.
2026-05-21 06:05:46.096 10 INFO neutron.db.ovn_revision_numbers_db [None req-1733754b-d17e-4602-933e-028c1e4ee96e 406d06f69f9a4b6484242f2e9336093d 0ae070fa5e2d4d20b19544f5c3a184a0 - - default default] Successfully bumped revision number for resource 733a362c-5948-4ac3-a2bf-e7117fa8762a (type: subnets) to 0
2026-05-21 06:05:46.118 10 INFO neutron.wsgi [None req-1733754b-d17e-4602-933e-028c1e4ee96e 406d06f69f9a4b6484242f2e9336093d 0ae070fa5e2d4d20b19544f5c3a184a0 - - default default] 10.0.0.31 "POST /v2.0/subnets HTTP/1.1" status: 201 len: 821 time: 0.3539779
2026-05-21 06:05:46.132 10 WARNING neutron_lib.context [None req-be15114b-5a3b-456c-9bbb-cfed372a4f06 406d06f69f9a4b6484242f2e9336093d 0ae070fa5e2d4d20b19544f5c3a184a0 - - default default] Method 'is_advsvc' is deprecated since 2023.2 release (neutron-lib 3.8.0) and will be removed once support for the old RBAC API policies will be removed from Neutron. Please use method 'is_service_role' instead.
2026-05-21 06:05:46.380 10 WARNING neutron.plugins.ml2.drivers.ovn.mech_driver.ovsdb.ovn_client [None req-57002d08-0037-4a3f-a84d-4197daadc4a1 - - - - - -] No hosting information found for port e31ca7ca-6a47-47b9-9169-6e0f2a4b55ee: RuntimeError: No hosting information found for port e31ca7ca-6a47-47b9-9169-6e0f2a4b55ee
2026-05-21 06:05:46.569 10 INFO neutron.wsgi [req-de613a30-8d96-451b-a3dd-4bcab7689eb4 req-b812c377-cfee-4204-b8ed-eb27c8afc771 62389e64083b4ce28cecc1bae4ae77de 8ed452ea57514230a52ed12447abdcfc - - default default] 199.19.213.138 "GET /v2.0/networks?id=7dcb0c64-2d4b-442e-8532-328ccfaa0111 HTTP/1.1" status: 200 len: 875 time: 0.2532258 /var/lib/openstack/lib/python3.10/site-packages/pycadf/identifier.py:71: UserWarning: Invalid uuid: neutron. To ensure interoperability, identifiers should be a valid uuid. warnings.warn(('Invalid uuid: %s. To ensure interoperability, '
2026-05-21 06:05:46.668 9 INFO neutron.wsgi [req-9321dc3a-067f-478d-ba9f-bd2d3a7f2dfa req-ddbb030e-0d99-4d6b-b847-0991e576a6a1 62389e64083b4ce28cecc1bae4ae77de 8ed452ea57514230a52ed12447abdcfc - - default default] 10.0.0.167 "GET /v2.0/ports?device_id=4fc70f6a-67dc-4c35-a621-8abccd87b823 HTTP/1.1" status: 200 len: 210 time: 0.0195584
2026-05-21 06:05:46.672 10 INFO neutron.wsgi [req-de613a30-8d96-451b-a3dd-4bcab7689eb4 req-8d9cee9a-a893-417d-982d-50ea548264fb 62389e64083b4ce28cecc1bae4ae77de 8ed452ea57514230a52ed12447abdcfc - - default default] 199.19.213.138 "GET /v2.0/security-groups?fields=id&fields=name&tenant_id=8ed452ea57514230a52ed12447abdcfc HTTP/1.1" status: 200 len: 379 time: 0.0621908 /var/lib/openstack/lib/python3.10/site-packages/pycadf/identifier.py:71: UserWarning: Invalid uuid: neutron. To ensure interoperability, identifiers should be a valid uuid. warnings.warn(('Invalid uuid: %s. To ensure interoperability, '
2026-05-21 06:05:46.700 10 WARNING neutron_lib.context [req-de613a30-8d96-451b-a3dd-4bcab7689eb4 req-e996894b-2c0c-4fa2-b022-2985b42e71f9 62389e64083b4ce28cecc1bae4ae77de 8ed452ea57514230a52ed12447abdcfc - - default default] Method 'is_advsvc' is deprecated since 2023.2 release (neutron-lib 3.8.0) and will be removed once support for the old RBAC API policies will be removed from Neutron. Please use method 'is_service_role' instead.
2026-05-21 06:05:46.726 10 WARNING neutron.scheduler.dhcp_agent_scheduler [None req-be15114b-5a3b-456c-9bbb-cfed372a4f06 406d06f69f9a4b6484242f2e9336093d 0ae070fa5e2d4d20b19544f5c3a184a0 - - default default] No more DHCP agents
2026-05-21 06:05:46.738 10 WARNING neutron.api.rpc.agentnotifiers.dhcp_rpc_agent_api [None req-be15114b-5a3b-456c-9bbb-cfed372a4f06 406d06f69f9a4b6484242f2e9336093d 0ae070fa5e2d4d20b19544f5c3a184a0 - - default default] Unable to schedule network 35600002-c728-418a-9990-550c3b0386b8: no agents available; will retry on subsequent port and subnet creation events.
2026-05-21 06:05:46.895 10 INFO neutron.db.ovn_revision_numbers_db [None req-be15114b-5a3b-456c-9bbb-cfed372a4f06 406d06f69f9a4b6484242f2e9336093d 0ae070fa5e2d4d20b19544f5c3a184a0 - - default default] Successfully bumped revision number for resource 3e4678fc-7a29-4f34-acca-4e4425440da9 (type: ports) to 1
2026-05-21 06:05:46.941 10 INFO neutron.wsgi [None req-be15114b-5a3b-456c-9bbb-cfed372a4f06 406d06f69f9a4b6484242f2e9336093d 0ae070fa5e2d4d20b19544f5c3a184a0 - - default default] 10.0.0.31 "POST /v2.0/ports HTTP/1.1" status: 201 len: 1160 time: 0.8162429 /var/lib/openstack/lib/python3.10/site-packages/pycadf/identifier.py:71: UserWarning: Invalid uuid: neutron. To ensure interoperability, identifiers should be a valid uuid. warnings.warn(('Invalid uuid: %s. To ensure interoperability, '
2026-05-21 06:05:47.008 9 INFO neutron.wsgi [req-aa1b2ad2-f063-426f-a949-d474fcfe0ab7 req-6cc46713-2191-489e-8a77-910527ee58e3 37aed0cf8b4348d4836af4aeaa199a90 cc42a029ba46415bb7f566fce6ad3355 - - default default] 10.0.0.167 "GET /v2.0/ports?device_id=e09f885f-b83d-49fc-98fd-f3fc24f20daf HTTP/1.1" status: 200 len: 1170 time: 0.2084644
2026-05-21 06:05:47.038 9 INFO neutron.wsgi [None req-00f557ee-6f25-4c4b-800e-b1e9f21601b4 f7646afb733e46bab45a216beac3447f 5cbef3446d8b4c4c82949d26a2bbb2c0 - - default default] 10.0.0.31 "DELETE /v2.0/routers/05b6ae95-d276-48b0-a189-85acf6db7ae0 HTTP/1.1" status: 204 len: 168 time: 1.0187304
2026-05-21 06:05:47.075 9 INFO neutron.wsgi [req-aa1b2ad2-f063-426f-a949-d474fcfe0ab7 req-e6fd3108-5f0d-42bf-9bea-b2a58e6d0319 37aed0cf8b4348d4836af4aeaa199a90 cc42a029ba46415bb7f566fce6ad3355 - - default default] 10.0.0.167 "GET /v2.0/security-groups?id=4116a97d-4348-4d9a-a610-1707d4c818d9&fields=id&fields=name HTTP/1.1" status: 200 len: 312 time: 0.0552831
2026-05-21 06:05:47.516 9 INFO neutron.wsgi [req-a4314161-e66d-4a31-aa4d-9398b556eb28 req-2a351386-98af-4d77-aebc-eb32c76bf615 37aed0cf8b4348d4836af4aeaa199a90 cc42a029ba46415bb7f566fce6ad3355 - - default default] 10.0.0.167 "GET /v2.0/ports?device_id=e09f885f-b83d-49fc-98fd-f3fc24f20daf HTTP/1.1" status: 200 len: 1170 time: 0.0477254
2026-05-21 06:05:47.545 10 WARNING neutron.scheduler.dhcp_agent_scheduler [req-de613a30-8d96-451b-a3dd-4bcab7689eb4 req-e996894b-2c0c-4fa2-b022-2985b42e71f9 62389e64083b4ce28cecc1bae4ae77de 8ed452ea57514230a52ed12447abdcfc - - default default] No more DHCP agents
2026-05-21 06:05:47.550 10 WARNING neutron.api.rpc.agentnotifiers.dhcp_rpc_agent_api [req-de613a30-8d96-451b-a3dd-4bcab7689eb4 req-e996894b-2c0c-4fa2-b022-2985b42e71f9 62389e64083b4ce28cecc1bae4ae77de 8ed452ea57514230a52ed12447abdcfc - - default default] Unable to schedule network 7dcb0c64-2d4b-442e-8532-328ccfaa0111: no agents available; will retry on subsequent port and subnet creation events.
2026-05-21 06:05:47.575 9 INFO neutron.wsgi [req-a4314161-e66d-4a31-aa4d-9398b556eb28 req-85a82bc5-04d6-4dd5-b780-2b8d49bd325a 37aed0cf8b4348d4836af4aeaa199a90 cc42a029ba46415bb7f566fce6ad3355 - - default default] 10.0.0.167 "GET /v2.0/security-groups?id=4116a97d-4348-4d9a-a610-1707d4c818d9&fields=id&fields=name HTTP/1.1" status: 200 len: 312 time: 0.0498965
2026-05-21 06:05:47.638 9 INFO neutron.wsgi [None req-5d5a2ab6-ca94-49e0-9c63-46cef17ee4f7 f7646afb733e46bab45a216beac3447f 5cbef3446d8b4c4c82949d26a2bbb2c0 - - default default] 10.0.0.31 "DELETE /v2.0/subnets/53815d7a-51b3-48f0-b06a-226ff67a3eb0 HTTP/1.1" status: 204 len: 168 time: 0.5945802
2026-05-21 06:05:47.685 10 INFO neutron.wsgi [None req-367b22d7-eb79-433e-a581-8cb5f350916c 406d06f69f9a4b6484242f2e9336093d 0ae070fa5e2d4d20b19544f5c3a184a0 - - default default] 10.0.0.31 "DELETE /v2.0/ports/3e4678fc-7a29-4f34-acca-4e4425440da9 HTTP/1.1" status: 204 len: 168 time: 0.7368128
2026-05-21 06:05:47.712 9 INFO neutron.pecan_wsgi.hooks.translation [None req-c23c7169-97ac-4f43-a1cb-b2a67e17220e 406d06f69f9a4b6484242f2e9336093d 0ae070fa5e2d4d20b19544f5c3a184a0 - - default default] DELETE failed (client error): The resource could not be found.
2026-05-21 06:05:47.714 9 INFO neutron.wsgi [None req-c23c7169-97ac-4f43-a1cb-b2a67e17220e 406d06f69f9a4b6484242f2e9336093d 0ae070fa5e2d4d20b19544f5c3a184a0 - - default default] 10.0.0.31 "DELETE /v2.0/ports/3e4678fc-7a29-4f34-acca-4e4425440da9 HTTP/1.1" status: 404 len: 333 time: 0.0228293
2026-05-21 06:05:47.745 9 INFO neutron.pecan_wsgi.hooks.translation [None req-84ac849f-d850-4454-9eca-71e558d804ea 406d06f69f9a4b6484242f2e9336093d 0ae070fa5e2d4d20b19544f5c3a184a0 - - default default] GET failed (client error): The resource could not be found.
2026-05-21 06:05:47.747 9 INFO neutron.wsgi [None req-84ac849f-d850-4454-9eca-71e558d804ea 406d06f69f9a4b6484242f2e9336093d 0ae070fa5e2d4d20b19544f5c3a184a0 - - default default] 10.0.0.31 "GET /v2.0/ports/3e4678fc-7a29-4f34-acca-4e4425440da9 HTTP/1.1" status: 404 len: 333 time: 0.0277638
2026-05-21 06:05:47.763 10 INFO neutron.db.ovn_revision_numbers_db [req-de613a30-8d96-451b-a3dd-4bcab7689eb4 req-e996894b-2c0c-4fa2-b022-2985b42e71f9 62389e64083b4ce28cecc1bae4ae77de 8ed452ea57514230a52ed12447abdcfc - - default default] Successfully bumped revision number for resource 749d6d44-b1c3-473e-a3cb-05e892a3f72e (type: ports) to 1
2026-05-21 06:05:47.801 10 INFO neutron.wsgi [req-de613a30-8d96-451b-a3dd-4bcab7689eb4 req-e996894b-2c0c-4fa2-b022-2985b42e71f9 62389e64083b4ce28cecc1bae4ae77de 8ed452ea57514230a52ed12447abdcfc - - default default] 199.19.213.138 "POST /v2.0/ports HTTP/1.1" status: 201 len: 1158 time: 1.1083784 /var/lib/openstack/lib/python3.10/site-packages/pycadf/identifier.py:71: UserWarning: Invalid uuid: neutron. To ensure interoperability, identifiers should be a valid uuid. warnings.warn(('Invalid uuid: %s. To ensure interoperability, '
2026-05-21 06:05:47.818 9 INFO neutron.wsgi [req-eda66d28-c5c2-468f-9757-0b55e1960300 req-5069add0-b22d-44f3-8e94-7026bd7db685 62389e64083b4ce28cecc1bae4ae77de 8ed452ea57514230a52ed12447abdcfc - - default default] 10.0.0.167 "GET /v2.0/ports?device_id=4fc70f6a-67dc-4c35-a621-8abccd87b823 HTTP/1.1" status: 200 len: 1156 time: 0.0658784
2026-05-21 06:05:47.916 9 INFO neutron.wsgi [req-eda66d28-c5c2-468f-9757-0b55e1960300 req-7f17b17e-ee7b-4e62-a3f4-d639003289e7 62389e64083b4ce28cecc1bae4ae77de 8ed452ea57514230a52ed12447abdcfc - - default default] 10.0.0.167 "GET /v2.0/security-groups?id=d0434890-0cba-4dc5-b184-9da417e1ad13&fields=id&fields=name HTTP/1.1" status: 200 len: 312 time: 0.0915246
2026-05-21 06:05:47.992 9 INFO neutron.wsgi [req-453c3c8f-9b81-4aba-b440-13c87eaacaac req-2d142800-f225-4d22-b403-da8a19ac4045 37aed0cf8b4348d4836af4aeaa199a90 cc42a029ba46415bb7f566fce6ad3355 - - default default] 10.0.0.167 "GET /v2.0/ports?device_id=e09f885f-b83d-49fc-98fd-f3fc24f20daf HTTP/1.1" status: 200 len: 1170 time: 0.0957747
2026-05-21 06:05:48.033 9 INFO neutron.wsgi [req-2c2454d8-64e5-4bb2-b336-e53b1f655423 req-6a2e6402-3758-4506-8bdb-8e2f92e639da 229501d8a6c14532b4471656d3f47bda 898e81d6baed46e2827c75275a9facd0 - - 3956b636088b444f9ad1deef5c6431c0 3956b636088b444f9ad1deef5c6431c0] 199.19.213.138 "GET /v2.0/ports?tenant_id=cc42a029ba46415bb7f566fce6ad3355&device_id=e09f885f-b83d-49fc-98fd-f3fc24f20daf HTTP/1.1" status: 200 len: 1409 time: 0.0917401
2026-05-21 06:05:48.095 9 INFO neutron.wsgi [req-453c3c8f-9b81-4aba-b440-13c87eaacaac req-dba9f91f-ce76-42ec-adf2-0ffba77a9839 37aed0cf8b4348d4836af4aeaa199a90 cc42a029ba46415bb7f566fce6ad3355 - - default default] 10.0.0.167 "GET /v2.0/security-groups?id=4116a97d-4348-4d9a-a610-1707d4c818d9&fields=id&fields=name HTTP/1.1" status: 200 len: 312 time: 0.0811684
2026-05-21 06:05:48.139 9 INFO neutron.wsgi [req-2c2454d8-64e5-4bb2-b336-e53b1f655423 req-722bfa63-95f3-43c6-965d-035a3a1d2ab2 229501d8a6c14532b4471656d3f47bda 898e81d6baed46e2827c75275a9facd0 - - 3956b636088b444f9ad1deef5c6431c0 3956b636088b444f9ad1deef5c6431c0] 199.19.213.138 "GET /v2.0/networks?id=a477e40a-82e5-4036-803a-64df20a8f75d HTTP/1.1" status: 200 len: 974 time: 0.0952730
2026-05-21 06:05:48.155 9 INFO neutron.wsgi [None req-ab71b54a-7fd6-49d5-bb74-cd2fb5241fbb 406d06f69f9a4b6484242f2e9336093d 0ae070fa5e2d4d20b19544f5c3a184a0 - - default default] 10.0.0.31 "DELETE /v2.0/subnets/733a362c-5948-4ac3-a2bf-e7117fa8762a HTTP/1.1" status: 204 len: 168 time: 0.4028509 /var/lib/openstack/lib/python3.10/site-packages/pycadf/identifier.py:71: UserWarning: Invalid uuid: neutron. To ensure interoperability, identifiers should be a valid uuid. warnings.warn(('Invalid uuid: %s. To ensure interoperability, '
2026-05-21 06:05:48.218 9 INFO neutron.wsgi [req-2c2454d8-64e5-4bb2-b336-e53b1f655423 req-9e9fa60c-3f41-4c10-85f0-7f4f5f132ee9 229501d8a6c14532b4471656d3f47bda 898e81d6baed46e2827c75275a9facd0 - - 3956b636088b444f9ad1deef5c6431c0 3956b636088b444f9ad1deef5c6431c0] 199.19.213.138 "GET /v2.0/floatingips?fixed_ip_address=10.100.0.6&port_id=4a391203-7581-4069-bdb5-c1748fcf85bd HTTP/1.1" status: 200 len: 1059 time: 0.0626605
2026-05-21 06:05:48.262 9 INFO neutron.wsgi [req-2c2454d8-64e5-4bb2-b336-e53b1f655423 req-6a45618b-ffea-42eb-9395-e42b92216a58 229501d8a6c14532b4471656d3f47bda 898e81d6baed46e2827c75275a9facd0 - - 3956b636088b444f9ad1deef5c6431c0 3956b636088b444f9ad1deef5c6431c0] 199.19.213.138 "GET /v2.0/subnets?id=f2785680-ebd2-4ef2-a50f-023de3e4de1d HTTP/1.1" status: 200 len: 869 time: 0.0373459
2026-05-21 06:05:48.301 9 INFO neutron.wsgi [req-2c2454d8-64e5-4bb2-b336-e53b1f655423 req-247ea892-7727-40c1-847f-fc9c32a7d87c 229501d8a6c14532b4471656d3f47bda 898e81d6baed46e2827c75275a9facd0 - - 3956b636088b444f9ad1deef5c6431c0 3956b636088b444f9ad1deef5c6431c0] 199.19.213.138 "GET /v2.0/ports?network_id=a477e40a-82e5-4036-803a-64df20a8f75d&device_owner=network%3Adhcp HTTP/1.1" status: 200 len: 210 time: 0.0293121
2026-05-21 06:05:48.324 9 INFO neutron.services.segments.plugin [-] Segment 3f534550-642f-42bc-8365-eb73bc633804 resource provider aggregate not found
2026-05-21 06:05:48.335 9 INFO neutron.services.segments.plugin [-] Segment 3f534550-642f-42bc-8365-eb73bc633804 resource provider aggregate not found
2026-05-21 06:05:48.349 9 INFO neutron.services.segments.plugin [-] Segment 3f534550-642f-42bc-8365-eb73bc633804 resource provider not found; error: Placement Client Error (4xx): {"errors": [{"status": 404, "title": "Not Found", "detail": "The resource could not be found.\n\n No resource provider with uuid 3f534550-642f-42bc-8365-eb73bc633804 found for delete ", "request_id": "req-4c4c3267-90ca-43a8-bae6-eef9598f72ed"}]}
2026-05-21 06:05:48.368 9 INFO neutron.services.segments.plugin [-] Segment 3f534550-642f-42bc-8365-eb73bc633804 resource provider not found; error: Placement Client Error (4xx): {"errors": [{"status": 404, "title": "Not Found", "detail": "The resource could not be found.\n\n No resource provider with uuid 3f534550-642f-42bc-8365-eb73bc633804 found for delete ", "request_id": "req-f5de357a-6065-4138-ab97-dd63e3c93d49"}]}
2026-05-21 06:05:48.377 10 INFO neutron.db.ovn_revision_numbers_db [req-de613a30-8d96-451b-a3dd-4bcab7689eb4 req-98a72585-eb74-401b-a154-6657fc84bfff 229501d8a6c14532b4471656d3f47bda 898e81d6baed46e2827c75275a9facd0 - - 3956b636088b444f9ad1deef5c6431c0 3956b636088b444f9ad1deef5c6431c0] Successfully bumped revision number for resource 749d6d44-b1c3-473e-a3cb-05e892a3f72e (type: ports) to 2
2026-05-21 06:05:48.407 9 INFO neutron.wsgi [None req-c6022618-d97b-48c7-8e58-e6d49c112346 f7646afb733e46bab45a216beac3447f 5cbef3446d8b4c4c82949d26a2bbb2c0 - - default default] 10.0.0.31 "DELETE /v2.0/networks/5d9259f4-efb9-4a21-a039-4c21cc354904 HTTP/1.1" status: 204 len: 168 time: 0.7618368
2026-05-21 06:05:48.412 9 INFO neutron.wsgi [req-2c2454d8-64e5-4bb2-b336-e53b1f655423 req-61126509-35e9-4e4d-aba8-00eb5cf34927 229501d8a6c14532b4471656d3f47bda 898e81d6baed46e2827c75275a9facd0 - - 3956b636088b444f9ad1deef5c6431c0 3956b636088b444f9ad1deef5c6431c0] 199.19.213.138 "GET /v2.0/networks/a477e40a-82e5-4036-803a-64df20a8f75d?fields=segments HTTP/1.1" status: 200 len: 212 time: 0.1008420
2026-05-21 06:05:48.480 9 INFO neutron.wsgi [req-2c2454d8-64e5-4bb2-b336-e53b1f655423 req-56da0ca7-28a3-4aba-a5e9-aebae808a43a 229501d8a6c14532b4471656d3f47bda 898e81d6baed46e2827c75275a9facd0 - - 3956b636088b444f9ad1deef5c6431c0 3956b636088b444f9ad1deef5c6431c0] 199.19.213.138 "GET /v2.0/networks/a477e40a-82e5-4036-803a-64df20a8f75d?fields=provider%3Aphysical_network&fields=provider%3Anetwork_type HTTP/1.1" status: 200 len: 277 time: 0.0623991
2026-05-21 06:05:48.660 10 INFO neutron.services.segments.plugin [-] Segment 614bcdc1-a4a9-44d9-9a03-36c5fbf1db07 resource provider aggregate not found
2026-05-21 06:05:48.665 10 INFO neutron.services.segments.plugin [-] Segment 614bcdc1-a4a9-44d9-9a03-36c5fbf1db07 resource provider aggregate not found
2026-05-21 06:05:48.688 10 INFO neutron.services.segments.plugin [-] Segment 614bcdc1-a4a9-44d9-9a03-36c5fbf1db07 resource provider not found; error: Placement Client Error (4xx): {"errors": [{"status": 404, "title": "Not Found", "detail": "The resource could not be found.\n\n No resource provider with uuid 614bcdc1-a4a9-44d9-9a03-36c5fbf1db07 found for delete ", "request_id": "req-a139a85f-6156-4521-9c99-824eaac794db"}]}
2026-05-21 06:05:48.689 10 INFO neutron.services.segments.plugin [-] Segment 614bcdc1-a4a9-44d9-9a03-36c5fbf1db07 resource provider not found; error: Placement Client Error (4xx): {"errors": [{"status": 404, "title": "Not Found", "detail": "The resource could not be found.\n\n No resource provider with uuid 614bcdc1-a4a9-44d9-9a03-36c5fbf1db07 found for delete ", "request_id": "req-56490a67-564a-42e8-9857-890890ce7e65"}]}
2026-05-21 06:05:48.710 10 INFO neutron.db.ovn_revision_numbers_db [req-de613a30-8d96-451b-a3dd-4bcab7689eb4 req-98a72585-eb74-401b-a154-6657fc84bfff 229501d8a6c14532b4471656d3f47bda 898e81d6baed46e2827c75275a9facd0 - - 3956b636088b444f9ad1deef5c6431c0 3956b636088b444f9ad1deef5c6431c0] Successfully bumped revision number for resource 749d6d44-b1c3-473e-a3cb-05e892a3f72e (type: ports) to 2
2026-05-21 06:05:48.715 10 INFO neutron.plugins.ml2.drivers.ovn.mech_driver.mech_driver [None req-57002d08-0037-4a3f-a84d-4197daadc4a1 - - - - - -] OVN reports status down for port: 4a391203-7581-4069-bdb5-c1748fcf85bd
2026-05-21 06:05:48.734 10 INFO neutron.wsgi [None req-c49a0f29-ed22-4bee-9992-da1f768187d9 406d06f69f9a4b6484242f2e9336093d 0ae070fa5e2d4d20b19544f5c3a184a0 - - default default] 10.0.0.31 "DELETE /v2.0/networks/35600002-c728-418a-9990-550c3b0386b8 HTTP/1.1" status: 204 len: 168 time: 0.5739419
2026-05-21 06:05:48.747 9 WARNING neutron_lib.context [None req-399e872b-a837-4964-82e4-349bc28cb9c2 406d06f69f9a4b6484242f2e9336093d 0ae070fa5e2d4d20b19544f5c3a184a0 - - default default] Method 'is_advsvc' is deprecated since 2023.2 release (neutron-lib 3.8.0) and will be removed once support for the old RBAC API policies will be removed from Neutron. Please use method 'is_service_role' instead.
2026-05-21 06:05:48.763 10 INFO neutron.wsgi [req-de613a30-8d96-451b-a3dd-4bcab7689eb4 req-98a72585-eb74-401b-a154-6657fc84bfff 229501d8a6c14532b4471656d3f47bda 898e81d6baed46e2827c75275a9facd0 - - 3956b636088b444f9ad1deef5c6431c0 3956b636088b444f9ad1deef5c6431c0] 199.19.213.138 "PUT /v2.0/ports/749d6d44-b1c3-473e-a3cb-05e892a3f72e HTTP/1.1" status: 200 len: 1376 time: 0.9548602 /var/lib/openstack/lib/python3.10/site-packages/pycadf/identifier.py:71: UserWarning: Invalid uuid: neutron. To ensure interoperability, identifiers should be a valid uuid. warnings.warn(('Invalid uuid: %s. To ensure interoperability, '
2026-05-21 06:05:48.845 9 INFO neutron.db.segments_db [None req-399e872b-a837-4964-82e4-349bc28cb9c2 406d06f69f9a4b6484242f2e9336093d 0ae070fa5e2d4d20b19544f5c3a184a0 - - default default] Added segment 2edc8c54-f43a-4d76-94c7-b8face9d0578 of type geneve for network 8ce7a902-fb7d-4c30-8383-c8160b381e9a
2026-05-21 06:05:48.847 10 INFO neutron.notifiers.nova [-] Nova event matching ['req-aa0bd290-0b63-4d2f-b2f1-a9a4fa165f16'] response: {'name': 'network-changed', 'server_uuid': '4fc70f6a-67dc-4c35-a621-8abccd87b823', 'tag': '749d6d44-b1c3-473e-a3cb-05e892a3f72e', 'status': 'completed', 'code': 200}
2026-05-21 06:05:48.877 10 INFO neutron.wsgi [req-de613a30-8d96-451b-a3dd-4bcab7689eb4 req-ece90174-7937-4c3e-8d5c-486132b34922 229501d8a6c14532b4471656d3f47bda 898e81d6baed46e2827c75275a9facd0 - - 3956b636088b444f9ad1deef5c6431c0 3956b636088b444f9ad1deef5c6431c0] 199.19.213.138 "GET /v2.0/ports?tenant_id=8ed452ea57514230a52ed12447abdcfc&device_id=4fc70f6a-67dc-4c35-a621-8abccd87b823 HTTP/1.1" status: 200 len: 1407 time: 0.0644135
2026-05-21 06:05:48.910 10 INFO neutron.wsgi [req-de613a30-8d96-451b-a3dd-4bcab7689eb4 req-9c4f994c-1a00-4bc2-a183-4d423cb10c0e 229501d8a6c14532b4471656d3f47bda 898e81d6baed46e2827c75275a9facd0 - - 3956b636088b444f9ad1deef5c6431c0 3956b636088b444f9ad1deef5c6431c0] 199.19.213.138 "GET /v2.0/floatingips?fixed_ip_address=10.100.0.4&port_id=749d6d44-b1c3-473e-a3cb-05e892a3f72e HTTP/1.1" status: 200 len: 217 time: 0.0268826
2026-05-21 06:05:48.978 10 INFO neutron.wsgi [req-de613a30-8d96-451b-a3dd-4bcab7689eb4 req-30e3d5ff-d21b-4322-8eab-6823533708d4 229501d8a6c14532b4471656d3f47bda 898e81d6baed46e2827c75275a9facd0 - - 3956b636088b444f9ad1deef5c6431c0 3956b636088b444f9ad1deef5c6431c0] 199.19.213.138 "GET /v2.0/subnets?id=fa7ff456-7f7e-4eab-ba33-1bd4c6880d41 HTTP/1.1" status: 200 len: 869 time: 0.0545247
2026-05-21 06:05:49.018 10 INFO neutron.wsgi [req-de613a30-8d96-451b-a3dd-4bcab7689eb4 req-4c3e1d49-e870-480a-9f88-bae151a18454 229501d8a6c14532b4471656d3f47bda 898e81d6baed46e2827c75275a9facd0 - - 3956b636088b444f9ad1deef5c6431c0 3956b636088b444f9ad1deef5c6431c0] 199.19.213.138 "GET /v2.0/ports?network_id=7dcb0c64-2d4b-442e-8532-328ccfaa0111&device_owner=network%3Adhcp HTTP/1.1" status: 200 len: 210 time: 0.0269914
2026-05-21 06:05:49.101 9 INFO neutron.wsgi [req-fae78493-b72f-4526-a029-c48359ecc218 req-ccce6c1f-ae39-409c-84c3-e0d69db1477f 62389e64083b4ce28cecc1bae4ae77de 8ed452ea57514230a52ed12447abdcfc - - default default] 10.0.0.167 "GET /v2.0/ports?device_id=4fc70f6a-67dc-4c35-a621-8abccd87b823 HTTP/1.1" status: 200 len: 1168 time: 0.0905027
2026-05-21 06:05:49.124 9 INFO neutron.db.ovn_revision_numbers_db [None req-399e872b-a837-4964-82e4-349bc28cb9c2 406d06f69f9a4b6484242f2e9336093d 0ae070fa5e2d4d20b19544f5c3a184a0 - - default default] Successfully bumped revision number for resource 8ce7a902-fb7d-4c30-8383-c8160b381e9a (type: networks) to 1
2026-05-21 06:05:49.130 10 INFO neutron.wsgi [req-de613a30-8d96-451b-a3dd-4bcab7689eb4 req-b273820c-7e8b-421d-8562-48ce63c0659a 229501d8a6c14532b4471656d3f47bda 898e81d6baed46e2827c75275a9facd0 - - 3956b636088b444f9ad1deef5c6431c0 3956b636088b444f9ad1deef5c6431c0] 199.19.213.138 "GET /v2.0/networks/7dcb0c64-2d4b-442e-8532-328ccfaa0111?fields=segments HTTP/1.1" status: 200 len: 212 time: 0.0999463
2026-05-21 06:05:49.166 9 INFO neutron.wsgi [req-fae78493-b72f-4526-a029-c48359ecc218 req-b8111d3a-b7e5-4aad-bd1c-6f130948e840 62389e64083b4ce28cecc1bae4ae77de 8ed452ea57514230a52ed12447abdcfc - - default default] 10.0.0.167 "GET /v2.0/security-groups?id=d0434890-0cba-4dc5-b184-9da417e1ad13&fields=id&fields=name HTTP/1.1" status: 200 len: 312 time: 0.0579696
2026-05-21 06:05:49.233 10 INFO neutron.wsgi [None req-4871ed3a-75d6-4ef4-b135-8e88bfb518ab 14f1358bc9e343d3a49fb905c1b51cf4 b596d1aa324b428fa9b59886b28a5fe0 - - default default] 10.0.0.31 "GET /v2.0/security-groups?tenant_id=5cbef3446d8b4c4c82949d26a2bbb2c0&name=default HTTP/1.1" status: 200 len: 2996 time: 0.2505879
2026-05-21 06:05:49.237 9 INFO neutron.wsgi [req-9df0992e-d3ca-4801-b9a1-911481881fcb req-4a2593ad-e140-4fc9-aa12-d7d05e6da51a 37aed0cf8b4348d4836af4aeaa199a90 cc42a029ba46415bb7f566fce6ad3355 - - default default] 10.0.0.167 "GET /v2.0/ports?device_id=e09f885f-b83d-49fc-98fd-f3fc24f20daf HTTP/1.1" status: 200 len: 1168 time: 0.0627055
2026-05-21 06:05:49.249 10 INFO neutron.wsgi [req-de613a30-8d96-451b-a3dd-4bcab7689eb4 req-7a352e79-567f-4bba-85a0-940c8942a9ad 229501d8a6c14532b4471656d3f47bda 898e81d6baed46e2827c75275a9facd0 - - 3956b636088b444f9ad1deef5c6431c0 3956b636088b444f9ad1deef5c6431c0] 199.19.213.138 "GET /v2.0/networks/7dcb0c64-2d4b-442e-8532-328ccfaa0111?fields=provider%3Aphysical_network&fields=provider%3Anetwork_type HTTP/1.1" status: 200 len: 277 time: 0.1013277
2026-05-21 06:05:49.255 10 INFO neutron.db.ovn_revision_numbers_db [None req-57002d08-0037-4a3f-a84d-4197daadc4a1 - - - - - -] Successfully bumped revision number for resource 4a391203-7581-4069-bdb5-c1748fcf85bd (type: ports) to 5 /var/lib/openstack/lib/python3.10/site-packages/pycadf/identifier.py:71: UserWarning: Invalid uuid: neutron. To ensure interoperability, identifiers should be a valid uuid. warnings.warn(('Invalid uuid: %s. To ensure interoperability, '
2026-05-21 06:05:49.336 9 INFO neutron.wsgi [req-9df0992e-d3ca-4801-b9a1-911481881fcb req-43a6ecf7-a76c-4eca-bcc6-d6f8919237a0 37aed0cf8b4348d4836af4aeaa199a90 cc42a029ba46415bb7f566fce6ad3355 - - default default] 10.0.0.167 "GET /v2.0/security-groups?id=4116a97d-4348-4d9a-a610-1707d4c818d9&fields=id&fields=name HTTP/1.1" status: 200 len: 312 time: 0.0859139
2026-05-21 06:05:49.367 10 INFO neutron.wsgi [req-c05b0bc8-358a-4cfa-955f-097c85572863 req-f9534753-8dda-441a-8b39-eb9be131c48f 229501d8a6c14532b4471656d3f47bda 898e81d6baed46e2827c75275a9facd0 - - 3956b636088b444f9ad1deef5c6431c0 3956b636088b444f9ad1deef5c6431c0] 199.19.213.138 "GET /v2.0/ports?tenant_id=8ed452ea57514230a52ed12447abdcfc&device_id=4fc70f6a-67dc-4c35-a621-8abccd87b823 HTTP/1.1" status: 200 len: 1407 time: 0.0500968
2026-05-21 06:05:49.401 9 WARNING neutron.scheduler.dhcp_agent_scheduler [None req-399e872b-a837-4964-82e4-349bc28cb9c2 406d06f69f9a4b6484242f2e9336093d 0ae070fa5e2d4d20b19544f5c3a184a0 - - default default] No more DHCP agents
2026-05-21 06:05:49.405 9 WARNING neutron.api.rpc.agentnotifiers.dhcp_rpc_agent_api [None req-399e872b-a837-4964-82e4-349bc28cb9c2 406d06f69f9a4b6484242f2e9336093d 0ae070fa5e2d4d20b19544f5c3a184a0 - - default default] Unable to schedule network 8ce7a902-fb7d-4c30-8383-c8160b381e9a: no agents available; will retry on subsequent port and subnet creation events.
2026-05-21 06:05:49.451 10 INFO neutron.plugins.ml2.drivers.ovn.mech_driver.mech_driver [None req-57002d08-0037-4a3f-a84d-4197daadc4a1 - - - - - -] OVN reports status up for port: 4a391203-7581-4069-bdb5-c1748fcf85bd
2026-05-21 06:05:49.473 10 INFO neutron.plugins.ml2.plugin [None req-57002d08-0037-4a3f-a84d-4197daadc4a1 - - - - - -] Attempt 1 to provision port 4a391203-7581-4069-bdb5-c1748fcf85bd
2026-05-21 06:05:49.481 10 INFO neutron.wsgi [req-c05b0bc8-358a-4cfa-955f-097c85572863 req-d9c9b7e0-b280-42f4-abe7-bdebee65d857 229501d8a6c14532b4471656d3f47bda 898e81d6baed46e2827c75275a9facd0 - - 3956b636088b444f9ad1deef5c6431c0 3956b636088b444f9ad1deef5c6431c0] 199.19.213.138 "GET /v2.0/networks?id=7dcb0c64-2d4b-442e-8532-328ccfaa0111 HTTP/1.1" status: 200 len: 974 time: 0.1045299
2026-05-21 06:05:49.537 10 INFO neutron.wsgi [req-c05b0bc8-358a-4cfa-955f-097c85572863 req-268e07c8-564a-4af2-860f-d58b09031827 229501d8a6c14532b4471656d3f47bda 898e81d6baed46e2827c75275a9facd0 - - 3956b636088b444f9ad1deef5c6431c0 3956b636088b444f9ad1deef5c6431c0] 199.19.213.138 "GET /v2.0/floatingips?fixed_ip_address=10.100.0.4&port_id=749d6d44-b1c3-473e-a3cb-05e892a3f72e HTTP/1.1" status: 200 len: 217 time: 0.0411022
2026-05-21 06:05:49.552 9 INFO neutron.db.ovn_revision_numbers_db [None req-399e872b-a837-4964-82e4-349bc28cb9c2 406d06f69f9a4b6484242f2e9336093d 0ae070fa5e2d4d20b19544f5c3a184a0 - - default default] Successfully bumped revision number for resource e5066b7b-f6d8-45c7-9962-d01c5fd24cd8 (type: ports) to 1
2026-05-21 06:05:49.603 9 INFO neutron.wsgi [None req-399e872b-a837-4964-82e4-349bc28cb9c2 406d06f69f9a4b6484242f2e9336093d 0ae070fa5e2d4d20b19544f5c3a184a0 - - default default] 10.0.0.31 "POST /v2.0/networks HTTP/1.1" status: 201 len: 835 time: 0.8629432
2026-05-21 06:05:49.610 10 INFO neutron.wsgi [req-c05b0bc8-358a-4cfa-955f-097c85572863 req-0d221ad9-80d2-4625-937c-c522bef0b4ec 229501d8a6c14532b4471656d3f47bda 898e81d6baed46e2827c75275a9facd0 - - 3956b636088b444f9ad1deef5c6431c0 3956b636088b444f9ad1deef5c6431c0] 199.19.213.138 "GET /v2.0/subnets?id=fa7ff456-7f7e-4eab-ba33-1bd4c6880d41 HTTP/1.1" status: 200 len: 869 time: 0.0655599
2026-05-21 06:05:49.623 9 WARNING neutron_lib.context [None req-56f59460-e8c4-462d-8f0c-5575228403cb 406d06f69f9a4b6484242f2e9336093d 0ae070fa5e2d4d20b19544f5c3a184a0 - - default default] Method 'is_advsvc' is deprecated since 2023.2 release (neutron-lib 3.8.0) and will be removed once support for the old RBAC API policies will be removed from Neutron. Please use method 'is_service_role' instead.
2026-05-21 06:05:49.647 9 INFO neutron.wsgi [None req-8282bfb3-3f9e-4665-bb1f-d374ed5eb841 14f1358bc9e343d3a49fb905c1b51cf4 b596d1aa324b428fa9b59886b28a5fe0 - - default default] 10.0.0.31 "DELETE /v2.0/security-groups/b5a6953f-b20b-464e-b186-8817b01c204e HTTP/1.1" status: 204 len: 168 time: 0.4077079
2026-05-21 06:05:49.648 10 INFO neutron.wsgi [req-c05b0bc8-358a-4cfa-955f-097c85572863 req-3180975f-a984-4b0f-8da4-2cad10946c22 229501d8a6c14532b4471656d3f47bda 898e81d6baed46e2827c75275a9facd0 - - 3956b636088b444f9ad1deef5c6431c0 3956b636088b444f9ad1deef5c6431c0] 199.19.213.138 "GET /v2.0/ports?network_id=7dcb0c64-2d4b-442e-8532-328ccfaa0111&device_owner=network%3Adhcp HTTP/1.1" status: 200 len: 210 time: 0.0320594
2026-05-21 06:05:49.735 10 INFO neutron.wsgi [req-c05b0bc8-358a-4cfa-955f-097c85572863 req-fa8bb672-ba04-4df5-aa77-a48e34bf55fa 229501d8a6c14532b4471656d3f47bda 898e81d6baed46e2827c75275a9facd0 - - 3956b636088b444f9ad1deef5c6431c0 3956b636088b444f9ad1deef5c6431c0] 199.19.213.138 "GET /v2.0/networks/7dcb0c64-2d4b-442e-8532-328ccfaa0111?fields=segments HTTP/1.1" status: 200 len: 212 time: 0.0782127
2026-05-21 06:05:49.831 10 INFO neutron.wsgi [req-c05b0bc8-358a-4cfa-955f-097c85572863 req-fdf43b4c-facd-49b7-9ef4-c5f3287ad5a3 229501d8a6c14532b4471656d3f47bda 898e81d6baed46e2827c75275a9facd0 - - 3956b636088b444f9ad1deef5c6431c0 3956b636088b444f9ad1deef5c6431c0] 199.19.213.138 "GET /v2.0/networks/7dcb0c64-2d4b-442e-8532-328ccfaa0111?fields=provider%3Aphysical_network&fields=provider%3Anetwork_type HTTP/1.1" status: 200 len: 277 time: 0.0856283
2026-05-21 06:05:49.955 10 INFO neutron.db.ovn_revision_numbers_db [None req-57002d08-0037-4a3f-a84d-4197daadc4a1 - - - - - -] Successfully bumped revision number for resource 4a391203-7581-4069-bdb5-c1748fcf85bd (type: ports) to 6
2026-05-21 06:05:49.963 9 WARNING neutron.scheduler.dhcp_agent_scheduler [None req-56f59460-e8c4-462d-8f0c-5575228403cb 406d06f69f9a4b6484242f2e9336093d 0ae070fa5e2d4d20b19544f5c3a184a0 - - default default] No more DHCP agents
2026-05-21 06:05:49.965 9 WARNING neutron.api.rpc.agentnotifiers.dhcp_rpc_agent_api [None req-56f59460-e8c4-462d-8f0c-5575228403cb 406d06f69f9a4b6484242f2e9336093d 0ae070fa5e2d4d20b19544f5c3a184a0 - - default default] Unable to schedule network 8ce7a902-fb7d-4c30-8383-c8160b381e9a: no agents available; will retry on subsequent port and subnet creation events.
2026-05-21 06:05:50.009 9 INFO neutron.db.ovn_revision_numbers_db [None req-56f59460-e8c4-462d-8f0c-5575228403cb 406d06f69f9a4b6484242f2e9336093d 0ae070fa5e2d4d20b19544f5c3a184a0 - - default default] Successfully bumped revision number for resource dde0e30e-bd3f-4681-87d8-12de0a5df003 (type: subnets) to 0
2026-05-21 06:05:50.010 10 INFO neutron.plugins.ml2.drivers.ovn.mech_driver.mech_driver [None req-57002d08-0037-4a3f-a84d-4197daadc4a1 - - - - - -] OVN reports status up for port: 749d6d44-b1c3-473e-a3cb-05e892a3f72e
2026-05-21 06:05:50.028 10 INFO neutron.plugins.ml2.plugin [None req-57002d08-0037-4a3f-a84d-4197daadc4a1 - - - - - -] Attempt 1 to provision port 749d6d44-b1c3-473e-a3cb-05e892a3f72e
2026-05-21 06:05:50.037 9 INFO neutron.wsgi [None req-56f59460-e8c4-462d-8f0c-5575228403cb 406d06f69f9a4b6484242f2e9336093d 0ae070fa5e2d4d20b19544f5c3a184a0 - - default default] 10.0.0.31 "POST /v2.0/subnets HTTP/1.1" status: 201 len: 821 time: 0.4242918 /var/lib/openstack/lib/python3.10/site-packages/pycadf/identifier.py:71: UserWarning: Invalid uuid: neutron. To ensure interoperability, identifiers should be a valid uuid. warnings.warn(('Invalid uuid: %s. To ensure interoperability, '
2026-05-21 06:05:50.054 10 WARNING neutron_lib.context [None req-49f80f73-da60-427f-abe9-9f5d81507b5e 406d06f69f9a4b6484242f2e9336093d 0ae070fa5e2d4d20b19544f5c3a184a0 - - default default] Method 'is_advsvc' is deprecated since 2023.2 release (neutron-lib 3.8.0) and will be removed once support for the old RBAC API policies will be removed from Neutron. Please use method 'is_service_role' instead.
2026-05-21 06:05:50.373 9 INFO neutron.wsgi [req-bd2460df-bc7c-455d-8f91-6b4f914a16f9 req-f48a8e01-1442-4e1f-a468-45645c324884 62389e64083b4ce28cecc1bae4ae77de 8ed452ea57514230a52ed12447abdcfc - - default default] 10.0.0.167 "GET /v2.0/ports?device_id=4fc70f6a-67dc-4c35-a621-8abccd87b823 HTTP/1.1" status: 200 len: 1170 time: 0.1207650
2026-05-21 06:05:50.429 9 INFO neutron.wsgi [req-bd2460df-bc7c-455d-8f91-6b4f914a16f9 req-7f39a4ea-c2c0-4c2d-8702-c0948d9e5467 62389e64083b4ce28cecc1bae4ae77de 8ed452ea57514230a52ed12447abdcfc - - default default] 10.0.0.167 "GET /v2.0/security-groups?id=d0434890-0cba-4dc5-b184-9da417e1ad13&fields=id&fields=name HTTP/1.1" status: 200 len: 312 time: 0.0464268
2026-05-21 06:05:50.464 9 INFO neutron.wsgi [req-5eaf156b-71a9-4ee2-82a4-ae6295cad482 req-33d1d7e9-f69d-4d0b-b7b5-cca7fd3d2531 37aed0cf8b4348d4836af4aeaa199a90 cc42a029ba46415bb7f566fce6ad3355 - - default default] 10.0.0.167 "GET /v2.0/ports?device_id=e09f885f-b83d-49fc-98fd-f3fc24f20daf HTTP/1.1" status: 200 len: 1170 time: 0.0449944
2026-05-21 06:05:50.483 10 WARNING neutron.scheduler.dhcp_agent_scheduler [None req-49f80f73-da60-427f-abe9-9f5d81507b5e 406d06f69f9a4b6484242f2e9336093d 0ae070fa5e2d4d20b19544f5c3a184a0 - - default default] No more DHCP agents
2026-05-21 06:05:50.489 10 WARNING neutron.api.rpc.agentnotifiers.dhcp_rpc_agent_api [None req-49f80f73-da60-427f-abe9-9f5d81507b5e 406d06f69f9a4b6484242f2e9336093d 0ae070fa5e2d4d20b19544f5c3a184a0 - - default default] Unable to schedule network 8ce7a902-fb7d-4c30-8383-c8160b381e9a: no agents available; will retry on subsequent port and subnet creation events.
2026-05-21 06:05:50.498 10 INFO neutron.db.ovn_revision_numbers_db [None req-57002d08-0037-4a3f-a84d-4197daadc4a1 - - - - - -] Successfully bumped revision number for resource 749d6d44-b1c3-473e-a3cb-05e892a3f72e (type: ports) to 4
2026-05-21 06:05:50.524 9 INFO neutron.wsgi [req-5eaf156b-71a9-4ee2-82a4-ae6295cad482 req-57e6c4ff-3be1-4441-88fc-f46a66ceb016 37aed0cf8b4348d4836af4aeaa199a90 cc42a029ba46415bb7f566fce6ad3355 - - default default] 10.0.0.167 "GET /v2.0/security-groups?id=4116a97d-4348-4d9a-a610-1707d4c818d9&fields=id&fields=name HTTP/1.1" status: 200 len: 312 time: 0.0497081
2026-05-21 06:05:50.631 10 INFO neutron.db.ovn_revision_numbers_db [None req-49f80f73-da60-427f-abe9-9f5d81507b5e 406d06f69f9a4b6484242f2e9336093d 0ae070fa5e2d4d20b19544f5c3a184a0 - - default default] Successfully bumped revision number for resource e10ba8a6-972a-4ce5-abd3-d7404ff116c7 (type: ports) to 1
2026-05-21 06:05:50.655 10 INFO neutron.wsgi [None req-49f80f73-da60-427f-abe9-9f5d81507b5e 406d06f69f9a4b6484242f2e9336093d 0ae070fa5e2d4d20b19544f5c3a184a0 - - default default] 10.0.0.31 "POST /v2.0/ports HTTP/1.1" status: 201 len: 1126 time: 0.6057880 /var/lib/openstack/lib/python3.10/site-packages/pycadf/identifier.py:71: UserWarning: Invalid uuid: neutron. To ensure interoperability, identifiers should be a valid uuid. warnings.warn(('Invalid uuid: %s. To ensure interoperability, '
2026-05-21 06:05:50.742 10 INFO neutron.wsgi [-] 10.0.0.172 "GET / HTTP/1.1" status: 200 len: 246 time: 0.0017130
2026-05-21 06:05:50.743 9 INFO neutron.wsgi [-] 10.0.0.172 "GET / HTTP/1.1" status: 200 len: 246 time: 0.0029519
2026-05-21 06:05:50.891 10 INFO neutron.notifiers.nova [-] Nova event matching ['req-fcad18da-0a04-41d3-8a61-a1375cbc99df'] response: {'server_uuid': 'e09f885f-b83d-49fc-98fd-f3fc24f20daf', 'name': 'network-vif-unplugged', 'status': 'completed', 'tag': '4a391203-7581-4069-bdb5-c1748fcf85bd', 'code': 200}
2026-05-21 06:05:50.891 10 INFO neutron.notifiers.nova [-] Nova event matching ['req-fcad18da-0a04-41d3-8a61-a1375cbc99df'] response: {'server_uuid': 'e09f885f-b83d-49fc-98fd-f3fc24f20daf', 'name': 'network-vif-plugged', 'status': 'completed', 'tag': '4a391203-7581-4069-bdb5-c1748fcf85bd', 'code': 200}
2026-05-21 06:05:50.892 10 INFO neutron.notifiers.nova [-] Nova event matching ['req-fcad18da-0a04-41d3-8a61-a1375cbc99df'] response: {'server_uuid': 'e09f885f-b83d-49fc-98fd-f3fc24f20daf', 'name': 'network-vif-plugged', 'status': 'completed', 'tag': '4a391203-7581-4069-bdb5-c1748fcf85bd', 'code': 200}
2026-05-21 06:05:50.892 10 INFO neutron.notifiers.nova [-] Nova event matching ['req-fcad18da-0a04-41d3-8a61-a1375cbc99df'] response: {'server_uuid': 'e09f885f-b83d-49fc-98fd-f3fc24f20daf', 'name': 'network-vif-plugged', 'status': 'completed', 'tag': '4a391203-7581-4069-bdb5-c1748fcf85bd', 'code': 200}
2026-05-21 06:05:50.892 10 INFO neutron.notifiers.nova [-] Nova event matching ['req-fcad18da-0a04-41d3-8a61-a1375cbc99df'] response: {'server_uuid': '4fc70f6a-67dc-4c35-a621-8abccd87b823', 'name': 'network-vif-plugged', 'status': 'completed', 'tag': '749d6d44-b1c3-473e-a3cb-05e892a3f72e', 'code': 200}
2026-05-21 06:05:50.892 10 INFO neutron.notifiers.nova [-] Nova event matching ['req-fcad18da-0a04-41d3-8a61-a1375cbc99df'] response: {'server_uuid': '4fc70f6a-67dc-4c35-a621-8abccd87b823', 'name': 'network-vif-plugged', 'status': 'completed', 'tag': '749d6d44-b1c3-473e-a3cb-05e892a3f72e', 'code': 200}
2026-05-21 06:05:50.959 10 INFO neutron.wsgi [None req-3a742395-846d-460d-aca4-264fa1140c13 406d06f69f9a4b6484242f2e9336093d 0ae070fa5e2d4d20b19544f5c3a184a0 - - default default] 10.0.0.31 "DELETE /v2.0/ports/e10ba8a6-972a-4ce5-abd3-d7404ff116c7 HTTP/1.1" status: 204 len: 168 time: 0.2978833
2026-05-21 06:05:50.993 9 INFO neutron.pecan_wsgi.hooks.translation [None req-49bcaf08-08f1-4d77-a2a2-f4a5001fcb85 406d06f69f9a4b6484242f2e9336093d 0ae070fa5e2d4d20b19544f5c3a184a0 - - default default] GET failed (client error): The resource could not be found.
2026-05-21 06:05:50.995 9 INFO neutron.wsgi [None req-49bcaf08-08f1-4d77-a2a2-f4a5001fcb85 406d06f69f9a4b6484242f2e9336093d 0ae070fa5e2d4d20b19544f5c3a184a0 - - default default] 10.0.0.31 "GET /v2.0/ports/e10ba8a6-972a-4ce5-abd3-d7404ff116c7 HTTP/1.1" status: 404 len: 333 time: 0.0285411
2026-05-21 06:05:51.207 9 INFO neutron.wsgi [None req-5a31b42c-2b46-4420-95fd-41945f18603e 406d06f69f9a4b6484242f2e9336093d 0ae070fa5e2d4d20b19544f5c3a184a0 - - default default] 10.0.0.31 "DELETE /v2.0/subnets/dde0e30e-bd3f-4681-87d8-12de0a5df003 HTTP/1.1" status: 204 len: 168 time: 0.2040505
2026-05-21 06:05:51.601 9 INFO neutron.wsgi [req-e4b820b3-6a7f-47ee-9aed-d90e9cb2d17a req-acedea1e-0812-4b47-a1fe-8e72b5598c14 62389e64083b4ce28cecc1bae4ae77de 8ed452ea57514230a52ed12447abdcfc - - default default] 10.0.0.167 "GET /v2.0/ports?device_id=4fc70f6a-67dc-4c35-a621-8abccd87b823 HTTP/1.1" status: 200 len: 1170 time: 0.0699804
2026-05-21 06:05:51.669 9 INFO neutron.wsgi [req-84d16adc-812d-478b-a216-562d6e9333f3 req-77218758-4912-4faa-b290-6b324e8dacf4 37aed0cf8b4348d4836af4aeaa199a90 cc42a029ba46415bb7f566fce6ad3355 - - default default] 10.0.0.167 "GET /v2.0/ports?device_id=e09f885f-b83d-49fc-98fd-f3fc24f20daf HTTP/1.1" status: 200 len: 1170 time: 0.0554376
2026-05-21 06:05:51.693 9 INFO neutron.wsgi [req-e4b820b3-6a7f-47ee-9aed-d90e9cb2d17a req-2c6503a1-1462-409e-a9f5-b82360095d55 62389e64083b4ce28cecc1bae4ae77de 8ed452ea57514230a52ed12447abdcfc - - default default] 10.0.0.167 "GET /v2.0/security-groups?id=d0434890-0cba-4dc5-b184-9da417e1ad13&fields=id&fields=name HTTP/1.1" status: 200 len: 312 time: 0.0822697
2026-05-21 06:05:51.730 9 INFO neutron.services.segments.plugin [-] Segment 2edc8c54-f43a-4d76-94c7-b8face9d0578 resource provider aggregate not found
2026-05-21 06:05:51.734 9 INFO neutron.services.segments.plugin [-] Segment 2edc8c54-f43a-4d76-94c7-b8face9d0578 resource provider aggregate not found
2026-05-21 06:05:51.756 9 INFO neutron.services.segments.plugin [-] Segment 2edc8c54-f43a-4d76-94c7-b8face9d0578 resource provider not found; error: Placement Client Error (4xx): {"errors": [{"status": 404, "title": "Not Found", "detail": "The resource could not be found.\n\n No resource provider with uuid 2edc8c54-f43a-4d76-94c7-b8face9d0578 found for delete ", "request_id": "req-5ce179a8-8716-4435-bce5-a12eaabe87c3"}]}
