2026-05-21 06:10:19.861 10 INFO neutron.wsgi [None req-7c7abfbb-1be9-43f0-a712-c6f2803673aa 14f1358bc9e343d3a49fb905c1b51cf4 b596d1aa324b428fa9b59886b28a5fe0 - - default default] 10.0.0.65 "GET /v2.0/extensions/dns-integration HTTP/1.1" status: 200 len: 371 time: 0.0043850
2026-05-21 06:10:19.869 10 INFO neutron.wsgi [None req-dc030d82-8657-4d48-b3cb-6353704939ba 14f1358bc9e343d3a49fb905c1b51cf4 b596d1aa324b428fa9b59886b28a5fe0 - - default default] 10.0.0.65 "GET /v2.0/extensions/qos HTTP/1.1" status: 200 len: 365 time: 0.0042379
2026-05-21 06:10:19.878 10 INFO neutron.wsgi [None req-655fa388-67b7-4001-aa3e-618c5f0244f5 14f1358bc9e343d3a49fb905c1b51cf4 b596d1aa324b428fa9b59886b28a5fe0 - - default default] 10.0.0.65 "GET /v2.0/extensions/allowed-address-pairs HTTP/1.1" status: 200 len: 383 time: 0.0044825
2026-05-21 06:10:19.962 10 INFO neutron.wsgi [None req-5011500b-2a45-4378-a070-3722cba2eab7 14f1358bc9e343d3a49fb905c1b51cf4 b596d1aa324b428fa9b59886b28a5fe0 - - default default] 10.0.0.65 "GET /v2.0/networks/b661bed0-90f6-4590-82ec-514ba335ada0 HTTP/1.1" status: 200 len: 1001 time: 0.0774181
2026-05-21 06:10:19.977 10 INFO neutron.wsgi [None req-f6f527f4-c292-40a5-9f77-2856ad4b1be7 14f1358bc9e343d3a49fb905c1b51cf4 b596d1aa324b428fa9b59886b28a5fe0 - - default default] 10.0.0.65 "GET /v2.0/extensions/project-id HTTP/1.1" status: 200 len: 403 time: 0.0055561
2026-05-21 06:10:20.313 10 WARNING neutron.scheduler.dhcp_agent_scheduler [None req-17092fa2-612a-483c-9291-3894e2918fd3 14f1358bc9e343d3a49fb905c1b51cf4 b596d1aa324b428fa9b59886b28a5fe0 - - default default] No more DHCP agents
2026-05-21 06:10:20.315 10 WARNING neutron.api.rpc.agentnotifiers.dhcp_rpc_agent_api [None req-17092fa2-612a-483c-9291-3894e2918fd3 14f1358bc9e343d3a49fb905c1b51cf4 b596d1aa324b428fa9b59886b28a5fe0 - - default default] Unable to schedule network b661bed0-90f6-4590-82ec-514ba335ada0: no agents available; will retry on subsequent port and subnet creation events.
2026-05-21 06:10:20.501 10 INFO neutron.db.ovn_revision_numbers_db [None req-17092fa2-612a-483c-9291-3894e2918fd3 14f1358bc9e343d3a49fb905c1b51cf4 b596d1aa324b428fa9b59886b28a5fe0 - - default default] Successfully bumped revision number for resource 988d6f69-29e7-4bde-ac65-33dd0abd8a3a (type: ports) to 1
2026-05-21 06:10:20.530 10 INFO neutron.wsgi [None req-17092fa2-612a-483c-9291-3894e2918fd3 14f1358bc9e343d3a49fb905c1b51cf4 b596d1aa324b428fa9b59886b28a5fe0 - - default default] 10.0.0.65 "POST /v2.0/ports HTTP/1.1" status: 201 len: 1333 time: 0.5467010
2026-05-21 06:10:20.743 9 INFO neutron.wsgi [-] 10.0.0.172 "GET / HTTP/1.1" status: 200 len: 246 time: 0.0026889
2026-05-21 06:10:20.744 10 INFO neutron.wsgi [-] 10.0.0.172 "GET / HTTP/1.1" status: 200 len: 246 time: 0.0029778
2026-05-21 06:10:25.786 9 INFO neutron.wsgi [req-bffbfd46-2fbc-4a18-9be2-50a8b349c54c req-9aac1418-058f-40df-b682-6a8a659cb3c2 7f576275fbb544e18dfdfc1ef52a57f4 57eaf0ca817d48329f33a8ab8aca802e - - default default] 10.0.0.167 "GET /v2.0/ports?device_id=8f27de8b-e586-42c8-bbd7-70d7d9c05eda HTTP/1.1" status: 200 len: 1210 time: 0.2115672
2026-05-21 06:10:25.835 9 INFO neutron.wsgi [req-bffbfd46-2fbc-4a18-9be2-50a8b349c54c req-59455c29-6a63-496b-89b4-35d8f0bf86bb 7f576275fbb544e18dfdfc1ef52a57f4 57eaf0ca817d48329f33a8ab8aca802e - - default default] 10.0.0.167 "GET /v2.0/security-groups?id=544ddc54-ae90-4deb-ba79-85f799eb5b15&id=337672a1-11d1-4009-bde0-b0c375634e45&fields=id&fields=name HTTP/1.1" status: 200 len: 404 time: 0.0446219
2026-05-21 06:10:25.942 9 INFO neutron.wsgi [None req-97aab462-02b6-4b7a-b032-040861c73824 3a4f5f1d24464cedab0f55eb2f8f53d6 22398fe17a614a0381d122de86b2864b - - default default] 10.0.0.31 "GET /v2.0/ports?device_id=8f27de8b-e586-42c8-bbd7-70d7d9c05eda HTTP/1.1" status: 200 len: 1443 time: 0.0777979
2026-05-21 06:10:26.019 9 INFO neutron.wsgi [None req-6a56a66c-4071-496e-9873-bc1848765f4d 7f576275fbb544e18dfdfc1ef52a57f4 57eaf0ca817d48329f33a8ab8aca802e - - default default] 10.0.0.31 "GET /v2.0/floatingips?floating_network_id=1ce885a1-e630-4a49-96c6-ca1d2e781844&port_id=7a981c41-f847-4ee4-be2a-bc4414fa5ea1 HTTP/1.1" status: 200 len: 1054 time: 0.0696242 /var/lib/openstack/lib/python3.10/site-packages/pycadf/identifier.py:71: UserWarning: Invalid uuid: neutron. To ensure interoperability, identifiers should be a valid uuid. warnings.warn(('Invalid uuid: %s. To ensure interoperability, '
2026-05-21 06:10:26.405 10 INFO neutron.wsgi [req-1a11127a-5d43-473e-9c0d-538e1d03d661 req-ac8da913-ea1c-4dd1-b6c6-84b002038b47 229501d8a6c14532b4471656d3f47bda 898e81d6baed46e2827c75275a9facd0 - - 3956b636088b444f9ad1deef5c6431c0 3956b636088b444f9ad1deef5c6431c0] 10.0.0.179 "GET /v2.0/ports?device_id=8f27de8b-e586-42c8-bbd7-70d7d9c05eda HTTP/1.1" status: 200 len: 1448 time: 0.1428144
2026-05-21 06:10:26.462 10 INFO neutron.wsgi [req-1a11127a-5d43-473e-9c0d-538e1d03d661 req-9007a7e6-5f37-4f4b-83fe-f432fcb69ca8 229501d8a6c14532b4471656d3f47bda 898e81d6baed46e2827c75275a9facd0 - - 3956b636088b444f9ad1deef5c6431c0 3956b636088b444f9ad1deef5c6431c0] 10.0.0.179 "GET /v2.0/security-groups?id=337672a1-11d1-4009-bde0-b0c375634e45&id=544ddc54-ae90-4deb-ba79-85f799eb5b15&fields=id&fields=name HTTP/1.1" status: 200 len: 404 time: 0.0449686
2026-05-21 06:10:27.286 10 INFO neutron.wsgi [None req-34c03026-6329-48fc-98ee-e90ffdf6849c 14f1358bc9e343d3a49fb905c1b51cf4 b596d1aa324b428fa9b59886b28a5fe0 - - default default] 199.19.213.138 "GET /v2.0/extensions/security-group HTTP/1.1" status: 200 len: 369 time: 0.0506325
2026-05-21 06:10:27.300 10 INFO neutron.wsgi [None req-d43f1fce-6363-403f-9f70-4fe0eb633640 14f1358bc9e343d3a49fb905c1b51cf4 b596d1aa324b428fa9b59886b28a5fe0 - - default default] 199.19.213.138 "GET /v2.0/extensions/dns-integration HTTP/1.1" status: 200 len: 371 time: 0.0046842
2026-05-21 06:10:27.307 10 INFO neutron.wsgi [None req-12b03042-a32e-4756-9f6c-e5e094edc9e7 14f1358bc9e343d3a49fb905c1b51cf4 b596d1aa324b428fa9b59886b28a5fe0 - - default default] 199.19.213.138 "GET /v2.0/extensions/qos HTTP/1.1" status: 200 len: 365 time: 0.0042722
2026-05-21 06:10:27.316 10 INFO neutron.wsgi [None req-6c5fe807-11be-43e0-85d7-7bee6873a3d1 14f1358bc9e343d3a49fb905c1b51cf4 b596d1aa324b428fa9b59886b28a5fe0 - - default default] 199.19.213.138 "GET /v2.0/extensions/allowed-address-pairs HTTP/1.1" status: 200 len: 383 time: 0.0048029
2026-05-21 06:10:27.359 10 INFO neutron.wsgi [None req-7c3fc6ce-c32d-4a26-b0cb-7e6cd0237b96 14f1358bc9e343d3a49fb905c1b51cf4 b596d1aa324b428fa9b59886b28a5fe0 - - default default] 199.19.213.138 "GET /v2.0/ports/988d6f69-29e7-4bde-ac65-33dd0abd8a3a HTTP/1.1" status: 200 len: 1328 time: 0.0376830
2026-05-21 06:10:27.643 10 INFO neutron.wsgi [None req-9da646bf-d24d-48a2-8092-bf41471398e7 14f1358bc9e343d3a49fb905c1b51cf4 b596d1aa324b428fa9b59886b28a5fe0 - - default default] 199.19.213.138 "GET /v2.0/extensions/security-group HTTP/1.1" status: 200 len: 369 time: 0.0070398
2026-05-21 06:10:27.652 10 INFO neutron.wsgi [None req-68f6176d-7737-4689-bba7-699aaea02064 14f1358bc9e343d3a49fb905c1b51cf4 b596d1aa324b428fa9b59886b28a5fe0 - - default default] 199.19.213.138 "GET /v2.0/extensions/dns-integration HTTP/1.1" status: 200 len: 371 time: 0.0047562
2026-05-21 06:10:27.660 10 INFO neutron.wsgi [None req-8c477a35-beb1-4329-9aa0-5dde598e3940 14f1358bc9e343d3a49fb905c1b51cf4 b596d1aa324b428fa9b59886b28a5fe0 - - default default] 199.19.213.138 "GET /v2.0/extensions/qos HTTP/1.1" status: 200 len: 365 time: 0.0046070
2026-05-21 06:10:27.670 10 INFO neutron.wsgi [None req-aff30915-b86c-4ccf-8fba-7990ff2e08bc 14f1358bc9e343d3a49fb905c1b51cf4 b596d1aa324b428fa9b59886b28a5fe0 - - default default] 199.19.213.138 "GET /v2.0/extensions/allowed-address-pairs HTTP/1.1" status: 200 len: 383 time: 0.0055034
2026-05-21 06:10:27.686 10 INFO neutron.api.v2.resource [None req-9f9c3197-5608-4e3b-b100-bcad2058e12c 14f1358bc9e343d3a49fb905c1b51cf4 b596d1aa324b428fa9b59886b28a5fe0 - - default default] show failed (client error): The resource could not be found.
2026-05-21 06:10:27.688 10 INFO neutron.wsgi [None req-9f9c3197-5608-4e3b-b100-bcad2058e12c 14f1358bc9e343d3a49fb905c1b51cf4 b596d1aa324b428fa9b59886b28a5fe0 - - default default] 199.19.213.138 "GET /v2.0/security-groups/lb-0a231b77-2f0f-4b65-afc3-b7b094fb9393 HTTP/1.1" status: 404 len: 355 time: 0.0127618
2026-05-21 06:10:27.722 10 INFO neutron.wsgi [None req-02497c35-203a-425f-b8f1-edee9ae309b7 14f1358bc9e343d3a49fb905c1b51cf4 b596d1aa324b428fa9b59886b28a5fe0 - - default default] 199.19.213.138 "GET /v2.0/security-groups?name=lb-0a231b77-2f0f-4b65-afc3-b7b094fb9393 HTTP/1.1" status: 200 len: 221 time: 0.0297673
2026-05-21 06:10:27.860 10 INFO neutron.db.ovn_revision_numbers_db [None req-4e2932f8-e2a9-479c-b770-b2d29e2b2d17 14f1358bc9e343d3a49fb905c1b51cf4 b596d1aa324b428fa9b59886b28a5fe0 - - default default] Successfully bumped revision number for resource e9e1e17b-5a75-4cf7-bac3-842a9eb4226c (type: security_groups) to 1
2026-05-21 06:10:27.880 10 INFO neutron.db.ovn_revision_numbers_db [None req-4e2932f8-e2a9-479c-b770-b2d29e2b2d17 14f1358bc9e343d3a49fb905c1b51cf4 b596d1aa324b428fa9b59886b28a5fe0 - - default default] Successfully bumped revision number for resource 284abae1-0f7d-4e20-91b4-4b6980753e80 (type: security_group_rules) to 0
2026-05-21 06:10:27.899 10 INFO neutron.db.ovn_revision_numbers_db [None req-4e2932f8-e2a9-479c-b770-b2d29e2b2d17 14f1358bc9e343d3a49fb905c1b51cf4 b596d1aa324b428fa9b59886b28a5fe0 - - default default] Successfully bumped revision number for resource 320c3661-5921-4fe6-9112-783acf71035b (type: security_group_rules) to 0
2026-05-21 06:10:27.922 10 INFO neutron.wsgi [None req-4e2932f8-e2a9-479c-b770-b2d29e2b2d17 14f1358bc9e343d3a49fb905c1b51cf4 b596d1aa324b428fa9b59886b28a5fe0 - - default default] 199.19.213.138 "POST /v2.0/security-groups HTTP/1.1" status: 201 len: 1779 time: 0.1920795
2026-05-21 06:10:27.968 10 INFO neutron.wsgi [None req-82581949-786b-417d-9316-d5de9d3f67a4 14f1358bc9e343d3a49fb905c1b51cf4 b596d1aa324b428fa9b59886b28a5fe0 - - default default] 199.19.213.138 "GET /v2.0/security-group-rules?security_group_id=e9e1e17b-5a75-4cf7-bac3-842a9eb4226c HTTP/1.1" status: 200 len: 1318 time: 0.0390823
2026-05-21 06:10:28.420 10 INFO neutron.db.ovn_revision_numbers_db [None req-f5ce37d7-8a86-4046-aa79-b63aaa0f4f2c 14f1358bc9e343d3a49fb905c1b51cf4 b596d1aa324b428fa9b59886b28a5fe0 - - default default] Successfully bumped revision number for resource 988d6f69-29e7-4bde-ac65-33dd0abd8a3a (type: ports) to 2
2026-05-21 06:10:28.440 10 INFO neutron.wsgi [None req-f5ce37d7-8a86-4046-aa79-b63aaa0f4f2c 14f1358bc9e343d3a49fb905c1b51cf4 b596d1aa324b428fa9b59886b28a5fe0 - - default default] 199.19.213.138 "PUT /v2.0/ports/988d6f69-29e7-4bde-ac65-33dd0abd8a3a HTTP/1.1" status: 200 len: 1328 time: 0.4631364 /var/lib/openstack/lib/python3.10/site-packages/pycadf/identifier.py:71: UserWarning: Invalid uuid: neutron. To ensure interoperability, identifiers should be a valid uuid. warnings.warn(('Invalid uuid: %s. To ensure interoperability, '
2026-05-21 06:10:28.526 10 INFO neutron.wsgi [None req-e4958277-24ff-49cb-82e6-7a94f496d768 14f1358bc9e343d3a49fb905c1b51cf4 b596d1aa324b428fa9b59886b28a5fe0 - - default default] 199.19.213.138 "GET /v2.0/extensions/security-group HTTP/1.1" status: 200 len: 369 time: 0.0080903
2026-05-21 06:10:28.536 10 INFO neutron.wsgi [None req-cc4d0208-db35-4db3-b1e2-717dbf64e2c0 14f1358bc9e343d3a49fb905c1b51cf4 b596d1aa324b428fa9b59886b28a5fe0 - - default default] 199.19.213.138 "GET /v2.0/extensions/dns-integration HTTP/1.1" status: 200 len: 371 time: 0.0034573
2026-05-21 06:10:28.545 10 INFO neutron.wsgi [None req-ef0f9003-a9cd-43f3-9e7a-56c23d0d24a3 14f1358bc9e343d3a49fb905c1b51cf4 b596d1aa324b428fa9b59886b28a5fe0 - - default default] 199.19.213.138 "GET /v2.0/extensions/qos HTTP/1.1" status: 200 len: 365 time: 0.0050581
2026-05-21 06:10:28.556 10 INFO neutron.wsgi [None req-df7c6241-697f-4645-934f-2a98fb7b48ca 14f1358bc9e343d3a49fb905c1b51cf4 b596d1aa324b428fa9b59886b28a5fe0 - - default default] 199.19.213.138 "GET /v2.0/extensions/allowed-address-pairs HTTP/1.1" status: 200 len: 383 time: 0.0068643
2026-05-21 06:10:28.609 9 INFO neutron.plugins.ml2.drivers.ovn.mech_driver.mech_driver [None req-bdae711b-8b13-4214-9c2c-d0e26b7da533 - - - - - -] OVN reports status down for port: 7a981c41-f847-4ee4-be2a-bc4414fa5ea1
2026-05-21 06:10:28.621 10 INFO neutron.wsgi [None req-42f998ea-e2d5-43c6-ba55-3f664d6865dc 14f1358bc9e343d3a49fb905c1b51cf4 b596d1aa324b428fa9b59886b28a5fe0 - - default default] 199.19.213.138 "GET /v2.0/subnets/46373508-de9e-45fa-b26f-ad080ec36cea HTTP/1.1" status: 200 len: 850 time: 0.0592799
2026-05-21 06:10:28.675 9 INFO neutron.wsgi [req-1e5dd7b3-11ae-48a4-8bf1-62702aea904c req-e4def904-f691-42c6-8eb1-c55dd6362d2c 7f576275fbb544e18dfdfc1ef52a57f4 57eaf0ca817d48329f33a8ab8aca802e - - default default] 10.0.0.167 "GET /v2.0/ports?device_id=8f27de8b-e586-42c8-bbd7-70d7d9c05eda HTTP/1.1" status: 200 len: 1210 time: 0.1266894
2026-05-21 06:10:29.072 9 INFO neutron.wsgi [req-1e5dd7b3-11ae-48a4-8bf1-62702aea904c req-16dc9006-1df1-4ed2-8438-bd4db0519294 7f576275fbb544e18dfdfc1ef52a57f4 57eaf0ca817d48329f33a8ab8aca802e - - default default] 10.0.0.167 "GET /v2.0/security-groups?id=544ddc54-ae90-4deb-ba79-85f799eb5b15&id=337672a1-11d1-4009-bde0-b0c375634e45&fields=id&fields=name HTTP/1.1" status: 200 len: 404 time: 0.3885736
2026-05-21 06:10:29.080 10 INFO neutron.wsgi [req-67ddcc1e-b5f9-446a-83df-64eeb3dd74e8 req-bee6bb7a-1707-4072-ab2d-e2649c58aeb6 7f576275fbb544e18dfdfc1ef52a57f4 57eaf0ca817d48329f33a8ab8aca802e - - default default] 199.19.213.138 "GET /v2.0/ports?device_id=8f27de8b-e586-42c8-bbd7-70d7d9c05eda HTTP/1.1" status: 200 len: 1210 time: 0.1586714
2026-05-21 06:10:29.204 9 INFO neutron.notifiers.nova [-] Nova event matching ['req-6006f1bb-c945-4601-b8a7-50af9b9c3bbe'] response: {'server_uuid': '8f27de8b-e586-42c8-bbd7-70d7d9c05eda', 'name': 'network-vif-unplugged', 'status': 'completed', 'tag': '7a981c41-f847-4ee4-be2a-bc4414fa5ea1', 'code': 200}
2026-05-21 06:10:29.313 9 INFO neutron.db.ovn_revision_numbers_db [None req-bdae711b-8b13-4214-9c2c-d0e26b7da533 - - - - - -] Successfully bumped revision number for resource 7a981c41-f847-4ee4-be2a-bc4414fa5ea1 (type: ports) to 5
2026-05-21 06:10:29.421 10 INFO neutron.db.l3_db [req-67ddcc1e-b5f9-446a-83df-64eeb3dd74e8 req-10cc2f62-3d3b-4cbc-b078-80a97618be71 7f576275fbb544e18dfdfc1ef52a57f4 57eaf0ca817d48329f33a8ab8aca802e - - default default] Floating IP 6c5e4dc1-97e1-4c5b-9832-7e1a20bb8492 disassociated. External IP: 10.96.250.212, port: 7a981c41-f847-4ee4-be2a-bc4414fa5ea1.
2026-05-21 06:10:29.617 10 INFO neutron.wsgi [req-67ddcc1e-b5f9-446a-83df-64eeb3dd74e8 req-10cc2f62-3d3b-4cbc-b078-80a97618be71 7f576275fbb544e18dfdfc1ef52a57f4 57eaf0ca817d48329f33a8ab8aca802e - - default default] 199.19.213.138 "DELETE /v2.0/ports/7a981c41-f847-4ee4-be2a-bc4414fa5ea1 HTTP/1.1" status: 204 len: 173 time: 0.5332196
2026-05-21 06:10:29.705 10 INFO neutron.notifiers.nova [-] Nova event matching ['req-1b42bae2-0ec0-4053-b192-3578c54ef146'] response: {'server_uuid': '8f27de8b-e586-42c8-bbd7-70d7d9c05eda', 'name': 'network-vif-deleted', 'tag': '7a981c41-f847-4ee4-be2a-bc4414fa5ea1', 'status': 'completed', 'code': 200}
2026-05-21 06:10:30.361 10 INFO neutron.wsgi [None req-d2fde0e4-9af7-4a8d-9d80-769a92a7d960 7f576275fbb544e18dfdfc1ef52a57f4 57eaf0ca817d48329f33a8ab8aca802e - - default default] 10.0.0.31 "DELETE /v2.0/security-groups/544ddc54-ae90-4deb-ba79-85f799eb5b15 HTTP/1.1" status: 204 len: 168 time: 0.1257718
2026-05-21 06:10:30.377 10 INFO neutron.api.v2.resource [None req-9f4febbc-b222-4250-bb25-47571fd52a8b 7f576275fbb544e18dfdfc1ef52a57f4 57eaf0ca817d48329f33a8ab8aca802e - - default default] show failed (client error): The resource could not be found.
2026-05-21 06:10:30.378 10 INFO neutron.wsgi [None req-9f4febbc-b222-4250-bb25-47571fd52a8b 7f576275fbb544e18dfdfc1ef52a57f4 57eaf0ca817d48329f33a8ab8aca802e - - default default] 10.0.0.31 "GET /v2.0/security-groups/544ddc54-ae90-4deb-ba79-85f799eb5b15 HTTP/1.1" status: 404 len: 347 time: 0.0111201
2026-05-21 06:10:30.720 10 INFO neutron.wsgi [None req-4da14cac-639a-4043-bf58-f42d1eeab52b 7f576275fbb544e18dfdfc1ef52a57f4 57eaf0ca817d48329f33a8ab8aca802e - - default default] 10.0.0.31 "DELETE /v2.0/floatingips/6c5e4dc1-97e1-4c5b-9832-7e1a20bb8492 HTTP/1.1" status: 204 len: 168 time: 0.3373849
2026-05-21 06:10:30.869 10 INFO neutron.wsgi [None req-6375293f-8522-4c77-9222-e02ab9040526 7f576275fbb544e18dfdfc1ef52a57f4 57eaf0ca817d48329f33a8ab8aca802e - - default default] 10.0.0.31 "DELETE /v2.0/security-groups/337672a1-11d1-4009-bde0-b0c375634e45 HTTP/1.1" status: 204 len: 168 time: 0.1426694
2026-05-21 06:10:31.257 9 INFO neutron.notifiers.nova [-] Nova event matching ['req-921ee81d-7a18-44a2-8547-6d31dbb8030b'] response: {'server_uuid': '8f27de8b-e586-42c8-bbd7-70d7d9c05eda', 'name': 'network-vif-plugged', 'status': 'completed', 'tag': '7a981c41-f847-4ee4-be2a-bc4414fa5ea1', 'code': 200}
2026-05-21 06:10:32.569 10 INFO neutron.wsgi [None req-2d00d9f5-9d5a-4851-9662-284d32b42e79 14f1358bc9e343d3a49fb905c1b51cf4 b596d1aa324b428fa9b59886b28a5fe0 - - default default] 10.0.0.31 "PUT /v2.0/routers/3058a9c0-867a-45e8-afc7-da97792bc7f1/remove_router_interface HTTP/1.1" status: 200 len: 503 time: 1.6534982 /var/lib/openstack/lib/python3.10/site-packages/pycadf/identifier.py:71: UserWarning: Invalid uuid: neutron. To ensure interoperability, identifiers should be a valid uuid. warnings.warn(('Invalid uuid: %s. To ensure interoperability, '
2026-05-21 06:10:33.515 10 INFO neutron.wsgi [None req-b0ab7d81-9172-4073-91eb-9941dcf86b0d 14f1358bc9e343d3a49fb905c1b51cf4 b596d1aa324b428fa9b59886b28a5fe0 - - default default] 10.0.0.31 "DELETE /v2.0/routers/3058a9c0-867a-45e8-afc7-da97792bc7f1 HTTP/1.1" status: 204 len: 168 time: 0.9404676
2026-05-21 06:10:33.760 10 INFO neutron.wsgi [None req-ef8cf825-c15e-4636-9c14-7862656f8923 14f1358bc9e343d3a49fb905c1b51cf4 b596d1aa324b428fa9b59886b28a5fe0 - - default default] 10.0.0.31 "DELETE /v2.0/subnets/64908072-e30b-4d8d-90f7-b489ff485a23 HTTP/1.1" status: 204 len: 168 time: 0.2384577 /var/lib/openstack/lib/python3.10/site-packages/pycadf/identifier.py:71: UserWarning: Invalid uuid: neutron. To ensure interoperability, identifiers should be a valid uuid. warnings.warn(('Invalid uuid: %s. To ensure interoperability, '
2026-05-21 06:10:34.218 9 INFO neutron.wsgi [None req-cc26bd3c-1a91-4f99-bcff-579369c6dd9a 14f1358bc9e343d3a49fb905c1b51cf4 b596d1aa324b428fa9b59886b28a5fe0 - - default default] 10.0.0.31 "DELETE /v2.0/networks/41f4ca13-55a2-4fd3-bd2d-4138f64c856a HTTP/1.1" status: 204 len: 168 time: 0.4505854
2026-05-21 06:10:34.313 9 INFO neutron.services.segments.plugin [-] Segment 2c941478-6d8c-435e-8e06-6d5c888d2711 resource provider aggregate not found
2026-05-21 06:10:34.331 9 INFO neutron.services.segments.plugin [-] Segment 2c941478-6d8c-435e-8e06-6d5c888d2711 resource provider aggregate not found
2026-05-21 06:10:34.342 9 INFO neutron.services.segments.plugin [-] Segment 2c941478-6d8c-435e-8e06-6d5c888d2711 resource provider not found; error: Placement Client Error (4xx): {"errors": [{"status": 404, "title": "Not Found", "detail": "The resource could not be found.\n\n No resource provider with uuid 2c941478-6d8c-435e-8e06-6d5c888d2711 found for delete ", "request_id": "req-14d9706b-6691-4b48-b6db-a289a0e4e1ec"}]}
2026-05-21 06:10:34.354 9 INFO neutron.services.segments.plugin [-] Segment 2c941478-6d8c-435e-8e06-6d5c888d2711 resource provider not found; error: Placement Client Error (4xx): {"errors": [{"status": 404, "title": "Not Found", "detail": "The resource could not be found.\n\n No resource provider with uuid 2c941478-6d8c-435e-8e06-6d5c888d2711 found for delete ", "request_id": "req-56c2a369-5eae-4952-af76-0593899f9d3f"}]}
2026-05-21 06:10:35.370 10 INFO neutron.wsgi [None req-670852d4-1c30-455a-996e-416e0b86e14a 14f1358bc9e343d3a49fb905c1b51cf4 b596d1aa324b428fa9b59886b28a5fe0 - - default default] 10.0.0.31 "PUT /v2.0/routers/2ad8d030-6d53-4fb5-88f6-2f61c2a36a99/remove_router_interface HTTP/1.1" status: 200 len: 503 time: 1.1438060 /var/lib/openstack/lib/python3.10/site-packages/pycadf/identifier.py:71: UserWarning: Invalid uuid: neutron. To ensure interoperability, identifiers should be a valid uuid. warnings.warn(('Invalid uuid: %s. To ensure interoperability, '
2026-05-21 06:10:35.742 10 INFO neutron.wsgi [-] 10.0.0.172 "GET / HTTP/1.1" status: 200 len: 246 time: 0.0020413
2026-05-21 06:10:35.742 9 INFO neutron.wsgi [-] 10.0.0.172 "GET / HTTP/1.1" status: 200 len: 246 time: 0.0019932
2026-05-21 06:10:36.022 10 INFO neutron.wsgi [req-d8468c5f-485e-46fa-9660-33cc10bbc780 req-91658ea3-46ae-48e9-b0d8-f4a551ab9489 229501d8a6c14532b4471656d3f47bda 898e81d6baed46e2827c75275a9facd0 - - 3956b636088b444f9ad1deef5c6431c0 3956b636088b444f9ad1deef5c6431c0] 199.19.213.138 "GET /v2.0/ports?device_id=bf48c542-19e8-4f45-a323-61b7d3f00e09&fields=binding%3Ahost_id&fields=binding%3Avif_type HTTP/1.1" status: 200 len: 265 time: 0.1067681
2026-05-21 06:10:36.545 10 INFO neutron.wsgi [req-d8468c5f-485e-46fa-9660-33cc10bbc780 req-83269d94-14eb-40f6-95c1-25a8066fb5d5 229501d8a6c14532b4471656d3f47bda 898e81d6baed46e2827c75275a9facd0 - - 3956b636088b444f9ad1deef5c6431c0 3956b636088b444f9ad1deef5c6431c0] 199.19.213.138 "GET /v2.0/ports?tenant_id=31d248f038194717bf2fd0052df59473&device_id=bf48c542-19e8-4f45-a323-61b7d3f00e09 HTTP/1.1" status: 200 len: 1634 time: 0.4776571
2026-05-21 06:10:36.560 9 INFO neutron.wsgi [req-e5b42503-3b83-43d0-9c3c-7c9454cf43d1 req-bf6dbc08-904e-4458-ae21-becbbe1310bd 14f1358bc9e343d3a49fb905c1b51cf4 b596d1aa324b428fa9b59886b28a5fe0 - - default default] 10.0.0.167 "GET /v2.0/security-groups?id=cd46d035-a12b-4145-ba19-09ee79c12660&fields=id HTTP/1.1" status: 200 len: 267 time: 0.0460143
2026-05-21 06:10:36.638 9 INFO neutron.wsgi [req-e5b42503-3b83-43d0-9c3c-7c9454cf43d1 req-400f4b6a-1f0d-4130-908a-0c9f370c6b09 14f1358bc9e343d3a49fb905c1b51cf4 b596d1aa324b428fa9b59886b28a5fe0 - - default default] 10.0.0.167 "GET /v2.0/networks?id=67689ee5-0056-462b-9894-bca7a4079c5b HTTP/1.1" status: 200 len: 937 time: 0.0699728
2026-05-21 06:10:36.661 9 INFO neutron.wsgi [req-e5b42503-3b83-43d0-9c3c-7c9454cf43d1 req-a3729ed9-3427-47a1-abb8-aa31963f9445 14f1358bc9e343d3a49fb905c1b51cf4 b596d1aa324b428fa9b59886b28a5fe0 - - default default] 10.0.0.167 "GET /v2.0/quotas/b596d1aa324b428fa9b59886b28a5fe0 HTTP/1.1" status: 200 len: 385 time: 0.0141680
2026-05-21 06:10:36.715 10 INFO neutron.wsgi [req-d8468c5f-485e-46fa-9660-33cc10bbc780 req-5281afc3-353d-42db-9ed4-a83b4865ed7a 229501d8a6c14532b4471656d3f47bda 898e81d6baed46e2827c75275a9facd0 - - 3956b636088b444f9ad1deef5c6431c0 3956b636088b444f9ad1deef5c6431c0] 199.19.213.138 "GET /v2.0/networks?id=0e771680-e4ee-4e18-8167-6478bbf260ab HTTP/1.1" status: 200 len: 1002 time: 0.1387069
2026-05-21 06:10:36.733 10 INFO neutron.wsgi [None req-05eedcab-027c-4f57-b9f2-17d7bc666d0e 14f1358bc9e343d3a49fb905c1b51cf4 b596d1aa324b428fa9b59886b28a5fe0 - - default default] 10.0.0.31 "DELETE /v2.0/routers/2ad8d030-6d53-4fb5-88f6-2f61c2a36a99 HTTP/1.1" status: 204 len: 168 time: 1.3569431
2026-05-21 06:10:36.755 9 INFO neutron.wsgi [req-e5b42503-3b83-43d0-9c3c-7c9454cf43d1 req-81035330-1d89-4a3a-b0b1-1574639ee49a 14f1358bc9e343d3a49fb905c1b51cf4 b596d1aa324b428fa9b59886b28a5fe0 - - default default] 10.0.0.167 "GET /v2.0/ports?tenant_id=b596d1aa324b428fa9b59886b28a5fe0&fields=id HTTP/1.1" status: 200 len: 348 time: 0.0877709
2026-05-21 06:10:36.784 10 INFO neutron.wsgi [req-d8468c5f-485e-46fa-9660-33cc10bbc780 req-d5a0c116-62cc-4be1-9ebf-c5cf8b79dacb 229501d8a6c14532b4471656d3f47bda 898e81d6baed46e2827c75275a9facd0 - - 3956b636088b444f9ad1deef5c6431c0 3956b636088b444f9ad1deef5c6431c0] 199.19.213.138 "GET /v2.0/floatingips?fixed_ip_address=10.2.1.20&port_id=780b7623-35c7-422b-b130-f45fa41162d1 HTTP/1.1" status: 200 len: 1058 time: 0.0604775
2026-05-21 06:10:36.818 10 INFO neutron.wsgi [req-d8468c5f-485e-46fa-9660-33cc10bbc780 req-a7140ca7-4634-49fe-a345-939d194bc528 229501d8a6c14532b4471656d3f47bda 898e81d6baed46e2827c75275a9facd0 - - 3956b636088b444f9ad1deef5c6431c0 3956b636088b444f9ad1deef5c6431c0] 199.19.213.138 "GET /v2.0/floatingips?fixed_ip_address=fd7b%3Af9f7%3Afff%3A4eca%3A%3A216&port_id=780b7623-35c7-422b-b130-f45fa41162d1 HTTP/1.1" status: 200 len: 217 time: 0.0258667
2026-05-21 06:10:36.869 10 INFO neutron.wsgi [req-d8468c5f-485e-46fa-9660-33cc10bbc780 req-2c166367-6d04-4ca8-83c6-7d9d7e2f185a 229501d8a6c14532b4471656d3f47bda 898e81d6baed46e2827c75275a9facd0 - - 3956b636088b444f9ad1deef5c6431c0 3956b636088b444f9ad1deef5c6431c0] 199.19.213.138 "GET /v2.0/subnets?id=e1e782cc-49ed-4754-98db-4acdf488bbb6&id=a7647130-4d68-49fc-808c-9b7dadc5feb4 HTTP/1.1" status: 200 len: 1559 time: 0.0469506
2026-05-21 06:10:36.903 10 INFO neutron.wsgi [req-d8468c5f-485e-46fa-9660-33cc10bbc780 req-de6a7091-2977-4f78-9926-3c7af8a5d0ce 229501d8a6c14532b4471656d3f47bda 898e81d6baed46e2827c75275a9facd0 - - 3956b636088b444f9ad1deef5c6431c0 3956b636088b444f9ad1deef5c6431c0] 199.19.213.138 "GET /v2.0/ports?network_id=0e771680-e4ee-4e18-8167-6478bbf260ab&device_owner=network%3Adhcp HTTP/1.1" status: 200 len: 210 time: 0.0245707
2026-05-21 06:10:36.936 9 INFO neutron.wsgi [req-e5b42503-3b83-43d0-9c3c-7c9454cf43d1 req-ac699f9e-beac-4e43-aba3-57cb912fdfbb 229501d8a6c14532b4471656d3f47bda 898e81d6baed46e2827c75275a9facd0 - - 3956b636088b444f9ad1deef5c6431c0 3956b636088b444f9ad1deef5c6431c0] 10.0.0.167 "GET /v2.0/networks/67689ee5-0056-462b-9894-bca7a4079c5b?fields=segments HTTP/1.1" status: 200 len: 212 time: 0.1660409
2026-05-21 06:10:36.937 10 INFO neutron.wsgi [req-d8468c5f-485e-46fa-9660-33cc10bbc780 req-82620230-b810-463e-b14b-1ff5d0532b4e 229501d8a6c14532b4471656d3f47bda 898e81d6baed46e2827c75275a9facd0 - - 3956b636088b444f9ad1deef5c6431c0 3956b636088b444f9ad1deef5c6431c0] 199.19.213.138 "GET /v2.0/ports?network_id=0e771680-e4ee-4e18-8167-6478bbf260ab&device_owner=network%3Adhcp HTTP/1.1" status: 200 len: 210 time: 0.0260329
2026-05-21 06:10:37.011 10 INFO neutron.wsgi [req-d8468c5f-485e-46fa-9660-33cc10bbc780 req-96cbc2e9-729e-449d-a663-6e18064973e2 229501d8a6c14532b4471656d3f47bda 898e81d6baed46e2827c75275a9facd0 - - 3956b636088b444f9ad1deef5c6431c0 3956b636088b444f9ad1deef5c6431c0] 199.19.213.138 "GET /v2.0/networks/0e771680-e4ee-4e18-8167-6478bbf260ab?fields=segments HTTP/1.1" status: 200 len: 212 time: 0.0649109
2026-05-21 06:10:37.025 9 INFO neutron.wsgi [req-e5b42503-3b83-43d0-9c3c-7c9454cf43d1 req-1d5f2e86-f303-482d-a1c3-9c676bdc33fb 229501d8a6c14532b4471656d3f47bda 898e81d6baed46e2827c75275a9facd0 - - 3956b636088b444f9ad1deef5c6431c0 3956b636088b444f9ad1deef5c6431c0] 10.0.0.167 "GET /v2.0/networks/67689ee5-0056-462b-9894-bca7a4079c5b?fields=provider%3Aphysical_network&fields=provider%3Anetwork_type HTTP/1.1" status: 200 len: 277 time: 0.0827708
2026-05-21 06:10:37.059 9 INFO neutron.wsgi [None req-dfa2ba1e-a058-4173-be59-ac73f33ace8f 14f1358bc9e343d3a49fb905c1b51cf4 b596d1aa324b428fa9b59886b28a5fe0 - - default default] 10.0.0.31 "DELETE /v2.0/subnets/75bc2e06-0192-4441-80c2-cf5706a03425 HTTP/1.1" status: 204 len: 168 time: 0.3178217
2026-05-21 06:10:37.107 10 INFO neutron.wsgi [req-d8468c5f-485e-46fa-9660-33cc10bbc780 req-9fed1092-4a75-43c4-a9b6-da06c70f0921 229501d8a6c14532b4471656d3f47bda 898e81d6baed46e2827c75275a9facd0 - - 3956b636088b444f9ad1deef5c6431c0 3956b636088b444f9ad1deef5c6431c0] 199.19.213.138 "GET /v2.0/networks/0e771680-e4ee-4e18-8167-6478bbf260ab?fields=provider%3Aphysical_network&fields=provider%3Anetwork_type HTTP/1.1" status: 200 len: 277 time: 0.0849974
2026-05-21 06:10:37.549 10 INFO neutron.wsgi [None req-b61baaff-8543-477c-a6d8-bdc0f245a095 14f1358bc9e343d3a49fb905c1b51cf4 b596d1aa324b428fa9b59886b28a5fe0 - - default default] 10.0.0.31 "DELETE /v2.0/networks/7dddf7d7-0981-4039-9575-818ab27c1289 HTTP/1.1" status: 204 len: 168 time: 0.4813766
2026-05-21 06:10:37.578 10 INFO neutron.services.segments.plugin [-] Segment e7b0859b-2d1d-49ea-9d20-e9996e0a7ee5 resource provider aggregate not found
2026-05-21 06:10:37.590 10 INFO neutron.services.segments.plugin [-] Segment e7b0859b-2d1d-49ea-9d20-e9996e0a7ee5 resource provider aggregate not found
2026-05-21 06:10:37.605 10 INFO neutron.services.segments.plugin [-] Segment e7b0859b-2d1d-49ea-9d20-e9996e0a7ee5 resource provider not found; error: Placement Client Error (4xx): {"errors": [{"status": 404, "title": "Not Found", "detail": "The resource could not be found.\n\n No resource provider with uuid e7b0859b-2d1d-49ea-9d20-e9996e0a7ee5 found for delete ", "request_id": "req-bcb524af-2e83-4037-8ca2-09b7fe2dc822"}]}
2026-05-21 06:10:37.612 10 INFO neutron.services.segments.plugin [-] Segment e7b0859b-2d1d-49ea-9d20-e9996e0a7ee5 resource provider not found; error: Placement Client Error (4xx): {"errors": [{"status": 404, "title": "Not Found", "detail": "The resource could not be found.\n\n No resource provider with uuid e7b0859b-2d1d-49ea-9d20-e9996e0a7ee5 found for delete ", "request_id": "req-157da5ec-6d93-4092-8f85-2e3a8a5d33e2"}]}
2026-05-21 06:10:37.674 9 INFO neutron.wsgi [req-3241b2f0-6198-492a-a6fc-1eb3feb32c9d req-2bf7dc6f-e8ab-4179-b968-6f6fa8a46ce9 14f1358bc9e343d3a49fb905c1b51cf4 b596d1aa324b428fa9b59886b28a5fe0 - - default default] 10.0.0.167 "GET /v2.0/ports?device_id=b16ba758-1035-4ce7-ae3b-b1595f071715 HTTP/1.1" status: 200 len: 210 time: 0.0259969
2026-05-21 06:10:37.735 9 INFO neutron.wsgi [req-84870a3f-56d5-499b-a4f2-f32d34b7e5e7 req-81f05705-7c1d-4bab-a30a-7796f68d10ac 14f1358bc9e343d3a49fb905c1b51cf4 b596d1aa324b428fa9b59886b28a5fe0 - - default default] 10.0.0.167 "GET /v2.0/ports?device_id=b16ba758-1035-4ce7-ae3b-b1595f071715 HTTP/1.1" status: 200 len: 210 time: 0.0182848
2026-05-21 06:10:37.878 10 INFO neutron.wsgi [None req-3469305f-13f8-4225-8972-0e20e33cbef7 14f1358bc9e343d3a49fb905c1b51cf4 b596d1aa324b428fa9b59886b28a5fe0 - - default default] 10.0.0.31 "GET /v2.0/security-groups?tenant_id=22398fe17a614a0381d122de86b2864b&name=default HTTP/1.1" status: 200 len: 3000 time: 0.0376964
2026-05-21 06:10:38.069 10 INFO neutron.wsgi [None req-320d5cc2-c4d3-425d-82bc-9a31ea4a7574 14f1358bc9e343d3a49fb905c1b51cf4 b596d1aa324b428fa9b59886b28a5fe0 - - default default] 10.0.0.31 "DELETE /v2.0/security-groups/3cfc095f-9eb8-4367-bcb8-500d47dd97cf HTTP/1.1" status: 204 len: 168 time: 0.1858983
2026-05-21 06:10:38.290 9 INFO neutron.wsgi [None req-51843d5a-dde2-48db-a683-2c8dd10a04bf 14f1358bc9e343d3a49fb905c1b51cf4 b596d1aa324b428fa9b59886b28a5fe0 - - default default] 10.0.0.31 "GET /v2.0/security-groups?tenant_id=57eaf0ca817d48329f33a8ab8aca802e&name=default HTTP/1.1" status: 200 len: 3000 time: 0.0406284
2026-05-21 06:10:38.407 10 INFO neutron.wsgi [req-e5b42503-3b83-43d0-9c3c-7c9454cf43d1 req-191bee87-51c9-4d65-8bcd-ef76fd4806d9 14f1358bc9e343d3a49fb905c1b51cf4 b596d1aa324b428fa9b59886b28a5fe0 - - default default] 199.19.213.138 "GET /v2.0/networks?id=67689ee5-0056-462b-9894-bca7a4079c5b HTTP/1.1" status: 200 len: 937 time: 0.0751908
2026-05-21 06:10:38.480 10 INFO neutron.wsgi [req-e5b42503-3b83-43d0-9c3c-7c9454cf43d1 req-3de23dec-c4d8-4521-a510-6856300ab98e 14f1358bc9e343d3a49fb905c1b51cf4 b596d1aa324b428fa9b59886b28a5fe0 - - default default] 199.19.213.138 "GET /v2.0/security-groups?fields=id&fields=name&tenant_id=b596d1aa324b428fa9b59886b28a5fe0 HTTP/1.1" status: 200 len: 542 time: 0.0623894
2026-05-21 06:10:38.528 9 INFO neutron.wsgi [None req-b56588ea-dfeb-4a32-a1a5-2030f552854b 14f1358bc9e343d3a49fb905c1b51cf4 b596d1aa324b428fa9b59886b28a5fe0 - - default default] 10.0.0.31 "DELETE /v2.0/security-groups/a680ecac-bee0-4415-bcfd-d4351d215a4f HTTP/1.1" status: 204 len: 168 time: 0.2323208
2026-05-21 06:10:38.749 10 WARNING neutron.scheduler.dhcp_agent_scheduler [req-e5b42503-3b83-43d0-9c3c-7c9454cf43d1 req-5ef439a8-c09a-47af-b593-e1201022d43b 14f1358bc9e343d3a49fb905c1b51cf4 b596d1aa324b428fa9b59886b28a5fe0 - - default default] No more DHCP agents
2026-05-21 06:10:38.752 10 WARNING neutron.api.rpc.agentnotifiers.dhcp_rpc_agent_api [req-e5b42503-3b83-43d0-9c3c-7c9454cf43d1 req-5ef439a8-c09a-47af-b593-e1201022d43b 14f1358bc9e343d3a49fb905c1b51cf4 b596d1aa324b428fa9b59886b28a5fe0 - - default default] Unable to schedule network 67689ee5-0056-462b-9894-bca7a4079c5b: no agents available; will retry on subsequent port and subnet creation events.
2026-05-21 06:10:38.922 10 INFO neutron.db.ovn_revision_numbers_db [req-e5b42503-3b83-43d0-9c3c-7c9454cf43d1 req-5ef439a8-c09a-47af-b593-e1201022d43b 14f1358bc9e343d3a49fb905c1b51cf4 b596d1aa324b428fa9b59886b28a5fe0 - - default default] Successfully bumped revision number for resource e9a5e5d5-36c0-4928-bf59-c4c41b51acbc (type: ports) to 1
2026-05-21 06:10:38.950 10 INFO neutron.wsgi [req-e5b42503-3b83-43d0-9c3c-7c9454cf43d1 req-5ef439a8-c09a-47af-b593-e1201022d43b 14f1358bc9e343d3a49fb905c1b51cf4 b596d1aa324b428fa9b59886b28a5fe0 - - default default] 199.19.213.138 "POST /v2.0/ports HTTP/1.1" status: 201 len: 1287 time: 0.4665809 /var/lib/openstack/lib/python3.10/site-packages/pycadf/identifier.py:71: UserWarning: Invalid uuid: neutron. To ensure interoperability, identifiers should be a valid uuid. warnings.warn(('Invalid uuid: %s. To ensure interoperability, '
2026-05-21 06:10:39.496 10 INFO neutron.db.ovn_revision_numbers_db [req-e5b42503-3b83-43d0-9c3c-7c9454cf43d1 req-98171bd8-1273-4fad-b9f7-3af620e8b97b 229501d8a6c14532b4471656d3f47bda 898e81d6baed46e2827c75275a9facd0 - - 3956b636088b444f9ad1deef5c6431c0 3956b636088b444f9ad1deef5c6431c0] Successfully bumped revision number for resource e9a5e5d5-36c0-4928-bf59-c4c41b51acbc (type: ports) to 2
2026-05-21 06:10:39.746 10 INFO neutron.db.ovn_revision_numbers_db [req-e5b42503-3b83-43d0-9c3c-7c9454cf43d1 req-98171bd8-1273-4fad-b9f7-3af620e8b97b 229501d8a6c14532b4471656d3f47bda 898e81d6baed46e2827c75275a9facd0 - - 3956b636088b444f9ad1deef5c6431c0 3956b636088b444f9ad1deef5c6431c0] Successfully bumped revision number for resource e9a5e5d5-36c0-4928-bf59-c4c41b51acbc (type: ports) to 2
2026-05-21 06:10:39.766 10 INFO neutron.wsgi [req-e5b42503-3b83-43d0-9c3c-7c9454cf43d1 req-98171bd8-1273-4fad-b9f7-3af620e8b97b 229501d8a6c14532b4471656d3f47bda 898e81d6baed46e2827c75275a9facd0 - - 3956b636088b444f9ad1deef5c6431c0 3956b636088b444f9ad1deef5c6431c0] 199.19.213.138 "PUT /v2.0/ports/e9a5e5d5-36c0-4928-bf59-c4c41b51acbc HTTP/1.1" status: 200 len: 1384 time: 0.8045282 /var/lib/openstack/lib/python3.10/site-packages/pycadf/identifier.py:71: UserWarning: Invalid uuid: neutron. To ensure interoperability, identifiers should be a valid uuid. warnings.warn(('Invalid uuid: %s. To ensure interoperability, '
2026-05-21 06:10:39.824 10 INFO neutron.notifiers.nova [-] Nova event matching ['req-34437440-3b52-43ed-aed6-b739a6efdea3'] response: {'name': 'network-changed', 'server_uuid': 'b16ba758-1035-4ce7-ae3b-b1595f071715', 'tag': 'e9a5e5d5-36c0-4928-bf59-c4c41b51acbc', 'status': 'completed', 'code': 200}
2026-05-21 06:10:39.857 10 INFO neutron.wsgi [req-e5b42503-3b83-43d0-9c3c-7c9454cf43d1 req-bf811dbc-9076-40d0-ae0c-b400194e6537 229501d8a6c14532b4471656d3f47bda 898e81d6baed46e2827c75275a9facd0 - - 3956b636088b444f9ad1deef5c6431c0 3956b636088b444f9ad1deef5c6431c0] 199.19.213.138 "GET /v2.0/ports?tenant_id=b596d1aa324b428fa9b59886b28a5fe0&device_id=b16ba758-1035-4ce7-ae3b-b1595f071715 HTTP/1.1" status: 200 len: 1415 time: 0.0512526
2026-05-21 06:10:39.893 10 INFO neutron.wsgi [req-e5b42503-3b83-43d0-9c3c-7c9454cf43d1 req-eb71db3c-e42e-4e1e-bb33-291dc4ac8579 229501d8a6c14532b4471656d3f47bda 898e81d6baed46e2827c75275a9facd0 - - 3956b636088b444f9ad1deef5c6431c0 3956b636088b444f9ad1deef5c6431c0] 199.19.213.138 "GET /v2.0/floatingips?fixed_ip_address=172.24.3.130&port_id=e9a5e5d5-36c0-4928-bf59-c4c41b51acbc HTTP/1.1" status: 200 len: 217 time: 0.0288012
2026-05-21 06:10:39.934 10 INFO neutron.wsgi [req-e5b42503-3b83-43d0-9c3c-7c9454cf43d1 req-fc816e5a-d52d-48c0-9bc0-589eb162c0ed 229501d8a6c14532b4471656d3f47bda 898e81d6baed46e2827c75275a9facd0 - - 3956b636088b444f9ad1deef5c6431c0 3956b636088b444f9ad1deef5c6431c0] 199.19.213.138 "GET /v2.0/subnets?id=8d6098a6-9196-47be-adbc-bfc86d13a244 HTTP/1.1" status: 200 len: 829 time: 0.0349231
2026-05-21 06:10:39.963 10 INFO neutron.wsgi [req-e5b42503-3b83-43d0-9c3c-7c9454cf43d1 req-3c10628e-0aaf-454e-8830-e4fca1429d2e 229501d8a6c14532b4471656d3f47bda 898e81d6baed46e2827c75275a9facd0 - - 3956b636088b444f9ad1deef5c6431c0 3956b636088b444f9ad1deef5c6431c0] 199.19.213.138 "GET /v2.0/ports?network_id=67689ee5-0056-462b-9894-bca7a4079c5b&device_owner=network%3Adhcp HTTP/1.1" status: 200 len: 210 time: 0.0197639
2026-05-21 06:10:40.035 10 INFO neutron.wsgi [req-e5b42503-3b83-43d0-9c3c-7c9454cf43d1 req-db2e8ff5-f8a3-4590-a544-4842d2084a33 229501d8a6c14532b4471656d3f47bda 898e81d6baed46e2827c75275a9facd0 - - 3956b636088b444f9ad1deef5c6431c0 3956b636088b444f9ad1deef5c6431c0] 199.19.213.138 "GET /v2.0/networks/67689ee5-0056-462b-9894-bca7a4079c5b?fields=segments HTTP/1.1" status: 200 len: 212 time: 0.0653601
2026-05-21 06:10:40.100 10 INFO neutron.wsgi [req-e5b42503-3b83-43d0-9c3c-7c9454cf43d1 req-c1e54d09-7145-49c6-90e6-6ed752d33fd0 229501d8a6c14532b4471656d3f47bda 898e81d6baed46e2827c75275a9facd0 - - 3956b636088b444f9ad1deef5c6431c0 3956b636088b444f9ad1deef5c6431c0] 199.19.213.138 "GET /v2.0/networks/67689ee5-0056-462b-9894-bca7a4079c5b?fields=provider%3Aphysical_network&fields=provider%3Anetwork_type HTTP/1.1" status: 200 len: 277 time: 0.0567937
2026-05-21 06:10:40.186 10 INFO neutron.wsgi [req-b220b673-cef1-4b6d-8990-115dcbd782ed req-fb951c5a-32f0-4dd2-b7fa-8d07a973fb81 229501d8a6c14532b4471656d3f47bda 898e81d6baed46e2827c75275a9facd0 - - 3956b636088b444f9ad1deef5c6431c0 3956b636088b444f9ad1deef5c6431c0] 199.19.213.138 "GET /v2.0/ports?tenant_id=b596d1aa324b428fa9b59886b28a5fe0&device_id=b16ba758-1035-4ce7-ae3b-b1595f071715 HTTP/1.1" status: 200 len: 1415 time: 0.0355234
2026-05-21 06:10:40.260 10 INFO neutron.wsgi [req-b220b673-cef1-4b6d-8990-115dcbd782ed req-599a3888-f4a5-4e3d-869c-351f832a5df6 229501d8a6c14532b4471656d3f47bda 898e81d6baed46e2827c75275a9facd0 - - 3956b636088b444f9ad1deef5c6431c0 3956b636088b444f9ad1deef5c6431c0] 199.19.213.138 "GET /v2.0/networks?id=67689ee5-0056-462b-9894-bca7a4079c5b HTTP/1.1" status: 200 len: 937 time: 0.0681632
2026-05-21 06:10:40.288 10 INFO neutron.wsgi [req-b220b673-cef1-4b6d-8990-115dcbd782ed req-a08dde73-4aac-433a-9f0a-921e9816fc59 229501d8a6c14532b4471656d3f47bda 898e81d6baed46e2827c75275a9facd0 - - 3956b636088b444f9ad1deef5c6431c0 3956b636088b444f9ad1deef5c6431c0] 199.19.213.138 "GET /v2.0/floatingips?fixed_ip_address=172.24.3.130&port_id=e9a5e5d5-36c0-4928-bf59-c4c41b51acbc HTTP/1.1" status: 200 len: 217 time: 0.0208919
2026-05-21 06:10:40.326 10 INFO neutron.wsgi [req-b220b673-cef1-4b6d-8990-115dcbd782ed req-57cb38af-518e-42db-b8a5-86665ee3a191 229501d8a6c14532b4471656d3f47bda 898e81d6baed46e2827c75275a9facd0 - - 3956b636088b444f9ad1deef5c6431c0 3956b636088b444f9ad1deef5c6431c0] 199.19.213.138 "GET /v2.0/subnets?id=8d6098a6-9196-47be-adbc-bfc86d13a244 HTTP/1.1" status: 200 len: 829 time: 0.0319428
2026-05-21 06:10:40.354 9 INFO neutron.wsgi [req-61c14a3b-41c7-4ee7-922a-2347516f8a85 req-59869b67-3217-4120-8992-c1fe66b44206 229501d8a6c14532b4471656d3f47bda 898e81d6baed46e2827c75275a9facd0 - - 3956b636088b444f9ad1deef5c6431c0 3956b636088b444f9ad1deef5c6431c0] 199.19.213.138 "GET /v2.0/ports?device_id=b16ba758-1035-4ce7-ae3b-b1595f071715 HTTP/1.1" status: 200 len: 1415 time: 0.0593233
2026-05-21 06:10:40.355 10 INFO neutron.wsgi [req-b220b673-cef1-4b6d-8990-115dcbd782ed req-2124b757-3e9c-46a6-8c3a-b10f1a266cce 229501d8a6c14532b4471656d3f47bda 898e81d6baed46e2827c75275a9facd0 - - 3956b636088b444f9ad1deef5c6431c0 3956b636088b444f9ad1deef5c6431c0] 199.19.213.138 "GET /v2.0/ports?network_id=67689ee5-0056-462b-9894-bca7a4079c5b&device_owner=network%3Adhcp HTTP/1.1" status: 200 len: 210 time: 0.0227749
2026-05-21 06:10:40.408 9 INFO neutron.wsgi [req-61c14a3b-41c7-4ee7-922a-2347516f8a85 req-85e2af1b-7335-46c1-8be8-4d8f6f660be9 229501d8a6c14532b4471656d3f47bda 898e81d6baed46e2827c75275a9facd0 - - 3956b636088b444f9ad1deef5c6431c0 3956b636088b444f9ad1deef5c6431c0] 199.19.213.138 "GET /v2.0/security-groups?id=cd46d035-a12b-4145-ba19-09ee79c12660&fields=id&fields=name HTTP/1.1" status: 200 len: 294 time: 0.0405660
2026-05-21 06:10:40.436 10 INFO neutron.wsgi [req-b220b673-cef1-4b6d-8990-115dcbd782ed req-4d893a2d-b733-4b78-8d60-5f1440d7ca0a 229501d8a6c14532b4471656d3f47bda 898e81d6baed46e2827c75275a9facd0 - - 3956b636088b444f9ad1deef5c6431c0 3956b636088b444f9ad1deef5c6431c0] 199.19.213.138 "GET /v2.0/networks/67689ee5-0056-462b-9894-bca7a4079c5b?fields=segments HTTP/1.1" status: 200 len: 212 time: 0.0686731
2026-05-21 06:10:40.513 9 INFO neutron.plugins.ml2.drivers.ovn.mech_driver.mech_driver [None req-bdae711b-8b13-4214-9c2c-d0e26b7da533 - - - - - -] OVN reports status up for port: e9a5e5d5-36c0-4928-bf59-c4c41b51acbc
2026-05-21 06:10:40.538 9 INFO neutron.plugins.ml2.plugin [None req-bdae711b-8b13-4214-9c2c-d0e26b7da533 - - - - - -] Attempt 1 to provision port e9a5e5d5-36c0-4928-bf59-c4c41b51acbc
2026-05-21 06:10:40.557 10 INFO neutron.wsgi [req-b220b673-cef1-4b6d-8990-115dcbd782ed req-be8f93c9-f5db-44bc-9abf-bf5f2a07f825 229501d8a6c14532b4471656d3f47bda 898e81d6baed46e2827c75275a9facd0 - - 3956b636088b444f9ad1deef5c6431c0 3956b636088b444f9ad1deef5c6431c0] 199.19.213.138 "GET /v2.0/networks/67689ee5-0056-462b-9894-bca7a4079c5b?fields=provider%3Aphysical_network&fields=provider%3Anetwork_type HTTP/1.1" status: 200 len: 277 time: 0.1116500
2026-05-21 06:10:40.583 9 INFO neutron.wsgi [req-45f7cdc3-872e-495b-8b88-9deaec5df73a req-1a397ab8-e5e6-4695-9b11-a14f095507d7 14f1358bc9e343d3a49fb905c1b51cf4 b596d1aa324b428fa9b59886b28a5fe0 - - default default] 10.0.0.167 "GET /v2.0/ports?device_id=b16ba758-1035-4ce7-ae3b-b1595f071715 HTTP/1.1" status: 200 len: 1415 time: 0.0551922
2026-05-21 06:10:40.629 9 INFO neutron.wsgi [req-45f7cdc3-872e-495b-8b88-9deaec5df73a req-f0e3d759-f574-470c-9d7f-47b4f4ea390c 14f1358bc9e343d3a49fb905c1b51cf4 b596d1aa324b428fa9b59886b28a5fe0 - - default default] 10.0.0.167 "GET /v2.0/security-groups?id=cd46d035-a12b-4145-ba19-09ee79c12660&fields=id&fields=name HTTP/1.1" status: 200 len: 294 time: 0.0396600
2026-05-21 06:10:40.688 9 INFO neutron.notifiers.nova [-] Nova event matching ['req-91dfccbe-eb5a-49bd-8628-b46598258c76'] response: {'server_uuid': 'b16ba758-1035-4ce7-ae3b-b1595f071715', 'name': 'network-vif-plugged', 'status': 'completed', 'tag': 'e9a5e5d5-36c0-4928-bf59-c4c41b51acbc', 'code': 200}
2026-05-21 06:10:40.754 9 INFO neutron.wsgi [req-968b7ac5-dbd0-4d76-b992-fb351203ee3f req-4bd1ee38-1fac-4596-a1c1-9ca134df3f7f 14f1358bc9e343d3a49fb905c1b51cf4 b596d1aa324b428fa9b59886b28a5fe0 - - default default] 10.0.0.167 "GET /v2.0/ports?device_id=b16ba758-1035-4ce7-ae3b-b1595f071715 HTTP/1.1" status: 200 len: 1417 time: 0.0426965
2026-05-21 06:10:40.899 9 INFO neutron.db.ovn_revision_numbers_db [None req-bdae711b-8b13-4214-9c2c-d0e26b7da533 - - - - - -] Successfully bumped revision number for resource e9a5e5d5-36c0-4928-bf59-c4c41b51acbc (type: ports) to 4
2026-05-21 06:10:42.737 9 INFO neutron.notifiers.nova [-] Nova event matching ['req-7ec20ee8-2519-4a4a-b561-bc3fb2202ab9'] response: {'server_uuid': 'b16ba758-1035-4ce7-ae3b-b1595f071715', 'name': 'network-vif-plugged', 'status': 'completed', 'tag': 'e9a5e5d5-36c0-4928-bf59-c4c41b51acbc', 'code': 200} /var/lib/openstack/lib/python3.10/site-packages/pycadf/identifier.py:71: UserWarning: Invalid uuid: neutron. To ensure interoperability, identifiers should be a valid uuid. warnings.warn(('Invalid uuid: %s. To ensure interoperability, '
2026-05-21 06:10:43.421 9 INFO neutron.db.ovn_revision_numbers_db [None req-ad574eac-688e-4ea1-ac05-c71c68199e8f e55b18de72074bd9a7f23b91c0f737f8 54376f12dbd34a7492ac37b40e614951 - - default default] Successfully bumped revision number for resource 95e932f6-9e8a-4e40-95e2-dc868d13cdbc (type: security_groups) to 1
2026-05-21 06:10:43.471 9 INFO neutron.db.ovn_revision_numbers_db [None req-ad574eac-688e-4ea1-ac05-c71c68199e8f e55b18de72074bd9a7f23b91c0f737f8 54376f12dbd34a7492ac37b40e614951 - - default default] Successfully bumped revision number for resource 740918ad-f764-4fef-ab1f-1ab9c704bd82 (type: security_group_rules) to 0
2026-05-21 06:10:43.497 9 INFO neutron.db.ovn_revision_numbers_db [None req-ad574eac-688e-4ea1-ac05-c71c68199e8f e55b18de72074bd9a7f23b91c0f737f8 54376f12dbd34a7492ac37b40e614951 - - default default] Successfully bumped revision number for resource 86748018-2f95-41e3-bdc1-35a9945a18ea (type: security_group_rules) to 0
2026-05-21 06:10:43.530 9 INFO neutron.db.ovn_revision_numbers_db [None req-ad574eac-688e-4ea1-ac05-c71c68199e8f e55b18de72074bd9a7f23b91c0f737f8 54376f12dbd34a7492ac37b40e614951 - - default default] Successfully bumped revision number for resource 95876101-178a-46d8-83a4-3e58b9535058 (type: security_group_rules) to 0
2026-05-21 06:10:43.569 9 INFO neutron.db.ovn_revision_numbers_db [None req-ad574eac-688e-4ea1-ac05-c71c68199e8f e55b18de72074bd9a7f23b91c0f737f8 54376f12dbd34a7492ac37b40e614951 - - default default] Successfully bumped revision number for resource f8958d38-97a0-4ace-9d92-5489c4e23ff0 (type: security_group_rules) to 0
2026-05-21 06:10:43.625 9 INFO neutron.db.segments_db [None req-ad574eac-688e-4ea1-ac05-c71c68199e8f e55b18de72074bd9a7f23b91c0f737f8 54376f12dbd34a7492ac37b40e614951 - - default default] Added segment 52d896a5-9810-4015-8e31-31908c0ecceb of type geneve for network 0d102ddc-cb10-4d48-83a2-895194b787af
2026-05-21 06:10:43.930 9 INFO neutron.db.ovn_revision_numbers_db [None req-ad574eac-688e-4ea1-ac05-c71c68199e8f e55b18de72074bd9a7f23b91c0f737f8 54376f12dbd34a7492ac37b40e614951 - - default default] Successfully bumped revision number for resource 0d102ddc-cb10-4d48-83a2-895194b787af (type: networks) to 1
2026-05-21 06:10:43.981 9 INFO neutron.wsgi [req-34265811-a293-4e5e-b5b5-20a18fd01846 req-fb759e34-6733-4f70-8c63-650aa505acae 14f1358bc9e343d3a49fb905c1b51cf4 b596d1aa324b428fa9b59886b28a5fe0 - - default default] 10.0.0.167 "GET /v2.0/ports?device_id=b16ba758-1035-4ce7-ae3b-b1595f071715 HTTP/1.1" status: 200 len: 1417 time: 0.0489824
2026-05-21 06:10:44.044 9 INFO neutron.wsgi [req-34265811-a293-4e5e-b5b5-20a18fd01846 req-f78d52ef-87e5-4312-b230-1a43cbb4181c 14f1358bc9e343d3a49fb905c1b51cf4 b596d1aa324b428fa9b59886b28a5fe0 - - default default] 10.0.0.167 "GET /v2.0/security-groups?id=cd46d035-a12b-4145-ba19-09ee79c12660&fields=id&fields=name HTTP/1.1" status: 200 len: 294 time: 0.0545454
2026-05-21 06:10:44.146 9 INFO neutron.wsgi [req-fc3bc6b9-9a6c-4455-992b-12632ef36746 req-3b67a183-9bb0-45fa-9ffd-d7caff4905f0 14f1358bc9e343d3a49fb905c1b51cf4 b596d1aa324b428fa9b59886b28a5fe0 - - default default] 10.0.0.167 "GET /v2.0/ports?device_id=b16ba758-1035-4ce7-ae3b-b1595f071715 HTTP/1.1" status: 200 len: 1417 time: 0.0487463
2026-05-21 06:10:44.166 9 WARNING neutron.scheduler.dhcp_agent_scheduler [None req-ad574eac-688e-4ea1-ac05-c71c68199e8f e55b18de72074bd9a7f23b91c0f737f8 54376f12dbd34a7492ac37b40e614951 - - default default] No more DHCP agents
2026-05-21 06:10:44.168 9 WARNING neutron.api.rpc.agentnotifiers.dhcp_rpc_agent_api [None req-ad574eac-688e-4ea1-ac05-c71c68199e8f e55b18de72074bd9a7f23b91c0f737f8 54376f12dbd34a7492ac37b40e614951 - - default default] Unable to schedule network 0d102ddc-cb10-4d48-83a2-895194b787af: no agents available; will retry on subsequent port and subnet creation events.
2026-05-21 06:10:44.261 9 INFO neutron.db.ovn_revision_numbers_db [None req-ad574eac-688e-4ea1-ac05-c71c68199e8f e55b18de72074bd9a7f23b91c0f737f8 54376f12dbd34a7492ac37b40e614951 - - default default] Successfully bumped revision number for resource b0c590b9-ae7b-42b4-8c2b-6a56e1b1b268 (type: ports) to 1
2026-05-21 06:10:44.282 9 INFO neutron.wsgi [None req-ad574eac-688e-4ea1-ac05-c71c68199e8f e55b18de72074bd9a7f23b91c0f737f8 54376f12dbd34a7492ac37b40e614951 - - default default] 10.0.0.31 "POST /v2.0/networks HTTP/1.1" status: 201 len: 929 time: 1.2176082
2026-05-21 06:10:44.480 9 WARNING neutron.scheduler.dhcp_agent_scheduler [None req-9d8a87f5-afcb-4911-b8f6-a02e8faad9bf e55b18de72074bd9a7f23b91c0f737f8 54376f12dbd34a7492ac37b40e614951 - - default default] No more DHCP agents
2026-05-21 06:10:44.482 9 WARNING neutron.api.rpc.agentnotifiers.dhcp_rpc_agent_api [None req-9d8a87f5-afcb-4911-b8f6-a02e8faad9bf e55b18de72074bd9a7f23b91c0f737f8 54376f12dbd34a7492ac37b40e614951 - - default default] Unable to schedule network 0d102ddc-cb10-4d48-83a2-895194b787af: no agents available; will retry on subsequent port and subnet creation events.
2026-05-21 06:10:45.071 9 INFO neutron.db.ovn_revision_numbers_db [None req-9d8a87f5-afcb-4911-b8f6-a02e8faad9bf e55b18de72074bd9a7f23b91c0f737f8 54376f12dbd34a7492ac37b40e614951 - - default default] Successfully bumped revision number for resource b0c590b9-ae7b-42b4-8c2b-6a56e1b1b268 (type: ports) to 2
2026-05-21 06:10:45.114 9 INFO neutron.db.ovn_revision_numbers_db [None req-9d8a87f5-afcb-4911-b8f6-a02e8faad9bf e55b18de72074bd9a7f23b91c0f737f8 54376f12dbd34a7492ac37b40e614951 - - default default] Successfully bumped revision number for resource 8c16e2d8-d135-40c7-8a58-9633ed66256f (type: subnets) to 0
2026-05-21 06:10:45.131 9 INFO neutron.wsgi [None req-9d8a87f5-afcb-4911-b8f6-a02e8faad9bf e55b18de72074bd9a7f23b91c0f737f8 54376f12dbd34a7492ac37b40e614951 - - default default] 10.0.0.31 "POST /v2.0/subnets HTTP/1.1" status: 201 len: 819 time: 0.8410897
2026-05-21 06:10:45.141 9 WARNING neutron.api.v2.base [None req-c7c4c58a-2dd9-4d8f-978c-a3c5dd69827b e55b18de72074bd9a7f23b91c0f737f8 54376f12dbd34a7492ac37b40e614951 - - default default] An exception happened while processing the request body. The exception message is [Invalid input for target_tenant. Reason: 'None' is not a valid string.].: webob.exc.HTTPBadRequest: Invalid input for target_tenant. Reason: 'None' is not a valid string.
