2026-05-21 06:05:26.261 10 INFO neutron.wsgi [req-479922ba-3bd3-44d9-ad6c-8fb059baf171 req-153b124f-4b4d-4748-a5c6-e9ff7e0fa357 229501d8a6c14532b4471656d3f47bda 898e81d6baed46e2827c75275a9facd0 - - 3956b636088b444f9ad1deef5c6431c0 3956b636088b444f9ad1deef5c6431c0] 199.19.213.138 "GET /v2.0/floatingips?fixed_ip_address=10.100.0.6&port_id=4a391203-7581-4069-bdb5-c1748fcf85bd HTTP/1.1" status: 200 len: 217 time: 0.0271888
2026-05-21 06:05:26.312 10 INFO neutron.wsgi [req-479922ba-3bd3-44d9-ad6c-8fb059baf171 req-936b7523-2d2f-4d77-a78a-bcac943599b8 229501d8a6c14532b4471656d3f47bda 898e81d6baed46e2827c75275a9facd0 - - 3956b636088b444f9ad1deef5c6431c0 3956b636088b444f9ad1deef5c6431c0] 199.19.213.138 "GET /v2.0/subnets?id=f2785680-ebd2-4ef2-a50f-023de3e4de1d HTTP/1.1" status: 200 len: 869 time: 0.0429826
2026-05-21 06:05:26.362 10 INFO neutron.wsgi [req-479922ba-3bd3-44d9-ad6c-8fb059baf171 req-6f4ea216-979f-4b62-9493-19efa4d93df4 229501d8a6c14532b4471656d3f47bda 898e81d6baed46e2827c75275a9facd0 - - 3956b636088b444f9ad1deef5c6431c0 3956b636088b444f9ad1deef5c6431c0] 199.19.213.138 "GET /v2.0/ports?network_id=a477e40a-82e5-4036-803a-64df20a8f75d&device_owner=network%3Adhcp HTTP/1.1" status: 200 len: 210 time: 0.0445685
2026-05-21 06:05:26.456 10 INFO neutron.wsgi [req-479922ba-3bd3-44d9-ad6c-8fb059baf171 req-c9bd0b98-9f38-4bcf-be6c-2fe128b71072 229501d8a6c14532b4471656d3f47bda 898e81d6baed46e2827c75275a9facd0 - - 3956b636088b444f9ad1deef5c6431c0 3956b636088b444f9ad1deef5c6431c0] 199.19.213.138 "GET /v2.0/networks/a477e40a-82e5-4036-803a-64df20a8f75d?fields=segments HTTP/1.1" status: 200 len: 212 time: 0.0857110
2026-05-21 06:05:26.459 10 INFO neutron.notifiers.nova [-] Nova event matching ['req-6c5f3008-4837-4d87-a0cc-d8f76fda82b7'] response: {'name': 'network-changed', 'server_uuid': 'e09f885f-b83d-49fc-98fd-f3fc24f20daf', 'tag': '4a391203-7581-4069-bdb5-c1748fcf85bd', 'status': 'completed', 'code': 200}
2026-05-21 06:05:26.580 10 INFO neutron.wsgi [req-479922ba-3bd3-44d9-ad6c-8fb059baf171 req-8ec99669-b5ef-4408-bfd5-3dab211c52e2 229501d8a6c14532b4471656d3f47bda 898e81d6baed46e2827c75275a9facd0 - - 3956b636088b444f9ad1deef5c6431c0 3956b636088b444f9ad1deef5c6431c0] 199.19.213.138 "GET /v2.0/networks/a477e40a-82e5-4036-803a-64df20a8f75d?fields=provider%3Aphysical_network&fields=provider%3Anetwork_type HTTP/1.1" status: 200 len: 277 time: 0.1144073
2026-05-21 06:05:26.694 10 INFO neutron.wsgi [req-0e6ecbc3-17ef-4bce-86b9-5ff12828d10d req-55a973c3-9410-45c4-9fd0-1147f32abd49 229501d8a6c14532b4471656d3f47bda 898e81d6baed46e2827c75275a9facd0 - - 3956b636088b444f9ad1deef5c6431c0 3956b636088b444f9ad1deef5c6431c0] 199.19.213.138 "GET /v2.0/ports?tenant_id=cc42a029ba46415bb7f566fce6ad3355&device_id=e09f885f-b83d-49fc-98fd-f3fc24f20daf HTTP/1.1" status: 200 len: 1407 time: 0.0506730
2026-05-21 06:05:27.044 10 INFO neutron.plugins.ml2.drivers.ovn.mech_driver.mech_driver [None req-57002d08-0037-4a3f-a84d-4197daadc4a1 - - - - - -] OVN reports status up for port: 4a391203-7581-4069-bdb5-c1748fcf85bd
2026-05-21 06:05:27.088 10 INFO neutron.plugins.ml2.plugin [None req-57002d08-0037-4a3f-a84d-4197daadc4a1 - - - - - -] Attempt 1 to provision port 4a391203-7581-4069-bdb5-c1748fcf85bd
2026-05-21 06:05:27.110 10 INFO neutron.wsgi [req-0e6ecbc3-17ef-4bce-86b9-5ff12828d10d req-7f2afd7c-3b41-4897-ade9-8cb2b7484b24 229501d8a6c14532b4471656d3f47bda 898e81d6baed46e2827c75275a9facd0 - - 3956b636088b444f9ad1deef5c6431c0 3956b636088b444f9ad1deef5c6431c0] 199.19.213.138 "GET /v2.0/networks?id=a477e40a-82e5-4036-803a-64df20a8f75d HTTP/1.1" status: 200 len: 974 time: 0.4077394
2026-05-21 06:05:27.157 9 WARNING neutron_lib.context [None req-94c80f5a-3488-41fc-9d7f-05fe18e221e5 f7646afb733e46bab45a216beac3447f 5cbef3446d8b4c4c82949d26a2bbb2c0 - - default default] Method 'is_advsvc' is deprecated since 2023.2 release (neutron-lib 3.8.0) and will be removed once support for the old RBAC API policies will be removed from Neutron. Please use method 'is_service_role' instead.
2026-05-21 06:05:27.165 10 INFO neutron.wsgi [req-0e6ecbc3-17ef-4bce-86b9-5ff12828d10d req-bb17a4da-99d9-4225-b435-0d21a948cb9c 229501d8a6c14532b4471656d3f47bda 898e81d6baed46e2827c75275a9facd0 - - 3956b636088b444f9ad1deef5c6431c0 3956b636088b444f9ad1deef5c6431c0] 199.19.213.138 "GET /v2.0/floatingips?fixed_ip_address=10.100.0.6&port_id=4a391203-7581-4069-bdb5-c1748fcf85bd HTTP/1.1" status: 200 len: 217 time: 0.0433526
2026-05-21 06:05:27.263 9 INFO neutron.wsgi [req-788d5a3a-3f67-452e-99d6-1b6d0ad4b3cb req-a2c53b71-5c95-4b07-9043-4be93b9a465c 37aed0cf8b4348d4836af4aeaa199a90 cc42a029ba46415bb7f566fce6ad3355 - - default default] 10.0.0.167 "GET /v2.0/ports?device_id=e09f885f-b83d-49fc-98fd-f3fc24f20daf HTTP/1.1" status: 200 len: 1168 time: 0.0567572
2026-05-21 06:05:27.273 10 INFO neutron.wsgi [req-0e6ecbc3-17ef-4bce-86b9-5ff12828d10d req-8ae81fd0-befd-44bb-8c0c-a8a4151a9385 229501d8a6c14532b4471656d3f47bda 898e81d6baed46e2827c75275a9facd0 - - 3956b636088b444f9ad1deef5c6431c0 3956b636088b444f9ad1deef5c6431c0] 199.19.213.138 "GET /v2.0/subnets?id=f2785680-ebd2-4ef2-a50f-023de3e4de1d HTTP/1.1" status: 200 len: 869 time: 0.0849991
2026-05-21 06:05:27.310 9 INFO neutron.wsgi [req-788d5a3a-3f67-452e-99d6-1b6d0ad4b3cb req-8c5fdfd9-9622-4ac1-b085-48c4df8c1a6d 37aed0cf8b4348d4836af4aeaa199a90 cc42a029ba46415bb7f566fce6ad3355 - - default default] 10.0.0.167 "GET /v2.0/security-groups?id=4116a97d-4348-4d9a-a610-1707d4c818d9&fields=id&fields=name HTTP/1.1" status: 200 len: 312 time: 0.0368421
2026-05-21 06:05:27.323 9 INFO neutron.db.ovn_revision_numbers_db [None req-94c80f5a-3488-41fc-9d7f-05fe18e221e5 f7646afb733e46bab45a216beac3447f 5cbef3446d8b4c4c82949d26a2bbb2c0 - - default default] Successfully bumped revision number for resource b5a6953f-b20b-464e-b186-8817b01c204e (type: security_groups) to 1
2026-05-21 06:05:27.330 10 INFO neutron.wsgi [req-0e6ecbc3-17ef-4bce-86b9-5ff12828d10d req-4196dfe5-b368-4ded-838a-a66364c18fa1 229501d8a6c14532b4471656d3f47bda 898e81d6baed46e2827c75275a9facd0 - - 3956b636088b444f9ad1deef5c6431c0 3956b636088b444f9ad1deef5c6431c0] 199.19.213.138 "GET /v2.0/ports?network_id=a477e40a-82e5-4036-803a-64df20a8f75d&device_owner=network%3Adhcp HTTP/1.1" status: 200 len: 210 time: 0.0458479
2026-05-21 06:05:27.338 9 INFO neutron.db.ovn_revision_numbers_db [None req-94c80f5a-3488-41fc-9d7f-05fe18e221e5 f7646afb733e46bab45a216beac3447f 5cbef3446d8b4c4c82949d26a2bbb2c0 - - default default] Successfully bumped revision number for resource 286ad9ac-c879-42b3-8faf-402d4abc4301 (type: security_group_rules) to 0
2026-05-21 06:05:27.357 9 INFO neutron.db.ovn_revision_numbers_db [None req-94c80f5a-3488-41fc-9d7f-05fe18e221e5 f7646afb733e46bab45a216beac3447f 5cbef3446d8b4c4c82949d26a2bbb2c0 - - default default] Successfully bumped revision number for resource 3b395892-c01e-44c5-aa55-c1f033e9998f (type: security_group_rules) to 0
2026-05-21 06:05:27.374 9 INFO neutron.db.ovn_revision_numbers_db [None req-94c80f5a-3488-41fc-9d7f-05fe18e221e5 f7646afb733e46bab45a216beac3447f 5cbef3446d8b4c4c82949d26a2bbb2c0 - - default default] Successfully bumped revision number for resource dc8087ca-e694-459c-8fdf-46743bf7a78e (type: security_group_rules) to 0
2026-05-21 06:05:27.387 9 INFO neutron.db.ovn_revision_numbers_db [None req-94c80f5a-3488-41fc-9d7f-05fe18e221e5 f7646afb733e46bab45a216beac3447f 5cbef3446d8b4c4c82949d26a2bbb2c0 - - default default] Successfully bumped revision number for resource e62a3dcf-e36a-46b0-802f-59c2d65bde0e (type: security_group_rules) to 0
2026-05-21 06:05:27.436 9 INFO neutron.db.segments_db [None req-94c80f5a-3488-41fc-9d7f-05fe18e221e5 f7646afb733e46bab45a216beac3447f 5cbef3446d8b4c4c82949d26a2bbb2c0 - - default default] Added segment 3f534550-642f-42bc-8365-eb73bc633804 of type geneve for network 5d9259f4-efb9-4a21-a039-4c21cc354904
2026-05-21 06:05:27.473 10 INFO neutron.wsgi [req-0e6ecbc3-17ef-4bce-86b9-5ff12828d10d req-3e97c96a-fb5a-4fd2-a3bd-b9a183ad8a80 229501d8a6c14532b4471656d3f47bda 898e81d6baed46e2827c75275a9facd0 - - 3956b636088b444f9ad1deef5c6431c0 3956b636088b444f9ad1deef5c6431c0] 199.19.213.138 "GET /v2.0/networks/a477e40a-82e5-4036-803a-64df20a8f75d?fields=segments HTTP/1.1" status: 200 len: 212 time: 0.1287000
2026-05-21 06:05:27.596 10 INFO neutron.wsgi [req-0e6ecbc3-17ef-4bce-86b9-5ff12828d10d req-dac80999-4585-41fb-8e94-fac3a4fbc405 229501d8a6c14532b4471656d3f47bda 898e81d6baed46e2827c75275a9facd0 - - 3956b636088b444f9ad1deef5c6431c0 3956b636088b444f9ad1deef5c6431c0] 199.19.213.138 "GET /v2.0/networks/a477e40a-82e5-4036-803a-64df20a8f75d?fields=provider%3Aphysical_network&fields=provider%3Anetwork_type HTTP/1.1" status: 200 len: 277 time: 0.1135526
2026-05-21 06:05:27.613 9 INFO neutron.db.ovn_revision_numbers_db [None req-94c80f5a-3488-41fc-9d7f-05fe18e221e5 f7646afb733e46bab45a216beac3447f 5cbef3446d8b4c4c82949d26a2bbb2c0 - - default default] Successfully bumped revision number for resource 5d9259f4-efb9-4a21-a039-4c21cc354904 (type: networks) to 1
2026-05-21 06:05:27.654 10 INFO neutron.db.ovn_revision_numbers_db [None req-57002d08-0037-4a3f-a84d-4197daadc4a1 - - - - - -] Successfully bumped revision number for resource 4a391203-7581-4069-bdb5-c1748fcf85bd (type: ports) to 4
2026-05-21 06:05:27.839 9 WARNING neutron.scheduler.dhcp_agent_scheduler [None req-94c80f5a-3488-41fc-9d7f-05fe18e221e5 f7646afb733e46bab45a216beac3447f 5cbef3446d8b4c4c82949d26a2bbb2c0 - - default default] No more DHCP agents
2026-05-21 06:05:27.843 9 WARNING neutron.api.rpc.agentnotifiers.dhcp_rpc_agent_api [None req-94c80f5a-3488-41fc-9d7f-05fe18e221e5 f7646afb733e46bab45a216beac3447f 5cbef3446d8b4c4c82949d26a2bbb2c0 - - default default] Unable to schedule network 5d9259f4-efb9-4a21-a039-4c21cc354904: no agents available; will retry on subsequent port and subnet creation events.
2026-05-21 06:05:27.963 9 INFO neutron.db.ovn_revision_numbers_db [None req-94c80f5a-3488-41fc-9d7f-05fe18e221e5 f7646afb733e46bab45a216beac3447f 5cbef3446d8b4c4c82949d26a2bbb2c0 - - default default] Successfully bumped revision number for resource 49159518-5e7d-4eb1-9f5f-4e12a4527f2a (type: ports) to 1
2026-05-21 06:05:27.992 9 INFO neutron.wsgi [None req-94c80f5a-3488-41fc-9d7f-05fe18e221e5 f7646afb733e46bab45a216beac3447f 5cbef3446d8b4c4c82949d26a2bbb2c0 - - default default] 10.0.0.31 "POST /v2.0/networks HTTP/1.1" status: 201 len: 848 time: 1.0113320 /var/lib/openstack/lib/python3.10/site-packages/pycadf/identifier.py:71: UserWarning: Invalid uuid: neutron. To ensure interoperability, identifiers should be a valid uuid. warnings.warn(('Invalid uuid: %s. To ensure interoperability, '
2026-05-21 06:05:28.006 10 WARNING neutron_lib.context [None req-033dfd9e-4d00-4a6b-908f-7e8d029641ff f7646afb733e46bab45a216beac3447f 5cbef3446d8b4c4c82949d26a2bbb2c0 - - default default] Method 'is_advsvc' is deprecated since 2023.2 release (neutron-lib 3.8.0) and will be removed once support for the old RBAC API policies will be removed from Neutron. Please use method 'is_service_role' instead.
2026-05-21 06:05:28.059 9 WARNING neutron_lib.context [None req-412917f9-6766-41f2-a659-b5829f1c49dc 226c87f729f144b3b27259a7d5bfe3ee a7791e91b36d495ebf5752f9f6f3012f - - default default] Method 'is_advsvc' is deprecated since 2023.2 release (neutron-lib 3.8.0) and will be removed once support for the old RBAC API policies will be removed from Neutron. Please use method 'is_service_role' instead.
2026-05-21 06:05:28.059 9 WARNING neutron_lib.context [None req-412917f9-6766-41f2-a659-b5829f1c49dc 226c87f729f144b3b27259a7d5bfe3ee a7791e91b36d495ebf5752f9f6f3012f - - default default] Method 'is_advsvc' is deprecated since 2023.2 release (neutron-lib 3.8.0) and will be removed once support for the old RBAC API policies will be removed from Neutron. Please use method 'is_service_role' instead.
2026-05-21 06:05:28.199 9 INFO neutron.db.ovn_revision_numbers_db [None req-412917f9-6766-41f2-a659-b5829f1c49dc 226c87f729f144b3b27259a7d5bfe3ee a7791e91b36d495ebf5752f9f6f3012f - - default default] Successfully bumped revision number for resource ca2bb980-c83f-4917-8dbc-7ce1768530d1 (type: security_groups) to 1
2026-05-21 06:05:28.213 9 INFO neutron.db.ovn_revision_numbers_db [None req-412917f9-6766-41f2-a659-b5829f1c49dc 226c87f729f144b3b27259a7d5bfe3ee a7791e91b36d495ebf5752f9f6f3012f - - default default] Successfully bumped revision number for resource 324ad1de-404e-4764-b8e2-a49658c4a7a1 (type: security_group_rules) to 0
2026-05-21 06:05:28.228 9 INFO neutron.db.ovn_revision_numbers_db [None req-412917f9-6766-41f2-a659-b5829f1c49dc 226c87f729f144b3b27259a7d5bfe3ee a7791e91b36d495ebf5752f9f6f3012f - - default default] Successfully bumped revision number for resource 553639dd-add0-4f94-ba4b-bfad7fc40f4d (type: security_group_rules) to 0
2026-05-21 06:05:28.247 9 INFO neutron.db.ovn_revision_numbers_db [None req-412917f9-6766-41f2-a659-b5829f1c49dc 226c87f729f144b3b27259a7d5bfe3ee a7791e91b36d495ebf5752f9f6f3012f - - default default] Successfully bumped revision number for resource 7553204b-a25b-492e-ad0f-58d041d9ca97 (type: security_group_rules) to 0
2026-05-21 06:05:28.265 9 INFO neutron.db.ovn_revision_numbers_db [None req-412917f9-6766-41f2-a659-b5829f1c49dc 226c87f729f144b3b27259a7d5bfe3ee a7791e91b36d495ebf5752f9f6f3012f - - default default] Successfully bumped revision number for resource f6a8d2f2-f3c2-4f01-86ce-55634ab3b41e (type: security_group_rules) to 0
2026-05-21 06:05:28.268 10 INFO neutron.wsgi [None req-62eb31f8-52a8-4a14-ac0f-eeb88547386f 14f1358bc9e343d3a49fb905c1b51cf4 b596d1aa324b428fa9b59886b28a5fe0 - - default default] 10.0.0.31 "PUT /v2.0/routers/ee998453-4496-4da1-900e-4c3807c2a707/remove_router_interface HTTP/1.1" status: 200 len: 503 time: 1.9549706 /var/lib/openstack/lib/python3.10/site-packages/pycadf/identifier.py:71: UserWarning: Invalid uuid: neutron. To ensure interoperability, identifiers should be a valid uuid. warnings.warn(('Invalid uuid: %s. To ensure interoperability, '
2026-05-21 06:05:28.341 9 INFO neutron.db.segments_db [None req-412917f9-6766-41f2-a659-b5829f1c49dc 226c87f729f144b3b27259a7d5bfe3ee a7791e91b36d495ebf5752f9f6f3012f - - default default] Added segment 159e7bc1-83e7-458a-bb9c-f2fb01277021 of type geneve for network 0e43fe87-73de-49d0-a582-9db13fa46e17
2026-05-21 06:05:28.395 10 WARNING neutron.scheduler.dhcp_agent_scheduler [None req-033dfd9e-4d00-4a6b-908f-7e8d029641ff f7646afb733e46bab45a216beac3447f 5cbef3446d8b4c4c82949d26a2bbb2c0 - - default default] No more DHCP agents
2026-05-21 06:05:28.402 10 WARNING neutron.api.rpc.agentnotifiers.dhcp_rpc_agent_api [None req-033dfd9e-4d00-4a6b-908f-7e8d029641ff f7646afb733e46bab45a216beac3447f 5cbef3446d8b4c4c82949d26a2bbb2c0 - - default default] Unable to schedule network 5d9259f4-efb9-4a21-a039-4c21cc354904: no agents available; will retry on subsequent port and subnet creation events.
2026-05-21 06:05:28.456 10 INFO neutron.db.ovn_revision_numbers_db [None req-033dfd9e-4d00-4a6b-908f-7e8d029641ff f7646afb733e46bab45a216beac3447f 5cbef3446d8b4c4c82949d26a2bbb2c0 - - default default] Successfully bumped revision number for resource 53815d7a-51b3-48f0-b06a-226ff67a3eb0 (type: subnets) to 0
2026-05-21 06:05:28.485 10 INFO neutron.wsgi [None req-033dfd9e-4d00-4a6b-908f-7e8d029641ff f7646afb733e46bab45a216beac3447f 5cbef3446d8b4c4c82949d26a2bbb2c0 - - default default] 10.0.0.31 "POST /v2.0/subnets HTTP/1.1" status: 201 len: 802 time: 0.4853365
2026-05-21 06:05:28.493 9 INFO neutron.db.segments_db [None req-412917f9-6766-41f2-a659-b5829f1c49dc 226c87f729f144b3b27259a7d5bfe3ee a7791e91b36d495ebf5752f9f6f3012f - - default default] Added segment d1592ace-aed5-480d-9057-bcd8e4f27a32 of type geneve for network cb7b1e1e-254a-4775-a4c3-fd3a65418853
2026-05-21 06:05:28.517 10 WARNING neutron_lib.context [None req-3e7a6e66-25ee-400f-a3ec-1a057e2d0b76 f7646afb733e46bab45a216beac3447f 5cbef3446d8b4c4c82949d26a2bbb2c0 - - default default] Method 'is_advsvc' is deprecated since 2023.2 release (neutron-lib 3.8.0) and will be removed once support for the old RBAC API policies will be removed from Neutron. Please use method 'is_service_role' instead.
2026-05-21 06:05:28.522 9 INFO neutron.wsgi [req-7db85f7c-6dd5-4241-96e6-1c914bc120af req-207ab48f-6a9d-43ec-a7a0-e7c60e6beed7 37aed0cf8b4348d4836af4aeaa199a90 cc42a029ba46415bb7f566fce6ad3355 - - default default] 10.0.0.167 "GET /v2.0/ports?device_id=e09f885f-b83d-49fc-98fd-f3fc24f20daf HTTP/1.1" status: 200 len: 1170 time: 0.1295822
2026-05-21 06:05:28.523 10 INFO neutron.notifiers.nova [-] Nova event matching ['req-d2b31cb0-66b6-46ff-9404-b447c389e2c1'] response: {'server_uuid': 'e09f885f-b83d-49fc-98fd-f3fc24f20daf', 'name': 'network-vif-plugged', 'status': 'completed', 'tag': '4a391203-7581-4069-bdb5-c1748fcf85bd', 'code': 200}
2026-05-21 06:05:28.524 10 INFO neutron.notifiers.nova [-] Nova event matching ['req-d2b31cb0-66b6-46ff-9404-b447c389e2c1'] response: {'server_uuid': 'e09f885f-b83d-49fc-98fd-f3fc24f20daf', 'name': 'network-vif-plugged', 'status': 'completed', 'tag': '4a391203-7581-4069-bdb5-c1748fcf85bd', 'code': 200}
2026-05-21 06:05:28.602 9 INFO neutron.wsgi [req-7db85f7c-6dd5-4241-96e6-1c914bc120af req-a13787fb-55ee-4931-8ace-b5e4b377f86a 37aed0cf8b4348d4836af4aeaa199a90 cc42a029ba46415bb7f566fce6ad3355 - - default default] 10.0.0.167 "GET /v2.0/security-groups?id=4116a97d-4348-4d9a-a610-1707d4c818d9&fields=id&fields=name HTTP/1.1" status: 200 len: 312 time: 0.0631967
2026-05-21 06:05:28.686 9 INFO neutron.db.ovn_revision_numbers_db [None req-412917f9-6766-41f2-a659-b5829f1c49dc 226c87f729f144b3b27259a7d5bfe3ee a7791e91b36d495ebf5752f9f6f3012f - - default default] Successfully bumped revision number for resource 0e43fe87-73de-49d0-a582-9db13fa46e17 (type: networks) to 1
2026-05-21 06:05:28.905 9 WARNING neutron.scheduler.dhcp_agent_scheduler [None req-412917f9-6766-41f2-a659-b5829f1c49dc 226c87f729f144b3b27259a7d5bfe3ee a7791e91b36d495ebf5752f9f6f3012f - - default default] No more DHCP agents
2026-05-21 06:05:28.908 9 WARNING neutron.api.rpc.agentnotifiers.dhcp_rpc_agent_api [None req-412917f9-6766-41f2-a659-b5829f1c49dc 226c87f729f144b3b27259a7d5bfe3ee a7791e91b36d495ebf5752f9f6f3012f - - default default] Unable to schedule network 0e43fe87-73de-49d0-a582-9db13fa46e17: no agents available; will retry on subsequent port and subnet creation events.
2026-05-21 06:05:29.008 9 INFO neutron.db.ovn_revision_numbers_db [None req-412917f9-6766-41f2-a659-b5829f1c49dc 226c87f729f144b3b27259a7d5bfe3ee a7791e91b36d495ebf5752f9f6f3012f - - default default] Successfully bumped revision number for resource d682a3f1-eb19-435f-a842-e75f464cd65a (type: ports) to 1
2026-05-21 06:05:29.088 9 INFO neutron.db.ovn_revision_numbers_db [None req-412917f9-6766-41f2-a659-b5829f1c49dc 226c87f729f144b3b27259a7d5bfe3ee a7791e91b36d495ebf5752f9f6f3012f - - default default] Successfully bumped revision number for resource cb7b1e1e-254a-4775-a4c3-fd3a65418853 (type: networks) to 1
2026-05-21 06:05:29.322 9 WARNING neutron.scheduler.dhcp_agent_scheduler [None req-412917f9-6766-41f2-a659-b5829f1c49dc 226c87f729f144b3b27259a7d5bfe3ee a7791e91b36d495ebf5752f9f6f3012f - - default default] No more DHCP agents
2026-05-21 06:05:29.325 9 WARNING neutron.api.rpc.agentnotifiers.dhcp_rpc_agent_api [None req-412917f9-6766-41f2-a659-b5829f1c49dc 226c87f729f144b3b27259a7d5bfe3ee a7791e91b36d495ebf5752f9f6f3012f - - default default] Unable to schedule network cb7b1e1e-254a-4775-a4c3-fd3a65418853: no agents available; will retry on subsequent port and subnet creation events.
2026-05-21 06:05:29.435 9 INFO neutron.db.ovn_revision_numbers_db [None req-412917f9-6766-41f2-a659-b5829f1c49dc 226c87f729f144b3b27259a7d5bfe3ee a7791e91b36d495ebf5752f9f6f3012f - - default default] Successfully bumped revision number for resource 06f0a0f2-0492-4354-8b6f-c757ecf8daea (type: ports) to 1
2026-05-21 06:05:29.469 9 INFO neutron.wsgi [None req-412917f9-6766-41f2-a659-b5829f1c49dc 226c87f729f144b3b27259a7d5bfe3ee a7791e91b36d495ebf5752f9f6f3012f - - default default] 10.0.0.31 "POST /v2.0/networks HTTP/1.1" status: 201 len: 1445 time: 1.5790803
2026-05-21 06:05:29.519 10 WARNING neutron.scheduler.dhcp_agent_scheduler [None req-3e7a6e66-25ee-400f-a3ec-1a057e2d0b76 f7646afb733e46bab45a216beac3447f 5cbef3446d8b4c4c82949d26a2bbb2c0 - - default default] No more DHCP agents
2026-05-21 06:05:29.522 10 WARNING neutron.api.rpc.agentnotifiers.dhcp_rpc_agent_api [None req-3e7a6e66-25ee-400f-a3ec-1a057e2d0b76 f7646afb733e46bab45a216beac3447f 5cbef3446d8b4c4c82949d26a2bbb2c0 - - default default] Unable to schedule network 1ce885a1-e630-4a49-96c6-ca1d2e781844: no agents available; will retry on subsequent port and subnet creation events.
2026-05-21 06:05:29.613 9 INFO neutron.wsgi [None req-ea3ca8a5-9274-4666-af6f-acaa871e28bf 226c87f729f144b3b27259a7d5bfe3ee a7791e91b36d495ebf5752f9f6f3012f - - default default] 10.0.0.31 "GET /v2.0/networks HTTP/1.1" status: 200 len: 2051 time: 0.1378126
2026-05-21 06:05:29.749 9 INFO neutron.wsgi [req-e653441e-b0c8-4b3f-b258-4873ac11dd0a req-67d0d648-d811-4bcd-91db-9a9864236c7a 37aed0cf8b4348d4836af4aeaa199a90 cc42a029ba46415bb7f566fce6ad3355 - - default default] 10.0.0.167 "GET /v2.0/ports?device_id=e09f885f-b83d-49fc-98fd-f3fc24f20daf HTTP/1.1" status: 200 len: 1170 time: 0.0663993
2026-05-21 06:05:29.802 10 INFO neutron.db.ovn_revision_numbers_db [None req-3e7a6e66-25ee-400f-a3ec-1a057e2d0b76 f7646afb733e46bab45a216beac3447f 5cbef3446d8b4c4c82949d26a2bbb2c0 - - default default] Successfully bumped revision number for resource b34481e2-4e29-48e7-a010-c4de562128b7 (type: ports) to 1
2026-05-21 06:05:29.814 9 INFO neutron.wsgi [req-e653441e-b0c8-4b3f-b258-4873ac11dd0a req-29b35012-c62e-4e93-ac07-aeca7dc19344 37aed0cf8b4348d4836af4aeaa199a90 cc42a029ba46415bb7f566fce6ad3355 - - default default] 10.0.0.167 "GET /v2.0/security-groups?id=4116a97d-4348-4d9a-a610-1707d4c818d9&fields=id&fields=name HTTP/1.1" status: 200 len: 312 time: 0.0570142
2026-05-21 06:05:29.947 9 INFO neutron.wsgi [req-598ce0fa-f315-4943-9ea7-fa7cf3feac75 req-4fb6b9a5-9c0b-4982-9235-d67c7d886115 37aed0cf8b4348d4836af4aeaa199a90 cc42a029ba46415bb7f566fce6ad3355 - - default default] 10.0.0.167 "GET /v2.0/ports?device_id=e09f885f-b83d-49fc-98fd-f3fc24f20daf HTTP/1.1" status: 200 len: 1170 time: 0.0617557
2026-05-21 06:05:30.005 10 INFO neutron.wsgi [req-18f468a6-5184-457d-8862-8a951e4ce4af req-fa1bfb4b-ab42-474f-953e-4bd3365b9df1 229501d8a6c14532b4471656d3f47bda 898e81d6baed46e2827c75275a9facd0 - - 3956b636088b444f9ad1deef5c6431c0 3956b636088b444f9ad1deef5c6431c0] 199.19.213.138 "GET /v2.0/ports?device_id=e09f885f-b83d-49fc-98fd-f3fc24f20daf&fields=binding%3Ahost_id&fields=binding%3Avif_type HTTP/1.1" status: 200 len: 265 time: 0.0979180
2026-05-21 06:05:30.038 10 INFO neutron.wsgi [None req-a80aca92-1fa0-47d0-a0ba-81ce3417cb62 14f1358bc9e343d3a49fb905c1b51cf4 b596d1aa324b428fa9b59886b28a5fe0 - - default default] 10.0.0.31 "DELETE /v2.0/routers/ee998453-4496-4da1-900e-4c3807c2a707 HTTP/1.1" status: 204 len: 168 time: 1.7608333
2026-05-21 06:05:30.120 10 INFO neutron.wsgi [req-18f468a6-5184-457d-8862-8a951e4ce4af req-b2f6346a-b3e0-4e31-93fa-fe3f25e88f74 229501d8a6c14532b4471656d3f47bda 898e81d6baed46e2827c75275a9facd0 - - 3956b636088b444f9ad1deef5c6431c0 3956b636088b444f9ad1deef5c6431c0] 199.19.213.138 "GET /v2.0/ports?tenant_id=cc42a029ba46415bb7f566fce6ad3355&device_id=e09f885f-b83d-49fc-98fd-f3fc24f20daf HTTP/1.1" status: 200 len: 1409 time: 0.0629516
2026-05-21 06:05:30.236 10 INFO neutron.wsgi [req-18f468a6-5184-457d-8862-8a951e4ce4af req-58ab6314-983c-4bd1-929e-f090dc5d2d6a 229501d8a6c14532b4471656d3f47bda 898e81d6baed46e2827c75275a9facd0 - - 3956b636088b444f9ad1deef5c6431c0 3956b636088b444f9ad1deef5c6431c0] 199.19.213.138 "GET /v2.0/networks?id=a477e40a-82e5-4036-803a-64df20a8f75d HTTP/1.1" status: 200 len: 974 time: 0.0923927
2026-05-21 06:05:30.291 10 INFO neutron.wsgi [req-18f468a6-5184-457d-8862-8a951e4ce4af req-cfc8a881-c831-4283-be2f-d0ede74c9f81 229501d8a6c14532b4471656d3f47bda 898e81d6baed46e2827c75275a9facd0 - - 3956b636088b444f9ad1deef5c6431c0 3956b636088b444f9ad1deef5c6431c0] 199.19.213.138 "GET /v2.0/floatingips?fixed_ip_address=10.100.0.6&port_id=4a391203-7581-4069-bdb5-c1748fcf85bd HTTP/1.1" status: 200 len: 217 time: 0.0470009
2026-05-21 06:05:30.371 10 INFO neutron.wsgi [req-18f468a6-5184-457d-8862-8a951e4ce4af req-9b6ce203-2380-4822-9083-67e7a2f390fb 229501d8a6c14532b4471656d3f47bda 898e81d6baed46e2827c75275a9facd0 - - 3956b636088b444f9ad1deef5c6431c0 3956b636088b444f9ad1deef5c6431c0] 199.19.213.138 "GET /v2.0/subnets?id=f2785680-ebd2-4ef2-a50f-023de3e4de1d HTTP/1.1" status: 200 len: 869 time: 0.0674796
2026-05-21 06:05:30.415 10 INFO neutron.wsgi [req-18f468a6-5184-457d-8862-8a951e4ce4af req-76214242-60c7-4d90-bd45-b4250b2c74d5 229501d8a6c14532b4471656d3f47bda 898e81d6baed46e2827c75275a9facd0 - - 3956b636088b444f9ad1deef5c6431c0 3956b636088b444f9ad1deef5c6431c0] 199.19.213.138 "GET /v2.0/ports?network_id=a477e40a-82e5-4036-803a-64df20a8f75d&device_owner=network%3Adhcp HTTP/1.1" status: 200 len: 210 time: 0.0358458
2026-05-21 06:05:30.448 10 INFO neutron.wsgi [None req-afc40019-baae-4191-86c3-bb45308e0fc8 14f1358bc9e343d3a49fb905c1b51cf4 b596d1aa324b428fa9b59886b28a5fe0 - - default default] 10.0.0.31 "DELETE /v2.0/subnets/4e15eff9-c5d5-4391-b50e-9fe3dddb0aef HTTP/1.1" status: 204 len: 168 time: 0.4029872
2026-05-21 06:05:30.491 9 INFO neutron.services.segments.plugin [-] Segment 159e7bc1-83e7-458a-bb9c-f2fb01277021 resource provider aggregate not found
2026-05-21 06:05:30.499 9 INFO neutron.services.segments.plugin [-] Segment 159e7bc1-83e7-458a-bb9c-f2fb01277021 resource provider aggregate not found
2026-05-21 06:05:30.519 9 INFO neutron.services.segments.plugin [-] Segment 159e7bc1-83e7-458a-bb9c-f2fb01277021 resource provider not found; error: Placement Client Error (4xx): {"errors": [{"status": 404, "title": "Not Found", "detail": "The resource could not be found.\n\n No resource provider with uuid 159e7bc1-83e7-458a-bb9c-f2fb01277021 found for delete ", "request_id": "req-3d521571-e376-43f3-8270-9c13fce73535"}]}
2026-05-21 06:05:30.520 9 INFO neutron.services.segments.plugin [-] Segment 159e7bc1-83e7-458a-bb9c-f2fb01277021 resource provider not found; error: Placement Client Error (4xx): {"errors": [{"status": 404, "title": "Not Found", "detail": "The resource could not be found.\n\n No resource provider with uuid 159e7bc1-83e7-458a-bb9c-f2fb01277021 found for delete ", "request_id": "req-014e6004-7ec6-4f8d-b4d1-47384bc701d4"}]}
2026-05-21 06:05:30.541 10 INFO neutron.wsgi [req-18f468a6-5184-457d-8862-8a951e4ce4af req-8cbd983f-c6b3-4f1f-95a5-5eaf74912370 229501d8a6c14532b4471656d3f47bda 898e81d6baed46e2827c75275a9facd0 - - 3956b636088b444f9ad1deef5c6431c0 3956b636088b444f9ad1deef5c6431c0] 199.19.213.138 "GET /v2.0/networks/a477e40a-82e5-4036-803a-64df20a8f75d?fields=segments HTTP/1.1" status: 200 len: 212 time: 0.1146438
2026-05-21 06:05:30.557 9 INFO neutron.wsgi [None req-a25d7609-0ac6-44f4-be6f-2a95ed9e344d 226c87f729f144b3b27259a7d5bfe3ee a7791e91b36d495ebf5752f9f6f3012f - - default default] 10.0.0.31 "DELETE /v2.0/networks/0e43fe87-73de-49d0-a582-9db13fa46e17 HTTP/1.1" status: 204 len: 168 time: 0.9346437
2026-05-21 06:05:30.597 9 INFO neutron.db.l3_db [None req-ef9c2a33-0a24-4753-aa18-02f59c810143 37aed0cf8b4348d4836af4aeaa199a90 cc42a029ba46415bb7f566fce6ad3355 - - default default] Floating IP 2bd0eb49-3b3a-4985-96fa-ae91370b8207 associated. External IP: 10.96.250.211, port: 4a391203-7581-4069-bdb5-c1748fcf85bd.
2026-05-21 06:05:30.652 10 INFO neutron.wsgi [req-18f468a6-5184-457d-8862-8a951e4ce4af req-a8d18e26-c8ff-4616-b162-19452a5211e6 229501d8a6c14532b4471656d3f47bda 898e81d6baed46e2827c75275a9facd0 - - 3956b636088b444f9ad1deef5c6431c0 3956b636088b444f9ad1deef5c6431c0] 199.19.213.138 "GET /v2.0/networks/a477e40a-82e5-4036-803a-64df20a8f75d?fields=provider%3Aphysical_network&fields=provider%3Anetwork_type HTTP/1.1" status: 200 len: 277 time: 0.0967500
2026-05-21 06:05:30.802 10 INFO neutron.plugins.ml2.drivers.ovn.mech_driver.mech_driver [None req-57002d08-0037-4a3f-a84d-4197daadc4a1 - - - - - -] OVN reports status up for port: b34481e2-4e29-48e7-a010-c4de562128b7
2026-05-21 06:05:30.831 10 INFO neutron.plugins.ml2.plugin [None req-57002d08-0037-4a3f-a84d-4197daadc4a1 - - - - - -] Attempt 1 to provision port b34481e2-4e29-48e7-a010-c4de562128b7
2026-05-21 06:05:30.859 10 INFO neutron.db.ovn_revision_numbers_db [None req-3e7a6e66-25ee-400f-a3ec-1a057e2d0b76 f7646afb733e46bab45a216beac3447f 5cbef3446d8b4c4c82949d26a2bbb2c0 - - default default] Successfully bumped revision number for resource b34481e2-4e29-48e7-a010-c4de562128b7 (type: router_ports) to 1
2026-05-21 06:05:30.923 9 INFO neutron.db.ovn_revision_numbers_db [None req-ef9c2a33-0a24-4753-aa18-02f59c810143 37aed0cf8b4348d4836af4aeaa199a90 cc42a029ba46415bb7f566fce6ad3355 - - default default] Successfully bumped revision number for resource 2bd0eb49-3b3a-4985-96fa-ae91370b8207 (type: floatingips) to 1
2026-05-21 06:05:31.092 9 INFO neutron.db.ovn_revision_numbers_db [None req-ef9c2a33-0a24-4753-aa18-02f59c810143 37aed0cf8b4348d4836af4aeaa199a90 cc42a029ba46415bb7f566fce6ad3355 - - default default] Successfully bumped revision number for resource 2bd0eb49-3b3a-4985-96fa-ae91370b8207 (type: floatingips) to 2
2026-05-21 06:05:31.115 9 INFO neutron.wsgi [None req-fd42f9e8-5360-40cc-a17a-7a3c66fe2292 226c87f729f144b3b27259a7d5bfe3ee a7791e91b36d495ebf5752f9f6f3012f - - default default] 10.0.0.31 "DELETE /v2.0/networks/cb7b1e1e-254a-4775-a4c3-fd3a65418853 HTTP/1.1" status: 204 len: 168 time: 0.5526614
2026-05-21 06:05:31.136 9 INFO neutron.wsgi [None req-ef9c2a33-0a24-4753-aa18-02f59c810143 37aed0cf8b4348d4836af4aeaa199a90 cc42a029ba46415bb7f566fce6ad3355 - - default default] 10.0.0.31 "PUT /v2.0/floatingips/2bd0eb49-3b3a-4985-96fa-ae91370b8207 HTTP/1.1" status: 200 len: 1049 time: 1.1764028
2026-05-21 06:05:31.188 9 INFO neutron.notifiers.nova [-] Nova event matching ['req-715c3543-3a20-4f69-ac7e-d693736109a3'] response: {'name': 'network-changed', 'server_uuid': 'e09f885f-b83d-49fc-98fd-f3fc24f20daf', 'tag': '4a391203-7581-4069-bdb5-c1748fcf85bd', 'status': 'completed', 'code': 200}
2026-05-21 06:05:31.215 9 INFO neutron.wsgi [None req-53e407f8-746c-4795-9c26-64eb80ff57d6 226c87f729f144b3b27259a7d5bfe3ee a7791e91b36d495ebf5752f9f6f3012f - - default default] 10.0.0.31 "GET /v2.0/networks HTTP/1.1" status: 200 len: 845 time: 0.0903847
2026-05-21 06:05:31.227 9 WARNING neutron_lib.context [None req-5890594d-cc01-48ef-a582-5b7f0a228a72 226c87f729f144b3b27259a7d5bfe3ee a7791e91b36d495ebf5752f9f6f3012f - - default default] Method 'is_advsvc' is deprecated since 2023.2 release (neutron-lib 3.8.0) and will be removed once support for the old RBAC API policies will be removed from Neutron. Please use method 'is_service_role' instead.
2026-05-21 06:05:31.313 9 INFO neutron.db.segments_db [None req-5890594d-cc01-48ef-a582-5b7f0a228a72 226c87f729f144b3b27259a7d5bfe3ee a7791e91b36d495ebf5752f9f6f3012f - - default default] Added segment ed074550-7e86-4379-9cc0-015aea6f529a of type geneve for network 2a9e8086-e946-4d04-a041-a75319d71e39
2026-05-21 06:05:31.325 10 INFO neutron.wsgi [req-2529f07b-3fbf-49d4-8680-d8a5c6868970 req-6bfc0d78-9b79-43ee-adf0-2d5dbf19a2be 229501d8a6c14532b4471656d3f47bda 898e81d6baed46e2827c75275a9facd0 - - 3956b636088b444f9ad1deef5c6431c0 3956b636088b444f9ad1deef5c6431c0] 199.19.213.138 "GET /v2.0/ports?tenant_id=cc42a029ba46415bb7f566fce6ad3355&device_id=e09f885f-b83d-49fc-98fd-f3fc24f20daf HTTP/1.1" status: 200 len: 1409 time: 0.0525005
2026-05-21 06:05:31.327 10 INFO neutron.db.ovn_revision_numbers_db [None req-3e7a6e66-25ee-400f-a3ec-1a057e2d0b76 f7646afb733e46bab45a216beac3447f 5cbef3446d8b4c4c82949d26a2bbb2c0 - - default default] Successfully bumped revision number for resource 05b6ae95-d276-48b0-a189-85acf6db7ae0 (type: routers) to 2
2026-05-21 06:05:31.356 10 INFO neutron.wsgi [None req-3e7a6e66-25ee-400f-a3ec-1a057e2d0b76 f7646afb733e46bab45a216beac3447f 5cbef3446d8b4c4c82949d26a2bbb2c0 - - default default] 10.0.0.31 "POST /v2.0/routers HTTP/1.1" status: 201 len: 875 time: 2.8629062
2026-05-21 06:05:31.387 10 INFO neutron.services.segments.plugin [-] Segment 0b241721-d0d3-40fa-8c79-61997d876887 resource provider aggregate not found
2026-05-21 06:05:31.394 10 INFO neutron.services.segments.plugin [-] Segment 0b241721-d0d3-40fa-8c79-61997d876887 resource provider aggregate not found
2026-05-21 06:05:31.413 10 INFO neutron.services.segments.plugin [-] Segment 0b241721-d0d3-40fa-8c79-61997d876887 resource provider not found; error: Placement Client Error (4xx): {"errors": [{"status": 404, "title": "Not Found", "detail": "The resource could not be found.\n\n No resource provider with uuid 0b241721-d0d3-40fa-8c79-61997d876887 found for delete ", "request_id": "req-38cb4d61-5cf8-4f6b-a6ea-68be14634758"}]}
2026-05-21 06:05:31.419 10 INFO neutron.services.segments.plugin [-] Segment 0b241721-d0d3-40fa-8c79-61997d876887 resource provider not found; error: Placement Client Error (4xx): {"errors": [{"status": 404, "title": "Not Found", "detail": "The resource could not be found.\n\n No resource provider with uuid 0b241721-d0d3-40fa-8c79-61997d876887 found for delete ", "request_id": "req-9dd15594-1866-4044-b127-fffb26f6c506"}]}
2026-05-21 06:05:31.453 10 INFO neutron.wsgi [req-2529f07b-3fbf-49d4-8680-d8a5c6868970 req-103349f3-98b0-4f3c-9b24-e637aec7219f 229501d8a6c14532b4471656d3f47bda 898e81d6baed46e2827c75275a9facd0 - - 3956b636088b444f9ad1deef5c6431c0 3956b636088b444f9ad1deef5c6431c0] 199.19.213.138 "GET /v2.0/networks?id=a477e40a-82e5-4036-803a-64df20a8f75d HTTP/1.1" status: 200 len: 974 time: 0.1195104
2026-05-21 06:05:31.461 10 INFO neutron.wsgi [None req-6ac6779e-6eef-4001-b81c-972a2ca1e22d 14f1358bc9e343d3a49fb905c1b51cf4 b596d1aa324b428fa9b59886b28a5fe0 - - default default] 10.0.0.31 "DELETE /v2.0/networks/70f46a00-5927-4487-bce9-67cf8990420d HTTP/1.1" status: 204 len: 168 time: 1.0030859
2026-05-21 06:05:31.520 10 INFO neutron.wsgi [req-2529f07b-3fbf-49d4-8680-d8a5c6868970 req-8b2e9159-8e12-471b-8e10-46d2ecdf7073 229501d8a6c14532b4471656d3f47bda 898e81d6baed46e2827c75275a9facd0 - - 3956b636088b444f9ad1deef5c6431c0 3956b636088b444f9ad1deef5c6431c0] 199.19.213.138 "GET /v2.0/floatingips?fixed_ip_address=10.100.0.6&port_id=4a391203-7581-4069-bdb5-c1748fcf85bd HTTP/1.1" status: 200 len: 1059 time: 0.0567296
2026-05-21 06:05:31.562 9 INFO neutron.db.ovn_revision_numbers_db [None req-5890594d-cc01-48ef-a582-5b7f0a228a72 226c87f729f144b3b27259a7d5bfe3ee a7791e91b36d495ebf5752f9f6f3012f - - default default] Successfully bumped revision number for resource 2a9e8086-e946-4d04-a041-a75319d71e39 (type: networks) to 1
2026-05-21 06:05:31.567 10 INFO neutron.wsgi [req-2529f07b-3fbf-49d4-8680-d8a5c6868970 req-001182d9-6bca-47bb-a1b5-346dfca2a6fd 229501d8a6c14532b4471656d3f47bda 898e81d6baed46e2827c75275a9facd0 - - 3956b636088b444f9ad1deef5c6431c0 3956b636088b444f9ad1deef5c6431c0] 199.19.213.138 "GET /v2.0/subnets?id=f2785680-ebd2-4ef2-a50f-023de3e4de1d HTTP/1.1" status: 200 len: 869 time: 0.0403938
2026-05-21 06:05:31.594 10 INFO neutron.wsgi [req-2529f07b-3fbf-49d4-8680-d8a5c6868970 req-b66ca3fe-d9a5-45e9-9670-25ca2e4ac38c 229501d8a6c14532b4471656d3f47bda 898e81d6baed46e2827c75275a9facd0 - - 3956b636088b444f9ad1deef5c6431c0 3956b636088b444f9ad1deef5c6431c0] 199.19.213.138 "GET /v2.0/ports?network_id=a477e40a-82e5-4036-803a-64df20a8f75d&device_owner=network%3Adhcp HTTP/1.1" status: 200 len: 210 time: 0.0206535
2026-05-21 06:05:31.661 10 INFO neutron.wsgi [req-2529f07b-3fbf-49d4-8680-d8a5c6868970 req-b76c8f66-231a-4f9b-977b-966ac058151f 229501d8a6c14532b4471656d3f47bda 898e81d6baed46e2827c75275a9facd0 - - 3956b636088b444f9ad1deef5c6431c0 3956b636088b444f9ad1deef5c6431c0] 199.19.213.138 "GET /v2.0/networks/a477e40a-82e5-4036-803a-64df20a8f75d?fields=segments HTTP/1.1" status: 200 len: 212 time: 0.0588598
2026-05-21 06:05:31.731 10 INFO neutron.wsgi [req-2529f07b-3fbf-49d4-8680-d8a5c6868970 req-e36b9af9-78ad-49e4-a901-9c5a4d78ea43 229501d8a6c14532b4471656d3f47bda 898e81d6baed46e2827c75275a9facd0 - - 3956b636088b444f9ad1deef5c6431c0 3956b636088b444f9ad1deef5c6431c0] 199.19.213.138 "GET /v2.0/networks/a477e40a-82e5-4036-803a-64df20a8f75d?fields=provider%3Aphysical_network&fields=provider%3Anetwork_type HTTP/1.1" status: 200 len: 277 time: 0.0615928
2026-05-21 06:05:31.750 9 INFO neutron.wsgi [None req-97d799fa-b545-4a68-b530-fe2d9a8e7832 14f1358bc9e343d3a49fb905c1b51cf4 b596d1aa324b428fa9b59886b28a5fe0 - - default default] 10.0.0.31 "GET /v2.0/security-groups?tenant_id=f233c37dc4b24d848d67cb1734ca8f6e&name=default HTTP/1.1" status: 200 len: 2992 time: 0.0970957
2026-05-21 06:05:31.843 9 WARNING neutron.scheduler.dhcp_agent_scheduler [None req-5890594d-cc01-48ef-a582-5b7f0a228a72 226c87f729f144b3b27259a7d5bfe3ee a7791e91b36d495ebf5752f9f6f3012f - - default default] No more DHCP agents
2026-05-21 06:05:31.848 9 WARNING neutron.api.rpc.agentnotifiers.dhcp_rpc_agent_api [None req-5890594d-cc01-48ef-a582-5b7f0a228a72 226c87f729f144b3b27259a7d5bfe3ee a7791e91b36d495ebf5752f9f6f3012f - - default default] Unable to schedule network 2a9e8086-e946-4d04-a041-a75319d71e39: no agents available; will retry on subsequent port and subnet creation events.
2026-05-21 06:05:31.951 10 INFO neutron.wsgi [None req-cac0612e-87cf-42b8-8baf-80a79e39ab2c 14f1358bc9e343d3a49fb905c1b51cf4 b596d1aa324b428fa9b59886b28a5fe0 - - default default] 10.0.0.31 "DELETE /v2.0/security-groups/0297498d-9d3b-4b93-be26-c6ddb9500ddf HTTP/1.1" status: 204 len: 168 time: 0.1948664
2026-05-21 06:05:32.004 9 INFO neutron.db.ovn_revision_numbers_db [None req-5890594d-cc01-48ef-a582-5b7f0a228a72 226c87f729f144b3b27259a7d5bfe3ee a7791e91b36d495ebf5752f9f6f3012f - - default default] Successfully bumped revision number for resource 45b83124-8019-4317-acfc-b2903219856c (type: ports) to 1
2026-05-21 06:05:32.036 9 INFO neutron.wsgi [None req-5890594d-cc01-48ef-a582-5b7f0a228a72 226c87f729f144b3b27259a7d5bfe3ee a7791e91b36d495ebf5752f9f6f3012f - - default default] 10.0.0.31 "POST /v2.0/networks HTTP/1.1" status: 201 len: 852 time: 0.8134604
2026-05-21 06:05:32.051 10 WARNING neutron_lib.context [None req-823384fc-5de2-4604-88ed-aa55bd41dff9 226c87f729f144b3b27259a7d5bfe3ee a7791e91b36d495ebf5752f9f6f3012f - - default default] Method 'is_advsvc' is deprecated since 2023.2 release (neutron-lib 3.8.0) and will be removed once support for the old RBAC API policies will be removed from Neutron. Please use method 'is_service_role' instead.
2026-05-21 06:05:32.160 10 INFO neutron.db.segments_db [None req-823384fc-5de2-4604-88ed-aa55bd41dff9 226c87f729f144b3b27259a7d5bfe3ee a7791e91b36d495ebf5752f9f6f3012f - - default default] Added segment 7e0a663b-2c3a-481a-a229-a6d1673b2233 of type geneve for network b4a54c0c-d17d-468a-8bf6-1889b3321ba3
2026-05-21 06:05:32.188 9 WARNING neutron.scheduler.dhcp_agent_scheduler [None req-e9ff8b80-7743-4d16-a9e2-017a8ee156a1 f7646afb733e46bab45a216beac3447f 5cbef3446d8b4c4c82949d26a2bbb2c0 - - default default] No more DHCP agents
2026-05-21 06:05:32.190 9 WARNING neutron.api.rpc.agentnotifiers.dhcp_rpc_agent_api [None req-e9ff8b80-7743-4d16-a9e2-017a8ee156a1 f7646afb733e46bab45a216beac3447f 5cbef3446d8b4c4c82949d26a2bbb2c0 - - default default] Unable to schedule network 5d9259f4-efb9-4a21-a039-4c21cc354904: no agents available; will retry on subsequent port and subnet creation events.
2026-05-21 06:05:32.350 10 INFO neutron.db.ovn_revision_numbers_db [None req-823384fc-5de2-4604-88ed-aa55bd41dff9 226c87f729f144b3b27259a7d5bfe3ee a7791e91b36d495ebf5752f9f6f3012f - - default default] Successfully bumped revision number for resource b4a54c0c-d17d-468a-8bf6-1889b3321ba3 (type: networks) to 1
2026-05-21 06:05:32.355 9 INFO neutron.db.ovn_revision_numbers_db [None req-e9ff8b80-7743-4d16-a9e2-017a8ee156a1 f7646afb733e46bab45a216beac3447f 5cbef3446d8b4c4c82949d26a2bbb2c0 - - default default] Successfully bumped revision number for resource 68cba767-c60a-4e78-b1cf-46629b1bddc6 (type: ports) to 1
2026-05-21 06:05:32.551 9 INFO neutron.services.segments.plugin [-] Segment d1592ace-aed5-480d-9057-bcd8e4f27a32 resource provider aggregate not found
2026-05-21 06:05:32.556 9 INFO neutron.services.segments.plugin [-] Segment d1592ace-aed5-480d-9057-bcd8e4f27a32 resource provider aggregate not found
2026-05-21 06:05:32.578 9 INFO neutron.services.segments.plugin [-] Segment d1592ace-aed5-480d-9057-bcd8e4f27a32 resource provider not found; error: Placement Client Error (4xx): {"errors": [{"status": 404, "title": "Not Found", "detail": "The resource could not be found.\n\n No resource provider with uuid d1592ace-aed5-480d-9057-bcd8e4f27a32 found for delete ", "request_id": "req-52d0f1e7-8d3f-485b-96e3-eab5334701a0"}]}
2026-05-21 06:05:32.578 9 INFO neutron.services.segments.plugin [-] Segment d1592ace-aed5-480d-9057-bcd8e4f27a32 resource provider not found; error: Placement Client Error (4xx): {"errors": [{"status": 404, "title": "Not Found", "detail": "The resource could not be found.\n\n No resource provider with uuid d1592ace-aed5-480d-9057-bcd8e4f27a32 found for delete ", "request_id": "req-5aa791f7-642c-4b79-bef2-6dd66d1bba9e"}]}
2026-05-21 06:05:32.584 10 WARNING neutron.scheduler.dhcp_agent_scheduler [None req-823384fc-5de2-4604-88ed-aa55bd41dff9 226c87f729f144b3b27259a7d5bfe3ee a7791e91b36d495ebf5752f9f6f3012f - - default default] No more DHCP agents
2026-05-21 06:05:32.587 10 WARNING neutron.api.rpc.agentnotifiers.dhcp_rpc_agent_api [None req-823384fc-5de2-4604-88ed-aa55bd41dff9 226c87f729f144b3b27259a7d5bfe3ee a7791e91b36d495ebf5752f9f6f3012f - - default default] Unable to schedule network b4a54c0c-d17d-468a-8bf6-1889b3321ba3: no agents available; will retry on subsequent port and subnet creation events.
2026-05-21 06:05:32.689 10 INFO neutron.db.ovn_revision_numbers_db [None req-823384fc-5de2-4604-88ed-aa55bd41dff9 226c87f729f144b3b27259a7d5bfe3ee a7791e91b36d495ebf5752f9f6f3012f - - default default] Successfully bumped revision number for resource f75f994b-1f1d-4b10-b781-585f5012d7d0 (type: ports) to 1
2026-05-21 06:05:32.729 10 INFO neutron.wsgi [None req-823384fc-5de2-4604-88ed-aa55bd41dff9 226c87f729f144b3b27259a7d5bfe3ee a7791e91b36d495ebf5752f9f6f3012f - - default default] 10.0.0.31 "POST /v2.0/networks HTTP/1.1" status: 201 len: 853 time: 0.6856399
2026-05-21 06:05:32.742 10 WARNING neutron_lib.context [None req-ceffe7fc-8389-47f0-99b2-2d941c58cb66 226c87f729f144b3b27259a7d5bfe3ee a7791e91b36d495ebf5752f9f6f3012f - - default default] Method 'is_advsvc' is deprecated since 2023.2 release (neutron-lib 3.8.0) and will be removed once support for the old RBAC API policies will be removed from Neutron. Please use method 'is_service_role' instead.
2026-05-21 06:05:32.790 10 WARNING neutron_lib.context [None req-ceffe7fc-8389-47f0-99b2-2d941c58cb66 226c87f729f144b3b27259a7d5bfe3ee a7791e91b36d495ebf5752f9f6f3012f - - default default] Method 'is_advsvc' is deprecated since 2023.2 release (neutron-lib 3.8.0) and will be removed once support for the old RBAC API policies will be removed from Neutron. Please use method 'is_service_role' instead.
2026-05-21 06:05:33.216 9 INFO neutron.plugins.ml2.drivers.ovn.mech_driver.mech_driver [None req-bdae711b-8b13-4214-9c2c-d0e26b7da533 - - - - - -] OVN reports status up for port: 68cba767-c60a-4e78-b1cf-46629b1bddc6
2026-05-21 06:05:33.230 9 INFO neutron.plugins.ml2.plugin [None req-bdae711b-8b13-4214-9c2c-d0e26b7da533 - - - - - -] Attempt 1 to provision port 68cba767-c60a-4e78-b1cf-46629b1bddc6
2026-05-21 06:05:33.254 9 INFO neutron.db.ovn_revision_numbers_db [None req-e9ff8b80-7743-4d16-a9e2-017a8ee156a1 f7646afb733e46bab45a216beac3447f 5cbef3446d8b4c4c82949d26a2bbb2c0 - - default default] Successfully bumped revision number for resource 68cba767-c60a-4e78-b1cf-46629b1bddc6 (type: router_ports) to 1
2026-05-21 06:05:33.276 10 WARNING neutron.scheduler.dhcp_agent_scheduler [None req-ceffe7fc-8389-47f0-99b2-2d941c58cb66 226c87f729f144b3b27259a7d5bfe3ee a7791e91b36d495ebf5752f9f6f3012f - - default default] No more DHCP agents
2026-05-21 06:05:33.281 10 WARNING neutron.api.rpc.agentnotifiers.dhcp_rpc_agent_api [None req-ceffe7fc-8389-47f0-99b2-2d941c58cb66 226c87f729f144b3b27259a7d5bfe3ee a7791e91b36d495ebf5752f9f6f3012f - - default default] Unable to schedule network 2a9e8086-e946-4d04-a041-a75319d71e39: no agents available; will retry on subsequent port and subnet creation events.
2026-05-21 06:05:33.384 10 INFO neutron.db.ovn_revision_numbers_db [None req-ceffe7fc-8389-47f0-99b2-2d941c58cb66 226c87f729f144b3b27259a7d5bfe3ee a7791e91b36d495ebf5752f9f6f3012f - - default default] Successfully bumped revision number for resource abd7de72-56f2-4009-b66a-786ef3e4223f (type: ports) to 1
2026-05-21 06:05:33.419 10 WARNING neutron.scheduler.dhcp_agent_scheduler [None req-ceffe7fc-8389-47f0-99b2-2d941c58cb66 226c87f729f144b3b27259a7d5bfe3ee a7791e91b36d495ebf5752f9f6f3012f - - default default] No more DHCP agents
2026-05-21 06:05:33.422 10 WARNING neutron.api.rpc.agentnotifiers.dhcp_rpc_agent_api [None req-ceffe7fc-8389-47f0-99b2-2d941c58cb66 226c87f729f144b3b27259a7d5bfe3ee a7791e91b36d495ebf5752f9f6f3012f - - default default] Unable to schedule network b4a54c0c-d17d-468a-8bf6-1889b3321ba3: no agents available; will retry on subsequent port and subnet creation events.
2026-05-21 06:05:33.516 10 INFO neutron.db.ovn_revision_numbers_db [None req-ceffe7fc-8389-47f0-99b2-2d941c58cb66 226c87f729f144b3b27259a7d5bfe3ee a7791e91b36d495ebf5752f9f6f3012f - - default default] Successfully bumped revision number for resource fce5c474-03aa-4417-a8f5-4cbf1e24f63a (type: ports) to 1
2026-05-21 06:05:33.520 9 INFO neutron.db.ovn_revision_numbers_db [None req-e9ff8b80-7743-4d16-a9e2-017a8ee156a1 f7646afb733e46bab45a216beac3447f 5cbef3446d8b4c4c82949d26a2bbb2c0 - - default default] Successfully bumped revision number for resource 68cba767-c60a-4e78-b1cf-46629b1bddc6 (type: ports) to 1
2026-05-21 06:05:33.549 10 INFO neutron.wsgi [None req-ceffe7fc-8389-47f0-99b2-2d941c58cb66 226c87f729f144b3b27259a7d5bfe3ee a7791e91b36d495ebf5752f9f6f3012f - - default default] 10.0.0.31 "POST /v2.0/ports HTTP/1.1" status: 201 len: 1706 time: 0.8147202 /var/lib/openstack/lib/python3.10/site-packages/pycadf/identifier.py:71: UserWarning: Invalid uuid: neutron. To ensure interoperability, identifiers should be a valid uuid. warnings.warn(('Invalid uuid: %s. To ensure interoperability, '
2026-05-21 06:05:33.579 9 INFO neutron.db.ovn_revision_numbers_db [None req-bdae711b-8b13-4214-9c2c-d0e26b7da533 - - - - - -] Successfully bumped revision number for resource 68cba767-c60a-4e78-b1cf-46629b1bddc6 (type: ports) to 2
2026-05-21 06:05:33.623 9 WARNING neutron.scheduler.dhcp_agent_scheduler [None req-e9ff8b80-7743-4d16-a9e2-017a8ee156a1 f7646afb733e46bab45a216beac3447f 5cbef3446d8b4c4c82949d26a2bbb2c0 - - default default] No more DHCP agents
2026-05-21 06:05:33.626 9 WARNING neutron.api.rpc.agentnotifiers.dhcp_rpc_agent_api [None req-e9ff8b80-7743-4d16-a9e2-017a8ee156a1 f7646afb733e46bab45a216beac3447f 5cbef3446d8b4c4c82949d26a2bbb2c0 - - default default] Unable to schedule network 5d9259f4-efb9-4a21-a039-4c21cc354904: no agents available; will retry on subsequent port and subnet creation events.
2026-05-21 06:05:33.685 9 INFO neutron.db.ovn_revision_numbers_db [None req-bdae711b-8b13-4214-9c2c-d0e26b7da533 - - - - - -] Successfully bumped revision number for resource 68cba767-c60a-4e78-b1cf-46629b1bddc6 (type: router_ports) to 2
2026-05-21 06:05:33.704 10 INFO neutron.wsgi [None req-7b803fd5-3cd6-48c1-b7b2-7c2cc09dc872 226c87f729f144b3b27259a7d5bfe3ee a7791e91b36d495ebf5752f9f6f3012f - - default default] 10.0.0.31 "GET /v2.0/ports HTTP/1.1" status: 200 len: 3213 time: 0.1484821
2026-05-21 06:05:33.966 9 INFO neutron.db.ovn_revision_numbers_db [None req-e9ff8b80-7743-4d16-a9e2-017a8ee156a1 f7646afb733e46bab45a216beac3447f 5cbef3446d8b4c4c82949d26a2bbb2c0 - - default default] Successfully bumped revision number for resource 68cba767-c60a-4e78-b1cf-46629b1bddc6 (type: router_ports) to 2
2026-05-21 06:05:33.969 9 INFO neutron.wsgi [None req-e9ff8b80-7743-4d16-a9e2-017a8ee156a1 f7646afb733e46bab45a216beac3447f 5cbef3446d8b4c4c82949d26a2bbb2c0 - - default default] 10.0.0.31 "PUT /v2.0/routers/05b6ae95-d276-48b0-a189-85acf6db7ae0/add_router_interface HTTP/1.1" status: 200 len: 503 time: 2.6065986
2026-05-21 06:05:33.979 10 INFO neutron.wsgi [None req-4d8d3427-de2d-4176-95db-90246af6afae 226c87f729f144b3b27259a7d5bfe3ee a7791e91b36d495ebf5752f9f6f3012f - - default default] 10.0.0.31 "DELETE /v2.0/ports/abd7de72-56f2-4009-b66a-786ef3e4223f HTTP/1.1" status: 204 len: 168 time: 0.2676075
2026-05-21 06:05:33.982 9 WARNING neutron_lib.context [None req-b45655a6-1891-4b2e-b579-f390ec0ffaa1 f7646afb733e46bab45a216beac3447f 5cbef3446d8b4c4c82949d26a2bbb2c0 - - default default] Method 'is_advsvc' is deprecated since 2023.2 release (neutron-lib 3.8.0) and will be removed once support for the old RBAC API policies will be removed from Neutron. Please use method 'is_service_role' instead.
2026-05-21 06:05:34.224 10 INFO neutron.wsgi [None req-1c26f744-28b7-4fb0-a83e-28e36f159e67 226c87f729f144b3b27259a7d5bfe3ee a7791e91b36d495ebf5752f9f6f3012f - - default default] 10.0.0.31 "DELETE /v2.0/ports/fce5c474-03aa-4417-a8f5-4cbf1e24f63a HTTP/1.1" status: 204 len: 168 time: 0.2408059
2026-05-21 06:05:34.254 9 INFO neutron.db.ovn_revision_numbers_db [None req-2ba866af-73f2-48d0-8e1d-a90d7fde197c 14f1358bc9e343d3a49fb905c1b51cf4 b596d1aa324b428fa9b59886b28a5fe0 - - default default] Successfully bumped revision number for resource 49bfb2af-9075-4220-8ead-cd683ef109eb (type: security_groups) to 1
