2026-05-21 06:09:10.863 10 INFO neutron.wsgi [req-630a9ee5-81a3-4483-a925-baec275036f9 req-b4df0882-4aa9-4b76-a082-53e8c43c6fcb 229501d8a6c14532b4471656d3f47bda 898e81d6baed46e2827c75275a9facd0 - - 3956b636088b444f9ad1deef5c6431c0 3956b636088b444f9ad1deef5c6431c0] 199.19.213.138 "GET /v2.0/floatingips?fixed_ip_address=fd77%3A1457%3A4cf0%3A26a8%3A%3A207&port_id=6df714d4-d75f-497b-a56e-6db116190dcb HTTP/1.1" status: 200 len: 217 time: 0.0245519
2026-05-21 06:09:10.915 10 INFO neutron.wsgi [req-630a9ee5-81a3-4483-a925-baec275036f9 req-ba80af42-3f0f-4b72-8f24-767e7292b055 229501d8a6c14532b4471656d3f47bda 898e81d6baed46e2827c75275a9facd0 - - 3956b636088b444f9ad1deef5c6431c0 3956b636088b444f9ad1deef5c6431c0] 199.19.213.138 "GET /v2.0/subnets?id=3c97dbd7-114e-4cc6-84a1-2be2a6979b6f&id=5e18c5d5-ca6b-42bd-9320-880ab9312143 HTTP/1.1" status: 200 len: 1565 time: 0.0462523
2026-05-21 06:09:10.946 10 INFO neutron.wsgi [req-630a9ee5-81a3-4483-a925-baec275036f9 req-6aeedc11-9ba0-46dc-a335-2a8dd20f1963 229501d8a6c14532b4471656d3f47bda 898e81d6baed46e2827c75275a9facd0 - - 3956b636088b444f9ad1deef5c6431c0 3956b636088b444f9ad1deef5c6431c0] 199.19.213.138 "GET /v2.0/ports?network_id=fccbd632-80dd-46b8-8585-ad570cbd8729&device_owner=network%3Adhcp HTTP/1.1" status: 200 len: 210 time: 0.0236650
2026-05-21 06:09:10.981 10 INFO neutron.wsgi [req-630a9ee5-81a3-4483-a925-baec275036f9 req-8f3b62a1-2935-45f4-bfa3-809f46751614 229501d8a6c14532b4471656d3f47bda 898e81d6baed46e2827c75275a9facd0 - - 3956b636088b444f9ad1deef5c6431c0 3956b636088b444f9ad1deef5c6431c0] 199.19.213.138 "GET /v2.0/ports?network_id=fccbd632-80dd-46b8-8585-ad570cbd8729&device_owner=network%3Adhcp HTTP/1.1" status: 200 len: 210 time: 0.0245383
2026-05-21 06:09:11.066 10 INFO neutron.wsgi [req-630a9ee5-81a3-4483-a925-baec275036f9 req-a14a5f0a-1adc-46d5-8353-ff1cb5398a6d 229501d8a6c14532b4471656d3f47bda 898e81d6baed46e2827c75275a9facd0 - - 3956b636088b444f9ad1deef5c6431c0 3956b636088b444f9ad1deef5c6431c0] 199.19.213.138 "GET /v2.0/networks/fccbd632-80dd-46b8-8585-ad570cbd8729?fields=segments HTTP/1.1" status: 200 len: 212 time: 0.0792446
2026-05-21 06:09:11.096 9 WARNING neutron_lib.context [None req-595b27be-7b56-4c37-9c40-50dfca509378 7f576275fbb544e18dfdfc1ef52a57f4 57eaf0ca817d48329f33a8ab8aca802e - - default default] Method 'is_advsvc' is deprecated since 2023.2 release (neutron-lib 3.8.0) and will be removed once support for the old RBAC API policies will be removed from Neutron. Please use method 'is_service_role' instead.
2026-05-21 06:09:11.143 10 INFO neutron.wsgi [req-630a9ee5-81a3-4483-a925-baec275036f9 req-bef2df2d-9769-421d-a2f8-a3b45e379d6d 229501d8a6c14532b4471656d3f47bda 898e81d6baed46e2827c75275a9facd0 - - 3956b636088b444f9ad1deef5c6431c0 3956b636088b444f9ad1deef5c6431c0] 199.19.213.138 "GET /v2.0/networks/fccbd632-80dd-46b8-8585-ad570cbd8729?fields=provider%3Aphysical_network&fields=provider%3Anetwork_type HTTP/1.1" status: 200 len: 277 time: 0.0704966
2026-05-21 06:09:11.232 9 INFO neutron.db.ovn_revision_numbers_db [None req-595b27be-7b56-4c37-9c40-50dfca509378 7f576275fbb544e18dfdfc1ef52a57f4 57eaf0ca817d48329f33a8ab8aca802e - - default default] Successfully bumped revision number for resource 544ddc54-ae90-4deb-ba79-85f799eb5b15 (type: security_groups) to 1
2026-05-21 06:09:11.247 9 INFO neutron.db.ovn_revision_numbers_db [None req-595b27be-7b56-4c37-9c40-50dfca509378 7f576275fbb544e18dfdfc1ef52a57f4 57eaf0ca817d48329f33a8ab8aca802e - - default default] Successfully bumped revision number for resource 067cda18-ed2d-4ce5-97a4-5569c3432cec (type: security_group_rules) to 0
2026-05-21 06:09:11.259 9 INFO neutron.db.ovn_revision_numbers_db [None req-595b27be-7b56-4c37-9c40-50dfca509378 7f576275fbb544e18dfdfc1ef52a57f4 57eaf0ca817d48329f33a8ab8aca802e - - default default] Successfully bumped revision number for resource 5965b351-8b22-4506-aa9a-5732bea5c503 (type: security_group_rules) to 0
2026-05-21 06:09:11.278 9 INFO neutron.wsgi [None req-595b27be-7b56-4c37-9c40-50dfca509378 7f576275fbb544e18dfdfc1ef52a57f4 57eaf0ca817d48329f33a8ab8aca802e - - default default] 10.0.0.31 "POST /v2.0/security-groups HTTP/1.1" status: 201 len: 1798 time: 0.1875415
2026-05-21 06:09:11.288 9 WARNING neutron_lib.context [None req-e3f5a21a-d6d3-433e-b196-4e8af96a8cc6 7f576275fbb544e18dfdfc1ef52a57f4 57eaf0ca817d48329f33a8ab8aca802e - - default default] Method 'is_advsvc' is deprecated since 2023.2 release (neutron-lib 3.8.0) and will be removed once support for the old RBAC API policies will be removed from Neutron. Please use method 'is_service_role' instead.
2026-05-21 06:09:11.430 9 INFO neutron.db.ovn_revision_numbers_db [None req-e3f5a21a-d6d3-433e-b196-4e8af96a8cc6 7f576275fbb544e18dfdfc1ef52a57f4 57eaf0ca817d48329f33a8ab8aca802e - - default default] Successfully bumped revision number for resource 77c35107-9be5-45e6-8199-fee1a5c3f54a (type: security_group_rules) to 0
2026-05-21 06:09:11.457 9 INFO neutron.wsgi [None req-e3f5a21a-d6d3-433e-b196-4e8af96a8cc6 7f576275fbb544e18dfdfc1ef52a57f4 57eaf0ca817d48329f33a8ab8aca802e - - default default] 10.0.0.31 "POST /v2.0/security-group-rules HTTP/1.1" status: 201 len: 764 time: 0.1739740
2026-05-21 06:09:11.468 9 WARNING neutron_lib.context [None req-b8cdc10f-166f-40f6-8908-c7ed166eb6a4 7f576275fbb544e18dfdfc1ef52a57f4 57eaf0ca817d48329f33a8ab8aca802e - - default default] Method 'is_advsvc' is deprecated since 2023.2 release (neutron-lib 3.8.0) and will be removed once support for the old RBAC API policies will be removed from Neutron. Please use method 'is_service_role' instead.
2026-05-21 06:09:11.576 9 INFO neutron.db.ovn_revision_numbers_db [None req-b8cdc10f-166f-40f6-8908-c7ed166eb6a4 7f576275fbb544e18dfdfc1ef52a57f4 57eaf0ca817d48329f33a8ab8aca802e - - default default] Successfully bumped revision number for resource 64ce28aa-2a5a-4843-a2d1-d1cd6e85378e (type: security_group_rules) to 0
2026-05-21 06:09:11.580 10 INFO neutron.wsgi [req-194c970a-2609-4eb1-a7d0-91cf184a8285 req-7602288e-d86c-43d9-8483-d12431bf12c3 229501d8a6c14532b4471656d3f47bda 898e81d6baed46e2827c75275a9facd0 - - 3956b636088b444f9ad1deef5c6431c0 3956b636088b444f9ad1deef5c6431c0] 10.0.0.179 "GET /v2.0/ports?device_id=bf48c542-19e8-4f45-a323-61b7d3f00e09 HTTP/1.1" status: 200 len: 1634 time: 0.0415595
2026-05-21 06:09:11.601 9 INFO neutron.wsgi [None req-b8cdc10f-166f-40f6-8908-c7ed166eb6a4 7f576275fbb544e18dfdfc1ef52a57f4 57eaf0ca817d48329f33a8ab8aca802e - - default default] 10.0.0.31 "POST /v2.0/security-group-rules HTTP/1.1" status: 201 len: 769 time: 0.1380379
2026-05-21 06:09:11.612 9 WARNING neutron_lib.context [None req-16d94582-553f-4b57-b9ee-fbcbec5b5b0c 7f576275fbb544e18dfdfc1ef52a57f4 57eaf0ca817d48329f33a8ab8aca802e - - default default] Method 'is_advsvc' is deprecated since 2023.2 release (neutron-lib 3.8.0) and will be removed once support for the old RBAC API policies will be removed from Neutron. Please use method 'is_service_role' instead.
2026-05-21 06:09:11.652 10 INFO neutron.wsgi [req-194c970a-2609-4eb1-a7d0-91cf184a8285 req-eb7e9902-ff7a-4d73-adc4-d4749462ae03 229501d8a6c14532b4471656d3f47bda 898e81d6baed46e2827c75275a9facd0 - - 3956b636088b444f9ad1deef5c6431c0 3956b636088b444f9ad1deef5c6431c0] 10.0.0.179 "GET /v2.0/security-groups?id=fba01e4b-1487-4ba3-aaec-4f7b998724f7&fields=id&fields=name HTTP/1.1" status: 200 len: 310 time: 0.0621369
2026-05-21 06:09:11.923 9 WARNING neutron.scheduler.dhcp_agent_scheduler [None req-16d94582-553f-4b57-b9ee-fbcbec5b5b0c 7f576275fbb544e18dfdfc1ef52a57f4 57eaf0ca817d48329f33a8ab8aca802e - - default default] No more DHCP agents
2026-05-21 06:09:11.928 9 INFO neutron.wsgi [req-b61ae16b-6660-40f8-8c19-9f18884dce6f req-999d57d8-9043-4010-9952-1d641a3603a2 492bf0e032bc446daa8e01e25b07498a 31d248f038194717bf2fd0052df59473 - - default default] 10.0.0.167 "GET /v2.0/ports?device_id=a8e8e29f-c422-4b56-bfa7-b8fa4f12d94f HTTP/1.1" status: 200 len: 1398 time: 0.1162970
2026-05-21 06:09:11.930 9 WARNING neutron.api.rpc.agentnotifiers.dhcp_rpc_agent_api [None req-16d94582-553f-4b57-b9ee-fbcbec5b5b0c 7f576275fbb544e18dfdfc1ef52a57f4 57eaf0ca817d48329f33a8ab8aca802e - - default default] Unable to schedule network 1ce885a1-e630-4a49-96c6-ca1d2e781844: no agents available; will retry on subsequent port and subnet creation events.
2026-05-21 06:09:12.002 9 INFO neutron.wsgi [req-b61ae16b-6660-40f8-8c19-9f18884dce6f req-c6f2784a-336e-4a46-bbbf-0208172760a0 492bf0e032bc446daa8e01e25b07498a 31d248f038194717bf2fd0052df59473 - - default default] 10.0.0.167 "GET /v2.0/security-groups?id=fba01e4b-1487-4ba3-aaec-4f7b998724f7&fields=id&fields=name HTTP/1.1" status: 200 len: 310 time: 0.0629468
2026-05-21 06:09:12.291 9 INFO neutron.db.ovn_revision_numbers_db [None req-16d94582-553f-4b57-b9ee-fbcbec5b5b0c 7f576275fbb544e18dfdfc1ef52a57f4 57eaf0ca817d48329f33a8ab8aca802e - - default default] Successfully bumped revision number for resource 6c5e4dc1-97e1-4c5b-9832-7e1a20bb8492 (type: floatingips) to 0
2026-05-21 06:09:12.310 9 INFO neutron.wsgi [None req-16d94582-553f-4b57-b9ee-fbcbec5b5b0c 7f576275fbb544e18dfdfc1ef52a57f4 57eaf0ca817d48329f33a8ab8aca802e - - default default] 10.0.0.31 "POST /v2.0/floatingips HTTP/1.1" status: 201 len: 751 time: 0.7041509
2026-05-21 06:09:12.426 9 INFO neutron.wsgi [req-b932eb30-34d9-4890-95af-92b34136bfb7 req-b3d1a5f7-14a9-4722-8ad9-fe43c850bd6d 7f576275fbb544e18dfdfc1ef52a57f4 57eaf0ca817d48329f33a8ab8aca802e - - default default] 10.0.0.167 "GET /v2.0/security-groups?name=tempest-securitygroup--632448056&fields=id&tenant_id=57eaf0ca817d48329f33a8ab8aca802e HTTP/1.1" status: 200 len: 267 time: 0.0371251
2026-05-21 06:09:12.472 9 INFO neutron.wsgi [req-b932eb30-34d9-4890-95af-92b34136bfb7 req-1e7a3dcd-1ea4-4755-90aa-f673ffe332be 7f576275fbb544e18dfdfc1ef52a57f4 57eaf0ca817d48329f33a8ab8aca802e - - default default] 10.0.0.167 "GET /v2.0/security-groups?name=tempest-secgroup-smoke-615530156&fields=id&tenant_id=57eaf0ca817d48329f33a8ab8aca802e HTTP/1.1" status: 200 len: 267 time: 0.0371416
2026-05-21 06:09:12.554 9 INFO neutron.wsgi [req-b932eb30-34d9-4890-95af-92b34136bfb7 req-1163f515-e709-4772-bd3b-960ba65184e6 7f576275fbb544e18dfdfc1ef52a57f4 57eaf0ca817d48329f33a8ab8aca802e - - default default] 10.0.0.167 "GET /v2.0/networks?id=41f4ca13-55a2-4fd3-bd2d-4138f64c856a HTTP/1.1" status: 200 len: 871 time: 0.0737977
2026-05-21 06:09:12.587 9 INFO neutron.wsgi [req-b932eb30-34d9-4890-95af-92b34136bfb7 req-cec34ca8-53af-4b7b-b39e-db11b9f80472 7f576275fbb544e18dfdfc1ef52a57f4 57eaf0ca817d48329f33a8ab8aca802e - - default default] 10.0.0.167 "GET /v2.0/quotas/57eaf0ca817d48329f33a8ab8aca802e HTTP/1.1" status: 200 len: 386 time: 0.0264373
2026-05-21 06:09:12.680 9 INFO neutron.wsgi [req-b932eb30-34d9-4890-95af-92b34136bfb7 req-e1afbb85-0ed7-4376-ae26-afbdd47cec59 7f576275fbb544e18dfdfc1ef52a57f4 57eaf0ca817d48329f33a8ab8aca802e - - default default] 10.0.0.167 "GET /v2.0/ports?tenant_id=57eaf0ca817d48329f33a8ab8aca802e&fields=id HTTP/1.1" status: 200 len: 302 time: 0.0868893
2026-05-21 06:09:12.762 9 INFO neutron.wsgi [req-b932eb30-34d9-4890-95af-92b34136bfb7 req-f46e9685-dab3-4f4a-8bad-ae467029976e 229501d8a6c14532b4471656d3f47bda 898e81d6baed46e2827c75275a9facd0 - - 3956b636088b444f9ad1deef5c6431c0 3956b636088b444f9ad1deef5c6431c0] 10.0.0.167 "GET /v2.0/networks/41f4ca13-55a2-4fd3-bd2d-4138f64c856a?fields=segments HTTP/1.1" status: 200 len: 212 time: 0.0683722
2026-05-21 06:09:12.840 9 INFO neutron.wsgi [req-b932eb30-34d9-4890-95af-92b34136bfb7 req-0c3059f3-0c0f-4127-ad36-23ebf11b3973 229501d8a6c14532b4471656d3f47bda 898e81d6baed46e2827c75275a9facd0 - - 3956b636088b444f9ad1deef5c6431c0 3956b636088b444f9ad1deef5c6431c0] 10.0.0.167 "GET /v2.0/networks/41f4ca13-55a2-4fd3-bd2d-4138f64c856a?fields=provider%3Aphysical_network&fields=provider%3Anetwork_type HTTP/1.1" status: 200 len: 277 time: 0.0691643
2026-05-21 06:09:12.996 9 INFO neutron.wsgi [req-c9df86b8-b07f-4e69-9a25-9273d2c62357 req-6c5a102d-d154-498c-8103-02782c71dde7 7f576275fbb544e18dfdfc1ef52a57f4 57eaf0ca817d48329f33a8ab8aca802e - - default default] 10.0.0.167 "GET /v2.0/ports?device_id=8f27de8b-e586-42c8-bbd7-70d7d9c05eda HTTP/1.1" status: 200 len: 210 time: 0.0235503
2026-05-21 06:09:13.463 9 WARNING neutron.plugins.ml2.drivers.ovn.mech_driver.ovsdb.ovn_client [None req-bdae711b-8b13-4214-9c2c-d0e26b7da533 - - - - - -] No hosting information found for port eda44512-5b47-40c9-932a-d2cf7151db76: RuntimeError: No hosting information found for port eda44512-5b47-40c9-932a-d2cf7151db76
2026-05-21 06:09:13.465 9 INFO neutron.plugins.ml2.drivers.ovn.mech_driver.mech_driver [None req-bdae711b-8b13-4214-9c2c-d0e26b7da533 - - - - - -] OVN reports status up for port: 6df714d4-d75f-497b-a56e-6db116190dcb
2026-05-21 06:09:13.510 9 INFO neutron.plugins.ml2.plugin [None req-bdae711b-8b13-4214-9c2c-d0e26b7da533 - - - - - -] Attempt 1 to provision port 6df714d4-d75f-497b-a56e-6db116190dcb
2026-05-21 06:09:13.696 9 INFO neutron.notifiers.nova [-] Nova event matching ['req-4d8c9752-d183-4b5b-83a5-af3c43cec4c8'] response: {'server_uuid': 'a8e8e29f-c422-4b56-bfa7-b8fa4f12d94f', 'name': 'network-vif-plugged', 'status': 'completed', 'tag': '6df714d4-d75f-497b-a56e-6db116190dcb', 'code': 200}
2026-05-21 06:09:13.872 10 INFO neutron.wsgi [req-b932eb30-34d9-4890-95af-92b34136bfb7 req-2df301db-eacc-4557-93ad-ce31032c8beb 7f576275fbb544e18dfdfc1ef52a57f4 57eaf0ca817d48329f33a8ab8aca802e - - default default] 199.19.213.138 "GET /v2.0/networks?id=41f4ca13-55a2-4fd3-bd2d-4138f64c856a HTTP/1.1" status: 200 len: 871 time: 0.0773013
2026-05-21 06:09:13.885 9 INFO neutron.db.ovn_revision_numbers_db [None req-bdae711b-8b13-4214-9c2c-d0e26b7da533 - - - - - -] Successfully bumped revision number for resource 6df714d4-d75f-497b-a56e-6db116190dcb (type: ports) to 4
2026-05-21 06:09:13.943 10 INFO neutron.wsgi [req-b932eb30-34d9-4890-95af-92b34136bfb7 req-3e34a18f-0d2b-49c8-bb22-f52a1e4a34d9 7f576275fbb544e18dfdfc1ef52a57f4 57eaf0ca817d48329f33a8ab8aca802e - - default default] 199.19.213.138 "GET /v2.0/security-groups?fields=id&fields=name&tenant_id=57eaf0ca817d48329f33a8ab8aca802e HTTP/1.1" status: 200 len: 471 time: 0.0641167
2026-05-21 06:09:13.964 10 WARNING neutron_lib.context [req-b932eb30-34d9-4890-95af-92b34136bfb7 req-8582378b-d778-4ecc-905a-f29f0499ba5d 7f576275fbb544e18dfdfc1ef52a57f4 57eaf0ca817d48329f33a8ab8aca802e - - default default] Method 'is_advsvc' is deprecated since 2023.2 release (neutron-lib 3.8.0) and will be removed once support for the old RBAC API policies will be removed from Neutron. Please use method 'is_service_role' instead. /var/lib/openstack/lib/python3.10/site-packages/pycadf/identifier.py:71: UserWarning: Invalid uuid: neutron. To ensure interoperability, identifiers should be a valid uuid. warnings.warn(('Invalid uuid: %s. To ensure interoperability, '
2026-05-21 06:09:14.104 9 INFO neutron.wsgi [req-4deec1d1-3cac-479e-9a42-49e391388b3d req-a6f20c7e-ae2b-4a36-917c-56af3d975ba9 7f576275fbb544e18dfdfc1ef52a57f4 57eaf0ca817d48329f33a8ab8aca802e - - default default] 10.0.0.167 "GET /v2.0/ports?device_id=8f27de8b-e586-42c8-bbd7-70d7d9c05eda HTTP/1.1" status: 200 len: 210 time: 0.0295377
2026-05-21 06:09:14.384 10 WARNING neutron.scheduler.dhcp_agent_scheduler [req-b932eb30-34d9-4890-95af-92b34136bfb7 req-8582378b-d778-4ecc-905a-f29f0499ba5d 7f576275fbb544e18dfdfc1ef52a57f4 57eaf0ca817d48329f33a8ab8aca802e - - default default] No more DHCP agents
2026-05-21 06:09:14.387 10 WARNING neutron.api.rpc.agentnotifiers.dhcp_rpc_agent_api [req-b932eb30-34d9-4890-95af-92b34136bfb7 req-8582378b-d778-4ecc-905a-f29f0499ba5d 7f576275fbb544e18dfdfc1ef52a57f4 57eaf0ca817d48329f33a8ab8aca802e - - default default] Unable to schedule network 41f4ca13-55a2-4fd3-bd2d-4138f64c856a: no agents available; will retry on subsequent port and subnet creation events.
2026-05-21 06:09:14.555 10 INFO neutron.db.ovn_revision_numbers_db [req-b932eb30-34d9-4890-95af-92b34136bfb7 req-8582378b-d778-4ecc-905a-f29f0499ba5d 7f576275fbb544e18dfdfc1ef52a57f4 57eaf0ca817d48329f33a8ab8aca802e - - default default] Successfully bumped revision number for resource 7a981c41-f847-4ee4-be2a-bc4414fa5ea1 (type: ports) to 1
2026-05-21 06:09:14.581 10 INFO neutron.wsgi [req-b932eb30-34d9-4890-95af-92b34136bfb7 req-8582378b-d778-4ecc-905a-f29f0499ba5d 7f576275fbb544e18dfdfc1ef52a57f4 57eaf0ca817d48329f33a8ab8aca802e - - default default] 199.19.213.138 "POST /v2.0/ports HTTP/1.1" status: 201 len: 1197 time: 0.6263747 /var/lib/openstack/lib/python3.10/site-packages/pycadf/identifier.py:71: UserWarning: Invalid uuid: neutron. To ensure interoperability, identifiers should be a valid uuid. warnings.warn(('Invalid uuid: %s. To ensure interoperability, '
2026-05-21 06:09:15.086 10 INFO neutron.db.ovn_revision_numbers_db [req-b932eb30-34d9-4890-95af-92b34136bfb7 req-f0f160a4-2e0e-4867-b9f1-d09d82898a23 229501d8a6c14532b4471656d3f47bda 898e81d6baed46e2827c75275a9facd0 - - 3956b636088b444f9ad1deef5c6431c0 3956b636088b444f9ad1deef5c6431c0] Successfully bumped revision number for resource 7a981c41-f847-4ee4-be2a-bc4414fa5ea1 (type: ports) to 2
2026-05-21 06:09:15.232 9 INFO neutron.wsgi [req-6d0efb23-0fb0-4396-a9bc-9eb47f60d260 req-b496c163-5600-4dc9-9214-442835796a88 7f576275fbb544e18dfdfc1ef52a57f4 57eaf0ca817d48329f33a8ab8aca802e - - default default] 10.0.0.167 "GET /v2.0/ports?device_id=8f27de8b-e586-42c8-bbd7-70d7d9c05eda HTTP/1.1" status: 200 len: 1208 time: 0.0418367
2026-05-21 06:09:15.308 9 INFO neutron.wsgi [req-6d0efb23-0fb0-4396-a9bc-9eb47f60d260 req-b3b6bffc-5eaf-4ffc-860a-6d17c4576518 7f576275fbb544e18dfdfc1ef52a57f4 57eaf0ca817d48329f33a8ab8aca802e - - default default] 10.0.0.167 "GET /v2.0/security-groups?id=544ddc54-ae90-4deb-ba79-85f799eb5b15&id=337672a1-11d1-4009-bde0-b0c375634e45&fields=id&fields=name HTTP/1.1" status: 200 len: 404 time: 0.0667806
2026-05-21 06:09:15.317 10 INFO neutron.db.ovn_revision_numbers_db [req-b932eb30-34d9-4890-95af-92b34136bfb7 req-f0f160a4-2e0e-4867-b9f1-d09d82898a23 229501d8a6c14532b4471656d3f47bda 898e81d6baed46e2827c75275a9facd0 - - 3956b636088b444f9ad1deef5c6431c0 3956b636088b444f9ad1deef5c6431c0] Successfully bumped revision number for resource 7a981c41-f847-4ee4-be2a-bc4414fa5ea1 (type: ports) to 2
2026-05-21 06:09:15.335 10 INFO neutron.wsgi [req-b932eb30-34d9-4890-95af-92b34136bfb7 req-f0f160a4-2e0e-4867-b9f1-d09d82898a23 229501d8a6c14532b4471656d3f47bda 898e81d6baed46e2827c75275a9facd0 - - 3956b636088b444f9ad1deef5c6431c0 3956b636088b444f9ad1deef5c6431c0] 199.19.213.138 "PUT /v2.0/ports/7a981c41-f847-4ee4-be2a-bc4414fa5ea1 HTTP/1.1" status: 200 len: 1415 time: 0.7437882 /var/lib/openstack/lib/python3.10/site-packages/pycadf/identifier.py:71: UserWarning: Invalid uuid: neutron. To ensure interoperability, identifiers should be a valid uuid. warnings.warn(('Invalid uuid: %s. To ensure interoperability, '
2026-05-21 06:09:15.387 10 INFO neutron.notifiers.nova [-] Nova event matching ['req-a200f3ef-a6b5-4bb4-b02d-8ab91306c2f3'] response: {'name': 'network-changed', 'server_uuid': '8f27de8b-e586-42c8-bbd7-70d7d9c05eda', 'tag': '7a981c41-f847-4ee4-be2a-bc4414fa5ea1', 'status': 'completed', 'code': 200}
2026-05-21 06:09:15.420 10 INFO neutron.wsgi [req-b932eb30-34d9-4890-95af-92b34136bfb7 req-6aa6833d-9498-42a4-a160-860dfa562ee1 229501d8a6c14532b4471656d3f47bda 898e81d6baed46e2827c75275a9facd0 - - 3956b636088b444f9ad1deef5c6431c0 3956b636088b444f9ad1deef5c6431c0] 199.19.213.138 "GET /v2.0/ports?tenant_id=57eaf0ca817d48329f33a8ab8aca802e&device_id=8f27de8b-e586-42c8-bbd7-70d7d9c05eda HTTP/1.1" status: 200 len: 1446 time: 0.0404851
2026-05-21 06:09:15.456 10 INFO neutron.wsgi [req-b932eb30-34d9-4890-95af-92b34136bfb7 req-5b702bc2-6d89-4c58-94dd-db7ab57a7ff1 229501d8a6c14532b4471656d3f47bda 898e81d6baed46e2827c75275a9facd0 - - 3956b636088b444f9ad1deef5c6431c0 3956b636088b444f9ad1deef5c6431c0] 199.19.213.138 "GET /v2.0/floatingips?fixed_ip_address=10.100.0.7&port_id=7a981c41-f847-4ee4-be2a-bc4414fa5ea1 HTTP/1.1" status: 200 len: 217 time: 0.0269499
2026-05-21 06:09:15.503 10 INFO neutron.wsgi [req-b932eb30-34d9-4890-95af-92b34136bfb7 req-b9e448da-d359-44fe-9b43-6a21cf7cd443 229501d8a6c14532b4471656d3f47bda 898e81d6baed46e2827c75275a9facd0 - - 3956b636088b444f9ad1deef5c6431c0 3956b636088b444f9ad1deef5c6431c0] 199.19.213.138 "GET /v2.0/subnets?id=64908072-e30b-4d8d-90f7-b489ff485a23 HTTP/1.1" status: 200 len: 865 time: 0.0388620
2026-05-21 06:09:15.537 10 INFO neutron.wsgi [req-b932eb30-34d9-4890-95af-92b34136bfb7 req-c56ace66-58bc-4bc6-a34f-cdcd62e3665e 229501d8a6c14532b4471656d3f47bda 898e81d6baed46e2827c75275a9facd0 - - 3956b636088b444f9ad1deef5c6431c0 3956b636088b444f9ad1deef5c6431c0] 199.19.213.138 "GET /v2.0/ports?network_id=41f4ca13-55a2-4fd3-bd2d-4138f64c856a&device_owner=network%3Adhcp HTTP/1.1" status: 200 len: 210 time: 0.0255232
2026-05-21 06:09:15.604 10 INFO neutron.wsgi [req-b932eb30-34d9-4890-95af-92b34136bfb7 req-81e19e54-43c3-4631-8f19-f0d09086eff6 229501d8a6c14532b4471656d3f47bda 898e81d6baed46e2827c75275a9facd0 - - 3956b636088b444f9ad1deef5c6431c0 3956b636088b444f9ad1deef5c6431c0] 199.19.213.138 "GET /v2.0/networks/41f4ca13-55a2-4fd3-bd2d-4138f64c856a?fields=segments HTTP/1.1" status: 200 len: 212 time: 0.0598130
2026-05-21 06:09:15.678 10 INFO neutron.wsgi [req-b932eb30-34d9-4890-95af-92b34136bfb7 req-9bc7d76c-29dc-4e7a-84b8-430913ac76bf 229501d8a6c14532b4471656d3f47bda 898e81d6baed46e2827c75275a9facd0 - - 3956b636088b444f9ad1deef5c6431c0 3956b636088b444f9ad1deef5c6431c0] 199.19.213.138 "GET /v2.0/networks/41f4ca13-55a2-4fd3-bd2d-4138f64c856a?fields=provider%3Aphysical_network&fields=provider%3Anetwork_type HTTP/1.1" status: 200 len: 277 time: 0.0644066
2026-05-21 06:09:15.747 9 INFO neutron.notifiers.nova [-] Nova event matching ['req-e2692311-0538-4eec-b090-dacc5f4217ed'] response: {'server_uuid': 'a8e8e29f-c422-4b56-bfa7-b8fa4f12d94f', 'name': 'network-vif-plugged', 'status': 'completed', 'tag': '6df714d4-d75f-497b-a56e-6db116190dcb', 'code': 200}
2026-05-21 06:09:15.783 10 INFO neutron.wsgi [req-a7f11fac-ebc0-4644-b45a-73e9413a3d12 req-82550740-bf23-404b-a37b-5146f5f50f38 229501d8a6c14532b4471656d3f47bda 898e81d6baed46e2827c75275a9facd0 - - 3956b636088b444f9ad1deef5c6431c0 3956b636088b444f9ad1deef5c6431c0] 199.19.213.138 "GET /v2.0/ports?tenant_id=57eaf0ca817d48329f33a8ab8aca802e&device_id=8f27de8b-e586-42c8-bbd7-70d7d9c05eda HTTP/1.1" status: 200 len: 1446 time: 0.0573630
2026-05-21 06:09:15.844 10 INFO neutron.wsgi [req-a7f11fac-ebc0-4644-b45a-73e9413a3d12 req-34e3ebab-0fbb-42a1-afa8-d5d454b10156 229501d8a6c14532b4471656d3f47bda 898e81d6baed46e2827c75275a9facd0 - - 3956b636088b444f9ad1deef5c6431c0 3956b636088b444f9ad1deef5c6431c0] 199.19.213.138 "GET /v2.0/networks?id=41f4ca13-55a2-4fd3-bd2d-4138f64c856a HTTP/1.1" status: 200 len: 970 time: 0.0549076
2026-05-21 06:09:15.876 10 INFO neutron.wsgi [req-a7f11fac-ebc0-4644-b45a-73e9413a3d12 req-810532c2-55ed-4c81-8e10-e30dc338b16d 229501d8a6c14532b4471656d3f47bda 898e81d6baed46e2827c75275a9facd0 - - 3956b636088b444f9ad1deef5c6431c0 3956b636088b444f9ad1deef5c6431c0] 199.19.213.138 "GET /v2.0/floatingips?fixed_ip_address=10.100.0.7&port_id=7a981c41-f847-4ee4-be2a-bc4414fa5ea1 HTTP/1.1" status: 200 len: 217 time: 0.0270967
2026-05-21 06:09:15.904 9 INFO neutron.wsgi [req-08a8249e-5aed-421a-b25a-74e1331a11cc req-7ebe615e-f851-4548-a238-4f0bcda8e279 229501d8a6c14532b4471656d3f47bda 898e81d6baed46e2827c75275a9facd0 - - 3956b636088b444f9ad1deef5c6431c0 3956b636088b444f9ad1deef5c6431c0] 199.19.213.138 "GET /v2.0/ports?device_id=8f27de8b-e586-42c8-bbd7-70d7d9c05eda HTTP/1.1" status: 200 len: 1446 time: 0.0390453
2026-05-21 06:09:15.930 10 INFO neutron.wsgi [req-a7f11fac-ebc0-4644-b45a-73e9413a3d12 req-895fd66a-e7f6-48e2-acae-0fd6b625349d 229501d8a6c14532b4471656d3f47bda 898e81d6baed46e2827c75275a9facd0 - - 3956b636088b444f9ad1deef5c6431c0 3956b636088b444f9ad1deef5c6431c0] 199.19.213.138 "GET /v2.0/subnets?id=64908072-e30b-4d8d-90f7-b489ff485a23 HTTP/1.1" status: 200 len: 865 time: 0.0466139
2026-05-21 06:09:15.957 9 INFO neutron.wsgi [req-08a8249e-5aed-421a-b25a-74e1331a11cc req-ae344795-87db-4ac7-9b53-f679a10053f2 229501d8a6c14532b4471656d3f47bda 898e81d6baed46e2827c75275a9facd0 - - 3956b636088b444f9ad1deef5c6431c0 3956b636088b444f9ad1deef5c6431c0] 199.19.213.138 "GET /v2.0/security-groups?id=337672a1-11d1-4009-bde0-b0c375634e45&id=544ddc54-ae90-4deb-ba79-85f799eb5b15&fields=id&fields=name HTTP/1.1" status: 200 len: 404 time: 0.0456855
2026-05-21 06:09:15.957 10 INFO neutron.wsgi [req-a7f11fac-ebc0-4644-b45a-73e9413a3d12 req-0357651a-b527-4f52-aae6-91e035934e35 229501d8a6c14532b4471656d3f47bda 898e81d6baed46e2827c75275a9facd0 - - 3956b636088b444f9ad1deef5c6431c0 3956b636088b444f9ad1deef5c6431c0] 199.19.213.138 "GET /v2.0/ports?network_id=41f4ca13-55a2-4fd3-bd2d-4138f64c856a&device_owner=network%3Adhcp HTTP/1.1" status: 200 len: 210 time: 0.0208137
2026-05-21 06:09:16.088 10 INFO neutron.wsgi [req-a7f11fac-ebc0-4644-b45a-73e9413a3d12 req-937c8389-3eb5-41b1-bb21-fcf3219e8a85 229501d8a6c14532b4471656d3f47bda 898e81d6baed46e2827c75275a9facd0 - - 3956b636088b444f9ad1deef5c6431c0 3956b636088b444f9ad1deef5c6431c0] 199.19.213.138 "GET /v2.0/networks/41f4ca13-55a2-4fd3-bd2d-4138f64c856a?fields=segments HTTP/1.1" status: 200 len: 212 time: 0.0991507
2026-05-21 06:09:16.089 9 INFO neutron.plugins.ml2.drivers.ovn.mech_driver.mech_driver [None req-bdae711b-8b13-4214-9c2c-d0e26b7da533 - - - - - -] OVN reports status up for port: 7a981c41-f847-4ee4-be2a-bc4414fa5ea1
2026-05-21 06:09:16.182 9 INFO neutron.plugins.ml2.plugin [None req-bdae711b-8b13-4214-9c2c-d0e26b7da533 - - - - - -] Attempt 1 to provision port 7a981c41-f847-4ee4-be2a-bc4414fa5ea1
2026-05-21 06:09:16.189 10 INFO neutron.wsgi [req-a7f11fac-ebc0-4644-b45a-73e9413a3d12 req-e335c464-e1c1-417e-9371-4efb4d30da6e 229501d8a6c14532b4471656d3f47bda 898e81d6baed46e2827c75275a9facd0 - - 3956b636088b444f9ad1deef5c6431c0 3956b636088b444f9ad1deef5c6431c0] 199.19.213.138 "GET /v2.0/networks/41f4ca13-55a2-4fd3-bd2d-4138f64c856a?fields=provider%3Aphysical_network&fields=provider%3Anetwork_type HTTP/1.1" status: 200 len: 277 time: 0.0941663
2026-05-21 06:09:16.458 9 INFO neutron.wsgi [req-6f90d033-2311-47a3-b5c5-8072808be480 req-2310a1ca-c203-4dda-aa28-924dbcbb4ee9 7f576275fbb544e18dfdfc1ef52a57f4 57eaf0ca817d48329f33a8ab8aca802e - - default default] 10.0.0.167 "GET /v2.0/ports?device_id=8f27de8b-e586-42c8-bbd7-70d7d9c05eda HTTP/1.1" status: 200 len: 1210 time: 0.0674582
2026-05-21 06:09:16.529 9 INFO neutron.wsgi [req-6f90d033-2311-47a3-b5c5-8072808be480 req-8fb82e28-0cda-498c-9fa0-dc04a8b2f0ca 7f576275fbb544e18dfdfc1ef52a57f4 57eaf0ca817d48329f33a8ab8aca802e - - default default] 10.0.0.167 "GET /v2.0/security-groups?id=544ddc54-ae90-4deb-ba79-85f799eb5b15&id=337672a1-11d1-4009-bde0-b0c375634e45&fields=id&fields=name HTTP/1.1" status: 200 len: 404 time: 0.0650702
2026-05-21 06:09:16.583 9 INFO neutron.db.ovn_revision_numbers_db [None req-bdae711b-8b13-4214-9c2c-d0e26b7da533 - - - - - -] Successfully bumped revision number for resource 7a981c41-f847-4ee4-be2a-bc4414fa5ea1 (type: ports) to 4 /var/lib/openstack/lib/python3.10/site-packages/pycadf/identifier.py:71: UserWarning: Invalid uuid: neutron. To ensure interoperability, identifiers should be a valid uuid. warnings.warn(('Invalid uuid: %s. To ensure interoperability, '
2026-05-21 06:09:17.169 9 INFO neutron.wsgi [req-ed82a4d5-0e13-447b-bf04-00322b75c675 req-2ec84c6c-17cc-49ad-b938-e4d2e6df89bb 492bf0e032bc446daa8e01e25b07498a 31d248f038194717bf2fd0052df59473 - - default default] 10.0.0.167 "GET /v2.0/ports?device_id=a8e8e29f-c422-4b56-bfa7-b8fa4f12d94f HTTP/1.1" status: 200 len: 1400 time: 0.0961623
2026-05-21 06:09:17.225 9 INFO neutron.wsgi [req-ed82a4d5-0e13-447b-bf04-00322b75c675 req-1ab69005-cd5e-4a4f-84dc-572e5b1a5959 492bf0e032bc446daa8e01e25b07498a 31d248f038194717bf2fd0052df59473 - - default default] 10.0.0.167 "GET /v2.0/security-groups?id=fba01e4b-1487-4ba3-aaec-4f7b998724f7&fields=id&fields=name HTTP/1.1" status: 200 len: 310 time: 0.0475605
2026-05-21 06:09:17.380 10 INFO neutron.wsgi [None req-792f968c-3ff5-4608-9a2e-0e15f6823395 492bf0e032bc446daa8e01e25b07498a 31d248f038194717bf2fd0052df59473 - - default default] 10.0.0.31 "GET /v2.0/ports?network_id=fccbd632-80dd-46b8-8585-ad570cbd8729&mac_address=fa%3A16%3A3e%3A57%3A70%3Adb HTTP/1.1" status: 200 len: 1395 time: 0.1194856
2026-05-21 06:09:17.391 10 WARNING neutron_lib.context [None req-e95feea7-fbac-4741-8d1d-c34a60c083a9 492bf0e032bc446daa8e01e25b07498a 31d248f038194717bf2fd0052df59473 - - default default] Method 'is_advsvc' is deprecated since 2023.2 release (neutron-lib 3.8.0) and will be removed once support for the old RBAC API policies will be removed from Neutron. Please use method 'is_service_role' instead.
2026-05-21 06:09:17.662 9 INFO neutron.wsgi [req-72b27166-0f06-4a93-816d-690597a93803 req-ab6c8172-e103-4e8b-b81a-cc4a1bab5deb 7f576275fbb544e18dfdfc1ef52a57f4 57eaf0ca817d48329f33a8ab8aca802e - - default default] 10.0.0.167 "GET /v2.0/ports?device_id=8f27de8b-e586-42c8-bbd7-70d7d9c05eda HTTP/1.1" status: 200 len: 1210 time: 0.0591259
2026-05-21 06:09:17.699 10 WARNING neutron.scheduler.dhcp_agent_scheduler [None req-e95feea7-fbac-4741-8d1d-c34a60c083a9 492bf0e032bc446daa8e01e25b07498a 31d248f038194717bf2fd0052df59473 - - default default] No more DHCP agents
2026-05-21 06:09:17.703 10 WARNING neutron.api.rpc.agentnotifiers.dhcp_rpc_agent_api [None req-e95feea7-fbac-4741-8d1d-c34a60c083a9 492bf0e032bc446daa8e01e25b07498a 31d248f038194717bf2fd0052df59473 - - default default] Unable to schedule network 1ce885a1-e630-4a49-96c6-ca1d2e781844: no agents available; will retry on subsequent port and subnet creation events.
2026-05-21 06:09:17.715 9 INFO neutron.wsgi [req-72b27166-0f06-4a93-816d-690597a93803 req-64ea90e2-64cb-48bb-8750-3c84bb237893 7f576275fbb544e18dfdfc1ef52a57f4 57eaf0ca817d48329f33a8ab8aca802e - - default default] 10.0.0.167 "GET /v2.0/security-groups?id=544ddc54-ae90-4deb-ba79-85f799eb5b15&id=337672a1-11d1-4009-bde0-b0c375634e45&fields=id&fields=name HTTP/1.1" status: 200 len: 404 time: 0.0437968
2026-05-21 06:09:17.789 9 INFO neutron.notifiers.nova [-] Nova event matching ['req-077b4317-2d0f-4162-af0c-db1e8d4e44bc'] response: {'server_uuid': '8f27de8b-e586-42c8-bbd7-70d7d9c05eda', 'name': 'network-vif-plugged', 'status': 'completed', 'tag': '7a981c41-f847-4ee4-be2a-bc4414fa5ea1', 'code': 200}
2026-05-21 06:09:17.790 9 INFO neutron.notifiers.nova [-] Nova event matching ['req-077b4317-2d0f-4162-af0c-db1e8d4e44bc'] response: {'server_uuid': '8f27de8b-e586-42c8-bbd7-70d7d9c05eda', 'name': 'network-vif-plugged', 'status': 'completed', 'tag': '7a981c41-f847-4ee4-be2a-bc4414fa5ea1', 'code': 200}
2026-05-21 06:09:18.299 10 INFO neutron.db.l3_db [None req-e95feea7-fbac-4741-8d1d-c34a60c083a9 492bf0e032bc446daa8e01e25b07498a 31d248f038194717bf2fd0052df59473 - - default default] Floating IP 893db5ba-9920-4d28-935c-8ecf48431668 associated. External IP: 10.96.250.206, port: 6df714d4-d75f-497b-a56e-6db116190dcb.
2026-05-21 06:09:18.879 9 INFO neutron.wsgi [req-4f1b53c7-f888-42fa-8e50-617bba362ea3 req-1c98829d-1ea8-4066-8439-7fd57d21cb96 7f576275fbb544e18dfdfc1ef52a57f4 57eaf0ca817d48329f33a8ab8aca802e - - default default] 10.0.0.167 "GET /v2.0/ports?device_id=8f27de8b-e586-42c8-bbd7-70d7d9c05eda HTTP/1.1" status: 200 len: 1210 time: 0.0899251
2026-05-21 06:09:18.954 9 INFO neutron.wsgi [req-4f1b53c7-f888-42fa-8e50-617bba362ea3 req-602c0fed-04c2-41d4-9fcf-e57e57535d13 7f576275fbb544e18dfdfc1ef52a57f4 57eaf0ca817d48329f33a8ab8aca802e - - default default] 10.0.0.167 "GET /v2.0/security-groups?id=544ddc54-ae90-4deb-ba79-85f799eb5b15&id=337672a1-11d1-4009-bde0-b0c375634e45&fields=id&fields=name HTTP/1.1" status: 200 len: 404 time: 0.0611651
2026-05-21 06:09:18.985 10 INFO neutron.db.ovn_revision_numbers_db [None req-e95feea7-fbac-4741-8d1d-c34a60c083a9 492bf0e032bc446daa8e01e25b07498a 31d248f038194717bf2fd0052df59473 - - default default] Successfully bumped revision number for resource 893db5ba-9920-4d28-935c-8ecf48431668 (type: floatingips) to 0
2026-05-21 06:09:19.082 9 INFO neutron.wsgi [req-8ebb0f17-601f-416a-a71a-37383f20758f req-cbc5f601-e5b5-4ac0-bf87-1f636ee75b0a 7f576275fbb544e18dfdfc1ef52a57f4 57eaf0ca817d48329f33a8ab8aca802e - - default default] 10.0.0.167 "GET /v2.0/ports?device_id=8f27de8b-e586-42c8-bbd7-70d7d9c05eda HTTP/1.1" status: 200 len: 1210 time: 0.0517061
2026-05-21 06:09:19.103 10 INFO neutron.db.ovn_revision_numbers_db [None req-e95feea7-fbac-4741-8d1d-c34a60c083a9 492bf0e032bc446daa8e01e25b07498a 31d248f038194717bf2fd0052df59473 - - default default] Successfully bumped revision number for resource 893db5ba-9920-4d28-935c-8ecf48431668 (type: floatingips) to 1
2026-05-21 06:09:19.167 10 INFO neutron.wsgi [None req-e95feea7-fbac-4741-8d1d-c34a60c083a9 492bf0e032bc446daa8e01e25b07498a 31d248f038194717bf2fd0052df59473 - - default default] 10.0.0.31 "POST /v2.0/floatingips HTTP/1.1" status: 201 len: 1053 time: 1.7806089
2026-05-21 06:09:19.209 10 INFO neutron.notifiers.nova [-] Nova event matching ['req-28874887-32a6-4cd2-91ba-b56ad61aa1f7'] response: {'name': 'network-changed', 'server_uuid': 'a8e8e29f-c422-4b56-bfa7-b8fa4f12d94f', 'tag': '6df714d4-d75f-497b-a56e-6db116190dcb', 'status': 'completed', 'code': 200} /var/lib/openstack/lib/python3.10/site-packages/pycadf/identifier.py:71: UserWarning: Invalid uuid: neutron. To ensure interoperability, identifiers should be a valid uuid. warnings.warn(('Invalid uuid: %s. To ensure interoperability, '
2026-05-21 06:09:19.278 10 INFO neutron.wsgi [req-4612ad64-4f44-4e9d-b73d-2264abd56102 req-b89e5943-8190-4514-bfea-dfb5d3f9e6b0 229501d8a6c14532b4471656d3f47bda 898e81d6baed46e2827c75275a9facd0 - - 3956b636088b444f9ad1deef5c6431c0 3956b636088b444f9ad1deef5c6431c0] 199.19.213.138 "GET /v2.0/ports?tenant_id=31d248f038194717bf2fd0052df59473&device_id=a8e8e29f-c422-4b56-bfa7-b8fa4f12d94f HTTP/1.1" status: 200 len: 1638 time: 0.0401397
2026-05-21 06:09:19.353 9 INFO neutron.db.l3_db [None req-53e10751-a9ef-4efa-9d90-447901d3527e 7f576275fbb544e18dfdfc1ef52a57f4 57eaf0ca817d48329f33a8ab8aca802e - - default default] Floating IP 6c5e4dc1-97e1-4c5b-9832-7e1a20bb8492 associated. External IP: 10.96.250.212, port: 7a981c41-f847-4ee4-be2a-bc4414fa5ea1.
2026-05-21 06:09:19.358 10 INFO neutron.wsgi [req-4612ad64-4f44-4e9d-b73d-2264abd56102 req-d5675dbc-e07c-4767-96d1-0cd5676cc1d9 229501d8a6c14532b4471656d3f47bda 898e81d6baed46e2827c75275a9facd0 - - 3956b636088b444f9ad1deef5c6431c0 3956b636088b444f9ad1deef5c6431c0] 199.19.213.138 "GET /v2.0/networks?id=fccbd632-80dd-46b8-8585-ad570cbd8729 HTTP/1.1" status: 200 len: 1002 time: 0.0714345
2026-05-21 06:09:19.412 10 INFO neutron.wsgi [req-4612ad64-4f44-4e9d-b73d-2264abd56102 req-2aabbeed-5864-40dd-b172-623f42a11bd2 229501d8a6c14532b4471656d3f47bda 898e81d6baed46e2827c75275a9facd0 - - 3956b636088b444f9ad1deef5c6431c0 3956b636088b444f9ad1deef5c6431c0] 199.19.213.138 "GET /v2.0/floatingips?fixed_ip_address=10.2.2.57&port_id=6df714d4-d75f-497b-a56e-6db116190dcb HTTP/1.1" status: 200 len: 1058 time: 0.0486991
2026-05-21 06:09:19.449 10 INFO neutron.wsgi [req-4612ad64-4f44-4e9d-b73d-2264abd56102 req-377ea85f-cea6-4685-a763-94e9ddadf93c 229501d8a6c14532b4471656d3f47bda 898e81d6baed46e2827c75275a9facd0 - - 3956b636088b444f9ad1deef5c6431c0 3956b636088b444f9ad1deef5c6431c0] 199.19.213.138 "GET /v2.0/floatingips?fixed_ip_address=fd77%3A1457%3A4cf0%3A26a8%3A%3A207&port_id=6df714d4-d75f-497b-a56e-6db116190dcb HTTP/1.1" status: 200 len: 217 time: 0.0286043
2026-05-21 06:09:19.499 10 INFO neutron.wsgi [req-4612ad64-4f44-4e9d-b73d-2264abd56102 req-fe43acbc-264e-479c-80bb-22fb22353754 229501d8a6c14532b4471656d3f47bda 898e81d6baed46e2827c75275a9facd0 - - 3956b636088b444f9ad1deef5c6431c0 3956b636088b444f9ad1deef5c6431c0] 199.19.213.138 "GET /v2.0/subnets?id=3c97dbd7-114e-4cc6-84a1-2be2a6979b6f&id=5e18c5d5-ca6b-42bd-9320-880ab9312143 HTTP/1.1" status: 200 len: 1565 time: 0.0396166
2026-05-21 06:09:19.531 10 INFO neutron.wsgi [req-4612ad64-4f44-4e9d-b73d-2264abd56102 req-8fa532c2-3b49-40ff-a6b3-ac5137070f38 229501d8a6c14532b4471656d3f47bda 898e81d6baed46e2827c75275a9facd0 - - 3956b636088b444f9ad1deef5c6431c0 3956b636088b444f9ad1deef5c6431c0] 199.19.213.138 "GET /v2.0/ports?network_id=fccbd632-80dd-46b8-8585-ad570cbd8729&device_owner=network%3Adhcp HTTP/1.1" status: 200 len: 210 time: 0.0222855
2026-05-21 06:09:19.556 10 INFO neutron.wsgi [req-4612ad64-4f44-4e9d-b73d-2264abd56102 req-b3be0ba0-bc6b-49af-8a43-7e3d097237e7 229501d8a6c14532b4471656d3f47bda 898e81d6baed46e2827c75275a9facd0 - - 3956b636088b444f9ad1deef5c6431c0 3956b636088b444f9ad1deef5c6431c0] 199.19.213.138 "GET /v2.0/ports?network_id=fccbd632-80dd-46b8-8585-ad570cbd8729&device_owner=network%3Adhcp HTTP/1.1" status: 200 len: 210 time: 0.0189981
2026-05-21 06:09:19.626 9 INFO neutron.db.ovn_revision_numbers_db [None req-53e10751-a9ef-4efa-9d90-447901d3527e 7f576275fbb544e18dfdfc1ef52a57f4 57eaf0ca817d48329f33a8ab8aca802e - - default default] Successfully bumped revision number for resource 6c5e4dc1-97e1-4c5b-9832-7e1a20bb8492 (type: floatingips) to 1
2026-05-21 06:09:19.647 10 INFO neutron.wsgi [req-4612ad64-4f44-4e9d-b73d-2264abd56102 req-a10e43bf-47c6-47d7-9eb9-de36ad1779a9 229501d8a6c14532b4471656d3f47bda 898e81d6baed46e2827c75275a9facd0 - - 3956b636088b444f9ad1deef5c6431c0 3956b636088b444f9ad1deef5c6431c0] 199.19.213.138 "GET /v2.0/networks/fccbd632-80dd-46b8-8585-ad570cbd8729?fields=segments HTTP/1.1" status: 200 len: 212 time: 0.0830986
2026-05-21 06:09:19.735 10 INFO neutron.wsgi [req-4612ad64-4f44-4e9d-b73d-2264abd56102 req-a2f4c4ee-1aa6-4f86-ac74-1350cd718aa2 229501d8a6c14532b4471656d3f47bda 898e81d6baed46e2827c75275a9facd0 - - 3956b636088b444f9ad1deef5c6431c0 3956b636088b444f9ad1deef5c6431c0] 199.19.213.138 "GET /v2.0/networks/fccbd632-80dd-46b8-8585-ad570cbd8729?fields=provider%3Aphysical_network&fields=provider%3Anetwork_type HTTP/1.1" status: 200 len: 277 time: 0.0804620
2026-05-21 06:09:19.763 9 INFO neutron.db.ovn_revision_numbers_db [None req-53e10751-a9ef-4efa-9d90-447901d3527e 7f576275fbb544e18dfdfc1ef52a57f4 57eaf0ca817d48329f33a8ab8aca802e - - default default] Successfully bumped revision number for resource 6c5e4dc1-97e1-4c5b-9832-7e1a20bb8492 (type: floatingips) to 2
2026-05-21 06:09:19.800 9 INFO neutron.wsgi [None req-53e10751-a9ef-4efa-9d90-447901d3527e 7f576275fbb544e18dfdfc1ef52a57f4 57eaf0ca817d48329f33a8ab8aca802e - - default default] 10.0.0.31 "PUT /v2.0/floatingips/6c5e4dc1-97e1-4c5b-9832-7e1a20bb8492 HTTP/1.1" status: 200 len: 1049 time: 0.7062054
2026-05-21 06:09:19.837 9 INFO neutron.notifiers.nova [-] Nova event matching ['req-2cbed1d4-5916-4532-8202-366c6aa17581'] response: {'name': 'network-changed', 'server_uuid': '8f27de8b-e586-42c8-bbd7-70d7d9c05eda', 'tag': '7a981c41-f847-4ee4-be2a-bc4414fa5ea1', 'status': 'completed', 'code': 200}
2026-05-21 06:09:19.913 10 INFO neutron.wsgi [req-d178766c-cdfd-4d0c-b619-493d72c4de1d req-dfa9e6d6-3deb-4eea-b050-1cdc2a1baf35 229501d8a6c14532b4471656d3f47bda 898e81d6baed46e2827c75275a9facd0 - - 3956b636088b444f9ad1deef5c6431c0 3956b636088b444f9ad1deef5c6431c0] 199.19.213.138 "GET /v2.0/ports?tenant_id=57eaf0ca817d48329f33a8ab8aca802e&device_id=8f27de8b-e586-42c8-bbd7-70d7d9c05eda HTTP/1.1" status: 200 len: 1448 time: 0.0521035
2026-05-21 06:09:19.991 10 INFO neutron.wsgi [req-d178766c-cdfd-4d0c-b619-493d72c4de1d req-6c0676f2-aab4-4147-9fdc-21a87dfd476d 229501d8a6c14532b4471656d3f47bda 898e81d6baed46e2827c75275a9facd0 - - 3956b636088b444f9ad1deef5c6431c0 3956b636088b444f9ad1deef5c6431c0] 199.19.213.138 "GET /v2.0/networks?id=41f4ca13-55a2-4fd3-bd2d-4138f64c856a HTTP/1.1" status: 200 len: 970 time: 0.0709085
2026-05-21 06:09:20.039 10 INFO neutron.wsgi [req-d178766c-cdfd-4d0c-b619-493d72c4de1d req-b1fd7697-7f20-4f5c-b847-2b95f280830f 229501d8a6c14532b4471656d3f47bda 898e81d6baed46e2827c75275a9facd0 - - 3956b636088b444f9ad1deef5c6431c0 3956b636088b444f9ad1deef5c6431c0] 199.19.213.138 "GET /v2.0/floatingips?fixed_ip_address=10.100.0.7&port_id=7a981c41-f847-4ee4-be2a-bc4414fa5ea1 HTTP/1.1" status: 200 len: 1059 time: 0.0418150
2026-05-21 06:09:20.088 10 INFO neutron.wsgi [req-d178766c-cdfd-4d0c-b619-493d72c4de1d req-fc233a70-f2b5-493c-aba3-dc2fd58e4c8f 229501d8a6c14532b4471656d3f47bda 898e81d6baed46e2827c75275a9facd0 - - 3956b636088b444f9ad1deef5c6431c0 3956b636088b444f9ad1deef5c6431c0] 199.19.213.138 "GET /v2.0/subnets?id=64908072-e30b-4d8d-90f7-b489ff485a23 HTTP/1.1" status: 200 len: 865 time: 0.0430090
2026-05-21 06:09:20.128 10 INFO neutron.wsgi [req-d178766c-cdfd-4d0c-b619-493d72c4de1d req-8ba45e84-8f41-402d-a516-0579bb019ecd 229501d8a6c14532b4471656d3f47bda 898e81d6baed46e2827c75275a9facd0 - - 3956b636088b444f9ad1deef5c6431c0 3956b636088b444f9ad1deef5c6431c0] 199.19.213.138 "GET /v2.0/ports?network_id=41f4ca13-55a2-4fd3-bd2d-4138f64c856a&device_owner=network%3Adhcp HTTP/1.1" status: 200 len: 210 time: 0.0301876
2026-05-21 06:09:20.208 10 INFO neutron.wsgi [req-d178766c-cdfd-4d0c-b619-493d72c4de1d req-e29e95fd-20d6-4903-916f-a582dab5544b 229501d8a6c14532b4471656d3f47bda 898e81d6baed46e2827c75275a9facd0 - - 3956b636088b444f9ad1deef5c6431c0 3956b636088b444f9ad1deef5c6431c0] 199.19.213.138 "GET /v2.0/networks/41f4ca13-55a2-4fd3-bd2d-4138f64c856a?fields=segments HTTP/1.1" status: 200 len: 212 time: 0.0739744
2026-05-21 06:09:20.281 10 INFO neutron.wsgi [req-d178766c-cdfd-4d0c-b619-493d72c4de1d req-b4661cd9-9825-474f-bb22-26f007ea898f 229501d8a6c14532b4471656d3f47bda 898e81d6baed46e2827c75275a9facd0 - - 3956b636088b444f9ad1deef5c6431c0 3956b636088b444f9ad1deef5c6431c0] 199.19.213.138 "GET /v2.0/networks/41f4ca13-55a2-4fd3-bd2d-4138f64c856a?fields=provider%3Aphysical_network&fields=provider%3Anetwork_type HTTP/1.1" status: 200 len: 277 time: 0.0623577
2026-05-21 06:09:20.743 9 INFO neutron.wsgi [-] 10.0.0.172 "GET / HTTP/1.1" status: 200 len: 246 time: 0.0028470
2026-05-21 06:09:20.743 10 INFO neutron.wsgi [-] 10.0.0.172 "GET / HTTP/1.1" status: 200 len: 246 time: 0.0029497 /var/lib/openstack/lib/python3.10/site-packages/pycadf/identifier.py:71: UserWarning: Invalid uuid: neutron. To ensure interoperability, identifiers should be a valid uuid. warnings.warn(('Invalid uuid: %s. To ensure interoperability, '
2026-05-21 06:09:26.007 9 INFO neutron.wsgi [req-83081a32-b597-4efe-afd5-ab464f0b15fd req-65499efa-9bf7-46bf-a4da-3fd9ae18c045 229501d8a6c14532b4471656d3f47bda 898e81d6baed46e2827c75275a9facd0 - - 3956b636088b444f9ad1deef5c6431c0 3956b636088b444f9ad1deef5c6431c0] 10.0.0.179 "GET /v2.0/ports?device_id=a8e8e29f-c422-4b56-bfa7-b8fa4f12d94f HTTP/1.1" status: 200 len: 1638 time: 0.0452504
2026-05-21 06:09:26.061 9 INFO neutron.wsgi [req-83081a32-b597-4efe-afd5-ab464f0b15fd req-cd176089-afb5-4171-8944-5d9afe4725e1 229501d8a6c14532b4471656d3f47bda 898e81d6baed46e2827c75275a9facd0 - - 3956b636088b444f9ad1deef5c6431c0 3956b636088b444f9ad1deef5c6431c0] 10.0.0.179 "GET /v2.0/security-groups?id=fba01e4b-1487-4ba3-aaec-4f7b998724f7&fields=id&fields=name HTTP/1.1" status: 200 len: 310 time: 0.0459712
2026-05-21 06:09:35.742 10 INFO neutron.wsgi [-] 10.0.0.172 "GET / HTTP/1.1" status: 200 len: 246 time: 0.0021656
2026-05-21 06:09:35.742 9 INFO neutron.wsgi [-] 10.0.0.172 "GET / HTTP/1.1" status: 200 len: 246 time: 0.0020041
2026-05-21 06:09:50.743 9 INFO neutron.wsgi [-] 10.0.0.172 "GET / HTTP/1.1" status: 200 len: 246 time: 0.0029628
2026-05-21 06:09:50.744 10 INFO neutron.wsgi [-] 10.0.0.172 "GET / HTTP/1.1" status: 200 len: 246 time: 0.0031390
2026-05-21 06:10:05.745 10 INFO neutron.wsgi [-] 10.0.0.172 "GET / HTTP/1.1" status: 200 len: 246 time: 0.0042408
2026-05-21 06:10:05.745 9 INFO neutron.wsgi [-] 10.0.0.172 "GET / HTTP/1.1" status: 200 len: 246 time: 0.0038698
2026-05-21 06:10:10.944 10 INFO neutron.wsgi [None req-a4fe03b6-10de-412a-a4a4-b85366eddd8b 14f1358bc9e343d3a49fb905c1b51cf4 b596d1aa324b428fa9b59886b28a5fe0 - - default default] 10.0.0.104 "GET /v2.0/security-groups HTTP/1.1" status: 200 len: 40940 time: 0.1358960
2026-05-21 06:10:11.017 10 INFO neutron.wsgi [None req-ce6007c9-01bd-459c-ac24-8e3da5151af5 14f1358bc9e343d3a49fb905c1b51cf4 b596d1aa324b428fa9b59886b28a5fe0 - - default default] 10.0.0.104 "GET /v2.0/subnets HTTP/1.1" status: 200 len: 6798 time: 0.0600617
2026-05-21 06:10:11.132 10 INFO neutron.wsgi [None req-513251a5-237d-40e1-b4ca-6367a16aa7a8 14f1358bc9e343d3a49fb905c1b51cf4 b596d1aa324b428fa9b59886b28a5fe0 - - default default] 10.0.0.104 "GET /v2.0/ports HTTP/1.1" status: 200 len: 26260 time: 0.1122787
2026-05-21 06:10:11.200 10 INFO neutron.wsgi [None req-8e81856a-6983-414e-91fa-af774eb44d57 14f1358bc9e343d3a49fb905c1b51cf4 b596d1aa324b428fa9b59886b28a5fe0 - - default default] 10.0.0.104 "GET /v2.0/subnets HTTP/1.1" status: 200 len: 6798 time: 0.0530696
2026-05-21 06:10:11.212 10 INFO neutron.wsgi [None req-a025a71e-158a-455d-a95b-79e07b0d0aaf 14f1358bc9e343d3a49fb905c1b51cf4 b596d1aa324b428fa9b59886b28a5fe0 - - default default] 10.0.0.104 "GET /v2.0/subnetpools HTTP/1.1" status: 200 len: 193 time: 0.0098708
2026-05-21 06:10:11.229 10 INFO neutron.wsgi [None req-87b17149-a83b-48d6-b0e5-1f018eaed11d 14f1358bc9e343d3a49fb905c1b51cf4 b596d1aa324b428fa9b59886b28a5fe0 - - default default] 10.0.0.104 "GET /v2.0/network-ip-availabilities HTTP/1.1" status: 200 len: 4299 time: 0.0167756
2026-05-21 06:10:11.436 10 INFO neutron.wsgi [None req-1387130d-a54f-42b9-9d55-f9fac59c16c6 14f1358bc9e343d3a49fb905c1b51cf4 b596d1aa324b428fa9b59886b28a5fe0 - - default default] 10.0.0.104 "GET /v2.0/agents HTTP/1.1" status: 200 len: 997 time: 0.2045646
2026-05-21 06:10:11.503 10 INFO neutron.wsgi [None req-b28fb916-95a4-400a-96d6-1bc729ac1cb7 14f1358bc9e343d3a49fb905c1b51cf4 b596d1aa324b428fa9b59886b28a5fe0 - - default default] 10.0.0.104 "GET /v2.0/floatingips HTTP/1.1" status: 200 len: 2720 time: 0.0639539
2026-05-21 06:10:11.594 10 INFO neutron.wsgi [None req-cf7dc077-aa37-4c2e-af9b-7a4d9060a0f9 14f1358bc9e343d3a49fb905c1b51cf4 b596d1aa324b428fa9b59886b28a5fe0 - - default default] 10.0.0.104 "GET /v2.0/routers HTTP/1.1" status: 200 len: 2191 time: 0.0896268
2026-05-21 06:10:11.605 10 INFO neutron.wsgi [None req-c89e23ff-a36c-46cf-8d6d-f374a7c52cd2 14f1358bc9e343d3a49fb905c1b51cf4 b596d1aa324b428fa9b59886b28a5fe0 - - default default] 10.0.0.104 "GET /v2.0/agents?binary=ovn-controller HTTP/1.1" status: 200 len: 591 time: 0.0099201
2026-05-21 06:10:11.723 10 INFO neutron.wsgi [None req-bd151e50-41b0-4962-b85a-c79169522b49 14f1358bc9e343d3a49fb905c1b51cf4 b596d1aa324b428fa9b59886b28a5fe0 - - default default] 10.0.0.104 "GET /v2.0/networks HTTP/1.1" status: 200 len: 6234 time: 0.1168535
2026-05-21 06:10:18.129 10 INFO neutron.wsgi [None req-93182e56-c99b-4d5c-a271-033e56df857f b1b2b1dfe0d244b5bf7e48ed8c9f78b5 4629112f9d594ede9b124f1d8ea10099 - - default default] 10.0.0.31 "GET /v2.0/subnets/46373508-de9e-45fa-b26f-ad080ec36cea HTTP/1.1" status: 200 len: 845 time: 0.0379319
2026-05-21 06:10:19.065 10 INFO neutron.wsgi [None req-444356fc-94e7-4bc5-a53a-1952ba5abbee 14f1358bc9e343d3a49fb905c1b51cf4 b596d1aa324b428fa9b59886b28a5fe0 - - default default] 10.0.0.65 "GET /v2.0/extensions/security-group HTTP/1.1" status: 200 len: 369 time: 0.0533068
2026-05-21 06:10:19.080 10 INFO neutron.wsgi [None req-e4aae4bb-95fc-4bcf-8f6a-e854add48673 14f1358bc9e343d3a49fb905c1b51cf4 b596d1aa324b428fa9b59886b28a5fe0 - - default default] 10.0.0.65 "GET /v2.0/extensions/dns-integration HTTP/1.1" status: 200 len: 371 time: 0.0067832
2026-05-21 06:10:19.090 10 INFO neutron.wsgi [None req-6d7c2e47-0f00-4fd7-9bfd-11b2d6a3dd2d 14f1358bc9e343d3a49fb905c1b51cf4 b596d1aa324b428fa9b59886b28a5fe0 - - default default] 10.0.0.65 "GET /v2.0/extensions/qos HTTP/1.1" status: 200 len: 365 time: 0.0030375
2026-05-21 06:10:19.101 10 INFO neutron.wsgi [None req-9e15461c-4f45-4337-8074-eaf793ec0b88 14f1358bc9e343d3a49fb905c1b51cf4 b596d1aa324b428fa9b59886b28a5fe0 - - default default] 10.0.0.65 "GET /v2.0/extensions/allowed-address-pairs HTTP/1.1" status: 200 len: 383 time: 0.0067680
2026-05-21 06:10:19.593 10 INFO neutron.wsgi [-] 10.0.0.65 "GET / HTTP/1.1" status: 200 len: 284 time: 0.0035062
2026-05-21 06:10:19.662 9 INFO neutron.wsgi [None req-994c8f33-4caf-414c-a23c-61d46d504cf8 492bf0e032bc446daa8e01e25b07498a 31d248f038194717bf2fd0052df59473 - - default default] 10.0.0.65 "GET /v2.0/subnets/46373508-de9e-45fa-b26f-ad080ec36cea HTTP/1.1" status: 200 len: 832 time: 0.0489323
2026-05-21 06:10:19.683 10 INFO neutron.wsgi [None req-9ffeb266-f390-401b-8b20-9b6697fe318a 14f1358bc9e343d3a49fb905c1b51cf4 b596d1aa324b428fa9b59886b28a5fe0 - - default default] 10.0.0.65 "GET /v2.0/extensions/security-group HTTP/1.1" status: 200 len: 369 time: 0.0084462
2026-05-21 06:10:19.696 10 INFO neutron.wsgi [None req-062920aa-df61-4a66-b84a-fb5b070e3045 14f1358bc9e343d3a49fb905c1b51cf4 b596d1aa324b428fa9b59886b28a5fe0 - - default default] 10.0.0.65 "GET /v2.0/extensions/dns-integration HTTP/1.1" status: 200 len: 371 time: 0.0062826
2026-05-21 06:10:19.706 10 INFO neutron.wsgi [None req-717e37f3-b4ab-4310-b020-83956181543a 14f1358bc9e343d3a49fb905c1b51cf4 b596d1aa324b428fa9b59886b28a5fe0 - - default default] 10.0.0.65 "GET /v2.0/extensions/qos HTTP/1.1" status: 200 len: 365 time: 0.0056796
2026-05-21 06:10:19.715 10 INFO neutron.wsgi [None req-28ff6d1e-4e7a-4616-ae1f-f483235bad4b 14f1358bc9e343d3a49fb905c1b51cf4 b596d1aa324b428fa9b59886b28a5fe0 - - default default] 10.0.0.65 "GET /v2.0/extensions/allowed-address-pairs HTTP/1.1" status: 200 len: 383 time: 0.0050652
2026-05-21 06:10:19.755 10 INFO neutron.wsgi [None req-c407303d-cb5e-4f2b-8500-ba8369716810 14f1358bc9e343d3a49fb905c1b51cf4 b596d1aa324b428fa9b59886b28a5fe0 - - default default] 10.0.0.65 "GET /v2.0/subnets/46373508-de9e-45fa-b26f-ad080ec36cea HTTP/1.1" status: 200 len: 850 time: 0.0338900
2026-05-21 06:10:19.852 10 INFO neutron.wsgi [None req-c41d07c7-d702-4d33-8e96-fc8e6e57638e 14f1358bc9e343d3a49fb905c1b51cf4 b596d1aa324b428fa9b59886b28a5fe0 - - default default] 10.0.0.65 "GET /v2.0/extensions/security-group HTTP/1.1" status: 200 len: 369 time: 0.0078437
