2026-05-21 06:08:24.881 10 INFO neutron.notifiers.nova [-] Nova event matching ['req-19ebb463-e870-47c5-ae97-6bf432ace3b3'] response: {'name': 'network-changed', 'server_uuid': '2a19f2bf-8c2a-431e-84c5-65873bb23a66', 'tag': '7ee0b0cb-b36c-453c-943c-49914f519bad', 'status': 'completed', 'code': 200}
2026-05-21 06:08:24.885 9 INFO neutron.wsgi [None req-29864b0a-395c-4926-8432-2b46274b2481 2ba53977ce7c4a9c9a5e6249be570bd2 d3e6ee02e44a4832a3a100ccf37f9ffb - - default default] 10.0.0.31 "GET /v2.0/subnetpools?not-tags=red%2Cblue HTTP/1.1" status: 200 len: 1730 time: 0.0296531
2026-05-21 06:08:24.916 9 INFO neutron.wsgi [None req-5fdf45ad-9cbe-4b4d-a07c-ca43b7f09cee 2ba53977ce7c4a9c9a5e6249be570bd2 d3e6ee02e44a4832a3a100ccf37f9ffb - - default default] 10.0.0.31 "GET /v2.0/subnetpools?not-tags-any=blue HTTP/1.1" status: 200 len: 1730 time: 0.0250463
2026-05-21 06:08:24.936 10 INFO neutron.wsgi [req-87dced01-a514-412c-ac9e-cca43fe5963f req-a87e668b-862b-44a2-80b9-232c8f351152 229501d8a6c14532b4471656d3f47bda 898e81d6baed46e2827c75275a9facd0 - - 3956b636088b444f9ad1deef5c6431c0 3956b636088b444f9ad1deef5c6431c0] 199.19.213.138 "GET /v2.0/ports?tenant_id=852bdf4f020a482fb178d5b0b23522b1&device_id=2a19f2bf-8c2a-431e-84c5-65873bb23a66 HTTP/1.1" status: 200 len: 1411 time: 0.0481122
2026-05-21 06:08:24.953 9 INFO neutron.wsgi [None req-90217303-17d1-4b10-a851-86ff357e2524 2ba53977ce7c4a9c9a5e6249be570bd2 d3e6ee02e44a4832a3a100ccf37f9ffb - - default default] 10.0.0.31 "GET /v2.0/subnetpools?not-tags-any=red%2Cblue HTTP/1.1" status: 200 len: 1223 time: 0.0252771
2026-05-21 06:08:24.971 10 INFO neutron.wsgi [req-87dced01-a514-412c-ac9e-cca43fe5963f req-e27c0bbb-f24c-46e9-a117-81bc8bf89563 229501d8a6c14532b4471656d3f47bda 898e81d6baed46e2827c75275a9facd0 - - 3956b636088b444f9ad1deef5c6431c0 3956b636088b444f9ad1deef5c6431c0] 199.19.213.138 "GET /v2.0/floatingips?fixed_ip_address=10.100.0.12&port_id=7ee0b0cb-b36c-453c-943c-49914f519bad HTTP/1.1" status: 200 len: 217 time: 0.0256581
2026-05-21 06:08:25.031 10 INFO neutron.wsgi [req-87dced01-a514-412c-ac9e-cca43fe5963f req-c0551697-13aa-4d11-a3f2-0444713ca856 229501d8a6c14532b4471656d3f47bda 898e81d6baed46e2827c75275a9facd0 - - 3956b636088b444f9ad1deef5c6431c0 3956b636088b444f9ad1deef5c6431c0] 199.19.213.138 "GET /v2.0/subnets?id=4ef5d20b-dcca-4f3a-99af-de8e6383f639 HTTP/1.1" status: 200 len: 853 time: 0.0476739
2026-05-21 06:08:25.044 9 INFO neutron.wsgi [None req-7de66839-ffc9-41e1-93a8-1c37baa39e40 2ba53977ce7c4a9c9a5e6249be570bd2 d3e6ee02e44a4832a3a100ccf37f9ffb - - default default] 10.0.0.31 "DELETE /v2.0/subnetpools/457a6589-3553-4b7a-90be-e8301adf8f50 HTTP/1.1" status: 204 len: 168 time: 0.0840552
2026-05-21 06:08:25.067 10 INFO neutron.wsgi [req-87dced01-a514-412c-ac9e-cca43fe5963f req-870ab2cd-b6f6-46f4-bab8-98fbc7dbda56 229501d8a6c14532b4471656d3f47bda 898e81d6baed46e2827c75275a9facd0 - - 3956b636088b444f9ad1deef5c6431c0 3956b636088b444f9ad1deef5c6431c0] 199.19.213.138 "GET /v2.0/ports?network_id=06684794-16ae-4329-a9d0-adfe289979ae&device_owner=network%3Adhcp HTTP/1.1" status: 200 len: 210 time: 0.0284534
2026-05-21 06:08:25.135 9 INFO neutron.wsgi [req-777157ac-d45c-478f-b02b-53ae334b2591 req-3a60d483-ef67-4e40-a742-93e0205e854c cfe9a24ee4434e03a0392f994ba3cd72 852bdf4f020a482fb178d5b0b23522b1 - - default default] 10.0.0.167 "GET /v2.0/ports?device_id=2a19f2bf-8c2a-431e-84c5-65873bb23a66 HTTP/1.1" status: 200 len: 1172 time: 0.0392520
2026-05-21 06:08:25.138 9 INFO neutron.wsgi [None req-545279db-9939-4d29-aede-181beb36f1a4 2ba53977ce7c4a9c9a5e6249be570bd2 d3e6ee02e44a4832a3a100ccf37f9ffb - - default default] 10.0.0.31 "DELETE /v2.0/subnetpools/c134c56d-a9aa-4130-9251-804eb7551bc8 HTTP/1.1" status: 204 len: 168 time: 0.0856724
2026-05-21 06:08:25.150 10 INFO neutron.wsgi [req-87dced01-a514-412c-ac9e-cca43fe5963f req-24314df8-db80-49c0-b55e-a0d28a9193c8 229501d8a6c14532b4471656d3f47bda 898e81d6baed46e2827c75275a9facd0 - - 3956b636088b444f9ad1deef5c6431c0 3956b636088b444f9ad1deef5c6431c0] 199.19.213.138 "GET /v2.0/networks/06684794-16ae-4329-a9d0-adfe289979ae?fields=segments HTTP/1.1" status: 200 len: 212 time: 0.0742390
2026-05-21 06:08:25.206 9 INFO neutron.wsgi [req-777157ac-d45c-478f-b02b-53ae334b2591 req-05408adf-a301-46cf-acde-37d1002c0842 cfe9a24ee4434e03a0392f994ba3cd72 852bdf4f020a482fb178d5b0b23522b1 - - default default] 10.0.0.167 "GET /v2.0/security-groups?id=68817cbb-dc6e-41a2-b3f3-d70b433ba113&fields=id&fields=name HTTP/1.1" status: 200 len: 313 time: 0.0632553
2026-05-21 06:08:25.222 10 INFO neutron.wsgi [req-87dced01-a514-412c-ac9e-cca43fe5963f req-2dc14c68-cfec-4eb5-a066-e5b9871bdb90 229501d8a6c14532b4471656d3f47bda 898e81d6baed46e2827c75275a9facd0 - - 3956b636088b444f9ad1deef5c6431c0 3956b636088b444f9ad1deef5c6431c0] 199.19.213.138 "GET /v2.0/networks/06684794-16ae-4329-a9d0-adfe289979ae?fields=provider%3Aphysical_network&fields=provider%3Anetwork_type HTTP/1.1" status: 200 len: 277 time: 0.0655210
2026-05-21 06:08:25.233 9 INFO neutron.wsgi [None req-20fe7909-9a43-46ca-a03c-eda289444a65 2ba53977ce7c4a9c9a5e6249be570bd2 d3e6ee02e44a4832a3a100ccf37f9ffb - - default default] 10.0.0.31 "DELETE /v2.0/subnetpools/c60650f2-bb03-4b48-828c-118a0fb28fd4 HTTP/1.1" status: 204 len: 168 time: 0.0890355
2026-05-21 06:08:25.304 9 INFO neutron.wsgi [None req-70467896-2c8a-4eab-86cf-0974e54d523c 2ba53977ce7c4a9c9a5e6249be570bd2 d3e6ee02e44a4832a3a100ccf37f9ffb - - default default] 10.0.0.31 "DELETE /v2.0/subnetpools/1bbec386-cd27-496d-b0fa-a501ff5d87dd HTTP/1.1" status: 204 len: 168 time: 0.0663564
2026-05-21 06:08:25.330 10 INFO neutron.wsgi [req-da69fb82-d5b9-453b-9197-ff2370c0c4e5 req-c023d0fe-42f8-4a86-8b7d-b5e6acc857fe 229501d8a6c14532b4471656d3f47bda 898e81d6baed46e2827c75275a9facd0 - - 3956b636088b444f9ad1deef5c6431c0 3956b636088b444f9ad1deef5c6431c0] 199.19.213.138 "GET /v2.0/ports?tenant_id=852bdf4f020a482fb178d5b0b23522b1&device_id=2a19f2bf-8c2a-431e-84c5-65873bb23a66 HTTP/1.1" status: 200 len: 1411 time: 0.0444779
2026-05-21 06:08:25.401 9 INFO neutron.wsgi [None req-09563155-5532-4dbb-88bf-a58949ee491d 2ba53977ce7c4a9c9a5e6249be570bd2 d3e6ee02e44a4832a3a100ccf37f9ffb - - default default] 10.0.0.31 "DELETE /v2.0/subnetpools/489dc355-e561-404d-97fb-ab4505d3a991 HTTP/1.1" status: 204 len: 168 time: 0.0881996
2026-05-21 06:08:25.420 10 INFO neutron.wsgi [req-da69fb82-d5b9-453b-9197-ff2370c0c4e5 req-2f4f776a-d5ff-4974-9fbf-9e0caa87f4c2 229501d8a6c14532b4471656d3f47bda 898e81d6baed46e2827c75275a9facd0 - - 3956b636088b444f9ad1deef5c6431c0 3956b636088b444f9ad1deef5c6431c0] 199.19.213.138 "GET /v2.0/networks?id=06684794-16ae-4329-a9d0-adfe289979ae HTTP/1.1" status: 200 len: 959 time: 0.0828424
2026-05-21 06:08:25.443 9 INFO neutron.plugins.ml2.drivers.ovn.mech_driver.mech_driver [None req-bdae711b-8b13-4214-9c2c-d0e26b7da533 - - - - - -] OVN reports status up for port: 7ee0b0cb-b36c-453c-943c-49914f519bad
2026-05-21 06:08:25.455 9 INFO neutron.plugins.ml2.plugin [None req-bdae711b-8b13-4214-9c2c-d0e26b7da533 - - - - - -] Attempt 1 to provision port 7ee0b0cb-b36c-453c-943c-49914f519bad
2026-05-21 06:08:25.458 10 INFO neutron.wsgi [req-da69fb82-d5b9-453b-9197-ff2370c0c4e5 req-81db5126-e8fa-4644-a564-da6def1d8604 229501d8a6c14532b4471656d3f47bda 898e81d6baed46e2827c75275a9facd0 - - 3956b636088b444f9ad1deef5c6431c0 3956b636088b444f9ad1deef5c6431c0] 199.19.213.138 "GET /v2.0/floatingips?fixed_ip_address=10.100.0.12&port_id=7ee0b0cb-b36c-453c-943c-49914f519bad HTTP/1.1" status: 200 len: 217 time: 0.0328324
2026-05-21 06:08:25.509 10 INFO neutron.wsgi [req-da69fb82-d5b9-453b-9197-ff2370c0c4e5 req-39e550a5-17d3-4412-af6a-624a2baa69aa 229501d8a6c14532b4471656d3f47bda 898e81d6baed46e2827c75275a9facd0 - - 3956b636088b444f9ad1deef5c6431c0 3956b636088b444f9ad1deef5c6431c0] 199.19.213.138 "GET /v2.0/subnets?id=4ef5d20b-dcca-4f3a-99af-de8e6383f639 HTTP/1.1" status: 200 len: 853 time: 0.0463789
2026-05-21 06:08:25.539 10 INFO neutron.wsgi [req-da69fb82-d5b9-453b-9197-ff2370c0c4e5 req-3a6cb620-a56f-4110-b02f-2d1fd047593d 229501d8a6c14532b4471656d3f47bda 898e81d6baed46e2827c75275a9facd0 - - 3956b636088b444f9ad1deef5c6431c0 3956b636088b444f9ad1deef5c6431c0] 199.19.213.138 "GET /v2.0/ports?network_id=06684794-16ae-4329-a9d0-adfe289979ae&device_owner=network%3Adhcp HTTP/1.1" status: 200 len: 210 time: 0.0233657
2026-05-21 06:08:25.598 9 INFO neutron.notifiers.nova [-] Nova event matching ['req-dbb61ed2-acb4-4eee-906e-5eaf2316fb30'] response: {'server_uuid': '2a19f2bf-8c2a-431e-84c5-65873bb23a66', 'name': 'network-vif-plugged', 'status': 'completed', 'tag': '7ee0b0cb-b36c-453c-943c-49914f519bad', 'code': 200}
2026-05-21 06:08:25.621 10 INFO neutron.wsgi [req-da69fb82-d5b9-453b-9197-ff2370c0c4e5 req-862e31f6-b2e4-4aa0-bf5a-fa0807a15d63 229501d8a6c14532b4471656d3f47bda 898e81d6baed46e2827c75275a9facd0 - - 3956b636088b444f9ad1deef5c6431c0 3956b636088b444f9ad1deef5c6431c0] 199.19.213.138 "GET /v2.0/networks/06684794-16ae-4329-a9d0-adfe289979ae?fields=segments HTTP/1.1" status: 200 len: 212 time: 0.0770156
2026-05-21 06:08:25.690 10 INFO neutron.wsgi [req-da69fb82-d5b9-453b-9197-ff2370c0c4e5 req-66ecf8a0-09b6-498a-8eca-a1f9d6059e0b 229501d8a6c14532b4471656d3f47bda 898e81d6baed46e2827c75275a9facd0 - - 3956b636088b444f9ad1deef5c6431c0 3956b636088b444f9ad1deef5c6431c0] 199.19.213.138 "GET /v2.0/networks/06684794-16ae-4329-a9d0-adfe289979ae?fields=provider%3Aphysical_network&fields=provider%3Anetwork_type HTTP/1.1" status: 200 len: 277 time: 0.0644424
2026-05-21 06:08:25.755 9 INFO neutron.db.ovn_revision_numbers_db [None req-bdae711b-8b13-4214-9c2c-d0e26b7da533 - - - - - -] Successfully bumped revision number for resource 7ee0b0cb-b36c-453c-943c-49914f519bad (type: ports) to 4 /var/lib/openstack/lib/python3.10/site-packages/pycadf/identifier.py:71: UserWarning: Invalid uuid: neutron. To ensure interoperability, identifiers should be a valid uuid. warnings.warn(('Invalid uuid: %s. To ensure interoperability, '
2026-05-21 06:08:26.311 9 INFO neutron.wsgi [req-80b20542-1cea-43f0-ae2a-a6d2eb6a9b8c req-7dee9361-097c-49ae-8169-094877e440ae cfe9a24ee4434e03a0392f994ba3cd72 852bdf4f020a482fb178d5b0b23522b1 - - default default] 10.0.0.167 "GET /v2.0/ports?device_id=2a19f2bf-8c2a-431e-84c5-65873bb23a66 HTTP/1.1" status: 200 len: 1174 time: 0.0398793
2026-05-21 06:08:26.366 9 INFO neutron.wsgi [req-80b20542-1cea-43f0-ae2a-a6d2eb6a9b8c req-f26a9846-2085-434f-ab67-c77dc85f6bdf cfe9a24ee4434e03a0392f994ba3cd72 852bdf4f020a482fb178d5b0b23522b1 - - default default] 10.0.0.167 "GET /v2.0/security-groups?id=68817cbb-dc6e-41a2-b3f3-d70b433ba113&fields=id&fields=name HTTP/1.1" status: 200 len: 313 time: 0.0430782
2026-05-21 06:08:26.688 10 INFO neutron.db.ovn_revision_numbers_db [None req-90c70fe6-0db4-4a6a-9e5d-0fe7a7ae5bf4 14f1358bc9e343d3a49fb905c1b51cf4 b596d1aa324b428fa9b59886b28a5fe0 - - default default] Successfully bumped revision number for resource 20c4a4a6-314c-4933-a572-423a6c37c00e (type: security_groups) to 1
2026-05-21 06:08:26.707 10 INFO neutron.db.ovn_revision_numbers_db [None req-90c70fe6-0db4-4a6a-9e5d-0fe7a7ae5bf4 14f1358bc9e343d3a49fb905c1b51cf4 b596d1aa324b428fa9b59886b28a5fe0 - - default default] Successfully bumped revision number for resource 0fda093d-8920-4243-b0fc-c0c1fe5b512a (type: security_group_rules) to 0
2026-05-21 06:08:26.723 10 INFO neutron.db.ovn_revision_numbers_db [None req-90c70fe6-0db4-4a6a-9e5d-0fe7a7ae5bf4 14f1358bc9e343d3a49fb905c1b51cf4 b596d1aa324b428fa9b59886b28a5fe0 - - default default] Successfully bumped revision number for resource 2eda031a-4402-4bdf-9e34-3b3c99ebd8ba (type: security_group_rules) to 0
2026-05-21 06:08:26.744 10 INFO neutron.db.ovn_revision_numbers_db [None req-90c70fe6-0db4-4a6a-9e5d-0fe7a7ae5bf4 14f1358bc9e343d3a49fb905c1b51cf4 b596d1aa324b428fa9b59886b28a5fe0 - - default default] Successfully bumped revision number for resource 3cf28b0c-6b15-4165-906b-73c54fb4d2dd (type: security_group_rules) to 0
2026-05-21 06:08:26.760 10 INFO neutron.db.ovn_revision_numbers_db [None req-90c70fe6-0db4-4a6a-9e5d-0fe7a7ae5bf4 14f1358bc9e343d3a49fb905c1b51cf4 b596d1aa324b428fa9b59886b28a5fe0 - - default default] Successfully bumped revision number for resource 4e564f35-6763-47be-bca1-4d6a275063a8 (type: security_group_rules) to 0
2026-05-21 06:08:26.790 10 INFO neutron.wsgi [None req-90c70fe6-0db4-4a6a-9e5d-0fe7a7ae5bf4 14f1358bc9e343d3a49fb905c1b51cf4 b596d1aa324b428fa9b59886b28a5fe0 - - default default] 10.0.0.31 "GET /v2.0/security-groups?tenant_id=d3e6ee02e44a4832a3a100ccf37f9ffb&name=default HTTP/1.1" status: 200 len: 2996 time: 0.4422526
2026-05-21 06:08:27.019 10 INFO neutron.wsgi [None req-71614c5a-7542-43ba-af1a-c5bc3dfd4356 14f1358bc9e343d3a49fb905c1b51cf4 b596d1aa324b428fa9b59886b28a5fe0 - - default default] 10.0.0.31 "DELETE /v2.0/security-groups/20c4a4a6-314c-4933-a572-423a6c37c00e HTTP/1.1" status: 204 len: 168 time: 0.2225881
2026-05-21 06:08:27.352 10 INFO neutron.db.ovn_revision_numbers_db [None req-564e982c-cf45-4797-8712-a6b82204d384 14f1358bc9e343d3a49fb905c1b51cf4 b596d1aa324b428fa9b59886b28a5fe0 - - default default] Successfully bumped revision number for resource 79181049-c101-4f04-92da-04a87a3b166f (type: security_groups) to 1
2026-05-21 06:08:27.364 10 INFO neutron.db.ovn_revision_numbers_db [None req-564e982c-cf45-4797-8712-a6b82204d384 14f1358bc9e343d3a49fb905c1b51cf4 b596d1aa324b428fa9b59886b28a5fe0 - - default default] Successfully bumped revision number for resource 6faa1740-f599-45fd-9bde-be4439962b5b (type: security_group_rules) to 0
2026-05-21 06:08:27.378 10 INFO neutron.db.ovn_revision_numbers_db [None req-564e982c-cf45-4797-8712-a6b82204d384 14f1358bc9e343d3a49fb905c1b51cf4 b596d1aa324b428fa9b59886b28a5fe0 - - default default] Successfully bumped revision number for resource 99fc6752-dfeb-4dfb-974a-dd16d52e3425 (type: security_group_rules) to 0
2026-05-21 06:08:27.393 10 INFO neutron.db.ovn_revision_numbers_db [None req-564e982c-cf45-4797-8712-a6b82204d384 14f1358bc9e343d3a49fb905c1b51cf4 b596d1aa324b428fa9b59886b28a5fe0 - - default default] Successfully bumped revision number for resource b566d24e-4e39-412b-b124-cc1d25f24f9c (type: security_group_rules) to 0
2026-05-21 06:08:27.429 10 INFO neutron.db.ovn_revision_numbers_db [None req-564e982c-cf45-4797-8712-a6b82204d384 14f1358bc9e343d3a49fb905c1b51cf4 b596d1aa324b428fa9b59886b28a5fe0 - - default default] Successfully bumped revision number for resource f9b6bbe9-c486-422b-8392-d98f0f24e82a (type: security_group_rules) to 0
2026-05-21 06:08:27.465 10 INFO neutron.wsgi [None req-564e982c-cf45-4797-8712-a6b82204d384 14f1358bc9e343d3a49fb905c1b51cf4 b596d1aa324b428fa9b59886b28a5fe0 - - default default] 10.0.0.31 "GET /v2.0/security-groups?tenant_id=5ecc1f557e6a42bba10592e63bbeaece&name=default HTTP/1.1" status: 200 len: 2996 time: 0.2665625
2026-05-21 06:08:27.558 9 INFO neutron.wsgi [req-3a958f57-120d-4866-885d-efe331921ec0 req-53085f50-f115-4829-b406-13bfd8526b20 cfe9a24ee4434e03a0392f994ba3cd72 852bdf4f020a482fb178d5b0b23522b1 - - default default] 10.0.0.167 "GET /v2.0/ports?device_id=2a19f2bf-8c2a-431e-84c5-65873bb23a66 HTTP/1.1" status: 200 len: 1174 time: 0.0951614
2026-05-21 06:08:27.624 9 INFO neutron.wsgi [req-3a958f57-120d-4866-885d-efe331921ec0 req-299755d8-f610-4795-8425-313c0beba1eb cfe9a24ee4434e03a0392f994ba3cd72 852bdf4f020a482fb178d5b0b23522b1 - - default default] 10.0.0.167 "GET /v2.0/security-groups?id=68817cbb-dc6e-41a2-b3f3-d70b433ba113&fields=id&fields=name HTTP/1.1" status: 200 len: 313 time: 0.0585268
2026-05-21 06:08:27.640 9 INFO neutron.notifiers.nova [-] Nova event matching ['req-4f90692b-5aa4-451a-86dc-99cd6b0a778d'] response: {'server_uuid': '2a19f2bf-8c2a-431e-84c5-65873bb23a66', 'name': 'network-vif-plugged', 'status': 'completed', 'tag': '7ee0b0cb-b36c-453c-943c-49914f519bad', 'code': 200}
2026-05-21 06:08:27.709 10 INFO neutron.wsgi [None req-71b31acb-fdc4-4bc6-a4d3-959f4f40a749 14f1358bc9e343d3a49fb905c1b51cf4 b596d1aa324b428fa9b59886b28a5fe0 - - default default] 10.0.0.31 "DELETE /v2.0/security-groups/79181049-c101-4f04-92da-04a87a3b166f HTTP/1.1" status: 204 len: 168 time: 0.2375674
2026-05-21 06:08:27.738 9 INFO neutron.wsgi [req-2bbc0a05-568b-4cda-b45d-7ba297b99cc0 req-e53864ac-be77-48de-9ef3-388710127d48 cfe9a24ee4434e03a0392f994ba3cd72 852bdf4f020a482fb178d5b0b23522b1 - - default default] 10.0.0.167 "GET /v2.0/ports?device_id=2a19f2bf-8c2a-431e-84c5-65873bb23a66 HTTP/1.1" status: 200 len: 1174 time: 0.0432591
2026-05-21 06:08:27.793 9 INFO neutron.wsgi [req-2bbc0a05-568b-4cda-b45d-7ba297b99cc0 req-e9b84ebf-78c4-490a-ba8c-3b61e50c09c2 cfe9a24ee4434e03a0392f994ba3cd72 852bdf4f020a482fb178d5b0b23522b1 - - default default] 10.0.0.167 "GET /v2.0/security-groups?id=68817cbb-dc6e-41a2-b3f3-d70b433ba113&fields=id&fields=name HTTP/1.1" status: 200 len: 313 time: 0.0468330
2026-05-21 06:08:27.895 9 INFO neutron.wsgi [None req-e67669f5-623f-4dbc-b510-27256f11e8f3 3a9fd791e7af4c0cb48dae441a03bd28 7e997aef21b04496acd36c02096d0331 - - default default] 10.0.0.31 "GET /v2.0/ports?device_id=2a19f2bf-8c2a-431e-84c5-65873bb23a66 HTTP/1.1" status: 200 len: 1408 time: 0.0700600
2026-05-21 06:08:27.932 10 INFO neutron.db.ovn_revision_numbers_db [None req-d058f14b-1f67-4ef6-bcc7-9bd03a85d55f 14f1358bc9e343d3a49fb905c1b51cf4 b596d1aa324b428fa9b59886b28a5fe0 - - default default] Successfully bumped revision number for resource 283ec374-2a18-4245-862c-6d3dbeeb513e (type: security_groups) to 1
2026-05-21 06:08:27.948 10 INFO neutron.db.ovn_revision_numbers_db [None req-d058f14b-1f67-4ef6-bcc7-9bd03a85d55f 14f1358bc9e343d3a49fb905c1b51cf4 b596d1aa324b428fa9b59886b28a5fe0 - - default default] Successfully bumped revision number for resource 24796d62-dffe-4afc-ad0f-bc536a3ab0ec (type: security_group_rules) to 0
2026-05-21 06:08:27.967 10 INFO neutron.db.ovn_revision_numbers_db [None req-d058f14b-1f67-4ef6-bcc7-9bd03a85d55f 14f1358bc9e343d3a49fb905c1b51cf4 b596d1aa324b428fa9b59886b28a5fe0 - - default default] Successfully bumped revision number for resource 392059bd-98a4-4a74-9df0-eb5513404702 (type: security_group_rules) to 0
2026-05-21 06:08:27.984 10 INFO neutron.db.ovn_revision_numbers_db [None req-d058f14b-1f67-4ef6-bcc7-9bd03a85d55f 14f1358bc9e343d3a49fb905c1b51cf4 b596d1aa324b428fa9b59886b28a5fe0 - - default default] Successfully bumped revision number for resource 9600c3b3-9501-4a40-b56d-c64b426e0c85 (type: security_group_rules) to 0
2026-05-21 06:08:28.001 10 INFO neutron.db.ovn_revision_numbers_db [None req-d058f14b-1f67-4ef6-bcc7-9bd03a85d55f 14f1358bc9e343d3a49fb905c1b51cf4 b596d1aa324b428fa9b59886b28a5fe0 - - default default] Successfully bumped revision number for resource af4423aa-dead-4885-9413-7b0b3fd23e48 (type: security_group_rules) to 0
2026-05-21 06:08:28.022 10 INFO neutron.wsgi [None req-d058f14b-1f67-4ef6-bcc7-9bd03a85d55f 14f1358bc9e343d3a49fb905c1b51cf4 b596d1aa324b428fa9b59886b28a5fe0 - - default default] 10.0.0.31 "GET /v2.0/security-groups?tenant_id=6471e082854f45319a48ee14526d11c5&name=default HTTP/1.1" status: 200 len: 2996 time: 0.2154427
2026-05-21 06:08:28.226 10 INFO neutron.wsgi [None req-9ef7b86d-6c2d-4324-ba07-a92949403f43 14f1358bc9e343d3a49fb905c1b51cf4 b596d1aa324b428fa9b59886b28a5fe0 - - default default] 10.0.0.31 "DELETE /v2.0/security-groups/283ec374-2a18-4245-862c-6d3dbeeb513e HTTP/1.1" status: 204 len: 168 time: 0.1971219
2026-05-21 06:08:28.498 9 INFO neutron.db.l3_db [None req-abbeafae-8415-4711-b9d3-a4fc2f7cfad0 cfe9a24ee4434e03a0392f994ba3cd72 852bdf4f020a482fb178d5b0b23522b1 - - default default] Floating IP a45b3b00-50e3-4a48-bfb0-aaa486af5a2e associated. External IP: 10.96.250.212, port: 7ee0b0cb-b36c-453c-943c-49914f519bad.
2026-05-21 06:08:28.773 9 INFO neutron.db.ovn_revision_numbers_db [None req-abbeafae-8415-4711-b9d3-a4fc2f7cfad0 cfe9a24ee4434e03a0392f994ba3cd72 852bdf4f020a482fb178d5b0b23522b1 - - default default] Successfully bumped revision number for resource a45b3b00-50e3-4a48-bfb0-aaa486af5a2e (type: floatingips) to 4
2026-05-21 06:08:28.890 9 INFO neutron.db.ovn_revision_numbers_db [None req-abbeafae-8415-4711-b9d3-a4fc2f7cfad0 cfe9a24ee4434e03a0392f994ba3cd72 852bdf4f020a482fb178d5b0b23522b1 - - default default] Successfully bumped revision number for resource a45b3b00-50e3-4a48-bfb0-aaa486af5a2e (type: floatingips) to 5
2026-05-21 06:08:28.917 9 INFO neutron.wsgi [None req-abbeafae-8415-4711-b9d3-a4fc2f7cfad0 cfe9a24ee4434e03a0392f994ba3cd72 852bdf4f020a482fb178d5b0b23522b1 - - default default] 10.0.0.31 "PUT /v2.0/floatingips/a45b3b00-50e3-4a48-bfb0-aaa486af5a2e HTTP/1.1" status: 200 len: 1050 time: 1.0133779 /var/lib/openstack/lib/python3.10/site-packages/pycadf/identifier.py:71: UserWarning: Invalid uuid: neutron. To ensure interoperability, identifiers should be a valid uuid. warnings.warn(('Invalid uuid: %s. To ensure interoperability, '
2026-05-21 06:08:28.974 9 INFO neutron.wsgi [None req-d0bdfbc8-7ec6-4a2c-bdfd-f3284b2c00bc cfe9a24ee4434e03a0392f994ba3cd72 852bdf4f020a482fb178d5b0b23522b1 - - default default] 10.0.0.31 "GET /v2.0/floatingips/a45b3b00-50e3-4a48-bfb0-aaa486af5a2e HTTP/1.1" status: 200 len: 1052 time: 0.0502603
2026-05-21 06:08:29.695 9 INFO neutron.notifiers.nova [-] Nova event matching ['req-8acdea12-65ad-46df-a38a-16a17aa30145'] response: {'name': 'network-changed', 'server_uuid': '2a19f2bf-8c2a-431e-84c5-65873bb23a66', 'tag': '7ee0b0cb-b36c-453c-943c-49914f519bad', 'status': 'completed', 'code': 200}
2026-05-21 06:08:29.757 10 INFO neutron.wsgi [req-e1d978ac-b700-446b-b1d6-51500939df24 req-03ba46d4-7bdf-495e-86b7-42999bf5238e 229501d8a6c14532b4471656d3f47bda 898e81d6baed46e2827c75275a9facd0 - - 3956b636088b444f9ad1deef5c6431c0 3956b636088b444f9ad1deef5c6431c0] 199.19.213.138 "GET /v2.0/ports?tenant_id=852bdf4f020a482fb178d5b0b23522b1&device_id=2a19f2bf-8c2a-431e-84c5-65873bb23a66 HTTP/1.1" status: 200 len: 1413 time: 0.0342193
2026-05-21 06:08:29.844 10 INFO neutron.wsgi [req-e1d978ac-b700-446b-b1d6-51500939df24 req-fc1f6dce-9d6f-4096-b028-6908622f6fb5 229501d8a6c14532b4471656d3f47bda 898e81d6baed46e2827c75275a9facd0 - - 3956b636088b444f9ad1deef5c6431c0 3956b636088b444f9ad1deef5c6431c0] 199.19.213.138 "GET /v2.0/networks?id=06684794-16ae-4329-a9d0-adfe289979ae HTTP/1.1" status: 200 len: 959 time: 0.0788579
2026-05-21 06:08:29.898 10 INFO neutron.wsgi [req-e1d978ac-b700-446b-b1d6-51500939df24 req-c52d388e-2cf4-4303-b1cc-c1690c655bbe 229501d8a6c14532b4471656d3f47bda 898e81d6baed46e2827c75275a9facd0 - - 3956b636088b444f9ad1deef5c6431c0 3956b636088b444f9ad1deef5c6431c0] 199.19.213.138 "GET /v2.0/floatingips?fixed_ip_address=10.100.0.12&port_id=7ee0b0cb-b36c-453c-943c-49914f519bad HTTP/1.1" status: 200 len: 1060 time: 0.0432987
2026-05-21 06:08:29.936 10 INFO neutron.wsgi [req-e1d978ac-b700-446b-b1d6-51500939df24 req-b4595562-82ef-48a7-936b-10d7fa1a9f48 229501d8a6c14532b4471656d3f47bda 898e81d6baed46e2827c75275a9facd0 - - 3956b636088b444f9ad1deef5c6431c0 3956b636088b444f9ad1deef5c6431c0] 199.19.213.138 "GET /v2.0/subnets?id=4ef5d20b-dcca-4f3a-99af-de8e6383f639 HTTP/1.1" status: 200 len: 853 time: 0.0316863
2026-05-21 06:08:29.960 10 INFO neutron.wsgi [req-e1d978ac-b700-446b-b1d6-51500939df24 req-5532c426-1cc2-43fa-9cac-7a23e920e14a 229501d8a6c14532b4471656d3f47bda 898e81d6baed46e2827c75275a9facd0 - - 3956b636088b444f9ad1deef5c6431c0 3956b636088b444f9ad1deef5c6431c0] 199.19.213.138 "GET /v2.0/ports?network_id=06684794-16ae-4329-a9d0-adfe289979ae&device_owner=network%3Adhcp HTTP/1.1" status: 200 len: 210 time: 0.0188646
2026-05-21 06:08:30.037 10 INFO neutron.wsgi [req-e1d978ac-b700-446b-b1d6-51500939df24 req-19e7114f-143c-4bd8-ad07-5837d8900954 229501d8a6c14532b4471656d3f47bda 898e81d6baed46e2827c75275a9facd0 - - 3956b636088b444f9ad1deef5c6431c0 3956b636088b444f9ad1deef5c6431c0] 199.19.213.138 "GET /v2.0/networks/06684794-16ae-4329-a9d0-adfe289979ae?fields=segments HTTP/1.1" status: 200 len: 212 time: 0.0693142
2026-05-21 06:08:30.101 10 INFO neutron.wsgi [req-e1d978ac-b700-446b-b1d6-51500939df24 req-a9b4eaca-93c1-4e99-b1fd-78449fccbd09 229501d8a6c14532b4471656d3f47bda 898e81d6baed46e2827c75275a9facd0 - - 3956b636088b444f9ad1deef5c6431c0 3956b636088b444f9ad1deef5c6431c0] 199.19.213.138 "GET /v2.0/networks/06684794-16ae-4329-a9d0-adfe289979ae?fields=provider%3Aphysical_network&fields=provider%3Anetwork_type HTTP/1.1" status: 200 len: 277 time: 0.0586522
2026-05-21 06:08:31.580 9 WARNING neutron_lib.context [None req-07344245-bc2e-49cb-998f-2e41999e5420 fbb86062a937452cb27f769514a08d29 24a9f42507eb44daacdfcb8abf6d8a1d - - default default] Method 'is_advsvc' is deprecated since 2023.2 release (neutron-lib 3.8.0) and will be removed once support for the old RBAC API policies will be removed from Neutron. Please use method 'is_service_role' instead.
2026-05-21 06:08:31.729 9 INFO neutron.db.ovn_revision_numbers_db [None req-07344245-bc2e-49cb-998f-2e41999e5420 fbb86062a937452cb27f769514a08d29 24a9f42507eb44daacdfcb8abf6d8a1d - - default default] Successfully bumped revision number for resource de8ce0df-3699-4580-a0e2-553cb5cbb4a2 (type: security_groups) to 1
2026-05-21 06:08:31.744 9 INFO neutron.db.ovn_revision_numbers_db [None req-07344245-bc2e-49cb-998f-2e41999e5420 fbb86062a937452cb27f769514a08d29 24a9f42507eb44daacdfcb8abf6d8a1d - - default default] Successfully bumped revision number for resource 1f6e9c5f-440d-403e-b06d-24dac86cdcc4 (type: security_group_rules) to 0
2026-05-21 06:08:31.759 9 INFO neutron.db.ovn_revision_numbers_db [None req-07344245-bc2e-49cb-998f-2e41999e5420 fbb86062a937452cb27f769514a08d29 24a9f42507eb44daacdfcb8abf6d8a1d - - default default] Successfully bumped revision number for resource 6cde1e82-8fbe-4111-a955-ef5335dec117 (type: security_group_rules) to 0
2026-05-21 06:08:31.779 9 INFO neutron.db.ovn_revision_numbers_db [None req-07344245-bc2e-49cb-998f-2e41999e5420 fbb86062a937452cb27f769514a08d29 24a9f42507eb44daacdfcb8abf6d8a1d - - default default] Successfully bumped revision number for resource 75004025-d305-4536-8ce8-b8e66224aa1c (type: security_group_rules) to 0
2026-05-21 06:08:31.795 9 INFO neutron.db.ovn_revision_numbers_db [None req-07344245-bc2e-49cb-998f-2e41999e5420 fbb86062a937452cb27f769514a08d29 24a9f42507eb44daacdfcb8abf6d8a1d - - default default] Successfully bumped revision number for resource d119f50d-f695-4670-99c1-a505ccd47f60 (type: security_group_rules) to 0
2026-05-21 06:08:31.855 9 INFO neutron.db.segments_db [None req-07344245-bc2e-49cb-998f-2e41999e5420 fbb86062a937452cb27f769514a08d29 24a9f42507eb44daacdfcb8abf6d8a1d - - default default] Added segment fda3dabd-affd-4d65-b3a8-9674c5bfafec of type geneve for network 2d47edb2-5fe1-4205-94d4-7417e9a4ba97
2026-05-21 06:08:31.975 9 INFO neutron.db.ovn_revision_numbers_db [None req-07344245-bc2e-49cb-998f-2e41999e5420 fbb86062a937452cb27f769514a08d29 24a9f42507eb44daacdfcb8abf6d8a1d - - default default] Successfully bumped revision number for resource 2d47edb2-5fe1-4205-94d4-7417e9a4ba97 (type: networks) to 1
2026-05-21 06:08:32.179 9 WARNING neutron.scheduler.dhcp_agent_scheduler [None req-07344245-bc2e-49cb-998f-2e41999e5420 fbb86062a937452cb27f769514a08d29 24a9f42507eb44daacdfcb8abf6d8a1d - - default default] No more DHCP agents
2026-05-21 06:08:32.181 9 WARNING neutron.api.rpc.agentnotifiers.dhcp_rpc_agent_api [None req-07344245-bc2e-49cb-998f-2e41999e5420 fbb86062a937452cb27f769514a08d29 24a9f42507eb44daacdfcb8abf6d8a1d - - default default] Unable to schedule network 2d47edb2-5fe1-4205-94d4-7417e9a4ba97: no agents available; will retry on subsequent port and subnet creation events.
2026-05-21 06:08:32.282 9 INFO neutron.db.ovn_revision_numbers_db [None req-07344245-bc2e-49cb-998f-2e41999e5420 fbb86062a937452cb27f769514a08d29 24a9f42507eb44daacdfcb8abf6d8a1d - - default default] Successfully bumped revision number for resource b60c65f1-865c-482c-a204-08eb45c4dfeb (type: ports) to 1
2026-05-21 06:08:32.320 9 INFO neutron.wsgi [None req-07344245-bc2e-49cb-998f-2e41999e5420 fbb86062a937452cb27f769514a08d29 24a9f42507eb44daacdfcb8abf6d8a1d - - default default] 10.0.0.31 "POST /v2.0/networks HTTP/1.1" status: 201 len: 831 time: 0.9154704
2026-05-21 06:08:32.377 9 INFO neutron.wsgi [None req-c29a7574-f6ad-483d-bf97-9bbecccf9855 fbb86062a937452cb27f769514a08d29 24a9f42507eb44daacdfcb8abf6d8a1d - - default default] 10.0.0.31 "PUT /v2.0/networks/2d47edb2-5fe1-4205-94d4-7417e9a4ba97/tags HTTP/1.1" status: 200 len: 218 time: 0.0524962
2026-05-21 06:08:32.429 9 INFO neutron.wsgi [None req-ce7c63e2-d7a6-4cdf-8bf5-abdd775d0073 fbb86062a937452cb27f769514a08d29 24a9f42507eb44daacdfcb8abf6d8a1d - - default default] 10.0.0.31 "GET /v2.0/networks/2d47edb2-5fe1-4205-94d4-7417e9a4ba97/tags HTTP/1.1" status: 200 len: 218 time: 0.0464737
2026-05-21 06:08:32.493 9 INFO neutron.wsgi [None req-34910a27-c634-4a71-96c3-9b3fe3293911 fbb86062a937452cb27f769514a08d29 24a9f42507eb44daacdfcb8abf6d8a1d - - default default] 10.0.0.31 "PUT /v2.0/networks/2d47edb2-5fe1-4205-94d4-7417e9a4ba97/tags/green HTTP/1.1" status: 201 len: 201 time: 0.0576475
2026-05-21 06:08:32.543 9 INFO neutron.wsgi [None req-2adf8d78-9517-41dc-9c15-28a22752a209 fbb86062a937452cb27f769514a08d29 24a9f42507eb44daacdfcb8abf6d8a1d - - default default] 10.0.0.31 "GET /v2.0/networks/2d47edb2-5fe1-4205-94d4-7417e9a4ba97/tags HTTP/1.1" status: 200 len: 227 time: 0.0458665
2026-05-21 06:08:32.591 9 INFO neutron.wsgi [None req-0f212d2f-7c07-4387-b397-aeb261400038 fbb86062a937452cb27f769514a08d29 24a9f42507eb44daacdfcb8abf6d8a1d - - default default] 10.0.0.31 "PUT /v2.0/networks/2d47edb2-5fe1-4205-94d4-7417e9a4ba97/tags/red HTTP/1.1" status: 201 len: 201 time: 0.0424361
2026-05-21 06:08:32.637 9 INFO neutron.wsgi [None req-30145adf-59a0-40c5-ab46-b6c00abf4beb fbb86062a937452cb27f769514a08d29 24a9f42507eb44daacdfcb8abf6d8a1d - - default default] 10.0.0.31 "GET /v2.0/networks/2d47edb2-5fe1-4205-94d4-7417e9a4ba97/tags HTTP/1.1" status: 200 len: 227 time: 0.0416784
2026-05-21 06:08:32.707 9 INFO neutron.wsgi [None req-163f7520-6c3c-423d-b208-6a5f7c5ea560 fbb86062a937452cb27f769514a08d29 24a9f42507eb44daacdfcb8abf6d8a1d - - default default] 10.0.0.31 "PUT /v2.0/networks/2d47edb2-5fe1-4205-94d4-7417e9a4ba97/tags/black.or.white HTTP/1.1" status: 201 len: 201 time: 0.0644302
2026-05-21 06:08:32.770 9 INFO neutron.wsgi [None req-4b7f42bf-c077-4fb8-b352-3b2b31a65f94 fbb86062a937452cb27f769514a08d29 24a9f42507eb44daacdfcb8abf6d8a1d - - default default] 10.0.0.31 "GET /v2.0/networks/2d47edb2-5fe1-4205-94d4-7417e9a4ba97/tags HTTP/1.1" status: 200 len: 245 time: 0.0572221
2026-05-21 06:08:32.844 9 INFO neutron.wsgi [None req-bc835c9d-3f71-4e6c-a785-102dab24debe fbb86062a937452cb27f769514a08d29 24a9f42507eb44daacdfcb8abf6d8a1d - - default default] 10.0.0.31 "PUT /v2.0/networks/2d47edb2-5fe1-4205-94d4-7417e9a4ba97/tags HTTP/1.1" status: 200 len: 230 time: 0.0674734
2026-05-21 06:08:32.908 9 INFO neutron.wsgi [None req-d89b3d62-10ed-4e1b-b469-f7e679563cde fbb86062a937452cb27f769514a08d29 24a9f42507eb44daacdfcb8abf6d8a1d - - default default] 10.0.0.31 "GET /v2.0/networks/2d47edb2-5fe1-4205-94d4-7417e9a4ba97/tags HTTP/1.1" status: 200 len: 230 time: 0.0598660
2026-05-21 06:08:32.979 9 INFO neutron.wsgi [None req-3361c68d-9281-4420-a995-95bac00a7c45 fbb86062a937452cb27f769514a08d29 24a9f42507eb44daacdfcb8abf6d8a1d - - default default] 10.0.0.31 "GET /v2.0/networks/2d47edb2-5fe1-4205-94d4-7417e9a4ba97/tags/red HTTP/1.1" status: 204 len: 168 time: 0.0660620
2026-05-21 06:08:33.027 9 INFO neutron.api.v2.resource [None req-438687b5-db7b-47dc-8f59-08272aa24bcd fbb86062a937452cb27f769514a08d29 24a9f42507eb44daacdfcb8abf6d8a1d - - default default] show failed (client error): The resource could not be found.
2026-05-21 06:08:33.028 9 INFO neutron.wsgi [None req-438687b5-db7b-47dc-8f59-08272aa24bcd fbb86062a937452cb27f769514a08d29 24a9f42507eb44daacdfcb8abf6d8a1d - - default default] 10.0.0.31 "GET /v2.0/networks/2d47edb2-5fe1-4205-94d4-7417e9a4ba97/tags/green HTTP/1.1" status: 404 len: 299 time: 0.0435748
2026-05-21 06:08:33.091 9 INFO neutron.wsgi [None req-ebe856f6-5465-4461-be12-e9ee09f6ace1 fbb86062a937452cb27f769514a08d29 24a9f42507eb44daacdfcb8abf6d8a1d - - default default] 10.0.0.31 "DELETE /v2.0/networks/2d47edb2-5fe1-4205-94d4-7417e9a4ba97/tags/red HTTP/1.1" status: 204 len: 168 time: 0.0574546
2026-05-21 06:08:33.115 10 WARNING neutron_lib.context [None req-ee56ff7b-8321-4ad7-ba3b-5688e0c6f17b 492bf0e032bc446daa8e01e25b07498a 31d248f038194717bf2fd0052df59473 - - default default] Method 'is_advsvc' is deprecated since 2023.2 release (neutron-lib 3.8.0) and will be removed once support for the old RBAC API policies will be removed from Neutron. Please use method 'is_service_role' instead.
2026-05-21 06:08:33.142 9 INFO neutron.wsgi [None req-a53233bf-e141-44ae-a233-1ab896b5b980 fbb86062a937452cb27f769514a08d29 24a9f42507eb44daacdfcb8abf6d8a1d - - default default] 10.0.0.31 "GET /v2.0/networks/2d47edb2-5fe1-4205-94d4-7417e9a4ba97/tags HTTP/1.1" status: 200 len: 223 time: 0.0456438
2026-05-21 06:08:33.195 9 INFO neutron.api.v2.resource [None req-5a919c4d-b500-42ff-acc8-bd70e2e835a3 fbb86062a937452cb27f769514a08d29 24a9f42507eb44daacdfcb8abf6d8a1d - - default default] delete failed (client error): The resource could not be found.
2026-05-21 06:08:33.197 9 INFO neutron.wsgi [None req-5a919c4d-b500-42ff-acc8-bd70e2e835a3 fbb86062a937452cb27f769514a08d29 24a9f42507eb44daacdfcb8abf6d8a1d - - default default] 10.0.0.31 "DELETE /v2.0/networks/2d47edb2-5fe1-4205-94d4-7417e9a4ba97/tags/green HTTP/1.1" status: 404 len: 299 time: 0.0488071
2026-05-21 06:08:33.249 10 INFO neutron.db.ovn_revision_numbers_db [None req-ee56ff7b-8321-4ad7-ba3b-5688e0c6f17b 492bf0e032bc446daa8e01e25b07498a 31d248f038194717bf2fd0052df59473 - - default default] Successfully bumped revision number for resource aaf47090-21df-4f74-aef5-33d51e9c2b69 (type: security_groups) to 1
2026-05-21 06:08:33.259 9 INFO neutron.wsgi [None req-bf02a9ab-5826-48c1-9cdc-ddd80c071bc1 fbb86062a937452cb27f769514a08d29 24a9f42507eb44daacdfcb8abf6d8a1d - - default default] 10.0.0.31 "DELETE /v2.0/networks/2d47edb2-5fe1-4205-94d4-7417e9a4ba97/tags HTTP/1.1" status: 204 len: 168 time: 0.0546892
2026-05-21 06:08:33.263 10 INFO neutron.db.ovn_revision_numbers_db [None req-ee56ff7b-8321-4ad7-ba3b-5688e0c6f17b 492bf0e032bc446daa8e01e25b07498a 31d248f038194717bf2fd0052df59473 - - default default] Successfully bumped revision number for resource 175c6685-b9c1-4a49-9d57-cb1721c858b2 (type: security_group_rules) to 0
2026-05-21 06:08:33.277 10 INFO neutron.db.ovn_revision_numbers_db [None req-ee56ff7b-8321-4ad7-ba3b-5688e0c6f17b 492bf0e032bc446daa8e01e25b07498a 31d248f038194717bf2fd0052df59473 - - default default] Successfully bumped revision number for resource 303a11cc-3e7f-4529-8269-848001ee923f (type: security_group_rules) to 0
2026-05-21 06:08:33.296 10 INFO neutron.db.ovn_revision_numbers_db [None req-ee56ff7b-8321-4ad7-ba3b-5688e0c6f17b 492bf0e032bc446daa8e01e25b07498a 31d248f038194717bf2fd0052df59473 - - default default] Successfully bumped revision number for resource 9b3b2d83-0df7-4715-a390-6415c84b2ac8 (type: security_group_rules) to 0
2026-05-21 06:08:33.303 9 INFO neutron.wsgi [None req-b7891955-7ad6-4d5c-a3b5-0916c363db3d fbb86062a937452cb27f769514a08d29 24a9f42507eb44daacdfcb8abf6d8a1d - - default default] 10.0.0.31 "GET /v2.0/networks/2d47edb2-5fe1-4205-94d4-7417e9a4ba97/tags HTTP/1.1" status: 200 len: 205 time: 0.0385981
2026-05-21 06:08:33.313 10 INFO neutron.db.ovn_revision_numbers_db [None req-ee56ff7b-8321-4ad7-ba3b-5688e0c6f17b 492bf0e032bc446daa8e01e25b07498a 31d248f038194717bf2fd0052df59473 - - default default] Successfully bumped revision number for resource a6748f11-fd80-4e59-aa92-2e9ee1d81fe8 (type: security_group_rules) to 0
2026-05-21 06:08:33.378 10 INFO neutron.db.segments_db [None req-ee56ff7b-8321-4ad7-ba3b-5688e0c6f17b 492bf0e032bc446daa8e01e25b07498a 31d248f038194717bf2fd0052df59473 - - default default] Added segment ce06b0db-6aa8-4a85-a4f0-19cd3f645812 of type geneve for network b661bed0-90f6-4590-82ec-514ba335ada0
2026-05-21 06:08:33.577 10 INFO neutron.db.ovn_revision_numbers_db [None req-ee56ff7b-8321-4ad7-ba3b-5688e0c6f17b 492bf0e032bc446daa8e01e25b07498a 31d248f038194717bf2fd0052df59473 - - default default] Successfully bumped revision number for resource b661bed0-90f6-4590-82ec-514ba335ada0 (type: networks) to 1
2026-05-21 06:08:33.665 9 INFO neutron.services.segments.plugin [-] Segment fda3dabd-affd-4d65-b3a8-9674c5bfafec resource provider aggregate not found
2026-05-21 06:08:33.671 9 INFO neutron.services.segments.plugin [-] Segment fda3dabd-affd-4d65-b3a8-9674c5bfafec resource provider aggregate not found
2026-05-21 06:08:33.685 9 INFO neutron.services.segments.plugin [-] Segment fda3dabd-affd-4d65-b3a8-9674c5bfafec resource provider not found; error: Placement Client Error (4xx): {"errors": [{"status": 404, "title": "Not Found", "detail": "The resource could not be found.\n\n No resource provider with uuid fda3dabd-affd-4d65-b3a8-9674c5bfafec found for delete ", "request_id": "req-53fef2fc-fa62-44d7-85a5-8b6aa456055b"}]}
2026-05-21 06:08:33.697 9 INFO neutron.services.segments.plugin [-] Segment fda3dabd-affd-4d65-b3a8-9674c5bfafec resource provider not found; error: Placement Client Error (4xx): {"errors": [{"status": 404, "title": "Not Found", "detail": "The resource could not be found.\n\n No resource provider with uuid fda3dabd-affd-4d65-b3a8-9674c5bfafec found for delete ", "request_id": "req-6cf029ae-ba9f-4d04-a315-7cc1dc108cbf"}]}
2026-05-21 06:08:33.721 9 INFO neutron.wsgi [None req-680cec0b-2536-423f-b41a-a8d957339362 fbb86062a937452cb27f769514a08d29 24a9f42507eb44daacdfcb8abf6d8a1d - - default default] 10.0.0.31 "DELETE /v2.0/networks/2d47edb2-5fe1-4205-94d4-7417e9a4ba97 HTTP/1.1" status: 204 len: 168 time: 0.4104717
2026-05-21 06:08:34.137 10 INFO neutron.wsgi [req-aaf95e66-68e0-449e-bd1f-316df9d05f87 req-8733f8b4-ba59-4b73-9a2e-33a8036d0a81 229501d8a6c14532b4471656d3f47bda 898e81d6baed46e2827c75275a9facd0 - - 3956b636088b444f9ad1deef5c6431c0 3956b636088b444f9ad1deef5c6431c0] 199.19.213.138 "GET /v2.0/ports?device_id=771f0f51-a749-4bb5-96be-da0aab88e2cc&fields=binding%3Ahost_id&fields=binding%3Avif_type HTTP/1.1" status: 200 len: 265 time: 0.0578923
2026-05-21 06:08:34.232 10 WARNING neutron.scheduler.dhcp_agent_scheduler [None req-ee56ff7b-8321-4ad7-ba3b-5688e0c6f17b 492bf0e032bc446daa8e01e25b07498a 31d248f038194717bf2fd0052df59473 - - default default] No more DHCP agents
2026-05-21 06:08:34.239 10 INFO neutron.wsgi [req-aaf95e66-68e0-449e-bd1f-316df9d05f87 req-fb8871b2-b3c6-4d60-b9d4-faac7ab92e99 229501d8a6c14532b4471656d3f47bda 898e81d6baed46e2827c75275a9facd0 - - 3956b636088b444f9ad1deef5c6431c0 3956b636088b444f9ad1deef5c6431c0] 199.19.213.138 "GET /v2.0/ports?tenant_id=852bdf4f020a482fb178d5b0b23522b1&device_id=771f0f51-a749-4bb5-96be-da0aab88e2cc HTTP/1.1" status: 200 len: 1413 time: 0.0627604
2026-05-21 06:08:34.247 10 WARNING neutron.api.rpc.agentnotifiers.dhcp_rpc_agent_api [None req-ee56ff7b-8321-4ad7-ba3b-5688e0c6f17b 492bf0e032bc446daa8e01e25b07498a 31d248f038194717bf2fd0052df59473 - - default default] Unable to schedule network b661bed0-90f6-4590-82ec-514ba335ada0: no agents available; will retry on subsequent port and subnet creation events.
2026-05-21 06:08:34.377 10 INFO neutron.wsgi [req-aaf95e66-68e0-449e-bd1f-316df9d05f87 req-53455c62-6e4c-46ed-ba39-7cdc2563bc52 229501d8a6c14532b4471656d3f47bda 898e81d6baed46e2827c75275a9facd0 - - 3956b636088b444f9ad1deef5c6431c0 3956b636088b444f9ad1deef5c6431c0] 199.19.213.138 "GET /v2.0/networks?id=06684794-16ae-4329-a9d0-adfe289979ae HTTP/1.1" status: 200 len: 959 time: 0.1130800
2026-05-21 06:08:34.410 10 INFO neutron.wsgi [req-aaf95e66-68e0-449e-bd1f-316df9d05f87 req-2e602905-9b97-4654-aa64-da69c0428f6f 229501d8a6c14532b4471656d3f47bda 898e81d6baed46e2827c75275a9facd0 - - 3956b636088b444f9ad1deef5c6431c0 3956b636088b444f9ad1deef5c6431c0] 199.19.213.138 "GET /v2.0/floatingips?fixed_ip_address=10.100.0.10&port_id=6b67bd76-a24e-4c9a-ba49-df1d4be44239 HTTP/1.1" status: 200 len: 217 time: 0.0237079
2026-05-21 06:08:34.410 10 INFO neutron.db.ovn_revision_numbers_db [None req-ee56ff7b-8321-4ad7-ba3b-5688e0c6f17b 492bf0e032bc446daa8e01e25b07498a 31d248f038194717bf2fd0052df59473 - - default default] Successfully bumped revision number for resource 2e286d93-536f-46d0-b256-96f27edcace2 (type: ports) to 1
2026-05-21 06:08:34.446 10 INFO neutron.wsgi [None req-ee56ff7b-8321-4ad7-ba3b-5688e0c6f17b 492bf0e032bc446daa8e01e25b07498a 31d248f038194717bf2fd0052df59473 - - default default] 10.0.0.31 "POST /v2.0/networks HTTP/1.1" status: 201 len: 839 time: 1.4996545
2026-05-21 06:08:34.457 10 INFO neutron.wsgi [req-aaf95e66-68e0-449e-bd1f-316df9d05f87 req-56bbbfe5-f579-44d9-884c-b0f46b7eb4cd 229501d8a6c14532b4471656d3f47bda 898e81d6baed46e2827c75275a9facd0 - - 3956b636088b444f9ad1deef5c6431c0 3956b636088b444f9ad1deef5c6431c0] 199.19.213.138 "GET /v2.0/subnets?id=4ef5d20b-dcca-4f3a-99af-de8e6383f639 HTTP/1.1" status: 200 len: 853 time: 0.0384641
2026-05-21 06:08:34.464 10 WARNING neutron_lib.context [None req-c0addf58-f63f-4d4b-ba45-a5843a69397b 492bf0e032bc446daa8e01e25b07498a 31d248f038194717bf2fd0052df59473 - - default default] Method 'is_advsvc' is deprecated since 2023.2 release (neutron-lib 3.8.0) and will be removed once support for the old RBAC API policies will be removed from Neutron. Please use method 'is_service_role' instead.
2026-05-21 06:08:34.501 10 INFO neutron.wsgi [req-aaf95e66-68e0-449e-bd1f-316df9d05f87 req-80d374f2-e5a0-48fe-b34e-87f86da4897b 229501d8a6c14532b4471656d3f47bda 898e81d6baed46e2827c75275a9facd0 - - 3956b636088b444f9ad1deef5c6431c0 3956b636088b444f9ad1deef5c6431c0] 199.19.213.138 "GET /v2.0/ports?network_id=06684794-16ae-4329-a9d0-adfe289979ae&device_owner=network%3Adhcp HTTP/1.1" status: 200 len: 210 time: 0.0349674
2026-05-21 06:08:34.583 10 INFO neutron.wsgi [req-aaf95e66-68e0-449e-bd1f-316df9d05f87 req-a7a6ee97-83d4-454c-bfd1-2044066053cc 229501d8a6c14532b4471656d3f47bda 898e81d6baed46e2827c75275a9facd0 - - 3956b636088b444f9ad1deef5c6431c0 3956b636088b444f9ad1deef5c6431c0] 199.19.213.138 "GET /v2.0/networks/06684794-16ae-4329-a9d0-adfe289979ae?fields=segments HTTP/1.1" status: 200 len: 212 time: 0.0764673
2026-05-21 06:08:34.668 10 INFO neutron.wsgi [req-aaf95e66-68e0-449e-bd1f-316df9d05f87 req-2a1cbae2-dd67-45c8-9519-3d6b5cbf68af 229501d8a6c14532b4471656d3f47bda 898e81d6baed46e2827c75275a9facd0 - - 3956b636088b444f9ad1deef5c6431c0 3956b636088b444f9ad1deef5c6431c0] 199.19.213.138 "GET /v2.0/networks/06684794-16ae-4329-a9d0-adfe289979ae?fields=provider%3Aphysical_network&fields=provider%3Anetwork_type HTTP/1.1" status: 200 len: 277 time: 0.0751069
2026-05-21 06:08:34.769 9 INFO neutron.db.ovn_revision_numbers_db [None req-c8056443-b1c3-477d-916f-0ddff55f25ed 14f1358bc9e343d3a49fb905c1b51cf4 b596d1aa324b428fa9b59886b28a5fe0 - - default default] Successfully bumped revision number for resource 8be3408a-924d-4654-af89-7c0cfca80928 (type: security_groups) to 1
2026-05-21 06:08:34.778 10 WARNING neutron.scheduler.dhcp_agent_scheduler [None req-c0addf58-f63f-4d4b-ba45-a5843a69397b 492bf0e032bc446daa8e01e25b07498a 31d248f038194717bf2fd0052df59473 - - default default] No more DHCP agents
2026-05-21 06:08:34.781 10 WARNING neutron.api.rpc.agentnotifiers.dhcp_rpc_agent_api [None req-c0addf58-f63f-4d4b-ba45-a5843a69397b 492bf0e032bc446daa8e01e25b07498a 31d248f038194717bf2fd0052df59473 - - default default] Unable to schedule network b661bed0-90f6-4590-82ec-514ba335ada0: no agents available; will retry on subsequent port and subnet creation events.
2026-05-21 06:08:34.783 9 INFO neutron.db.ovn_revision_numbers_db [None req-c8056443-b1c3-477d-916f-0ddff55f25ed 14f1358bc9e343d3a49fb905c1b51cf4 b596d1aa324b428fa9b59886b28a5fe0 - - default default] Successfully bumped revision number for resource 30ada587-4aa6-45c9-bb49-2ce3c9b9bcf2 (type: security_group_rules) to 0
2026-05-21 06:08:34.798 9 INFO neutron.db.ovn_revision_numbers_db [None req-c8056443-b1c3-477d-916f-0ddff55f25ed 14f1358bc9e343d3a49fb905c1b51cf4 b596d1aa324b428fa9b59886b28a5fe0 - - default default] Successfully bumped revision number for resource 656143d9-b35d-4ad9-8794-26500d791d2b (type: security_group_rules) to 0
2026-05-21 06:08:34.811 9 INFO neutron.db.ovn_revision_numbers_db [None req-c8056443-b1c3-477d-916f-0ddff55f25ed 14f1358bc9e343d3a49fb905c1b51cf4 b596d1aa324b428fa9b59886b28a5fe0 - - default default] Successfully bumped revision number for resource 833fef4a-41cc-47b7-b070-8ac8349e1ebf (type: security_group_rules) to 0
2026-05-21 06:08:34.824 9 INFO neutron.db.ovn_revision_numbers_db [None req-c8056443-b1c3-477d-916f-0ddff55f25ed 14f1358bc9e343d3a49fb905c1b51cf4 b596d1aa324b428fa9b59886b28a5fe0 - - default default] Successfully bumped revision number for resource aa218867-b7e0-4fdc-ba5f-f043ce144926 (type: security_group_rules) to 0
2026-05-21 06:08:34.845 9 INFO neutron.wsgi [None req-c8056443-b1c3-477d-916f-0ddff55f25ed 14f1358bc9e343d3a49fb905c1b51cf4 b596d1aa324b428fa9b59886b28a5fe0 - - default default] 10.0.0.31 "GET /v2.0/security-groups?tenant_id=f61a8b04182f4479bc6520ce12c129bd&name=default HTTP/1.1" status: 200 len: 2996 time: 0.3224740
2026-05-21 06:08:35.037 9 INFO neutron.wsgi [None req-a796df3b-b100-4712-8973-14b1a02e3fee 14f1358bc9e343d3a49fb905c1b51cf4 b596d1aa324b428fa9b59886b28a5fe0 - - default default] 10.0.0.31 "DELETE /v2.0/security-groups/8be3408a-924d-4654-af89-7c0cfca80928 HTTP/1.1" status: 204 len: 168 time: 0.1880679
2026-05-21 06:08:35.180 10 INFO neutron.wsgi [None req-cd6573c4-e9cf-4595-baeb-e64d8b5197d9 14f1358bc9e343d3a49fb905c1b51cf4 b596d1aa324b428fa9b59886b28a5fe0 - - default default] 10.0.0.31 "GET /v2.0/security-groups?tenant_id=24a9f42507eb44daacdfcb8abf6d8a1d&name=default HTTP/1.1" status: 200 len: 2996 time: 0.0429618
2026-05-21 06:08:35.328 10 INFO neutron.db.ovn_revision_numbers_db [None req-c0addf58-f63f-4d4b-ba45-a5843a69397b 492bf0e032bc446daa8e01e25b07498a 31d248f038194717bf2fd0052df59473 - - default default] Successfully bumped revision number for resource 2e286d93-536f-46d0-b256-96f27edcace2 (type: ports) to 2
2026-05-21 06:08:35.378 10 INFO neutron.db.ovn_revision_numbers_db [None req-c0addf58-f63f-4d4b-ba45-a5843a69397b 492bf0e032bc446daa8e01e25b07498a 31d248f038194717bf2fd0052df59473 - - default default] Successfully bumped revision number for resource 46373508-de9e-45fa-b26f-ad080ec36cea (type: subnets) to 0
2026-05-21 06:08:35.391 9 INFO neutron.wsgi [None req-98ad081e-27b2-4a7d-8086-a81a5d7b662a 14f1358bc9e343d3a49fb905c1b51cf4 b596d1aa324b428fa9b59886b28a5fe0 - - default default] 10.0.0.31 "DELETE /v2.0/security-groups/de8ce0df-3699-4580-a0e2-553cb5cbb4a2 HTTP/1.1" status: 204 len: 168 time: 0.2055445
2026-05-21 06:08:35.395 10 INFO neutron.wsgi [None req-c0addf58-f63f-4d4b-ba45-a5843a69397b 492bf0e032bc446daa8e01e25b07498a 31d248f038194717bf2fd0052df59473 - - default default] 10.0.0.31 "POST /v2.0/subnets HTTP/1.1" status: 201 len: 832 time: 0.9341996
2026-05-21 06:08:35.585 9 INFO neutron.wsgi [None req-27f76c07-bf9e-4aec-a109-e61ff99c4c22 b1b2b1dfe0d244b5bf7e48ed8c9f78b5 4629112f9d594ede9b124f1d8ea10099 - - default default] 10.0.0.31 "GET /v2.0/subnetpools?name=shared-default-subnetpool-v6 HTTP/1.1" status: 200 len: 212 time: 0.1843474
2026-05-21 06:08:35.595 9 WARNING neutron_lib.context [None req-5a03f9e5-89db-40a0-9612-6cb58f88abd3 492bf0e032bc446daa8e01e25b07498a 31d248f038194717bf2fd0052df59473 - - default default] Method 'is_advsvc' is deprecated since 2023.2 release (neutron-lib 3.8.0) and will be removed once support for the old RBAC API policies will be removed from Neutron. Please use method 'is_service_role' instead.
2026-05-21 06:08:35.743 10 INFO neutron.wsgi [-] 10.0.0.172 "GET / HTTP/1.1" status: 200 len: 246 time: 0.0029552
2026-05-21 06:08:35.746 10 INFO neutron.wsgi [-] 10.0.0.172 "GET / HTTP/1.1" status: 200 len: 246 time: 0.0025289
2026-05-21 06:08:35.989 9 WARNING neutron.scheduler.dhcp_agent_scheduler [None req-5a03f9e5-89db-40a0-9612-6cb58f88abd3 492bf0e032bc446daa8e01e25b07498a 31d248f038194717bf2fd0052df59473 - - default default] No more DHCP agents
2026-05-21 06:08:35.990 9 WARNING neutron.api.rpc.agentnotifiers.dhcp_rpc_agent_api [None req-5a03f9e5-89db-40a0-9612-6cb58f88abd3 492bf0e032bc446daa8e01e25b07498a 31d248f038194717bf2fd0052df59473 - - default default] Unable to schedule network b661bed0-90f6-4590-82ec-514ba335ada0: no agents available; will retry on subsequent port and subnet creation events.
2026-05-21 06:08:36.026 9 INFO neutron.db.ovn_revision_numbers_db [None req-5a03f9e5-89db-40a0-9612-6cb58f88abd3 492bf0e032bc446daa8e01e25b07498a 31d248f038194717bf2fd0052df59473 - - default default] Successfully bumped revision number for resource 82c9586c-0af7-4c32-9f3d-6381746c7570 (type: subnets) to 0
2026-05-21 06:08:36.040 9 INFO neutron.wsgi [None req-5a03f9e5-89db-40a0-9612-6cb58f88abd3 492bf0e032bc446daa8e01e25b07498a 31d248f038194717bf2fd0052df59473 - - default default] 10.0.0.31 "POST /v2.0/subnets HTTP/1.1" status: 201 len: 906 time: 0.4496229
2026-05-21 06:08:36.051 9 WARNING neutron_lib.context [None req-f8fd1db9-11de-448f-8407-9af46c8a0a27 492bf0e032bc446daa8e01e25b07498a 31d248f038194717bf2fd0052df59473 - - default default] Method 'is_advsvc' is deprecated since 2023.2 release (neutron-lib 3.8.0) and will be removed once support for the old RBAC API policies will be removed from Neutron. Please use method 'is_service_role' instead.
2026-05-21 06:08:36.132 9 INFO neutron.db.segments_db [None req-f8fd1db9-11de-448f-8407-9af46c8a0a27 492bf0e032bc446daa8e01e25b07498a 31d248f038194717bf2fd0052df59473 - - default default] Added segment 7ce02da0-c58e-450e-8f56-f6b6bae70875 of type geneve for network 0e771680-e4ee-4e18-8167-6478bbf260ab
2026-05-21 06:08:36.290 9 INFO neutron.db.ovn_revision_numbers_db [None req-f8fd1db9-11de-448f-8407-9af46c8a0a27 492bf0e032bc446daa8e01e25b07498a 31d248f038194717bf2fd0052df59473 - - default default] Successfully bumped revision number for resource 0e771680-e4ee-4e18-8167-6478bbf260ab (type: networks) to 1
