2026-05-21 06:06:40.677 10 INFO neutron.db.ovn_revision_numbers_db [None req-b0346978-01a5-43f1-a917-16343c0a3e50 14f1358bc9e343d3a49fb905c1b51cf4 b596d1aa324b428fa9b59886b28a5fe0 - - default default] Successfully bumped revision number for resource 6d2dabf7-d1c2-4b88-845f-11c3c94ca144 (type: security_groups) to 1
2026-05-21 06:06:40.692 10 INFO neutron.db.ovn_revision_numbers_db [None req-b0346978-01a5-43f1-a917-16343c0a3e50 14f1358bc9e343d3a49fb905c1b51cf4 b596d1aa324b428fa9b59886b28a5fe0 - - default default] Successfully bumped revision number for resource 006fa033-4b9f-4285-9b6c-72a8c698a733 (type: security_group_rules) to 0
2026-05-21 06:06:40.709 10 INFO neutron.db.ovn_revision_numbers_db [None req-b0346978-01a5-43f1-a917-16343c0a3e50 14f1358bc9e343d3a49fb905c1b51cf4 b596d1aa324b428fa9b59886b28a5fe0 - - default default] Successfully bumped revision number for resource 12472fae-8d28-4119-ad5b-aefd622c26b9 (type: security_group_rules) to 0
2026-05-21 06:06:40.726 10 INFO neutron.db.ovn_revision_numbers_db [None req-b0346978-01a5-43f1-a917-16343c0a3e50 14f1358bc9e343d3a49fb905c1b51cf4 b596d1aa324b428fa9b59886b28a5fe0 - - default default] Successfully bumped revision number for resource ceff4dda-fb76-4008-b198-6ba2db15682d (type: security_group_rules) to 0
2026-05-21 06:06:40.743 10 INFO neutron.db.ovn_revision_numbers_db [None req-b0346978-01a5-43f1-a917-16343c0a3e50 14f1358bc9e343d3a49fb905c1b51cf4 b596d1aa324b428fa9b59886b28a5fe0 - - default default] Successfully bumped revision number for resource dcd5a1fd-81f4-4dec-b80b-70235b2909c6 (type: security_group_rules) to 0
2026-05-21 06:06:40.773 10 INFO neutron.wsgi [None req-b0346978-01a5-43f1-a917-16343c0a3e50 14f1358bc9e343d3a49fb905c1b51cf4 b596d1aa324b428fa9b59886b28a5fe0 - - default default] 10.0.0.31 "GET /v2.0/security-groups?tenant_id=8140311a7fbf4225852a7b1758fa4ded&name=default HTTP/1.1" status: 200 len: 2996 time: 0.2897367
2026-05-21 06:06:41.047 10 INFO neutron.wsgi [None req-8d9de9cc-1e30-4022-9991-18fadcdc235c 14f1358bc9e343d3a49fb905c1b51cf4 b596d1aa324b428fa9b59886b28a5fe0 - - default default] 10.0.0.31 "DELETE /v2.0/security-groups/6d2dabf7-d1c2-4b88-845f-11c3c94ca144 HTTP/1.1" status: 204 len: 168 time: 0.2675219
2026-05-21 06:06:41.167 9 INFO neutron.db.ovn_revision_numbers_db [None req-786e2500-edae-4005-91bf-6206a2e218f9 4e8936151d1a4316ab4c2ddf12300f13 29fccd15ee7c460c99b5feb48fa510fb - - default default] Successfully bumped revision number for resource 0e007461-0c70-4733-a188-d22bffcdf6be (type: ports) to 2
2026-05-21 06:06:41.216 9 INFO neutron.db.ovn_revision_numbers_db [None req-786e2500-edae-4005-91bf-6206a2e218f9 4e8936151d1a4316ab4c2ddf12300f13 29fccd15ee7c460c99b5feb48fa510fb - - default default] Successfully bumped revision number for resource e4778857-b5a5-4096-bc09-703454397def (type: subnets) to 1
2026-05-21 06:06:41.220 9 INFO neutron.wsgi [None req-786e2500-edae-4005-91bf-6206a2e218f9 4e8936151d1a4316ab4c2ddf12300f13 29fccd15ee7c460c99b5feb48fa510fb - - default default] 10.0.0.31 "PUT /v2.0/subnets/e4778857-b5a5-4096-bc09-703454397def HTTP/1.1" status: 200 len: 826 time: 0.8712065
2026-05-21 06:06:41.327 10 WARNING neutron_lib.context [None req-6f806060-786c-4a55-8784-197ace614663 8ab66a3fd2b547579c2e74c03155309f 0bf3b4ad3829427bb4ddfe54da0217d6 - - default default] Method 'is_advsvc' is deprecated since 2023.2 release (neutron-lib 3.8.0) and will be removed once support for the old RBAC API policies will be removed from Neutron. Please use method 'is_service_role' instead.
2026-05-21 06:06:41.484 10 INFO neutron.db.ovn_revision_numbers_db [None req-6f806060-786c-4a55-8784-197ace614663 8ab66a3fd2b547579c2e74c03155309f 0bf3b4ad3829427bb4ddfe54da0217d6 - - default default] Successfully bumped revision number for resource 60b5c96c-4f52-4eef-a2e8-fe38584eb312 (type: security_groups) to 1
2026-05-21 06:06:41.507 10 INFO neutron.db.ovn_revision_numbers_db [None req-6f806060-786c-4a55-8784-197ace614663 8ab66a3fd2b547579c2e74c03155309f 0bf3b4ad3829427bb4ddfe54da0217d6 - - default default] Successfully bumped revision number for resource 3d674aed-aaf5-49ea-bd9b-ed7fd4ac4810 (type: security_group_rules) to 0
2026-05-21 06:06:41.525 10 INFO neutron.db.ovn_revision_numbers_db [None req-6f806060-786c-4a55-8784-197ace614663 8ab66a3fd2b547579c2e74c03155309f 0bf3b4ad3829427bb4ddfe54da0217d6 - - default default] Successfully bumped revision number for resource 6f513444-1199-4b3b-8f74-2ecc4308a400 (type: security_group_rules) to 0
2026-05-21 06:06:41.546 10 INFO neutron.db.ovn_revision_numbers_db [None req-6f806060-786c-4a55-8784-197ace614663 8ab66a3fd2b547579c2e74c03155309f 0bf3b4ad3829427bb4ddfe54da0217d6 - - default default] Successfully bumped revision number for resource 85ce6b37-938a-4475-a766-87b5e5d49cb1 (type: security_group_rules) to 0
2026-05-21 06:06:41.564 10 INFO neutron.db.ovn_revision_numbers_db [None req-6f806060-786c-4a55-8784-197ace614663 8ab66a3fd2b547579c2e74c03155309f 0bf3b4ad3829427bb4ddfe54da0217d6 - - default default] Successfully bumped revision number for resource fefe43de-1f55-4f6c-b4d9-b32f9d54fc0c (type: security_group_rules) to 0
2026-05-21 06:06:41.657 10 INFO neutron.db.ovn_revision_numbers_db [None req-6f806060-786c-4a55-8784-197ace614663 8ab66a3fd2b547579c2e74c03155309f 0bf3b4ad3829427bb4ddfe54da0217d6 - - default default] Successfully bumped revision number for resource 0572ef8a-749f-4e70-82de-07e7be156266 (type: security_groups) to 1
2026-05-21 06:06:41.675 10 INFO neutron.db.ovn_revision_numbers_db [None req-6f806060-786c-4a55-8784-197ace614663 8ab66a3fd2b547579c2e74c03155309f 0bf3b4ad3829427bb4ddfe54da0217d6 - - default default] Successfully bumped revision number for resource 194a7750-4390-4e99-bde5-6af1509e3e4c (type: security_group_rules) to 0
2026-05-21 06:06:41.697 10 INFO neutron.db.ovn_revision_numbers_db [None req-6f806060-786c-4a55-8784-197ace614663 8ab66a3fd2b547579c2e74c03155309f 0bf3b4ad3829427bb4ddfe54da0217d6 - - default default] Successfully bumped revision number for resource a7cfe964-204f-4509-9049-599563d877ec (type: security_group_rules) to 0
2026-05-21 06:06:41.727 10 INFO neutron.wsgi [None req-6f806060-786c-4a55-8784-197ace614663 8ab66a3fd2b547579c2e74c03155309f 0bf3b4ad3829427bb4ddfe54da0217d6 - - default default] 10.0.0.31 "POST /v2.0/security-groups HTTP/1.1" status: 201 len: 1761 time: 0.6583383
2026-05-21 06:06:41.828 10 INFO neutron.wsgi [None req-70daf416-8dee-431d-b089-7c6cbe6fa737 8ab66a3fd2b547579c2e74c03155309f 0bf3b4ad3829427bb4ddfe54da0217d6 - - default default] 10.0.0.31 "GET /v2.0/security-groups HTTP/1.1" status: 200 len: 4539 time: 0.0920775
2026-05-21 06:06:41.940 10 INFO neutron.db.ovn_revision_numbers_db [None req-6e977f87-a0c9-46e9-b486-1570cfbc7eef 8ab66a3fd2b547579c2e74c03155309f 0bf3b4ad3829427bb4ddfe54da0217d6 - - default default] Successfully bumped revision number for resource 0572ef8a-749f-4e70-82de-07e7be156266 (type: security_groups) to 2
2026-05-21 06:06:41.945 10 INFO neutron.wsgi [None req-6e977f87-a0c9-46e9-b486-1570cfbc7eef 8ab66a3fd2b547579c2e74c03155309f 0bf3b4ad3829427bb4ddfe54da0217d6 - - default default] 10.0.0.31 "PUT /v2.0/security-groups/0572ef8a-749f-4e70-82de-07e7be156266 HTTP/1.1" status: 200 len: 1793 time: 0.1075881
2026-05-21 06:06:42.121 9 INFO neutron.services.segments.plugin [-] Segment 3bd578ed-dd9a-4211-8cdf-2bd502ac3438 resource provider aggregate not found
2026-05-21 06:06:42.138 9 INFO neutron.services.segments.plugin [-] Segment 3bd578ed-dd9a-4211-8cdf-2bd502ac3438 resource provider aggregate not found
2026-05-21 06:06:42.160 9 INFO neutron.services.segments.plugin [-] Segment 3bd578ed-dd9a-4211-8cdf-2bd502ac3438 resource provider not found; error: Placement Client Error (4xx): {"errors": [{"status": 404, "title": "Not Found", "detail": "The resource could not be found.\n\n No resource provider with uuid 3bd578ed-dd9a-4211-8cdf-2bd502ac3438 found for delete ", "request_id": "req-06ef7f5d-68cf-46f9-b9b7-8c59429f7ce0"}]}
2026-05-21 06:06:42.161 9 INFO neutron.services.segments.plugin [-] Segment 3bd578ed-dd9a-4211-8cdf-2bd502ac3438 resource provider not found; error: Placement Client Error (4xx): {"errors": [{"status": 404, "title": "Not Found", "detail": "The resource could not be found.\n\n No resource provider with uuid 3bd578ed-dd9a-4211-8cdf-2bd502ac3438 found for delete ", "request_id": "req-d73533ba-6aea-43de-b19c-610ccb2d40d6"}]}
2026-05-21 06:06:42.193 9 INFO neutron.wsgi [None req-b70b7e1a-ab97-48b7-98c4-2cdbfbf25317 4e8936151d1a4316ab4c2ddf12300f13 29fccd15ee7c460c99b5feb48fa510fb - - default default] 10.0.0.31 "DELETE /v2.0/networks/c32c8d1d-d4ff-40bf-a540-2c0d30d99d23 HTTP/1.1" status: 204 len: 168 time: 0.9658885
2026-05-21 06:06:42.212 9 INFO neutron.pecan_wsgi.hooks.translation [None req-5a032c23-2c85-4d19-ba79-748f8b6f4043 4e8936151d1a4316ab4c2ddf12300f13 29fccd15ee7c460c99b5feb48fa510fb - - default default] DELETE failed (client error): The resource could not be found.
2026-05-21 06:06:42.214 9 INFO neutron.wsgi [None req-5a032c23-2c85-4d19-ba79-748f8b6f4043 4e8936151d1a4316ab4c2ddf12300f13 29fccd15ee7c460c99b5feb48fa510fb - - default default] 10.0.0.31 "DELETE /v2.0/networks/c32c8d1d-d4ff-40bf-a540-2c0d30d99d23 HTTP/1.1" status: 404 len: 339 time: 0.0148771
2026-05-21 06:06:42.329 9 INFO neutron.wsgi [None req-24bf6cb0-966e-422d-b644-d86928356d1a 4e8936151d1a4316ab4c2ddf12300f13 29fccd15ee7c460c99b5feb48fa510fb - - default default] 10.0.0.31 "GET /v2.0/networks?router%3Aexternal=True HTTP/1.1" status: 200 len: 845 time: 0.1016893
2026-05-21 06:06:42.379 9 INFO neutron.wsgi [None req-2dbc21ba-5a23-43a4-85cd-198707161dbb 4e8936151d1a4316ab4c2ddf12300f13 29fccd15ee7c460c99b5feb48fa510fb - - default default] 10.0.0.31 "GET /v2.0/subnets?network_id=1ce885a1-e630-4a49-96c6-ca1d2e781844 HTTP/1.1" status: 200 len: 820 time: 0.0413163
2026-05-21 06:06:42.398 9 INFO neutron.wsgi [None req-4797945a-73e6-4957-a2d3-534e5f1b6f9b 4e8936151d1a4316ab4c2ddf12300f13 29fccd15ee7c460c99b5feb48fa510fb - - default default] 10.0.0.31 "GET /v2.0/extensions HTTP/1.1" status: 200 len: 16975 time: 0.0092955
2026-05-21 06:06:42.450 10 INFO neutron.wsgi [None req-136f4223-c7e4-4087-844d-1f252bc7c164 8ab66a3fd2b547579c2e74c03155309f 0bf3b4ad3829427bb4ddfe54da0217d6 - - default default] 10.0.0.31 "GET /v2.0/security-groups/0572ef8a-749f-4e70-82de-07e7be156266 HTTP/1.1" status: 200 len: 1793 time: 0.4994121
2026-05-21 06:06:42.478 9 INFO neutron.wsgi [None req-969876c2-57ce-44a6-8eee-5ba8294ad859 4e8936151d1a4316ab4c2ddf12300f13 29fccd15ee7c460c99b5feb48fa510fb - - default default] 10.0.0.31 "GET /v2.0/networks HTTP/1.1" status: 200 len: 1508 time: 0.0682979
2026-05-21 06:06:42.527 9 INFO neutron.wsgi [None req-85dbdc8f-0df1-4573-8eb2-f0524b9713d1 4e8936151d1a4316ab4c2ddf12300f13 29fccd15ee7c460c99b5feb48fa510fb - - default default] 10.0.0.31 "GET /v2.0/subnets HTTP/1.1" status: 200 len: 1460 time: 0.0408823
2026-05-21 06:06:42.577 10 INFO neutron.wsgi [None req-72212b90-15d4-4928-af22-156bcdd2ba7d 8ab66a3fd2b547579c2e74c03155309f 0bf3b4ad3829427bb4ddfe54da0217d6 - - default default] 10.0.0.31 "DELETE /v2.0/security-groups/0572ef8a-749f-4e70-82de-07e7be156266 HTTP/1.1" status: 204 len: 168 time: 0.1226718
2026-05-21 06:06:42.610 9 INFO neutron.wsgi [None req-0ffb5725-ff23-4a56-b3aa-0cab54cb642e 4e8936151d1a4316ab4c2ddf12300f13 29fccd15ee7c460c99b5feb48fa510fb - - default default] 10.0.0.31 "GET /v2.0/networks/fa6a3706-b18c-45c5-ad6c-34f3ed69e31e HTTP/1.1" status: 200 len: 867 time: 0.0733104
2026-05-21 06:06:42.641 10 INFO neutron.wsgi [None req-227195e6-2df6-476c-97fe-919d5c39e5cd 8ab66a3fd2b547579c2e74c03155309f 0bf3b4ad3829427bb4ddfe54da0217d6 - - default default] 10.0.0.31 "GET /v2.0/security-groups HTTP/1.1" status: 200 len: 2996 time: 0.0489066
2026-05-21 06:06:42.646 9 WARNING neutron.plugins.ml2.drivers.ovn.mech_driver.ovsdb.ovn_client [None req-bdae711b-8b13-4214-9c2c-d0e26b7da533 - - - - - -] No port found with ID a4490d17-368f-4220-a321-fa0e80e495b0: RuntimeError: No port found with ID a4490d17-368f-4220-a321-fa0e80e495b0
2026-05-21 06:06:42.660 10 INFO neutron.api.v2.resource [None req-b55dafe8-11e9-4cce-aa80-86bb76101ff2 8ab66a3fd2b547579c2e74c03155309f 0bf3b4ad3829427bb4ddfe54da0217d6 - - default default] delete failed (client error): The resource could not be found.
2026-05-21 06:06:42.661 10 INFO neutron.wsgi [None req-b55dafe8-11e9-4cce-aa80-86bb76101ff2 8ab66a3fd2b547579c2e74c03155309f 0bf3b4ad3829427bb4ddfe54da0217d6 - - default default] 10.0.0.31 "DELETE /v2.0/security-groups/0572ef8a-749f-4e70-82de-07e7be156266 HTTP/1.1" status: 404 len: 347 time: 0.0140140
2026-05-21 06:06:42.664 10 INFO neutron.wsgi [None req-fc6e2050-be04-4048-a1ae-a256a6330b82 4e8936151d1a4316ab4c2ddf12300f13 29fccd15ee7c460c99b5feb48fa510fb - - default default] 10.0.0.31 "GET /v2.0/subnets/9231087a-a67c-488a-be0f-f3b8ae8392c8 HTTP/1.1" status: 200 len: 843 time: 0.0436940
2026-05-21 06:06:42.673 10 WARNING neutron_lib.context [None req-e8e3be68-3b48-400b-a3a5-095ba6e8c56c 8ab66a3fd2b547579c2e74c03155309f 0bf3b4ad3829427bb4ddfe54da0217d6 - - default default] Method 'is_advsvc' is deprecated since 2023.2 release (neutron-lib 3.8.0) and will be removed once support for the old RBAC API policies will be removed from Neutron. Please use method 'is_service_role' instead.
2026-05-21 06:06:42.693 9 INFO neutron.pecan_wsgi.hooks.translation [None req-e45fec1f-8c25-4d68-aad3-b3934289ffb1 4e8936151d1a4316ab4c2ddf12300f13 29fccd15ee7c460c99b5feb48fa510fb - - default default] DELETE failed (client error): The resource could not be found.
2026-05-21 06:06:42.695 9 INFO neutron.wsgi [None req-e45fec1f-8c25-4d68-aad3-b3934289ffb1 4e8936151d1a4316ab4c2ddf12300f13 29fccd15ee7c460c99b5feb48fa510fb - - default default] 10.0.0.31 "DELETE /v2.0/subnets/e4778857-b5a5-4096-bc09-703454397def HTTP/1.1" status: 404 len: 337 time: 0.0226882
2026-05-21 06:06:42.724 10 INFO neutron.pecan_wsgi.hooks.translation [None req-8e8ea0bd-5ef0-4d65-a3b9-8c98b00032c8 4e8936151d1a4316ab4c2ddf12300f13 29fccd15ee7c460c99b5feb48fa510fb - - default default] DELETE failed (client error): The resource could not be found.
2026-05-21 06:06:42.727 10 INFO neutron.wsgi [None req-8e8ea0bd-5ef0-4d65-a3b9-8c98b00032c8 4e8936151d1a4316ab4c2ddf12300f13 29fccd15ee7c460c99b5feb48fa510fb - - default default] 10.0.0.31 "DELETE /v2.0/networks/c32c8d1d-d4ff-40bf-a540-2c0d30d99d23 HTTP/1.1" status: 404 len: 339 time: 0.0260956
2026-05-21 06:06:42.849 10 INFO neutron.db.ovn_revision_numbers_db [None req-e8e3be68-3b48-400b-a3a5-095ba6e8c56c 8ab66a3fd2b547579c2e74c03155309f 0bf3b4ad3829427bb4ddfe54da0217d6 - - default default] Successfully bumped revision number for resource 3699b46a-81ad-4f8d-a6a3-ecd636d23f6f (type: security_groups) to 1
2026-05-21 06:06:42.870 10 INFO neutron.db.ovn_revision_numbers_db [None req-e8e3be68-3b48-400b-a3a5-095ba6e8c56c 8ab66a3fd2b547579c2e74c03155309f 0bf3b4ad3829427bb4ddfe54da0217d6 - - default default] Successfully bumped revision number for resource 966601a7-29e0-42e5-a232-e7283bedf0a0 (type: security_group_rules) to 0
2026-05-21 06:06:42.886 10 INFO neutron.db.ovn_revision_numbers_db [None req-e8e3be68-3b48-400b-a3a5-095ba6e8c56c 8ab66a3fd2b547579c2e74c03155309f 0bf3b4ad3829427bb4ddfe54da0217d6 - - default default] Successfully bumped revision number for resource d8ef3bb5-bf09-44cb-bf82-b8298d185940 (type: security_group_rules) to 0
2026-05-21 06:06:42.912 10 INFO neutron.wsgi [None req-e8e3be68-3b48-400b-a3a5-095ba6e8c56c 8ab66a3fd2b547579c2e74c03155309f 0bf3b4ad3829427bb4ddfe54da0217d6 - - default default] 10.0.0.31 "POST /v2.0/security-groups HTTP/1.1" status: 201 len: 1761 time: 0.2437267
2026-05-21 06:06:42.923 10 WARNING neutron_lib.context [None req-15e0b6aa-c77d-4ae1-8e55-eb775c2c0e0b 8ab66a3fd2b547579c2e74c03155309f 0bf3b4ad3829427bb4ddfe54da0217d6 - - default default] Method 'is_advsvc' is deprecated since 2023.2 release (neutron-lib 3.8.0) and will be removed once support for the old RBAC API policies will be removed from Neutron. Please use method 'is_service_role' instead.
2026-05-21 06:06:42.936 9 INFO neutron.wsgi [None req-10ec83c2-498d-4162-9926-b73a02cf6fa5 4e8936151d1a4316ab4c2ddf12300f13 29fccd15ee7c460c99b5feb48fa510fb - - default default] 10.0.0.31 "DELETE /v2.0/subnets/9231087a-a67c-488a-be0f-f3b8ae8392c8 HTTP/1.1" status: 204 len: 168 time: 0.2026780
2026-05-21 06:06:43.014 9 WARNING neutron_lib.context [None req-6a0077ef-fec7-4bb9-906b-a2702141d3d3 877042878da8452da3157beb8eb70baa 2d7f833548474eaab33b8c1714a78efd - - default default] Method 'is_advsvc' is deprecated since 2023.2 release (neutron-lib 3.8.0) and will be removed once support for the old RBAC API policies will be removed from Neutron. Please use method 'is_service_role' instead.
2026-05-21 06:06:43.067 10 INFO neutron.db.ovn_revision_numbers_db [None req-15e0b6aa-c77d-4ae1-8e55-eb775c2c0e0b 8ab66a3fd2b547579c2e74c03155309f 0bf3b4ad3829427bb4ddfe54da0217d6 - - default default] Successfully bumped revision number for resource f2ead832-3edd-4456-a253-311102489ea3 (type: security_group_rules) to 0
2026-05-21 06:06:43.093 10 INFO neutron.wsgi [None req-15e0b6aa-c77d-4ae1-8e55-eb775c2c0e0b 8ab66a3fd2b547579c2e74c03155309f 0bf3b4ad3829427bb4ddfe54da0217d6 - - default default] 10.0.0.31 "POST /v2.0/security-group-rules HTTP/1.1" status: 201 len: 768 time: 0.1745267
2026-05-21 06:06:43.116 10 INFO neutron.wsgi [None req-f09db714-9175-4424-8a56-021810c0414a 8ab66a3fd2b547579c2e74c03155309f 0bf3b4ad3829427bb4ddfe54da0217d6 - - default default] 10.0.0.31 "GET /v2.0/security-group-rules/f2ead832-3edd-4456-a253-311102489ea3 HTTP/1.1" status: 200 len: 763 time: 0.0165708
2026-05-21 06:06:43.183 10 INFO neutron.wsgi [None req-991dd281-08c0-403b-8d37-52f16c528050 8ab66a3fd2b547579c2e74c03155309f 0bf3b4ad3829427bb4ddfe54da0217d6 - - default default] 10.0.0.31 "GET /v2.0/security-group-rules HTTP/1.1" status: 200 len: 4113 time: 0.0623240
2026-05-21 06:06:43.206 9 INFO neutron.db.ovn_revision_numbers_db [None req-6a0077ef-fec7-4bb9-906b-a2702141d3d3 877042878da8452da3157beb8eb70baa 2d7f833548474eaab33b8c1714a78efd - - default default] Successfully bumped revision number for resource e226ebc6-8203-40df-9e02-cfdadc68a675 (type: security_groups) to 1
2026-05-21 06:06:43.228 9 INFO neutron.db.ovn_revision_numbers_db [None req-6a0077ef-fec7-4bb9-906b-a2702141d3d3 877042878da8452da3157beb8eb70baa 2d7f833548474eaab33b8c1714a78efd - - default default] Successfully bumped revision number for resource 36b3589c-1ce0-4262-9c33-9296ea63c825 (type: security_group_rules) to 0
2026-05-21 06:06:43.258 9 INFO neutron.db.ovn_revision_numbers_db [None req-6a0077ef-fec7-4bb9-906b-a2702141d3d3 877042878da8452da3157beb8eb70baa 2d7f833548474eaab33b8c1714a78efd - - default default] Successfully bumped revision number for resource 4b102104-2cab-48ab-a4cb-c16465ffeb26 (type: security_group_rules) to 0
2026-05-21 06:06:43.280 9 INFO neutron.db.ovn_revision_numbers_db [None req-6a0077ef-fec7-4bb9-906b-a2702141d3d3 877042878da8452da3157beb8eb70baa 2d7f833548474eaab33b8c1714a78efd - - default default] Successfully bumped revision number for resource 830db18d-9022-4005-b4a2-9195616c1f7f (type: security_group_rules) to 0
2026-05-21 06:06:43.296 9 INFO neutron.db.ovn_revision_numbers_db [None req-6a0077ef-fec7-4bb9-906b-a2702141d3d3 877042878da8452da3157beb8eb70baa 2d7f833548474eaab33b8c1714a78efd - - default default] Successfully bumped revision number for resource ec82da0e-93b8-45d7-a4e9-1f718a6a2e36 (type: security_group_rules) to 0
2026-05-21 06:06:43.353 9 INFO neutron.db.segments_db [None req-6a0077ef-fec7-4bb9-906b-a2702141d3d3 877042878da8452da3157beb8eb70baa 2d7f833548474eaab33b8c1714a78efd - - default default] Added segment 41161495-ce92-4ece-b206-e452e30565ee of type geneve for network 1e958c86-9893-4c65-bc03-67c5726e2fc6
2026-05-21 06:06:43.364 9 INFO neutron.wsgi [None req-80d7e151-8d8a-4730-ab3d-270509034082 4e8936151d1a4316ab4c2ddf12300f13 29fccd15ee7c460c99b5feb48fa510fb - - default default] 10.0.0.31 "DELETE /v2.0/networks/fa6a3706-b18c-45c5-ad6c-34f3ed69e31e HTTP/1.1" status: 204 len: 168 time: 0.4229448
2026-05-21 06:06:43.395 10 INFO neutron.wsgi [None req-1fb78689-1e3b-44d0-a0e8-c9c1d53185b8 8ab66a3fd2b547579c2e74c03155309f 0bf3b4ad3829427bb4ddfe54da0217d6 - - default default] 10.0.0.31 "DELETE /v2.0/security-group-rules/f2ead832-3edd-4456-a253-311102489ea3 HTTP/1.1" status: 204 len: 168 time: 0.2053061
2026-05-21 06:06:43.441 10 INFO neutron.wsgi [None req-df8aa12a-a40c-4f49-ad06-e15312642ba6 8ab66a3fd2b547579c2e74c03155309f 0bf3b4ad3829427bb4ddfe54da0217d6 - - default default] 10.0.0.31 "GET /v2.0/security-group-rules HTTP/1.1" status: 200 len: 3567 time: 0.0385129
2026-05-21 06:06:43.456 10 WARNING neutron_lib.context [None req-d1e3afe1-d589-4b6d-82ff-2147fa9d74ef 8ab66a3fd2b547579c2e74c03155309f 0bf3b4ad3829427bb4ddfe54da0217d6 - - default default] Method 'is_advsvc' is deprecated since 2023.2 release (neutron-lib 3.8.0) and will be removed once support for the old RBAC API policies will be removed from Neutron. Please use method 'is_service_role' instead.
2026-05-21 06:06:43.521 9 INFO neutron.db.ovn_revision_numbers_db [None req-6a0077ef-fec7-4bb9-906b-a2702141d3d3 877042878da8452da3157beb8eb70baa 2d7f833548474eaab33b8c1714a78efd - - default default] Successfully bumped revision number for resource 1e958c86-9893-4c65-bc03-67c5726e2fc6 (type: networks) to 1
2026-05-21 06:06:43.618 10 INFO neutron.db.ovn_revision_numbers_db [None req-d1e3afe1-d589-4b6d-82ff-2147fa9d74ef 8ab66a3fd2b547579c2e74c03155309f 0bf3b4ad3829427bb4ddfe54da0217d6 - - default default] Successfully bumped revision number for resource bec778a0-8d8b-443f-9b5e-ac784ddef317 (type: security_group_rules) to 0
2026-05-21 06:06:43.644 10 INFO neutron.wsgi [None req-d1e3afe1-d589-4b6d-82ff-2147fa9d74ef 8ab66a3fd2b547579c2e74c03155309f 0bf3b4ad3829427bb4ddfe54da0217d6 - - default default] 10.0.0.31 "POST /v2.0/security-group-rules HTTP/1.1" status: 201 len: 768 time: 0.1956177
2026-05-21 06:06:43.667 10 INFO neutron.wsgi [None req-47858676-af83-41f8-8b55-48357d3e9ae7 8ab66a3fd2b547579c2e74c03155309f 0bf3b4ad3829427bb4ddfe54da0217d6 - - default default] 10.0.0.31 "GET /v2.0/security-group-rules/bec778a0-8d8b-443f-9b5e-ac784ddef317 HTTP/1.1" status: 200 len: 763 time: 0.0170407
2026-05-21 06:06:43.712 10 INFO neutron.wsgi [None req-dda3426b-095b-4085-a382-8fb96eb8832f 8ab66a3fd2b547579c2e74c03155309f 0bf3b4ad3829427bb4ddfe54da0217d6 - - default default] 10.0.0.31 "GET /v2.0/security-group-rules HTTP/1.1" status: 200 len: 4113 time: 0.0403252
2026-05-21 06:06:43.718 9 WARNING neutron.scheduler.dhcp_agent_scheduler [None req-6a0077ef-fec7-4bb9-906b-a2702141d3d3 877042878da8452da3157beb8eb70baa 2d7f833548474eaab33b8c1714a78efd - - default default] No more DHCP agents
2026-05-21 06:06:43.722 9 WARNING neutron.api.rpc.agentnotifiers.dhcp_rpc_agent_api [None req-6a0077ef-fec7-4bb9-906b-a2702141d3d3 877042878da8452da3157beb8eb70baa 2d7f833548474eaab33b8c1714a78efd - - default default] Unable to schedule network 1e958c86-9893-4c65-bc03-67c5726e2fc6: no agents available; will retry on subsequent port and subnet creation events.
2026-05-21 06:06:43.839 9 INFO neutron.db.ovn_revision_numbers_db [None req-6a0077ef-fec7-4bb9-906b-a2702141d3d3 877042878da8452da3157beb8eb70baa 2d7f833548474eaab33b8c1714a78efd - - default default] Successfully bumped revision number for resource 9a977aba-ded3-42a7-9bae-81dd0c0ca032 (type: ports) to 1
2026-05-21 06:06:43.866 9 INFO neutron.wsgi [None req-6a0077ef-fec7-4bb9-906b-a2702141d3d3 877042878da8452da3157beb8eb70baa 2d7f833548474eaab33b8c1714a78efd - - default default] 10.0.0.31 "POST /v2.0/networks HTTP/1.1" status: 201 len: 830 time: 1.0793314
2026-05-21 06:06:43.876 9 WARNING neutron_lib.context [None req-aabf14bc-e6a3-4bc6-9cfe-8b04f7fc2667 877042878da8452da3157beb8eb70baa 2d7f833548474eaab33b8c1714a78efd - - default default] Method 'is_advsvc' is deprecated since 2023.2 release (neutron-lib 3.8.0) and will be removed once support for the old RBAC API policies will be removed from Neutron. Please use method 'is_service_role' instead.
2026-05-21 06:06:43.894 10 INFO neutron.wsgi [None req-8272d9ae-9bef-4a02-bbe4-1e665f2afe32 8ab66a3fd2b547579c2e74c03155309f 0bf3b4ad3829427bb4ddfe54da0217d6 - - default default] 10.0.0.31 "DELETE /v2.0/security-group-rules/bec778a0-8d8b-443f-9b5e-ac784ddef317 HTTP/1.1" status: 204 len: 168 time: 0.1761253
2026-05-21 06:06:43.942 10 INFO neutron.wsgi [None req-c3f28fed-e3f9-45ab-9784-4e6abdc4a13d 8ab66a3fd2b547579c2e74c03155309f 0bf3b4ad3829427bb4ddfe54da0217d6 - - default default] 10.0.0.31 "GET /v2.0/security-group-rules HTTP/1.1" status: 200 len: 3567 time: 0.0438597
2026-05-21 06:06:43.954 10 WARNING neutron_lib.context [None req-6f2a6bfd-06ef-4139-b18e-babb18a2765a 8ab66a3fd2b547579c2e74c03155309f 0bf3b4ad3829427bb4ddfe54da0217d6 - - default default] Method 'is_advsvc' is deprecated since 2023.2 release (neutron-lib 3.8.0) and will be removed once support for the old RBAC API policies will be removed from Neutron. Please use method 'is_service_role' instead.
2026-05-21 06:06:43.978 10 INFO neutron.db.securitygroups_db [None req-6f2a6bfd-06ef-4139-b18e-babb18a2765a 8ab66a3fd2b547579c2e74c03155309f 0bf3b4ad3829427bb4ddfe54da0217d6 - - default default] Project 0bf3b4ad3829427bb4ddfe54da0217d6 added a security group rule with legacy IPv6 ICMP protocol name icmp, ipv6-icmp should be used instead. It was automatically converted.
2026-05-21 06:06:44.077 10 INFO neutron.db.ovn_revision_numbers_db [None req-6f2a6bfd-06ef-4139-b18e-babb18a2765a 8ab66a3fd2b547579c2e74c03155309f 0bf3b4ad3829427bb4ddfe54da0217d6 - - default default] Successfully bumped revision number for resource 55e25885-ae10-4172-a24a-c38f6ed2fb42 (type: security_group_rules) to 0
2026-05-21 06:06:44.107 10 INFO neutron.wsgi [None req-6f2a6bfd-06ef-4139-b18e-babb18a2765a 8ab66a3fd2b547579c2e74c03155309f 0bf3b4ad3829427bb4ddfe54da0217d6 - - default default] 10.0.0.31 "POST /v2.0/security-group-rules HTTP/1.1" status: 201 len: 774 time: 0.1574371
2026-05-21 06:06:44.133 10 INFO neutron.wsgi [None req-3f7478e4-bc9a-4f8b-a7a4-59ad806da0be 8ab66a3fd2b547579c2e74c03155309f 0bf3b4ad3829427bb4ddfe54da0217d6 - - default default] 10.0.0.31 "GET /v2.0/security-group-rules/55e25885-ae10-4172-a24a-c38f6ed2fb42 HTTP/1.1" status: 200 len: 769 time: 0.0188963
2026-05-21 06:06:44.147 9 WARNING neutron.scheduler.dhcp_agent_scheduler [None req-aabf14bc-e6a3-4bc6-9cfe-8b04f7fc2667 877042878da8452da3157beb8eb70baa 2d7f833548474eaab33b8c1714a78efd - - default default] No more DHCP agents
2026-05-21 06:06:44.154 9 WARNING neutron.api.rpc.agentnotifiers.dhcp_rpc_agent_api [None req-aabf14bc-e6a3-4bc6-9cfe-8b04f7fc2667 877042878da8452da3157beb8eb70baa 2d7f833548474eaab33b8c1714a78efd - - default default] Unable to schedule network 1e958c86-9893-4c65-bc03-67c5726e2fc6: no agents available; will retry on subsequent port and subnet creation events.
2026-05-21 06:06:44.181 9 INFO neutron.services.segments.plugin [-] Segment 2c5ed0cb-a218-49b7-94f6-70ef593c9661 resource provider aggregate not found
2026-05-21 06:06:44.187 10 INFO neutron.wsgi [None req-4526a08b-8f62-4f30-acef-4dd304da508a 8ab66a3fd2b547579c2e74c03155309f 0bf3b4ad3829427bb4ddfe54da0217d6 - - default default] 10.0.0.31 "GET /v2.0/security-group-rules HTTP/1.1" status: 200 len: 4119 time: 0.0458224
2026-05-21 06:06:44.190 9 INFO neutron.wsgi [None req-3a6bab0e-982f-4b85-8f37-57fc42c62146 14f1358bc9e343d3a49fb905c1b51cf4 b596d1aa324b428fa9b59886b28a5fe0 - - default default] 10.0.0.31 "GET /v2.0/security-groups?tenant_id=29fccd15ee7c460c99b5feb48fa510fb&name=default HTTP/1.1" status: 200 len: 2996 time: 0.3317785
2026-05-21 06:06:44.200 9 INFO neutron.services.segments.plugin [-] Segment 2c5ed0cb-a218-49b7-94f6-70ef593c9661 resource provider aggregate not found
2026-05-21 06:06:44.204 9 INFO neutron.services.segments.plugin [-] Segment 2c5ed0cb-a218-49b7-94f6-70ef593c9661 resource provider not found; error: Placement Client Error (4xx): {"errors": [{"status": 404, "title": "Not Found", "detail": "The resource could not be found.\n\n No resource provider with uuid 2c5ed0cb-a218-49b7-94f6-70ef593c9661 found for delete ", "request_id": "req-ebd26332-dedb-4839-91f1-088cf3dad3cb"}]}
2026-05-21 06:06:44.219 9 INFO neutron.services.segments.plugin [-] Segment 2c5ed0cb-a218-49b7-94f6-70ef593c9661 resource provider not found; error: Placement Client Error (4xx): {"errors": [{"status": 404, "title": "Not Found", "detail": "The resource could not be found.\n\n No resource provider with uuid 2c5ed0cb-a218-49b7-94f6-70ef593c9661 found for delete ", "request_id": "req-743bbe45-a64c-4be8-8a62-9e661ce648ca"}]}
2026-05-21 06:06:44.401 9 INFO neutron.wsgi [None req-531f14e5-8768-4e31-b0dc-5aa1eab76dd9 8ab66a3fd2b547579c2e74c03155309f 0bf3b4ad3829427bb4ddfe54da0217d6 - - default default] 10.0.0.31 "DELETE /v2.0/security-group-rules/55e25885-ae10-4172-a24a-c38f6ed2fb42 HTTP/1.1" status: 204 len: 168 time: 0.2089326
2026-05-21 06:06:44.411 10 INFO neutron.wsgi [None req-e00d3658-cb78-4084-98de-de6f631f0fa0 14f1358bc9e343d3a49fb905c1b51cf4 b596d1aa324b428fa9b59886b28a5fe0 - - default default] 10.0.0.31 "DELETE /v2.0/security-groups/18a186b6-f76f-460b-8a8b-bfcc12ab63e8 HTTP/1.1" status: 204 len: 168 time: 0.2130337
2026-05-21 06:06:44.495 9 INFO neutron.wsgi [None req-a63491f1-da9d-40e9-9883-c6e94cc25b8c 8ab66a3fd2b547579c2e74c03155309f 0bf3b4ad3829427bb4ddfe54da0217d6 - - default default] 10.0.0.31 "GET /v2.0/security-group-rules HTTP/1.1" status: 200 len: 3567 time: 0.0844579
2026-05-21 06:06:44.650 10 INFO neutron.wsgi [None req-fd58f150-21da-4aa7-a9e7-f0a9dd44f05a 8ab66a3fd2b547579c2e74c03155309f 0bf3b4ad3829427bb4ddfe54da0217d6 - - default default] 10.0.0.31 "DELETE /v2.0/security-groups/3699b46a-81ad-4f8d-a6a3-ecd636d23f6f HTTP/1.1" status: 204 len: 168 time: 0.1487844
2026-05-21 06:06:44.706 10 INFO neutron.wsgi [None req-e56aaee8-3c86-4673-95d1-743a23224aac 8ab66a3fd2b547579c2e74c03155309f 0bf3b4ad3829427bb4ddfe54da0217d6 - - default default] 10.0.0.31 "GET /v2.0/security-groups HTTP/1.1" status: 200 len: 2996 time: 0.0488944
2026-05-21 06:06:44.770 10 INFO neutron.wsgi [None req-94d73c97-8e59-4280-a955-e98161bf6398 8ab66a3fd2b547579c2e74c03155309f 0bf3b4ad3829427bb4ddfe54da0217d6 - - default default] 10.0.0.31 "GET /v2.0/security-groups HTTP/1.1" status: 200 len: 2996 time: 0.0562580
2026-05-21 06:06:44.787 9 INFO neutron.db.ovn_revision_numbers_db [None req-aabf14bc-e6a3-4bc6-9cfe-8b04f7fc2667 877042878da8452da3157beb8eb70baa 2d7f833548474eaab33b8c1714a78efd - - default default] Successfully bumped revision number for resource 9a977aba-ded3-42a7-9bae-81dd0c0ca032 (type: ports) to 2
2026-05-21 06:06:44.825 9 INFO neutron.db.ovn_revision_numbers_db [None req-aabf14bc-e6a3-4bc6-9cfe-8b04f7fc2667 877042878da8452da3157beb8eb70baa 2d7f833548474eaab33b8c1714a78efd - - default default] Successfully bumped revision number for resource aaa86621-87bb-424e-9623-1aaf9494547f (type: subnets) to 0
2026-05-21 06:06:44.844 9 INFO neutron.wsgi [None req-aabf14bc-e6a3-4bc6-9cfe-8b04f7fc2667 877042878da8452da3157beb8eb70baa 2d7f833548474eaab33b8c1714a78efd - - default default] 10.0.0.31 "POST /v2.0/subnets HTTP/1.1" status: 201 len: 801 time: 0.9732561
2026-05-21 06:06:44.859 9 WARNING neutron_lib.context [None req-09f16353-76e3-4024-bf9d-c6f2381c7ce2 877042878da8452da3157beb8eb70baa 2d7f833548474eaab33b8c1714a78efd - - default default] Method 'is_advsvc' is deprecated since 2023.2 release (neutron-lib 3.8.0) and will be removed once support for the old RBAC API policies will be removed from Neutron. Please use method 'is_service_role' instead.
2026-05-21 06:06:44.953 9 INFO neutron.db.segments_db [None req-09f16353-76e3-4024-bf9d-c6f2381c7ce2 877042878da8452da3157beb8eb70baa 2d7f833548474eaab33b8c1714a78efd - - default default] Added segment 78a6ca79-b644-4ba1-9e65-71989ac8f140 of type geneve for network f166f055-19de-46b8-ab4b-97d0a98fe15d
2026-05-21 06:06:45.088 9 INFO neutron.db.ovn_revision_numbers_db [None req-09f16353-76e3-4024-bf9d-c6f2381c7ce2 877042878da8452da3157beb8eb70baa 2d7f833548474eaab33b8c1714a78efd - - default default] Successfully bumped revision number for resource f166f055-19de-46b8-ab4b-97d0a98fe15d (type: networks) to 1
2026-05-21 06:06:45.281 9 WARNING neutron.scheduler.dhcp_agent_scheduler [None req-09f16353-76e3-4024-bf9d-c6f2381c7ce2 877042878da8452da3157beb8eb70baa 2d7f833548474eaab33b8c1714a78efd - - default default] No more DHCP agents
2026-05-21 06:06:45.283 9 WARNING neutron.api.rpc.agentnotifiers.dhcp_rpc_agent_api [None req-09f16353-76e3-4024-bf9d-c6f2381c7ce2 877042878da8452da3157beb8eb70baa 2d7f833548474eaab33b8c1714a78efd - - default default] Unable to schedule network f166f055-19de-46b8-ab4b-97d0a98fe15d: no agents available; will retry on subsequent port and subnet creation events.
2026-05-21 06:06:45.368 9 INFO neutron.db.ovn_revision_numbers_db [None req-09f16353-76e3-4024-bf9d-c6f2381c7ce2 877042878da8452da3157beb8eb70baa 2d7f833548474eaab33b8c1714a78efd - - default default] Successfully bumped revision number for resource 78482bd7-ad04-45fb-a45e-2276cbae88ad (type: ports) to 1
2026-05-21 06:06:45.393 9 INFO neutron.wsgi [None req-09f16353-76e3-4024-bf9d-c6f2381c7ce2 877042878da8452da3157beb8eb70baa 2d7f833548474eaab33b8c1714a78efd - - default default] 10.0.0.31 "POST /v2.0/networks HTTP/1.1" status: 201 len: 830 time: 0.5389206
2026-05-21 06:06:45.402 9 WARNING neutron_lib.context [None req-a104e652-9ba5-4c61-88ed-b595e240f1c0 877042878da8452da3157beb8eb70baa 2d7f833548474eaab33b8c1714a78efd - - default default] Method 'is_advsvc' is deprecated since 2023.2 release (neutron-lib 3.8.0) and will be removed once support for the old RBAC API policies will be removed from Neutron. Please use method 'is_service_role' instead.
2026-05-21 06:06:45.585 10 INFO neutron.wsgi [None req-b5445714-bb5a-40c7-b28a-87bb03b285bb 14f1358bc9e343d3a49fb905c1b51cf4 b596d1aa324b428fa9b59886b28a5fe0 - - default default] 10.0.0.31 "GET /v2.0/security-groups?tenant_id=0bf3b4ad3829427bb4ddfe54da0217d6&name=default HTTP/1.1" status: 200 len: 2996 time: 0.2365484
2026-05-21 06:06:45.709 9 WARNING neutron.scheduler.dhcp_agent_scheduler [None req-a104e652-9ba5-4c61-88ed-b595e240f1c0 877042878da8452da3157beb8eb70baa 2d7f833548474eaab33b8c1714a78efd - - default default] No more DHCP agents
2026-05-21 06:06:45.711 9 WARNING neutron.api.rpc.agentnotifiers.dhcp_rpc_agent_api [None req-a104e652-9ba5-4c61-88ed-b595e240f1c0 877042878da8452da3157beb8eb70baa 2d7f833548474eaab33b8c1714a78efd - - default default] Unable to schedule network f166f055-19de-46b8-ab4b-97d0a98fe15d: no agents available; will retry on subsequent port and subnet creation events.
2026-05-21 06:06:45.813 10 INFO neutron.wsgi [None req-23719c70-d677-4452-950f-9e4e01261044 14f1358bc9e343d3a49fb905c1b51cf4 b596d1aa324b428fa9b59886b28a5fe0 - - default default] 10.0.0.31 "DELETE /v2.0/security-groups/60b5c96c-4f52-4eef-a2e8-fe38584eb312 HTTP/1.1" status: 204 len: 168 time: 0.2239637
2026-05-21 06:06:46.395 9 INFO neutron.db.ovn_revision_numbers_db [None req-a104e652-9ba5-4c61-88ed-b595e240f1c0 877042878da8452da3157beb8eb70baa 2d7f833548474eaab33b8c1714a78efd - - default default] Successfully bumped revision number for resource 78482bd7-ad04-45fb-a45e-2276cbae88ad (type: ports) to 2
2026-05-21 06:06:46.437 9 INFO neutron.db.ovn_revision_numbers_db [None req-a104e652-9ba5-4c61-88ed-b595e240f1c0 877042878da8452da3157beb8eb70baa 2d7f833548474eaab33b8c1714a78efd - - default default] Successfully bumped revision number for resource b65ac87c-affe-4b8c-94f6-6a2809006824 (type: subnets) to 0
2026-05-21 06:06:46.454 9 INFO neutron.wsgi [None req-a104e652-9ba5-4c61-88ed-b595e240f1c0 877042878da8452da3157beb8eb70baa 2d7f833548474eaab33b8c1714a78efd - - default default] 10.0.0.31 "POST /v2.0/subnets HTTP/1.1" status: 201 len: 804 time: 1.0567636
2026-05-21 06:06:46.465 9 WARNING neutron_lib.context [None req-9be12c42-714e-4ad8-9977-d620080162fa 877042878da8452da3157beb8eb70baa 2d7f833548474eaab33b8c1714a78efd - - default default] Method 'is_advsvc' is deprecated since 2023.2 release (neutron-lib 3.8.0) and will be removed once support for the old RBAC API policies will be removed from Neutron. Please use method 'is_service_role' instead.
2026-05-21 06:06:46.560 9 INFO neutron.db.segments_db [None req-9be12c42-714e-4ad8-9977-d620080162fa 877042878da8452da3157beb8eb70baa 2d7f833548474eaab33b8c1714a78efd - - default default] Added segment 99e82918-3831-4c9b-9d31-b50d29e9b866 of type geneve for network df63fabe-ce59-4864-9039-a5994e8ff3fa
2026-05-21 06:06:46.621 10 WARNING neutron_lib.context [None req-3728a0d7-432b-410f-8ced-8d660a571ace a1f38c9f5ca34a18bb4ce91c699a0e4e 5ba2479aa36e45208d258018813deab3 - - default default] Method 'is_advsvc' is deprecated since 2023.2 release (neutron-lib 3.8.0) and will be removed once support for the old RBAC API policies will be removed from Neutron. Please use method 'is_service_role' instead.
2026-05-21 06:06:46.720 9 INFO neutron.db.ovn_revision_numbers_db [None req-9be12c42-714e-4ad8-9977-d620080162fa 877042878da8452da3157beb8eb70baa 2d7f833548474eaab33b8c1714a78efd - - default default] Successfully bumped revision number for resource df63fabe-ce59-4864-9039-a5994e8ff3fa (type: networks) to 1
2026-05-21 06:06:46.773 10 INFO neutron.db.ovn_revision_numbers_db [None req-3728a0d7-432b-410f-8ced-8d660a571ace a1f38c9f5ca34a18bb4ce91c699a0e4e 5ba2479aa36e45208d258018813deab3 - - default default] Successfully bumped revision number for resource 11841e3d-37d6-42af-a88d-915ece6d96ae (type: security_groups) to 1
2026-05-21 06:06:46.789 10 INFO neutron.db.ovn_revision_numbers_db [None req-3728a0d7-432b-410f-8ced-8d660a571ace a1f38c9f5ca34a18bb4ce91c699a0e4e 5ba2479aa36e45208d258018813deab3 - - default default] Successfully bumped revision number for resource 3e4b3cb9-52d6-4ec1-910f-60c8cb9c4d44 (type: security_group_rules) to 0
2026-05-21 06:06:46.807 10 INFO neutron.db.ovn_revision_numbers_db [None req-3728a0d7-432b-410f-8ced-8d660a571ace a1f38c9f5ca34a18bb4ce91c699a0e4e 5ba2479aa36e45208d258018813deab3 - - default default] Successfully bumped revision number for resource 4bfc3e80-87d6-4bcf-9f9b-f985d5f0cb31 (type: security_group_rules) to 0
2026-05-21 06:06:46.825 10 INFO neutron.db.ovn_revision_numbers_db [None req-3728a0d7-432b-410f-8ced-8d660a571ace a1f38c9f5ca34a18bb4ce91c699a0e4e 5ba2479aa36e45208d258018813deab3 - - default default] Successfully bumped revision number for resource 546084cb-0c0f-4911-9d5e-e90bc0367eab (type: security_group_rules) to 0
2026-05-21 06:06:46.841 10 INFO neutron.db.ovn_revision_numbers_db [None req-3728a0d7-432b-410f-8ced-8d660a571ace a1f38c9f5ca34a18bb4ce91c699a0e4e 5ba2479aa36e45208d258018813deab3 - - default default] Successfully bumped revision number for resource 58f3220a-e389-4405-b5af-ee42667aed95 (type: security_group_rules) to 0
2026-05-21 06:06:46.893 10 INFO neutron.db.segments_db [None req-3728a0d7-432b-410f-8ced-8d660a571ace a1f38c9f5ca34a18bb4ce91c699a0e4e 5ba2479aa36e45208d258018813deab3 - - default default] Added segment 407a4a97-3483-4650-93d9-a2fa24cb4efc of type geneve for network b7a57b3e-2720-4482-a444-ca57eacdbea9
2026-05-21 06:06:46.904 9 WARNING neutron.scheduler.dhcp_agent_scheduler [None req-9be12c42-714e-4ad8-9977-d620080162fa 877042878da8452da3157beb8eb70baa 2d7f833548474eaab33b8c1714a78efd - - default default] No more DHCP agents
2026-05-21 06:06:46.906 9 WARNING neutron.api.rpc.agentnotifiers.dhcp_rpc_agent_api [None req-9be12c42-714e-4ad8-9977-d620080162fa 877042878da8452da3157beb8eb70baa 2d7f833548474eaab33b8c1714a78efd - - default default] Unable to schedule network df63fabe-ce59-4864-9039-a5994e8ff3fa: no agents available; will retry on subsequent port and subnet creation events.
2026-05-21 06:06:46.991 9 INFO neutron.db.ovn_revision_numbers_db [None req-9be12c42-714e-4ad8-9977-d620080162fa 877042878da8452da3157beb8eb70baa 2d7f833548474eaab33b8c1714a78efd - - default default] Successfully bumped revision number for resource 54fe2334-128f-40bc-ac19-3ffcfa7e33e7 (type: ports) to 1
2026-05-21 06:06:47.011 9 INFO neutron.wsgi [None req-9be12c42-714e-4ad8-9977-d620080162fa 877042878da8452da3157beb8eb70baa 2d7f833548474eaab33b8c1714a78efd - - default default] 10.0.0.31 "POST /v2.0/networks HTTP/1.1" status: 201 len: 830 time: 0.5505216
2026-05-21 06:06:47.024 9 WARNING neutron_lib.context [None req-15119fc1-f306-47f8-8c62-9011b434033a 877042878da8452da3157beb8eb70baa 2d7f833548474eaab33b8c1714a78efd - - default default] Method 'is_advsvc' is deprecated since 2023.2 release (neutron-lib 3.8.0) and will be removed once support for the old RBAC API policies will be removed from Neutron. Please use method 'is_service_role' instead.
2026-05-21 06:06:47.059 10 INFO neutron.db.ovn_revision_numbers_db [None req-3728a0d7-432b-410f-8ced-8d660a571ace a1f38c9f5ca34a18bb4ce91c699a0e4e 5ba2479aa36e45208d258018813deab3 - - default default] Successfully bumped revision number for resource b7a57b3e-2720-4482-a444-ca57eacdbea9 (type: networks) to 1
2026-05-21 06:06:47.237 10 WARNING neutron.scheduler.dhcp_agent_scheduler [None req-3728a0d7-432b-410f-8ced-8d660a571ace a1f38c9f5ca34a18bb4ce91c699a0e4e 5ba2479aa36e45208d258018813deab3 - - default default] No more DHCP agents
2026-05-21 06:06:47.238 10 WARNING neutron.api.rpc.agentnotifiers.dhcp_rpc_agent_api [None req-3728a0d7-432b-410f-8ced-8d660a571ace a1f38c9f5ca34a18bb4ce91c699a0e4e 5ba2479aa36e45208d258018813deab3 - - default default] Unable to schedule network b7a57b3e-2720-4482-a444-ca57eacdbea9: no agents available; will retry on subsequent port and subnet creation events.
2026-05-21 06:06:47.244 9 WARNING neutron.scheduler.dhcp_agent_scheduler [None req-15119fc1-f306-47f8-8c62-9011b434033a 877042878da8452da3157beb8eb70baa 2d7f833548474eaab33b8c1714a78efd - - default default] No more DHCP agents
2026-05-21 06:06:47.247 9 WARNING neutron.api.rpc.agentnotifiers.dhcp_rpc_agent_api [None req-15119fc1-f306-47f8-8c62-9011b434033a 877042878da8452da3157beb8eb70baa 2d7f833548474eaab33b8c1714a78efd - - default default] Unable to schedule network df63fabe-ce59-4864-9039-a5994e8ff3fa: no agents available; will retry on subsequent port and subnet creation events.
2026-05-21 06:06:47.333 10 INFO neutron.db.ovn_revision_numbers_db [None req-3728a0d7-432b-410f-8ced-8d660a571ace a1f38c9f5ca34a18bb4ce91c699a0e4e 5ba2479aa36e45208d258018813deab3 - - default default] Successfully bumped revision number for resource 9e5f3fd2-bd7b-48d3-aeee-a62829edda74 (type: ports) to 1
2026-05-21 06:06:47.358 10 INFO neutron.wsgi [None req-3728a0d7-432b-410f-8ced-8d660a571ace a1f38c9f5ca34a18bb4ce91c699a0e4e 5ba2479aa36e45208d258018813deab3 - - default default] 10.0.0.31 "POST /v2.0/networks HTTP/1.1" status: 201 len: 843 time: 0.9386432
2026-05-21 06:06:47.398 9 WARNING neutron_lib.context [None req-4ad6839e-32b2-4ba9-9ab5-4262337ecf63 a1f38c9f5ca34a18bb4ce91c699a0e4e 5ba2479aa36e45208d258018813deab3 - - default default] Method 'is_advsvc' is deprecated since 2023.2 release (neutron-lib 3.8.0) and will be removed once support for the old RBAC API policies will be removed from Neutron. Please use method 'is_service_role' instead.
2026-05-21 06:06:47.746 9 INFO neutron.db.ovn_revision_numbers_db [None req-84babc37-1dcd-4d20-8399-8b8df50c1caf 14f1358bc9e343d3a49fb905c1b51cf4 b596d1aa324b428fa9b59886b28a5fe0 - - default default] Successfully bumped revision number for resource 18635735-c120-4370-97da-4f3928574a55 (type: security_groups) to 1
2026-05-21 06:06:47.788 9 INFO neutron.db.ovn_revision_numbers_db [None req-84babc37-1dcd-4d20-8399-8b8df50c1caf 14f1358bc9e343d3a49fb905c1b51cf4 b596d1aa324b428fa9b59886b28a5fe0 - - default default] Successfully bumped revision number for resource 3fca3b36-2ff1-466d-adc2-f8131ab93589 (type: security_group_rules) to 0
2026-05-21 06:06:47.801 9 WARNING neutron.scheduler.dhcp_agent_scheduler [None req-4ad6839e-32b2-4ba9-9ab5-4262337ecf63 a1f38c9f5ca34a18bb4ce91c699a0e4e 5ba2479aa36e45208d258018813deab3 - - default default] No more DHCP agents
2026-05-21 06:06:47.807 9 WARNING neutron.api.rpc.agentnotifiers.dhcp_rpc_agent_api [None req-4ad6839e-32b2-4ba9-9ab5-4262337ecf63 a1f38c9f5ca34a18bb4ce91c699a0e4e 5ba2479aa36e45208d258018813deab3 - - default default] Unable to schedule network b7a57b3e-2720-4482-a444-ca57eacdbea9: no agents available; will retry on subsequent port and subnet creation events.
2026-05-21 06:06:47.827 9 INFO neutron.db.ovn_revision_numbers_db [None req-84babc37-1dcd-4d20-8399-8b8df50c1caf 14f1358bc9e343d3a49fb905c1b51cf4 b596d1aa324b428fa9b59886b28a5fe0 - - default default] Successfully bumped revision number for resource 5277a2ba-5547-4ee7-8d6d-4591b96d71ad (type: security_group_rules) to 0
2026-05-21 06:06:47.868 9 INFO neutron.db.ovn_revision_numbers_db [None req-84babc37-1dcd-4d20-8399-8b8df50c1caf 14f1358bc9e343d3a49fb905c1b51cf4 b596d1aa324b428fa9b59886b28a5fe0 - - default default] Successfully bumped revision number for resource d62a591b-12bc-4a16-b5ea-f38404ed0892 (type: security_group_rules) to 0
2026-05-21 06:06:47.894 9 INFO neutron.db.ovn_revision_numbers_db [None req-84babc37-1dcd-4d20-8399-8b8df50c1caf 14f1358bc9e343d3a49fb905c1b51cf4 b596d1aa324b428fa9b59886b28a5fe0 - - default default] Successfully bumped revision number for resource f0771df6-24a1-4d3f-8aeb-c43ba8796a86 (type: security_group_rules) to 0
2026-05-21 06:06:48.321 9 INFO neutron.wsgi [None req-84babc37-1dcd-4d20-8399-8b8df50c1caf 14f1358bc9e343d3a49fb905c1b51cf4 b596d1aa324b428fa9b59886b28a5fe0 - - default default] 10.0.0.31 "GET /v2.0/security-groups?tenant_id=c2fde05f9fcd448a9401470dd81d0be7&name=default HTTP/1.1" status: 200 len: 2996 time: 1.0545237
2026-05-21 06:06:48.405 9 INFO neutron.db.ovn_revision_numbers_db [None req-15119fc1-f306-47f8-8c62-9011b434033a 877042878da8452da3157beb8eb70baa 2d7f833548474eaab33b8c1714a78efd - - default default] Successfully bumped revision number for resource 54fe2334-128f-40bc-ac19-3ffcfa7e33e7 (type: ports) to 2
2026-05-21 06:06:48.458 9 INFO neutron.db.ovn_revision_numbers_db [None req-15119fc1-f306-47f8-8c62-9011b434033a 877042878da8452da3157beb8eb70baa 2d7f833548474eaab33b8c1714a78efd - - default default] Successfully bumped revision number for resource 4d238dae-3b64-4ac6-bcd7-1ffbce0bb02d (type: subnets) to 0
2026-05-21 06:06:48.483 9 INFO neutron.wsgi [None req-15119fc1-f306-47f8-8c62-9011b434033a 877042878da8452da3157beb8eb70baa 2d7f833548474eaab33b8c1714a78efd - - default default] 10.0.0.31 "POST /v2.0/subnets HTTP/1.1" status: 201 len: 804 time: 1.4638302
2026-05-21 06:06:48.506 9 WARNING neutron_lib.context [None req-836548f9-ef19-46bb-aaa0-4e93482bdf96 877042878da8452da3157beb8eb70baa 2d7f833548474eaab33b8c1714a78efd - - default default] Method 'is_advsvc' is deprecated since 2023.2 release (neutron-lib 3.8.0) and will be removed once support for the old RBAC API policies will be removed from Neutron. Please use method 'is_service_role' instead.
2026-05-21 06:06:48.581 10 INFO neutron.wsgi [None req-34a9b60c-2004-4d7e-a7ca-4180ddeeb612 14f1358bc9e343d3a49fb905c1b51cf4 b596d1aa324b428fa9b59886b28a5fe0 - - default default] 10.0.0.31 "DELETE /v2.0/security-groups/18635735-c120-4370-97da-4f3928574a55 HTTP/1.1" status: 204 len: 168 time: 0.2500234
2026-05-21 06:06:48.633 9 INFO neutron.db.segments_db [None req-836548f9-ef19-46bb-aaa0-4e93482bdf96 877042878da8452da3157beb8eb70baa 2d7f833548474eaab33b8c1714a78efd - - default default] Added segment 6fa544f6-e6e3-43b4-bfce-f542a9f4b686 of type geneve for network fc949f50-adf8-468b-976d-12f399577540
2026-05-21 06:06:48.870 9 INFO neutron.db.ovn_revision_numbers_db [None req-836548f9-ef19-46bb-aaa0-4e93482bdf96 877042878da8452da3157beb8eb70baa 2d7f833548474eaab33b8c1714a78efd - - default default] Successfully bumped revision number for resource fc949f50-adf8-468b-976d-12f399577540 (type: networks) to 1
2026-05-21 06:06:48.965 10 INFO neutron.db.ovn_revision_numbers_db [None req-fba29e16-51f6-4580-9bcb-a12fde16b963 14f1358bc9e343d3a49fb905c1b51cf4 b596d1aa324b428fa9b59886b28a5fe0 - - default default] Successfully bumped revision number for resource 82c0d941-cc0f-4e23-bd5c-8cd1d9da52de (type: security_groups) to 1
2026-05-21 06:06:48.987 10 INFO neutron.db.ovn_revision_numbers_db [None req-fba29e16-51f6-4580-9bcb-a12fde16b963 14f1358bc9e343d3a49fb905c1b51cf4 b596d1aa324b428fa9b59886b28a5fe0 - - default default] Successfully bumped revision number for resource 2ff15e1b-8b30-43da-8144-014b5b87a19e (type: security_group_rules) to 0
2026-05-21 06:06:49.005 10 INFO neutron.db.ovn_revision_numbers_db [None req-fba29e16-51f6-4580-9bcb-a12fde16b963 14f1358bc9e343d3a49fb905c1b51cf4 b596d1aa324b428fa9b59886b28a5fe0 - - default default] Successfully bumped revision number for resource 75cb7fd9-7c8b-4a38-b69a-dc8cbfa5e6b1 (type: security_group_rules) to 0
2026-05-21 06:06:49.009 9 INFO neutron.db.ovn_revision_numbers_db [None req-4ad6839e-32b2-4ba9-9ab5-4262337ecf63 a1f38c9f5ca34a18bb4ce91c699a0e4e 5ba2479aa36e45208d258018813deab3 - - default default] Successfully bumped revision number for resource 9e5f3fd2-bd7b-48d3-aeee-a62829edda74 (type: ports) to 2
2026-05-21 06:06:49.024 10 INFO neutron.db.ovn_revision_numbers_db [None req-fba29e16-51f6-4580-9bcb-a12fde16b963 14f1358bc9e343d3a49fb905c1b51cf4 b596d1aa324b428fa9b59886b28a5fe0 - - default default] Successfully bumped revision number for resource 81a936c2-a7d2-4de7-9835-70cfd4162d5b (type: security_group_rules) to 0
2026-05-21 06:06:49.043 10 INFO neutron.db.ovn_revision_numbers_db [None req-fba29e16-51f6-4580-9bcb-a12fde16b963 14f1358bc9e343d3a49fb905c1b51cf4 b596d1aa324b428fa9b59886b28a5fe0 - - default default] Successfully bumped revision number for resource d782e5d4-41a5-4925-82da-7afc3d40ba7d (type: security_group_rules) to 0
