2026-05-21 06:04:43.164 9 INFO neutron.db.ovn_revision_numbers_db [None req-21823068-5d73-4f2d-a408-8c3e28736289 2c2a69a718a74acda04d77b6fc9e8b6c cc5a4e4b55214870a136a545c28bc9fc - - default default] Successfully bumped revision number for resource 726d87ad-f997-4d03-9a5a-c1b7b9d6a925 (type: security_group_rules) to 0
2026-05-21 06:04:43.214 9 INFO neutron.wsgi [None req-21823068-5d73-4f2d-a408-8c3e28736289 2c2a69a718a74acda04d77b6fc9e8b6c cc5a4e4b55214870a136a545c28bc9fc - - default default] 10.0.0.31 "POST /v2.0/security-group-rules HTTP/1.1" status: 201 len: 769 time: 0.1778965
2026-05-21 06:04:43.225 9 WARNING neutron_lib.context [None req-2d707406-5971-45d0-b202-2628909a0b4a 2c2a69a718a74acda04d77b6fc9e8b6c cc5a4e4b55214870a136a545c28bc9fc - - default default] Method 'is_advsvc' is deprecated since 2023.2 release (neutron-lib 3.8.0) and will be removed once support for the old RBAC API policies will be removed from Neutron. Please use method 'is_service_role' instead.
2026-05-21 06:04:43.433 10 INFO neutron.db.ovn_revision_numbers_db [None req-e7863bc2-5213-4f03-b4cd-fbc03d83da95 - - - - - -] Successfully bumped revision number for resource ce68db51-5c35-4463-8089-8f44fdb84035 (type: ports) to 4
2026-05-21 06:04:43.481 9 WARNING neutron_lib.context [None req-b2a0d5f6-5fef-4d66-b8b6-d4349a50ff8d 31264fd1bc034e66a658420166923e44 bb0777f400b34086a5ea2939f8a62793 - - default default] Method 'is_advsvc' is deprecated since 2023.2 release (neutron-lib 3.8.0) and will be removed once support for the old RBAC API policies will be removed from Neutron. Please use method 'is_service_role' instead.
2026-05-21 06:04:43.539 10 INFO neutron.db.ovn_revision_numbers_db [None req-daa492ce-5cb9-44fd-9312-258219cc0b14 14f1358bc9e343d3a49fb905c1b51cf4 b596d1aa324b428fa9b59886b28a5fe0 - - default default] Successfully bumped revision number for resource 7cbe996e-2f4f-4904-8447-827baf5b273f (type: router_ports) to 1
2026-05-21 06:04:43.631 9 WARNING neutron.scheduler.dhcp_agent_scheduler [None req-2d707406-5971-45d0-b202-2628909a0b4a 2c2a69a718a74acda04d77b6fc9e8b6c cc5a4e4b55214870a136a545c28bc9fc - - default default] No more DHCP agents
2026-05-21 06:04:43.635 9 WARNING neutron.api.rpc.agentnotifiers.dhcp_rpc_agent_api [None req-2d707406-5971-45d0-b202-2628909a0b4a 2c2a69a718a74acda04d77b6fc9e8b6c cc5a4e4b55214870a136a545c28bc9fc - - default default] Unable to schedule network 1ce885a1-e630-4a49-96c6-ca1d2e781844: no agents available; will retry on subsequent port and subnet creation events.
2026-05-21 06:04:43.672 10 INFO neutron.db.ovn_revision_numbers_db [None req-daa492ce-5cb9-44fd-9312-258219cc0b14 14f1358bc9e343d3a49fb905c1b51cf4 b596d1aa324b428fa9b59886b28a5fe0 - - default default] Successfully bumped revision number for resource 8cff597e-d68b-44a4-b8c6-629d94d05617 (type: routers) to 2
2026-05-21 06:04:43.674 9 WARNING neutron_lib.context [None req-e9f2f1fa-279c-4a9b-b87d-9f380934e37e 7a6a3ff51d8a406bb7a16eefcb30e73e f233c37dc4b24d848d67cb1734ca8f6e - - default default] Method 'is_advsvc' is deprecated since 2023.2 release (neutron-lib 3.8.0) and will be removed once support for the old RBAC API policies will be removed from Neutron. Please use method 'is_service_role' instead.
2026-05-21 06:04:43.689 9 INFO neutron.db.ovn_revision_numbers_db [None req-b2a0d5f6-5fef-4d66-b8b6-d4349a50ff8d 31264fd1bc034e66a658420166923e44 bb0777f400b34086a5ea2939f8a62793 - - default default] Successfully bumped revision number for resource 641d2578-d8cb-4d07-873c-30b76a66e7c9 (type: security_groups) to 1
2026-05-21 06:04:43.735 9 INFO neutron.db.ovn_revision_numbers_db [None req-b2a0d5f6-5fef-4d66-b8b6-d4349a50ff8d 31264fd1bc034e66a658420166923e44 bb0777f400b34086a5ea2939f8a62793 - - default default] Successfully bumped revision number for resource 72a3da8d-1b83-476f-a543-a921acfbe2e7 (type: security_group_rules) to 0
2026-05-21 06:04:43.766 9 INFO neutron.db.ovn_revision_numbers_db [None req-b2a0d5f6-5fef-4d66-b8b6-d4349a50ff8d 31264fd1bc034e66a658420166923e44 bb0777f400b34086a5ea2939f8a62793 - - default default] Successfully bumped revision number for resource dd40b880-56c9-4d53-a277-8baf9395a75b (type: security_group_rules) to 0
2026-05-21 06:04:43.805 9 INFO neutron.wsgi [None req-b2a0d5f6-5fef-4d66-b8b6-d4349a50ff8d 31264fd1bc034e66a658420166923e44 bb0777f400b34086a5ea2939f8a62793 - - default default] 10.0.0.31 "POST /v2.0/security-groups HTTP/1.1" status: 201 len: 1796 time: 0.3294892
2026-05-21 06:04:43.823 9 WARNING neutron_lib.context [None req-458b4022-ab3a-4db3-a072-977c6469a47f 31264fd1bc034e66a658420166923e44 bb0777f400b34086a5ea2939f8a62793 - - default default] Method 'is_advsvc' is deprecated since 2023.2 release (neutron-lib 3.8.0) and will be removed once support for the old RBAC API policies will be removed from Neutron. Please use method 'is_service_role' instead.
2026-05-21 06:04:43.874 10 INFO neutron.wsgi [None req-daa492ce-5cb9-44fd-9312-258219cc0b14 14f1358bc9e343d3a49fb905c1b51cf4 b596d1aa324b428fa9b59886b28a5fe0 - - default default] 10.0.0.31 "POST /v2.0/routers HTTP/1.1" status: 201 len: 881 time: 2.9748127
2026-05-21 06:04:43.951 9 INFO neutron.db.ovn_revision_numbers_db [None req-e9f2f1fa-279c-4a9b-b87d-9f380934e37e 7a6a3ff51d8a406bb7a16eefcb30e73e f233c37dc4b24d848d67cb1734ca8f6e - - default default] Successfully bumped revision number for resource 78033b81-b0f7-4ff0-afa7-59de1ab78235 (type: security_groups) to 1
2026-05-21 06:04:43.976 10 INFO neutron.db.ovn_revision_numbers_db [None req-e7863bc2-5213-4f03-b4cd-fbc03d83da95 - - - - - -] Successfully bumped revision number for resource ce68db51-5c35-4463-8089-8f44fdb84035 (type: router_ports) to 4
2026-05-21 06:04:43.980 9 INFO neutron.db.ovn_revision_numbers_db [None req-e9f2f1fa-279c-4a9b-b87d-9f380934e37e 7a6a3ff51d8a406bb7a16eefcb30e73e f233c37dc4b24d848d67cb1734ca8f6e - - default default] Successfully bumped revision number for resource 311a23a8-0a64-41e7-9963-889bf7b37b03 (type: security_group_rules) to 0
2026-05-21 06:04:44.003 9 INFO neutron.db.ovn_revision_numbers_db [None req-e9f2f1fa-279c-4a9b-b87d-9f380934e37e 7a6a3ff51d8a406bb7a16eefcb30e73e f233c37dc4b24d848d67cb1734ca8f6e - - default default] Successfully bumped revision number for resource 39425f43-117e-4ccc-b0ef-a27b5867f415 (type: security_group_rules) to 0
2026-05-21 06:04:44.033 9 INFO neutron.wsgi [None req-e9f2f1fa-279c-4a9b-b87d-9f380934e37e 7a6a3ff51d8a406bb7a16eefcb30e73e f233c37dc4b24d848d67cb1734ca8f6e - - default default] 10.0.0.31 "POST /v2.0/security-groups HTTP/1.1" status: 201 len: 1796 time: 0.3648474
2026-05-21 06:04:44.053 10 INFO neutron.plugins.ml2.drivers.ovn.mech_driver.ovsdb.ovsdb_monitor [None req-e7863bc2-5213-4f03-b4cd-fbc03d83da95 - - - - - -] Router 95d540ea-9aec-4d21-84bc-5794603e4424 is bound to host instance
2026-05-21 06:04:44.055 9 WARNING neutron_lib.context [None req-9dcb39b0-4bb7-4ff0-ae27-243d90102195 7a6a3ff51d8a406bb7a16eefcb30e73e f233c37dc4b24d848d67cb1734ca8f6e - - default default] Method 'is_advsvc' is deprecated since 2023.2 release (neutron-lib 3.8.0) and will be removed once support for the old RBAC API policies will be removed from Neutron. Please use method 'is_service_role' instead.
2026-05-21 06:04:44.328 9 INFO neutron.db.ovn_revision_numbers_db [None req-458b4022-ab3a-4db3-a072-977c6469a47f 31264fd1bc034e66a658420166923e44 bb0777f400b34086a5ea2939f8a62793 - - default default] Successfully bumped revision number for resource c477d8a3-16f6-41e7-952f-69b954404373 (type: security_group_rules) to 0
2026-05-21 06:04:44.337 9 INFO neutron.db.ovn_revision_numbers_db [None req-2d707406-5971-45d0-b202-2628909a0b4a 2c2a69a718a74acda04d77b6fc9e8b6c cc5a4e4b55214870a136a545c28bc9fc - - default default] Successfully bumped revision number for resource 96236421-73b1-4e44-ac12-08e5a9e30be9 (type: floatingips) to 0
2026-05-21 06:04:44.360 9 INFO neutron.wsgi [None req-2d707406-5971-45d0-b202-2628909a0b4a 2c2a69a718a74acda04d77b6fc9e8b6c cc5a4e4b55214870a136a545c28bc9fc - - default default] 10.0.0.31 "POST /v2.0/floatingips HTTP/1.1" status: 201 len: 751 time: 1.1394501
2026-05-21 06:04:44.379 9 INFO neutron.wsgi [None req-458b4022-ab3a-4db3-a072-977c6469a47f 31264fd1bc034e66a658420166923e44 bb0777f400b34086a5ea2939f8a62793 - - default default] 10.0.0.31 "POST /v2.0/security-group-rules HTTP/1.1" status: 201 len: 764 time: 0.5650227
2026-05-21 06:04:44.404 10 WARNING neutron_lib.context [None req-9f076d47-e125-4176-ba9e-a05b68d05d8a 31264fd1bc034e66a658420166923e44 bb0777f400b34086a5ea2939f8a62793 - - default default] Method 'is_advsvc' is deprecated since 2023.2 release (neutron-lib 3.8.0) and will be removed once support for the old RBAC API policies will be removed from Neutron. Please use method 'is_service_role' instead.
2026-05-21 06:04:44.463 9 INFO neutron.db.ovn_revision_numbers_db [None req-9dcb39b0-4bb7-4ff0-ae27-243d90102195 7a6a3ff51d8a406bb7a16eefcb30e73e f233c37dc4b24d848d67cb1734ca8f6e - - default default] Successfully bumped revision number for resource f724c6b0-e3c9-4f39-a369-511eeecc189a (type: security_group_rules) to 0
2026-05-21 06:04:44.492 9 INFO neutron.wsgi [None req-9dcb39b0-4bb7-4ff0-ae27-243d90102195 7a6a3ff51d8a406bb7a16eefcb30e73e f233c37dc4b24d848d67cb1734ca8f6e - - default default] 10.0.0.31 "POST /v2.0/security-group-rules HTTP/1.1" status: 201 len: 764 time: 0.4506812
2026-05-21 06:04:44.504 9 WARNING neutron_lib.context [None req-e04d99ef-ffd4-4365-ac92-acd2befa2670 7a6a3ff51d8a406bb7a16eefcb30e73e f233c37dc4b24d848d67cb1734ca8f6e - - default default] Method 'is_advsvc' is deprecated since 2023.2 release (neutron-lib 3.8.0) and will be removed once support for the old RBAC API policies will be removed from Neutron. Please use method 'is_service_role' instead.
2026-05-21 06:04:44.648 9 INFO neutron.db.ovn_revision_numbers_db [None req-e04d99ef-ffd4-4365-ac92-acd2befa2670 7a6a3ff51d8a406bb7a16eefcb30e73e f233c37dc4b24d848d67cb1734ca8f6e - - default default] Successfully bumped revision number for resource c3114731-9984-46ac-9e52-e5e95a3c9e12 (type: security_group_rules) to 0
2026-05-21 06:04:44.648 10 WARNING neutron.scheduler.dhcp_agent_scheduler [None req-fc7abfbb-06fa-45c6-bb19-1e223b8b9f70 14f1358bc9e343d3a49fb905c1b51cf4 b596d1aa324b428fa9b59886b28a5fe0 - - default default] No more DHCP agents
2026-05-21 06:04:44.657 10 WARNING neutron.api.rpc.agentnotifiers.dhcp_rpc_agent_api [None req-fc7abfbb-06fa-45c6-bb19-1e223b8b9f70 14f1358bc9e343d3a49fb905c1b51cf4 b596d1aa324b428fa9b59886b28a5fe0 - - default default] Unable to schedule network 34640999-46be-4dcb-bcea-deba898cee22: no agents available; will retry on subsequent port and subnet creation events.
2026-05-21 06:04:44.686 9 INFO neutron.wsgi [None req-e04d99ef-ffd4-4365-ac92-acd2befa2670 7a6a3ff51d8a406bb7a16eefcb30e73e f233c37dc4b24d848d67cb1734ca8f6e - - default default] 10.0.0.31 "POST /v2.0/security-group-rules HTTP/1.1" status: 201 len: 769 time: 0.1872065
2026-05-21 06:04:44.699 9 WARNING neutron_lib.context [None req-bb867412-592b-478d-a082-e6fa873de531 7a6a3ff51d8a406bb7a16eefcb30e73e f233c37dc4b24d848d67cb1734ca8f6e - - default default] Method 'is_advsvc' is deprecated since 2023.2 release (neutron-lib 3.8.0) and will be removed once support for the old RBAC API policies will be removed from Neutron. Please use method 'is_service_role' instead.
2026-05-21 06:04:44.736 10 INFO neutron.db.ovn_revision_numbers_db [None req-9f076d47-e125-4176-ba9e-a05b68d05d8a 31264fd1bc034e66a658420166923e44 bb0777f400b34086a5ea2939f8a62793 - - default default] Successfully bumped revision number for resource e2718c7c-1867-4dc6-901d-7f74e7723772 (type: security_group_rules) to 0
2026-05-21 06:04:44.791 10 INFO neutron.wsgi [None req-9f076d47-e125-4176-ba9e-a05b68d05d8a 31264fd1bc034e66a658420166923e44 bb0777f400b34086a5ea2939f8a62793 - - default default] 10.0.0.31 "POST /v2.0/security-group-rules HTTP/1.1" status: 201 len: 769 time: 0.3967206
2026-05-21 06:04:44.810 9 WARNING neutron_lib.context [None req-ae083217-3e1a-4412-b485-82d206d2acab 31264fd1bc034e66a658420166923e44 bb0777f400b34086a5ea2939f8a62793 - - default default] Method 'is_advsvc' is deprecated since 2023.2 release (neutron-lib 3.8.0) and will be removed once support for the old RBAC API policies will be removed from Neutron. Please use method 'is_service_role' instead.
2026-05-21 06:04:44.884 10 INFO neutron.db.ovn_revision_numbers_db [None req-fc7abfbb-06fa-45c6-bb19-1e223b8b9f70 14f1358bc9e343d3a49fb905c1b51cf4 b596d1aa324b428fa9b59886b28a5fe0 - - default default] Successfully bumped revision number for resource d0fc5efe-6603-4f13-be93-c31463a8c3ac (type: ports) to 1
2026-05-21 06:04:44.915 10 INFO neutron.db.ovn_revision_numbers_db [None req-e7863bc2-5213-4f03-b4cd-fbc03d83da95 - - - - - -] Successfully bumped revision number for resource ba3aba87-a7b1-4b64-ab58-b0f077467111 (type: ports) to 1
2026-05-21 06:04:45.119 9 WARNING neutron.scheduler.dhcp_agent_scheduler [None req-bb867412-592b-478d-a082-e6fa873de531 7a6a3ff51d8a406bb7a16eefcb30e73e f233c37dc4b24d848d67cb1734ca8f6e - - default default] No more DHCP agents
2026-05-21 06:04:45.128 9 WARNING neutron.api.rpc.agentnotifiers.dhcp_rpc_agent_api [None req-bb867412-592b-478d-a082-e6fa873de531 7a6a3ff51d8a406bb7a16eefcb30e73e f233c37dc4b24d848d67cb1734ca8f6e - - default default] Unable to schedule network 1ce885a1-e630-4a49-96c6-ca1d2e781844: no agents available; will retry on subsequent port and subnet creation events.
2026-05-21 06:04:45.265 9 WARNING neutron.scheduler.dhcp_agent_scheduler [None req-ae083217-3e1a-4412-b485-82d206d2acab 31264fd1bc034e66a658420166923e44 bb0777f400b34086a5ea2939f8a62793 - - default default] No more DHCP agents
2026-05-21 06:04:45.269 9 WARNING neutron.api.rpc.agentnotifiers.dhcp_rpc_agent_api [None req-ae083217-3e1a-4412-b485-82d206d2acab 31264fd1bc034e66a658420166923e44 bb0777f400b34086a5ea2939f8a62793 - - default default] Unable to schedule network 1ce885a1-e630-4a49-96c6-ca1d2e781844: no agents available; will retry on subsequent port and subnet creation events.
2026-05-21 06:04:45.420 10 INFO neutron.db.ovn_revision_numbers_db [None req-e7863bc2-5213-4f03-b4cd-fbc03d83da95 - - - - - -] Successfully bumped revision number for resource ba3aba87-a7b1-4b64-ab58-b0f077467111 (type: router_ports) to 3
2026-05-21 06:04:45.553 10 INFO neutron.db.ovn_revision_numbers_db [None req-fc7abfbb-06fa-45c6-bb19-1e223b8b9f70 14f1358bc9e343d3a49fb905c1b51cf4 b596d1aa324b428fa9b59886b28a5fe0 - - default default] Successfully bumped revision number for resource d0fc5efe-6603-4f13-be93-c31463a8c3ac (type: router_ports) to 1
2026-05-21 06:04:45.594 9 INFO neutron.db.ovn_revision_numbers_db [None req-bb867412-592b-478d-a082-e6fa873de531 7a6a3ff51d8a406bb7a16eefcb30e73e f233c37dc4b24d848d67cb1734ca8f6e - - default default] Successfully bumped revision number for resource b7be9344-ac24-499f-b4f3-ed78a8dd2000 (type: floatingips) to 0
2026-05-21 06:04:45.602 10 INFO neutron.db.ovn_revision_numbers_db [None req-e7863bc2-5213-4f03-b4cd-fbc03d83da95 - - - - - -] Successfully bumped revision number for resource ba3aba87-a7b1-4b64-ab58-b0f077467111 (type: ports) to 2
2026-05-21 06:04:45.613 9 INFO neutron.wsgi [None req-bb867412-592b-478d-a082-e6fa873de531 7a6a3ff51d8a406bb7a16eefcb30e73e f233c37dc4b24d848d67cb1734ca8f6e - - default default] 10.0.0.31 "POST /v2.0/floatingips HTTP/1.1" status: 201 len: 751 time: 0.9212475
2026-05-21 06:04:45.693 10 INFO neutron.db.ovn_revision_numbers_db [None req-fc7abfbb-06fa-45c6-bb19-1e223b8b9f70 14f1358bc9e343d3a49fb905c1b51cf4 b596d1aa324b428fa9b59886b28a5fe0 - - default default] Successfully bumped revision number for resource d0fc5efe-6603-4f13-be93-c31463a8c3ac (type: ports) to 1
2026-05-21 06:04:45.748 9 INFO neutron.db.ovn_revision_numbers_db [None req-ae083217-3e1a-4412-b485-82d206d2acab 31264fd1bc034e66a658420166923e44 bb0777f400b34086a5ea2939f8a62793 - - default default] Successfully bumped revision number for resource 76163348-45d2-472f-b9c1-ba5747c1878e (type: floatingips) to 0
2026-05-21 06:04:45.768 9 INFO neutron.wsgi [None req-ae083217-3e1a-4412-b485-82d206d2acab 31264fd1bc034e66a658420166923e44 bb0777f400b34086a5ea2939f8a62793 - - default default] 10.0.0.31 "POST /v2.0/floatingips HTTP/1.1" status: 201 len: 751 time: 0.9642878
2026-05-21 06:04:45.784 10 INFO neutron.plugins.ml2.drivers.ovn.mech_driver.mech_driver [None req-57002d08-0037-4a3f-a84d-4197daadc4a1 - - - - - -] OVN reports status up for port: 87d938ac-f9c4-49a0-a54e-7e0a448d96c5
2026-05-21 06:04:45.799 10 INFO neutron.plugins.ml2.plugin [None req-57002d08-0037-4a3f-a84d-4197daadc4a1 - - - - - -] Attempt 1 to provision port 87d938ac-f9c4-49a0-a54e-7e0a448d96c5
2026-05-21 06:04:45.800 10 WARNING neutron.scheduler.dhcp_agent_scheduler [None req-fc7abfbb-06fa-45c6-bb19-1e223b8b9f70 14f1358bc9e343d3a49fb905c1b51cf4 b596d1aa324b428fa9b59886b28a5fe0 - - default default] No more DHCP agents
2026-05-21 06:04:45.810 10 WARNING neutron.api.rpc.agentnotifiers.dhcp_rpc_agent_api [None req-fc7abfbb-06fa-45c6-bb19-1e223b8b9f70 14f1358bc9e343d3a49fb905c1b51cf4 b596d1aa324b428fa9b59886b28a5fe0 - - default default] Unable to schedule network 34640999-46be-4dcb-bcea-deba898cee22: no agents available; will retry on subsequent port and subnet creation events.
2026-05-21 06:04:45.984 10 INFO neutron.db.ovn_revision_numbers_db [None req-e7863bc2-5213-4f03-b4cd-fbc03d83da95 - - - - - -] Successfully bumped revision number for resource ba3aba87-a7b1-4b64-ab58-b0f077467111 (type: ports) to 4
2026-05-21 06:04:46.261 9 WARNING neutron.plugins.ml2.drivers.ovn.mech_driver.ovsdb.ovn_client [None req-bdae711b-8b13-4214-9c2c-d0e26b7da533 - - - - - -] No hosting information found for port 79eba949-4aa0-43c2-9bbd-9cd4e35b1a94: RuntimeError: No hosting information found for port 79eba949-4aa0-43c2-9bbd-9cd4e35b1a94
2026-05-21 06:04:46.261 9 INFO neutron.plugins.ml2.drivers.ovn.mech_driver.mech_driver [None req-bdae711b-8b13-4214-9c2c-d0e26b7da533 - - - - - -] OVN reports status up for port: cc348342-0f95-418b-aad1-2f2c43ee78c4
2026-05-21 06:04:46.280 9 INFO neutron.plugins.ml2.plugin [None req-bdae711b-8b13-4214-9c2c-d0e26b7da533 - - - - - -] Attempt 1 to provision port cc348342-0f95-418b-aad1-2f2c43ee78c4
2026-05-21 06:04:46.497 9 INFO neutron.wsgi [req-8920799f-b76e-4f68-8732-50021c1e19dc req-4aa09185-dfe9-45b5-8eb7-146ac987e9cc 7a6a3ff51d8a406bb7a16eefcb30e73e f233c37dc4b24d848d67cb1734ca8f6e - - default default] 10.0.0.167 "GET /v2.0/security-groups?name=tempest-securitygroup--330535940&fields=id&tenant_id=f233c37dc4b24d848d67cb1734ca8f6e HTTP/1.1" status: 200 len: 267 time: 0.0627816
2026-05-21 06:04:46.584 10 INFO neutron.db.ovn_revision_numbers_db [None req-57002d08-0037-4a3f-a84d-4197daadc4a1 - - - - - -] Successfully bumped revision number for resource 87d938ac-f9c4-49a0-a54e-7e0a448d96c5 (type: ports) to 2
2026-05-21 06:04:46.594 10 INFO neutron.db.ovn_revision_numbers_db [None req-e7863bc2-5213-4f03-b4cd-fbc03d83da95 - - - - - -] Successfully bumped revision number for resource ba3aba87-a7b1-4b64-ab58-b0f077467111 (type: router_ports) to 4
2026-05-21 06:04:46.659 9 INFO neutron.wsgi [req-8920799f-b76e-4f68-8732-50021c1e19dc req-8937f674-d718-42b8-bc1a-170e62b33633 7a6a3ff51d8a406bb7a16eefcb30e73e f233c37dc4b24d848d67cb1734ca8f6e - - default default] 10.0.0.167 "GET /v2.0/networks?id=70f46a00-5927-4487-bce9-67cf8990420d HTTP/1.1" status: 200 len: 883 time: 0.1526806
2026-05-21 06:04:46.669 10 INFO neutron.plugins.ml2.drivers.ovn.mech_driver.ovsdb.ovsdb_monitor [None req-e7863bc2-5213-4f03-b4cd-fbc03d83da95 - - - - - -] Router 8cff597e-d68b-44a4-b8c6-629d94d05617 is bound to host instance
2026-05-21 06:04:46.670 9 INFO neutron.wsgi [req-a4a271ca-748e-41f9-99a2-aedc14c73dcb req-21fa5797-303f-49b3-8377-399b7a7ed860 31264fd1bc034e66a658420166923e44 bb0777f400b34086a5ea2939f8a62793 - - default default] 10.0.0.167 "GET /v2.0/security-groups?name=tempest-securitygroup--1617497951&fields=id&tenant_id=bb0777f400b34086a5ea2939f8a62793 HTTP/1.1" status: 200 len: 267 time: 0.0855551
2026-05-21 06:04:46.718 9 INFO neutron.wsgi [req-8920799f-b76e-4f68-8732-50021c1e19dc req-61d99055-cf7a-447e-9e6e-8c141fd386a4 7a6a3ff51d8a406bb7a16eefcb30e73e f233c37dc4b24d848d67cb1734ca8f6e - - default default] 10.0.0.167 "GET /v2.0/quotas/f233c37dc4b24d848d67cb1734ca8f6e HTTP/1.1" status: 200 len: 386 time: 0.0463700
2026-05-21 06:04:46.752 10 INFO neutron.db.ovn_revision_numbers_db [None req-57002d08-0037-4a3f-a84d-4197daadc4a1 - - - - - -] Successfully bumped revision number for resource 87d938ac-f9c4-49a0-a54e-7e0a448d96c5 (type: router_ports) to 2
2026-05-21 06:04:47.019 9 INFO neutron.wsgi [req-a4a271ca-748e-41f9-99a2-aedc14c73dcb req-c0dca4ac-40c1-4ffe-ab7d-e58a2aa1360a 31264fd1bc034e66a658420166923e44 bb0777f400b34086a5ea2939f8a62793 - - default default] 10.0.0.167 "GET /v2.0/networks?id=2ee750a4-4534-48bc-842f-e33a45ecef3d HTTP/1.1" status: 200 len: 868 time: 0.3385503
2026-05-21 06:04:47.039 9 INFO neutron.db.ovn_revision_numbers_db [None req-bdae711b-8b13-4214-9c2c-d0e26b7da533 - - - - - -] Successfully bumped revision number for resource cc348342-0f95-418b-aad1-2f2c43ee78c4 (type: ports) to 2
2026-05-21 06:04:47.046 9 INFO neutron.wsgi [req-a4a271ca-748e-41f9-99a2-aedc14c73dcb req-a2ab5348-d9fa-42d4-a28d-1746c6d5d38f 31264fd1bc034e66a658420166923e44 bb0777f400b34086a5ea2939f8a62793 - - default default] 10.0.0.167 "GET /v2.0/quotas/bb0777f400b34086a5ea2939f8a62793 HTTP/1.1" status: 200 len: 386 time: 0.0185871
2026-05-21 06:04:47.056 9 INFO neutron.wsgi [req-8920799f-b76e-4f68-8732-50021c1e19dc req-b03a0de6-c497-41e1-a2c9-4488f2428fb5 7a6a3ff51d8a406bb7a16eefcb30e73e f233c37dc4b24d848d67cb1734ca8f6e - - default default] 10.0.0.167 "GET /v2.0/ports?tenant_id=f233c37dc4b24d848d67cb1734ca8f6e&fields=id HTTP/1.1" status: 200 len: 302 time: 0.3303685
2026-05-21 06:04:47.167 9 INFO neutron.db.ovn_revision_numbers_db [None req-bdae711b-8b13-4214-9c2c-d0e26b7da533 - - - - - -] Successfully bumped revision number for resource cc348342-0f95-418b-aad1-2f2c43ee78c4 (type: router_ports) to 2
2026-05-21 06:04:47.194 9 INFO neutron.wsgi [req-a4a271ca-748e-41f9-99a2-aedc14c73dcb req-07c62425-9cf8-4d62-ad63-450be00b5414 31264fd1bc034e66a658420166923e44 bb0777f400b34086a5ea2939f8a62793 - - default default] 10.0.0.167 "GET /v2.0/ports?tenant_id=bb0777f400b34086a5ea2939f8a62793&fields=id HTTP/1.1" status: 200 len: 302 time: 0.1401553
2026-05-21 06:04:47.280 10 INFO neutron.db.ovn_revision_numbers_db [None req-fc7abfbb-06fa-45c6-bb19-1e223b8b9f70 14f1358bc9e343d3a49fb905c1b51cf4 b596d1aa324b428fa9b59886b28a5fe0 - - default default] Successfully bumped revision number for resource d0fc5efe-6603-4f13-be93-c31463a8c3ac (type: router_ports) to 1
2026-05-21 06:04:47.282 10 INFO neutron.wsgi [None req-fc7abfbb-06fa-45c6-bb19-1e223b8b9f70 14f1358bc9e343d3a49fb905c1b51cf4 b596d1aa324b428fa9b59886b28a5fe0 - - default default] 10.0.0.31 "PUT /v2.0/routers/8cff597e-d68b-44a4-b8c6-629d94d05617/add_router_interface HTTP/1.1" status: 200 len: 503 time: 3.4036868
2026-05-21 06:04:47.498 9 INFO neutron.wsgi [req-8920799f-b76e-4f68-8732-50021c1e19dc req-706e7ec3-e7b5-4c65-8125-7c2459b03ddf 229501d8a6c14532b4471656d3f47bda 898e81d6baed46e2827c75275a9facd0 - - 3956b636088b444f9ad1deef5c6431c0 3956b636088b444f9ad1deef5c6431c0] 10.0.0.167 "GET /v2.0/extensions HTTP/1.1" status: 200 len: 16980 time: 0.0545473
2026-05-21 06:04:47.593 9 INFO neutron.wsgi [req-a4a271ca-748e-41f9-99a2-aedc14c73dcb req-64a6ac0a-afe0-4f5e-8990-196e687db82b 229501d8a6c14532b4471656d3f47bda 898e81d6baed46e2827c75275a9facd0 - - 3956b636088b444f9ad1deef5c6431c0 3956b636088b444f9ad1deef5c6431c0] 10.0.0.167 "GET /v2.0/extensions HTTP/1.1" status: 200 len: 16980 time: 0.0664897
2026-05-21 06:04:47.600 10 INFO neutron.db.ovn_revision_numbers_db [None req-e7863bc2-5213-4f03-b4cd-fbc03d83da95 - - - - - -] Successfully bumped revision number for resource 7cbe996e-2f4f-4904-8447-827baf5b273f (type: ports) to 1
2026-05-21 06:04:47.602 9 INFO neutron.wsgi [req-8920799f-b76e-4f68-8732-50021c1e19dc req-d704e838-dd59-4854-870b-414f5ceaa05a 229501d8a6c14532b4471656d3f47bda 898e81d6baed46e2827c75275a9facd0 - - 3956b636088b444f9ad1deef5c6431c0 3956b636088b444f9ad1deef5c6431c0] 10.0.0.167 "GET /v2.0/networks/70f46a00-5927-4487-bce9-67cf8990420d?fields=segments HTTP/1.1" status: 200 len: 212 time: 0.0950413
2026-05-21 06:04:47.678 9 INFO neutron.wsgi [req-a4a271ca-748e-41f9-99a2-aedc14c73dcb req-fe578ed1-88cc-4803-8f05-b6d056e0190c 229501d8a6c14532b4471656d3f47bda 898e81d6baed46e2827c75275a9facd0 - - 3956b636088b444f9ad1deef5c6431c0 3956b636088b444f9ad1deef5c6431c0] 10.0.0.167 "GET /v2.0/networks/2ee750a4-4534-48bc-842f-e33a45ecef3d?fields=segments HTTP/1.1" status: 200 len: 212 time: 0.0749719
2026-05-21 06:04:47.680 9 INFO neutron.wsgi [req-8920799f-b76e-4f68-8732-50021c1e19dc req-3c5330f2-19f6-4956-8e01-d5a725e34986 229501d8a6c14532b4471656d3f47bda 898e81d6baed46e2827c75275a9facd0 - - 3956b636088b444f9ad1deef5c6431c0 3956b636088b444f9ad1deef5c6431c0] 10.0.0.167 "GET /v2.0/networks/70f46a00-5927-4487-bce9-67cf8990420d?fields=provider%3Aphysical_network&fields=provider%3Anetwork_type HTTP/1.1" status: 200 len: 277 time: 0.0721765
2026-05-21 06:04:47.743 9 INFO neutron.wsgi [req-a4a271ca-748e-41f9-99a2-aedc14c73dcb req-f2a7e72b-8221-483c-9181-14fd4b4114ce 229501d8a6c14532b4471656d3f47bda 898e81d6baed46e2827c75275a9facd0 - - 3956b636088b444f9ad1deef5c6431c0 3956b636088b444f9ad1deef5c6431c0] 10.0.0.167 "GET /v2.0/networks/2ee750a4-4534-48bc-842f-e33a45ecef3d?fields=provider%3Aphysical_network&fields=provider%3Anetwork_type HTTP/1.1" status: 200 len: 277 time: 0.0556934
2026-05-21 06:04:47.876 9 WARNING neutron_lib.context [req-fcb38e4d-eabc-4939-b27b-e715a359772c req-27a098ec-8fc6-42fd-a07d-95e5d9eed1d6 67ab3157b78a4867be342a6ebf6d5110 36de16e0b3584d78841edbd8377d20d6 - - default default] Method 'is_advsvc' is deprecated since 2023.2 release (neutron-lib 3.8.0) and will be removed once support for the old RBAC API policies will be removed from Neutron. Please use method 'is_service_role' instead.
2026-05-21 06:04:47.885 10 INFO neutron.db.ovn_revision_numbers_db [None req-e7863bc2-5213-4f03-b4cd-fbc03d83da95 - - - - - -] Successfully bumped revision number for resource 7cbe996e-2f4f-4904-8447-827baf5b273f (type: router_ports) to 3
2026-05-21 06:04:48.001 9 INFO neutron.db.ovn_revision_numbers_db [req-fcb38e4d-eabc-4939-b27b-e715a359772c req-27a098ec-8fc6-42fd-a07d-95e5d9eed1d6 67ab3157b78a4867be342a6ebf6d5110 36de16e0b3584d78841edbd8377d20d6 - - default default] Successfully bumped revision number for resource 793250e9-00f5-460d-a2aa-52bfd198473a (type: security_groups) to 1
2026-05-21 06:04:48.020 9 INFO neutron.db.ovn_revision_numbers_db [req-fcb38e4d-eabc-4939-b27b-e715a359772c req-27a098ec-8fc6-42fd-a07d-95e5d9eed1d6 67ab3157b78a4867be342a6ebf6d5110 36de16e0b3584d78841edbd8377d20d6 - - default default] Successfully bumped revision number for resource 32724ab3-5b8a-4838-804a-349d5006dd41 (type: security_group_rules) to 0
2026-05-21 06:04:48.039 9 INFO neutron.db.ovn_revision_numbers_db [req-fcb38e4d-eabc-4939-b27b-e715a359772c req-27a098ec-8fc6-42fd-a07d-95e5d9eed1d6 67ab3157b78a4867be342a6ebf6d5110 36de16e0b3584d78841edbd8377d20d6 - - default default] Successfully bumped revision number for resource f628277a-3ec7-4194-a684-937b190428e5 (type: security_group_rules) to 0
2026-05-21 06:04:48.072 9 INFO neutron.wsgi [req-fcb38e4d-eabc-4939-b27b-e715a359772c req-27a098ec-8fc6-42fd-a07d-95e5d9eed1d6 67ab3157b78a4867be342a6ebf6d5110 36de16e0b3584d78841edbd8377d20d6 - - default default] 10.0.0.167 "POST /v2.0/security-groups HTTP/1.1" status: 201 len: 1826 time: 0.2043586
2026-05-21 06:04:48.085 10 INFO neutron.db.ovn_revision_numbers_db [None req-e7863bc2-5213-4f03-b4cd-fbc03d83da95 - - - - - -] Successfully bumped revision number for resource 7cbe996e-2f4f-4904-8447-827baf5b273f (type: ports) to 2
2026-05-21 06:04:48.154 9 INFO neutron.wsgi [req-aef5dc16-a80c-414f-97e8-43593e5cdaa4 req-f66b3b7b-b5c4-4294-b965-5b3cbaea33ff 7a6a3ff51d8a406bb7a16eefcb30e73e f233c37dc4b24d848d67cb1734ca8f6e - - default default] 10.0.0.167 "GET /v2.0/ports?device_id=6c0fdc0b-e417-4cf6-9b77-07ec69fe9790 HTTP/1.1" status: 200 len: 210 time: 0.0337832
2026-05-21 06:04:48.184 9 INFO neutron.wsgi [req-fc2110be-8e5a-4afc-ab0a-6aad37365491 req-8f20382e-60ee-41ec-98ed-5c06db580b52 67ab3157b78a4867be342a6ebf6d5110 36de16e0b3584d78841edbd8377d20d6 - - default default] 10.0.0.167 "GET /v2.0/security-groups/793250e9-00f5-460d-a2aa-52bfd198473a HTTP/1.1" status: 200 len: 1821 time: 0.0548539
2026-05-21 06:04:48.211 9 WARNING neutron_lib.context [req-fc2110be-8e5a-4afc-ab0a-6aad37365491 req-d915f1af-6a23-4423-bc4c-989e420e1955 67ab3157b78a4867be342a6ebf6d5110 36de16e0b3584d78841edbd8377d20d6 - - default default] Method 'is_advsvc' is deprecated since 2023.2 release (neutron-lib 3.8.0) and will be removed once support for the old RBAC API policies will be removed from Neutron. Please use method 'is_service_role' instead.
2026-05-21 06:04:48.235 9 INFO neutron.wsgi [req-9a863b9e-0276-4a70-b1b2-e235e9c1e559 req-bea17039-ced2-4b35-9433-665967b02cc8 31264fd1bc034e66a658420166923e44 bb0777f400b34086a5ea2939f8a62793 - - default default] 10.0.0.167 "GET /v2.0/ports?device_id=e2cc6a1d-c989-42b9-a8a2-59e157c5c202 HTTP/1.1" status: 200 len: 210 time: 0.0396338
2026-05-21 06:04:48.390 9 INFO neutron.db.ovn_revision_numbers_db [req-fc2110be-8e5a-4afc-ab0a-6aad37365491 req-d915f1af-6a23-4423-bc4c-989e420e1955 67ab3157b78a4867be342a6ebf6d5110 36de16e0b3584d78841edbd8377d20d6 - - default default] Successfully bumped revision number for resource a7059a7e-7d5c-4fbd-acfd-68bfcddf373c (type: security_group_rules) to 0
2026-05-21 06:04:48.391 10 INFO neutron.db.ovn_revision_numbers_db [None req-e7863bc2-5213-4f03-b4cd-fbc03d83da95 - - - - - -] Successfully bumped revision number for resource 7cbe996e-2f4f-4904-8447-827baf5b273f (type: ports) to 4
2026-05-21 06:04:48.430 9 INFO neutron.wsgi [req-fc2110be-8e5a-4afc-ab0a-6aad37365491 req-d915f1af-6a23-4423-bc4c-989e420e1955 67ab3157b78a4867be342a6ebf6d5110 36de16e0b3584d78841edbd8377d20d6 - - default default] 10.0.0.167 "POST /v2.0/security-group-rules HTTP/1.1" status: 201 len: 786 time: 0.2362254
2026-05-21 06:04:48.465 9 WARNING neutron_lib.context [req-2bacde3d-ae8a-4040-8eff-232ea85cf671 req-63219e97-b861-4a28-8835-103da2a71ab0 67ab3157b78a4867be342a6ebf6d5110 36de16e0b3584d78841edbd8377d20d6 - - default default] Method 'is_advsvc' is deprecated since 2023.2 release (neutron-lib 3.8.0) and will be removed once support for the old RBAC API policies will be removed from Neutron. Please use method 'is_service_role' instead.
2026-05-21 06:04:48.598 10 INFO neutron.db.ovn_revision_numbers_db [None req-e7863bc2-5213-4f03-b4cd-fbc03d83da95 - - - - - -] Successfully bumped revision number for resource 7cbe996e-2f4f-4904-8447-827baf5b273f (type: router_ports) to 4
2026-05-21 06:04:48.602 9 INFO neutron.db.ovn_revision_numbers_db [req-2bacde3d-ae8a-4040-8eff-232ea85cf671 req-63219e97-b861-4a28-8835-103da2a71ab0 67ab3157b78a4867be342a6ebf6d5110 36de16e0b3584d78841edbd8377d20d6 - - default default] Successfully bumped revision number for resource 1f9cdcd1-eb3e-4f47-93b0-bf49e8d8c2e0 (type: security_groups) to 1
2026-05-21 06:04:48.617 9 INFO neutron.db.ovn_revision_numbers_db [req-2bacde3d-ae8a-4040-8eff-232ea85cf671 req-63219e97-b861-4a28-8835-103da2a71ab0 67ab3157b78a4867be342a6ebf6d5110 36de16e0b3584d78841edbd8377d20d6 - - default default] Successfully bumped revision number for resource 338c662c-fcbd-48fb-ae01-03403248737f (type: security_group_rules) to 0
2026-05-21 06:04:48.633 9 INFO neutron.db.ovn_revision_numbers_db [req-2bacde3d-ae8a-4040-8eff-232ea85cf671 req-63219e97-b861-4a28-8835-103da2a71ab0 67ab3157b78a4867be342a6ebf6d5110 36de16e0b3584d78841edbd8377d20d6 - - default default] Successfully bumped revision number for resource 6d45465f-fdfc-459b-b0f7-b9ae820b1742 (type: security_group_rules) to 0
2026-05-21 06:04:48.653 9 INFO neutron.wsgi [req-2bacde3d-ae8a-4040-8eff-232ea85cf671 req-63219e97-b861-4a28-8835-103da2a71ab0 67ab3157b78a4867be342a6ebf6d5110 36de16e0b3584d78841edbd8377d20d6 - - default default] 10.0.0.167 "POST /v2.0/security-groups HTTP/1.1" status: 201 len: 1827 time: 0.1961763
2026-05-21 06:04:48.713 9 INFO neutron.wsgi [req-f954f0c7-74f4-495a-b39f-91b1cfde8df7 req-7200236b-2e05-4533-9b50-7739262b5a46 67ab3157b78a4867be342a6ebf6d5110 36de16e0b3584d78841edbd8377d20d6 - - default default] 10.0.0.167 "GET /v2.0/security-groups/1f9cdcd1-eb3e-4f47-93b0-bf49e8d8c2e0 HTTP/1.1" status: 200 len: 1822 time: 0.0313990
2026-05-21 06:04:48.732 9 WARNING neutron_lib.context [req-f954f0c7-74f4-495a-b39f-91b1cfde8df7 req-97e62000-ec77-48b2-9aae-c01c68a5a92d 67ab3157b78a4867be342a6ebf6d5110 36de16e0b3584d78841edbd8377d20d6 - - default default] Method 'is_advsvc' is deprecated since 2023.2 release (neutron-lib 3.8.0) and will be removed once support for the old RBAC API policies will be removed from Neutron. Please use method 'is_service_role' instead.
2026-05-21 06:04:48.869 9 INFO neutron.db.ovn_revision_numbers_db [req-f954f0c7-74f4-495a-b39f-91b1cfde8df7 req-97e62000-ec77-48b2-9aae-c01c68a5a92d 67ab3157b78a4867be342a6ebf6d5110 36de16e0b3584d78841edbd8377d20d6 - - default default] Successfully bumped revision number for resource facf4f5c-70aa-411c-bd49-06e90b65a94f (type: security_group_rules) to 0
2026-05-21 06:04:48.895 9 INFO neutron.wsgi [req-f954f0c7-74f4-495a-b39f-91b1cfde8df7 req-97e62000-ec77-48b2-9aae-c01c68a5a92d 67ab3157b78a4867be342a6ebf6d5110 36de16e0b3584d78841edbd8377d20d6 - - default default] 10.0.0.167 "POST /v2.0/security-group-rules HTTP/1.1" status: 201 len: 786 time: 0.1720111
2026-05-21 06:04:48.954 9 INFO neutron.wsgi [req-7f510461-a12c-4f6b-96c2-0ca1c103f6a6 req-059b3ee6-0194-41f7-b620-86c2bb53ce6a 67ab3157b78a4867be342a6ebf6d5110 36de16e0b3584d78841edbd8377d20d6 - - default default] 10.0.0.167 "GET /v2.0/security-groups/1f9cdcd1-eb3e-4f47-93b0-bf49e8d8c2e0 HTTP/1.1" status: 200 len: 2415 time: 0.0292535
2026-05-21 06:04:48.967 9 WARNING neutron_lib.context [req-7f510461-a12c-4f6b-96c2-0ca1c103f6a6 req-4fe3af85-050a-46e8-af09-cfa9b596b6bc 67ab3157b78a4867be342a6ebf6d5110 36de16e0b3584d78841edbd8377d20d6 - - default default] Method 'is_advsvc' is deprecated since 2023.2 release (neutron-lib 3.8.0) and will be removed once support for the old RBAC API policies will be removed from Neutron. Please use method 'is_service_role' instead.
2026-05-21 06:04:49.076 9 INFO neutron.db.ovn_revision_numbers_db [req-7f510461-a12c-4f6b-96c2-0ca1c103f6a6 req-4fe3af85-050a-46e8-af09-cfa9b596b6bc 67ab3157b78a4867be342a6ebf6d5110 36de16e0b3584d78841edbd8377d20d6 - - default default] Successfully bumped revision number for resource a12fe5e5-a5cc-4617-b29c-efb90deb57e9 (type: security_group_rules) to 0
2026-05-21 06:04:49.101 9 INFO neutron.wsgi [req-7f510461-a12c-4f6b-96c2-0ca1c103f6a6 req-4fe3af85-050a-46e8-af09-cfa9b596b6bc 67ab3157b78a4867be342a6ebf6d5110 36de16e0b3584d78841edbd8377d20d6 - - default default] 10.0.0.167 "POST /v2.0/security-group-rules HTTP/1.1" status: 201 len: 791 time: 0.1379611
2026-05-21 06:04:49.184 9 INFO neutron.wsgi [req-83fd45c8-ce8b-49c0-8edb-4cffc8e47b92 req-814defb1-5f5c-4911-96c1-14f762207106 67ab3157b78a4867be342a6ebf6d5110 36de16e0b3584d78841edbd8377d20d6 - - default default] 10.0.0.167 "GET /v2.0/security-groups/1f9cdcd1-eb3e-4f47-93b0-bf49e8d8c2e0 HTTP/1.1" status: 200 len: 3013 time: 0.0559504
2026-05-21 06:04:49.208 9 INFO neutron.wsgi [req-e3a9e94f-397b-40ef-ad92-ed420d265c1c req-ba6cd579-9727-4cd0-8a25-eb96be878cda 2c2a69a718a74acda04d77b6fc9e8b6c cc5a4e4b55214870a136a545c28bc9fc - - default default] 10.0.0.167 "GET /v2.0/security-groups?name=tempest-securitygroup--1258491388&fields=id&tenant_id=cc5a4e4b55214870a136a545c28bc9fc HTTP/1.1" status: 200 len: 267 time: 0.0544066
2026-05-21 06:04:49.306 9 INFO neutron.wsgi [req-e3a9e94f-397b-40ef-ad92-ed420d265c1c req-96f161f8-0909-470d-b48c-8b4fef1158d1 2c2a69a718a74acda04d77b6fc9e8b6c cc5a4e4b55214870a136a545c28bc9fc - - default default] 10.0.0.167 "GET /v2.0/networks?id=d3841350-fb2f-4764-88e9-c921f5b44a25 HTTP/1.1" status: 200 len: 878 time: 0.0909512
2026-05-21 06:04:49.330 9 INFO neutron.wsgi [req-e3a9e94f-397b-40ef-ad92-ed420d265c1c req-f37594de-c746-4642-96ea-f5a125b2af31 2c2a69a718a74acda04d77b6fc9e8b6c cc5a4e4b55214870a136a545c28bc9fc - - default default] 10.0.0.167 "GET /v2.0/quotas/cc5a4e4b55214870a136a545c28bc9fc HTTP/1.1" status: 200 len: 386 time: 0.0152013
2026-05-21 06:04:49.439 9 INFO neutron.wsgi [req-e3a9e94f-397b-40ef-ad92-ed420d265c1c req-07e45797-1633-45e0-92b4-ba587e25df28 2c2a69a718a74acda04d77b6fc9e8b6c cc5a4e4b55214870a136a545c28bc9fc - - default default] 10.0.0.167 "GET /v2.0/ports?tenant_id=cc5a4e4b55214870a136a545c28bc9fc&fields=id HTTP/1.1" status: 200 len: 302 time: 0.0998619
2026-05-21 06:04:49.532 9 INFO neutron.wsgi [req-2b831042-97a3-4369-a598-11dcf23c3632 req-0e5dc8a7-63dc-45b5-a930-8261c22d3980 7a6a3ff51d8a406bb7a16eefcb30e73e f233c37dc4b24d848d67cb1734ca8f6e - - default default] 10.0.0.167 "GET /v2.0/ports?device_id=6c0fdc0b-e417-4cf6-9b77-07ec69fe9790 HTTP/1.1" status: 200 len: 210 time: 0.0336308
2026-05-21 06:04:49.555 9 INFO neutron.wsgi [req-e3a9e94f-397b-40ef-ad92-ed420d265c1c req-55549ad1-a29f-4e38-816b-436380fe694e 229501d8a6c14532b4471656d3f47bda 898e81d6baed46e2827c75275a9facd0 - - 3956b636088b444f9ad1deef5c6431c0 3956b636088b444f9ad1deef5c6431c0] 10.0.0.167 "GET /v2.0/networks/d3841350-fb2f-4764-88e9-c921f5b44a25?fields=segments HTTP/1.1" status: 200 len: 212 time: 0.1031184
2026-05-21 06:04:49.561 9 INFO neutron.wsgi [req-8920799f-b76e-4f68-8732-50021c1e19dc req-cd4c1892-6965-44b9-baec-9257ad460d06 7a6a3ff51d8a406bb7a16eefcb30e73e f233c37dc4b24d848d67cb1734ca8f6e - - default default] 199.19.213.138 "GET /v2.0/networks?id=70f46a00-5927-4487-bce9-67cf8990420d HTTP/1.1" status: 200 len: 883 time: 0.1519876
2026-05-21 06:04:49.588 9 INFO neutron.wsgi [req-6a0df43f-14e4-4878-b9b1-b0e7305aaca9 req-acd3a442-51bc-4b2d-8403-f9ebcce0deee 67ab3157b78a4867be342a6ebf6d5110 36de16e0b3584d78841edbd8377d20d6 - - default default] 10.0.0.167 "GET /v2.0/security-group-rules/a12fe5e5-a5cc-4617-b29c-efb90deb57e9 HTTP/1.1" status: 200 len: 783 time: 0.0260382
2026-05-21 06:04:49.626 10 INFO neutron.wsgi [req-a4a271ca-748e-41f9-99a2-aedc14c73dcb req-2a1eb1ca-ab45-4885-9244-0bd38262112f 31264fd1bc034e66a658420166923e44 bb0777f400b34086a5ea2939f8a62793 - - default default] 199.19.213.138 "GET /v2.0/networks?id=2ee750a4-4534-48bc-842f-e33a45ecef3d HTTP/1.1" status: 200 len: 868 time: 0.2079446
2026-05-21 06:04:49.695 10 INFO neutron.wsgi [req-a4a271ca-748e-41f9-99a2-aedc14c73dcb req-66c45561-05f1-4460-a15b-de4428b866f3 31264fd1bc034e66a658420166923e44 bb0777f400b34086a5ea2939f8a62793 - - default default] 199.19.213.138 "GET /v2.0/security-groups?fields=id&fields=name&tenant_id=bb0777f400b34086a5ea2939f8a62793 HTTP/1.1" status: 200 len: 380 time: 0.0623784
2026-05-21 06:04:49.704 9 INFO neutron.wsgi [req-e3a9e94f-397b-40ef-ad92-ed420d265c1c req-d82e7af7-ebd0-4d96-95e9-e474129187db 229501d8a6c14532b4471656d3f47bda 898e81d6baed46e2827c75275a9facd0 - - 3956b636088b444f9ad1deef5c6431c0 3956b636088b444f9ad1deef5c6431c0] 10.0.0.167 "GET /v2.0/networks/d3841350-fb2f-4764-88e9-c921f5b44a25?fields=provider%3Aphysical_network&fields=provider%3Anetwork_type HTTP/1.1" status: 200 len: 277 time: 0.1417780
2026-05-21 06:04:49.706 10 WARNING neutron_lib.context [req-a4a271ca-748e-41f9-99a2-aedc14c73dcb req-c515c370-a0f2-47da-a036-224ad2d13f36 31264fd1bc034e66a658420166923e44 bb0777f400b34086a5ea2939f8a62793 - - default default] Method 'is_advsvc' is deprecated since 2023.2 release (neutron-lib 3.8.0) and will be removed once support for the old RBAC API policies will be removed from Neutron. Please use method 'is_service_role' instead.
2026-05-21 06:04:49.706 9 INFO neutron.wsgi [req-6a0df43f-14e4-4878-b9b1-b0e7305aaca9 req-c5955cd3-e00c-482f-b015-d9c10d0a09b3 67ab3157b78a4867be342a6ebf6d5110 36de16e0b3584d78841edbd8377d20d6 - - default default] 10.0.0.167 "GET /v2.0/security-groups/1f9cdcd1-eb3e-4f47-93b0-bf49e8d8c2e0 HTTP/1.1" status: 200 len: 3013 time: 0.1085300
2026-05-21 06:04:49.712 9 INFO neutron.wsgi [req-8920799f-b76e-4f68-8732-50021c1e19dc req-42ac9831-d33e-4ce0-a95e-13acf9f1bbbd 7a6a3ff51d8a406bb7a16eefcb30e73e f233c37dc4b24d848d67cb1734ca8f6e - - default default] 199.19.213.138 "GET /v2.0/security-groups?fields=id&fields=name&tenant_id=f233c37dc4b24d848d67cb1734ca8f6e HTTP/1.1" status: 200 len: 379 time: 0.1092420
2026-05-21 06:04:49.731 9 WARNING neutron_lib.context [req-8920799f-b76e-4f68-8732-50021c1e19dc req-fffba039-3051-40d9-84d3-45d1f102fdf6 7a6a3ff51d8a406bb7a16eefcb30e73e f233c37dc4b24d848d67cb1734ca8f6e - - default default] Method 'is_advsvc' is deprecated since 2023.2 release (neutron-lib 3.8.0) and will be removed once support for the old RBAC API policies will be removed from Neutron. Please use method 'is_service_role' instead.
2026-05-21 06:04:50.083 9 INFO neutron.wsgi [req-6a0df43f-14e4-4878-b9b1-b0e7305aaca9 req-0661d9f5-77b2-4665-8c35-416c044859cf 67ab3157b78a4867be342a6ebf6d5110 36de16e0b3584d78841edbd8377d20d6 - - default default] 10.0.0.167 "DELETE /v2.0/security-group-rules/a12fe5e5-a5cc-4617-b29c-efb90deb57e9 HTTP/1.1" status: 204 len: 173 time: 0.3658278
2026-05-21 06:04:50.164 9 INFO neutron.wsgi [req-04da2c47-c8d8-4a70-804c-033a20af4c47 req-9a74fe78-432c-415b-8f40-35ba549c8927 2c2a69a718a74acda04d77b6fc9e8b6c cc5a4e4b55214870a136a545c28bc9fc - - default default] 10.0.0.167 "GET /v2.0/ports?device_id=222fea6c-c1b9-43ee-86b9-03df3e2f40f8 HTTP/1.1" status: 200 len: 210 time: 0.0411010
2026-05-21 06:04:50.177 9 INFO neutron.wsgi [req-fdd729fb-6b0c-4d70-afc3-35845a73523b req-b7fc55a6-21f4-4dc2-8910-1c4398b812ef 31264fd1bc034e66a658420166923e44 bb0777f400b34086a5ea2939f8a62793 - - default default] 10.0.0.167 "GET /v2.0/ports?device_id=e2cc6a1d-c989-42b9-a8a2-59e157c5c202 HTTP/1.1" status: 200 len: 210 time: 0.0342250
2026-05-21 06:04:50.207 10 WARNING neutron.scheduler.dhcp_agent_scheduler [req-a4a271ca-748e-41f9-99a2-aedc14c73dcb req-c515c370-a0f2-47da-a036-224ad2d13f36 31264fd1bc034e66a658420166923e44 bb0777f400b34086a5ea2939f8a62793 - - default default] No more DHCP agents
2026-05-21 06:04:50.210 10 WARNING neutron.api.rpc.agentnotifiers.dhcp_rpc_agent_api [req-a4a271ca-748e-41f9-99a2-aedc14c73dcb req-c515c370-a0f2-47da-a036-224ad2d13f36 31264fd1bc034e66a658420166923e44 bb0777f400b34086a5ea2939f8a62793 - - default default] Unable to schedule network 2ee750a4-4534-48bc-842f-e33a45ecef3d: no agents available; will retry on subsequent port and subnet creation events.
2026-05-21 06:04:50.393 10 INFO neutron.db.ovn_revision_numbers_db [req-a4a271ca-748e-41f9-99a2-aedc14c73dcb req-c515c370-a0f2-47da-a036-224ad2d13f36 31264fd1bc034e66a658420166923e44 bb0777f400b34086a5ea2939f8a62793 - - default default] Successfully bumped revision number for resource e967a60a-4239-469e-8b93-5ccb5464c037 (type: ports) to 1
2026-05-21 06:04:50.419 10 INFO neutron.wsgi [req-a4a271ca-748e-41f9-99a2-aedc14c73dcb req-c515c370-a0f2-47da-a036-224ad2d13f36 31264fd1bc034e66a658420166923e44 bb0777f400b34086a5ea2939f8a62793 - - default default] 199.19.213.138 "POST /v2.0/ports HTTP/1.1" status: 201 len: 1162 time: 0.7197175
2026-05-21 06:04:50.440 9 INFO neutron.wsgi [req-da8cf37b-63c5-45d9-b9e6-cbe28d04eb32 req-c44e713c-4b10-4727-9f5c-edfca292e807 67ab3157b78a4867be342a6ebf6d5110 36de16e0b3584d78841edbd8377d20d6 - - default default] 10.0.0.167 "GET /v2.0/security-groups/1f9cdcd1-eb3e-4f47-93b0-bf49e8d8c2e0 HTTP/1.1" status: 200 len: 2415 time: 0.2438841 /var/lib/openstack/lib/python3.10/site-packages/pycadf/identifier.py:71: UserWarning: Invalid uuid: neutron. To ensure interoperability, identifiers should be a valid uuid. warnings.warn(('Invalid uuid: %s. To ensure interoperability, '
2026-05-21 06:04:50.476 10 INFO neutron.wsgi [req-a4a271ca-748e-41f9-99a2-aedc14c73dcb req-a76f8610-14e3-4d93-9aab-8a8c7753ec21 31264fd1bc034e66a658420166923e44 bb0777f400b34086a5ea2939f8a62793 - - default default] 199.19.213.138 "GET /v2.0/extensions HTTP/1.1" status: 200 len: 16980 time: 0.0149651
2026-05-21 06:04:50.543 9 WARNING neutron.scheduler.dhcp_agent_scheduler [req-8920799f-b76e-4f68-8732-50021c1e19dc req-fffba039-3051-40d9-84d3-45d1f102fdf6 7a6a3ff51d8a406bb7a16eefcb30e73e f233c37dc4b24d848d67cb1734ca8f6e - - default default] No more DHCP agents
2026-05-21 06:04:50.547 9 WARNING neutron.api.rpc.agentnotifiers.dhcp_rpc_agent_api [req-8920799f-b76e-4f68-8732-50021c1e19dc req-fffba039-3051-40d9-84d3-45d1f102fdf6 7a6a3ff51d8a406bb7a16eefcb30e73e f233c37dc4b24d848d67cb1734ca8f6e - - default default] Unable to schedule network 70f46a00-5927-4487-bce9-67cf8990420d: no agents available; will retry on subsequent port and subnet creation events. /var/lib/openstack/lib/python3.10/site-packages/pycadf/identifier.py:71: UserWarning: Invalid uuid: neutron. To ensure interoperability, identifiers should be a valid uuid. warnings.warn(('Invalid uuid: %s. To ensure interoperability, '
2026-05-21 06:04:50.683 9 INFO neutron.wsgi [req-05f44fe8-1f77-45a2-add9-5eb361091064 req-f40236b9-acd3-4af2-9cde-85caf1b47c26 7a6a3ff51d8a406bb7a16eefcb30e73e f233c37dc4b24d848d67cb1734ca8f6e - - default default] 10.0.0.167 "GET /v2.0/ports?device_id=6c0fdc0b-e417-4cf6-9b77-07ec69fe9790 HTTP/1.1" status: 200 len: 1156 time: 0.0713754
2026-05-21 06:04:50.690 9 INFO neutron.wsgi [req-da8cf37b-63c5-45d9-b9e6-cbe28d04eb32 req-73260834-73a5-4573-9980-28e7a210f352 67ab3157b78a4867be342a6ebf6d5110 36de16e0b3584d78841edbd8377d20d6 - - default default] 10.0.0.167 "DELETE /v2.0/security-groups/1f9cdcd1-eb3e-4f47-93b0-bf49e8d8c2e0 HTTP/1.1" status: 204 len: 173 time: 0.2347379
2026-05-21 06:04:50.742 10 INFO neutron.wsgi [-] 10.0.0.172 "GET / HTTP/1.1" status: 200 len: 246 time: 0.0028386
2026-05-21 06:04:50.745 10 INFO neutron.wsgi [-] 10.0.0.172 "GET / HTTP/1.1" status: 200 len: 246 time: 0.0012088
2026-05-21 06:04:50.775 9 INFO neutron.wsgi [req-b2347fb5-07c3-413d-a2e9-0e859bad60a0 req-233cc0be-6f6f-44a4-b1c7-c54d530b8407 67ab3157b78a4867be342a6ebf6d5110 36de16e0b3584d78841edbd8377d20d6 - - default default] 10.0.0.167 "GET /v2.0/security-groups/793250e9-00f5-460d-a2aa-52bfd198473a HTTP/1.1" status: 200 len: 2414 time: 0.0654259
2026-05-21 06:04:50.780 9 INFO neutron.wsgi [req-05f44fe8-1f77-45a2-add9-5eb361091064 req-3e3af8b8-26df-4401-a71c-b7bb05a21275 7a6a3ff51d8a406bb7a16eefcb30e73e f233c37dc4b24d848d67cb1734ca8f6e - - default default] 10.0.0.167 "GET /v2.0/security-groups?id=78033b81-b0f7-4ff0-afa7-59de1ab78235&fields=id&fields=name HTTP/1.1" status: 200 len: 312 time: 0.0868962
2026-05-21 06:04:50.786 9 INFO neutron.db.ovn_revision_numbers_db [req-8920799f-b76e-4f68-8732-50021c1e19dc req-fffba039-3051-40d9-84d3-45d1f102fdf6 7a6a3ff51d8a406bb7a16eefcb30e73e f233c37dc4b24d848d67cb1734ca8f6e - - default default] Successfully bumped revision number for resource 729d4bc1-21f6-4282-93e2-101c3d72e632 (type: ports) to 1
2026-05-21 06:04:50.825 9 INFO neutron.wsgi [req-8920799f-b76e-4f68-8732-50021c1e19dc req-fffba039-3051-40d9-84d3-45d1f102fdf6 7a6a3ff51d8a406bb7a16eefcb30e73e f233c37dc4b24d848d67cb1734ca8f6e - - default default] 199.19.213.138 "POST /v2.0/ports HTTP/1.1" status: 201 len: 1158 time: 1.1053958
2026-05-21 06:04:50.930 9 INFO neutron.wsgi [req-b2347fb5-07c3-413d-a2e9-0e859bad60a0 req-9f992281-1a41-4f37-b554-90189a0e233c 67ab3157b78a4867be342a6ebf6d5110 36de16e0b3584d78841edbd8377d20d6 - - default default] 10.0.0.167 "DELETE /v2.0/security-groups/793250e9-00f5-460d-a2aa-52bfd198473a HTTP/1.1" status: 204 len: 173 time: 0.1404171
2026-05-21 06:04:51.089 9 INFO neutron.wsgi [req-e3a9e94f-397b-40ef-ad92-ed420d265c1c req-0362d80b-49b0-4aed-b749-dc271e23527e 2c2a69a718a74acda04d77b6fc9e8b6c cc5a4e4b55214870a136a545c28bc9fc - - default default] 199.19.213.138 "GET /v2.0/networks?id=d3841350-fb2f-4764-88e9-c921f5b44a25 HTTP/1.1" status: 200 len: 878 time: 0.1460984
2026-05-21 06:04:51.208 9 INFO neutron.wsgi [req-e3a9e94f-397b-40ef-ad92-ed420d265c1c req-30b2e0ed-5cc0-4d04-8956-6f0cb244b2d0 2c2a69a718a74acda04d77b6fc9e8b6c cc5a4e4b55214870a136a545c28bc9fc - - default default] 199.19.213.138 "GET /v2.0/security-groups?fields=id&fields=name&tenant_id=cc5a4e4b55214870a136a545c28bc9fc HTTP/1.1" status: 200 len: 380 time: 0.1073678
2026-05-21 06:04:51.224 9 WARNING neutron_lib.context [req-e3a9e94f-397b-40ef-ad92-ed420d265c1c req-e3704082-e6c8-4c09-9740-9f9ff80eb2f6 2c2a69a718a74acda04d77b6fc9e8b6c cc5a4e4b55214870a136a545c28bc9fc - - default default] Method 'is_advsvc' is deprecated since 2023.2 release (neutron-lib 3.8.0) and will be removed once support for the old RBAC API policies will be removed from Neutron. Please use method 'is_service_role' instead.
2026-05-21 06:04:51.336 9 INFO neutron.wsgi [req-ac5d601f-2c22-49d1-a499-0e2fc3357468 req-2ca076b5-bf75-4bc4-827c-aa6bab0b8250 2c2a69a718a74acda04d77b6fc9e8b6c cc5a4e4b55214870a136a545c28bc9fc - - default default] 10.0.0.167 "GET /v2.0/ports?device_id=222fea6c-c1b9-43ee-86b9-03df3e2f40f8 HTTP/1.1" status: 200 len: 210 time: 0.0865884
2026-05-21 06:04:51.381 9 INFO neutron.wsgi [req-a4766d1d-9e2a-43a5-96f5-b661a68f405b req-7e36df63-e39f-413f-b30d-7b352c990b66 31264fd1bc034e66a658420166923e44 bb0777f400b34086a5ea2939f8a62793 - - default default] 10.0.0.167 "GET /v2.0/ports?device_id=e2cc6a1d-c989-42b9-a8a2-59e157c5c202 HTTP/1.1" status: 200 len: 1160 time: 0.1146038
2026-05-21 06:04:51.462 10 INFO neutron.db.ovn_revision_numbers_db [req-a4a271ca-748e-41f9-99a2-aedc14c73dcb req-6d493aab-2601-4b3a-804a-32f9f7abea8f 229501d8a6c14532b4471656d3f47bda 898e81d6baed46e2827c75275a9facd0 - - 3956b636088b444f9ad1deef5c6431c0 3956b636088b444f9ad1deef5c6431c0] Successfully bumped revision number for resource e967a60a-4239-469e-8b93-5ccb5464c037 (type: ports) to 2
