Feb 27 13:55:50.943292 np0000157303 systemd[1]: Starting devstack@n-api.service - Devstack devstack@n-api.service...
Feb 27 13:55:50.951928 np0000157303 devstack@n-api.service[99833]: [uWSGI] getting INI configuration from /etc/nova/nova-api-uwsgi.ini
Feb 27 13:55:50.952588 np0000157303 devstack@n-api.service[99833]: open("./http_plugin.so"): No such file or directory [core/utils.c line 3709]
Feb 27 13:55:50.952588 np0000157303 devstack@n-api.service[99833]: !!! UNABLE to load uWSGI plugin: ./http_plugin.so: cannot open shared object file: No such file or directory !!!
Feb 27 13:55:50.952588 np0000157303 devstack@n-api.service[99833]: open("./python3_plugin.so"): No such file or directory [core/utils.c line 3709]
Feb 27 13:55:50.952588 np0000157303 devstack@n-api.service[99833]: !!! UNABLE to load uWSGI plugin: ./python3_plugin.so: cannot open shared object file: No such file or directory !!!
Feb 27 13:55:50.952588 np0000157303 devstack@n-api.service[99833]: *** Starting uWSGI 2.0.31 (64bit) on [Fri Feb 27 13:55:50 2026] ***
Feb 27 13:55:50.952588 np0000157303 devstack@n-api.service[99833]: compiled with version: 13.3.0 on 27 February 2026 13:46:30
Feb 27 13:55:50.952588 np0000157303 devstack@n-api.service[99833]: os: Linux-6.8.0-101-generic #101-Ubuntu SMP PREEMPT_DYNAMIC Mon Feb 9 10:15:05 UTC 2026
Feb 27 13:55:50.952588 np0000157303 devstack@n-api.service[99833]: nodename: np0000157303
Feb 27 13:55:50.952588 np0000157303 devstack@n-api.service[99833]: machine: x86_64
Feb 27 13:55:50.952588 np0000157303 devstack@n-api.service[99833]: clock source: unix
Feb 27 13:55:50.952588 np0000157303 devstack@n-api.service[99833]: pcre jit disabled
Feb 27 13:55:50.952588 np0000157303 devstack@n-api.service[99833]: detected number of CPU cores: 16
Feb 27 13:55:50.952588 np0000157303 devstack@n-api.service[99833]: current working directory: /
Feb 27 13:55:50.952588 np0000157303 devstack@n-api.service[99833]: detected binary path: /opt/stack/data/venv/bin/uwsgi
Feb 27 13:55:50.952588 np0000157303 devstack@n-api.service[99833]: your processes number limit is 256923
Feb 27 13:55:50.952588 np0000157303 devstack@n-api.service[99833]: your memory page size is 4096 bytes
Feb 27 13:55:50.952588 np0000157303 devstack@n-api.service[99833]: detected max file descriptor number: 2048
Feb 27 13:55:50.952588 np0000157303 devstack@n-api.service[99833]: lock engine: pthread robust mutexes
Feb 27 13:55:50.952588 np0000157303 devstack@n-api.service[99833]: thunder lock: enabled
Feb 27 13:55:50.953518 np0000157303 devstack@n-api.service[99833]: uwsgi socket 0 bound to UNIX address /var/run/uwsgi/nova-api.socket fd 4
Feb 27 13:55:50.953518 np0000157303 devstack@n-api.service[99833]: Python version: 3.12.3 (main, Jan 22 2026, 20:57:42) [GCC 13.3.0]
Feb 27 13:55:50.953518 np0000157303 devstack@n-api.service[99833]: PEP 405 virtualenv detected: /opt/stack/data/venv
Feb 27 13:55:50.953518 np0000157303 devstack@n-api.service[99833]: Set PythonHome to /opt/stack/data/venv
Feb 27 13:55:50.988720 np0000157303 devstack@n-api.service[99833]: Python main interpreter initialized at 0x769f85ca3668
Feb 27 13:55:50.988720 np0000157303 devstack@n-api.service[99833]: python threads support enabled
Feb 27 13:55:50.988720 np0000157303 devstack@n-api.service[99833]: your server socket listen backlog is limited to 100 connections
Feb 27 13:55:50.988720 np0000157303 devstack@n-api.service[99833]: your mercy for graceful operations on workers is 80 seconds
Feb 27 13:55:50.989256 np0000157303 devstack@n-api.service[99833]: mapped 671795 bytes (656 KB) for 4 cores
Feb 27 13:55:50.989399 np0000157303 devstack@n-api.service[99833]: *** Operational MODE: preforking ***
Feb 27 13:55:50.989624 np0000157303 devstack@n-api.service[99833]: *** uWSGI is running in multiple interpreter mode ***
Feb 27 13:55:50.989624 np0000157303 devstack@n-api.service[99833]: spawned uWSGI master process (pid: 99833)
Feb 27 13:55:50.989784 np0000157303 systemd[1]: Started devstack@n-api.service - Devstack devstack@n-api.service.
Feb 27 13:55:50.990367 np0000157303 devstack@n-api.service[99833]: spawned uWSGI worker 1 (pid: 99834, cores: 1)
Feb 27 13:55:50.991095 np0000157303 devstack@n-api.service[99833]: spawned uWSGI worker 2 (pid: 99835, cores: 1)
Feb 27 13:55:50.991589 np0000157303 devstack@n-api.service[99833]: spawned uWSGI worker 3 (pid: 99836, cores: 1)
Feb 27 13:55:50.992119 np0000157303 devstack@n-api.service[99833]: spawned uWSGI worker 4 (pid: 99837, cores: 1)
Feb 27 13:55:50.992220 np0000157303 devstack@n-api.service[99833]: running "unix_signal:15 gracefully_kill_them_all" (master-start)...
Feb 27 13:55:51.320609 np0000157303 devstack@n-api.service[99835]: Service is starting with native threading. This is currently experimental. Do not use it in production without first testing it in pre-production.
Feb 27 13:55:51.324924 np0000157303 devstack@n-api.service[99837]: Service is starting with native threading. This is currently experimental. Do not use it in production without first testing it in pre-production.
Feb 27 13:55:51.327901 np0000157303 devstack@n-api.service[99834]: Service is starting with native threading. This is currently experimental. Do not use it in production without first testing it in pre-production.
Feb 27 13:55:51.348419 np0000157303 devstack@n-api.service[99836]: Service is starting with native threading. This is currently experimental. Do not use it in production without first testing it in pre-production.
Feb 27 13:55:53.311662 np0000157303 devstack@n-api.service[99837]: INFO dbcounter [None req-a73aeb54-a5ef-40df-9360-15b1538a4247 None None] Registered counter for database nova_api
Feb 27 13:55:53.324101 np0000157303 devstack@n-api.service[99837]: DEBUG oslo_db.sqlalchemy.engines [None req-a73aeb54-a5ef-40df-9360-15b1538a4247 None None] MySQL server mode set to STRICT_TRANS_TABLES,STRICT_ALL_TABLES,NO_ZERO_IN_DATE,NO_ZERO_DATE,ERROR_FOR_DIVISION_BY_ZERO,TRADITIONAL,NO_ENGINE_SUBSTITUTION {{(pid=99837) _check_effective_sql_mode /opt/stack/data/venv/lib/python3.12/site-packages/oslo_db/sqlalchemy/engines.py:325}}
Feb 27 13:55:53.328207 np0000157303 devstack@n-api.service[99835]: INFO dbcounter [None req-7c69858f-f9be-4057-a5ab-b3d5f95312d8 None None] Registered counter for database nova_api
Feb 27 13:55:53.341416 np0000157303 devstack@n-api.service[99835]: DEBUG oslo_db.sqlalchemy.engines [None req-7c69858f-f9be-4057-a5ab-b3d5f95312d8 None None] MySQL server mode set to STRICT_TRANS_TABLES,STRICT_ALL_TABLES,NO_ZERO_IN_DATE,NO_ZERO_DATE,ERROR_FOR_DIVISION_BY_ZERO,TRADITIONAL,NO_ENGINE_SUBSTITUTION {{(pid=99835) _check_effective_sql_mode /opt/stack/data/venv/lib/python3.12/site-packages/oslo_db/sqlalchemy/engines.py:325}}
Feb 27 13:55:53.353169 np0000157303 devstack@n-api.service[99837]: DEBUG dbcounter [-] [99837] Writer thread running {{(pid=99837) stat_writer /opt/stack/data/venv/lib/python3.12/site-packages/dbcounter.py:102}}
Feb 27 13:55:53.355146 np0000157303 devstack@n-api.service[99837]: DEBUG nova.context [None req-a73aeb54-a5ef-40df-9360-15b1538a4247 None None] Found 2 cells: 00000000-0000-0000-0000-000000000000(cell0),3939ed62-d06a-402c-a75a-72de53bbf914(cell1) {{(pid=99837) load_cells /opt/stack/nova/nova/context.py:509}}
Feb 27 13:55:53.355318 np0000157303 devstack@n-api.service[99837]: INFO nova.utils [None req-a73aeb54-a5ef-40df-9360-15b1538a4247 None None] The cell worker thread pool MainProcess.cell_worker is initialized
Feb 27 13:55:53.357113 np0000157303 devstack@n-api.service[99837]: DEBUG oslo_concurrency.lockutils [None req-a73aeb54-a5ef-40df-9360-15b1538a4247 None None] Acquiring lock "00000000-0000-0000-0000-000000000000" by "nova.context.set_target_cell..get_or_set_cached_cell_and_set_connections" {{(pid=99837) inner /opt/stack/data/venv/lib/python3.12/site-packages/oslo_concurrency/lockutils.py:506}}
Feb 27 13:55:53.357232 np0000157303 devstack@n-api.service[99837]: DEBUG oslo_concurrency.lockutils [None req-a73aeb54-a5ef-40df-9360-15b1538a4247 None None] Lock "00000000-0000-0000-0000-000000000000" acquired by "nova.context.set_target_cell..get_or_set_cached_cell_and_set_connections" :: waited 0.000s {{(pid=99837) inner /opt/stack/data/venv/lib/python3.12/site-packages/oslo_concurrency/lockutils.py:519}}
Feb 27 13:55:53.357554 np0000157303 devstack@n-api.service[99837]: DEBUG oslo_concurrency.lockutils [None req-a73aeb54-a5ef-40df-9360-15b1538a4247 None None] Lock "00000000-0000-0000-0000-000000000000" "released" by "nova.context.set_target_cell..get_or_set_cached_cell_and_set_connections" :: held 0.000s {{(pid=99837) inner /opt/stack/data/venv/lib/python3.12/site-packages/oslo_concurrency/lockutils.py:538}}
Feb 27 13:55:53.358499 np0000157303 devstack@n-api.service[99837]: DEBUG oslo_concurrency.lockutils [None req-a73aeb54-a5ef-40df-9360-15b1538a4247 None None] Acquiring lock "3939ed62-d06a-402c-a75a-72de53bbf914" by "nova.context.set_target_cell..get_or_set_cached_cell_and_set_connections" {{(pid=99837) inner /opt/stack/data/venv/lib/python3.12/site-packages/oslo_concurrency/lockutils.py:506}}
Feb 27 13:55:53.358756 np0000157303 devstack@n-api.service[99837]: DEBUG oslo_concurrency.lockutils [None req-a73aeb54-a5ef-40df-9360-15b1538a4247 None None] Lock "3939ed62-d06a-402c-a75a-72de53bbf914" acquired by "nova.context.set_target_cell..get_or_set_cached_cell_and_set_connections" :: waited 0.000s {{(pid=99837) inner /opt/stack/data/venv/lib/python3.12/site-packages/oslo_concurrency/lockutils.py:519}}
Feb 27 13:55:53.359451 np0000157303 devstack@n-api.service[99837]: DEBUG oslo_concurrency.lockutils [None req-a73aeb54-a5ef-40df-9360-15b1538a4247 None None] Lock "3939ed62-d06a-402c-a75a-72de53bbf914" "released" by "nova.context.set_target_cell..get_or_set_cached_cell_and_set_connections" :: held 0.001s {{(pid=99837) inner /opt/stack/data/venv/lib/python3.12/site-packages/oslo_concurrency/lockutils.py:538}}
Feb 27 13:55:53.359903 np0000157303 devstack@n-api.service[99836]: INFO dbcounter [None req-1ff4709c-0901-4eb5-9814-086b0490bc1a None None] Registered counter for database nova_api
Feb 27 13:55:53.362837 np0000157303 devstack@n-api.service[99837]: INFO dbcounter [None req-a73aeb54-a5ef-40df-9360-15b1538a4247 None None] Registered counter for database nova_cell0
Feb 27 13:55:53.368601 np0000157303 devstack@n-api.service[99837]: INFO dbcounter [None req-a73aeb54-a5ef-40df-9360-15b1538a4247 None None] Registered counter for database nova_cell1
Feb 27 13:55:53.376291 np0000157303 devstack@n-api.service[99835]: DEBUG dbcounter [-] [99835] Writer thread running {{(pid=99835) stat_writer /opt/stack/data/venv/lib/python3.12/site-packages/dbcounter.py:102}}
Feb 27 13:55:53.376403 np0000157303 devstack@n-api.service[99836]: DEBUG oslo_db.sqlalchemy.engines [None req-1ff4709c-0901-4eb5-9814-086b0490bc1a None None] MySQL server mode set to STRICT_TRANS_TABLES,STRICT_ALL_TABLES,NO_ZERO_IN_DATE,NO_ZERO_DATE,ERROR_FOR_DIVISION_BY_ZERO,TRADITIONAL,NO_ENGINE_SUBSTITUTION {{(pid=99836) _check_effective_sql_mode /opt/stack/data/venv/lib/python3.12/site-packages/oslo_db/sqlalchemy/engines.py:325}}
Feb 27 13:55:53.378461 np0000157303 devstack@n-api.service[99837]: DEBUG oslo_db.sqlalchemy.engines [None req-a73aeb54-a5ef-40df-9360-15b1538a4247 None None] MySQL server mode set to STRICT_TRANS_TABLES,STRICT_ALL_TABLES,NO_ZERO_IN_DATE,NO_ZERO_DATE,ERROR_FOR_DIVISION_BY_ZERO,TRADITIONAL,NO_ENGINE_SUBSTITUTION {{(pid=99837) _check_effective_sql_mode /opt/stack/data/venv/lib/python3.12/site-packages/oslo_db/sqlalchemy/engines.py:325}}
Feb 27 13:55:53.378772 np0000157303 devstack@n-api.service[99835]: DEBUG nova.context [None req-7c69858f-f9be-4057-a5ab-b3d5f95312d8 None None] Found 2 cells: 00000000-0000-0000-0000-000000000000(cell0),3939ed62-d06a-402c-a75a-72de53bbf914(cell1) {{(pid=99835) load_cells /opt/stack/nova/nova/context.py:509}}
Feb 27 13:55:53.378991 np0000157303 devstack@n-api.service[99835]: INFO nova.utils [None req-7c69858f-f9be-4057-a5ab-b3d5f95312d8 None None] The cell worker thread pool MainProcess.cell_worker is initialized
Feb 27 13:55:53.381352 np0000157303 devstack@n-api.service[99835]: DEBUG oslo_concurrency.lockutils [None req-7c69858f-f9be-4057-a5ab-b3d5f95312d8 None None] Acquiring lock "00000000-0000-0000-0000-000000000000" by "nova.context.set_target_cell..get_or_set_cached_cell_and_set_connections" {{(pid=99835) inner /opt/stack/data/venv/lib/python3.12/site-packages/oslo_concurrency/lockutils.py:506}}
Feb 27 13:55:53.381593 np0000157303 devstack@n-api.service[99835]: DEBUG oslo_concurrency.lockutils [None req-7c69858f-f9be-4057-a5ab-b3d5f95312d8 None None] Lock "00000000-0000-0000-0000-000000000000" acquired by "nova.context.set_target_cell..get_or_set_cached_cell_and_set_connections" :: waited 0.000s {{(pid=99835) inner /opt/stack/data/venv/lib/python3.12/site-packages/oslo_concurrency/lockutils.py:519}}
Feb 27 13:55:53.382123 np0000157303 devstack@n-api.service[99835]: DEBUG oslo_concurrency.lockutils [None req-7c69858f-f9be-4057-a5ab-b3d5f95312d8 None None] Lock "00000000-0000-0000-0000-000000000000" "released" by "nova.context.set_target_cell..get_or_set_cached_cell_and_set_connections" :: held 0.001s {{(pid=99835) inner /opt/stack/data/venv/lib/python3.12/site-packages/oslo_concurrency/lockutils.py:538}}
Feb 27 13:55:53.383166 np0000157303 devstack@n-api.service[99835]: DEBUG oslo_concurrency.lockutils [None req-7c69858f-f9be-4057-a5ab-b3d5f95312d8 None None] Acquiring lock "3939ed62-d06a-402c-a75a-72de53bbf914" by "nova.context.set_target_cell..get_or_set_cached_cell_and_set_connections" {{(pid=99835) inner /opt/stack/data/venv/lib/python3.12/site-packages/oslo_concurrency/lockutils.py:506}}
Feb 27 13:55:53.383317 np0000157303 devstack@n-api.service[99835]: DEBUG oslo_concurrency.lockutils [None req-7c69858f-f9be-4057-a5ab-b3d5f95312d8 None None] Lock "3939ed62-d06a-402c-a75a-72de53bbf914" acquired by "nova.context.set_target_cell..get_or_set_cached_cell_and_set_connections" :: waited 0.000s {{(pid=99835) inner /opt/stack/data/venv/lib/python3.12/site-packages/oslo_concurrency/lockutils.py:519}}
Feb 27 13:55:53.384614 np0000157303 devstack@n-api.service[99835]: DEBUG oslo_concurrency.lockutils [None req-7c69858f-f9be-4057-a5ab-b3d5f95312d8 None None] Lock "3939ed62-d06a-402c-a75a-72de53bbf914" "released" by "nova.context.set_target_cell..get_or_set_cached_cell_and_set_connections" :: held 0.001s {{(pid=99835) inner /opt/stack/data/venv/lib/python3.12/site-packages/oslo_concurrency/lockutils.py:538}}
Feb 27 13:55:53.387726 np0000157303 devstack@n-api.service[99835]: INFO dbcounter [None req-7c69858f-f9be-4057-a5ab-b3d5f95312d8 None None] Registered counter for database nova_cell0
Feb 27 13:55:53.390594 np0000157303 devstack@n-api.service[99837]: DEBUG oslo_db.sqlalchemy.engines [None req-a73aeb54-a5ef-40df-9360-15b1538a4247 None None] MySQL server mode set to STRICT_TRANS_TABLES,STRICT_ALL_TABLES,NO_ZERO_IN_DATE,NO_ZERO_DATE,ERROR_FOR_DIVISION_BY_ZERO,TRADITIONAL,NO_ENGINE_SUBSTITUTION {{(pid=99837) _check_effective_sql_mode /opt/stack/data/venv/lib/python3.12/site-packages/oslo_db/sqlalchemy/engines.py:325}}
Feb 27 13:55:53.392317 np0000157303 devstack@n-api.service[99835]: INFO dbcounter [None req-7c69858f-f9be-4057-a5ab-b3d5f95312d8 None None] Registered counter for database nova_cell1
Feb 27 13:55:53.397976 np0000157303 devstack@n-api.service[99834]: INFO dbcounter [None req-6f9083cf-b37e-44fd-9045-5c80fc69ab56 None None] Registered counter for database nova_api
Feb 27 13:55:53.399728 np0000157303 devstack@n-api.service[99835]: DEBUG oslo_db.sqlalchemy.engines [None req-7c69858f-f9be-4057-a5ab-b3d5f95312d8 None None] MySQL server mode set to STRICT_TRANS_TABLES,STRICT_ALL_TABLES,NO_ZERO_IN_DATE,NO_ZERO_DATE,ERROR_FOR_DIVISION_BY_ZERO,TRADITIONAL,NO_ENGINE_SUBSTITUTION {{(pid=99835) _check_effective_sql_mode /opt/stack/data/venv/lib/python3.12/site-packages/oslo_db/sqlalchemy/engines.py:325}}
Feb 27 13:55:53.409634 np0000157303 devstack@n-api.service[99836]: DEBUG dbcounter [-] [99836] Writer thread running {{(pid=99836) stat_writer /opt/stack/data/venv/lib/python3.12/site-packages/dbcounter.py:102}}
Feb 27 13:55:53.409984 np0000157303 devstack@n-api.service[99835]: DEBUG oslo_db.sqlalchemy.engines [None req-7c69858f-f9be-4057-a5ab-b3d5f95312d8 None None] MySQL server mode set to STRICT_TRANS_TABLES,STRICT_ALL_TABLES,NO_ZERO_IN_DATE,NO_ZERO_DATE,ERROR_FOR_DIVISION_BY_ZERO,TRADITIONAL,NO_ENGINE_SUBSTITUTION {{(pid=99835) _check_effective_sql_mode /opt/stack/data/venv/lib/python3.12/site-packages/oslo_db/sqlalchemy/engines.py:325}}
Feb 27 13:55:53.411884 np0000157303 devstack@n-api.service[99836]: DEBUG nova.context [None req-1ff4709c-0901-4eb5-9814-086b0490bc1a None None] Found 2 cells: 00000000-0000-0000-0000-000000000000(cell0),3939ed62-d06a-402c-a75a-72de53bbf914(cell1) {{(pid=99836) load_cells /opt/stack/nova/nova/context.py:509}}
Feb 27 13:55:53.412082 np0000157303 devstack@n-api.service[99836]: INFO nova.utils [None req-1ff4709c-0901-4eb5-9814-086b0490bc1a None None] The cell worker thread pool MainProcess.cell_worker is initialized
Feb 27 13:55:53.413781 np0000157303 devstack@n-api.service[99836]: DEBUG oslo_concurrency.lockutils [None req-1ff4709c-0901-4eb5-9814-086b0490bc1a None None] Acquiring lock "00000000-0000-0000-0000-000000000000" by "nova.context.set_target_cell..get_or_set_cached_cell_and_set_connections" {{(pid=99836) inner /opt/stack/data/venv/lib/python3.12/site-packages/oslo_concurrency/lockutils.py:506}}
Feb 27 13:55:53.413957 np0000157303 devstack@n-api.service[99836]: DEBUG oslo_concurrency.lockutils [None req-1ff4709c-0901-4eb5-9814-086b0490bc1a None None] Lock "00000000-0000-0000-0000-000000000000" acquired by "nova.context.set_target_cell..get_or_set_cached_cell_and_set_connections" :: waited 0.000s {{(pid=99836) inner /opt/stack/data/venv/lib/python3.12/site-packages/oslo_concurrency/lockutils.py:519}}
Feb 27 13:55:53.414290 np0000157303 devstack@n-api.service[99836]: DEBUG oslo_concurrency.lockutils [None req-1ff4709c-0901-4eb5-9814-086b0490bc1a None None] Lock "00000000-0000-0000-0000-000000000000" "released" by "nova.context.set_target_cell..get_or_set_cached_cell_and_set_connections" :: held 0.000s {{(pid=99836) inner /opt/stack/data/venv/lib/python3.12/site-packages/oslo_concurrency/lockutils.py:538}}
Feb 27 13:55:53.414380 np0000157303 devstack@n-api.service[99834]: DEBUG oslo_db.sqlalchemy.engines [None req-6f9083cf-b37e-44fd-9045-5c80fc69ab56 None None] MySQL server mode set to STRICT_TRANS_TABLES,STRICT_ALL_TABLES,NO_ZERO_IN_DATE,NO_ZERO_DATE,ERROR_FOR_DIVISION_BY_ZERO,TRADITIONAL,NO_ENGINE_SUBSTITUTION {{(pid=99834) _check_effective_sql_mode /opt/stack/data/venv/lib/python3.12/site-packages/oslo_db/sqlalchemy/engines.py:325}}
Feb 27 13:55:53.415091 np0000157303 devstack@n-api.service[99836]: DEBUG oslo_concurrency.lockutils [None req-1ff4709c-0901-4eb5-9814-086b0490bc1a None None] Acquiring lock "3939ed62-d06a-402c-a75a-72de53bbf914" by "nova.context.set_target_cell..get_or_set_cached_cell_and_set_connections" {{(pid=99836) inner /opt/stack/data/venv/lib/python3.12/site-packages/oslo_concurrency/lockutils.py:506}}
Feb 27 13:55:53.415249 np0000157303 devstack@n-api.service[99836]: DEBUG oslo_concurrency.lockutils [None req-1ff4709c-0901-4eb5-9814-086b0490bc1a None None] Lock "3939ed62-d06a-402c-a75a-72de53bbf914" acquired by "nova.context.set_target_cell..get_or_set_cached_cell_and_set_connections" :: waited 0.000s {{(pid=99836) inner /opt/stack/data/venv/lib/python3.12/site-packages/oslo_concurrency/lockutils.py:519}}
Feb 27 13:55:53.416102 np0000157303 devstack@n-api.service[99836]: DEBUG oslo_concurrency.lockutils [None req-1ff4709c-0901-4eb5-9814-086b0490bc1a None None] Lock "3939ed62-d06a-402c-a75a-72de53bbf914" "released" by "nova.context.set_target_cell..get_or_set_cached_cell_and_set_connections" :: held 0.001s {{(pid=99836) inner /opt/stack/data/venv/lib/python3.12/site-packages/oslo_concurrency/lockutils.py:538}}
Feb 27 13:55:53.419145 np0000157303 devstack@n-api.service[99836]: INFO dbcounter [None req-1ff4709c-0901-4eb5-9814-086b0490bc1a None None] Registered counter for database nova_cell0
Feb 27 13:55:53.425028 np0000157303 devstack@n-api.service[99836]: INFO dbcounter [None req-1ff4709c-0901-4eb5-9814-086b0490bc1a None None] Registered counter for database nova_cell1
Feb 27 13:55:53.433802 np0000157303 devstack@n-api.service[99836]: DEBUG oslo_db.sqlalchemy.engines [None req-1ff4709c-0901-4eb5-9814-086b0490bc1a None None] MySQL server mode set to STRICT_TRANS_TABLES,STRICT_ALL_TABLES,NO_ZERO_IN_DATE,NO_ZERO_DATE,ERROR_FOR_DIVISION_BY_ZERO,TRADITIONAL,NO_ENGINE_SUBSTITUTION {{(pid=99836) _check_effective_sql_mode /opt/stack/data/venv/lib/python3.12/site-packages/oslo_db/sqlalchemy/engines.py:325}}
Feb 27 13:55:53.440325 np0000157303 devstack@n-api.service[99836]: DEBUG oslo_db.sqlalchemy.engines [None req-1ff4709c-0901-4eb5-9814-086b0490bc1a None None] MySQL server mode set to STRICT_TRANS_TABLES,STRICT_ALL_TABLES,NO_ZERO_IN_DATE,NO_ZERO_DATE,ERROR_FOR_DIVISION_BY_ZERO,TRADITIONAL,NO_ENGINE_SUBSTITUTION {{(pid=99836) _check_effective_sql_mode /opt/stack/data/venv/lib/python3.12/site-packages/oslo_db/sqlalchemy/engines.py:325}}
Feb 27 13:55:53.448064 np0000157303 devstack@n-api.service[99834]: DEBUG dbcounter [-] [99834] Writer thread running {{(pid=99834) stat_writer /opt/stack/data/venv/lib/python3.12/site-packages/dbcounter.py:102}}
Feb 27 13:55:53.450513 np0000157303 devstack@n-api.service[99834]: DEBUG nova.context [None req-6f9083cf-b37e-44fd-9045-5c80fc69ab56 None None] Found 2 cells: 00000000-0000-0000-0000-000000000000(cell0),3939ed62-d06a-402c-a75a-72de53bbf914(cell1) {{(pid=99834) load_cells /opt/stack/nova/nova/context.py:509}}
Feb 27 13:55:53.450767 np0000157303 devstack@n-api.service[99834]: INFO nova.utils [None req-6f9083cf-b37e-44fd-9045-5c80fc69ab56 None None] The cell worker thread pool MainProcess.cell_worker is initialized
Feb 27 13:55:53.452661 np0000157303 devstack@n-api.service[99834]: DEBUG oslo_concurrency.lockutils [None req-6f9083cf-b37e-44fd-9045-5c80fc69ab56 None None] Acquiring lock "00000000-0000-0000-0000-000000000000" by "nova.context.set_target_cell..get_or_set_cached_cell_and_set_connections" {{(pid=99834) inner /opt/stack/data/venv/lib/python3.12/site-packages/oslo_concurrency/lockutils.py:506}}
Feb 27 13:55:53.452888 np0000157303 devstack@n-api.service[99834]: DEBUG oslo_concurrency.lockutils [None req-6f9083cf-b37e-44fd-9045-5c80fc69ab56 None None] Lock "00000000-0000-0000-0000-000000000000" acquired by "nova.context.set_target_cell..get_or_set_cached_cell_and_set_connections" :: waited 0.000s {{(pid=99834) inner /opt/stack/data/venv/lib/python3.12/site-packages/oslo_concurrency/lockutils.py:519}}
Feb 27 13:55:53.453199 np0000157303 devstack@n-api.service[99834]: DEBUG oslo_concurrency.lockutils [None req-6f9083cf-b37e-44fd-9045-5c80fc69ab56 None None] Lock "00000000-0000-0000-0000-000000000000" "released" by "nova.context.set_target_cell..get_or_set_cached_cell_and_set_connections" :: held 0.000s {{(pid=99834) inner /opt/stack/data/venv/lib/python3.12/site-packages/oslo_concurrency/lockutils.py:538}}
Feb 27 13:55:53.454074 np0000157303 devstack@n-api.service[99834]: DEBUG oslo_concurrency.lockutils [None req-6f9083cf-b37e-44fd-9045-5c80fc69ab56 None None] Acquiring lock "3939ed62-d06a-402c-a75a-72de53bbf914" by "nova.context.set_target_cell..get_or_set_cached_cell_and_set_connections" {{(pid=99834) inner /opt/stack/data/venv/lib/python3.12/site-packages/oslo_concurrency/lockutils.py:506}}
Feb 27 13:55:53.454188 np0000157303 devstack@n-api.service[99834]: DEBUG oslo_concurrency.lockutils [None req-6f9083cf-b37e-44fd-9045-5c80fc69ab56 None None] Lock "3939ed62-d06a-402c-a75a-72de53bbf914" acquired by "nova.context.set_target_cell..get_or_set_cached_cell_and_set_connections" :: waited 0.000s {{(pid=99834) inner /opt/stack/data/venv/lib/python3.12/site-packages/oslo_concurrency/lockutils.py:519}}
Feb 27 13:55:53.455050 np0000157303 devstack@n-api.service[99834]: DEBUG oslo_concurrency.lockutils [None req-6f9083cf-b37e-44fd-9045-5c80fc69ab56 None None] Lock "3939ed62-d06a-402c-a75a-72de53bbf914" "released" by "nova.context.set_target_cell..get_or_set_cached_cell_and_set_connections" :: held 0.001s {{(pid=99834) inner /opt/stack/data/venv/lib/python3.12/site-packages/oslo_concurrency/lockutils.py:538}}
Feb 27 13:55:53.458438 np0000157303 devstack@n-api.service[99834]: INFO dbcounter [None req-6f9083cf-b37e-44fd-9045-5c80fc69ab56 None None] Registered counter for database nova_cell0
Feb 27 13:55:53.464920 np0000157303 devstack@n-api.service[99834]: INFO dbcounter [None req-6f9083cf-b37e-44fd-9045-5c80fc69ab56 None None] Registered counter for database nova_cell1
Feb 27 13:55:53.472375 np0000157303 devstack@n-api.service[99834]: DEBUG oslo_db.sqlalchemy.engines [None req-6f9083cf-b37e-44fd-9045-5c80fc69ab56 None None] MySQL server mode set to STRICT_TRANS_TABLES,STRICT_ALL_TABLES,NO_ZERO_IN_DATE,NO_ZERO_DATE,ERROR_FOR_DIVISION_BY_ZERO,TRADITIONAL,NO_ENGINE_SUBSTITUTION {{(pid=99834) _check_effective_sql_mode /opt/stack/data/venv/lib/python3.12/site-packages/oslo_db/sqlalchemy/engines.py:325}}
Feb 27 13:55:53.472580 np0000157303 devstack@n-api.service[99837]: DEBUG dbcounter [-] [99837] Writer thread running {{(pid=99837) stat_writer /opt/stack/data/venv/lib/python3.12/site-packages/dbcounter.py:102}}
Feb 27 13:55:53.477535 np0000157303 devstack@n-api.service[99837]: DEBUG dbcounter [-] [99837] Writer thread running {{(pid=99837) stat_writer /opt/stack/data/venv/lib/python3.12/site-packages/dbcounter.py:102}}
Feb 27 13:55:53.478307 np0000157303 devstack@n-api.service[99834]: DEBUG oslo_db.sqlalchemy.engines [None req-6f9083cf-b37e-44fd-9045-5c80fc69ab56 None None] MySQL server mode set to STRICT_TRANS_TABLES,STRICT_ALL_TABLES,NO_ZERO_IN_DATE,NO_ZERO_DATE,ERROR_FOR_DIVISION_BY_ZERO,TRADITIONAL,NO_ENGINE_SUBSTITUTION {{(pid=99834) _check_effective_sql_mode /opt/stack/data/venv/lib/python3.12/site-packages/oslo_db/sqlalchemy/engines.py:325}}
Feb 27 13:55:53.481941 np0000157303 devstack@n-api.service[99837]: INFO dbcounter [None req-a73aeb54-a5ef-40df-9360-15b1538a4247 None None] Registered counter for database nova_cell0
Feb 27 13:55:53.487817 np0000157303 devstack@n-api.service[99835]: DEBUG dbcounter [-] [99835] Writer thread running {{(pid=99835) stat_writer /opt/stack/data/venv/lib/python3.12/site-packages/dbcounter.py:102}}
Feb 27 13:55:53.493306 np0000157303 devstack@n-api.service[99837]: DEBUG oslo_db.sqlalchemy.engines [None req-a73aeb54-a5ef-40df-9360-15b1538a4247 None None] MySQL server mode set to STRICT_TRANS_TABLES,STRICT_ALL_TABLES,NO_ZERO_IN_DATE,NO_ZERO_DATE,ERROR_FOR_DIVISION_BY_ZERO,TRADITIONAL,NO_ENGINE_SUBSTITUTION {{(pid=99837) _check_effective_sql_mode /opt/stack/data/venv/lib/python3.12/site-packages/oslo_db/sqlalchemy/engines.py:325}}
Feb 27 13:55:53.495407 np0000157303 devstack@n-api.service[99835]: DEBUG dbcounter [-] [99835] Writer thread running {{(pid=99835) stat_writer /opt/stack/data/venv/lib/python3.12/site-packages/dbcounter.py:102}}
Feb 27 13:55:53.500521 np0000157303 devstack@n-api.service[99835]: INFO dbcounter [None req-7c69858f-f9be-4057-a5ab-b3d5f95312d8 None None] Registered counter for database nova_cell0
Feb 27 13:55:53.501716 np0000157303 devstack@n-api.service[99837]: DEBUG dbcounter [-] [99837] Writer thread running {{(pid=99837) stat_writer /opt/stack/data/venv/lib/python3.12/site-packages/dbcounter.py:102}}
Feb 27 13:55:53.511242 np0000157303 devstack@n-api.service[99835]: DEBUG oslo_db.sqlalchemy.engines [None req-7c69858f-f9be-4057-a5ab-b3d5f95312d8 None None] MySQL server mode set to STRICT_TRANS_TABLES,STRICT_ALL_TABLES,NO_ZERO_IN_DATE,NO_ZERO_DATE,ERROR_FOR_DIVISION_BY_ZERO,TRADITIONAL,NO_ENGINE_SUBSTITUTION {{(pid=99835) _check_effective_sql_mode /opt/stack/data/venv/lib/python3.12/site-packages/oslo_db/sqlalchemy/engines.py:325}}
Feb 27 13:55:53.522127 np0000157303 devstack@n-api.service[99835]: DEBUG dbcounter [-] [99835] Writer thread running {{(pid=99835) stat_writer /opt/stack/data/venv/lib/python3.12/site-packages/dbcounter.py:102}}
Feb 27 13:55:53.527586 np0000157303 devstack@n-api.service[99836]: DEBUG dbcounter [-] [99836] Writer thread running {{(pid=99836) stat_writer /opt/stack/data/venv/lib/python3.12/site-packages/dbcounter.py:102}}
Feb 27 13:55:53.533659 np0000157303 devstack@n-api.service[99836]: DEBUG dbcounter [-] [99836] Writer thread running {{(pid=99836) stat_writer /opt/stack/data/venv/lib/python3.12/site-packages/dbcounter.py:102}}
Feb 27 13:55:53.555305 np0000157303 devstack@n-api.service[99836]: INFO dbcounter [None req-1ff4709c-0901-4eb5-9814-086b0490bc1a None None] Registered counter for database nova_cell0
Feb 27 13:55:53.563723 np0000157303 devstack@n-api.service[99836]: DEBUG oslo_db.sqlalchemy.engines [None req-1ff4709c-0901-4eb5-9814-086b0490bc1a None None] MySQL server mode set to STRICT_TRANS_TABLES,STRICT_ALL_TABLES,NO_ZERO_IN_DATE,NO_ZERO_DATE,ERROR_FOR_DIVISION_BY_ZERO,TRADITIONAL,NO_ENGINE_SUBSTITUTION {{(pid=99836) _check_effective_sql_mode /opt/stack/data/venv/lib/python3.12/site-packages/oslo_db/sqlalchemy/engines.py:325}}
Feb 27 13:55:53.572446 np0000157303 devstack@n-api.service[99836]: DEBUG dbcounter [-] [99836] Writer thread running {{(pid=99836) stat_writer /opt/stack/data/venv/lib/python3.12/site-packages/dbcounter.py:102}}
Feb 27 13:55:53.573887 np0000157303 devstack@n-api.service[99834]: DEBUG dbcounter [-] [99834] Writer thread running {{(pid=99834) stat_writer /opt/stack/data/venv/lib/python3.12/site-packages/dbcounter.py:102}}
Feb 27 13:55:53.574916 np0000157303 devstack@n-api.service[99834]: DEBUG dbcounter [-] [99834] Writer thread running {{(pid=99834) stat_writer /opt/stack/data/venv/lib/python3.12/site-packages/dbcounter.py:102}}
Feb 27 13:55:53.580396 np0000157303 devstack@n-api.service[99834]: INFO dbcounter [None req-6f9083cf-b37e-44fd-9045-5c80fc69ab56 None None] Registered counter for database nova_cell0
Feb 27 13:55:53.591399 np0000157303 devstack@n-api.service[99834]: DEBUG oslo_db.sqlalchemy.engines [None req-6f9083cf-b37e-44fd-9045-5c80fc69ab56 None None] MySQL server mode set to STRICT_TRANS_TABLES,STRICT_ALL_TABLES,NO_ZERO_IN_DATE,NO_ZERO_DATE,ERROR_FOR_DIVISION_BY_ZERO,TRADITIONAL,NO_ENGINE_SUBSTITUTION {{(pid=99834) _check_effective_sql_mode /opt/stack/data/venv/lib/python3.12/site-packages/oslo_db/sqlalchemy/engines.py:325}}
Feb 27 13:55:53.600789 np0000157303 devstack@n-api.service[99834]: DEBUG dbcounter [-] [99834] Writer thread running {{(pid=99834) stat_writer /opt/stack/data/venv/lib/python3.12/site-packages/dbcounter.py:102}}
Feb 27 13:55:53.931425 np0000157303 devstack@n-api.service[99837]: DEBUG oslo_concurrency.processutils [None req-a73aeb54-a5ef-40df-9360-15b1538a4247 None None] Running cmd (subprocess): grep -F node.session.scan /sbin/iscsiadm {{(pid=99837) execute /opt/stack/data/venv/lib/python3.12/site-packages/oslo_concurrency/processutils.py:440}}
Feb 27 13:55:53.931956 np0000157303 devstack@n-api.service[99836]: DEBUG oslo_concurrency.processutils [None req-1ff4709c-0901-4eb5-9814-086b0490bc1a None None] Running cmd (subprocess): grep -F node.session.scan /sbin/iscsiadm {{(pid=99836) execute /opt/stack/data/venv/lib/python3.12/site-packages/oslo_concurrency/processutils.py:440}}
Feb 27 13:55:53.932093 np0000157303 devstack@n-api.service[99835]: DEBUG oslo_concurrency.processutils [None req-7c69858f-f9be-4057-a5ab-b3d5f95312d8 None None] Running cmd (subprocess): grep -F node.session.scan /sbin/iscsiadm {{(pid=99835) execute /opt/stack/data/venv/lib/python3.12/site-packages/oslo_concurrency/processutils.py:440}}
Feb 27 13:55:53.940755 np0000157303 devstack@n-api.service[99834]: DEBUG oslo_concurrency.processutils [None req-6f9083cf-b37e-44fd-9045-5c80fc69ab56 None None] Running cmd (subprocess): grep -F node.session.scan /sbin/iscsiadm {{(pid=99834) execute /opt/stack/data/venv/lib/python3.12/site-packages/oslo_concurrency/processutils.py:440}}
Feb 27 13:55:53.950309 np0000157303 devstack@n-api.service[99837]: DEBUG oslo_concurrency.processutils [None req-a73aeb54-a5ef-40df-9360-15b1538a4247 None None] CMD "grep -F node.session.scan /sbin/iscsiadm" returned: 0 in 0.019s {{(pid=99837) execute /opt/stack/data/venv/lib/python3.12/site-packages/oslo_concurrency/processutils.py:468}}
Feb 27 13:55:53.950818 np0000157303 devstack@n-api.service[99836]: DEBUG oslo_concurrency.processutils [None req-1ff4709c-0901-4eb5-9814-086b0490bc1a None None] CMD "grep -F node.session.scan /sbin/iscsiadm" returned: 0 in 0.019s {{(pid=99836) execute /opt/stack/data/venv/lib/python3.12/site-packages/oslo_concurrency/processutils.py:468}}
Feb 27 13:55:53.951325 np0000157303 devstack@n-api.service[99835]: DEBUG oslo_concurrency.processutils [None req-7c69858f-f9be-4057-a5ab-b3d5f95312d8 None None] CMD "grep -F node.session.scan /sbin/iscsiadm" returned: 0 in 0.019s {{(pid=99835) execute /opt/stack/data/venv/lib/python3.12/site-packages/oslo_concurrency/processutils.py:468}}
Feb 27 13:55:53.957350 np0000157303 devstack@n-api.service[99834]: DEBUG oslo_concurrency.processutils [None req-6f9083cf-b37e-44fd-9045-5c80fc69ab56 None None] CMD "grep -F node.session.scan /sbin/iscsiadm" returned: 0 in 0.017s {{(pid=99834) execute /opt/stack/data/venv/lib/python3.12/site-packages/oslo_concurrency/processutils.py:468}}
Feb 27 13:55:54.474959 np0000157303 devstack@n-api.service[99835]: WARNING keystonemiddleware.auth_token [None req-7c69858f-f9be-4057-a5ab-b3d5f95312d8 None None] AuthToken middleware is set with keystone_authtoken.service_token_roles_required set to False. This is backwards compatible but deprecated behaviour. Please set this to True.
Feb 27 13:55:54.476193 np0000157303 devstack@n-api.service[99836]: WARNING keystonemiddleware.auth_token [None req-1ff4709c-0901-4eb5-9814-086b0490bc1a None None] AuthToken middleware is set with keystone_authtoken.service_token_roles_required set to False. This is backwards compatible but deprecated behaviour. Please set this to True.
Feb 27 13:55:54.476602 np0000157303 devstack@n-api.service[99834]: WARNING keystonemiddleware.auth_token [None req-6f9083cf-b37e-44fd-9045-5c80fc69ab56 None None] AuthToken middleware is set with keystone_authtoken.service_token_roles_required set to False. This is backwards compatible but deprecated behaviour. Please set this to True.
Feb 27 13:55:54.477062 np0000157303 devstack@n-api.service[99837]: WARNING keystonemiddleware.auth_token [None req-a73aeb54-a5ef-40df-9360-15b1538a4247 None None] AuthToken middleware is set with keystone_authtoken.service_token_roles_required set to False. This is backwards compatible but deprecated behaviour. Please set this to True.
Feb 27 13:55:54.672719 np0000157303 devstack@n-api.service[99835]: WARNING keystonemiddleware.auth_token [None req-7c69858f-f9be-4057-a5ab-b3d5f95312d8 None None] AuthToken middleware is set with keystone_authtoken.service_token_roles_required set to False. This is backwards compatible but deprecated behaviour. Please set this to True.
Feb 27 13:55:54.677914 np0000157303 devstack@n-api.service[99835]: DEBUG nova.api.openstack.wsgi_app [None req-7c69858f-f9be-4057-a5ab-b3d5f95312d8 None None] ******************************************************************************** {{(pid=99835) log_opt_values /opt/stack/data/venv/lib/python3.12/site-packages/oslo_config/cfg.py:2979}}
Feb 27 13:55:54.678040 np0000157303 devstack@n-api.service[99835]: DEBUG nova.api.openstack.wsgi_app [None req-7c69858f-f9be-4057-a5ab-b3d5f95312d8 None None] Configuration options gathered from: {{(pid=99835) log_opt_values /opt/stack/data/venv/lib/python3.12/site-packages/oslo_config/cfg.py:2980}}
Feb 27 13:55:54.678382 np0000157303 devstack@n-api.service[99835]: DEBUG nova.api.openstack.wsgi_app [None req-7c69858f-f9be-4057-a5ab-b3d5f95312d8 None None] command line args: [] {{(pid=99835) log_opt_values /opt/stack/data/venv/lib/python3.12/site-packages/oslo_config/cfg.py:2981}}
Feb 27 13:55:54.678521 np0000157303 devstack@n-api.service[99835]: DEBUG nova.api.openstack.wsgi_app [None req-7c69858f-f9be-4057-a5ab-b3d5f95312d8 None None] config files: ['/etc/nova/api-paste.ini', '/etc/nova/nova.conf'] {{(pid=99835) log_opt_values /opt/stack/data/venv/lib/python3.12/site-packages/oslo_config/cfg.py:2982}}
Feb 27 13:55:54.678611 np0000157303 devstack@n-api.service[99835]: DEBUG nova.api.openstack.wsgi_app [None req-7c69858f-f9be-4057-a5ab-b3d5f95312d8 None None] ================================================================================ {{(pid=99835) log_opt_values /opt/stack/data/venv/lib/python3.12/site-packages/oslo_config/cfg.py:2987}}
Feb 27 13:55:54.678807 np0000157303 devstack@n-api.service[99835]: DEBUG nova.api.openstack.wsgi_app [None req-7c69858f-f9be-4057-a5ab-b3d5f95312d8 None None] allow_resize_to_same_host = True {{(pid=99835) log_opt_values /opt/stack/data/venv/lib/python3.12/site-packages/oslo_config/cfg.py:2995}}
Feb 27 13:55:54.679033 np0000157303 devstack@n-api.service[99835]: DEBUG nova.api.openstack.wsgi_app [None req-7c69858f-f9be-4057-a5ab-b3d5f95312d8 None None] arq_binding_timeout = 300 {{(pid=99835) log_opt_values /opt/stack/data/venv/lib/python3.12/site-packages/oslo_config/cfg.py:2995}}
Feb 27 13:55:54.679160 np0000157303 devstack@n-api.service[99835]: DEBUG nova.api.openstack.wsgi_app [None req-7c69858f-f9be-4057-a5ab-b3d5f95312d8 None None] block_device_allocate_retries = 60 {{(pid=99835) log_opt_values /opt/stack/data/venv/lib/python3.12/site-packages/oslo_config/cfg.py:2995}}
Feb 27 13:55:54.679311 np0000157303 devstack@n-api.service[99835]: DEBUG nova.api.openstack.wsgi_app [None req-7c69858f-f9be-4057-a5ab-b3d5f95312d8 None None] block_device_allocate_retries_interval = 3 {{(pid=99835) log_opt_values /opt/stack/data/venv/lib/python3.12/site-packages/oslo_config/cfg.py:2995}}
Feb 27 13:55:54.679456 np0000157303 devstack@n-api.service[99835]: DEBUG nova.api.openstack.wsgi_app [None req-7c69858f-f9be-4057-a5ab-b3d5f95312d8 None None] cell_worker_thread_pool_size = 5 {{(pid=99835) log_opt_values /opt/stack/data/venv/lib/python3.12/site-packages/oslo_config/cfg.py:2995}}
Feb 27 13:55:54.679558 np0000157303 devstack@n-api.service[99835]: DEBUG nova.api.openstack.wsgi_app [None req-7c69858f-f9be-4057-a5ab-b3d5f95312d8 None None] cert = self.pem {{(pid=99835) log_opt_values /opt/stack/data/venv/lib/python3.12/site-packages/oslo_config/cfg.py:2995}}
Feb 27 13:55:54.679717 np0000157303 devstack@n-api.service[99835]: DEBUG nova.api.openstack.wsgi_app [None req-7c69858f-f9be-4057-a5ab-b3d5f95312d8 None None] compute_driver = libvirt.LibvirtDriver {{(pid=99835) log_opt_values /opt/stack/data/venv/lib/python3.12/site-packages/oslo_config/cfg.py:2995}}
Feb 27 13:55:54.679865 np0000157303 devstack@n-api.service[99835]: DEBUG nova.api.openstack.wsgi_app [None req-7c69858f-f9be-4057-a5ab-b3d5f95312d8 None None] compute_monitors = [] {{(pid=99835) log_opt_values /opt/stack/data/venv/lib/python3.12/site-packages/oslo_config/cfg.py:2995}}
Feb 27 13:55:54.680014 np0000157303 devstack@n-api.service[99835]: DEBUG nova.api.openstack.wsgi_app [None req-7c69858f-f9be-4057-a5ab-b3d5f95312d8 None None] config_dir = [] {{(pid=99835) log_opt_values /opt/stack/data/venv/lib/python3.12/site-packages/oslo_config/cfg.py:2995}}
Feb 27 13:55:54.680131 np0000157303 devstack@n-api.service[99835]: DEBUG nova.api.openstack.wsgi_app [None req-7c69858f-f9be-4057-a5ab-b3d5f95312d8 None None] config_drive_format = iso9660 {{(pid=99835) log_opt_values /opt/stack/data/venv/lib/python3.12/site-packages/oslo_config/cfg.py:2995}}
Feb 27 13:55:54.680237 np0000157303 devstack@n-api.service[99835]: DEBUG nova.api.openstack.wsgi_app [None req-7c69858f-f9be-4057-a5ab-b3d5f95312d8 None None] config_file = ['/etc/nova/api-paste.ini', '/etc/nova/nova.conf'] {{(pid=99835) log_opt_values /opt/stack/data/venv/lib/python3.12/site-packages/oslo_config/cfg.py:2995}}
Feb 27 13:55:54.680366 np0000157303 devstack@n-api.service[99835]: DEBUG nova.api.openstack.wsgi_app [None req-7c69858f-f9be-4057-a5ab-b3d5f95312d8 None None] config_source = [] {{(pid=99835) log_opt_values /opt/stack/data/venv/lib/python3.12/site-packages/oslo_config/cfg.py:2995}}
Feb 27 13:55:54.680505 np0000157303 devstack@n-api.service[99835]: DEBUG nova.api.openstack.wsgi_app [None req-7c69858f-f9be-4057-a5ab-b3d5f95312d8 None None] console_host = np0000157303 {{(pid=99835) log_opt_values /opt/stack/data/venv/lib/python3.12/site-packages/oslo_config/cfg.py:2995}}
Feb 27 13:55:54.680617 np0000157303 devstack@n-api.service[99835]: DEBUG nova.api.openstack.wsgi_app [None req-7c69858f-f9be-4057-a5ab-b3d5f95312d8 None None] control_exchange = nova {{(pid=99835) log_opt_values /opt/stack/data/venv/lib/python3.12/site-packages/oslo_config/cfg.py:2995}}
Feb 27 13:55:54.680765 np0000157303 devstack@n-api.service[99835]: DEBUG nova.api.openstack.wsgi_app [None req-7c69858f-f9be-4057-a5ab-b3d5f95312d8 None None] cpu_allocation_ratio = None {{(pid=99835) log_opt_values /opt/stack/data/venv/lib/python3.12/site-packages/oslo_config/cfg.py:2995}}
Feb 27 13:55:54.680904 np0000157303 devstack@n-api.service[99835]: DEBUG nova.api.openstack.wsgi_app [None req-7c69858f-f9be-4057-a5ab-b3d5f95312d8 None None] daemon = False {{(pid=99835) log_opt_values /opt/stack/data/venv/lib/python3.12/site-packages/oslo_config/cfg.py:2995}}
Feb 27 13:55:54.681033 np0000157303 devstack@n-api.service[99835]: DEBUG nova.api.openstack.wsgi_app [None req-7c69858f-f9be-4057-a5ab-b3d5f95312d8 None None] debug = True {{(pid=99835) log_opt_values /opt/stack/data/venv/lib/python3.12/site-packages/oslo_config/cfg.py:2995}}
Feb 27 13:55:54.681148 np0000157303 devstack@n-api.service[99835]: DEBUG nova.api.openstack.wsgi_app [None req-7c69858f-f9be-4057-a5ab-b3d5f95312d8 None None] default_access_ip_network_name = None {{(pid=99835) log_opt_values /opt/stack/data/venv/lib/python3.12/site-packages/oslo_config/cfg.py:2995}}
Feb 27 13:55:54.681281 np0000157303 devstack@n-api.service[99835]: DEBUG nova.api.openstack.wsgi_app [None req-7c69858f-f9be-4057-a5ab-b3d5f95312d8 None None] default_availability_zone = nova {{(pid=99835) log_opt_values /opt/stack/data/venv/lib/python3.12/site-packages/oslo_config/cfg.py:2995}}
Feb 27 13:55:54.681410 np0000157303 devstack@n-api.service[99835]: DEBUG nova.api.openstack.wsgi_app [None req-7c69858f-f9be-4057-a5ab-b3d5f95312d8 None None] default_ephemeral_format = ext4 {{(pid=99835) log_opt_values /opt/stack/data/venv/lib/python3.12/site-packages/oslo_config/cfg.py:2995}}
Feb 27 13:55:54.681525 np0000157303 devstack@n-api.service[99835]: DEBUG nova.api.openstack.wsgi_app [None req-7c69858f-f9be-4057-a5ab-b3d5f95312d8 None None] default_green_pool_size = 1000 {{(pid=99835) log_opt_values /opt/stack/data/venv/lib/python3.12/site-packages/oslo_config/cfg.py:2995}}
Feb 27 13:55:54.681711 np0000157303 devstack@n-api.service[99836]: WARNING keystonemiddleware.auth_token [None req-1ff4709c-0901-4eb5-9814-086b0490bc1a None None] AuthToken middleware is set with keystone_authtoken.service_token_roles_required set to False. This is backwards compatible but deprecated behaviour. Please set this to True.
Feb 27 13:55:54.681787 np0000157303 devstack@n-api.service[99835]: DEBUG nova.api.openstack.wsgi_app [None req-7c69858f-f9be-4057-a5ab-b3d5f95312d8 None None] default_log_levels = ['amqp=WARN', 'boto=WARN', 'sqlalchemy=WARN', 'suds=INFO', 'oslo.messaging=INFO', 'oslo_messaging=INFO', 'iso8601=WARN', 'requests.packages.urllib3.connectionpool=WARN', 'urllib3.connectionpool=WARN', 'websocket=WARN', 'requests.packages.urllib3.util.retry=WARN', 'urllib3.util.retry=WARN', 'keystonemiddleware=WARN', 'routes.middleware=WARN', 'stevedore=WARN', 'taskflow=WARN', 'keystoneauth=WARN', 'oslo.cache=INFO', 'oslo_policy=INFO', 'dogpile.core.dogpile=INFO', 'glanceclient=WARN', 'oslo.privsep.daemon=INFO'] {{(pid=99835) log_opt_values /opt/stack/data/venv/lib/python3.12/site-packages/oslo_config/cfg.py:2995}}
Feb 27 13:55:54.681953 np0000157303 devstack@n-api.service[99835]: DEBUG nova.api.openstack.wsgi_app [None req-7c69858f-f9be-4057-a5ab-b3d5f95312d8 None None] default_schedule_zone = None {{(pid=99835) log_opt_values /opt/stack/data/venv/lib/python3.12/site-packages/oslo_config/cfg.py:2995}}
Feb 27 13:55:54.682012 np0000157303 devstack@n-api.service[99835]: DEBUG nova.api.openstack.wsgi_app [None req-7c69858f-f9be-4057-a5ab-b3d5f95312d8 None None] default_thread_pool_size = 10 {{(pid=99835) log_opt_values /opt/stack/data/venv/lib/python3.12/site-packages/oslo_config/cfg.py:2995}}
Feb 27 13:55:54.682169 np0000157303 devstack@n-api.service[99835]: DEBUG nova.api.openstack.wsgi_app [None req-7c69858f-f9be-4057-a5ab-b3d5f95312d8 None None] disk_allocation_ratio = None {{(pid=99835) log_opt_values /opt/stack/data/venv/lib/python3.12/site-packages/oslo_config/cfg.py:2995}}
Feb 27 13:55:54.682290 np0000157303 devstack@n-api.service[99837]: WARNING keystonemiddleware.auth_token [None req-a73aeb54-a5ef-40df-9360-15b1538a4247 None None] AuthToken middleware is set with keystone_authtoken.service_token_roles_required set to False. This is backwards compatible but deprecated behaviour. Please set this to True.
Feb 27 13:55:54.682405 np0000157303 devstack@n-api.service[99835]: DEBUG nova.api.openstack.wsgi_app [None req-7c69858f-f9be-4057-a5ab-b3d5f95312d8 None None] enable_new_services = True {{(pid=99835) log_opt_values /opt/stack/data/venv/lib/python3.12/site-packages/oslo_config/cfg.py:2995}}
Feb 27 13:55:54.682405 np0000157303 devstack@n-api.service[99835]: DEBUG nova.api.openstack.wsgi_app [None req-7c69858f-f9be-4057-a5ab-b3d5f95312d8 None None] flat_injected = False {{(pid=99835) log_opt_values /opt/stack/data/venv/lib/python3.12/site-packages/oslo_config/cfg.py:2995}}
Feb 27 13:55:54.682623 np0000157303 devstack@n-api.service[99835]: DEBUG nova.api.openstack.wsgi_app [None req-7c69858f-f9be-4057-a5ab-b3d5f95312d8 None None] force_config_drive = False {{(pid=99835) log_opt_values /opt/stack/data/venv/lib/python3.12/site-packages/oslo_config/cfg.py:2995}}
Feb 27 13:55:54.682623 np0000157303 devstack@n-api.service[99835]: DEBUG nova.api.openstack.wsgi_app [None req-7c69858f-f9be-4057-a5ab-b3d5f95312d8 None None] force_raw_images = True {{(pid=99835) log_opt_values /opt/stack/data/venv/lib/python3.12/site-packages/oslo_config/cfg.py:2995}}
Feb 27 13:55:54.682986 np0000157303 devstack@n-api.service[99834]: WARNING keystonemiddleware.auth_token [None req-6f9083cf-b37e-44fd-9045-5c80fc69ab56 None None] AuthToken middleware is set with keystone_authtoken.service_token_roles_required set to False. This is backwards compatible but deprecated behaviour. Please set this to True.
Feb 27 13:55:54.683071 np0000157303 devstack@n-api.service[99835]: DEBUG nova.api.openstack.wsgi_app [None req-7c69858f-f9be-4057-a5ab-b3d5f95312d8 None None] graceful_shutdown_timeout = 5 {{(pid=99835) log_opt_values /opt/stack/data/venv/lib/python3.12/site-packages/oslo_config/cfg.py:2995}}
Feb 27 13:55:54.683071 np0000157303 devstack@n-api.service[99835]: DEBUG nova.api.openstack.wsgi_app [None req-7c69858f-f9be-4057-a5ab-b3d5f95312d8 None None] heal_instance_info_cache_interval = -1 {{(pid=99835) log_opt_values /opt/stack/data/venv/lib/python3.12/site-packages/oslo_config/cfg.py:2995}}
Feb 27 13:55:54.683071 np0000157303 devstack@n-api.service[99835]: DEBUG nova.api.openstack.wsgi_app [None req-7c69858f-f9be-4057-a5ab-b3d5f95312d8 None None] host = np0000157303 {{(pid=99835) log_opt_values /opt/stack/data/venv/lib/python3.12/site-packages/oslo_config/cfg.py:2995}}
Feb 27 13:55:54.683234 np0000157303 devstack@n-api.service[99835]: DEBUG nova.api.openstack.wsgi_app [None req-7c69858f-f9be-4057-a5ab-b3d5f95312d8 None None] initial_cpu_allocation_ratio = 4.0 {{(pid=99835) log_opt_values /opt/stack/data/venv/lib/python3.12/site-packages/oslo_config/cfg.py:2995}}
Feb 27 13:55:54.683357 np0000157303 devstack@n-api.service[99835]: DEBUG nova.api.openstack.wsgi_app [None req-7c69858f-f9be-4057-a5ab-b3d5f95312d8 None None] initial_disk_allocation_ratio = 1.0 {{(pid=99835) log_opt_values /opt/stack/data/venv/lib/python3.12/site-packages/oslo_config/cfg.py:2995}}
Feb 27 13:55:54.683567 np0000157303 devstack@n-api.service[99835]: DEBUG nova.api.openstack.wsgi_app [None req-7c69858f-f9be-4057-a5ab-b3d5f95312d8 None None] initial_ram_allocation_ratio = 1.0 {{(pid=99835) log_opt_values /opt/stack/data/venv/lib/python3.12/site-packages/oslo_config/cfg.py:2995}}
Feb 27 13:55:54.683715 np0000157303 devstack@n-api.service[99835]: DEBUG nova.api.openstack.wsgi_app [None req-7c69858f-f9be-4057-a5ab-b3d5f95312d8 None None] injected_network_template = /opt/stack/nova/nova/virt/interfaces.template {{(pid=99835) log_opt_values /opt/stack/data/venv/lib/python3.12/site-packages/oslo_config/cfg.py:2995}}
Feb 27 13:55:54.683842 np0000157303 devstack@n-api.service[99835]: DEBUG nova.api.openstack.wsgi_app [None req-7c69858f-f9be-4057-a5ab-b3d5f95312d8 None None] instance_build_timeout = 0 {{(pid=99835) log_opt_values /opt/stack/data/venv/lib/python3.12/site-packages/oslo_config/cfg.py:2995}}
Feb 27 13:55:54.683937 np0000157303 devstack@n-api.service[99835]: DEBUG nova.api.openstack.wsgi_app [None req-7c69858f-f9be-4057-a5ab-b3d5f95312d8 None None] instance_delete_interval = 300 {{(pid=99835) log_opt_values /opt/stack/data/venv/lib/python3.12/site-packages/oslo_config/cfg.py:2995}}
Feb 27 13:55:54.684020 np0000157303 devstack@n-api.service[99835]: DEBUG nova.api.openstack.wsgi_app [None req-7c69858f-f9be-4057-a5ab-b3d5f95312d8 None None] instance_format = [instance: %(uuid)s] {{(pid=99835) log_opt_values /opt/stack/data/venv/lib/python3.12/site-packages/oslo_config/cfg.py:2995}}
Feb 27 13:55:54.684144 np0000157303 devstack@n-api.service[99835]: DEBUG nova.api.openstack.wsgi_app [None req-7c69858f-f9be-4057-a5ab-b3d5f95312d8 None None] instance_name_template = instance-%08x {{(pid=99835) log_opt_values /opt/stack/data/venv/lib/python3.12/site-packages/oslo_config/cfg.py:2995}}
