Apr 25 16:24:49.126914 np0000170205 neutron-periodic-workers[106206]: DEBUG cotyledon.oslo_config_glue [-] ml2_type_flat.flat_networks = ['public'] {{(pid=106206) log_opt_values /opt/stack/data/venv/lib/python3.12/site-packages/oslo_config/cfg.py:3006}}
Apr 25 16:24:49.126988 np0000170205 neutron-periodic-workers[106206]: DEBUG cotyledon.oslo_config_glue [-] ml2_type_geneve.max_header_size = 38 {{(pid=106206) log_opt_values /opt/stack/data/venv/lib/python3.12/site-packages/oslo_config/cfg.py:3006}}
Apr 25 16:24:49.127184 np0000170205 neutron-periodic-workers[106206]: DEBUG cotyledon.oslo_config_glue [-] ml2_type_geneve.vni_ranges = ['1:65536'] {{(pid=106206) log_opt_values /opt/stack/data/venv/lib/python3.12/site-packages/oslo_config/cfg.py:3006}}
Apr 25 16:24:49.127445 np0000170205 neutron-periodic-workers[106206]: DEBUG cotyledon.oslo_config_glue [-] ml2_type_vlan.network_vlan_ranges = ['public'] {{(pid=106206) log_opt_values /opt/stack/data/venv/lib/python3.12/site-packages/oslo_config/cfg.py:3006}}
Apr 25 16:24:49.127926 np0000170205 neutron-periodic-workers[106206]: DEBUG cotyledon.oslo_config_glue [-] network_log.burst_limit = 25 {{(pid=106206) log_opt_values /opt/stack/data/venv/lib/python3.12/site-packages/oslo_config/cfg.py:3006}}
Apr 25 16:24:49.128039 np0000170205 neutron-periodic-workers[106206]: DEBUG cotyledon.oslo_config_glue [-] network_log.local_output_log_base = None {{(pid=106206) log_opt_values /opt/stack/data/venv/lib/python3.12/site-packages/oslo_config/cfg.py:3006}}
Apr 25 16:24:49.128136 np0000170205 neutron-periodic-workers[106206]: DEBUG cotyledon.oslo_config_glue [-] network_log.rate_limit = 100 {{(pid=106206) log_opt_values /opt/stack/data/venv/lib/python3.12/site-packages/oslo_config/cfg.py:3006}}
Apr 25 16:24:49.128288 np0000170205 neutron-periodic-workers[106206]: DEBUG cotyledon.oslo_config_glue [-] database.asyncio_connection = **** {{(pid=106206) log_opt_values /opt/stack/data/venv/lib/python3.12/site-packages/oslo_config/cfg.py:3006}}
Apr 25 16:24:49.128372 np0000170205 neutron-periodic-workers[106206]: DEBUG cotyledon.oslo_config_glue [-] database.asyncio_slave_connection = **** {{(pid=106206) log_opt_values /opt/stack/data/venv/lib/python3.12/site-packages/oslo_config/cfg.py:3006}}
Apr 25 16:24:49.128481 np0000170205 neutron-periodic-workers[106206]: DEBUG cotyledon.oslo_config_glue [-] database.backend = sqlalchemy {{(pid=106206) log_opt_values /opt/stack/data/venv/lib/python3.12/site-packages/oslo_config/cfg.py:3006}}
Apr 25 16:24:49.128580 np0000170205 neutron-periodic-workers[106206]: DEBUG cotyledon.oslo_config_glue [-] database.connection = **** {{(pid=106206) log_opt_values /opt/stack/data/venv/lib/python3.12/site-packages/oslo_config/cfg.py:3006}}
Apr 25 16:24:49.128672 np0000170205 neutron-periodic-workers[106206]: DEBUG cotyledon.oslo_config_glue [-] database.connection_debug = 0 {{(pid=106206) log_opt_values /opt/stack/data/venv/lib/python3.12/site-packages/oslo_config/cfg.py:3006}}
Apr 25 16:24:49.128773 np0000170205 neutron-periodic-workers[106206]: DEBUG cotyledon.oslo_config_glue [-] database.connection_parameters = {{(pid=106206) log_opt_values /opt/stack/data/venv/lib/python3.12/site-packages/oslo_config/cfg.py:3006}}
Apr 25 16:24:49.128933 np0000170205 neutron-periodic-workers[106206]: DEBUG cotyledon.oslo_config_glue [-] database.connection_recycle_time = 3600 {{(pid=106206) log_opt_values /opt/stack/data/venv/lib/python3.12/site-packages/oslo_config/cfg.py:3006}}
Apr 25 16:24:49.129186 np0000170205 neutron-periodic-workers[106206]: DEBUG cotyledon.oslo_config_glue [-] database.connection_trace = False {{(pid=106206) log_opt_values /opt/stack/data/venv/lib/python3.12/site-packages/oslo_config/cfg.py:3006}}
Apr 25 16:24:49.129186 np0000170205 neutron-periodic-workers[106206]: DEBUG cotyledon.oslo_config_glue [-] database.db_inc_retry_interval = True {{(pid=106206) log_opt_values /opt/stack/data/venv/lib/python3.12/site-packages/oslo_config/cfg.py:3006}}
Apr 25 16:24:49.129290 np0000170205 neutron-periodic-workers[106206]: DEBUG cotyledon.oslo_config_glue [-] database.db_max_retries = 20 {{(pid=106206) log_opt_values /opt/stack/data/venv/lib/python3.12/site-packages/oslo_config/cfg.py:3006}}
Apr 25 16:24:49.129452 np0000170205 neutron-periodic-workers[106206]: DEBUG cotyledon.oslo_config_glue [-] database.db_max_retry_interval = 10 {{(pid=106206) log_opt_values /opt/stack/data/venv/lib/python3.12/site-packages/oslo_config/cfg.py:3006}}
Apr 25 16:24:49.129552 np0000170205 neutron-periodic-workers[106206]: DEBUG cotyledon.oslo_config_glue [-] database.db_retry_interval = 1 {{(pid=106206) log_opt_values /opt/stack/data/venv/lib/python3.12/site-packages/oslo_config/cfg.py:3006}}
Apr 25 16:24:49.129615 np0000170205 neutron-periodic-workers[106206]: DEBUG cotyledon.oslo_config_glue [-] database.max_overflow = 50 {{(pid=106206) log_opt_values /opt/stack/data/venv/lib/python3.12/site-packages/oslo_config/cfg.py:3006}}
Apr 25 16:24:49.129675 np0000170205 neutron-periodic-workers[106206]: DEBUG cotyledon.oslo_config_glue [-] database.max_pool_size = 5 {{(pid=106206) log_opt_values /opt/stack/data/venv/lib/python3.12/site-packages/oslo_config/cfg.py:3006}}
Apr 25 16:24:49.129732 np0000170205 neutron-periodic-workers[106206]: DEBUG cotyledon.oslo_config_glue [-] database.max_retries = 10 {{(pid=106206) log_opt_values /opt/stack/data/venv/lib/python3.12/site-packages/oslo_config/cfg.py:3006}}
Apr 25 16:24:49.129790 np0000170205 neutron-periodic-workers[106206]: DEBUG cotyledon.oslo_config_glue [-] database.mysql_sql_mode = TRADITIONAL {{(pid=106206) log_opt_values /opt/stack/data/venv/lib/python3.12/site-packages/oslo_config/cfg.py:3006}}
Apr 25 16:24:49.129920 np0000170205 neutron-periodic-workers[106206]: DEBUG cotyledon.oslo_config_glue [-] database.mysql_wsrep_sync_wait = None {{(pid=106206) log_opt_values /opt/stack/data/venv/lib/python3.12/site-packages/oslo_config/cfg.py:3006}}
Apr 25 16:24:49.130010 np0000170205 neutron-periodic-workers[106206]: DEBUG cotyledon.oslo_config_glue [-] database.pool_timeout = None {{(pid=106206) log_opt_values /opt/stack/data/venv/lib/python3.12/site-packages/oslo_config/cfg.py:3006}}
Apr 25 16:24:49.130102 np0000170205 neutron-periodic-workers[106206]: DEBUG cotyledon.oslo_config_glue [-] database.retry_interval = 10 {{(pid=106206) log_opt_values /opt/stack/data/venv/lib/python3.12/site-packages/oslo_config/cfg.py:3006}}
Apr 25 16:24:49.130272 np0000170205 neutron-periodic-workers[106206]: DEBUG cotyledon.oslo_config_glue [-] database.slave_connection = **** {{(pid=106206) log_opt_values /opt/stack/data/venv/lib/python3.12/site-packages/oslo_config/cfg.py:3006}}
Apr 25 16:24:49.130353 np0000170205 neutron-periodic-workers[106206]: DEBUG cotyledon.oslo_config_glue [-] database.sqlite_synchronous = True {{(pid=106206) log_opt_values /opt/stack/data/venv/lib/python3.12/site-packages/oslo_config/cfg.py:3006}}
Apr 25 16:24:49.130466 np0000170205 neutron-periodic-workers[106206]: DEBUG cotyledon.oslo_config_glue [-] database.synchronous_reader = True {{(pid=106206) log_opt_values /opt/stack/data/venv/lib/python3.12/site-packages/oslo_config/cfg.py:3006}}
Apr 25 16:24:49.130559 np0000170205 neutron-periodic-workers[106206]: DEBUG cotyledon.oslo_config_glue [-] database.use_db_reconnect = False {{(pid=106206) log_opt_values /opt/stack/data/venv/lib/python3.12/site-packages/oslo_config/cfg.py:3006}}
Apr 25 16:24:49.130688 np0000170205 neutron-periodic-workers[106206]: DEBUG cotyledon.oslo_config_glue [-] ovn.bfd_min_rx = 1000 {{(pid=106206) log_opt_values /opt/stack/data/venv/lib/python3.12/site-packages/oslo_config/cfg.py:3006}}
Apr 25 16:24:49.130772 np0000170205 neutron-periodic-workers[106206]: DEBUG cotyledon.oslo_config_glue [-] ovn.bfd_min_tx = 100 {{(pid=106206) log_opt_values /opt/stack/data/venv/lib/python3.12/site-packages/oslo_config/cfg.py:3006}}
Apr 25 16:24:49.130903 np0000170205 neutron-periodic-workers[106206]: DEBUG cotyledon.oslo_config_glue [-] ovn.bfd_mult = 3 {{(pid=106206) log_opt_values /opt/stack/data/venv/lib/python3.12/site-packages/oslo_config/cfg.py:3006}}
Apr 25 16:24:49.130987 np0000170205 neutron-periodic-workers[106206]: DEBUG cotyledon.oslo_config_glue [-] ovn.broadcast_arps_to_all_routers = True {{(pid=106206) log_opt_values /opt/stack/data/venv/lib/python3.12/site-packages/oslo_config/cfg.py:3006}}
Apr 25 16:24:49.131084 np0000170205 neutron-periodic-workers[106206]: DEBUG cotyledon.oslo_config_glue [-] ovn.dhcp_default_lease_time = 43200 {{(pid=106206) log_opt_values /opt/stack/data/venv/lib/python3.12/site-packages/oslo_config/cfg.py:3006}}
Apr 25 16:24:49.131147 np0000170205 neutron-periodic-workers[106206]: DEBUG cotyledon.oslo_config_glue [-] ovn.disable_ovn_dhcp_for_baremetal_ports = False {{(pid=106206) log_opt_values /opt/stack/data/venv/lib/python3.12/site-packages/oslo_config/cfg.py:3006}}
Apr 25 16:24:49.131194 np0000170205 neutron-periodic-workers[106206]: DEBUG cotyledon.oslo_config_glue [-] ovn.dns_records_ovn_owned = False {{(pid=106206) log_opt_values /opt/stack/data/venv/lib/python3.12/site-packages/oslo_config/cfg.py:3006}}
Apr 25 16:24:49.131313 np0000170205 neutron-periodic-workers[106206]: DEBUG cotyledon.oslo_config_glue [-] ovn.dns_servers = [] {{(pid=106206) log_opt_values /opt/stack/data/venv/lib/python3.12/site-packages/oslo_config/cfg.py:3006}}
Apr 25 16:24:49.131371 np0000170205 neutron-periodic-workers[106206]: DEBUG cotyledon.oslo_config_glue [-] ovn.enable_distributed_floating_ip = False {{(pid=106206) log_opt_values /opt/stack/data/venv/lib/python3.12/site-packages/oslo_config/cfg.py:3006}}
Apr 25 16:24:49.131464 np0000170205 neutron-periodic-workers[106206]: DEBUG cotyledon.oslo_config_glue [-] ovn.fdb_age_threshold = 300 {{(pid=106206) log_opt_values /opt/stack/data/venv/lib/python3.12/site-packages/oslo_config/cfg.py:3006}}
Apr 25 16:24:49.131512 np0000170205 neutron-periodic-workers[106206]: DEBUG cotyledon.oslo_config_glue [-] ovn.ha_failover_strategy = normal {{(pid=106206) log_opt_values /opt/stack/data/venv/lib/python3.12/site-packages/oslo_config/cfg.py:3006}}
Apr 25 16:24:49.131613 np0000170205 neutron-periodic-workers[106206]: DEBUG cotyledon.oslo_config_glue [-] ovn.live_migration_activation_strategy = rarp {{(pid=106206) log_opt_values /opt/stack/data/venv/lib/python3.12/site-packages/oslo_config/cfg.py:3006}}
Apr 25 16:24:49.131665 np0000170205 neutron-periodic-workers[106206]: DEBUG cotyledon.oslo_config_glue [-] ovn.localnet_learn_fdb = False {{(pid=106206) log_opt_values /opt/stack/data/venv/lib/python3.12/site-packages/oslo_config/cfg.py:3006}}
Apr 25 16:24:49.131753 np0000170205 neutron-periodic-workers[106206]: DEBUG cotyledon.oslo_config_glue [-] ovn.mac_binding_age_threshold = 300 {{(pid=106206) log_opt_values /opt/stack/data/venv/lib/python3.12/site-packages/oslo_config/cfg.py:3006}}
Apr 25 16:24:49.131832 np0000170205 neutron-periodic-workers[106206]: DEBUG cotyledon.oslo_config_glue [-] ovn.neutron_sync_mode = log {{(pid=106206) log_opt_values /opt/stack/data/venv/lib/python3.12/site-packages/oslo_config/cfg.py:3006}}
Apr 25 16:24:49.131915 np0000170205 neutron-periodic-workers[106206]: DEBUG cotyledon.oslo_config_glue [-] ovn.ovn_dhcp4_global_options = {} {{(pid=106206) log_opt_values /opt/stack/data/venv/lib/python3.12/site-packages/oslo_config/cfg.py:3006}}
Apr 25 16:24:49.131987 np0000170205 neutron-periodic-workers[106206]: DEBUG cotyledon.oslo_config_glue [-] ovn.ovn_dhcp6_global_options = {} {{(pid=106206) log_opt_values /opt/stack/data/venv/lib/python3.12/site-packages/oslo_config/cfg.py:3006}}
Apr 25 16:24:49.132065 np0000170205 neutron-periodic-workers[106206]: DEBUG cotyledon.oslo_config_glue [-] ovn.ovn_l3_scheduler = leastloaded {{(pid=106206) log_opt_values /opt/stack/data/venv/lib/python3.12/site-packages/oslo_config/cfg.py:3006}}
Apr 25 16:24:49.132130 np0000170205 neutron-periodic-workers[106206]: DEBUG cotyledon.oslo_config_glue [-] ovn.ovn_metadata_enabled = True {{(pid=106206) log_opt_values /opt/stack/data/venv/lib/python3.12/site-packages/oslo_config/cfg.py:3006}}
Apr 25 16:24:49.132245 np0000170205 neutron-periodic-workers[106206]: DEBUG cotyledon.oslo_config_glue [-] ovn.ovn_nb_ca_cert = /opt/stack/data/CA/int-ca/ca-chain.pem {{(pid=106206) log_opt_values /opt/stack/data/venv/lib/python3.12/site-packages/oslo_config/cfg.py:3006}}
Apr 25 16:24:49.132322 np0000170205 neutron-periodic-workers[106206]: DEBUG cotyledon.oslo_config_glue [-] ovn.ovn_nb_certificate = /opt/stack/data/CA/int-ca/devstack-cert.crt {{(pid=106206) log_opt_values /opt/stack/data/venv/lib/python3.12/site-packages/oslo_config/cfg.py:3006}}
Apr 25 16:24:49.132380 np0000170205 neutron-periodic-workers[106206]: DEBUG cotyledon.oslo_config_glue [-] ovn.ovn_nb_connection = ['ssl:199.204.45.77:6641'] {{(pid=106206) log_opt_values /opt/stack/data/venv/lib/python3.12/site-packages/oslo_config/cfg.py:3006}}
Apr 25 16:24:49.132467 np0000170205 neutron-periodic-workers[106206]: DEBUG cotyledon.oslo_config_glue [-] ovn.ovn_nb_private_key = /opt/stack/data/CA/int-ca/private/devstack-cert.key {{(pid=106206) log_opt_values /opt/stack/data/venv/lib/python3.12/site-packages/oslo_config/cfg.py:3006}}
Apr 25 16:24:49.132557 np0000170205 neutron-periodic-workers[106206]: DEBUG cotyledon.oslo_config_glue [-] ovn.ovn_router_indirect_snat = False {{(pid=106206) log_opt_values /opt/stack/data/venv/lib/python3.12/site-packages/oslo_config/cfg.py:3006}}
Apr 25 16:24:49.132630 np0000170205 neutron-periodic-workers[106206]: DEBUG cotyledon.oslo_config_glue [-] ovn.ovn_sb_ca_cert = /opt/stack/data/CA/int-ca/ca-chain.pem {{(pid=106206) log_opt_values /opt/stack/data/venv/lib/python3.12/site-packages/oslo_config/cfg.py:3006}}
Apr 25 16:24:49.132702 np0000170205 neutron-periodic-workers[106206]: DEBUG cotyledon.oslo_config_glue [-] ovn.ovn_sb_certificate = /opt/stack/data/CA/int-ca/devstack-cert.crt {{(pid=106206) log_opt_values /opt/stack/data/venv/lib/python3.12/site-packages/oslo_config/cfg.py:3006}}
Apr 25 16:24:49.132773 np0000170205 neutron-periodic-workers[106206]: DEBUG cotyledon.oslo_config_glue [-] ovn.ovn_sb_connection = ['ssl:199.204.45.77:6642'] {{(pid=106206) log_opt_values /opt/stack/data/venv/lib/python3.12/site-packages/oslo_config/cfg.py:3006}}
Apr 25 16:24:49.132843 np0000170205 neutron-periodic-workers[106206]: DEBUG cotyledon.oslo_config_glue [-] ovn.ovn_sb_private_key = /opt/stack/data/CA/int-ca/private/devstack-cert.key {{(pid=106206) log_opt_values /opt/stack/data/venv/lib/python3.12/site-packages/oslo_config/cfg.py:3006}}
Apr 25 16:24:49.132915 np0000170205 neutron-periodic-workers[106206]: DEBUG cotyledon.oslo_config_glue [-] ovn.ovs_create_tap = False {{(pid=106206) log_opt_values /opt/stack/data/venv/lib/python3.12/site-packages/oslo_config/cfg.py:3006}}
Apr 25 16:24:49.132984 np0000170205 neutron-periodic-workers[106206]: DEBUG cotyledon.oslo_config_glue [-] ovn.ovsdb_connection_timeout = 180 {{(pid=106206) log_opt_values /opt/stack/data/venv/lib/python3.12/site-packages/oslo_config/cfg.py:3006}}
Apr 25 16:24:49.133054 np0000170205 neutron-periodic-workers[106206]: DEBUG cotyledon.oslo_config_glue [-] ovn.ovsdb_log_level = INFO {{(pid=106206) log_opt_values /opt/stack/data/venv/lib/python3.12/site-packages/oslo_config/cfg.py:3006}}
Apr 25 16:24:49.133136 np0000170205 neutron-periodic-workers[106206]: DEBUG cotyledon.oslo_config_glue [-] ovn.ovsdb_probe_interval = 60000 {{(pid=106206) log_opt_values /opt/stack/data/venv/lib/python3.12/site-packages/oslo_config/cfg.py:3006}}
Apr 25 16:24:49.133193 np0000170205 neutron-periodic-workers[106206]: DEBUG cotyledon.oslo_config_glue [-] ovn.ovsdb_retry_max_interval = 180 {{(pid=106206) log_opt_values /opt/stack/data/venv/lib/python3.12/site-packages/oslo_config/cfg.py:3006}}
Apr 25 16:24:49.133288 np0000170205 neutron-periodic-workers[106206]: DEBUG cotyledon.oslo_config_glue [-] ovn.stateless_nat_enabled = False {{(pid=106206) log_opt_values /opt/stack/data/venv/lib/python3.12/site-packages/oslo_config/cfg.py:3006}}
Apr 25 16:24:49.133362 np0000170205 neutron-periodic-workers[106206]: DEBUG cotyledon.oslo_config_glue [-] ovn.vhost_sock_dir = /var/run/openvswitch {{(pid=106206) log_opt_values /opt/stack/data/venv/lib/python3.12/site-packages/oslo_config/cfg.py:3006}}
Apr 25 16:24:49.133447 np0000170205 neutron-periodic-workers[106206]: DEBUG cotyledon.oslo_config_glue [-] OVS.bridge_mac_table_size = 50000 {{(pid=106206) log_opt_values /opt/stack/data/venv/lib/python3.12/site-packages/oslo_config/cfg.py:3006}}
Apr 25 16:24:49.133533 np0000170205 neutron-periodic-workers[106206]: DEBUG cotyledon.oslo_config_glue [-] OVS.igmp_flood = False {{(pid=106206) log_opt_values /opt/stack/data/venv/lib/python3.12/site-packages/oslo_config/cfg.py:3006}}
Apr 25 16:24:49.133586 np0000170205 neutron-periodic-workers[106206]: DEBUG cotyledon.oslo_config_glue [-] OVS.igmp_flood_reports = True {{(pid=106206) log_opt_values /opt/stack/data/venv/lib/python3.12/site-packages/oslo_config/cfg.py:3006}}
Apr 25 16:24:49.133675 np0000170205 neutron-periodic-workers[106206]: DEBUG cotyledon.oslo_config_glue [-] OVS.igmp_flood_unregistered = False {{(pid=106206) log_opt_values /opt/stack/data/venv/lib/python3.12/site-packages/oslo_config/cfg.py:3006}}
Apr 25 16:24:49.133723 np0000170205 neutron-periodic-workers[106206]: DEBUG cotyledon.oslo_config_glue [-] OVS.igmp_snooping_enable = False {{(pid=106206) log_opt_values /opt/stack/data/venv/lib/python3.12/site-packages/oslo_config/cfg.py:3006}}
Apr 25 16:24:49.133813 np0000170205 neutron-periodic-workers[106206]: DEBUG cotyledon.oslo_config_glue [-] OVS.ovsdb_timeout = 10 {{(pid=106206) log_opt_values /opt/stack/data/venv/lib/python3.12/site-packages/oslo_config/cfg.py:3006}}
Apr 25 16:24:49.133891 np0000170205 neutron-periodic-workers[106206]: DEBUG cotyledon.oslo_config_glue [-] ovn_nb_global.fdb_removal_limit = 0 {{(pid=106206) log_opt_values /opt/stack/data/venv/lib/python3.12/site-packages/oslo_config/cfg.py:3006}}
Apr 25 16:24:49.133945 np0000170205 neutron-periodic-workers[106206]: DEBUG cotyledon.oslo_config_glue [-] ovn_nb_global.ignore_lsp_down = False {{(pid=106206) log_opt_values /opt/stack/data/venv/lib/python3.12/site-packages/oslo_config/cfg.py:3006}}
Apr 25 16:24:49.134034 np0000170205 neutron-periodic-workers[106206]: DEBUG cotyledon.oslo_config_glue [-] ovn_nb_global.mac_binding_removal_limit = 0 {{(pid=106206) log_opt_values /opt/stack/data/venv/lib/python3.12/site-packages/oslo_config/cfg.py:3006}}
Apr 25 16:24:49.134082 np0000170205 neutron-periodic-workers[106206]: DEBUG cotyledon.oslo_config_glue [-] ******************************************************************************** {{(pid=106206) log_opt_values /opt/stack/data/venv/lib/python3.12/site-packages/oslo_config/cfg.py:3013}}
Apr 25 16:24:49.134321 np0000170205 neutron-periodic-workers[106206]: DEBUG cotyledon._service_worker [-] Run service ServiceWrapper(0) [106206] {{(pid=106206) wait_forever /opt/stack/data/venv/lib/python3.12/site-packages/cotyledon/_service_worker.py:218}}
Apr 25 16:24:58.717586 np0000170205 neutron-periodic-workers[105488]: DEBUG dbcounter [-] [105488] Writing DB stats neutron:SELECT=6,neutron:INSERT=1 {{(pid=105488) stat_writer /opt/stack/data/venv/lib/python3.12/site-packages/dbcounter.py:115}}
Apr 25 16:25:41.055562 np0000170205 neutron-periodic-workers[106170]: DEBUG oslo_db.sqlalchemy.engines [None req-18dba1bd-345b-4e08-a332-bf30a74bc298 None None] Parent process 105488 forked (106170) with an open database connection, which is being discarded and recreated. {{(pid=106170) checkout /opt/stack/data/venv/lib/python3.12/site-packages/oslo_db/sqlalchemy/engines.py:402}}
Apr 25 16:25:41.068094 np0000170205 neutron-periodic-workers[106170]: DEBUG dbcounter [-] [106170] Writer thread running {{(pid=106170) stat_writer /opt/stack/data/venv/lib/python3.12/site-packages/dbcounter.py:102}}
Apr 25 16:25:41.076225 np0000170205 neutron-periodic-workers[106170]: DEBUG oslo.service.backend._threading.loopingcall [None req-18dba1bd-345b-4e08-a332-bf30a74bc298 None None] Fixed interval looping call 'neutron.plugins.ml2.plugin.DhcpAgentSchedulerDbMixin.remove_networks_from_down_agents' sleeping for 36.97 seconds {{(pid=106170) _run_loop /opt/stack/data/venv/lib/python3.12/site-packages/oslo_service/backend/_threading/loopingcall.py:125}}
Apr 25 16:25:51.075520 np0000170205 neutron-periodic-workers[106170]: DEBUG dbcounter [-] [106170] Writing DB stats neutron:SELECT=3 {{(pid=106170) stat_writer /opt/stack/data/venv/lib/python3.12/site-packages/dbcounter.py:115}}
Apr 25 16:25:56.091054 np0000170205 neutron-periodic-workers[106180]: DEBUG dbcounter [-] [106180] Writer thread running {{(pid=106180) stat_writer /opt/stack/data/venv/lib/python3.12/site-packages/dbcounter.py:102}}
Apr 25 16:25:56.095427 np0000170205 neutron-periodic-workers[106180]: DEBUG neutron.db.agents_db [None req-a1842c28-69f8-4d4e-8837-29186b007b5a None None] Agent healthcheck: found 0 active agents {{(pid=106180) agent_health_check /opt/stack/neutron/neutron/db/agents_db.py:317}}
Apr 25 16:25:56.095667 np0000170205 neutron-periodic-workers[106180]: DEBUG oslo.service.backend._threading.loopingcall [None req-a1842c28-69f8-4d4e-8837-29186b007b5a None None] Fixed interval looping call 'neutron.plugins.ml2.plugin.AgentDbMixin.agent_health_check' sleeping for 36.98 seconds {{(pid=106180) _run_loop /opt/stack/data/venv/lib/python3.12/site-packages/oslo_service/backend/_threading/loopingcall.py:125}}
Apr 25 16:26:06.091875 np0000170205 neutron-periodic-workers[106180]: DEBUG dbcounter [-] [106180] Writing DB stats neutron:SELECT=1 {{(pid=106180) stat_writer /opt/stack/data/venv/lib/python3.12/site-packages/dbcounter.py:115}}
Apr 25 16:26:18.184279 np0000170205 neutron-periodic-workers[106170]: DEBUG oslo.service.backend._threading.loopingcall [None req-18dba1bd-345b-4e08-a332-bf30a74bc298 None None] Fixed interval looping call 'neutron.plugins.ml2.plugin.DhcpAgentSchedulerDbMixin.remove_networks_from_down_agents' sleeping for 36.99 seconds {{(pid=106170) _run_loop /opt/stack/data/venv/lib/python3.12/site-packages/oslo_service/backend/_threading/loopingcall.py:125}}
Apr 25 16:26:28.054821 np0000170205 neutron-periodic-workers[106170]: DEBUG dbcounter [-] [106170] Writing DB stats neutron:SELECT=3 {{(pid=106170) stat_writer /opt/stack/data/venv/lib/python3.12/site-packages/dbcounter.py:115}}
Apr 25 16:26:33.274319 np0000170205 neutron-periodic-workers[106180]: DEBUG neutron.db.agents_db [None req-a1842c28-69f8-4d4e-8837-29186b007b5a None None] Agent healthcheck: found 0 active agents {{(pid=106180) agent_health_check /opt/stack/neutron/neutron/db/agents_db.py:317}}
Apr 25 16:26:33.274977 np0000170205 neutron-periodic-workers[106180]: DEBUG oslo.service.backend._threading.loopingcall [None req-a1842c28-69f8-4d4e-8837-29186b007b5a None None] Fixed interval looping call 'neutron.plugins.ml2.plugin.AgentDbMixin.agent_health_check' sleeping for 36.80 seconds {{(pid=106180) _run_loop /opt/stack/data/venv/lib/python3.12/site-packages/oslo_service/backend/_threading/loopingcall.py:125}}
Apr 25 16:26:43.080261 np0000170205 neutron-periodic-workers[106180]: DEBUG dbcounter [-] [106180] Writing DB stats neutron:SELECT=1 {{(pid=106180) stat_writer /opt/stack/data/venv/lib/python3.12/site-packages/dbcounter.py:115}}
Apr 25 16:26:49.107218 np0000170205 neutron-periodic-workers[106196]: DEBUG dbcounter [-] [106196] Writer thread running {{(pid=106196) stat_writer /opt/stack/data/venv/lib/python3.12/site-packages/dbcounter.py:102}}
Apr 25 16:26:49.108975 np0000170205 neutron-periodic-workers[106196]: DEBUG oslo.service.backend._threading.loopingcall [None req-cdaae163-3fa8-4568-89d3-6e1a44c4236e None None] Fixed interval looping call 'neutron.db.quota.driver_nolock.DbQuotaNoLockDriver._remove_expired_reservations' sleeping for 119.98 seconds {{(pid=106196) _run_loop /opt/stack/data/venv/lib/python3.12/site-packages/oslo_service/backend/_threading/loopingcall.py:125}}
Apr 25 16:26:55.059841 np0000170205 neutron-periodic-workers[106170]: DEBUG oslo.service.backend._threading.loopingcall [None req-18dba1bd-345b-4e08-a332-bf30a74bc298 None None] Fixed interval looping call 'neutron.plugins.ml2.plugin.DhcpAgentSchedulerDbMixin.remove_networks_from_down_agents' sleeping for 36.99 seconds {{(pid=106170) _run_loop /opt/stack/data/venv/lib/python3.12/site-packages/oslo_service/backend/_threading/loopingcall.py:125}}
Apr 25 16:26:59.107724 np0000170205 neutron-periodic-workers[106196]: DEBUG dbcounter [-] [106196] Writing DB stats neutron:DELETE=1 {{(pid=106196) stat_writer /opt/stack/data/venv/lib/python3.12/site-packages/dbcounter.py:115}}
Apr 25 16:27:05.059378 np0000170205 neutron-periodic-workers[106170]: DEBUG dbcounter [-] [106170] Writing DB stats neutron:SELECT=3 {{(pid=106170) stat_writer /opt/stack/data/venv/lib/python3.12/site-packages/dbcounter.py:115}}
Apr 25 16:27:10.081000 np0000170205 neutron-periodic-workers[106180]: DEBUG neutron.db.agents_db [None req-a1842c28-69f8-4d4e-8837-29186b007b5a None None] Agent healthcheck: found 0 active agents {{(pid=106180) agent_health_check /opt/stack/neutron/neutron/db/agents_db.py:317}}
Apr 25 16:27:10.081441 np0000170205 neutron-periodic-workers[106180]: DEBUG oslo.service.backend._threading.loopingcall [None req-a1842c28-69f8-4d4e-8837-29186b007b5a None None] Fixed interval looping call 'neutron.plugins.ml2.plugin.AgentDbMixin.agent_health_check' sleeping for 36.99 seconds {{(pid=106180) _run_loop /opt/stack/data/venv/lib/python3.12/site-packages/oslo_service/backend/_threading/loopingcall.py:125}}
Apr 25 16:27:20.078889 np0000170205 neutron-periodic-workers[106180]: DEBUG dbcounter [-] [106180] Writing DB stats neutron:SELECT=1 {{(pid=106180) stat_writer /opt/stack/data/venv/lib/python3.12/site-packages/dbcounter.py:115}}
Apr 25 16:27:32.071158 np0000170205 neutron-periodic-workers[106170]: DEBUG oslo.service.backend._threading.loopingcall [None req-18dba1bd-345b-4e08-a332-bf30a74bc298 None None] Fixed interval looping call 'neutron.plugins.ml2.plugin.DhcpAgentSchedulerDbMixin.remove_networks_from_down_agents' sleeping for 36.99 seconds {{(pid=106170) _run_loop /opt/stack/data/venv/lib/python3.12/site-packages/oslo_service/backend/_threading/loopingcall.py:125}}
Apr 25 16:27:42.058391 np0000170205 neutron-periodic-workers[106170]: DEBUG dbcounter [-] [106170] Writing DB stats neutron:SELECT=3 {{(pid=106170) stat_writer /opt/stack/data/venv/lib/python3.12/site-packages/dbcounter.py:115}}
Apr 25 16:27:47.078993 np0000170205 neutron-periodic-workers[106180]: DEBUG neutron.db.agents_db [None req-a1842c28-69f8-4d4e-8837-29186b007b5a None None] Agent healthcheck: found 0 active agents {{(pid=106180) agent_health_check /opt/stack/neutron/neutron/db/agents_db.py:317}}
Apr 25 16:27:47.079491 np0000170205 neutron-periodic-workers[106180]: DEBUG oslo.service.backend._threading.loopingcall [None req-a1842c28-69f8-4d4e-8837-29186b007b5a None None] Fixed interval looping call 'neutron.plugins.ml2.plugin.AgentDbMixin.agent_health_check' sleeping for 36.99 seconds {{(pid=106180) _run_loop /opt/stack/data/venv/lib/python3.12/site-packages/oslo_service/backend/_threading/loopingcall.py:125}}
Apr 25 16:27:57.077228 np0000170205 neutron-periodic-workers[106180]: DEBUG dbcounter [-] [106180] Writing DB stats neutron:SELECT=1 {{(pid=106180) stat_writer /opt/stack/data/venv/lib/python3.12/site-packages/dbcounter.py:115}}
Apr 25 16:28:09.059653 np0000170205 neutron-periodic-workers[106170]: DEBUG oslo.service.backend._threading.loopingcall [None req-18dba1bd-345b-4e08-a332-bf30a74bc298 None None] Fixed interval looping call 'neutron.plugins.ml2.plugin.DhcpAgentSchedulerDbMixin.remove_networks_from_down_agents' sleeping for 36.99 seconds {{(pid=106170) _run_loop /opt/stack/data/venv/lib/python3.12/site-packages/oslo_service/backend/_threading/loopingcall.py:125}}
Apr 25 16:28:19.058723 np0000170205 neutron-periodic-workers[106170]: DEBUG dbcounter [-] [106170] Writing DB stats neutron:SELECT=3 {{(pid=106170) stat_writer /opt/stack/data/venv/lib/python3.12/site-packages/dbcounter.py:115}}
Apr 25 16:28:24.074709 np0000170205 neutron-periodic-workers[106180]: DEBUG neutron.db.agents_db [None req-a1842c28-69f8-4d4e-8837-29186b007b5a None None] Agent healthcheck: found 0 active agents {{(pid=106180) agent_health_check /opt/stack/neutron/neutron/db/agents_db.py:317}}
Apr 25 16:28:24.075628 np0000170205 neutron-periodic-workers[106180]: DEBUG oslo.service.backend._threading.loopingcall [None req-a1842c28-69f8-4d4e-8837-29186b007b5a None None] Fixed interval looping call 'neutron.plugins.ml2.plugin.AgentDbMixin.agent_health_check' sleeping for 36.99 seconds {{(pid=106180) _run_loop /opt/stack/data/venv/lib/python3.12/site-packages/oslo_service/backend/_threading/loopingcall.py:125}}
Apr 25 16:28:34.072920 np0000170205 neutron-periodic-workers[106180]: DEBUG dbcounter [-] [106180] Writing DB stats neutron:SELECT=1 {{(pid=106180) stat_writer /opt/stack/data/venv/lib/python3.12/site-packages/dbcounter.py:115}}
Apr 25 16:28:38.172689 np0000170205 neutron-periodic-workers[106206]: DEBUG dbcounter [-] [106206] Writer thread running {{(pid=106206) stat_writer /opt/stack/data/venv/lib/python3.12/site-packages/dbcounter.py:102}}
Apr 25 16:28:38.185588 np0000170205 neutron-periodic-workers[106206]: DEBUG oslo.service.backend._threading.loopingcall [None req-dcaf0a76-5850-4415-98e4-e7c7c89a965b None None] Fixed interval looping call 'neutron.services.ovn_l3.plugin.L3_NAT_dbonly_mixin._clean_garbage' sleeping for 299.95 seconds {{(pid=106206) _run_loop /opt/stack/data/venv/lib/python3.12/site-packages/oslo_service/backend/_threading/loopingcall.py:125}}
Apr 25 16:28:46.059499 np0000170205 neutron-periodic-workers[106170]: DEBUG oslo.service.backend._threading.loopingcall [None req-18dba1bd-345b-4e08-a332-bf30a74bc298 None None] Fixed interval looping call 'neutron.plugins.ml2.plugin.DhcpAgentSchedulerDbMixin.remove_networks_from_down_agents' sleeping for 36.99 seconds {{(pid=106170) _run_loop /opt/stack/data/venv/lib/python3.12/site-packages/oslo_service/backend/_threading/loopingcall.py:125}}
Apr 25 16:28:48.173204 np0000170205 neutron-periodic-workers[106206]: DEBUG dbcounter [-] [106206] Writing DB stats neutron:SELECT=1 {{(pid=106206) stat_writer /opt/stack/data/venv/lib/python3.12/site-packages/dbcounter.py:115}}
Apr 25 16:28:49.095831 np0000170205 neutron-periodic-workers[106196]: DEBUG oslo.service.backend._threading.loopingcall [None req-cdaae163-3fa8-4568-89d3-6e1a44c4236e None None] Fixed interval looping call 'neutron.db.quota.driver_nolock.DbQuotaNoLockDriver._remove_expired_reservations' sleeping for 119.99 seconds {{(pid=106196) _run_loop /opt/stack/data/venv/lib/python3.12/site-packages/oslo_service/backend/_threading/loopingcall.py:125}}
Apr 25 16:28:56.057830 np0000170205 neutron-periodic-workers[106170]: DEBUG dbcounter [-] [106170] Writing DB stats neutron:SELECT=3 {{(pid=106170) stat_writer /opt/stack/data/venv/lib/python3.12/site-packages/dbcounter.py:115}}
Apr 25 16:28:59.094364 np0000170205 neutron-periodic-workers[106196]: DEBUG dbcounter [-] [106196] Writing DB stats neutron:DELETE=1 {{(pid=106196) stat_writer /opt/stack/data/venv/lib/python3.12/site-packages/dbcounter.py:115}}
Apr 25 16:29:01.071279 np0000170205 neutron-periodic-workers[106180]: DEBUG neutron.db.agents_db [None req-a1842c28-69f8-4d4e-8837-29186b007b5a None None] Agent healthcheck: found 0 active agents {{(pid=106180) agent_health_check /opt/stack/neutron/neutron/db/agents_db.py:317}}
Apr 25 16:29:01.071848 np0000170205 neutron-periodic-workers[106180]: DEBUG oslo.service.backend._threading.loopingcall [None req-a1842c28-69f8-4d4e-8837-29186b007b5a None None] Fixed interval looping call 'neutron.plugins.ml2.plugin.AgentDbMixin.agent_health_check' sleeping for 36.99 seconds {{(pid=106180) _run_loop /opt/stack/data/venv/lib/python3.12/site-packages/oslo_service/backend/_threading/loopingcall.py:125}}
Apr 25 16:29:11.070736 np0000170205 neutron-periodic-workers[106180]: DEBUG dbcounter [-] [106180] Writing DB stats neutron:SELECT=1 {{(pid=106180) stat_writer /opt/stack/data/venv/lib/python3.12/site-packages/dbcounter.py:115}}
Apr 25 16:29:23.056227 np0000170205 neutron-periodic-workers[106170]: DEBUG oslo.service.backend._threading.loopingcall [None req-18dba1bd-345b-4e08-a332-bf30a74bc298 None None] Fixed interval looping call 'neutron.plugins.ml2.plugin.DhcpAgentSchedulerDbMixin.remove_networks_from_down_agents' sleeping for 36.99 seconds {{(pid=106170) _run_loop /opt/stack/data/venv/lib/python3.12/site-packages/oslo_service/backend/_threading/loopingcall.py:125}}
Apr 25 16:29:33.055515 np0000170205 neutron-periodic-workers[106170]: DEBUG dbcounter [-] [106170] Writing DB stats neutron:SELECT=3 {{(pid=106170) stat_writer /opt/stack/data/venv/lib/python3.12/site-packages/dbcounter.py:115}}
Apr 25 16:29:38.064627 np0000170205 neutron-periodic-workers[106180]: DEBUG neutron.db.agents_db [None req-a1842c28-69f8-4d4e-8837-29186b007b5a None None] Agent healthcheck: found 0 active agents {{(pid=106180) agent_health_check /opt/stack/neutron/neutron/db/agents_db.py:317}}
Apr 25 16:29:38.065098 np0000170205 neutron-periodic-workers[106180]: DEBUG oslo.service.backend._threading.loopingcall [None req-a1842c28-69f8-4d4e-8837-29186b007b5a None None] Fixed interval looping call 'neutron.plugins.ml2.plugin.AgentDbMixin.agent_health_check' sleeping for 37.00 seconds {{(pid=106180) _run_loop /opt/stack/data/venv/lib/python3.12/site-packages/oslo_service/backend/_threading/loopingcall.py:125}}
Apr 25 16:29:48.063956 np0000170205 neutron-periodic-workers[106180]: DEBUG dbcounter [-] [106180] Writing DB stats neutron:SELECT=1 {{(pid=106180) stat_writer /opt/stack/data/venv/lib/python3.12/site-packages/dbcounter.py:115}}
Apr 25 16:30:00.055709 np0000170205 neutron-periodic-workers[106170]: DEBUG oslo.service.backend._threading.loopingcall [None req-18dba1bd-345b-4e08-a332-bf30a74bc298 None None] Fixed interval looping call 'neutron.plugins.ml2.plugin.DhcpAgentSchedulerDbMixin.remove_networks_from_down_agents' sleeping for 36.99 seconds {{(pid=106170) _run_loop /opt/stack/data/venv/lib/python3.12/site-packages/oslo_service/backend/_threading/loopingcall.py:125}}
Apr 25 16:30:10.054926 np0000170205 neutron-periodic-workers[106170]: DEBUG dbcounter [-] [106170] Writing DB stats neutron:SELECT=3 {{(pid=106170) stat_writer /opt/stack/data/venv/lib/python3.12/site-packages/dbcounter.py:115}}
Apr 25 16:30:15.070619 np0000170205 neutron-periodic-workers[106180]: DEBUG neutron.db.agents_db [None req-a1842c28-69f8-4d4e-8837-29186b007b5a None None] Agent healthcheck: found 0 active agents {{(pid=106180) agent_health_check /opt/stack/neutron/neutron/db/agents_db.py:317}}
Apr 25 16:30:15.071253 np0000170205 neutron-periodic-workers[106180]: DEBUG oslo.service.backend._threading.loopingcall [None req-a1842c28-69f8-4d4e-8837-29186b007b5a None None] Fixed interval looping call 'neutron.plugins.ml2.plugin.AgentDbMixin.agent_health_check' sleeping for 36.99 seconds {{(pid=106180) _run_loop /opt/stack/data/venv/lib/python3.12/site-packages/oslo_service/backend/_threading/loopingcall.py:125}}
Apr 25 16:30:25.069413 np0000170205 neutron-periodic-workers[106180]: DEBUG dbcounter [-] [106180] Writing DB stats neutron:SELECT=1 {{(pid=106180) stat_writer /opt/stack/data/venv/lib/python3.12/site-packages/dbcounter.py:115}}
Apr 25 16:30:37.059001 np0000170205 neutron-periodic-workers[106170]: DEBUG oslo.service.backend._threading.loopingcall [None req-18dba1bd-345b-4e08-a332-bf30a74bc298 None None] Fixed interval looping call 'neutron.plugins.ml2.plugin.DhcpAgentSchedulerDbMixin.remove_networks_from_down_agents' sleeping for 36.99 seconds {{(pid=106170) _run_loop /opt/stack/data/venv/lib/python3.12/site-packages/oslo_service/backend/_threading/loopingcall.py:125}}
Apr 25 16:30:47.057527 np0000170205 neutron-periodic-workers[106170]: DEBUG dbcounter [-] [106170] Writing DB stats neutron:SELECT=3 {{(pid=106170) stat_writer /opt/stack/data/venv/lib/python3.12/site-packages/dbcounter.py:115}}
Apr 25 16:30:49.224042 np0000170205 neutron-periodic-workers[106196]: DEBUG oslo.service.backend._threading.loopingcall [None req-cdaae163-3fa8-4568-89d3-6e1a44c4236e None None] Fixed interval looping call 'neutron.db.quota.driver_nolock.DbQuotaNoLockDriver._remove_expired_reservations' sleeping for 119.99 seconds {{(pid=106196) _run_loop /opt/stack/data/venv/lib/python3.12/site-packages/oslo_service/backend/_threading/loopingcall.py:125}}
Apr 25 16:30:52.067447 np0000170205 neutron-periodic-workers[106180]: DEBUG neutron.db.agents_db [None req-a1842c28-69f8-4d4e-8837-29186b007b5a None None] Agent healthcheck: found 0 active agents {{(pid=106180) agent_health_check /opt/stack/neutron/neutron/db/agents_db.py:317}}
Apr 25 16:30:52.067910 np0000170205 neutron-periodic-workers[106180]: DEBUG oslo.service.backend._threading.loopingcall [None req-a1842c28-69f8-4d4e-8837-29186b007b5a None None] Fixed interval looping call 'neutron.plugins.ml2.plugin.AgentDbMixin.agent_health_check' sleeping for 36.99 seconds {{(pid=106180) _run_loop /opt/stack/data/venv/lib/python3.12/site-packages/oslo_service/backend/_threading/loopingcall.py:125}}
Apr 25 16:30:59.090980 np0000170205 neutron-periodic-workers[106196]: DEBUG dbcounter [-] [106196] Writing DB stats neutron:DELETE=1 {{(pid=106196) stat_writer /opt/stack/data/venv/lib/python3.12/site-packages/dbcounter.py:115}}
Apr 25 16:31:02.064490 np0000170205 neutron-periodic-workers[106180]: DEBUG dbcounter [-] [106180] Writing DB stats neutron:SELECT=1 {{(pid=106180) stat_writer /opt/stack/data/venv/lib/python3.12/site-packages/dbcounter.py:115}}
Apr 25 16:31:14.058734 np0000170205 neutron-periodic-workers[106170]: DEBUG oslo.service.backend._threading.loopingcall [None req-18dba1bd-345b-4e08-a332-bf30a74bc298 None None] Fixed interval looping call 'neutron.plugins.ml2.plugin.DhcpAgentSchedulerDbMixin.remove_networks_from_down_agents' sleeping for 36.99 seconds {{(pid=106170) _run_loop /opt/stack/data/venv/lib/python3.12/site-packages/oslo_service/backend/_threading/loopingcall.py:125}}
Apr 25 16:31:24.057625 np0000170205 neutron-periodic-workers[106170]: DEBUG dbcounter [-] [106170] Writing DB stats neutron:SELECT=3 {{(pid=106170) stat_writer /opt/stack/data/venv/lib/python3.12/site-packages/dbcounter.py:115}}
Apr 25 16:31:29.063763 np0000170205 neutron-periodic-workers[106180]: DEBUG neutron.db.agents_db [None req-a1842c28-69f8-4d4e-8837-29186b007b5a None None] Agent healthcheck: found 0 active agents {{(pid=106180) agent_health_check /opt/stack/neutron/neutron/db/agents_db.py:317}}
Apr 25 16:31:29.064521 np0000170205 neutron-periodic-workers[106180]: DEBUG oslo.service.backend._threading.loopingcall [None req-a1842c28-69f8-4d4e-8837-29186b007b5a None None] Fixed interval looping call 'neutron.plugins.ml2.plugin.AgentDbMixin.agent_health_check' sleeping for 36.99 seconds {{(pid=106180) _run_loop /opt/stack/data/venv/lib/python3.12/site-packages/oslo_service/backend/_threading/loopingcall.py:125}}
Apr 25 16:31:39.061874 np0000170205 neutron-periodic-workers[106180]: DEBUG dbcounter [-] [106180] Writing DB stats neutron:SELECT=1 {{(pid=106180) stat_writer /opt/stack/data/venv/lib/python3.12/site-packages/dbcounter.py:115}}
Apr 25 16:31:51.057561 np0000170205 neutron-periodic-workers[106170]: DEBUG oslo.service.backend._threading.loopingcall [None req-18dba1bd-345b-4e08-a332-bf30a74bc298 None None] Fixed interval looping call 'neutron.plugins.ml2.plugin.DhcpAgentSchedulerDbMixin.remove_networks_from_down_agents' sleeping for 36.99 seconds {{(pid=106170) _run_loop /opt/stack/data/venv/lib/python3.12/site-packages/oslo_service/backend/_threading/loopingcall.py:125}}
Apr 25 16:32:01.056748 np0000170205 neutron-periodic-workers[106170]: DEBUG dbcounter [-] [106170] Writing DB stats neutron:SELECT=3 {{(pid=106170) stat_writer /opt/stack/data/venv/lib/python3.12/site-packages/dbcounter.py:115}}
Apr 25 16:32:06.058424 np0000170205 neutron-periodic-workers[106180]: DEBUG neutron.db.agents_db [None req-a1842c28-69f8-4d4e-8837-29186b007b5a None None] Agent healthcheck: found 0 active agents {{(pid=106180) agent_health_check /opt/stack/neutron/neutron/db/agents_db.py:317}}
Apr 25 16:32:06.059175 np0000170205 neutron-periodic-workers[106180]: DEBUG oslo.service.backend._threading.loopingcall [None req-a1842c28-69f8-4d4e-8837-29186b007b5a None None] Fixed interval looping call 'neutron.plugins.ml2.plugin.AgentDbMixin.agent_health_check' sleeping for 37.00 seconds {{(pid=106180) _run_loop /opt/stack/data/venv/lib/python3.12/site-packages/oslo_service/backend/_threading/loopingcall.py:125}}
Apr 25 16:32:16.057610 np0000170205 neutron-periodic-workers[106180]: DEBUG dbcounter [-] [106180] Writing DB stats neutron:SELECT=1 {{(pid=106180) stat_writer /opt/stack/data/venv/lib/python3.12/site-packages/dbcounter.py:115}}
Apr 25 16:32:28.055743 np0000170205 neutron-periodic-workers[106170]: DEBUG oslo.service.backend._threading.loopingcall [None req-18dba1bd-345b-4e08-a332-bf30a74bc298 None None] Fixed interval looping call 'neutron.plugins.ml2.plugin.DhcpAgentSchedulerDbMixin.remove_networks_from_down_agents' sleeping for 36.99 seconds {{(pid=106170) _run_loop /opt/stack/data/venv/lib/python3.12/site-packages/oslo_service/backend/_threading/loopingcall.py:125}}
Apr 25 16:32:38.054962 np0000170205 neutron-periodic-workers[106170]: DEBUG dbcounter [-] [106170] Writing DB stats neutron:SELECT=3 {{(pid=106170) stat_writer /opt/stack/data/venv/lib/python3.12/site-packages/dbcounter.py:115}}
Apr 25 16:32:43.067302 np0000170205 neutron-periodic-workers[106180]: DEBUG neutron.db.agents_db [None req-a1842c28-69f8-4d4e-8837-29186b007b5a None None] Agent healthcheck: found 0 active agents {{(pid=106180) agent_health_check /opt/stack/neutron/neutron/db/agents_db.py:317}}
Apr 25 16:32:43.068005 np0000170205 neutron-periodic-workers[106180]: DEBUG oslo.service.backend._threading.loopingcall [None req-a1842c28-69f8-4d4e-8837-29186b007b5a None None] Fixed interval looping call 'neutron.plugins.ml2.plugin.AgentDbMixin.agent_health_check' sleeping for 36.99 seconds {{(pid=106180) _run_loop /opt/stack/data/venv/lib/python3.12/site-packages/oslo_service/backend/_threading/loopingcall.py:125}}
Apr 25 16:32:49.086764 np0000170205 neutron-periodic-workers[106196]: DEBUG oslo.service.backend._threading.loopingcall [None req-cdaae163-3fa8-4568-89d3-6e1a44c4236e None None] Fixed interval looping call 'neutron.db.quota.driver_nolock.DbQuotaNoLockDriver._remove_expired_reservations' sleeping for 120.00 seconds {{(pid=106196) _run_loop /opt/stack/data/venv/lib/python3.12/site-packages/oslo_service/backend/_threading/loopingcall.py:125}}
Apr 25 16:32:53.140877 np0000170205 neutron-periodic-workers[106180]: DEBUG dbcounter [-] [106180] Writing DB stats neutron:SELECT=1 {{(pid=106180) stat_writer /opt/stack/data/venv/lib/python3.12/site-packages/dbcounter.py:115}}
Apr 25 16:32:59.085156 np0000170205 neutron-periodic-workers[106196]: DEBUG dbcounter [-] [106196] Writing DB stats neutron:DELETE=1 {{(pid=106196) stat_writer /opt/stack/data/venv/lib/python3.12/site-packages/dbcounter.py:115}}
Apr 25 16:33:05.054477 np0000170205 neutron-periodic-workers[106170]: DEBUG oslo.service.backend._threading.loopingcall [None req-18dba1bd-345b-4e08-a332-bf30a74bc298 None None] Fixed interval looping call 'neutron.plugins.ml2.plugin.DhcpAgentSchedulerDbMixin.remove_networks_from_down_agents' sleeping for 36.99 seconds {{(pid=106170) _run_loop /opt/stack/data/venv/lib/python3.12/site-packages/oslo_service/backend/_threading/loopingcall.py:125}}
Apr 25 16:33:15.053740 np0000170205 neutron-periodic-workers[106170]: DEBUG dbcounter [-] [106170] Writing DB stats neutron:SELECT=3 {{(pid=106170) stat_writer /opt/stack/data/venv/lib/python3.12/site-packages/dbcounter.py:115}}
Apr 25 16:33:20.064854 np0000170205 neutron-periodic-workers[106180]: DEBUG neutron.db.agents_db [None req-a1842c28-69f8-4d4e-8837-29186b007b5a None None] Agent healthcheck: found 0 active agents {{(pid=106180) agent_health_check /opt/stack/neutron/neutron/db/agents_db.py:317}}
Apr 25 16:33:20.065491 np0000170205 neutron-periodic-workers[106180]: DEBUG oslo.service.backend._threading.loopingcall [None req-a1842c28-69f8-4d4e-8837-29186b007b5a None None] Fixed interval looping call 'neutron.plugins.ml2.plugin.AgentDbMixin.agent_health_check' sleeping for 36.99 seconds {{(pid=106180) _run_loop /opt/stack/data/venv/lib/python3.12/site-packages/oslo_service/backend/_threading/loopingcall.py:125}}
Apr 25 16:33:30.064302 np0000170205 neutron-periodic-workers[106180]: DEBUG dbcounter [-] [106180] Writing DB stats neutron:SELECT=1 {{(pid=106180) stat_writer /opt/stack/data/venv/lib/python3.12/site-packages/dbcounter.py:115}}
Apr 25 16:33:38.147631 np0000170205 neutron-periodic-workers[106206]: DEBUG oslo.service.backend._threading.loopingcall [None req-dcaf0a76-5850-4415-98e4-e7c7c89a965b None None] Fixed interval looping call 'neutron.services.ovn_l3.plugin.L3_NAT_dbonly_mixin._clean_garbage' sleeping for 299.99 seconds {{(pid=106206) _run_loop /opt/stack/data/venv/lib/python3.12/site-packages/oslo_service/backend/_threading/loopingcall.py:125}}
Apr 25 16:33:42.053717 np0000170205 neutron-periodic-workers[106170]: DEBUG oslo.service.backend._threading.loopingcall [None req-18dba1bd-345b-4e08-a332-bf30a74bc298 None None] Fixed interval looping call 'neutron.plugins.ml2.plugin.DhcpAgentSchedulerDbMixin.remove_networks_from_down_agents' sleeping for 36.99 seconds {{(pid=106170) _run_loop /opt/stack/data/venv/lib/python3.12/site-packages/oslo_service/backend/_threading/loopingcall.py:125}}
Apr 25 16:33:48.139421 np0000170205 neutron-periodic-workers[106206]: DEBUG dbcounter [-] [106206] Writing DB stats neutron:SELECT=1 {{(pid=106206) stat_writer /opt/stack/data/venv/lib/python3.12/site-packages/dbcounter.py:115}}
Apr 25 16:33:52.052599 np0000170205 neutron-periodic-workers[106170]: DEBUG dbcounter [-] [106170] Writing DB stats neutron:SELECT=3 {{(pid=106170) stat_writer /opt/stack/data/venv/lib/python3.12/site-packages/dbcounter.py:115}}
Apr 25 16:33:57.060605 np0000170205 neutron-periodic-workers[106180]: DEBUG neutron.db.agents_db [None req-a1842c28-69f8-4d4e-8837-29186b007b5a None None] Agent healthcheck: found 0 active agents {{(pid=106180) agent_health_check /opt/stack/neutron/neutron/db/agents_db.py:317}}
Apr 25 16:33:57.061482 np0000170205 neutron-periodic-workers[106180]: DEBUG oslo.service.backend._threading.loopingcall [None req-a1842c28-69f8-4d4e-8837-29186b007b5a None None] Fixed interval looping call 'neutron.plugins.ml2.plugin.AgentDbMixin.agent_health_check' sleeping for 36.99 seconds {{(pid=106180) _run_loop /opt/stack/data/venv/lib/python3.12/site-packages/oslo_service/backend/_threading/loopingcall.py:125}}
Apr 25 16:34:07.059057 np0000170205 neutron-periodic-workers[106180]: DEBUG dbcounter [-] [106180] Writing DB stats neutron:SELECT=1 {{(pid=106180) stat_writer /opt/stack/data/venv/lib/python3.12/site-packages/dbcounter.py:115}}
Apr 25 16:34:19.053180 np0000170205 neutron-periodic-workers[106170]: DEBUG oslo.service.backend._threading.loopingcall [None req-18dba1bd-345b-4e08-a332-bf30a74bc298 None None] Fixed interval looping call 'neutron.plugins.ml2.plugin.DhcpAgentSchedulerDbMixin.remove_networks_from_down_agents' sleeping for 36.99 seconds {{(pid=106170) _run_loop /opt/stack/data/venv/lib/python3.12/site-packages/oslo_service/backend/_threading/loopingcall.py:125}}
Apr 25 16:34:29.052290 np0000170205 neutron-periodic-workers[106170]: DEBUG dbcounter [-] [106170] Writing DB stats neutron:SELECT=3 {{(pid=106170) stat_writer /opt/stack/data/venv/lib/python3.12/site-packages/dbcounter.py:115}}
Apr 25 16:34:34.056496 np0000170205 neutron-periodic-workers[106180]: DEBUG neutron.db.agents_db [None req-a1842c28-69f8-4d4e-8837-29186b007b5a None None] Agent healthcheck: found 0 active agents {{(pid=106180) agent_health_check /opt/stack/neutron/neutron/db/agents_db.py:317}}
Apr 25 16:34:34.057320 np0000170205 neutron-periodic-workers[106180]: DEBUG oslo.service.backend._threading.loopingcall [None req-a1842c28-69f8-4d4e-8837-29186b007b5a None None] Fixed interval looping call 'neutron.plugins.ml2.plugin.AgentDbMixin.agent_health_check' sleeping for 36.99 seconds {{(pid=106180) _run_loop /opt/stack/data/venv/lib/python3.12/site-packages/oslo_service/backend/_threading/loopingcall.py:125}}
Apr 25 16:34:44.054473 np0000170205 neutron-periodic-workers[106180]: DEBUG dbcounter [-] [106180] Writing DB stats neutron:SELECT=1 {{(pid=106180) stat_writer /opt/stack/data/venv/lib/python3.12/site-packages/dbcounter.py:115}}
Apr 25 16:34:49.092015 np0000170205 neutron-periodic-workers[106196]: DEBUG oslo.service.backend._threading.loopingcall [None req-cdaae163-3fa8-4568-89d3-6e1a44c4236e None None] Fixed interval looping call 'neutron.db.quota.driver_nolock.DbQuotaNoLockDriver._remove_expired_reservations' sleeping for 120.00 seconds {{(pid=106196) _run_loop /opt/stack/data/venv/lib/python3.12/site-packages/oslo_service/backend/_threading/loopingcall.py:125}}
Apr 25 16:34:56.051432 np0000170205 neutron-periodic-workers[106170]: DEBUG oslo.service.backend._threading.loopingcall [None req-18dba1bd-345b-4e08-a332-bf30a74bc298 None None] Fixed interval looping call 'neutron.plugins.ml2.plugin.DhcpAgentSchedulerDbMixin.remove_networks_from_down_agents' sleeping for 36.99 seconds {{(pid=106170) _run_loop /opt/stack/data/venv/lib/python3.12/site-packages/oslo_service/backend/_threading/loopingcall.py:125}}
Apr 25 16:34:59.093529 np0000170205 neutron-periodic-workers[106196]: DEBUG dbcounter [-] [106196] Writing DB stats neutron:DELETE=1 {{(pid=106196) stat_writer /opt/stack/data/venv/lib/python3.12/site-packages/dbcounter.py:115}}
