2026-05-06 02:28:35.104 9 INFO neutron.api.wsgi [None req-4652096c-af0f-4a3d-8781-469c87bf1a2a f549d841478446e28db67ba5eaf1d71f 1ea53e95ed79490ab3d03e1e1dd29b67 - - default default] 10.0.0.180 "PUT /v2.0/subnets/0cf5c9c6-9cae-4fc0-bdbf-b9d089f4879e/tags/red HTTP/1.1" status: 201 len: 201 time: 0.0415087
2026-05-06 02:28:35.132 9 INFO neutron.api.wsgi [None req-ad19674f-ab10-457c-8991-c7767a5ea0b3 f549d841478446e28db67ba5eaf1d71f 1ea53e95ed79490ab3d03e1e1dd29b67 - - default default] 10.0.0.180 "GET /v2.0/subnets/0cf5c9c6-9cae-4fc0-bdbf-b9d089f4879e/tags HTTP/1.1" status: 200 len: 227 time: 0.0240040
2026-05-06 02:28:35.170 9 INFO neutron.api.wsgi [None req-0b80d165-813e-417d-8118-ae21ef7876c6 f549d841478446e28db67ba5eaf1d71f 1ea53e95ed79490ab3d03e1e1dd29b67 - - default default] 10.0.0.180 "PUT /v2.0/subnets/0cf5c9c6-9cae-4fc0-bdbf-b9d089f4879e/tags/black.or.white HTTP/1.1" status: 201 len: 201 time: 0.0347209
2026-05-06 02:28:35.207 9 INFO neutron.api.wsgi [None req-9df0bc53-66af-4963-bca6-310a404a7903 f549d841478446e28db67ba5eaf1d71f 1ea53e95ed79490ab3d03e1e1dd29b67 - - default default] 10.0.0.180 "GET /v2.0/subnets/0cf5c9c6-9cae-4fc0-bdbf-b9d089f4879e/tags HTTP/1.1" status: 200 len: 245 time: 0.0315583
2026-05-06 02:28:35.248 9 INFO neutron.api.wsgi [None req-bf8b95cd-1bc8-48d6-9932-f25070178200 f549d841478446e28db67ba5eaf1d71f 1ea53e95ed79490ab3d03e1e1dd29b67 - - default default] 10.0.0.180 "PUT /v2.0/subnets/0cf5c9c6-9cae-4fc0-bdbf-b9d089f4879e/tags HTTP/1.1" status: 200 len: 230 time: 0.0377166
2026-05-06 02:28:35.277 9 INFO neutron.api.wsgi [None req-b7c8e422-9569-45e0-bece-60871f5d6b29 f549d841478446e28db67ba5eaf1d71f 1ea53e95ed79490ab3d03e1e1dd29b67 - - default default] 10.0.0.180 "GET /v2.0/subnets/0cf5c9c6-9cae-4fc0-bdbf-b9d089f4879e/tags HTTP/1.1" status: 200 len: 230 time: 0.0245917
2026-05-06 02:28:35.315 9 INFO neutron.api.wsgi [None req-71323477-a50a-4c0f-9db4-8e820fb78c4c f549d841478446e28db67ba5eaf1d71f 1ea53e95ed79490ab3d03e1e1dd29b67 - - default default] 10.0.0.180 "GET /v2.0/subnets/0cf5c9c6-9cae-4fc0-bdbf-b9d089f4879e/tags/red HTTP/1.1" status: 204 len: 168 time: 0.0246325
2026-05-06 02:28:35.346 9 INFO neutron.api.v2.resource [None req-cffcb5a4-9163-48bb-86de-3a52a3baa763 f549d841478446e28db67ba5eaf1d71f 1ea53e95ed79490ab3d03e1e1dd29b67 - - default default] show failed (client error): The resource could not be found.
2026-05-06 02:28:35.347 9 INFO neutron.api.wsgi [None req-cffcb5a4-9163-48bb-86de-3a52a3baa763 f549d841478446e28db67ba5eaf1d71f 1ea53e95ed79490ab3d03e1e1dd29b67 - - default default] 10.0.0.180 "GET /v2.0/subnets/0cf5c9c6-9cae-4fc0-bdbf-b9d089f4879e/tags/green HTTP/1.1" status: 404 len: 299 time: 0.0241792
2026-05-06 02:28:35.389 9 INFO neutron.api.wsgi [None req-39fcfe16-318a-4fc1-90fb-f2deaa991043 f549d841478446e28db67ba5eaf1d71f 1ea53e95ed79490ab3d03e1e1dd29b67 - - default default] 10.0.0.180 "DELETE /v2.0/subnets/0cf5c9c6-9cae-4fc0-bdbf-b9d089f4879e/tags/red HTTP/1.1" status: 204 len: 168 time: 0.0385480
2026-05-06 02:28:35.419 9 INFO neutron.api.wsgi [None req-7150655e-e1ab-42e3-8e6a-9dcdab5b58f7 f549d841478446e28db67ba5eaf1d71f 1ea53e95ed79490ab3d03e1e1dd29b67 - - default default] 10.0.0.180 "GET /v2.0/subnets/0cf5c9c6-9cae-4fc0-bdbf-b9d089f4879e/tags HTTP/1.1" status: 200 len: 223 time: 0.0244679
2026-05-06 02:28:35.451 9 INFO neutron.api.v2.resource [None req-8755dda0-3fed-41d3-a03b-a93089dec792 f549d841478446e28db67ba5eaf1d71f 1ea53e95ed79490ab3d03e1e1dd29b67 - - default default] delete failed (client error): The resource could not be found.
2026-05-06 02:28:35.452 9 INFO neutron.api.wsgi [None req-8755dda0-3fed-41d3-a03b-a93089dec792 f549d841478446e28db67ba5eaf1d71f 1ea53e95ed79490ab3d03e1e1dd29b67 - - default default] 10.0.0.180 "DELETE /v2.0/subnets/0cf5c9c6-9cae-4fc0-bdbf-b9d089f4879e/tags/green HTTP/1.1" status: 404 len: 299 time: 0.0286624
2026-05-06 02:28:35.499 9 INFO neutron.api.wsgi [None req-08b99e97-cb2f-4905-9692-e2c307d645cd f549d841478446e28db67ba5eaf1d71f 1ea53e95ed79490ab3d03e1e1dd29b67 - - default default] 10.0.0.180 "DELETE /v2.0/subnets/0cf5c9c6-9cae-4fc0-bdbf-b9d089f4879e/tags HTTP/1.1" status: 204 len: 168 time: 0.0430343
2026-05-06 02:28:35.543 9 INFO neutron.api.wsgi [None req-f7fd72e2-872a-4e55-a292-fe390e3e4c01 f549d841478446e28db67ba5eaf1d71f 1ea53e95ed79490ab3d03e1e1dd29b67 - - default default] 10.0.0.180 "GET /v2.0/subnets/0cf5c9c6-9cae-4fc0-bdbf-b9d089f4879e/tags HTTP/1.1" status: 200 len: 205 time: 0.0388653
2026-05-06 02:28:35.715 10 INFO neutron.api.wsgi [None req-3e6559f1-279b-4f14-a69d-c08d094ff529 f549d841478446e28db67ba5eaf1d71f 1ea53e95ed79490ab3d03e1e1dd29b67 - - default default] 10.0.0.180 "DELETE /v2.0/subnets/0cf5c9c6-9cae-4fc0-bdbf-b9d089f4879e HTTP/1.1" status: 204 len: 168 time: 0.1654723
2026-05-06 02:28:35.859 10 INFO neutron.api.wsgi [None req-7ee425f0-e285-480d-b62a-341f58788643 3cd6e6fe770c410d9c39d9919e23d80c 34cc997a09694ef18921f3c44ddd3c8f - - default default] 10.0.0.180 "GET /v2.0/extensions HTTP/1.1" status: 200 len: 19293 time: 0.1511464
2026-05-06 02:28:35.869 10 INFO neutron.api.wsgi [None req-51f0f462-ef2e-4d12-b1e0-6c80e5c04979 3cd6e6fe770c410d9c39d9919e23d80c 34cc997a09694ef18921f3c44ddd3c8f - - default default] 10.0.0.180 "GET /v2.0/extensions/address-group HTTP/1.1" status: 200 len: 353 time: 0.0040698
2026-05-06 02:28:35.879 9 INFO neutron.api.wsgi [None req-6dd34bdd-ac11-4021-ba1b-6cafd2b45867 3cd6e6fe770c410d9c39d9919e23d80c 34cc997a09694ef18921f3c44ddd3c8f - - default default] 10.0.0.180 "GET /v2.0/extensions/address-scope HTTP/1.1" status: 200 len: 357 time: 0.0055420
2026-05-06 02:28:35.886 10 INFO neutron.api.wsgi [None req-16b30c91-bfde-4ac0-b5bf-3b669e6909e3 3cd6e6fe770c410d9c39d9919e23d80c 34cc997a09694ef18921f3c44ddd3c8f - - default default] 10.0.0.180 "GET /v2.0/extensions/agent HTTP/1.1" status: 200 len: 347 time: 0.0036004
2026-05-06 02:28:35.895 9 INFO neutron.api.wsgi [None req-068b9699-1b85-4734-9431-ce40b0d9037a 3cd6e6fe770c410d9c39d9919e23d80c 34cc997a09694ef18921f3c44ddd3c8f - - default default] 10.0.0.180 "GET /v2.0/extensions/allowed-address-pairs HTTP/1.1" status: 200 len: 378 time: 0.0063314
2026-05-06 02:28:35.904 9 INFO neutron.api.wsgi [None req-6ad27eab-610d-472f-a636-0ab7f33c63f4 3cd6e6fe770c410d9c39d9919e23d80c 34cc997a09694ef18921f3c44ddd3c8f - - default default] 10.0.0.180 "GET /v2.0/extensions/auto-allocated-topology HTTP/1.1" status: 200 len: 394 time: 0.0043652
2026-05-06 02:28:35.913 9 INFO neutron.api.wsgi [None req-ce0deb7c-082e-474b-bdc1-f8ef7f5246b8 3cd6e6fe770c410d9c39d9919e23d80c 34cc997a09694ef18921f3c44ddd3c8f - - default default] 10.0.0.180 "GET /v2.0/extensions/availability_zone HTTP/1.1" status: 200 len: 372 time: 0.0051312
2026-05-06 02:28:35.921 9 INFO neutron.api.wsgi [None req-46756a8b-b11e-404d-a5e7-4e6847c029b2 3cd6e6fe770c410d9c39d9919e23d80c 34cc997a09694ef18921f3c44ddd3c8f - - default default] 10.0.0.180 "GET /v2.0/extensions/default-subnetpools HTTP/1.1" status: 200 len: 405 time: 0.0039825
2026-05-06 02:28:35.929 9 INFO neutron.api.wsgi [None req-9d336be8-3da5-40c0-a1b2-45cd8285b20a 3cd6e6fe770c410d9c39d9919e23d80c 34cc997a09694ef18921f3c44ddd3c8f - - default default] 10.0.0.180 "GET /v2.0/extensions/dhcp_agent_scheduler HTTP/1.1" status: 200 len: 381 time: 0.0036871
2026-05-06 02:28:35.937 10 INFO neutron.api.wsgi [None req-97497e0a-58f7-4f01-9ba1-55f6d5309f6b 3cd6e6fe770c410d9c39d9919e23d80c 34cc997a09694ef18921f3c44ddd3c8f - - default default] 10.0.0.180 "GET /v2.0/extensions/dns-integration HTTP/1.1" status: 200 len: 366 time: 0.0050228
2026-05-06 02:28:35.946 9 INFO neutron.api.wsgi [None req-c0ebe9e4-e535-4bf7-b499-823c33a19477 3cd6e6fe770c410d9c39d9919e23d80c 34cc997a09694ef18921f3c44ddd3c8f - - default default] 10.0.0.180 "GET /v2.0/extensions/dns-domain-ports HTTP/1.1" status: 200 len: 399 time: 0.0056264
2026-05-06 02:28:35.954 10 INFO neutron.api.wsgi [None req-55c0b339-866d-4f9a-b00a-32c88411813c 3cd6e6fe770c410d9c39d9919e23d80c 34cc997a09694ef18921f3c44ddd3c8f - - default default] 10.0.0.180 "GET /v2.0/extensions/dns-integration-domain-keywords HTTP/1.1" status: 200 len: 477 time: 0.0044291
2026-05-06 02:28:35.960 10 INFO neutron.api.wsgi [None req-e1daa1bf-5ba7-450c-8b52-5600325e1004 3cd6e6fe770c410d9c39d9919e23d80c 34cc997a09694ef18921f3c44ddd3c8f - - default default] 10.0.0.180 "GET /v2.0/extensions/empty-string-filtering HTTP/1.1" status: 200 len: 413 time: 0.0035567
2026-05-06 02:28:35.967 10 INFO neutron.api.wsgi [None req-927afdc4-3411-4449-800a-c0145bc13b27 3cd6e6fe770c410d9c39d9919e23d80c 34cc997a09694ef18921f3c44ddd3c8f - - default default] 10.0.0.180 "GET /v2.0/extensions/external-net HTTP/1.1" status: 200 len: 394 time: 0.0037608
2026-05-06 02:28:35.979 9 INFO neutron.api.wsgi [None req-71a6f91e-6591-43f0-9c3a-35c605834d2c 3cd6e6fe770c410d9c39d9919e23d80c 34cc997a09694ef18921f3c44ddd3c8f - - default default] 10.0.0.180 "GET /v2.0/extensions/extra_dhcp_opt HTTP/1.1" status: 200 len: 498 time: 0.0084376
2026-05-06 02:28:35.984 9 INFO neutron.api.wsgi [None req-2bb7de67-0148-454e-8a57-b27fb5428fd6 3cd6e6fe770c410d9c39d9919e23d80c 34cc997a09694ef18921f3c44ddd3c8f - - default default] 10.0.0.180 "GET /v2.0/extensions/extraroute HTTP/1.1" status: 200 len: 375 time: 0.0028164
2026-05-06 02:28:35.991 9 INFO neutron.api.wsgi [None req-76cdee73-7184-4ff7-a75f-c34a3a72336e 3cd6e6fe770c410d9c39d9919e23d80c 34cc997a09694ef18921f3c44ddd3c8f - - default default] 10.0.0.180 "GET /v2.0/extensions/floating-ip-port-forwarding-detail HTTP/1.1" status: 200 len: 465 time: 0.0034909
2026-05-06 02:28:35.997 9 INFO neutron.api.wsgi [None req-df483e7b-3364-4467-9cec-680145b1359a 3cd6e6fe770c410d9c39d9919e23d80c 34cc997a09694ef18921f3c44ddd3c8f - - default default] 10.0.0.180 "GET /v2.0/extensions/fip-port-details HTTP/1.1" status: 200 len: 406 time: 0.0038681
2026-05-06 02:28:36.004 9 INFO neutron.api.wsgi [None req-d9859a9c-232e-4f1d-864b-33d1eccc5ff3 3cd6e6fe770c410d9c39d9919e23d80c 34cc997a09694ef18921f3c44ddd3c8f - - default default] 10.0.0.180 "GET /v2.0/extensions/flavors HTTP/1.1" status: 200 len: 387 time: 0.0037229
2026-05-06 02:28:36.009 10 INFO neutron.services.segments.plugin [-] Segment 20208389-b0f9-4ae4-bec8-86b40251b56a resource provider aggregate not found
2026-05-06 02:28:36.012 9 INFO neutron.api.wsgi [None req-7979ba39-abb6-42e5-8991-e6a9af1c2762 3cd6e6fe770c410d9c39d9919e23d80c 34cc997a09694ef18921f3c44ddd3c8f - - default default] 10.0.0.180 "GET /v2.0/extensions/floatingip-pools HTTP/1.1" status: 200 len: 382 time: 0.0040512
2026-05-06 02:28:36.013 10 INFO neutron.services.segments.plugin [-] Segment 20208389-b0f9-4ae4-bec8-86b40251b56a resource provider aggregate not found
2026-05-06 02:28:36.019 9 INFO neutron.api.wsgi [None req-ca1569e2-5a46-4bfd-8203-a26498ff1986 3cd6e6fe770c410d9c39d9919e23d80c 34cc997a09694ef18921f3c44ddd3c8f - - default default] 10.0.0.180 "GET /v2.0/extensions/ip_allocation HTTP/1.1" status: 200 len: 356 time: 0.0039830
2026-05-06 02:28:36.027 9 INFO neutron.api.wsgi [None req-4cbd8e4d-a8b0-4a0e-aedd-4d5b5072093b 3cd6e6fe770c410d9c39d9919e23d80c 34cc997a09694ef18921f3c44ddd3c8f - - default default] 10.0.0.180 "GET /v2.0/extensions/l2_adjacency HTTP/1.1" status: 200 len: 372 time: 0.0042322
2026-05-06 02:28:36.028 10 INFO neutron.services.segments.plugin [-] Segment 20208389-b0f9-4ae4-bec8-86b40251b56a resource provider not found; error: Placement Client Error (4xx): {"errors": [{"status": 404, "title": "Not Found", "detail": "The resource could not be found.\n\n No resource provider with uuid 20208389-b0f9-4ae4-bec8-86b40251b56a found for delete ", "request_id": "req-8d2d0bd0-1fae-4885-9673-6808ff265614"}]}
2026-05-06 02:28:36.029 10 INFO neutron.services.segments.plugin [-] Segment 20208389-b0f9-4ae4-bec8-86b40251b56a resource provider not found; error: Placement Client Error (4xx): {"errors": [{"status": 404, "title": "Not Found", "detail": "The resource could not be found.\n\n No resource provider with uuid 20208389-b0f9-4ae4-bec8-86b40251b56a found for delete ", "request_id": "req-50a3474a-a814-4870-9c97-229d363038fe"}]}
2026-05-06 02:28:36.038 9 INFO neutron.api.wsgi [None req-544b1338-dde0-4552-aabd-50fd6f69bf4e 3cd6e6fe770c410d9c39d9919e23d80c 34cc997a09694ef18921f3c44ddd3c8f - - default default] 10.0.0.180 "GET /v2.0/extensions/router HTTP/1.1" status: 200 len: 450 time: 0.0052707
2026-05-06 02:28:36.044 9 INFO neutron.api.wsgi [None req-8abd188d-ccaa-4e44-b451-d5b90f81ebfe 3cd6e6fe770c410d9c39d9919e23d80c 34cc997a09694ef18921f3c44ddd3c8f - - default default] 10.0.0.180 "GET /v2.0/extensions/enable-default-route-bfd HTTP/1.1" status: 200 len: 406 time: 0.0027454
2026-05-06 02:28:36.051 9 INFO neutron.api.wsgi [None req-2e0d0630-432a-4e94-9187-0d178abc7560 3cd6e6fe770c410d9c39d9919e23d80c 34cc997a09694ef18921f3c44ddd3c8f - - default default] 10.0.0.180 "GET /v2.0/extensions/enable-default-route-ecmp HTTP/1.1" status: 200 len: 409 time: 0.0037916
2026-05-06 02:28:36.053 10 INFO neutron.api.wsgi [None req-11dd4297-b944-4f8d-b7eb-172d7ee73b8b f549d841478446e28db67ba5eaf1d71f 1ea53e95ed79490ab3d03e1e1dd29b67 - - default default] 10.0.0.180 "DELETE /v2.0/networks/6514ddf5-a81f-44c6-920a-10c3f8a2a8e0 HTTP/1.1" status: 204 len: 168 time: 0.3340337
2026-05-06 02:28:36.058 9 INFO neutron.api.wsgi [None req-84f205bd-9685-47f6-9b48-d5df12f5ced6 3cd6e6fe770c410d9c39d9919e23d80c 34cc997a09694ef18921f3c44ddd3c8f - - default default] 10.0.0.180 "GET /v2.0/extensions/ext-gw-mode HTTP/1.1" status: 200 len: 462 time: 0.0035925
2026-05-06 02:28:36.066 9 INFO neutron.api.wsgi [None req-d7d8f4d3-a930-4546-93a2-1e5912f874b2 3cd6e6fe770c410d9c39d9919e23d80c 34cc997a09694ef18921f3c44ddd3c8f - - default default] 10.0.0.180 "GET /v2.0/extensions/l3-ha HTTP/1.1" status: 200 len: 360 time: 0.0039740
2026-05-06 02:28:36.073 9 INFO neutron.api.wsgi [None req-8d52d101-438b-4d02-8b3a-02fb1bfb4b94 3cd6e6fe770c410d9c39d9919e23d80c 34cc997a09694ef18921f3c44ddd3c8f - - default default] 10.0.0.180 "GET /v2.0/extensions/external-gateway-multihoming HTTP/1.1" status: 200 len: 421 time: 0.0033312
2026-05-06 02:28:36.081 9 INFO neutron.api.wsgi [None req-0772a297-5ec7-4c77-8ef2-f579e26c0652 3cd6e6fe770c410d9c39d9919e23d80c 34cc997a09694ef18921f3c44ddd3c8f - - default default] 10.0.0.180 "GET /v2.0/extensions/l3-flavors HTTP/1.1" status: 200 len: 366 time: 0.0033631
2026-05-06 02:28:36.088 9 INFO neutron.api.wsgi [None req-0d2c8134-d5c0-4536-8d73-bb3097c42b32 3cd6e6fe770c410d9c39d9919e23d80c 34cc997a09694ef18921f3c44ddd3c8f - - default default] 10.0.0.180 "GET /v2.0/extensions/logging HTTP/1.1" status: 200 len: 407 time: 0.0033727
2026-05-06 02:28:36.095 9 INFO neutron.api.wsgi [None req-811ed2d0-7320-4c5c-9fed-2868582fdbf9 3cd6e6fe770c410d9c39d9919e23d80c 34cc997a09694ef18921f3c44ddd3c8f - - default default] 10.0.0.180 "GET /v2.0/extensions/multi-provider HTTP/1.1" status: 200 len: 406 time: 0.0035472
2026-05-06 02:28:36.104 9 INFO neutron.api.wsgi [None req-1233bfdc-1fe7-4830-9da6-c8a21cd8e532 3cd6e6fe770c410d9c39d9919e23d80c 34cc997a09694ef18921f3c44ddd3c8f - - default default] 10.0.0.180 "GET /v2.0/extensions/net-mtu HTTP/1.1" status: 200 len: 370 time: 0.0033867
2026-05-06 02:28:36.111 9 INFO neutron.api.wsgi [None req-c61611f9-c336-46a1-b653-7876ed48a58a 3cd6e6fe770c410d9c39d9919e23d80c 34cc997a09694ef18921f3c44ddd3c8f - - default default] 10.0.0.180 "GET /v2.0/extensions/net-mtu-writable HTTP/1.1" status: 200 len: 401 time: 0.0034292
2026-05-06 02:28:36.117 9 INFO neutron.api.wsgi [None req-1ff9ba13-4b86-4dc9-9d6e-920eb17bbd81 3cd6e6fe770c410d9c39d9919e23d80c 34cc997a09694ef18921f3c44ddd3c8f - - default default] 10.0.0.180 "GET /v2.0/extensions/network_availability_zone HTTP/1.1" status: 200 len: 394 time: 0.0034215
2026-05-06 02:28:36.124 9 INFO neutron.api.wsgi [None req-ef91d31b-0efc-44b0-aeb6-26995713b203 3cd6e6fe770c410d9c39d9919e23d80c 34cc997a09694ef18921f3c44ddd3c8f - - default default] 10.0.0.180 "GET /v2.0/extensions/network-ip-availability HTTP/1.1" status: 200 len: 410 time: 0.0035822
2026-05-06 02:28:36.131 9 INFO neutron.api.wsgi [None req-abbc94dc-089c-44c6-a5a8-8dbc57a48a11 3cd6e6fe770c410d9c39d9919e23d80c 34cc997a09694ef18921f3c44ddd3c8f - - default default] 10.0.0.180 "GET /v2.0/extensions/pagination HTTP/1.1" status: 200 len: 386 time: 0.0032601
2026-05-06 02:28:36.138 9 INFO neutron.api.wsgi [None req-6e1a974e-3a09-4948-800f-30b066e99091 3cd6e6fe770c410d9c39d9919e23d80c 34cc997a09694ef18921f3c44ddd3c8f - - default default] 10.0.0.180 "GET /v2.0/extensions/port-device-profile HTTP/1.1" status: 200 len: 383 time: 0.0035229
2026-05-06 02:28:36.148 9 INFO neutron.api.wsgi [None req-818c0bcc-390c-4edb-8da5-2c261e54ae72 3cd6e6fe770c410d9c39d9919e23d80c 34cc997a09694ef18921f3c44ddd3c8f - - default default] 10.0.0.180 "GET /v2.0/extensions/port-mac-address-regenerate HTTP/1.1" status: 200 len: 403 time: 0.0070853
2026-05-06 02:28:36.160 10 INFO neutron.api.wsgi [None req-3803a7e5-b825-4fed-a6d4-24a24f6ffb31 3cd6e6fe770c410d9c39d9919e23d80c 34cc997a09694ef18921f3c44ddd3c8f - - default default] 10.0.0.180 "GET /v2.0/extensions/port-numa-affinity-policy HTTP/1.1" status: 200 len: 392 time: 0.0066030
2026-05-06 02:28:36.168 10 INFO neutron.api.wsgi [None req-ac5c407d-20cb-4a3d-86b1-3f6302c65ed7 3cd6e6fe770c410d9c39d9919e23d80c 34cc997a09694ef18921f3c44ddd3c8f - - default default] 10.0.0.180 "GET /v2.0/extensions/port-numa-affinity-policy-socket HTTP/1.1" status: 200 len: 434 time: 0.0039093
2026-05-06 02:28:36.175 10 INFO neutron.api.wsgi [None req-c100cb1e-bae1-4b1c-8fbc-1a19589f371a 3cd6e6fe770c410d9c39d9919e23d80c 34cc997a09694ef18921f3c44ddd3c8f - - default default] 10.0.0.180 "GET /v2.0/extensions/port-resource-request HTTP/1.1" status: 200 len: 379 time: 0.0037065
2026-05-06 02:28:36.183 10 INFO neutron.api.wsgi [None req-bbe56891-ad83-4e11-8e1d-9abb09416aaa 3cd6e6fe770c410d9c39d9919e23d80c 34cc997a09694ef18921f3c44ddd3c8f - - default default] 10.0.0.180 "GET /v2.0/extensions/port-resource-request-groups HTTP/1.1" status: 200 len: 465 time: 0.0043600
2026-05-06 02:28:36.190 10 INFO neutron.api.wsgi [None req-6cbd60f8-8498-45fb-953c-9af781f3c7e1 3cd6e6fe770c410d9c39d9919e23d80c 34cc997a09694ef18921f3c44ddd3c8f - - default default] 10.0.0.180 "GET /v2.0/extensions/binding HTTP/1.1" status: 200 len: 387 time: 0.0035079
2026-05-06 02:28:36.200 9 INFO neutron.api.wsgi [None req-048fa178-0900-4f20-8293-c9d23ea478d7 3cd6e6fe770c410d9c39d9919e23d80c 34cc997a09694ef18921f3c44ddd3c8f - - default default] 10.0.0.180 "GET /v2.0/extensions/binding-extended HTTP/1.1" status: 200 len: 406 time: 0.0069396
2026-05-06 02:28:36.207 9 INFO neutron.api.wsgi [None req-2228893d-10c9-43d9-a221-12442df8c70f 3cd6e6fe770c410d9c39d9919e23d80c 34cc997a09694ef18921f3c44ddd3c8f - - default default] 10.0.0.180 "GET /v2.0/extensions/port-security HTTP/1.1" status: 200 len: 354 time: 0.0035398
2026-05-06 02:28:36.214 9 INFO neutron.api.wsgi [None req-0dc5617d-a62c-4423-aa11-af4d680b5d60 3cd6e6fe770c410d9c39d9919e23d80c 34cc997a09694ef18921f3c44ddd3c8f - - default default] 10.0.0.180 "GET /v2.0/extensions/project-id HTTP/1.1" status: 200 len: 398 time: 0.0034721
2026-05-06 02:28:36.220 9 INFO neutron.api.wsgi [None req-f4876fc2-6aeb-44e8-9a3a-8852825752ad 3cd6e6fe770c410d9c39d9919e23d80c 34cc997a09694ef18921f3c44ddd3c8f - - default default] 10.0.0.180 "GET /v2.0/extensions/provider HTTP/1.1" status: 200 len: 385 time: 0.0034847
2026-05-06 02:28:36.227 9 INFO neutron.api.wsgi [None req-07bb345c-32f2-4034-ad86-143e9cbf1e5c 3cd6e6fe770c410d9c39d9919e23d80c 34cc997a09694ef18921f3c44ddd3c8f - - default default] 10.0.0.180 "GET /v2.0/extensions/qos HTTP/1.1" status: 200 len: 360 time: 0.0040915
2026-05-06 02:28:36.234 9 INFO neutron.api.wsgi [None req-d74c613a-11e2-441c-8c3c-36657d384f9e 3cd6e6fe770c410d9c39d9919e23d80c 34cc997a09694ef18921f3c44ddd3c8f - - default default] 10.0.0.180 "GET /v2.0/extensions/qos-bw-limit-direction HTTP/1.1" status: 200 len: 452 time: 0.0036101
2026-05-06 02:28:36.240 9 INFO neutron.api.wsgi [None req-7a282371-35a8-46b4-8a2e-878f98126941 3cd6e6fe770c410d9c39d9919e23d80c 34cc997a09694ef18921f3c44ddd3c8f - - default default] 10.0.0.180 "GET /v2.0/extensions/qos-bw-minimum-ingress HTTP/1.1" status: 200 len: 445 time: 0.0034921
2026-05-06 02:28:36.247 9 INFO neutron.api.wsgi [None req-7236ad42-3b10-4467-913b-f4892ab2d74f 3cd6e6fe770c410d9c39d9919e23d80c 34cc997a09694ef18921f3c44ddd3c8f - - default default] 10.0.0.180 "GET /v2.0/extensions/qos-default HTTP/1.1" status: 200 len: 377 time: 0.0034928
2026-05-06 02:28:36.253 9 INFO neutron.api.wsgi [None req-40bed30f-8055-4c34-9d66-2398e118b3af 3cd6e6fe770c410d9c39d9919e23d80c 34cc997a09694ef18921f3c44ddd3c8f - - default default] 10.0.0.180 "GET /v2.0/extensions/qos-fip HTTP/1.1" status: 200 len: 372 time: 0.0037634
2026-05-06 02:28:36.261 9 INFO neutron.api.wsgi [None req-e9ec290a-70d3-4966-841b-2518b5beb698 3cd6e6fe770c410d9c39d9919e23d80c 34cc997a09694ef18921f3c44ddd3c8f - - default default] 10.0.0.180 "GET /v2.0/extensions/qos-gateway-ip HTTP/1.1" status: 200 len: 391 time: 0.0036347
2026-05-06 02:28:36.267 9 INFO neutron.api.wsgi [None req-a660abb2-1de0-4970-998f-fccd1a3d51e5 3cd6e6fe770c410d9c39d9919e23d80c 34cc997a09694ef18921f3c44ddd3c8f - - default default] 10.0.0.180 "GET /v2.0/extensions/qos-port-network-policy HTTP/1.1" status: 200 len: 403 time: 0.0034773
2026-05-06 02:28:36.274 9 INFO neutron.api.wsgi [None req-109a8f50-2582-4aac-a815-31960edfc418 3cd6e6fe770c410d9c39d9919e23d80c 34cc997a09694ef18921f3c44ddd3c8f - - default default] 10.0.0.180 "GET /v2.0/extensions/qos-pps-minimum HTTP/1.1" status: 200 len: 397 time: 0.0037220
2026-05-06 02:28:36.280 9 INFO neutron.api.wsgi [None req-eeffff8e-ec58-43ea-bbde-9994d5846df0 3cd6e6fe770c410d9c39d9919e23d80c 34cc997a09694ef18921f3c44ddd3c8f - - default default] 10.0.0.180 "GET /v2.0/extensions/qos-pps-minimum-rule-alias HTTP/1.1" status: 200 len: 471 time: 0.0037622
2026-05-06 02:28:36.286 9 INFO neutron.api.wsgi [None req-116c13bc-e9fd-4378-94fc-99c05482cb46 3cd6e6fe770c410d9c39d9919e23d80c 34cc997a09694ef18921f3c44ddd3c8f - - default default] 10.0.0.180 "GET /v2.0/extensions/qos-pps HTTP/1.1" status: 200 len: 389 time: 0.0033970
2026-05-06 02:28:36.294 9 INFO neutron.api.wsgi [None req-349c1e71-e02c-4bde-b984-304bdec15bca 3cd6e6fe770c410d9c39d9919e23d80c 34cc997a09694ef18921f3c44ddd3c8f - - default default] 10.0.0.180 "GET /v2.0/extensions/qos-rule-type-details HTTP/1.1" status: 200 len: 423 time: 0.0039079
2026-05-06 02:28:36.301 9 INFO neutron.api.wsgi [None req-6245154a-20d1-44d4-a83d-4e701606c710 3cd6e6fe770c410d9c39d9919e23d80c 34cc997a09694ef18921f3c44ddd3c8f - - default default] 10.0.0.180 "GET /v2.0/extensions/qos-rule-type-filter HTTP/1.1" status: 200 len: 567 time: 0.0037255
2026-05-06 02:28:36.307 9 INFO neutron.api.wsgi [None req-bba9f0e7-8600-4b57-8ad0-3ecb53308b56 3cd6e6fe770c410d9c39d9919e23d80c 34cc997a09694ef18921f3c44ddd3c8f - - default default] 10.0.0.180 "GET /v2.0/extensions/qos-rules-alias HTTP/1.1" status: 200 len: 448 time: 0.0037658
2026-05-06 02:28:36.313 9 INFO neutron.api.wsgi [None req-553dd8f3-4fa1-4f9f-9ea8-b2afb82e6205 3cd6e6fe770c410d9c39d9919e23d80c 34cc997a09694ef18921f3c44ddd3c8f - - default default] 10.0.0.180 "GET /v2.0/extensions/quota-check-limit HTTP/1.1" status: 200 len: 420 time: 0.0034981
2026-05-06 02:28:36.320 9 INFO neutron.api.wsgi [None req-d9e194ef-af88-4fb8-bf2d-12c67183370e 3cd6e6fe770c410d9c39d9919e23d80c 34cc997a09694ef18921f3c44ddd3c8f - - default default] 10.0.0.180 "GET /v2.0/extensions/quotas HTTP/1.1" status: 200 len: 386 time: 0.0036609
2026-05-06 02:28:36.327 9 INFO neutron.api.wsgi [None req-897358d4-7dc4-4b96-8d25-08f1ebda0edc 3cd6e6fe770c410d9c39d9919e23d80c 34cc997a09694ef18921f3c44ddd3c8f - - default default] 10.0.0.180 "GET /v2.0/extensions/quota_details HTTP/1.1" status: 200 len: 407 time: 0.0038080
2026-05-06 02:28:36.337 9 INFO neutron.api.wsgi [None req-dd4abb64-9ca1-41f8-b08f-e0a294395f63 3cd6e6fe770c410d9c39d9919e23d80c 34cc997a09694ef18921f3c44ddd3c8f - - default default] 10.0.0.180 "GET /v2.0/extensions/rbac-policies HTTP/1.1" status: 200 len: 417 time: 0.0056443
2026-05-06 02:28:36.345 9 INFO neutron.api.wsgi [None req-332d0329-298b-460e-922d-f4a1e36e984e 3cd6e6fe770c410d9c39d9919e23d80c 34cc997a09694ef18921f3c44ddd3c8f - - default default] 10.0.0.180 "GET /v2.0/extensions/rbac-address-scope HTTP/1.1" status: 200 len: 384 time: 0.0038676
2026-05-06 02:28:36.352 9 INFO neutron.api.wsgi [None req-16955913-a3d1-40f7-9bdd-dd00439026ae 3cd6e6fe770c410d9c39d9919e23d80c 34cc997a09694ef18921f3c44ddd3c8f - - default default] 10.0.0.180 "GET /v2.0/extensions/rbac-security-groups HTTP/1.1" status: 200 len: 404 time: 0.0036423
2026-05-06 02:28:36.359 9 INFO neutron.api.wsgi [None req-0486f484-d947-49e7-993f-977811e232f6 3cd6e6fe770c410d9c39d9919e23d80c 34cc997a09694ef18921f3c44ddd3c8f - - default default] 10.0.0.180 "GET /v2.0/extensions/revision-if-match HTTP/1.1" status: 200 len: 441 time: 0.0035017
2026-05-06 02:28:36.366 9 INFO neutron.api.wsgi [None req-1f9f8844-54a4-4b2f-abd3-e4115286457c 3cd6e6fe770c410d9c39d9919e23d80c 34cc997a09694ef18921f3c44ddd3c8f - - default default] 10.0.0.180 "GET /v2.0/extensions/standard-attr-revisions HTTP/1.1" status: 200 len: 423 time: 0.0040150
2026-05-06 02:28:36.373 9 INFO neutron.api.wsgi [None req-7916d150-2f51-45e7-a8f8-17c81e790305 3cd6e6fe770c410d9c39d9919e23d80c 34cc997a09694ef18921f3c44ddd3c8f - - default default] 10.0.0.180 "GET /v2.0/extensions/router_availability_zone HTTP/1.1" status: 200 len: 391 time: 0.0036113
2026-05-06 02:28:36.382 9 INFO neutron.api.wsgi [None req-86ff01f2-6bab-4ce8-bc64-c33f4c8c2130 3cd6e6fe770c410d9c39d9919e23d80c 34cc997a09694ef18921f3c44ddd3c8f - - default default] 10.0.0.180 "GET /v2.0/extensions/security-groups-default-rules HTTP/1.1" status: 200 len: 456 time: 0.0041220
2026-05-06 02:28:36.390 9 INFO neutron.api.wsgi [None req-d8cbffd1-aca9-4942-957b-0a32555101d1 3cd6e6fe770c410d9c39d9919e23d80c 34cc997a09694ef18921f3c44ddd3c8f - - default default] 10.0.0.180 "GET /v2.0/extensions/security-groups-normalized-cidr HTTP/1.1" status: 200 len: 445 time: 0.0039220
2026-05-06 02:28:36.398 9 INFO neutron.api.wsgi [None req-adc628f9-b203-44c1-868f-faa8b27ff39f 3cd6e6fe770c410d9c39d9919e23d80c 34cc997a09694ef18921f3c44ddd3c8f - - default default] 10.0.0.180 "GET /v2.0/extensions/security-groups-remote-address-group HTTP/1.1" status: 200 len: 448 time: 0.0042193
2026-05-06 02:28:36.409 10 INFO neutron.api.wsgi [None req-14bb49ef-2c97-4680-aac3-7f76e66f93b2 3cd6e6fe770c410d9c39d9919e23d80c 34cc997a09694ef18921f3c44ddd3c8f - - default default] 10.0.0.180 "GET /v2.0/extensions/security-groups-rules-belongs-to-default-sg HTTP/1.1" status: 200 len: 508 time: 0.0073059
2026-05-06 02:28:36.415 10 INFO neutron.api.wsgi [None req-35e5880d-c8c4-488e-948b-a57c854d76ce 3cd6e6fe770c410d9c39d9919e23d80c 34cc997a09694ef18921f3c44ddd3c8f - - default default] 10.0.0.180 "GET /v2.0/extensions/security-groups-shared-filtering HTTP/1.1" status: 200 len: 435 time: 0.0027068
2026-05-06 02:28:36.423 10 INFO neutron.api.wsgi [None req-50ac3b12-7577-462a-8637-05dd0c3b8fed 3cd6e6fe770c410d9c39d9919e23d80c 34cc997a09694ef18921f3c44ddd3c8f - - default default] 10.0.0.180 "GET /v2.0/extensions/security-group HTTP/1.1" status: 200 len: 364 time: 0.0036707
2026-05-06 02:28:36.433 9 INFO neutron.api.wsgi [None req-c7e03d76-39ec-4af7-90f7-66dd2ad6940a 3cd6e6fe770c410d9c39d9919e23d80c 34cc997a09694ef18921f3c44ddd3c8f - - default default] 10.0.0.180 "GET /v2.0/extensions/segment HTTP/1.1" status: 200 len: 339 time: 0.0059164
2026-05-06 02:28:36.440 9 INFO neutron.api.wsgi [None req-44317797-5647-4b0d-9152-271c60a61b35 3cd6e6fe770c410d9c39d9919e23d80c 34cc997a09694ef18921f3c44ddd3c8f - - default default] 10.0.0.180 "GET /v2.0/extensions/segments-peer-subnet-host-routes HTTP/1.1" status: 200 len: 427 time: 0.0037251
2026-05-06 02:28:36.447 9 INFO neutron.api.wsgi [None req-39fc982b-2fee-49af-ace5-668239e58d8e 3cd6e6fe770c410d9c39d9919e23d80c 34cc997a09694ef18921f3c44ddd3c8f - - default default] 10.0.0.180 "GET /v2.0/extensions/service-type HTTP/1.1" status: 200 len: 415 time: 0.0035934
2026-05-06 02:28:36.454 9 INFO neutron.api.wsgi [None req-61751f4a-d24b-4d94-a02b-df94abb5b7c3 3cd6e6fe770c410d9c39d9919e23d80c 34cc997a09694ef18921f3c44ddd3c8f - - default default] 10.0.0.180 "GET /v2.0/extensions/sorting HTTP/1.1" status: 200 len: 377 time: 0.0037715
2026-05-06 02:28:36.461 9 INFO neutron.api.wsgi [None req-e52dc40e-1c07-4215-841b-37768b69ad6b 3cd6e6fe770c410d9c39d9919e23d80c 34cc997a09694ef18921f3c44ddd3c8f - - default default] 10.0.0.180 "GET /v2.0/extensions/standard-attr-segment HTTP/1.1" status: 200 len: 406 time: 0.0035927
2026-05-06 02:28:36.467 9 INFO neutron.api.wsgi [None req-21b1c35f-062a-48a1-8538-7d892e2bce54 3cd6e6fe770c410d9c39d9919e23d80c 34cc997a09694ef18921f3c44ddd3c8f - - default default] 10.0.0.180 "GET /v2.0/extensions/standard-attr-description HTTP/1.1" status: 200 len: 408 time: 0.0035412
2026-05-06 02:28:36.475 9 INFO neutron.api.wsgi [None req-5c9b53e8-3ae9-4547-8c68-3678861cf9b4 3cd6e6fe770c410d9c39d9919e23d80c 34cc997a09694ef18921f3c44ddd3c8f - - default default] 10.0.0.180 "GET /v2.0/extensions/stateful-security-group HTTP/1.1" status: 200 len: 402 time: 0.0034046
2026-05-06 02:28:36.484 9 INFO neutron.api.wsgi [None req-32c101f6-cad6-4a1b-b1ec-0068af4e7627 3cd6e6fe770c410d9c39d9919e23d80c 34cc997a09694ef18921f3c44ddd3c8f - - default default] 10.0.0.180 "GET /v2.0/extensions/subnet-dns-publish-fixed-ip HTTP/1.1" status: 200 len: 421 time: 0.0041227
2026-05-06 02:28:36.493 10 INFO neutron.api.wsgi [None req-dbc9356c-346d-4b8a-a9c3-2cffc679c718 3cd6e6fe770c410d9c39d9919e23d80c 34cc997a09694ef18921f3c44ddd3c8f - - default default] 10.0.0.180 "GET /v2.0/extensions/subnet-external-network HTTP/1.1" status: 200 len: 418 time: 0.0061200
2026-05-06 02:28:36.500 10 INFO neutron.api.wsgi [None req-10ce4c09-00cc-4d56-aaf5-f42946da19ff 3cd6e6fe770c410d9c39d9919e23d80c 34cc997a09694ef18921f3c44ddd3c8f - - default default] 10.0.0.180 "GET /v2.0/extensions/subnet-segmentid-writable HTTP/1.1" status: 200 len: 421 time: 0.0035267
2026-05-06 02:28:36.507 10 INFO neutron.api.wsgi [None req-d175c573-db41-42b1-9826-2126f5cf3cc7 3cd6e6fe770c410d9c39d9919e23d80c 34cc997a09694ef18921f3c44ddd3c8f - - default default] 10.0.0.180 "GET /v2.0/extensions/subnet-service-types HTTP/1.1" status: 200 len: 400 time: 0.0034175
2026-05-06 02:28:36.514 10 INFO neutron.api.wsgi [None req-bd171e7f-45a8-46c1-8e28-526b12a9bf09 3cd6e6fe770c410d9c39d9919e23d80c 34cc997a09694ef18921f3c44ddd3c8f - - default default] 10.0.0.180 "GET /v2.0/extensions/subnet_allocation HTTP/1.1" status: 200 len: 388 time: 0.0037155
2026-05-06 02:28:36.520 10 INFO neutron.api.wsgi [None req-f6ad525a-d3ea-4ab0-bd5f-009470fbf465 3cd6e6fe770c410d9c39d9919e23d80c 34cc997a09694ef18921f3c44ddd3c8f - - default default] 10.0.0.180 "GET /v2.0/extensions/subnetpool-prefix-ops HTTP/1.1" status: 200 len: 418 time: 0.0034037
2026-05-06 02:28:36.526 10 INFO neutron.api.wsgi [None req-925e9de2-0f51-4028-89a3-16198154941b 3cd6e6fe770c410d9c39d9919e23d80c 34cc997a09694ef18921f3c44ddd3c8f - - default default] 10.0.0.180 "GET /v2.0/extensions/tag-creation HTTP/1.1" status: 200 len: 384 time: 0.0034893
2026-05-06 02:28:36.534 10 INFO neutron.api.wsgi [None req-8bc55e23-4ecd-475b-ac4b-7d71c8a66b92 3cd6e6fe770c410d9c39d9919e23d80c 34cc997a09694ef18921f3c44ddd3c8f - - default default] 10.0.0.180 "GET /v2.0/extensions/standard-attr-tag HTTP/1.1" status: 200 len: 537 time: 0.0034199
2026-05-06 02:28:36.541 10 INFO neutron.api.wsgi [None req-c134de3f-7a6f-4aa7-8791-a90ced4650aa 3cd6e6fe770c410d9c39d9919e23d80c 34cc997a09694ef18921f3c44ddd3c8f - - default default] 10.0.0.180 "GET /v2.0/extensions/standard-attr-timestamp HTTP/1.1" status: 200 len: 449 time: 0.0037498
2026-05-06 02:28:36.548 10 INFO neutron.api.wsgi [None req-b457db7b-5223-4c48-b2dd-c4f49b031fdb 3cd6e6fe770c410d9c39d9919e23d80c 34cc997a09694ef18921f3c44ddd3c8f - - default default] 10.0.0.180 "GET /v2.0/extensions/trunk HTTP/1.1" status: 200 len: 358 time: 0.0034027
2026-05-06 02:28:36.554 10 INFO neutron.api.wsgi [None req-14798e8c-0fa3-4e91-922d-d61b58f70993 3cd6e6fe770c410d9c39d9919e23d80c 34cc997a09694ef18921f3c44ddd3c8f - - default default] 10.0.0.180 "GET /v2.0/extensions/trunk-details HTTP/1.1" status: 200 len: 362 time: 0.0035775
2026-05-06 02:28:36.561 10 INFO neutron.api.wsgi [None req-753b5d6d-a020-4d10-b9fd-9cab21645b03 3cd6e6fe770c410d9c39d9919e23d80c 34cc997a09694ef18921f3c44ddd3c8f - - default default] 10.0.0.180 "GET /v2.0/extensions/vpn-agent-scheduler HTTP/1.1" status: 200 len: 393 time: 0.0033534
2026-05-06 02:28:36.568 10 INFO neutron.api.wsgi [None req-df5a5b38-6c61-40d1-9cf7-5d7654698ed6 3cd6e6fe770c410d9c39d9919e23d80c 34cc997a09694ef18921f3c44ddd3c8f - - default default] 10.0.0.180 "GET /v2.0/extensions/vpn-endpoint-groups HTTP/1.1" status: 200 len: 371 time: 0.0037491
2026-05-06 02:28:36.576 10 INFO neutron.api.wsgi [None req-4a9ccb30-7de0-4b58-aa1b-bc4f111fda5c 3cd6e6fe770c410d9c39d9919e23d80c 34cc997a09694ef18921f3c44ddd3c8f - - default default] 10.0.0.180 "GET /v2.0/extensions/vpn-flavors HTTP/1.1" status: 200 len: 376 time: 0.0034738
2026-05-06 02:28:36.583 10 INFO neutron.api.wsgi [None req-728088f5-c735-4dbe-aa81-7e48865dca94 3cd6e6fe770c410d9c39d9919e23d80c 34cc997a09694ef18921f3c44ddd3c8f - - default default] 10.0.0.180 "GET /v2.0/extensions/vpnaas HTTP/1.1" status: 200 len: 348 time: 0.0034266
2026-05-06 02:28:37.059 9 INFO neutron.api.wsgi [None req-845d8c8a-6766-49b0-9d29-e85beb196a8b 93b0a81748d840fa891e275c4cf3df25 445a8881fc4a4c5ca4cb774fa807035e - - default default] 10.0.0.180 "GET /v2.0/security-groups?tenant_id=1ea53e95ed79490ab3d03e1e1dd29b67&name=default HTTP/1.1" status: 200 len: 3120 time: 0.3878407
2026-05-06 02:28:37.276 9 INFO neutron.api.wsgi [None req-a73c1b09-e91f-4dcf-ae3c-943c1e881b44 93b0a81748d840fa891e275c4cf3df25 445a8881fc4a4c5ca4cb774fa807035e - - default default] 10.0.0.180 "DELETE /v2.0/security-groups/607350c7-fe5b-4313-8a13-908afca15e8a HTTP/1.1" status: 204 len: 168 time: 0.2125998
2026-05-06 02:28:37.277 9 INFO neutron.db.ovn_revision_numbers_db [None req-c33834c7-ccec-4511-b62d-89e2ff410ee9 93b0a81748d840fa891e275c4cf3df25 445a8881fc4a4c5ca4cb774fa807035e - - default default] Successfully bumped revision number for resource a619a348-ddc2-4a19-9773-6e2f64e05553 (type: security_groups) to 1
2026-05-06 02:28:37.288 9 INFO neutron.db.ovn_revision_numbers_db [None req-c33834c7-ccec-4511-b62d-89e2ff410ee9 93b0a81748d840fa891e275c4cf3df25 445a8881fc4a4c5ca4cb774fa807035e - - default default] Successfully bumped revision number for resource 1afdd8b2-0050-4b13-aea9-ac7a250df399 (type: security_group_rules) to 0
2026-05-06 02:28:37.299 9 INFO neutron.db.ovn_revision_numbers_db [None req-c33834c7-ccec-4511-b62d-89e2ff410ee9 93b0a81748d840fa891e275c4cf3df25 445a8881fc4a4c5ca4cb774fa807035e - - default default] Successfully bumped revision number for resource a7559de8-8a80-4784-827c-b6d3e0e770c5 (type: security_group_rules) to 0
2026-05-06 02:28:37.314 9 INFO neutron.db.ovn_revision_numbers_db [None req-c33834c7-ccec-4511-b62d-89e2ff410ee9 93b0a81748d840fa891e275c4cf3df25 445a8881fc4a4c5ca4cb774fa807035e - - default default] Successfully bumped revision number for resource ddf3fc85-3d2e-4320-be09-05fc680d03ae (type: security_group_rules) to 0
2026-05-06 02:28:37.326 9 INFO neutron.db.ovn_revision_numbers_db [None req-c33834c7-ccec-4511-b62d-89e2ff410ee9 93b0a81748d840fa891e275c4cf3df25 445a8881fc4a4c5ca4cb774fa807035e - - default default] Successfully bumped revision number for resource f9557e09-20cd-4713-bd1b-474e3a60eb62 (type: security_group_rules) to 0
2026-05-06 02:28:37.361 9 INFO neutron.api.wsgi [None req-c33834c7-ccec-4511-b62d-89e2ff410ee9 93b0a81748d840fa891e275c4cf3df25 445a8881fc4a4c5ca4cb774fa807035e - - default default] 10.0.0.180 "GET /v2.0/security-groups?tenant_id=34cc997a09694ef18921f3c44ddd3c8f&name=default HTTP/1.1" status: 200 len: 3120 time: 0.2923858
2026-05-06 02:28:37.494 9 INFO neutron.db.ovn_revision_numbers_db [None req-927338c7-5ef6-4a2b-8451-a937ddcb69bf 93b0a81748d840fa891e275c4cf3df25 445a8881fc4a4c5ca4cb774fa807035e - - default default] Successfully bumped revision number for resource 535a36d0-8cb0-48ae-874a-84c20723cbe3 (type: security_groups) to 1
2026-05-06 02:28:37.513 9 INFO neutron.db.ovn_revision_numbers_db [None req-927338c7-5ef6-4a2b-8451-a937ddcb69bf 93b0a81748d840fa891e275c4cf3df25 445a8881fc4a4c5ca4cb774fa807035e - - default default] Successfully bumped revision number for resource 71a5554e-5cc0-4d8f-938b-07a06df32607 (type: security_group_rules) to 0
2026-05-06 02:28:37.532 9 INFO neutron.db.ovn_revision_numbers_db [None req-927338c7-5ef6-4a2b-8451-a937ddcb69bf 93b0a81748d840fa891e275c4cf3df25 445a8881fc4a4c5ca4cb774fa807035e - - default default] Successfully bumped revision number for resource a7b35b10-a467-495a-910d-3ee2a5477347 (type: security_group_rules) to 0
2026-05-06 02:28:37.548 9 INFO neutron.db.ovn_revision_numbers_db [None req-927338c7-5ef6-4a2b-8451-a937ddcb69bf 93b0a81748d840fa891e275c4cf3df25 445a8881fc4a4c5ca4cb774fa807035e - - default default] Successfully bumped revision number for resource b12c2280-853a-4d9b-993d-174c94ff43d3 (type: security_group_rules) to 0
2026-05-06 02:28:37.571 9 INFO neutron.db.ovn_revision_numbers_db [None req-927338c7-5ef6-4a2b-8451-a937ddcb69bf 93b0a81748d840fa891e275c4cf3df25 445a8881fc4a4c5ca4cb774fa807035e - - default default] Successfully bumped revision number for resource fbaa7fd6-7283-4d71-bcb6-f7fc8b201044 (type: security_group_rules) to 0
2026-05-06 02:28:37.596 9 INFO neutron.api.wsgi [None req-3330f2c9-8667-4e06-85b5-23566eef803d 93b0a81748d840fa891e275c4cf3df25 445a8881fc4a4c5ca4cb774fa807035e - - default default] 10.0.0.180 "DELETE /v2.0/security-groups/a619a348-ddc2-4a19-9773-6e2f64e05553 HTTP/1.1" status: 204 len: 168 time: 0.2298019
2026-05-06 02:28:37.607 9 INFO neutron.api.wsgi [None req-927338c7-5ef6-4a2b-8451-a937ddcb69bf 93b0a81748d840fa891e275c4cf3df25 445a8881fc4a4c5ca4cb774fa807035e - - default default] 10.0.0.180 "GET /v2.0/security-groups?tenant_id=d278bd0e186241f5a3e1c9c72ac6f887&name=default HTTP/1.1" status: 200 len: 3120 time: 0.2417066
2026-05-06 02:28:37.813 9 INFO neutron.api.wsgi [None req-ba05ea1c-b29b-48f0-bea3-1289c5f47b4a 93b0a81748d840fa891e275c4cf3df25 445a8881fc4a4c5ca4cb774fa807035e - - default default] 10.0.0.180 "DELETE /v2.0/security-groups/535a36d0-8cb0-48ae-874a-84c20723cbe3 HTTP/1.1" status: 204 len: 168 time: 0.2014520
2026-05-06 02:28:39.269 10 WARNING neutron_lib.context [None req-2443d00b-3d34-45a2-9990-b694723644e4 b6fd75282e794a2ab803390bc3ecc3b8 53e527d750014d239e3340cc05702b81 - - default default] Method 'is_advsvc' is deprecated since 2023.2 release (neutron-lib 3.8.0) and will be removed once support for the old RBAC API policies will be removed from Neutron. Please use method 'is_service_role' instead.
2026-05-06 02:28:39.404 9 INFO neutron.api.wsgi [req-e6f5b412-db74-485e-925c-dd122f7d71c1 req-79cc97a2-ef3d-40a5-99e0-675bdf71e99e 59c423385cec40c3991acfec2745cb80 abd13e4f2c81458d87fc4fea0437bb69 - - 9bf3027721cb4fbcb27a3d86345af0c0 9bf3027721cb4fbcb27a3d86345af0c0] 199.19.213.65 "GET /v2.0/ports?device_id=d0202d31-4b6f-40b2-b08a-bf1ee0159c7c&fields=binding%3Ahost_id&fields=binding%3Avif_type HTTP/1.1" status: 200 len: 265 time: 0.0331848
2026-05-06 02:28:39.407 10 INFO neutron.db.ovn_revision_numbers_db [None req-2443d00b-3d34-45a2-9990-b694723644e4 b6fd75282e794a2ab803390bc3ecc3b8 53e527d750014d239e3340cc05702b81 - - default default] Successfully bumped revision number for resource c581e0e4-cf64-4618-b71b-c56eed433e8c (type: security_groups) to 1
2026-05-06 02:28:39.420 10 INFO neutron.db.ovn_revision_numbers_db [None req-2443d00b-3d34-45a2-9990-b694723644e4 b6fd75282e794a2ab803390bc3ecc3b8 53e527d750014d239e3340cc05702b81 - - default default] Successfully bumped revision number for resource 32aaa18d-5c3d-4b12-a268-4838948f2c97 (type: security_group_rules) to 0
2026-05-06 02:28:39.432 10 INFO neutron.db.ovn_revision_numbers_db [None req-2443d00b-3d34-45a2-9990-b694723644e4 b6fd75282e794a2ab803390bc3ecc3b8 53e527d750014d239e3340cc05702b81 - - default default] Successfully bumped revision number for resource 39cc9e7a-628c-44e5-a219-beacb346bce4 (type: security_group_rules) to 0
2026-05-06 02:28:39.444 10 INFO neutron.db.ovn_revision_numbers_db [None req-2443d00b-3d34-45a2-9990-b694723644e4 b6fd75282e794a2ab803390bc3ecc3b8 53e527d750014d239e3340cc05702b81 - - default default] Successfully bumped revision number for resource b4dcad91-ea22-4d8b-b824-be44d4c9591b (type: security_group_rules) to 0
2026-05-06 02:28:39.457 10 INFO neutron.db.ovn_revision_numbers_db [None req-2443d00b-3d34-45a2-9990-b694723644e4 b6fd75282e794a2ab803390bc3ecc3b8 53e527d750014d239e3340cc05702b81 - - default default] Successfully bumped revision number for resource be3296ee-d2aa-46c5-9ca5-cc5bd1916f4e (type: security_group_rules) to 0
2026-05-06 02:28:39.534 10 INFO neutron.db.ovn_revision_numbers_db [None req-2443d00b-3d34-45a2-9990-b694723644e4 b6fd75282e794a2ab803390bc3ecc3b8 53e527d750014d239e3340cc05702b81 - - default default] Successfully bumped revision number for resource 4fa80498-c956-4241-9010-eae0c508c517 (type: security_groups) to 1
2026-05-06 02:28:39.544 10 INFO neutron.db.ovn_revision_numbers_db [None req-2443d00b-3d34-45a2-9990-b694723644e4 b6fd75282e794a2ab803390bc3ecc3b8 53e527d750014d239e3340cc05702b81 - - default default] Successfully bumped revision number for resource 0ddc6228-a057-42f3-bba1-0eaf5b5d252c (type: security_group_rules) to 0
2026-05-06 02:28:39.555 10 INFO neutron.db.ovn_revision_numbers_db [None req-2443d00b-3d34-45a2-9990-b694723644e4 b6fd75282e794a2ab803390bc3ecc3b8 53e527d750014d239e3340cc05702b81 - - default default] Successfully bumped revision number for resource adc26267-e316-40e3-bad5-39e2e41fdc53 (type: security_group_rules) to 0
2026-05-06 02:28:39.584 10 INFO neutron.api.wsgi [None req-2443d00b-3d34-45a2-9990-b694723644e4 b6fd75282e794a2ab803390bc3ecc3b8 53e527d750014d239e3340cc05702b81 - - default default] 10.0.0.180 "POST /v2.0/security-groups HTTP/1.1" status: 201 len: 1825 time: 0.4233785
2026-05-06 02:28:39.624 10 INFO neutron.api.wsgi [None req-a3ea4542-5dd6-4629-88c9-ce84ba1b447e b6fd75282e794a2ab803390bc3ecc3b8 53e527d750014d239e3340cc05702b81 - - default default] 10.0.0.180 "GET /v2.0/security-groups HTTP/1.1" status: 200 len: 4725 time: 0.0354421
2026-05-06 02:28:39.697 10 INFO neutron.db.ovn_revision_numbers_db [None req-5de3d7cf-af4d-4b1a-836b-7d9ae594e63f b6fd75282e794a2ab803390bc3ecc3b8 53e527d750014d239e3340cc05702b81 - - default default] Successfully bumped revision number for resource 4fa80498-c956-4241-9010-eae0c508c517 (type: security_groups) to 2
2026-05-06 02:28:39.720 10 INFO neutron.api.wsgi [None req-5de3d7cf-af4d-4b1a-836b-7d9ae594e63f b6fd75282e794a2ab803390bc3ecc3b8 53e527d750014d239e3340cc05702b81 - - default default] 10.0.0.180 "PUT /v2.0/security-groups/4fa80498-c956-4241-9010-eae0c508c517 HTTP/1.1" status: 200 len: 1856 time: 0.0906332
2026-05-06 02:28:39.748 10 INFO neutron.api.wsgi [None req-00bc9cc1-1852-40ae-a3b0-8cae2b42d11c b6fd75282e794a2ab803390bc3ecc3b8 53e527d750014d239e3340cc05702b81 - - default default] 10.0.0.180 "GET /v2.0/security-groups/4fa80498-c956-4241-9010-eae0c508c517 HTTP/1.1" status: 200 len: 1856 time: 0.0218368
2026-05-06 02:28:39.846 10 INFO neutron.api.wsgi [None req-18dbd9c0-fb3d-4035-a129-f3d2d4184d48 b6fd75282e794a2ab803390bc3ecc3b8 53e527d750014d239e3340cc05702b81 - - default default] 10.0.0.180 "DELETE /v2.0/security-groups/4fa80498-c956-4241-9010-eae0c508c517 HTTP/1.1" status: 204 len: 168 time: 0.0925636
2026-05-06 02:28:39.876 10 INFO neutron.api.wsgi [None req-48ef7935-0410-4be3-8b5e-4cf69e39015e b6fd75282e794a2ab803390bc3ecc3b8 53e527d750014d239e3340cc05702b81 - - default default] 10.0.0.180 "GET /v2.0/security-groups HTTP/1.1" status: 200 len: 3120 time: 0.0251334
2026-05-06 02:28:39.889 10 INFO neutron.api.v2.resource [None req-dc037e26-72db-49ee-ae2f-ccca214bad4b b6fd75282e794a2ab803390bc3ecc3b8 53e527d750014d239e3340cc05702b81 - - default default] delete failed (client error): The resource could not be found.
2026-05-06 02:28:39.890 10 INFO neutron.api.wsgi [None req-dc037e26-72db-49ee-ae2f-ccca214bad4b b6fd75282e794a2ab803390bc3ecc3b8 53e527d750014d239e3340cc05702b81 - - default default] 10.0.0.180 "DELETE /v2.0/security-groups/4fa80498-c956-4241-9010-eae0c508c517 HTTP/1.1" status: 404 len: 347 time: 0.0089622
2026-05-06 02:28:39.906 10 WARNING neutron_lib.context [None req-582c1e76-f14f-448c-813d-9277970ef3e3 b6fd75282e794a2ab803390bc3ecc3b8 53e527d750014d239e3340cc05702b81 - - default default] Method 'is_advsvc' is deprecated since 2023.2 release (neutron-lib 3.8.0) and will be removed once support for the old RBAC API policies will be removed from Neutron. Please use method 'is_service_role' instead.
2026-05-06 02:28:40.014 10 INFO neutron.db.ovn_revision_numbers_db [None req-582c1e76-f14f-448c-813d-9277970ef3e3 b6fd75282e794a2ab803390bc3ecc3b8 53e527d750014d239e3340cc05702b81 - - default default] Successfully bumped revision number for resource 251feacf-8cb1-4020-8c67-76a785fbbbe0 (type: security_groups) to 1
2026-05-06 02:28:40.026 10 INFO neutron.db.ovn_revision_numbers_db [None req-582c1e76-f14f-448c-813d-9277970ef3e3 b6fd75282e794a2ab803390bc3ecc3b8 53e527d750014d239e3340cc05702b81 - - default default] Successfully bumped revision number for resource 0b19ef0e-bea5-4ed4-b979-2dfa5d1c08f4 (type: security_group_rules) to 0
2026-05-06 02:28:40.039 10 INFO neutron.db.ovn_revision_numbers_db [None req-582c1e76-f14f-448c-813d-9277970ef3e3 b6fd75282e794a2ab803390bc3ecc3b8 53e527d750014d239e3340cc05702b81 - - default default] Successfully bumped revision number for resource a6863f24-bde2-4daa-8d5b-38c1b3bbe919 (type: security_group_rules) to 0
2026-05-06 02:28:40.072 10 INFO neutron.api.wsgi [None req-582c1e76-f14f-448c-813d-9277970ef3e3 b6fd75282e794a2ab803390bc3ecc3b8 53e527d750014d239e3340cc05702b81 - - default default] 10.0.0.180 "POST /v2.0/security-groups HTTP/1.1" status: 201 len: 1825 time: 0.1717851
2026-05-06 02:28:40.082 10 WARNING neutron_lib.context [None req-f3073921-d2d7-4a39-b354-2058e45b9cb9 b6fd75282e794a2ab803390bc3ecc3b8 53e527d750014d239e3340cc05702b81 - - default default] Method 'is_advsvc' is deprecated since 2023.2 release (neutron-lib 3.8.0) and will be removed once support for the old RBAC API policies will be removed from Neutron. Please use method 'is_service_role' instead.
2026-05-06 02:28:40.205 10 INFO neutron.db.ovn_revision_numbers_db [None req-f3073921-d2d7-4a39-b354-2058e45b9cb9 b6fd75282e794a2ab803390bc3ecc3b8 53e527d750014d239e3340cc05702b81 - - default default] Successfully bumped revision number for resource 6c29cbf7-a573-4f05-922d-e3a6bfb7a8f0 (type: security_group_rules) to 0
2026-05-06 02:28:40.233 10 INFO neutron.api.wsgi [None req-f3073921-d2d7-4a39-b354-2058e45b9cb9 b6fd75282e794a2ab803390bc3ecc3b8 53e527d750014d239e3340cc05702b81 - - default default] 10.0.0.180 "POST /v2.0/security-group-rules HTTP/1.1" status: 201 len: 800 time: 0.1554155
2026-05-06 02:28:40.256 10 INFO neutron.api.wsgi [None req-170d5d18-9e4f-47f2-b5ad-825063608000 b6fd75282e794a2ab803390bc3ecc3b8 53e527d750014d239e3340cc05702b81 - - default default] 10.0.0.180 "GET /v2.0/security-group-rules/6c29cbf7-a573-4f05-922d-e3a6bfb7a8f0 HTTP/1.1" status: 200 len: 795 time: 0.0142672
2026-05-06 02:28:40.327 10 INFO neutron.api.wsgi [None req-4df29425-702b-46ef-91be-6f527fde4138 b6fd75282e794a2ab803390bc3ecc3b8 53e527d750014d239e3340cc05702b81 - - default default] 10.0.0.180 "GET /v2.0/security-group-rules HTTP/1.1" status: 200 len: 4333 time: 0.0641363
2026-05-06 02:28:40.416 9 INFO neutron.api.wsgi [req-73d1254d-a090-43c1-8044-d10238e8633d req-72100aef-f7fd-4795-8920-98a087d195eb 61c997e198d640c4901044dc0a494e53 9b7173ae5d24423a80fb1e4a474dd95c - - default default] 10.0.0.158 "GET /v2.0/ports?device_id=d0202d31-4b6f-40b2-b08a-bf1ee0159c7c HTTP/1.1" status: 200 len: 1170 time: 0.0741458
2026-05-06 02:28:40.440 10 INFO neutron.api.wsgi [None req-693bd754-635b-44bd-b576-ac736b189f35 b6fd75282e794a2ab803390bc3ecc3b8 53e527d750014d239e3340cc05702b81 - - default default] 10.0.0.180 "DELETE /v2.0/security-group-rules/6c29cbf7-a573-4f05-922d-e3a6bfb7a8f0 HTTP/1.1" status: 204 len: 168 time: 0.1067936
2026-05-06 02:28:40.450 9 INFO neutron.api.wsgi [req-e6f5b412-db74-485e-925c-dd122f7d71c1 req-5174c349-5402-43d9-9001-71d48e808a41 59c423385cec40c3991acfec2745cb80 abd13e4f2c81458d87fc4fea0437bb69 - - 9bf3027721cb4fbcb27a3d86345af0c0 9bf3027721cb4fbcb27a3d86345af0c0] 199.19.213.65 "GET /v2.0/ports?tenant_id=9b7173ae5d24423a80fb1e4a474dd95c&device_id=d0202d31-4b6f-40b2-b08a-bf1ee0159c7c HTTP/1.1" status: 200 len: 1409 time: 0.0325935
2026-05-06 02:28:40.458 9 INFO neutron.api.wsgi [req-73d1254d-a090-43c1-8044-d10238e8633d req-5ba2aa0c-09bc-435a-9125-52c22455dafc 61c997e198d640c4901044dc0a494e53 9b7173ae5d24423a80fb1e4a474dd95c - - default default] 10.0.0.158 "GET /v2.0/security-groups?id=1c7ed98b-e3f1-47cc-b04f-7fcb346ab20b&fields=id&fields=name HTTP/1.1" status: 200 len: 312 time: 0.0353160
2026-05-06 02:28:40.517 10 INFO neutron.api.wsgi [None req-7e9ed195-e518-403e-b436-bdaf86c4f00c b6fd75282e794a2ab803390bc3ecc3b8 53e527d750014d239e3340cc05702b81 - - default default] 10.0.0.180 "GET /v2.0/security-group-rules HTTP/1.1" status: 200 len: 3755 time: 0.0715396
2026-05-06 02:28:40.527 10 WARNING neutron_lib.context [None req-c9729a38-46ba-4eec-8683-3171e351bebb b6fd75282e794a2ab803390bc3ecc3b8 53e527d750014d239e3340cc05702b81 - - default default] Method 'is_advsvc' is deprecated since 2023.2 release (neutron-lib 3.8.0) and will be removed once support for the old RBAC API policies will be removed from Neutron. Please use method 'is_service_role' instead.
