2026-05-06 02:29:10.848 9 WARNING neutron_lib.context [None req-4bbc2768-eb3e-4472-8f7d-b9a035558990 26d1b44731a14a198700d0f8145aed0a 86d93090c8cd4072818669d06cc8f0ff - - default default] Method 'is_advsvc' is deprecated since 2023.2 release (neutron-lib 3.8.0) and will be removed once support for the old RBAC API policies will be removed from Neutron. Please use method 'is_service_role' instead.
2026-05-06 02:29:10.912 9 INFO neutron.api.wsgi [None req-4bbc2768-eb3e-4472-8f7d-b9a035558990 26d1b44731a14a198700d0f8145aed0a 86d93090c8cd4072818669d06cc8f0ff - - default default] 10.0.0.180 "POST /v2.0/vpn/endpoint-groups HTTP/1.1" status: 201 len: 500 time: 0.0679965
2026-05-06 02:29:10.921 9 WARNING neutron_lib.context [None req-a158f893-03ef-45f6-932d-53eb6841a54a 26d1b44731a14a198700d0f8145aed0a 86d93090c8cd4072818669d06cc8f0ff - - default default] Method 'is_advsvc' is deprecated since 2023.2 release (neutron-lib 3.8.0) and will be removed once support for the old RBAC API policies will be removed from Neutron. Please use method 'is_service_role' instead.
2026-05-06 02:29:10.967 10 INFO neutron.db.ovn_revision_numbers_db [None req-c3e0f202-1947-4e82-bbbf-1e8fc1ad65bb - - - - - -] Successfully bumped revision number for resource 9c647594-c8da-4442-a768-e5583082746c (type: ports) to 2
2026-05-06 02:29:10.981 9 WARNING neutron.scheduler.dhcp_agent_scheduler [None req-a283d345-87b1-425f-915e-40c5aac226d2 5a4f1f0ed62e44a5a9fde98d17e532a9 367d347fc62f49cca10955250306b5ac - - default default] No more DHCP agents
2026-05-06 02:29:10.983 9 WARNING neutron.api.rpc.agentnotifiers.dhcp_rpc_agent_api [None req-a283d345-87b1-425f-915e-40c5aac226d2 5a4f1f0ed62e44a5a9fde98d17e532a9 367d347fc62f49cca10955250306b5ac - - default default] Unable to schedule network aa7e4fba-eccc-4bee-94d9-4b191a118bfe: no agents available; will retry on subsequent port and subnet creation events.
2026-05-06 02:29:11.017 10 INFO neutron.db.ovn_revision_numbers_db [None req-9fc37fdb-02b8-4cd6-b34e-96b788fe32fd b83934805f034c618e8a47bf76d01dba f46244320ec249a99274ffb8f6b97946 - - default default] Successfully bumped revision number for resource 7a34ccc5-c28e-42f5-8e4b-dc745824cb38 (type: router_ports) to 1
2026-05-06 02:29:11.022 10 INFO neutron.api.wsgi [None req-9fc37fdb-02b8-4cd6-b34e-96b788fe32fd b83934805f034c618e8a47bf76d01dba f46244320ec249a99274ffb8f6b97946 - - default default] 10.0.0.180 "PUT /v2.0/routers/3c695f2c-8501-4ccc-98d8-47909e6cb7dd/add_router_interface HTTP/1.1" status: 200 len: 503 time: 2.3140244
2026-05-06 02:29:11.060 9 INFO neutron.db.ovn_revision_numbers_db [None req-a283d345-87b1-425f-915e-40c5aac226d2 5a4f1f0ed62e44a5a9fde98d17e532a9 367d347fc62f49cca10955250306b5ac - - default default] Successfully bumped revision number for resource fa9cda24-55da-42ad-bcad-178b2316e037 (type: ports) to 1
2026-05-06 02:29:11.077 9 INFO neutron.api.wsgi [None req-a283d345-87b1-425f-915e-40c5aac226d2 5a4f1f0ed62e44a5a9fde98d17e532a9 367d347fc62f49cca10955250306b5ac - - default default] 10.0.0.180 "POST /v2.0/networks HTTP/1.1" status: 201 len: 831 time: 0.4950371
2026-05-06 02:29:11.088 10 WARNING neutron_lib.context [None req-6f74e647-717c-4921-a19d-4e2ab6a6699f 5a4f1f0ed62e44a5a9fde98d17e532a9 367d347fc62f49cca10955250306b5ac - - default default] Method 'is_advsvc' is deprecated since 2023.2 release (neutron-lib 3.8.0) and will be removed once support for the old RBAC API policies will be removed from Neutron. Please use method 'is_service_role' instead.
2026-05-06 02:29:11.233 9 WARNING neutron.plugins.ml2.drivers.ovn.mech_driver.ovsdb.ovn_client [None req-f9389377-c0f9-46de-982a-63621c8f9c68 - - - - - -] No hosting information found for port 72045f37-9053-42ea-99ac-75a86cf6dad4: RuntimeError: No hosting information found for port 72045f37-9053-42ea-99ac-75a86cf6dad4
2026-05-06 02:29:11.257 9 INFO neutron.api.wsgi [None req-8a8592a7-4058-4e6a-bb38-eb0eadf84bfb 93b0a81748d840fa891e275c4cf3df25 445a8881fc4a4c5ca4cb774fa807035e - - default default] 10.0.0.180 "GET /v2.0/security-groups?tenant_id=65c9887a5db048cb859279f3e321bcbe&name=default HTTP/1.1" status: 200 len: 3120 time: 0.1660838
2026-05-06 02:29:11.306 10 WARNING neutron.scheduler.dhcp_agent_scheduler [None req-6f74e647-717c-4921-a19d-4e2ab6a6699f 5a4f1f0ed62e44a5a9fde98d17e532a9 367d347fc62f49cca10955250306b5ac - - default default] No more DHCP agents
2026-05-06 02:29:11.311 10 WARNING neutron.api.rpc.agentnotifiers.dhcp_rpc_agent_api [None req-6f74e647-717c-4921-a19d-4e2ab6a6699f 5a4f1f0ed62e44a5a9fde98d17e532a9 367d347fc62f49cca10955250306b5ac - - default default] Unable to schedule network aa7e4fba-eccc-4bee-94d9-4b191a118bfe: no agents available; will retry on subsequent port and subnet creation events.
2026-05-06 02:29:11.318 9 INFO neutron.db.ovn_revision_numbers_db [None req-f9389377-c0f9-46de-982a-63621c8f9c68 - - - - - -] Successfully bumped revision number for resource 72045f37-9053-42ea-99ac-75a86cf6dad4 (type: router_ports) to 2
2026-05-06 02:29:11.318 9 INFO neutron.plugins.ml2.drivers.ovn.mech_driver.mech_driver [None req-f9389377-c0f9-46de-982a-63621c8f9c68 - - - - - -] OVN reports status up for port: 74fa5faf-135d-4495-9f58-4426aa0514d6
2026-05-06 02:29:11.329 9 INFO neutron.plugins.ml2.plugin [None req-f9389377-c0f9-46de-982a-63621c8f9c68 - - - - - -] Attempt 1 to provision port 74fa5faf-135d-4495-9f58-4426aa0514d6
2026-05-06 02:29:11.552 9 INFO neutron.db.ovn_revision_numbers_db [None req-a158f893-03ef-45f6-932d-53eb6841a54a 26d1b44731a14a198700d0f8145aed0a 86d93090c8cd4072818669d06cc8f0ff - - default default] Successfully bumped revision number for resource c8696471-44f4-4a7e-b2a7-dfd4dff7109a (type: routers) to 6
2026-05-06 02:29:11.568 9 INFO neutron.db.ovn_revision_numbers_db [None req-f9389377-c0f9-46de-982a-63621c8f9c68 - - - - - -] Successfully bumped revision number for resource 74fa5faf-135d-4495-9f58-4426aa0514d6 (type: ports) to 4
2026-05-06 02:29:11.586 9 INFO neutron.api.wsgi [None req-a158f893-03ef-45f6-932d-53eb6841a54a 26d1b44731a14a198700d0f8145aed0a 86d93090c8cd4072818669d06cc8f0ff - - default default] 10.0.0.180 "POST /v2.0/vpn/ipsec-site-connections HTTP/1.1" status: 201 len: 1044 time: 0.6703393
2026-05-06 02:29:11.602 10 INFO neutron.api.wsgi [None req-198764b5-a9f6-48a7-ba71-98e3915843e7 93b0a81748d840fa891e275c4cf3df25 445a8881fc4a4c5ca4cb774fa807035e - - default default] 10.0.0.180 "DELETE /v2.0/security-groups/8ba7d966-c0d4-48af-ae59-94f2a45d77e1 HTTP/1.1" status: 204 len: 168 time: 0.3396857
2026-05-06 02:29:11.621 9 INFO neutron.services.segments.plugin [-] Segment ddf5ff3e-a564-43e9-b68c-d781d803e93b resource provider aggregate not found
2026-05-06 02:29:11.630 9 INFO neutron.services.segments.plugin [-] Segment ddf5ff3e-a564-43e9-b68c-d781d803e93b resource provider aggregate not found
2026-05-06 02:29:11.633 9 INFO neutron.services.segments.plugin [-] Segment ddf5ff3e-a564-43e9-b68c-d781d803e93b resource provider not found; error: Placement Client Error (4xx): {"errors": [{"status": 404, "title": "Not Found", "detail": "The resource could not be found.\n\n No resource provider with uuid ddf5ff3e-a564-43e9-b68c-d781d803e93b found for delete ", "request_id": "req-0e474ba3-3911-4c36-991e-b2a83cf2d427"}]}
2026-05-06 02:29:11.643 9 INFO neutron.services.segments.plugin [-] Segment ddf5ff3e-a564-43e9-b68c-d781d803e93b resource provider not found; error: Placement Client Error (4xx): {"errors": [{"status": 404, "title": "Not Found", "detail": "The resource could not be found.\n\n No resource provider with uuid ddf5ff3e-a564-43e9-b68c-d781d803e93b found for delete ", "request_id": "req-f31666b6-51d5-407e-ada7-2feaaafa6b31"}]}
2026-05-06 02:29:11.646 9 INFO neutron.services.segments.plugin [-] Segment 6c177d38-84a7-4598-8297-e71e8fb40259 resource provider aggregate not found
2026-05-06 02:29:11.653 9 INFO neutron.services.segments.plugin [-] Segment 6c177d38-84a7-4598-8297-e71e8fb40259 resource provider aggregate not found
2026-05-06 02:29:11.657 9 INFO neutron.services.segments.plugin [-] Segment 6c177d38-84a7-4598-8297-e71e8fb40259 resource provider not found; error: Placement Client Error (4xx): {"errors": [{"status": 404, "title": "Not Found", "detail": "The resource could not be found.\n\n No resource provider with uuid 6c177d38-84a7-4598-8297-e71e8fb40259 found for delete ", "request_id": "req-b116a60f-bd16-4c96-a95f-96523059118b"}]}
2026-05-06 02:29:11.671 9 INFO neutron.services.segments.plugin [-] Segment 6c177d38-84a7-4598-8297-e71e8fb40259 resource provider not found; error: Placement Client Error (4xx): {"errors": [{"status": 404, "title": "Not Found", "detail": "The resource could not be found.\n\n No resource provider with uuid 6c177d38-84a7-4598-8297-e71e8fb40259 found for delete ", "request_id": "req-224cc898-7499-4925-8af9-0570574eabc4"}]}
2026-05-06 02:29:11.676 10 WARNING neutron.scheduler.dhcp_agent_scheduler [None req-8197d527-9fa3-44a1-aab2-5e9cffe893a2 b83934805f034c618e8a47bf76d01dba f46244320ec249a99274ffb8f6b97946 - - default default] No more DHCP agents
2026-05-06 02:29:11.679 10 WARNING neutron.api.rpc.agentnotifiers.dhcp_rpc_agent_api [None req-8197d527-9fa3-44a1-aab2-5e9cffe893a2 b83934805f034c618e8a47bf76d01dba f46244320ec249a99274ffb8f6b97946 - - default default] Unable to schedule network c90ac318-4c59-425e-af85-34981c6996c9: no agents available; will retry on subsequent port and subnet creation events.
2026-05-06 02:29:11.718 9 INFO neutron.plugins.ml2.drivers.ovn.mech_driver.mech_driver [None req-f43b0047-8586-4098-86e5-6194bd1e3643 - - - - - -] OVN reports status up for port: d2100646-2366-4996-a0e6-2ad9960689c3
2026-05-06 02:29:11.733 9 INFO neutron.plugins.ml2.plugin [None req-f43b0047-8586-4098-86e5-6194bd1e3643 - - - - - -] Attempt 1 to provision port d2100646-2366-4996-a0e6-2ad9960689c3
2026-05-06 02:29:11.816 10 INFO neutron.db.ovn_revision_numbers_db [None req-8197d527-9fa3-44a1-aab2-5e9cffe893a2 b83934805f034c618e8a47bf76d01dba f46244320ec249a99274ffb8f6b97946 - - default default] Successfully bumped revision number for resource a19e12e8-a294-4605-b2c1-7546913db47a (type: ports) to 1
2026-05-06 02:29:11.853 10 INFO neutron.db.ovn_revision_numbers_db [None req-4f0ff01f-d358-48f6-9ce0-2f65de37ddf9 - - - - - -] Successfully bumped revision number for resource fa9cda24-55da-42ad-bcad-178b2316e037 (type: ports) to 2
2026-05-06 02:29:11.885 10 INFO neutron.db.ovn_revision_numbers_db [None req-4f0ff01f-d358-48f6-9ce0-2f65de37ddf9 - - - - - -] Successfully bumped revision number for resource 8eb4fc6a-5b8d-4958-93e1-2e9be9a40288 (type: subnets) to 0
2026-05-06 02:29:11.922 10 INFO neutron.api.wsgi [None req-6f74e647-717c-4921-a19d-4e2ab6a6699f 5a4f1f0ed62e44a5a9fde98d17e532a9 367d347fc62f49cca10955250306b5ac - - default default] 10.0.0.180 "POST /v2.0/subnets HTTP/1.1" status: 201 len: 828 time: 0.8385732
2026-05-06 02:29:11.933 9 WARNING neutron_lib.context [None req-ee9a371e-266b-41cd-9221-cb2418041de0 5a4f1f0ed62e44a5a9fde98d17e532a9 367d347fc62f49cca10955250306b5ac - - default default] Method 'is_advsvc' is deprecated since 2023.2 release (neutron-lib 3.8.0) and will be removed once support for the old RBAC API policies will be removed from Neutron. Please use method 'is_service_role' instead.
2026-05-06 02:29:12.003 9 INFO neutron.db.ovn_revision_numbers_db [None req-f43b0047-8586-4098-86e5-6194bd1e3643 - - - - - -] Successfully bumped revision number for resource d2100646-2366-4996-a0e6-2ad9960689c3 (type: ports) to 4
2026-05-06 02:29:12.042 9 INFO neutron.db.segments_db [None req-ee9a371e-266b-41cd-9221-cb2418041de0 5a4f1f0ed62e44a5a9fde98d17e532a9 367d347fc62f49cca10955250306b5ac - - default default] Added segment 04505caa-10cd-4e94-8dd9-c5e7e2e3dc06 of type geneve for network 54a5e2db-570e-4a4c-bd1a-cb267f53bcd1
2026-05-06 02:29:12.202 9 INFO neutron.db.ovn_revision_numbers_db [None req-ee9a371e-266b-41cd-9221-cb2418041de0 5a4f1f0ed62e44a5a9fde98d17e532a9 367d347fc62f49cca10955250306b5ac - - default default] Successfully bumped revision number for resource 54a5e2db-570e-4a4c-bd1a-cb267f53bcd1 (type: networks) to 1
2026-05-06 02:29:12.214 9 INFO neutron.db.ovn_revision_numbers_db [None req-3b8cb7af-a9a6-4bcc-bd06-220b348e88b2 26d1b44731a14a198700d0f8145aed0a 86d93090c8cd4072818669d06cc8f0ff - - default default] Successfully bumped revision number for resource c8696471-44f4-4a7e-b2a7-dfd4dff7109a (type: routers) to 7
2026-05-06 02:29:12.237 9 INFO neutron.api.wsgi [None req-3b8cb7af-a9a6-4bcc-bd06-220b348e88b2 26d1b44731a14a198700d0f8145aed0a 86d93090c8cd4072818669d06cc8f0ff - - default default] 10.0.0.180 "DELETE /v2.0/vpn/ipsec-site-connections/68a1bb3c-88cc-40cd-b99f-53fb28986fc6 HTTP/1.1" status: 204 len: 168 time: 0.6424026
2026-05-06 02:29:12.252 10 INFO neutron.api.wsgi [None req-29a003dc-bcdc-4ccc-9af8-25c12cb91040 26d1b44731a14a198700d0f8145aed0a 86d93090c8cd4072818669d06cc8f0ff - - default default] 10.0.0.180 "GET /v2.0/vpn/ipsec-site-connections HTTP/1.1" status: 200 len: 999 time: 0.0098257
2026-05-06 02:29:12.272 10 INFO neutron.api.v2.resource [None req-ee68ec31-77ee-4b9f-aa6e-7cbee2beee3b 26d1b44731a14a198700d0f8145aed0a 86d93090c8cd4072818669d06cc8f0ff - - default default] delete failed (client error): The resource could not be found.
2026-05-06 02:29:12.273 10 INFO neutron.api.wsgi [None req-ee68ec31-77ee-4b9f-aa6e-7cbee2beee3b 26d1b44731a14a198700d0f8145aed0a 86d93090c8cd4072818669d06cc8f0ff - - default default] 10.0.0.180 "DELETE /v2.0/vpn/ipsec-site-connections/68a1bb3c-88cc-40cd-b99f-53fb28986fc6 HTTP/1.1" status: 404 len: 355 time: 0.0133035
2026-05-06 02:29:12.287 10 INFO neutron.api.wsgi [None req-273f0b48-b5c2-4864-8a3d-30e29b5a958c 26d1b44731a14a198700d0f8145aed0a 86d93090c8cd4072818669d06cc8f0ff - - default default] 10.0.0.180 "GET /v2.0/vpn/endpoint-groups HTTP/1.1" status: 200 len: 1383 time: 0.0094926
2026-05-06 02:29:12.318 10 INFO neutron.api.wsgi [None req-c0ff45ab-9f79-4fd3-88ca-cc0358465094 26d1b44731a14a198700d0f8145aed0a 86d93090c8cd4072818669d06cc8f0ff - - default default] 10.0.0.180 "DELETE /v2.0/vpn/endpoint-groups/ac1e02ff-4759-4c58-b8dc-01a9aaf1afcf HTTP/1.1" status: 204 len: 168 time: 0.0248456
2026-05-06 02:29:12.334 10 INFO neutron.api.wsgi [None req-83d0b541-c5fd-4e6f-b1b8-3106704b95be 26d1b44731a14a198700d0f8145aed0a 86d93090c8cd4072818669d06cc8f0ff - - default default] 10.0.0.180 "GET /v2.0/vpn/endpoint-groups HTTP/1.1" status: 200 len: 1099 time: 0.0114498
2026-05-06 02:29:12.353 9 INFO neutron.api.wsgi [None req-86354c6e-7ad5-46e8-b628-bd1c3e9a1fa3 26d1b44731a14a198700d0f8145aed0a 86d93090c8cd4072818669d06cc8f0ff - - default default] 10.0.0.180 "GET /v2.0/vpn/endpoint-groups HTTP/1.1" status: 200 len: 1099 time: 0.0134885
2026-05-06 02:29:12.382 10 INFO neutron.api.wsgi [None req-dd7ee0db-4b8b-4f4e-a4a8-f0da39cf6f8f 26d1b44731a14a198700d0f8145aed0a 86d93090c8cd4072818669d06cc8f0ff - - default default] 10.0.0.180 "DELETE /v2.0/vpn/endpoint-groups/5079cfcb-442a-46e8-85e0-0025943ed288 HTTP/1.1" status: 204 len: 168 time: 0.0233483
2026-05-06 02:29:12.382 9 WARNING neutron.scheduler.dhcp_agent_scheduler [None req-ee9a371e-266b-41cd-9221-cb2418041de0 5a4f1f0ed62e44a5a9fde98d17e532a9 367d347fc62f49cca10955250306b5ac - - default default] No more DHCP agents
2026-05-06 02:29:12.386 9 WARNING neutron.api.rpc.agentnotifiers.dhcp_rpc_agent_api [None req-ee9a371e-266b-41cd-9221-cb2418041de0 5a4f1f0ed62e44a5a9fde98d17e532a9 367d347fc62f49cca10955250306b5ac - - default default] Unable to schedule network 54a5e2db-570e-4a4c-bd1a-cb267f53bcd1: no agents available; will retry on subsequent port and subnet creation events.
2026-05-06 02:29:12.404 10 INFO neutron.api.wsgi [None req-d16d5562-5f51-4a1a-ade6-ba2e3a081794 26d1b44731a14a198700d0f8145aed0a 86d93090c8cd4072818669d06cc8f0ff - - default default] 10.0.0.180 "GET /v2.0/vpn/endpoint-groups HTTP/1.1" status: 200 len: 827 time: 0.0152431
2026-05-06 02:29:12.414 10 WARNING neutron_lib.context [None req-9dc1cfb5-83fe-4e8a-8aa0-d2793ac05214 26d1b44731a14a198700d0f8145aed0a 86d93090c8cd4072818669d06cc8f0ff - - default default] Method 'is_advsvc' is deprecated since 2023.2 release (neutron-lib 3.8.0) and will be removed once support for the old RBAC API policies will be removed from Neutron. Please use method 'is_service_role' instead.
2026-05-06 02:29:12.470 9 INFO neutron.db.ovn_revision_numbers_db [None req-ee9a371e-266b-41cd-9221-cb2418041de0 5a4f1f0ed62e44a5a9fde98d17e532a9 367d347fc62f49cca10955250306b5ac - - default default] Successfully bumped revision number for resource c140d66b-6395-4f8c-af70-2050eeb8e392 (type: ports) to 1
2026-05-06 02:29:12.489 9 INFO neutron.api.wsgi [None req-ee9a371e-266b-41cd-9221-cb2418041de0 5a4f1f0ed62e44a5a9fde98d17e532a9 367d347fc62f49cca10955250306b5ac - - default default] 10.0.0.180 "POST /v2.0/networks HTTP/1.1" status: 201 len: 830 time: 0.5611665
2026-05-06 02:29:12.499 9 WARNING neutron_lib.context [None req-e34a82ca-c4d2-4290-a57d-eb27209b56a0 5a4f1f0ed62e44a5a9fde98d17e532a9 367d347fc62f49cca10955250306b5ac - - default default] Method 'is_advsvc' is deprecated since 2023.2 release (neutron-lib 3.8.0) and will be removed once support for the old RBAC API policies will be removed from Neutron. Please use method 'is_service_role' instead.
2026-05-06 02:29:12.523 9 INFO neutron.plugins.ml2.drivers.ovn.mech_driver.mech_driver [None req-a187b1e5-680e-4828-bb39-7687a7c566d8 - - - - - -] OVN reports status up for port: a19e12e8-a294-4605-b2c1-7546913db47a
2026-05-06 02:29:12.541 9 INFO neutron.plugins.ml2.plugin [None req-a187b1e5-680e-4828-bb39-7687a7c566d8 - - - - - -] Attempt 1 to provision port a19e12e8-a294-4605-b2c1-7546913db47a
2026-05-06 02:29:12.545 10 INFO neutron.db.ovn_revision_numbers_db [None req-8197d527-9fa3-44a1-aab2-5e9cffe893a2 b83934805f034c618e8a47bf76d01dba f46244320ec249a99274ffb8f6b97946 - - default default] Successfully bumped revision number for resource a19e12e8-a294-4605-b2c1-7546913db47a (type: ports) to 1
2026-05-06 02:29:12.610 10 WARNING neutron.scheduler.dhcp_agent_scheduler [None req-8197d527-9fa3-44a1-aab2-5e9cffe893a2 b83934805f034c618e8a47bf76d01dba f46244320ec249a99274ffb8f6b97946 - - default default] No more DHCP agents
2026-05-06 02:29:12.611 10 WARNING neutron.api.rpc.agentnotifiers.dhcp_rpc_agent_api [None req-8197d527-9fa3-44a1-aab2-5e9cffe893a2 b83934805f034c618e8a47bf76d01dba f46244320ec249a99274ffb8f6b97946 - - default default] Unable to schedule network c90ac318-4c59-425e-af85-34981c6996c9: no agents available; will retry on subsequent port and subnet creation events.
2026-05-06 02:29:12.680 9 WARNING neutron.scheduler.dhcp_agent_scheduler [None req-e34a82ca-c4d2-4290-a57d-eb27209b56a0 5a4f1f0ed62e44a5a9fde98d17e532a9 367d347fc62f49cca10955250306b5ac - - default default] No more DHCP agents
2026-05-06 02:29:12.681 9 WARNING neutron.api.rpc.agentnotifiers.dhcp_rpc_agent_api [None req-e34a82ca-c4d2-4290-a57d-eb27209b56a0 5a4f1f0ed62e44a5a9fde98d17e532a9 367d347fc62f49cca10955250306b5ac - - default default] Unable to schedule network 54a5e2db-570e-4a4c-bd1a-cb267f53bcd1: no agents available; will retry on subsequent port and subnet creation events.
2026-05-06 02:29:12.909 9 INFO neutron.db.ovn_revision_numbers_db [None req-a187b1e5-680e-4828-bb39-7687a7c566d8 - - - - - -] Successfully bumped revision number for resource a19e12e8-a294-4605-b2c1-7546913db47a (type: ports) to 2
2026-05-06 02:29:12.977 10 INFO neutron.db.ovn_revision_numbers_db [None req-8197d527-9fa3-44a1-aab2-5e9cffe893a2 b83934805f034c618e8a47bf76d01dba f46244320ec249a99274ffb8f6b97946 - - default default] Successfully bumped revision number for resource a19e12e8-a294-4605-b2c1-7546913db47a (type: router_ports) to 1
2026-05-06 02:29:12.981 10 INFO neutron.api.wsgi [None req-8197d527-9fa3-44a1-aab2-5e9cffe893a2 b83934805f034c618e8a47bf76d01dba f46244320ec249a99274ffb8f6b97946 - - default default] 10.0.0.180 "PUT /v2.0/routers/3c695f2c-8501-4ccc-98d8-47909e6cb7dd/add_router_interface HTTP/1.1" status: 200 len: 503 time: 1.9526763
2026-05-06 02:29:13.033 10 WARNING neutron_lib.context [None req-e5f670a1-fd1a-4347-bcad-3f6e0c53a401 b83934805f034c618e8a47bf76d01dba f46244320ec249a99274ffb8f6b97946 - - default default] Method 'is_advsvc' is deprecated since 2023.2 release (neutron-lib 3.8.0) and will be removed once support for the old RBAC API policies will be removed from Neutron. Please use method 'is_service_role' instead.
2026-05-06 02:29:13.091 10 INFO neutron.db.ovn_revision_numbers_db [None req-9dc1cfb5-83fe-4e8a-8aa0-d2793ac05214 26d1b44731a14a198700d0f8145aed0a 86d93090c8cd4072818669d06cc8f0ff - - default default] Successfully bumped revision number for resource c8696471-44f4-4a7e-b2a7-dfd4dff7109a (type: routers) to 8
2026-05-06 02:29:13.128 10 INFO neutron.api.wsgi [None req-9dc1cfb5-83fe-4e8a-8aa0-d2793ac05214 26d1b44731a14a198700d0f8145aed0a 86d93090c8cd4072818669d06cc8f0ff - - default default] 10.0.0.180 "POST /v2.0/vpn/ipsec-site-connections HTTP/1.1" status: 201 len: 1003 time: 0.7182655
2026-05-06 02:29:13.151 10 INFO neutron.db.ovn_revision_numbers_db [None req-e5f670a1-fd1a-4347-bcad-3f6e0c53a401 b83934805f034c618e8a47bf76d01dba f46244320ec249a99274ffb8f6b97946 - - default default] Successfully bumped revision number for resource b8d186ee-368f-466e-8e77-e314bf1c3c6a (type: security_groups) to 1
2026-05-06 02:29:13.162 10 INFO neutron.db.ovn_revision_numbers_db [None req-e5f670a1-fd1a-4347-bcad-3f6e0c53a401 b83934805f034c618e8a47bf76d01dba f46244320ec249a99274ffb8f6b97946 - - default default] Successfully bumped revision number for resource 726c317c-659d-44f3-a6b9-5da8f4b3df95 (type: security_group_rules) to 0
2026-05-06 02:29:13.162 9 INFO neutron.db.ovn_revision_numbers_db [None req-17cadb8a-72c2-4164-9feb-92f06b13c6c4 - - - - - -] Successfully bumped revision number for resource c140d66b-6395-4f8c-af70-2050eeb8e392 (type: ports) to 2
2026-05-06 02:29:13.184 10 INFO neutron.db.ovn_revision_numbers_db [None req-e5f670a1-fd1a-4347-bcad-3f6e0c53a401 b83934805f034c618e8a47bf76d01dba f46244320ec249a99274ffb8f6b97946 - - default default] Successfully bumped revision number for resource 83f0537a-788f-40cf-9a7d-342566316988 (type: security_group_rules) to 0
2026-05-06 02:29:13.191 9 INFO neutron.db.ovn_revision_numbers_db [None req-17cadb8a-72c2-4164-9feb-92f06b13c6c4 - - - - - -] Successfully bumped revision number for resource 16f50194-a01a-402c-9876-2ac144097278 (type: subnets) to 0
2026-05-06 02:29:13.205 9 INFO neutron.api.wsgi [None req-e34a82ca-c4d2-4290-a57d-eb27209b56a0 5a4f1f0ed62e44a5a9fde98d17e532a9 367d347fc62f49cca10955250306b5ac - - default default] 10.0.0.180 "POST /v2.0/subnets HTTP/1.1" status: 201 len: 828 time: 0.7106349
2026-05-06 02:29:13.213 10 WARNING neutron_lib.context [None req-750da7af-95ab-4b09-b96f-aa23010aabff 5a4f1f0ed62e44a5a9fde98d17e532a9 367d347fc62f49cca10955250306b5ac - - default default] Method 'is_advsvc' is deprecated since 2023.2 release (neutron-lib 3.8.0) and will be removed once support for the old RBAC API policies will be removed from Neutron. Please use method 'is_service_role' instead.
2026-05-06 02:29:13.223 10 INFO neutron.api.wsgi [None req-e5f670a1-fd1a-4347-bcad-3f6e0c53a401 b83934805f034c618e8a47bf76d01dba f46244320ec249a99274ffb8f6b97946 - - default default] 10.0.0.180 "POST /v2.0/security-groups HTTP/1.1" status: 201 len: 1828 time: 0.1940129
2026-05-06 02:29:13.235 9 WARNING neutron_lib.context [None req-85e00e41-7d5c-4840-9ab4-5d35b43f6a5c b83934805f034c618e8a47bf76d01dba f46244320ec249a99274ffb8f6b97946 - - default default] Method 'is_advsvc' is deprecated since 2023.2 release (neutron-lib 3.8.0) and will be removed once support for the old RBAC API policies will be removed from Neutron. Please use method 'is_service_role' instead.
2026-05-06 02:29:13.311 10 INFO neutron.db.segments_db [None req-750da7af-95ab-4b09-b96f-aa23010aabff 5a4f1f0ed62e44a5a9fde98d17e532a9 367d347fc62f49cca10955250306b5ac - - default default] Added segment 533ab6c1-084e-4ab5-a060-b1c606789c45 of type geneve for network 4512e5a7-2b6c-45bf-b7e7-b045ffdf7e1c
2026-05-06 02:29:13.357 9 INFO neutron.db.ovn_revision_numbers_db [None req-85e00e41-7d5c-4840-9ab4-5d35b43f6a5c b83934805f034c618e8a47bf76d01dba f46244320ec249a99274ffb8f6b97946 - - default default] Successfully bumped revision number for resource eb6999c9-31c7-47ca-9fdb-b94da89df0f8 (type: security_group_rules) to 0
2026-05-06 02:29:13.394 9 INFO neutron.api.wsgi [None req-85e00e41-7d5c-4840-9ab4-5d35b43f6a5c b83934805f034c618e8a47bf76d01dba f46244320ec249a99274ffb8f6b97946 - - default default] 10.0.0.180 "POST /v2.0/security-group-rules HTTP/1.1" status: 201 len: 796 time: 0.1652215
2026-05-06 02:29:13.403 9 WARNING neutron_lib.context [None req-065f949e-9cae-4a74-9272-5d5fa6a2a866 b83934805f034c618e8a47bf76d01dba f46244320ec249a99274ffb8f6b97946 - - default default] Method 'is_advsvc' is deprecated since 2023.2 release (neutron-lib 3.8.0) and will be removed once support for the old RBAC API policies will be removed from Neutron. Please use method 'is_service_role' instead.
2026-05-06 02:29:13.414 10 WARNING neutron_lib.context [None req-cf2028a9-dda0-4302-a689-f5ba4bb93b27 9153b5b165ec448a9cc578d5ff7b2305 46499fe9606641b089f2b18331198699 - - default default] Method 'is_advsvc' is deprecated since 2023.2 release (neutron-lib 3.8.0) and will be removed once support for the old RBAC API policies will be removed from Neutron. Please use method 'is_service_role' instead.
2026-05-06 02:29:13.446 10 INFO neutron.db.ovn_revision_numbers_db [None req-750da7af-95ab-4b09-b96f-aa23010aabff 5a4f1f0ed62e44a5a9fde98d17e532a9 367d347fc62f49cca10955250306b5ac - - default default] Successfully bumped revision number for resource 4512e5a7-2b6c-45bf-b7e7-b045ffdf7e1c (type: networks) to 1
2026-05-06 02:29:13.520 9 INFO neutron.db.ovn_revision_numbers_db [None req-065f949e-9cae-4a74-9272-5d5fa6a2a866 b83934805f034c618e8a47bf76d01dba f46244320ec249a99274ffb8f6b97946 - - default default] Successfully bumped revision number for resource df4ed87a-a0b7-4119-ad21-554539bcdb00 (type: security_group_rules) to 0
2026-05-06 02:29:13.552 9 INFO neutron.api.wsgi [None req-065f949e-9cae-4a74-9272-5d5fa6a2a866 b83934805f034c618e8a47bf76d01dba f46244320ec249a99274ffb8f6b97946 - - default default] 10.0.0.180 "POST /v2.0/security-group-rules HTTP/1.1" status: 201 len: 796 time: 0.1536384
2026-05-06 02:29:13.561 9 WARNING neutron_lib.context [None req-4d5a55d2-2688-4415-be36-8203a8c9e669 b83934805f034c618e8a47bf76d01dba f46244320ec249a99274ffb8f6b97946 - - default default] Method 'is_advsvc' is deprecated since 2023.2 release (neutron-lib 3.8.0) and will be removed once support for the old RBAC API policies will be removed from Neutron. Please use method 'is_service_role' instead.
2026-05-06 02:29:13.615 10 INFO neutron.db.ovn_revision_numbers_db [None req-cf2028a9-dda0-4302-a689-f5ba4bb93b27 9153b5b165ec448a9cc578d5ff7b2305 46499fe9606641b089f2b18331198699 - - default default] Successfully bumped revision number for resource e4840911-ea0e-44cf-b973-0c6c620b6b7e (type: security_groups) to 1
2026-05-06 02:29:13.637 10 INFO neutron.db.ovn_revision_numbers_db [None req-cf2028a9-dda0-4302-a689-f5ba4bb93b27 9153b5b165ec448a9cc578d5ff7b2305 46499fe9606641b089f2b18331198699 - - default default] Successfully bumped revision number for resource 0902d55a-1664-41d2-b3fd-eed5dc735740 (type: security_group_rules) to 0
2026-05-06 02:29:13.656 10 INFO neutron.db.ovn_revision_numbers_db [None req-cf2028a9-dda0-4302-a689-f5ba4bb93b27 9153b5b165ec448a9cc578d5ff7b2305 46499fe9606641b089f2b18331198699 - - default default] Successfully bumped revision number for resource 212f8f4a-c33b-4de1-93af-160d52372726 (type: security_group_rules) to 0
2026-05-06 02:29:13.677 10 INFO neutron.db.ovn_revision_numbers_db [None req-cf2028a9-dda0-4302-a689-f5ba4bb93b27 9153b5b165ec448a9cc578d5ff7b2305 46499fe9606641b089f2b18331198699 - - default default] Successfully bumped revision number for resource 35042b07-ac53-4a94-9c92-d091f42d7833 (type: security_group_rules) to 0
2026-05-06 02:29:13.678 10 WARNING neutron.scheduler.dhcp_agent_scheduler [None req-750da7af-95ab-4b09-b96f-aa23010aabff 5a4f1f0ed62e44a5a9fde98d17e532a9 367d347fc62f49cca10955250306b5ac - - default default] No more DHCP agents
2026-05-06 02:29:13.680 9 INFO neutron.db.ovn_revision_numbers_db [None req-4d5a55d2-2688-4415-be36-8203a8c9e669 b83934805f034c618e8a47bf76d01dba f46244320ec249a99274ffb8f6b97946 - - default default] Successfully bumped revision number for resource 5a294d3b-eb66-4c2e-8058-3ec4e24514f5 (type: security_group_rules) to 0
2026-05-06 02:29:13.681 10 WARNING neutron.api.rpc.agentnotifiers.dhcp_rpc_agent_api [None req-750da7af-95ab-4b09-b96f-aa23010aabff 5a4f1f0ed62e44a5a9fde98d17e532a9 367d347fc62f49cca10955250306b5ac - - default default] Unable to schedule network 4512e5a7-2b6c-45bf-b7e7-b045ffdf7e1c: no agents available; will retry on subsequent port and subnet creation events.
2026-05-06 02:29:13.696 10 INFO neutron.db.ovn_revision_numbers_db [None req-cf2028a9-dda0-4302-a689-f5ba4bb93b27 9153b5b165ec448a9cc578d5ff7b2305 46499fe9606641b089f2b18331198699 - - default default] Successfully bumped revision number for resource e575efb1-0dd3-4c77-911a-a00f4ef11ffe (type: security_group_rules) to 0
2026-05-06 02:29:13.715 9 INFO neutron.api.wsgi [None req-4d5a55d2-2688-4415-be36-8203a8c9e669 b83934805f034c618e8a47bf76d01dba f46244320ec249a99274ffb8f6b97946 - - default default] 10.0.0.180 "POST /v2.0/security-group-rules HTTP/1.1" status: 201 len: 798 time: 0.1580100
2026-05-06 02:29:13.725 9 WARNING neutron_lib.context [None req-6ee78fab-deec-4ed5-9140-623d983e65ef b83934805f034c618e8a47bf76d01dba f46244320ec249a99274ffb8f6b97946 - - default default] Method 'is_advsvc' is deprecated since 2023.2 release (neutron-lib 3.8.0) and will be removed once support for the old RBAC API policies will be removed from Neutron. Please use method 'is_service_role' instead.
2026-05-06 02:29:13.749 10 INFO neutron.db.ovn_revision_numbers_db [None req-3b8d1ac2-07c9-4b14-840b-92c2777aceb9 26d1b44731a14a198700d0f8145aed0a 86d93090c8cd4072818669d06cc8f0ff - - default default] Successfully bumped revision number for resource c8696471-44f4-4a7e-b2a7-dfd4dff7109a (type: routers) to 9
2026-05-06 02:29:13.759 10 INFO neutron.db.ovn_revision_numbers_db [None req-750da7af-95ab-4b09-b96f-aa23010aabff 5a4f1f0ed62e44a5a9fde98d17e532a9 367d347fc62f49cca10955250306b5ac - - default default] Successfully bumped revision number for resource e590b933-0055-4d7a-a595-f2199c042c57 (type: ports) to 1
2026-05-06 02:29:13.768 10 INFO neutron.api.wsgi [None req-3b8d1ac2-07c9-4b14-840b-92c2777aceb9 26d1b44731a14a198700d0f8145aed0a 86d93090c8cd4072818669d06cc8f0ff - - default default] 10.0.0.180 "DELETE /v2.0/vpn/ipsec-site-connections/20005cdf-b385-476f-af50-8a550b5e808c HTTP/1.1" status: 204 len: 168 time: 0.6349258
2026-05-06 02:29:13.784 10 INFO neutron.api.wsgi [None req-750da7af-95ab-4b09-b96f-aa23010aabff 5a4f1f0ed62e44a5a9fde98d17e532a9 367d347fc62f49cca10955250306b5ac - - default default] 10.0.0.180 "POST /v2.0/networks HTTP/1.1" status: 201 len: 830 time: 0.5752668
2026-05-06 02:29:13.786 9 INFO neutron.api.wsgi [None req-5c6ae895-f523-4ec0-89cf-8d7e0f254f00 26d1b44731a14a198700d0f8145aed0a 86d93090c8cd4072818669d06cc8f0ff - - default default] 10.0.0.180 "GET /v2.0/vpn/ipsec-site-connections HTTP/1.1" status: 200 len: 989 time: 0.0134904
2026-05-06 02:29:13.794 10 WARNING neutron_lib.context [None req-137b97d6-9e6e-41a9-b74a-44e0f0cdedb3 5a4f1f0ed62e44a5a9fde98d17e532a9 367d347fc62f49cca10955250306b5ac - - default default] Method 'is_advsvc' is deprecated since 2023.2 release (neutron-lib 3.8.0) and will be removed once support for the old RBAC API policies will be removed from Neutron. Please use method 'is_service_role' instead.
2026-05-06 02:29:13.795 10 INFO neutron.db.segments_db [None req-cf2028a9-dda0-4302-a689-f5ba4bb93b27 9153b5b165ec448a9cc578d5ff7b2305 46499fe9606641b089f2b18331198699 - - default default] Added segment 99eb86bc-0c3c-4626-b29b-6d79bb0d1fdc of type geneve for network cf5cf05c-a745-41d3-a33c-3cc8189f0f5d
2026-05-06 02:29:13.799 9 INFO neutron.api.v2.resource [None req-289f061f-53bd-4125-9e62-74a192717722 26d1b44731a14a198700d0f8145aed0a 86d93090c8cd4072818669d06cc8f0ff - - default default] delete failed (client error): The resource could not be found.
2026-05-06 02:29:13.800 9 INFO neutron.api.wsgi [None req-289f061f-53bd-4125-9e62-74a192717722 26d1b44731a14a198700d0f8145aed0a 86d93090c8cd4072818669d06cc8f0ff - - default default] 10.0.0.180 "DELETE /v2.0/vpn/ipsec-site-connections/20005cdf-b385-476f-af50-8a550b5e808c HTTP/1.1" status: 404 len: 355 time: 0.0084515
2026-05-06 02:29:13.809 9 WARNING neutron_lib.context [None req-a1475237-0bbd-446a-8438-eaaedcb33b0b 26d1b44731a14a198700d0f8145aed0a 86d93090c8cd4072818669d06cc8f0ff - - default default] Method 'is_advsvc' is deprecated since 2023.2 release (neutron-lib 3.8.0) and will be removed once support for the old RBAC API policies will be removed from Neutron. Please use method 'is_service_role' instead.
2026-05-06 02:29:13.849 9 INFO neutron.api.wsgi [None req-a1475237-0bbd-446a-8438-eaaedcb33b0b 26d1b44731a14a198700d0f8145aed0a 86d93090c8cd4072818669d06cc8f0ff - - default default] 10.0.0.180 "POST /v2.0/vpn/endpoint-groups HTTP/1.1" status: 201 len: 489 time: 0.0439644
2026-05-06 02:29:13.860 9 INFO neutron.db.ovn_revision_numbers_db [None req-6ee78fab-deec-4ed5-9140-623d983e65ef b83934805f034c618e8a47bf76d01dba f46244320ec249a99274ffb8f6b97946 - - default default] Successfully bumped revision number for resource 9245935f-578a-4005-af22-149cb2c4b972 (type: security_group_rules) to 0
2026-05-06 02:29:13.883 10 INFO neutron.api.wsgi [None req-de7a8ad1-c18c-4c6e-bf71-f767621a335a 26d1b44731a14a198700d0f8145aed0a 86d93090c8cd4072818669d06cc8f0ff - - default default] 10.0.0.180 "PUT /v2.0/vpn/endpoint-groups/97a3511b-eb28-4cad-86b0-072ba0400a87 HTTP/1.1" status: 200 len: 484 time: 0.0265152
2026-05-06 02:29:13.887 9 INFO neutron.api.wsgi [None req-6ee78fab-deec-4ed5-9140-623d983e65ef b83934805f034c618e8a47bf76d01dba f46244320ec249a99274ffb8f6b97946 - - default default] 10.0.0.180 "POST /v2.0/security-group-rules HTTP/1.1" status: 201 len: 800 time: 0.1658082
2026-05-06 02:29:13.898 10 INFO neutron.api.wsgi [None req-f73c22e6-37d8-454f-8e55-99d142006d58 26d1b44731a14a198700d0f8145aed0a 86d93090c8cd4072818669d06cc8f0ff - - default default] 10.0.0.180 "GET /v2.0/vpn/endpoint-groups/97a3511b-eb28-4cad-86b0-072ba0400a87 HTTP/1.1" status: 200 len: 484 time: 0.0102694
2026-05-06 02:29:13.904 9 WARNING neutron_lib.context [None req-87e503f2-be88-4a8a-9d5b-8ab042794c7d b83934805f034c618e8a47bf76d01dba f46244320ec249a99274ffb8f6b97946 - - default default] Method 'is_advsvc' is deprecated since 2023.2 release (neutron-lib 3.8.0) and will be removed once support for the old RBAC API policies will be removed from Neutron. Please use method 'is_service_role' instead.
2026-05-06 02:29:13.927 9 INFO neutron.api.wsgi [None req-ce7a73ad-137a-464f-b5c4-43c4d60ed312 26d1b44731a14a198700d0f8145aed0a 86d93090c8cd4072818669d06cc8f0ff - - default default] 10.0.0.180 "DELETE /v2.0/vpn/endpoint-groups/97a3511b-eb28-4cad-86b0-072ba0400a87 HTTP/1.1" status: 204 len: 168 time: 0.0261922
2026-05-06 02:29:13.932 10 INFO neutron.db.ovn_revision_numbers_db [None req-cf2028a9-dda0-4302-a689-f5ba4bb93b27 9153b5b165ec448a9cc578d5ff7b2305 46499fe9606641b089f2b18331198699 - - default default] Successfully bumped revision number for resource cf5cf05c-a745-41d3-a33c-3cc8189f0f5d (type: networks) to 1
2026-05-06 02:29:13.945 10 INFO neutron.api.wsgi [None req-358df715-64a9-466b-b3ad-07e7ebe47dd9 26d1b44731a14a198700d0f8145aed0a 86d93090c8cd4072818669d06cc8f0ff - - default default] 10.0.0.180 "GET /v2.0/vpn/endpoint-groups HTTP/1.1" status: 200 len: 827 time: 0.0143344
2026-05-06 02:29:13.964 10 INFO neutron.api.wsgi [None req-410bfaa4-6b9e-4746-946e-5b5eedd8914c 26d1b44731a14a198700d0f8145aed0a 86d93090c8cd4072818669d06cc8f0ff - - default default] 10.0.0.180 "GET /v2.0/vpn/endpoint-groups HTTP/1.1" status: 200 len: 827 time: 0.0127003
2026-05-06 02:29:13.973 9 WARNING neutron_lib.context [None req-317d3c3f-30fa-4f08-acdb-005618c43508 26d1b44731a14a198700d0f8145aed0a 86d93090c8cd4072818669d06cc8f0ff - - default default] Method 'is_advsvc' is deprecated since 2023.2 release (neutron-lib 3.8.0) and will be removed once support for the old RBAC API policies will be removed from Neutron. Please use method 'is_service_role' instead.
2026-05-06 02:29:14.010 9 INFO neutron.api.wsgi [None req-317d3c3f-30fa-4f08-acdb-005618c43508 26d1b44731a14a198700d0f8145aed0a 86d93090c8cd4072818669d06cc8f0ff - - default default] 10.0.0.180 "POST /v2.0/vpn/ikepolicies HTTP/1.1" status: 201 len: 602 time: 0.0409031
2026-05-06 02:29:14.026 10 WARNING neutron.scheduler.dhcp_agent_scheduler [None req-137b97d6-9e6e-41a9-b74a-44e0f0cdedb3 5a4f1f0ed62e44a5a9fde98d17e532a9 367d347fc62f49cca10955250306b5ac - - default default] No more DHCP agents
2026-05-06 02:29:14.030 10 WARNING neutron.api.rpc.agentnotifiers.dhcp_rpc_agent_api [None req-137b97d6-9e6e-41a9-b74a-44e0f0cdedb3 5a4f1f0ed62e44a5a9fde98d17e532a9 367d347fc62f49cca10955250306b5ac - - default default] Unable to schedule network 4512e5a7-2b6c-45bf-b7e7-b045ffdf7e1c: no agents available; will retry on subsequent port and subnet creation events.
2026-05-06 02:29:14.045 9 INFO neutron.api.wsgi [None req-e19d7633-2659-4cae-8c5b-4e186a634600 26d1b44731a14a198700d0f8145aed0a 86d93090c8cd4072818669d06cc8f0ff - - default default] 10.0.0.180 "PUT /v2.0/vpn/ikepolicies/e4f9ebe2-5b0c-4733-98db-9c95347d41b3 HTTP/1.1" status: 200 len: 612 time: 0.0288274
2026-05-06 02:29:14.056 9 INFO neutron.api.wsgi [None req-2560fa0b-fbef-4eda-96b4-7ab6d6bcc484 26d1b44731a14a198700d0f8145aed0a 86d93090c8cd4072818669d06cc8f0ff - - default default] 10.0.0.180 "GET /v2.0/vpn/ikepolicies/e4f9ebe2-5b0c-4733-98db-9c95347d41b3 HTTP/1.1" status: 200 len: 612 time: 0.0076523
2026-05-06 02:29:14.058 9 INFO neutron.db.ovn_revision_numbers_db [None req-87e503f2-be88-4a8a-9d5b-8ab042794c7d b83934805f034c618e8a47bf76d01dba f46244320ec249a99274ffb8f6b97946 - - default default] Successfully bumped revision number for resource 52c69dca-665c-48d2-bbeb-d8dc365ed3b2 (type: security_group_rules) to 0
2026-05-06 02:29:14.089 9 INFO neutron.api.wsgi [None req-6c0cc5db-5cf1-4622-a7b9-281a0a264dce 26d1b44731a14a198700d0f8145aed0a 86d93090c8cd4072818669d06cc8f0ff - - default default] 10.0.0.180 "DELETE /v2.0/vpn/ikepolicies/e4f9ebe2-5b0c-4733-98db-9c95347d41b3 HTTP/1.1" status: 204 len: 168 time: 0.0293403
2026-05-06 02:29:14.097 10 WARNING neutron.scheduler.dhcp_agent_scheduler [None req-cf2028a9-dda0-4302-a689-f5ba4bb93b27 9153b5b165ec448a9cc578d5ff7b2305 46499fe9606641b089f2b18331198699 - - default default] No more DHCP agents
2026-05-06 02:29:14.098 10 WARNING neutron.api.rpc.agentnotifiers.dhcp_rpc_agent_api [None req-cf2028a9-dda0-4302-a689-f5ba4bb93b27 9153b5b165ec448a9cc578d5ff7b2305 46499fe9606641b089f2b18331198699 - - default default] Unable to schedule network cf5cf05c-a745-41d3-a33c-3cc8189f0f5d: no agents available; will retry on subsequent port and subnet creation events.
2026-05-06 02:29:14.107 9 INFO neutron.api.wsgi [None req-87e503f2-be88-4a8a-9d5b-8ab042794c7d b83934805f034c618e8a47bf76d01dba f46244320ec249a99274ffb8f6b97946 - - default default] 10.0.0.180 "POST /v2.0/security-group-rules HTTP/1.1" status: 201 len: 800 time: 0.2075808
2026-05-06 02:29:14.109 9 INFO neutron.api.wsgi [None req-ede11a94-f2cd-4d77-b2ed-27c5b3c4b7fb 26d1b44731a14a198700d0f8145aed0a 86d93090c8cd4072818669d06cc8f0ff - - default default] 10.0.0.180 "GET /v2.0/vpn/ikepolicies HTTP/1.1" status: 200 len: 601 time: 0.0158432
2026-05-06 02:29:14.117 9 WARNING neutron_lib.context [None req-3a73e051-a80b-47e0-8f39-ad95a2f69977 b83934805f034c618e8a47bf76d01dba f46244320ec249a99274ffb8f6b97946 - - default default] Method 'is_advsvc' is deprecated since 2023.2 release (neutron-lib 3.8.0) and will be removed once support for the old RBAC API policies will be removed from Neutron. Please use method 'is_service_role' instead.
2026-05-06 02:29:14.129 10 INFO neutron.api.wsgi [None req-a2698cea-249a-481b-abda-646a26a1b3ed 26d1b44731a14a198700d0f8145aed0a 86d93090c8cd4072818669d06cc8f0ff - - default default] 10.0.0.180 "GET /v2.0/vpn/ikepolicies HTTP/1.1" status: 200 len: 601 time: 0.0133116
2026-05-06 02:29:14.140 9 WARNING neutron_lib.context [None req-0ad04fd0-251a-4180-9ab5-2c076f64de26 26d1b44731a14a198700d0f8145aed0a 86d93090c8cd4072818669d06cc8f0ff - - default default] Method 'is_advsvc' is deprecated since 2023.2 release (neutron-lib 3.8.0) and will be removed once support for the old RBAC API policies will be removed from Neutron. Please use method 'is_service_role' instead.
2026-05-06 02:29:14.175 10 INFO neutron.db.ovn_revision_numbers_db [None req-cf2028a9-dda0-4302-a689-f5ba4bb93b27 9153b5b165ec448a9cc578d5ff7b2305 46499fe9606641b089f2b18331198699 - - default default] Successfully bumped revision number for resource e992b141-2dc0-4b4e-a759-d8d3a1a1aa6e (type: ports) to 1
2026-05-06 02:29:14.189 9 INFO neutron.api.wsgi [None req-0ad04fd0-251a-4180-9ab5-2c076f64de26 26d1b44731a14a198700d0f8145aed0a 86d93090c8cd4072818669d06cc8f0ff - - default default] 10.0.0.180 "POST /v2.0/vpn/ipsecpolicies HTTP/1.1" status: 201 len: 611 time: 0.0544941
2026-05-06 02:29:14.202 10 INFO neutron.api.wsgi [None req-cf2028a9-dda0-4302-a689-f5ba4bb93b27 9153b5b165ec448a9cc578d5ff7b2305 46499fe9606641b089f2b18331198699 - - default default] 10.0.0.180 "POST /v2.0/networks HTTP/1.1" status: 201 len: 842 time: 0.9642560
2026-05-06 02:29:14.240 10 INFO neutron.api.wsgi [None req-7f69cf0a-2c32-46b0-8145-53258bd787e3 26d1b44731a14a198700d0f8145aed0a 86d93090c8cd4072818669d06cc8f0ff - - default default] 10.0.0.180 "PUT /v2.0/vpn/ipsecpolicies/3c95561d-2263-4558-96b2-9280c1230eab HTTP/1.1" status: 200 len: 625 time: 0.0452836
2026-05-06 02:29:14.240 9 WARNING neutron_lib.context [None req-02f78d1a-46c6-460d-8593-efd650aa268f 9153b5b165ec448a9cc578d5ff7b2305 46499fe9606641b089f2b18331198699 - - default default] Method 'is_advsvc' is deprecated since 2023.2 release (neutron-lib 3.8.0) and will be removed once support for the old RBAC API policies will be removed from Neutron. Please use method 'is_service_role' instead.
2026-05-06 02:29:14.265 9 INFO neutron.db.ovn_revision_numbers_db [None req-3a73e051-a80b-47e0-8f39-ad95a2f69977 b83934805f034c618e8a47bf76d01dba f46244320ec249a99274ffb8f6b97946 - - default default] Successfully bumped revision number for resource 241aeb3a-df23-452b-97cd-06111fc57aab (type: security_group_rules) to 0
2026-05-06 02:29:14.269 10 INFO neutron.api.wsgi [None req-f93cc1c0-204a-4abd-a135-857531f7377b 26d1b44731a14a198700d0f8145aed0a 86d93090c8cd4072818669d06cc8f0ff - - default default] 10.0.0.180 "DELETE /v2.0/vpn/ipsecpolicies/3c95561d-2263-4558-96b2-9280c1230eab HTTP/1.1" status: 204 len: 168 time: 0.0231922
2026-05-06 02:29:14.284 10 INFO neutron.api.v2.resource [None req-544b0419-ce0a-479d-81cf-6184a0ee0052 26d1b44731a14a198700d0f8145aed0a 86d93090c8cd4072818669d06cc8f0ff - - default default] delete failed (client error): The resource could not be found.
2026-05-06 02:29:14.285 10 INFO neutron.api.wsgi [None req-544b0419-ce0a-479d-81cf-6184a0ee0052 26d1b44731a14a198700d0f8145aed0a 86d93090c8cd4072818669d06cc8f0ff - - default default] 10.0.0.180 "DELETE /v2.0/vpn/ipsecpolicies/3c95561d-2263-4558-96b2-9280c1230eab HTTP/1.1" status: 404 len: 346 time: 0.0090055
2026-05-06 02:29:14.300 9 INFO neutron.api.v2.resource [None req-5e288835-5629-4593-95a6-fc3ecb7a07e5 26d1b44731a14a198700d0f8145aed0a 86d93090c8cd4072818669d06cc8f0ff - - default default] delete failed (client error): The resource could not be found.
2026-05-06 02:29:14.301 9 INFO neutron.api.wsgi [None req-5e288835-5629-4593-95a6-fc3ecb7a07e5 26d1b44731a14a198700d0f8145aed0a 86d93090c8cd4072818669d06cc8f0ff - - default default] 10.0.0.180 "DELETE /v2.0/vpn/ipsecpolicies/3c95561d-2263-4558-96b2-9280c1230eab HTTP/1.1" status: 404 len: 346 time: 0.0104930
2026-05-06 02:29:14.308 9 INFO neutron.api.wsgi [None req-3a73e051-a80b-47e0-8f39-ad95a2f69977 b83934805f034c618e8a47bf76d01dba f46244320ec249a99274ffb8f6b97946 - - default default] 10.0.0.180 "POST /v2.0/security-group-rules HTTP/1.1" status: 201 len: 796 time: 0.1945720
2026-05-06 02:29:14.310 10 WARNING neutron_lib.context [None req-978a574f-e298-4b44-b8e6-c8d1c1c36f39 26d1b44731a14a198700d0f8145aed0a 86d93090c8cd4072818669d06cc8f0ff - - default default] Method 'is_advsvc' is deprecated since 2023.2 release (neutron-lib 3.8.0) and will be removed once support for the old RBAC API policies will be removed from Neutron. Please use method 'is_service_role' instead.
2026-05-06 02:29:14.319 10 WARNING neutron_lib.context [None req-7a706005-f56d-4b6b-9a01-89c91195b704 b83934805f034c618e8a47bf76d01dba f46244320ec249a99274ffb8f6b97946 - - default default] Method 'is_advsvc' is deprecated since 2023.2 release (neutron-lib 3.8.0) and will be removed once support for the old RBAC API policies will be removed from Neutron. Please use method 'is_service_role' instead.
2026-05-06 02:29:14.416 9 WARNING neutron.scheduler.dhcp_agent_scheduler [None req-02f78d1a-46c6-460d-8593-efd650aa268f 9153b5b165ec448a9cc578d5ff7b2305 46499fe9606641b089f2b18331198699 - - default default] No more DHCP agents
2026-05-06 02:29:14.418 9 WARNING neutron.api.rpc.agentnotifiers.dhcp_rpc_agent_api [None req-02f78d1a-46c6-460d-8593-efd650aa268f 9153b5b165ec448a9cc578d5ff7b2305 46499fe9606641b089f2b18331198699 - - default default] Unable to schedule network cf5cf05c-a745-41d3-a33c-3cc8189f0f5d: no agents available; will retry on subsequent port and subnet creation events.
2026-05-06 02:29:14.419 10 INFO neutron.db.segments_db [None req-978a574f-e298-4b44-b8e6-c8d1c1c36f39 26d1b44731a14a198700d0f8145aed0a 86d93090c8cd4072818669d06cc8f0ff - - default default] Added segment 7ce2333b-95f2-427d-b46f-dbfcff1aa97b of type geneve for network bb66e157-830c-4725-8476-4251260441a4
2026-05-06 02:29:14.536 10 INFO neutron.db.ovn_revision_numbers_db [None req-031dd2d9-e28b-4089-b0fd-0402d5855f00 - - - - - -] Successfully bumped revision number for resource e590b933-0055-4d7a-a595-f2199c042c57 (type: ports) to 2
2026-05-06 02:29:14.571 10 INFO neutron.db.ovn_revision_numbers_db [None req-7a706005-f56d-4b6b-9a01-89c91195b704 b83934805f034c618e8a47bf76d01dba f46244320ec249a99274ffb8f6b97946 - - default default] Successfully bumped revision number for resource da96b81e-ee3a-492b-907b-a9ec3d41654b (type: security_group_rules) to 0
2026-05-06 02:29:14.578 10 INFO neutron.db.ovn_revision_numbers_db [None req-031dd2d9-e28b-4089-b0fd-0402d5855f00 - - - - - -] Successfully bumped revision number for resource d63c0239-0f69-403f-940b-c43937725d58 (type: subnets) to 0
2026-05-06 02:29:14.597 10 INFO neutron.api.wsgi [None req-137b97d6-9e6e-41a9-b74a-44e0f0cdedb3 5a4f1f0ed62e44a5a9fde98d17e532a9 367d347fc62f49cca10955250306b5ac - - default default] 10.0.0.180 "POST /v2.0/subnets HTTP/1.1" status: 201 len: 828 time: 0.8078563
2026-05-06 02:29:14.598 10 INFO neutron.db.ovn_revision_numbers_db [None req-978a574f-e298-4b44-b8e6-c8d1c1c36f39 26d1b44731a14a198700d0f8145aed0a 86d93090c8cd4072818669d06cc8f0ff - - default default] Successfully bumped revision number for resource bb66e157-830c-4725-8476-4251260441a4 (type: networks) to 1
2026-05-06 02:29:14.614 10 INFO neutron.api.wsgi [None req-7a706005-f56d-4b6b-9a01-89c91195b704 b83934805f034c618e8a47bf76d01dba f46244320ec249a99274ffb8f6b97946 - - default default] 10.0.0.180 "POST /v2.0/security-group-rules HTTP/1.1" status: 201 len: 796 time: 0.3007600
2026-05-06 02:29:14.626 9 WARNING neutron_lib.context [None req-f994111e-8599-45a1-bfbc-2cc104ba5b1f b83934805f034c618e8a47bf76d01dba f46244320ec249a99274ffb8f6b97946 - - default default] Method 'is_advsvc' is deprecated since 2023.2 release (neutron-lib 3.8.0) and will be removed once support for the old RBAC API policies will be removed from Neutron. Please use method 'is_service_role' instead.
2026-05-06 02:29:14.654 10 INFO neutron.api.wsgi [None req-32cfe1ea-1f1b-4c4d-9ee3-a3daf13436df 5a4f1f0ed62e44a5a9fde98d17e532a9 367d347fc62f49cca10955250306b5ac - - default default] 10.0.0.180 "PUT /v2.0/subnets/4baa3936-4152-4204-965e-e22ab676033a/tags HTTP/1.1" status: 200 len: 210 time: 0.0515978
2026-05-06 02:29:14.710 10 INFO neutron.api.wsgi [None req-b6d039d4-8dc3-4a58-9d9c-3bab1bc9d945 5a4f1f0ed62e44a5a9fde98d17e532a9 367d347fc62f49cca10955250306b5ac - - default default] 10.0.0.180 "PUT /v2.0/subnets/bb77846e-771b-4560-a3a7-8d92dba2f57f/tags HTTP/1.1" status: 200 len: 218 time: 0.0517988
2026-05-06 02:29:14.768 10 INFO neutron.api.wsgi [None req-17322781-6ace-49e5-be6c-fd1b472403b9 5a4f1f0ed62e44a5a9fde98d17e532a9 367d347fc62f49cca10955250306b5ac - - default default] 10.0.0.180 "PUT /v2.0/subnets/8eb4fc6a-5b8d-4958-93e1-2e9be9a40288/tags HTTP/1.1" status: 200 len: 227 time: 0.0531068
2026-05-06 02:29:14.772 10 WARNING neutron.scheduler.dhcp_agent_scheduler [None req-978a574f-e298-4b44-b8e6-c8d1c1c36f39 26d1b44731a14a198700d0f8145aed0a 86d93090c8cd4072818669d06cc8f0ff - - default default] No more DHCP agents
2026-05-06 02:29:14.773 10 WARNING neutron.api.rpc.agentnotifiers.dhcp_rpc_agent_api [None req-978a574f-e298-4b44-b8e6-c8d1c1c36f39 26d1b44731a14a198700d0f8145aed0a 86d93090c8cd4072818669d06cc8f0ff - - default default] Unable to schedule network bb66e157-830c-4725-8476-4251260441a4: no agents available; will retry on subsequent port and subnet creation events.
2026-05-06 02:29:14.774 9 INFO neutron.db.ovn_revision_numbers_db [None req-f994111e-8599-45a1-bfbc-2cc104ba5b1f b83934805f034c618e8a47bf76d01dba f46244320ec249a99274ffb8f6b97946 - - default default] Successfully bumped revision number for resource 39cfe110-1d6c-4d93-9262-db2b56c68789 (type: security_group_rules) to 0
