2026-05-06 02:29:35.063 9 INFO neutron.api.wsgi [req-e4a7e8d6-e8af-4c15-a63d-8a4d4d794490 req-f6604aac-e0dc-4415-838c-eaf37767c953 59c423385cec40c3991acfec2745cb80 abd13e4f2c81458d87fc4fea0437bb69 - - 9bf3027721cb4fbcb27a3d86345af0c0 9bf3027721cb4fbcb27a3d86345af0c0] 199.19.213.65 "GET /v2.0/subnets?id=9a2fa682-f399-4239-b220-3712fb4c296d&id=ef5ce82c-573b-4020-9f3d-d9778693cee3 HTTP/1.1" status: 200 len: 1610 time: 0.0327179
2026-05-06 02:29:35.084 9 INFO neutron.api.wsgi [req-e4a7e8d6-e8af-4c15-a63d-8a4d4d794490 req-4dee2a28-a4eb-4333-b50f-51532582c711 59c423385cec40c3991acfec2745cb80 abd13e4f2c81458d87fc4fea0437bb69 - - 9bf3027721cb4fbcb27a3d86345af0c0 9bf3027721cb4fbcb27a3d86345af0c0] 199.19.213.65 "GET /v2.0/ports?network_id=160fffcf-bee2-439a-83dd-78524d649180&device_owner=network%3Adhcp HTTP/1.1" status: 200 len: 210 time: 0.0170293
2026-05-06 02:29:35.102 9 INFO neutron.api.wsgi [req-e4a7e8d6-e8af-4c15-a63d-8a4d4d794490 req-2b19958a-5eb9-4b46-8dd6-25b4d768dfd5 59c423385cec40c3991acfec2745cb80 abd13e4f2c81458d87fc4fea0437bb69 - - 9bf3027721cb4fbcb27a3d86345af0c0 9bf3027721cb4fbcb27a3d86345af0c0] 199.19.213.65 "GET /v2.0/ports?network_id=160fffcf-bee2-439a-83dd-78524d649180&device_owner=network%3Adhcp HTTP/1.1" status: 200 len: 210 time: 0.0131657
2026-05-06 02:29:35.121 9 INFO neutron.api.wsgi [None req-23398c0c-2590-4c4e-9af3-6e4d0c9063e6 caaa5237240548109de1d16fb59824a8 7a83cdc4dbd94a4ebce2e7a53e60ec5e - - default default] 10.0.0.180 "GET /v2.0/security-group-rules HTTP/1.1" status: 200 len: 3755 time: 0.0943513
2026-05-06 02:29:35.132 10 WARNING neutron_lib.context [None req-4514be5e-dff6-4781-bc56-c05d5708f98d caaa5237240548109de1d16fb59824a8 7a83cdc4dbd94a4ebce2e7a53e60ec5e - - default default] Method 'is_advsvc' is deprecated since 2023.2 release (neutron-lib 3.8.0) and will be removed once support for the old RBAC API policies will be removed from Neutron. Please use method 'is_service_role' instead.
2026-05-06 02:29:35.151 9 INFO neutron.api.wsgi [req-e4a7e8d6-e8af-4c15-a63d-8a4d4d794490 req-cffc8b72-5d3c-4f24-b23d-f79062cb1de9 59c423385cec40c3991acfec2745cb80 abd13e4f2c81458d87fc4fea0437bb69 - - 9bf3027721cb4fbcb27a3d86345af0c0 9bf3027721cb4fbcb27a3d86345af0c0] 199.19.213.65 "GET /v2.0/networks/160fffcf-bee2-439a-83dd-78524d649180?fields=segments HTTP/1.1" status: 200 len: 212 time: 0.0420699
2026-05-06 02:29:35.192 10 INFO neutron.db.securitygroups_db [None req-4514be5e-dff6-4781-bc56-c05d5708f98d caaa5237240548109de1d16fb59824a8 7a83cdc4dbd94a4ebce2e7a53e60ec5e - - default default] Project 7a83cdc4dbd94a4ebce2e7a53e60ec5e added a security group rule with legacy IPv6 ICMP protocol name icmp, ipv6-icmp should be used instead. It was automatically converted.
2026-05-06 02:29:35.203 9 INFO neutron.api.wsgi [req-e4a7e8d6-e8af-4c15-a63d-8a4d4d794490 req-4dff15aa-04e5-43db-8507-b6bc92e3ba71 59c423385cec40c3991acfec2745cb80 abd13e4f2c81458d87fc4fea0437bb69 - - 9bf3027721cb4fbcb27a3d86345af0c0 9bf3027721cb4fbcb27a3d86345af0c0] 199.19.213.65 "GET /v2.0/networks/160fffcf-bee2-439a-83dd-78524d649180?fields=provider%3Aphysical_network&fields=provider%3Anetwork_type HTTP/1.1" status: 200 len: 277 time: 0.0477829
2026-05-06 02:29:35.229 9 INFO neutron.services.segments.plugin [-] Segment 1b68a386-df97-4ccf-8ee8-b20bc5035ba0 resource provider aggregate not found
2026-05-06 02:29:35.232 9 INFO neutron.services.segments.plugin [-] Segment 1b68a386-df97-4ccf-8ee8-b20bc5035ba0 resource provider aggregate not found
2026-05-06 02:29:35.245 9 INFO neutron.services.segments.plugin [-] Segment 1b68a386-df97-4ccf-8ee8-b20bc5035ba0 resource provider not found; error: Placement Client Error (4xx): {"errors": [{"status": 404, "title": "Not Found", "detail": "The resource could not be found.\n\n No resource provider with uuid 1b68a386-df97-4ccf-8ee8-b20bc5035ba0 found for delete ", "request_id": "req-3f59df55-97ab-4fd1-94dc-b54c2defa3b2"}]}
2026-05-06 02:29:35.252 9 INFO neutron.services.segments.plugin [-] Segment 1b68a386-df97-4ccf-8ee8-b20bc5035ba0 resource provider not found; error: Placement Client Error (4xx): {"errors": [{"status": 404, "title": "Not Found", "detail": "The resource could not be found.\n\n No resource provider with uuid 1b68a386-df97-4ccf-8ee8-b20bc5035ba0 found for delete ", "request_id": "req-7301b132-c211-449c-8a86-87d3ae3dec08"}]}
2026-05-06 02:29:35.280 9 INFO neutron.api.wsgi [None req-0801845d-0691-404a-9200-f076109d3b6b 5dd775683b604e5296f136c6ee0fa820 c5759537ba8049af8aa215423c2ccddb - - default default] 10.0.0.180 "DELETE /v2.0/networks/0df20dd9-829c-47ba-b0d0-61abf7d3615e HTTP/1.1" status: 204 len: 168 time: 0.4566820
2026-05-06 02:29:35.315 10 INFO neutron.db.ovn_revision_numbers_db [None req-4514be5e-dff6-4781-bc56-c05d5708f98d caaa5237240548109de1d16fb59824a8 7a83cdc4dbd94a4ebce2e7a53e60ec5e - - default default] Successfully bumped revision number for resource d5c3cc79-88d0-47a9-9997-0830cc37b55b (type: security_group_rules) to 0
2026-05-06 02:29:35.357 10 INFO neutron.api.wsgi [None req-4514be5e-dff6-4781-bc56-c05d5708f98d caaa5237240548109de1d16fb59824a8 7a83cdc4dbd94a4ebce2e7a53e60ec5e - - default default] 10.0.0.180 "POST /v2.0/security-group-rules HTTP/1.1" status: 201 len: 806 time: 0.2292874
2026-05-06 02:29:35.392 10 INFO neutron.api.wsgi [None req-1399a598-07b5-4da8-8f0f-ee44064006c5 caaa5237240548109de1d16fb59824a8 7a83cdc4dbd94a4ebce2e7a53e60ec5e - - default default] 10.0.0.180 "GET /v2.0/security-group-rules/d5c3cc79-88d0-47a9-9997-0830cc37b55b HTTP/1.1" status: 200 len: 801 time: 0.0307093
2026-05-06 02:29:35.467 9 INFO neutron.api.wsgi [None req-19d23634-5289-4f01-8b4f-691e4204d913 caaa5237240548109de1d16fb59824a8 7a83cdc4dbd94a4ebce2e7a53e60ec5e - - default default] 10.0.0.180 "GET /v2.0/security-group-rules HTTP/1.1" status: 200 len: 4339 time: 0.0675833
2026-05-06 02:29:35.499 10 INFO neutron.services.segments.plugin [-] Segment 0a9098b2-8c99-4446-859d-3e0c0e7c696e resource provider aggregate not found
2026-05-06 02:29:35.509 10 INFO neutron.services.segments.plugin [-] Segment 0a9098b2-8c99-4446-859d-3e0c0e7c696e resource provider aggregate not found
2026-05-06 02:29:35.515 10 INFO neutron.services.segments.plugin [-] Segment 0a9098b2-8c99-4446-859d-3e0c0e7c696e resource provider not found; error: Placement Client Error (4xx): {"errors": [{"status": 404, "title": "Not Found", "detail": "The resource could not be found.\n\n No resource provider with uuid 0a9098b2-8c99-4446-859d-3e0c0e7c696e found for delete ", "request_id": "req-5cd62e35-34f9-49d6-b56c-2c68a20ac731"}]}
2026-05-06 02:29:35.528 10 INFO neutron.services.segments.plugin [-] Segment 0a9098b2-8c99-4446-859d-3e0c0e7c696e resource provider not found; error: Placement Client Error (4xx): {"errors": [{"status": 404, "title": "Not Found", "detail": "The resource could not be found.\n\n No resource provider with uuid 0a9098b2-8c99-4446-859d-3e0c0e7c696e found for delete ", "request_id": "req-0cdb9221-c9c4-4937-882a-58f132759c53"}]}
2026-05-06 02:29:35.532 10 INFO neutron.services.segments.plugin [-] Segment 7e2ce102-990e-4a4e-ad8b-6f026c7fce7a resource provider aggregate not found
2026-05-06 02:29:35.542 10 INFO neutron.services.segments.plugin [-] Segment 7e2ce102-990e-4a4e-ad8b-6f026c7fce7a resource provider aggregate not found
2026-05-06 02:29:35.546 10 INFO neutron.services.segments.plugin [-] Segment 7e2ce102-990e-4a4e-ad8b-6f026c7fce7a resource provider not found; error: Placement Client Error (4xx): {"errors": [{"status": 404, "title": "Not Found", "detail": "The resource could not be found.\n\n No resource provider with uuid 7e2ce102-990e-4a4e-ad8b-6f026c7fce7a found for delete ", "request_id": "req-ccbb1492-aa45-4468-94eb-578174497b25"}]}
2026-05-06 02:29:35.554 10 INFO neutron.services.segments.plugin [-] Segment 7e2ce102-990e-4a4e-ad8b-6f026c7fce7a resource provider not found; error: Placement Client Error (4xx): {"errors": [{"status": 404, "title": "Not Found", "detail": "The resource could not be found.\n\n No resource provider with uuid 7e2ce102-990e-4a4e-ad8b-6f026c7fce7a found for delete ", "request_id": "req-fdd3775d-8cb9-4912-97fd-d38ed681756e"}]}
2026-05-06 02:29:35.560 10 INFO neutron.services.segments.plugin [-] Segment 2bee1e75-79d3-4d2c-a5e9-c2eb7eb24272 resource provider aggregate not found
2026-05-06 02:29:35.569 10 INFO neutron.services.segments.plugin [-] Segment 2bee1e75-79d3-4d2c-a5e9-c2eb7eb24272 resource provider aggregate not found
2026-05-06 02:29:35.575 10 INFO neutron.services.segments.plugin [-] Segment 2bee1e75-79d3-4d2c-a5e9-c2eb7eb24272 resource provider not found; error: Placement Client Error (4xx): {"errors": [{"status": 404, "title": "Not Found", "detail": "The resource could not be found.\n\n No resource provider with uuid 2bee1e75-79d3-4d2c-a5e9-c2eb7eb24272 found for delete ", "request_id": "req-3f460305-5085-4abd-aa92-a0947e5631bc"}]}
2026-05-06 02:29:35.582 10 INFO neutron.services.segments.plugin [-] Segment 2bee1e75-79d3-4d2c-a5e9-c2eb7eb24272 resource provider not found; error: Placement Client Error (4xx): {"errors": [{"status": 404, "title": "Not Found", "detail": "The resource could not be found.\n\n No resource provider with uuid 2bee1e75-79d3-4d2c-a5e9-c2eb7eb24272 found for delete ", "request_id": "req-c5c877ba-4933-4a6e-a6c4-9a7129b795fb"}]}
2026-05-06 02:29:35.655 10 INFO neutron.api.wsgi [None req-fd8985e4-0b43-4388-b416-b5f851324e74 caaa5237240548109de1d16fb59824a8 7a83cdc4dbd94a4ebce2e7a53e60ec5e - - default default] 10.0.0.180 "DELETE /v2.0/security-group-rules/d5c3cc79-88d0-47a9-9997-0830cc37b55b HTTP/1.1" status: 204 len: 168 time: 0.1829019
2026-05-06 02:29:35.720 9 INFO neutron.api.wsgi [None req-a01a1559-9f38-4658-9726-0b200aa46037 caaa5237240548109de1d16fb59824a8 7a83cdc4dbd94a4ebce2e7a53e60ec5e - - default default] 10.0.0.180 "GET /v2.0/security-group-rules HTTP/1.1" status: 200 len: 3755 time: 0.0595143
2026-05-06 02:29:35.796 9 WARNING neutron.plugins.ml2.drivers.ovn.mech_driver.ovsdb.ovn_client [None req-94d655a7-6b40-48cb-a2cb-c96c4b539a8d - - - - - -] No port found with ID 36e994b3-d443-49db-a186-0f276ed34cd3: RuntimeError: No port found with ID 36e994b3-d443-49db-a186-0f276ed34cd3
2026-05-06 02:29:35.932 9 INFO neutron.api.wsgi [None req-e7fb0cc7-ca30-4147-b145-afe743b0e483 caaa5237240548109de1d16fb59824a8 7a83cdc4dbd94a4ebce2e7a53e60ec5e - - default default] 10.0.0.180 "DELETE /v2.0/security-groups/e733d5e9-1672-4081-ab6e-5f264bd01c0d HTTP/1.1" status: 204 len: 168 time: 0.2054150
2026-05-06 02:29:35.971 10 INFO neutron.api.wsgi [None req-3fa8da71-ce80-437a-b0d8-dd8a5096c260 caaa5237240548109de1d16fb59824a8 7a83cdc4dbd94a4ebce2e7a53e60ec5e - - default default] 10.0.0.180 "GET /v2.0/security-groups HTTP/1.1" status: 200 len: 3120 time: 0.0335670
2026-05-06 02:29:36.023 9 INFO neutron.api.wsgi [None req-52ec1207-ae11-414a-8c33-80a380038cff caaa5237240548109de1d16fb59824a8 7a83cdc4dbd94a4ebce2e7a53e60ec5e - - default default] 10.0.0.180 "GET /v2.0/security-groups HTTP/1.1" status: 200 len: 3120 time: 0.0453043
2026-05-06 02:29:36.372 9 INFO neutron.db.ovn_revision_numbers_db [None req-84391448-f5ba-4ad0-b1ce-f8a2766bc7f5 93b0a81748d840fa891e275c4cf3df25 445a8881fc4a4c5ca4cb774fa807035e - - default default] Successfully bumped revision number for resource 00a35f6f-b8a2-4699-91e2-f5d2e082e9a8 (type: security_groups) to 1
2026-05-06 02:29:36.384 9 INFO neutron.db.ovn_revision_numbers_db [None req-84391448-f5ba-4ad0-b1ce-f8a2766bc7f5 93b0a81748d840fa891e275c4cf3df25 445a8881fc4a4c5ca4cb774fa807035e - - default default] Successfully bumped revision number for resource 29224ebb-7005-42d6-9c35-4aa86a65b3bf (type: security_group_rules) to 0
2026-05-06 02:29:36.399 9 INFO neutron.db.ovn_revision_numbers_db [None req-84391448-f5ba-4ad0-b1ce-f8a2766bc7f5 93b0a81748d840fa891e275c4cf3df25 445a8881fc4a4c5ca4cb774fa807035e - - default default] Successfully bumped revision number for resource 4d6f675a-5cf9-49c8-95b0-c76ad10bf07b (type: security_group_rules) to 0
2026-05-06 02:29:36.411 9 INFO neutron.db.ovn_revision_numbers_db [None req-84391448-f5ba-4ad0-b1ce-f8a2766bc7f5 93b0a81748d840fa891e275c4cf3df25 445a8881fc4a4c5ca4cb774fa807035e - - default default] Successfully bumped revision number for resource 53fafa98-4f97-462d-99bc-5431be572acf (type: security_group_rules) to 0
2026-05-06 02:29:36.426 9 INFO neutron.db.ovn_revision_numbers_db [None req-84391448-f5ba-4ad0-b1ce-f8a2766bc7f5 93b0a81748d840fa891e275c4cf3df25 445a8881fc4a4c5ca4cb774fa807035e - - default default] Successfully bumped revision number for resource 7a95b239-255e-4040-8ec4-6cec14147f2a (type: security_group_rules) to 0
2026-05-06 02:29:36.436 10 INFO neutron.api.wsgi [None req-793c2a2e-b6f9-415f-a2ec-4a7fbf9296d0 26d1b44731a14a198700d0f8145aed0a 86d93090c8cd4072818669d06cc8f0ff - - default default] 10.0.0.180 "DELETE /v2.0/vpn/vpnservices/ace4e9c6-f9dd-4841-86de-c890df9d2bf7 HTTP/1.1" status: 204 len: 168 time: 2.6064582 /var/lib/openstack/lib/python3.12/site-packages/pycadf/identifier.py:71: UserWarning: Invalid uuid: neutron. To ensure interoperability, identifiers should be a valid uuid. warnings.warn(('Invalid uuid: %s. To ensure interoperability, '
2026-05-06 02:29:36.475 9 INFO neutron.api.wsgi [None req-84391448-f5ba-4ad0-b1ce-f8a2766bc7f5 93b0a81748d840fa891e275c4cf3df25 445a8881fc4a4c5ca4cb774fa807035e - - default default] 10.0.0.180 "GET /v2.0/security-groups?tenant_id=200c4882f5f44d8690737cd3888eb1ae&name=default HTTP/1.1" status: 200 len: 3120 time: 0.4201658
2026-05-06 02:29:36.510 10 INFO neutron.api.wsgi [None req-dc1227a4-8b54-4f81-9d62-32d8b6f2e3d9 26d1b44731a14a198700d0f8145aed0a 86d93090c8cd4072818669d06cc8f0ff - - default default] 10.0.0.180 "GET /v2.0/routers/c8696471-44f4-4a7e-b2a7-dfd4dff7109a HTTP/1.1" status: 200 len: 1136 time: 0.0667353
2026-05-06 02:29:36.815 9 INFO neutron.api.wsgi [None req-7b03a00d-aefa-4f61-8cbc-e39d48c8e735 93b0a81748d840fa891e275c4cf3df25 445a8881fc4a4c5ca4cb774fa807035e - - default default] 10.0.0.180 "GET /v2.0/security-groups?tenant_id=7a83cdc4dbd94a4ebce2e7a53e60ec5e&name=default HTTP/1.1" status: 200 len: 3120 time: 0.3574717
2026-05-06 02:29:36.968 9 INFO neutron.api.wsgi [None req-d37aecb9-6637-4268-aede-fb0f11e1458a 93b0a81748d840fa891e275c4cf3df25 445a8881fc4a4c5ca4cb774fa807035e - - default default] 10.0.0.180 "DELETE /v2.0/security-groups/00a35f6f-b8a2-4699-91e2-f5d2e082e9a8 HTTP/1.1" status: 204 len: 168 time: 0.4854438
2026-05-06 02:29:37.079 9 INFO neutron.api.wsgi [None req-fad954ab-1c6f-4689-9434-b9e58ce3b03f 93b0a81748d840fa891e275c4cf3df25 445a8881fc4a4c5ca4cb774fa807035e - - default default] 10.0.0.180 "DELETE /v2.0/security-groups/30464997-99ef-4d98-8d88-9ae839686bc9 HTTP/1.1" status: 204 len: 168 time: 0.2573531
2026-05-06 02:29:37.139 9 INFO neutron.api.wsgi [None req-91a827b2-f465-45f7-89d5-3db7a4977318 93b0a81748d840fa891e275c4cf3df25 445a8881fc4a4c5ca4cb774fa807035e - - default default] 10.0.0.180 "GET /v2.0/security-groups?tenant_id=c5759537ba8049af8aa215423c2ccddb&name=default HTTP/1.1" status: 200 len: 3120 time: 0.0329452
2026-05-06 02:29:37.440 10 INFO neutron.api.wsgi [None req-c9bff1e4-40fa-458a-92a9-9207319a6089 93b0a81748d840fa891e275c4cf3df25 445a8881fc4a4c5ca4cb774fa807035e - - default default] 10.0.0.180 "DELETE /v2.0/security-groups/dccc2101-740a-4acb-899b-3d74c80843d8 HTTP/1.1" status: 204 len: 168 time: 0.2981331
2026-05-06 02:29:37.535 10 INFO neutron.db.ovn_revision_numbers_db [None req-844ca486-e0df-46ea-bb06-3b795c440a8c 26d1b44731a14a198700d0f8145aed0a 86d93090c8cd4072818669d06cc8f0ff - - default default] Successfully bumped revision number for resource c8696471-44f4-4a7e-b2a7-dfd4dff7109a (type: routers) to 11
2026-05-06 02:29:37.543 10 INFO neutron.api.wsgi [None req-844ca486-e0df-46ea-bb06-3b795c440a8c 26d1b44731a14a198700d0f8145aed0a 86d93090c8cd4072818669d06cc8f0ff - - default default] 10.0.0.180 "PUT /v2.0/routers/c8696471-44f4-4a7e-b2a7-dfd4dff7109a HTTP/1.1" status: 200 len: 1136 time: 1.0285041
2026-05-06 02:29:37.595 10 INFO neutron.services.segments.plugin [-] Segment 8517edf3-39dd-4b1a-937d-401f42c12daa resource provider aggregate not found
2026-05-06 02:29:37.600 10 INFO neutron.services.segments.plugin [-] Segment 8517edf3-39dd-4b1a-937d-401f42c12daa resource provider aggregate not found
2026-05-06 02:29:37.610 10 INFO neutron.services.segments.plugin [-] Segment 8517edf3-39dd-4b1a-937d-401f42c12daa resource provider not found; error: Placement Client Error (4xx): {"errors": [{"status": 404, "title": "Not Found", "detail": "The resource could not be found.\n\n No resource provider with uuid 8517edf3-39dd-4b1a-937d-401f42c12daa found for delete ", "request_id": "req-7e2bc2eb-c893-4d94-8e66-45d19c0a1b1c"}]}
2026-05-06 02:29:37.617 10 INFO neutron.services.segments.plugin [-] Segment 8517edf3-39dd-4b1a-937d-401f42c12daa resource provider not found; error: Placement Client Error (4xx): {"errors": [{"status": 404, "title": "Not Found", "detail": "The resource could not be found.\n\n No resource provider with uuid 8517edf3-39dd-4b1a-937d-401f42c12daa found for delete ", "request_id": "req-a9d4bb3a-e2e5-452b-a6b1-feccca99075b"}]}
2026-05-06 02:29:37.625 10 INFO neutron.api.wsgi [None req-efa32e41-454c-47ad-87aa-60cd7b1297be 26d1b44731a14a198700d0f8145aed0a 86d93090c8cd4072818669d06cc8f0ff - - default default] 10.0.0.180 "GET /v2.0/ports?device_id=c8696471-44f4-4a7e-b2a7-dfd4dff7109a HTTP/1.1" status: 200 len: 1140 time: 0.0782435
2026-05-06 02:29:37.704 9 INFO neutron.db.ovn_revision_numbers_db [None req-be6278dc-fb48-4a7c-a3a5-4a133328ba6b 93b0a81748d840fa891e275c4cf3df25 445a8881fc4a4c5ca4cb774fa807035e - - default default] Successfully bumped revision number for resource be9d8e42-bb02-49a5-9600-061b2bc1bc86 (type: security_groups) to 1
2026-05-06 02:29:37.719 9 INFO neutron.db.ovn_revision_numbers_db [None req-be6278dc-fb48-4a7c-a3a5-4a133328ba6b 93b0a81748d840fa891e275c4cf3df25 445a8881fc4a4c5ca4cb774fa807035e - - default default] Successfully bumped revision number for resource 2eb21ccd-ad9e-4367-adf4-89c19de02f64 (type: security_group_rules) to 0
2026-05-06 02:29:37.730 9 INFO neutron.db.ovn_revision_numbers_db [None req-be6278dc-fb48-4a7c-a3a5-4a133328ba6b 93b0a81748d840fa891e275c4cf3df25 445a8881fc4a4c5ca4cb774fa807035e - - default default] Successfully bumped revision number for resource 7da48484-c821-4470-9d09-e20e8ca93ddd (type: security_group_rules) to 0
2026-05-06 02:29:37.741 9 INFO neutron.db.ovn_revision_numbers_db [None req-be6278dc-fb48-4a7c-a3a5-4a133328ba6b 93b0a81748d840fa891e275c4cf3df25 445a8881fc4a4c5ca4cb774fa807035e - - default default] Successfully bumped revision number for resource 7fd17116-c10a-4753-a94e-6917029cf448 (type: security_group_rules) to 0
2026-05-06 02:29:37.754 9 INFO neutron.db.ovn_revision_numbers_db [None req-be6278dc-fb48-4a7c-a3a5-4a133328ba6b 93b0a81748d840fa891e275c4cf3df25 445a8881fc4a4c5ca4cb774fa807035e - - default default] Successfully bumped revision number for resource 86a3b33a-3a82-459e-8753-9d31a95e2798 (type: security_group_rules) to 0
2026-05-06 02:29:37.787 9 INFO neutron.api.wsgi [None req-be6278dc-fb48-4a7c-a3a5-4a133328ba6b 93b0a81748d840fa891e275c4cf3df25 445a8881fc4a4c5ca4cb774fa807035e - - default default] 10.0.0.180 "GET /v2.0/security-groups?tenant_id=cc8081de06fb44c1a755732607769c29&name=default HTTP/1.1" status: 200 len: 3120 time: 0.1948750
2026-05-06 02:29:37.969 9 INFO neutron.api.wsgi [None req-def1ee17-b986-4479-90a9-90515b06667b 93b0a81748d840fa891e275c4cf3df25 445a8881fc4a4c5ca4cb774fa807035e - - default default] 10.0.0.180 "DELETE /v2.0/security-groups/be9d8e42-bb02-49a5-9600-061b2bc1bc86 HTTP/1.1" status: 204 len: 168 time: 0.1782403
2026-05-06 02:29:38.327 10 INFO neutron.api.wsgi [None req-4a7708b3-ca13-4280-9b7d-32f318dd5409 26d1b44731a14a198700d0f8145aed0a 86d93090c8cd4072818669d06cc8f0ff - - default default] 10.0.0.180 "PUT /v2.0/routers/c8696471-44f4-4a7e-b2a7-dfd4dff7109a/remove_router_interface HTTP/1.1" status: 200 len: 503 time: 0.6954510
2026-05-06 02:29:38.396 9 INFO neutron.api.wsgi [req-7daed0c5-3012-49c9-b61d-58859a50835a req-3029b9e8-d265-4afb-80c3-dcbd4323790e 59c423385cec40c3991acfec2745cb80 abd13e4f2c81458d87fc4fea0437bb69 - - 9bf3027721cb4fbcb27a3d86345af0c0 9bf3027721cb4fbcb27a3d86345af0c0] 10.0.0.148 "GET /v2.0/ports?device_id=62dd076e-2c90-4828-ae7f-d143b9adb9c2 HTTP/1.1" status: 200 len: 1638 time: 0.0489862
2026-05-06 02:29:38.451 9 INFO neutron.api.wsgi [req-7daed0c5-3012-49c9-b61d-58859a50835a req-4e48a884-323a-4e23-8009-350c7bfb6c92 59c423385cec40c3991acfec2745cb80 abd13e4f2c81458d87fc4fea0437bb69 - - 9bf3027721cb4fbcb27a3d86345af0c0 9bf3027721cb4fbcb27a3d86345af0c0] 10.0.0.148 "GET /v2.0/security-groups?id=b8d186ee-368f-466e-8e77-e314bf1c3c6a&fields=id&fields=name HTTP/1.1" status: 200 len: 311 time: 0.0494521
2026-05-06 02:29:38.858 9 INFO neutron.api.wsgi [-] 10.0.0.180 "GET / HTTP/1.1" status: 200 len: 279 time: 0.0016665
2026-05-06 02:29:39.019 9 INFO neutron.api.wsgi [None req-aa953b61-7e00-42d1-8f62-0f4ea13f554c 26d1b44731a14a198700d0f8145aed0a 86d93090c8cd4072818669d06cc8f0ff - - default default] 10.0.0.180 "DELETE /v2.0/routers/c8696471-44f4-4a7e-b2a7-dfd4dff7109a HTTP/1.1" status: 204 len: 168 time: 0.6878846 /var/lib/openstack/lib/python3.12/site-packages/pycadf/identifier.py:71: UserWarning: Invalid uuid: neutron. To ensure interoperability, identifiers should be a valid uuid. warnings.warn(('Invalid uuid: %s. To ensure interoperability, '
2026-05-06 02:29:39.097 9 INFO neutron.api.wsgi [None req-fe68d485-87ad-4f18-9023-2efba1c53fa8 26d1b44731a14a198700d0f8145aed0a 86d93090c8cd4072818669d06cc8f0ff - - default default] 10.0.0.180 "GET /v2.0/routers/304950f2-bd12-4e42-b497-b996551465a2 HTTP/1.1" status: 200 len: 1137 time: 0.0736959
2026-05-06 02:29:39.099 10 INFO neutron.api.wsgi [None req-02c87683-f7ef-4ea9-a8df-26c8f9183e85 068512152af149a28b09b49d9ddef7ab 5c11352480584f248f5b0776aeda5239 - - default default] 10.0.0.180 "GET /v2.0/ HTTP/1.1" status: 200 len: 826 time: 0.2301579
2026-05-06 02:29:39.142 9 INFO neutron.api.wsgi [req-fcaac51c-f34e-4164-9dd6-72c77a07eb15 req-437a6e1f-f236-4c17-a872-d7fcd58fe092 b83934805f034c618e8a47bf76d01dba f46244320ec249a99274ffb8f6b97946 - - default default] 199.19.213.65 "GET /v2.0/networks?id=c90ac318-4c59-425e-af85-34981c6996c9 HTTP/1.1" status: 200 len: 904 time: 0.0585742
2026-05-06 02:29:39.200 9 INFO neutron.api.wsgi [req-fcaac51c-f34e-4164-9dd6-72c77a07eb15 req-458fb727-a121-48c5-9af9-d9424cf256c8 b83934805f034c618e8a47bf76d01dba f46244320ec249a99274ffb8f6b97946 - - default default] 199.19.213.65 "GET /v2.0/security-groups?fields=id&fields=name&tenant_id=f46244320ec249a99274ffb8f6b97946 HTTP/1.1" status: 200 len: 378 time: 0.0538654
2026-05-06 02:29:39.216 9 WARNING neutron_lib.context [req-fcaac51c-f34e-4164-9dd6-72c77a07eb15 req-37fad57d-4aa9-4fe4-9380-204d859912e9 b83934805f034c618e8a47bf76d01dba f46244320ec249a99274ffb8f6b97946 - - default default] Method 'is_advsvc' is deprecated since 2023.2 release (neutron-lib 3.8.0) and will be removed once support for the old RBAC API policies will be removed from Neutron. Please use method 'is_service_role' instead.
2026-05-06 02:29:39.416 9 INFO neutron.api.wsgi [req-7e2da3f3-5bb6-4502-8eb7-4f54a9efc0dd req-7318757a-6009-46d8-af49-12acf50a63a5 59c423385cec40c3991acfec2745cb80 abd13e4f2c81458d87fc4fea0437bb69 - - 9bf3027721cb4fbcb27a3d86345af0c0 9bf3027721cb4fbcb27a3d86345af0c0] 199.19.213.65 "GET /v2.0/ports?device_id=62dd076e-2c90-4828-ae7f-d143b9adb9c2&fields=binding%3Ahost_id&fields=binding%3Avif_type HTTP/1.1" status: 200 len: 265 time: 0.0460148
2026-05-06 02:29:39.649 9 WARNING neutron.scheduler.dhcp_agent_scheduler [req-fcaac51c-f34e-4164-9dd6-72c77a07eb15 req-37fad57d-4aa9-4fe4-9380-204d859912e9 b83934805f034c618e8a47bf76d01dba f46244320ec249a99274ffb8f6b97946 - - default default] No more DHCP agents
2026-05-06 02:29:39.659 9 WARNING neutron.api.rpc.agentnotifiers.dhcp_rpc_agent_api [req-fcaac51c-f34e-4164-9dd6-72c77a07eb15 req-37fad57d-4aa9-4fe4-9380-204d859912e9 b83934805f034c618e8a47bf76d01dba f46244320ec249a99274ffb8f6b97946 - - default default] Unable to schedule network c90ac318-4c59-425e-af85-34981c6996c9: no agents available; will retry on subsequent port and subnet creation events.
2026-05-06 02:29:39.830 9 INFO neutron.db.ovn_revision_numbers_db [req-fcaac51c-f34e-4164-9dd6-72c77a07eb15 req-37fad57d-4aa9-4fe4-9380-204d859912e9 b83934805f034c618e8a47bf76d01dba f46244320ec249a99274ffb8f6b97946 - - default default] Successfully bumped revision number for resource e5f7eadd-65fa-4f70-85cf-172931bb459e (type: ports) to 1
2026-05-06 02:29:39.859 9 INFO neutron.api.wsgi [req-fcaac51c-f34e-4164-9dd6-72c77a07eb15 req-37fad57d-4aa9-4fe4-9380-204d859912e9 b83934805f034c618e8a47bf76d01dba f46244320ec249a99274ffb8f6b97946 - - default default] 199.19.213.65 "POST /v2.0/ports HTTP/1.1" status: 201 len: 1392 time: 0.6490369
2026-05-06 02:29:39.865 10 INFO neutron.db.ovn_revision_numbers_db [None req-3a81e85c-7418-4a35-a10b-5f4bdfad649d 93b0a81748d840fa891e275c4cf3df25 445a8881fc4a4c5ca4cb774fa807035e - - default default] Successfully bumped revision number for resource dc3b321d-08ae-46dc-a6d6-3921d4b0fcfb (type: security_groups) to 1 /var/lib/openstack/lib/python3.12/site-packages/pycadf/identifier.py:71: UserWarning: Invalid uuid: neutron. To ensure interoperability, identifiers should be a valid uuid. warnings.warn(('Invalid uuid: %s. To ensure interoperability, '
2026-05-06 02:29:39.878 10 INFO neutron.db.ovn_revision_numbers_db [None req-3a81e85c-7418-4a35-a10b-5f4bdfad649d 93b0a81748d840fa891e275c4cf3df25 445a8881fc4a4c5ca4cb774fa807035e - - default default] Successfully bumped revision number for resource 56ba0a18-6013-4e67-b02b-47bc5e03dae0 (type: security_group_rules) to 0
2026-05-06 02:29:39.891 10 INFO neutron.db.ovn_revision_numbers_db [None req-3a81e85c-7418-4a35-a10b-5f4bdfad649d 93b0a81748d840fa891e275c4cf3df25 445a8881fc4a4c5ca4cb774fa807035e - - default default] Successfully bumped revision number for resource 774ee863-2daf-46dc-9a3e-512b124cf030 (type: security_group_rules) to 0
2026-05-06 02:29:39.903 10 INFO neutron.db.ovn_revision_numbers_db [None req-3a81e85c-7418-4a35-a10b-5f4bdfad649d 93b0a81748d840fa891e275c4cf3df25 445a8881fc4a4c5ca4cb774fa807035e - - default default] Successfully bumped revision number for resource d615c463-2d48-4a22-9e64-48f80d1c7255 (type: security_group_rules) to 0
2026-05-06 02:29:39.924 10 INFO neutron.db.ovn_revision_numbers_db [None req-3a81e85c-7418-4a35-a10b-5f4bdfad649d 93b0a81748d840fa891e275c4cf3df25 445a8881fc4a4c5ca4cb774fa807035e - - default default] Successfully bumped revision number for resource e67aff84-318c-48f5-95fe-d2cb070c50ec (type: security_group_rules) to 0
2026-05-06 02:29:39.966 10 INFO neutron.api.wsgi [None req-3a81e85c-7418-4a35-a10b-5f4bdfad649d 93b0a81748d840fa891e275c4cf3df25 445a8881fc4a4c5ca4cb774fa807035e - - default default] 10.0.0.180 "GET /v2.0/security-groups?tenant_id=5c11352480584f248f5b0776aeda5239&name=default HTTP/1.1" status: 200 len: 3120 time: 0.3673122
2026-05-06 02:29:39.973 9 INFO neutron.db.ovn_revision_numbers_db [None req-8a26d8ba-8f72-401c-8d17-bca057da1824 26d1b44731a14a198700d0f8145aed0a 86d93090c8cd4072818669d06cc8f0ff - - default default] Successfully bumped revision number for resource 304950f2-bd12-4e42-b497-b996551465a2 (type: routers) to 5
2026-05-06 02:29:39.978 9 INFO neutron.api.wsgi [None req-8a26d8ba-8f72-401c-8d17-bca057da1824 26d1b44731a14a198700d0f8145aed0a 86d93090c8cd4072818669d06cc8f0ff - - default default] 10.0.0.180 "PUT /v2.0/routers/304950f2-bd12-4e42-b497-b996551465a2 HTTP/1.1" status: 200 len: 1137 time: 0.8752947
2026-05-06 02:29:39.993 9 INFO neutron.api.wsgi [req-d75150f9-2e4e-4761-a421-1c3ecd9c6cf7 req-2f26396c-406d-4298-871b-4facd45c35c3 b83934805f034c618e8a47bf76d01dba f46244320ec249a99274ffb8f6b97946 - - default default] 10.0.0.158 "GET /v2.0/ports?device_id=522db6c4-34fb-4fc1-84f9-818f48312702 HTTP/1.1" status: 200 len: 1390 time: 0.1150076
2026-05-06 02:29:40.054 9 INFO neutron.api.wsgi [req-d75150f9-2e4e-4761-a421-1c3ecd9c6cf7 req-47a88959-273f-4736-bd18-0c94fdc311ea b83934805f034c618e8a47bf76d01dba f46244320ec249a99274ffb8f6b97946 - - default default] 10.0.0.158 "GET /v2.0/security-groups?id=b8d186ee-368f-466e-8e77-e314bf1c3c6a&fields=id&fields=name HTTP/1.1" status: 200 len: 311 time: 0.0540450
2026-05-06 02:29:40.070 9 INFO neutron.api.wsgi [None req-2e3707f8-0e9b-41eb-b8a2-e45f97f0b6b2 26d1b44731a14a198700d0f8145aed0a 86d93090c8cd4072818669d06cc8f0ff - - default default] 10.0.0.180 "GET /v2.0/ports?device_id=304950f2-bd12-4e42-b497-b996551465a2 HTTP/1.1" status: 200 len: 1144 time: 0.0860634
2026-05-06 02:29:40.174 10 INFO neutron.api.wsgi [None req-c05424fc-84b2-43c7-8205-4cbbd627ec86 93b0a81748d840fa891e275c4cf3df25 445a8881fc4a4c5ca4cb774fa807035e - - default default] 10.0.0.180 "DELETE /v2.0/security-groups/dc3b321d-08ae-46dc-a6d6-3921d4b0fcfb HTTP/1.1" status: 204 len: 168 time: 0.2039342
2026-05-06 02:29:40.369 9 INFO neutron.db.ovn_revision_numbers_db [req-fcaac51c-f34e-4164-9dd6-72c77a07eb15 req-a1e2782c-4c29-44ab-b78b-987593e1caec 59c423385cec40c3991acfec2745cb80 abd13e4f2c81458d87fc4fea0437bb69 - - 9bf3027721cb4fbcb27a3d86345af0c0 9bf3027721cb4fbcb27a3d86345af0c0] Successfully bumped revision number for resource e5f7eadd-65fa-4f70-85cf-172931bb459e (type: ports) to 2 /var/lib/openstack/lib/python3.12/site-packages/pycadf/identifier.py:71: UserWarning: Invalid uuid: neutron. To ensure interoperability, identifiers should be a valid uuid. warnings.warn(('Invalid uuid: %s. To ensure interoperability, '
2026-05-06 02:29:40.475 9 INFO neutron.api.wsgi [req-7e2da3f3-5bb6-4502-8eb7-4f54a9efc0dd req-6c84595f-1f1a-452b-aebe-0204296816ea 59c423385cec40c3991acfec2745cb80 abd13e4f2c81458d87fc4fea0437bb69 - - 9bf3027721cb4fbcb27a3d86345af0c0 9bf3027721cb4fbcb27a3d86345af0c0] 199.19.213.65 "GET /v2.0/ports?tenant_id=f46244320ec249a99274ffb8f6b97946&device_id=62dd076e-2c90-4828-ae7f-d143b9adb9c2 HTTP/1.1" status: 200 len: 1638 time: 0.0447834
2026-05-06 02:29:40.650 9 INFO neutron.db.ovn_revision_numbers_db [req-fcaac51c-f34e-4164-9dd6-72c77a07eb15 req-a1e2782c-4c29-44ab-b78b-987593e1caec 59c423385cec40c3991acfec2745cb80 abd13e4f2c81458d87fc4fea0437bb69 - - 9bf3027721cb4fbcb27a3d86345af0c0 9bf3027721cb4fbcb27a3d86345af0c0] Successfully bumped revision number for resource e5f7eadd-65fa-4f70-85cf-172931bb459e (type: ports) to 4
2026-05-06 02:29:40.673 9 INFO neutron.api.wsgi [req-fcaac51c-f34e-4164-9dd6-72c77a07eb15 req-a1e2782c-4c29-44ab-b78b-987593e1caec 59c423385cec40c3991acfec2745cb80 abd13e4f2c81458d87fc4fea0437bb69 - - 9bf3027721cb4fbcb27a3d86345af0c0 9bf3027721cb4fbcb27a3d86345af0c0] 199.19.213.65 "PUT /v2.0/ports/e5f7eadd-65fa-4f70-85cf-172931bb459e HTTP/1.1" status: 200 len: 1637 time: 0.8091817
2026-05-06 02:29:40.698 9 INFO neutron.notifiers.nova [-] Nova event matching ['req-1a8cf242-bf22-42d5-bc8e-394d8af3c036'] response: {'name': 'network-changed', 'server_uuid': '522db6c4-34fb-4fc1-84f9-818f48312702', 'tag': 'e5f7eadd-65fa-4f70-85cf-172931bb459e', 'status': 'completed', 'code': 200}
2026-05-06 02:29:40.944 9 INFO neutron.api.wsgi [None req-1b09c3c9-6c7d-4ff2-b135-591e71204c9c 26d1b44731a14a198700d0f8145aed0a 86d93090c8cd4072818669d06cc8f0ff - - default default] 10.0.0.180 "PUT /v2.0/routers/304950f2-bd12-4e42-b497-b996551465a2/remove_router_interface HTTP/1.1" status: 200 len: 503 time: 0.8703308 /var/lib/openstack/lib/python3.12/site-packages/pycadf/identifier.py:71: UserWarning: Invalid uuid: neutron. To ensure interoperability, identifiers should be a valid uuid. warnings.warn(('Invalid uuid: %s. To ensure interoperability, '
2026-05-06 02:29:41.030 9 INFO neutron.api.wsgi [req-7e2da3f3-5bb6-4502-8eb7-4f54a9efc0dd req-59659bff-dffd-4191-a16f-9f1dd247877f 59c423385cec40c3991acfec2745cb80 abd13e4f2c81458d87fc4fea0437bb69 - - 9bf3027721cb4fbcb27a3d86345af0c0 9bf3027721cb4fbcb27a3d86345af0c0] 199.19.213.65 "GET /v2.0/networks?id=160fffcf-bee2-439a-83dd-78524d649180 HTTP/1.1" status: 200 len: 1003 time: 0.0464878
2026-05-06 02:29:41.075 9 INFO neutron.api.wsgi [req-7e2da3f3-5bb6-4502-8eb7-4f54a9efc0dd req-62a71ae7-2a60-4cb6-926f-ad818babd747 59c423385cec40c3991acfec2745cb80 abd13e4f2c81458d87fc4fea0437bb69 - - 9bf3027721cb4fbcb27a3d86345af0c0 9bf3027721cb4fbcb27a3d86345af0c0] 199.19.213.65 "GET /v2.0/floatingips?fixed_ip_address=10.2.1.110&port_id=b2ebdf7c-6e82-4f59-bce8-c4c100eabea3 HTTP/1.1" status: 200 len: 1059 time: 0.0387349
2026-05-06 02:29:41.098 9 INFO neutron.api.wsgi [req-7e2da3f3-5bb6-4502-8eb7-4f54a9efc0dd req-44d7d8a5-64c2-4e79-9b37-686036b53867 59c423385cec40c3991acfec2745cb80 abd13e4f2c81458d87fc4fea0437bb69 - - 9bf3027721cb4fbcb27a3d86345af0c0 9bf3027721cb4fbcb27a3d86345af0c0] 199.19.213.65 "GET /v2.0/floatingips?fixed_ip_address=fd7b%3Af9f7%3Afff%3A4eca%3A%3A269&port_id=b2ebdf7c-6e82-4f59-bce8-c4c100eabea3 HTTP/1.1" status: 200 len: 217 time: 0.0183556
2026-05-06 02:29:41.146 9 INFO neutron.api.wsgi [req-7e2da3f3-5bb6-4502-8eb7-4f54a9efc0dd req-23f305d4-2dd7-4214-82e4-886720b0a1ae 59c423385cec40c3991acfec2745cb80 abd13e4f2c81458d87fc4fea0437bb69 - - 9bf3027721cb4fbcb27a3d86345af0c0 9bf3027721cb4fbcb27a3d86345af0c0] 199.19.213.65 "GET /v2.0/subnets?id=9a2fa682-f399-4239-b220-3712fb4c296d&id=ef5ce82c-573b-4020-9f3d-d9778693cee3 HTTP/1.1" status: 200 len: 1610 time: 0.0318458
2026-05-06 02:29:41.167 9 INFO neutron.api.wsgi [req-7e2da3f3-5bb6-4502-8eb7-4f54a9efc0dd req-d82a3054-3930-4678-a79c-6506a2cdc2cf 59c423385cec40c3991acfec2745cb80 abd13e4f2c81458d87fc4fea0437bb69 - - 9bf3027721cb4fbcb27a3d86345af0c0 9bf3027721cb4fbcb27a3d86345af0c0] 199.19.213.65 "GET /v2.0/ports?network_id=160fffcf-bee2-439a-83dd-78524d649180&device_owner=network%3Adhcp HTTP/1.1" status: 200 len: 210 time: 0.0140207
2026-05-06 02:29:41.186 9 INFO neutron.api.wsgi [req-7e2da3f3-5bb6-4502-8eb7-4f54a9efc0dd req-f43a58ea-1115-4203-9341-1e3801600dfd 59c423385cec40c3991acfec2745cb80 abd13e4f2c81458d87fc4fea0437bb69 - - 9bf3027721cb4fbcb27a3d86345af0c0 9bf3027721cb4fbcb27a3d86345af0c0] 199.19.213.65 "GET /v2.0/ports?network_id=160fffcf-bee2-439a-83dd-78524d649180&device_owner=network%3Adhcp HTTP/1.1" status: 200 len: 210 time: 0.0138526
2026-05-06 02:29:41.256 9 INFO neutron.api.wsgi [req-553bd85f-02de-4e2b-ad2e-c875e4f85757 req-4545a85f-598a-45f6-b11d-c0f2aceea724 59c423385cec40c3991acfec2745cb80 abd13e4f2c81458d87fc4fea0437bb69 - - 9bf3027721cb4fbcb27a3d86345af0c0 9bf3027721cb4fbcb27a3d86345af0c0] 199.19.213.65 "GET /v2.0/ports?tenant_id=f46244320ec249a99274ffb8f6b97946&device_id=522db6c4-34fb-4fc1-84f9-818f48312702 HTTP/1.1" status: 200 len: 1640 time: 0.0419312
2026-05-06 02:29:41.263 9 INFO neutron.api.wsgi [req-7e2da3f3-5bb6-4502-8eb7-4f54a9efc0dd req-79ca7700-5930-445a-8605-88f59acd01d5 59c423385cec40c3991acfec2745cb80 abd13e4f2c81458d87fc4fea0437bb69 - - 9bf3027721cb4fbcb27a3d86345af0c0 9bf3027721cb4fbcb27a3d86345af0c0] 199.19.213.65 "GET /v2.0/networks/160fffcf-bee2-439a-83dd-78524d649180?fields=segments HTTP/1.1" status: 200 len: 212 time: 0.0657179
2026-05-06 02:29:41.331 9 INFO neutron.api.wsgi [req-553bd85f-02de-4e2b-ad2e-c875e4f85757 req-d1e29cc6-8104-4fb0-bede-1eafe370b859 59c423385cec40c3991acfec2745cb80 abd13e4f2c81458d87fc4fea0437bb69 - - 9bf3027721cb4fbcb27a3d86345af0c0 9bf3027721cb4fbcb27a3d86345af0c0] 199.19.213.65 "GET /v2.0/networks?tenant_id=f46244320ec249a99274ffb8f6b97946&shared=False HTTP/1.1" status: 200 len: 2584 time: 0.0674391
2026-05-06 02:29:41.335 9 INFO neutron.api.wsgi [req-7e2da3f3-5bb6-4502-8eb7-4f54a9efc0dd req-a7ccd65d-56ea-40f3-b9a6-280b95894f48 59c423385cec40c3991acfec2745cb80 abd13e4f2c81458d87fc4fea0437bb69 - - 9bf3027721cb4fbcb27a3d86345af0c0 9bf3027721cb4fbcb27a3d86345af0c0] 199.19.213.65 "GET /v2.0/networks/160fffcf-bee2-439a-83dd-78524d649180?fields=provider%3Aphysical_network&fields=provider%3Anetwork_type HTTP/1.1" status: 200 len: 277 time: 0.0641105
2026-05-06 02:29:41.387 9 INFO neutron.api.wsgi [req-553bd85f-02de-4e2b-ad2e-c875e4f85757 req-41d365ee-deac-4ba1-a757-08e5952a578f 59c423385cec40c3991acfec2745cb80 abd13e4f2c81458d87fc4fea0437bb69 - - 9bf3027721cb4fbcb27a3d86345af0c0 9bf3027721cb4fbcb27a3d86345af0c0] 199.19.213.65 "GET /v2.0/networks?shared=True HTTP/1.1" status: 200 len: 952 time: 0.0460236
2026-05-06 02:29:41.456 10 WARNING neutron_lib.context [None req-ebc4ba04-5d27-4460-a8c7-97b847ea34fc 2165af36f1b94badae92afad0adaa873 d6438fcf1d224bb2be1156e272a6bc98 - - default default] Method 'is_advsvc' is deprecated since 2023.2 release (neutron-lib 3.8.0) and will be removed once support for the old RBAC API policies will be removed from Neutron. Please use method 'is_service_role' instead.
2026-05-06 02:29:41.587 10 INFO neutron.db.ovn_revision_numbers_db [None req-ebc4ba04-5d27-4460-a8c7-97b847ea34fc 2165af36f1b94badae92afad0adaa873 d6438fcf1d224bb2be1156e272a6bc98 - - default default] Successfully bumped revision number for resource 36843f71-2cef-494d-92ea-2e0f0688718f (type: security_groups) to 1
2026-05-06 02:29:41.600 10 INFO neutron.db.ovn_revision_numbers_db [None req-ebc4ba04-5d27-4460-a8c7-97b847ea34fc 2165af36f1b94badae92afad0adaa873 d6438fcf1d224bb2be1156e272a6bc98 - - default default] Successfully bumped revision number for resource 8d1f40a0-5c98-41ec-9b4b-e6e3bdaf5bc7 (type: security_group_rules) to 0
2026-05-06 02:29:41.613 10 INFO neutron.db.ovn_revision_numbers_db [None req-ebc4ba04-5d27-4460-a8c7-97b847ea34fc 2165af36f1b94badae92afad0adaa873 d6438fcf1d224bb2be1156e272a6bc98 - - default default] Successfully bumped revision number for resource ac26a162-7186-4b2e-9a67-532910035c24 (type: security_group_rules) to 0
2026-05-06 02:29:41.625 10 INFO neutron.db.ovn_revision_numbers_db [None req-ebc4ba04-5d27-4460-a8c7-97b847ea34fc 2165af36f1b94badae92afad0adaa873 d6438fcf1d224bb2be1156e272a6bc98 - - default default] Successfully bumped revision number for resource c305447c-1a08-434b-988d-9e5a624c2b01 (type: security_group_rules) to 0
2026-05-06 02:29:41.640 10 INFO neutron.db.ovn_revision_numbers_db [None req-ebc4ba04-5d27-4460-a8c7-97b847ea34fc 2165af36f1b94badae92afad0adaa873 d6438fcf1d224bb2be1156e272a6bc98 - - default default] Successfully bumped revision number for resource f2773158-2a50-4430-a24f-ef3461b851ab (type: security_group_rules) to 0
2026-05-06 02:29:41.648 9 INFO neutron.api.wsgi [None req-6d895969-1aee-41a2-b86d-bbc1d35199ea 26d1b44731a14a198700d0f8145aed0a 86d93090c8cd4072818669d06cc8f0ff - - default default] 10.0.0.180 "DELETE /v2.0/routers/304950f2-bd12-4e42-b497-b996551465a2 HTTP/1.1" status: 204 len: 168 time: 0.7001374
2026-05-06 02:29:41.709 9 INFO neutron.api.wsgi [None req-66752230-8288-4f24-aaba-66e9b83a4c01 26d1b44731a14a198700d0f8145aed0a 86d93090c8cd4072818669d06cc8f0ff - - default default] 10.0.0.180 "GET /v2.0/routers/086bfa3e-53c8-4387-9a9b-6d3158bf5a52 HTTP/1.1" status: 200 len: 1137 time: 0.0566447
2026-05-06 02:29:41.722 10 INFO neutron.db.segments_db [None req-ebc4ba04-5d27-4460-a8c7-97b847ea34fc 2165af36f1b94badae92afad0adaa873 d6438fcf1d224bb2be1156e272a6bc98 - - default default] Added segment 18bf09f3-3b86-4b71-8d6f-ca61fbd1bc0b of type geneve for network eec656c6-2327-4dcb-a9fd-e7fd45971354
2026-05-06 02:29:41.835 10 INFO neutron.db.ovn_revision_numbers_db [None req-ebc4ba04-5d27-4460-a8c7-97b847ea34fc 2165af36f1b94badae92afad0adaa873 d6438fcf1d224bb2be1156e272a6bc98 - - default default] Successfully bumped revision number for resource eec656c6-2327-4dcb-a9fd-e7fd45971354 (type: networks) to 1
2026-05-06 02:29:41.952 10 INFO neutron.db.ovn_revision_numbers_db [None req-6d95f29a-e8fd-4241-b850-bed8b9096415 93b0a81748d840fa891e275c4cf3df25 445a8881fc4a4c5ca4cb774fa807035e - - default default] Successfully bumped revision number for resource b3ed0d4e-f8b5-41cd-a81c-59fff3e1f008 (type: security_groups) to 1
2026-05-06 02:29:41.975 10 INFO neutron.db.ovn_revision_numbers_db [None req-6d95f29a-e8fd-4241-b850-bed8b9096415 93b0a81748d840fa891e275c4cf3df25 445a8881fc4a4c5ca4cb774fa807035e - - default default] Successfully bumped revision number for resource 186bd0ac-59e6-40ca-ab4c-fdf23fafee0f (type: security_group_rules) to 0
2026-05-06 02:29:41.996 10 WARNING neutron.scheduler.dhcp_agent_scheduler [None req-ebc4ba04-5d27-4460-a8c7-97b847ea34fc 2165af36f1b94badae92afad0adaa873 d6438fcf1d224bb2be1156e272a6bc98 - - default default] No more DHCP agents
2026-05-06 02:29:41.997 10 WARNING neutron.api.rpc.agentnotifiers.dhcp_rpc_agent_api [None req-ebc4ba04-5d27-4460-a8c7-97b847ea34fc 2165af36f1b94badae92afad0adaa873 d6438fcf1d224bb2be1156e272a6bc98 - - default default] Unable to schedule network eec656c6-2327-4dcb-a9fd-e7fd45971354: no agents available; will retry on subsequent port and subnet creation events.
2026-05-06 02:29:41.998 10 INFO neutron.db.ovn_revision_numbers_db [None req-6d95f29a-e8fd-4241-b850-bed8b9096415 93b0a81748d840fa891e275c4cf3df25 445a8881fc4a4c5ca4cb774fa807035e - - default default] Successfully bumped revision number for resource 6d88886b-c967-4604-b799-00db8b73333e (type: security_group_rules) to 0
2026-05-06 02:29:42.014 10 INFO neutron.db.ovn_revision_numbers_db [None req-6d95f29a-e8fd-4241-b850-bed8b9096415 93b0a81748d840fa891e275c4cf3df25 445a8881fc4a4c5ca4cb774fa807035e - - default default] Successfully bumped revision number for resource 8c59d595-7c8f-484a-9250-dfcb3558a820 (type: security_group_rules) to 0
2026-05-06 02:29:42.038 10 INFO neutron.db.ovn_revision_numbers_db [None req-6d95f29a-e8fd-4241-b850-bed8b9096415 93b0a81748d840fa891e275c4cf3df25 445a8881fc4a4c5ca4cb774fa807035e - - default default] Successfully bumped revision number for resource dd095621-d649-4301-b1a8-f2945a204d3e (type: security_group_rules) to 0
2026-05-06 02:29:42.065 10 INFO neutron.db.ovn_revision_numbers_db [None req-ebc4ba04-5d27-4460-a8c7-97b847ea34fc 2165af36f1b94badae92afad0adaa873 d6438fcf1d224bb2be1156e272a6bc98 - - default default] Successfully bumped revision number for resource d9cdcb30-e61b-4e93-8bf9-cd4859610238 (type: ports) to 1
2026-05-06 02:29:42.085 10 INFO neutron.api.wsgi [None req-ebc4ba04-5d27-4460-a8c7-97b847ea34fc 2165af36f1b94badae92afad0adaa873 d6438fcf1d224bb2be1156e272a6bc98 - - default default] 10.0.0.180 "POST /v2.0/networks HTTP/1.1" status: 201 len: 830 time: 0.7879682
2026-05-06 02:29:42.095 10 WARNING neutron_lib.context [None req-ea290717-42de-4d26-9db2-3fd9f5041cd3 2165af36f1b94badae92afad0adaa873 d6438fcf1d224bb2be1156e272a6bc98 - - default default] Method 'is_advsvc' is deprecated since 2023.2 release (neutron-lib 3.8.0) and will be removed once support for the old RBAC API policies will be removed from Neutron. Please use method 'is_service_role' instead.
2026-05-06 02:29:42.109 10 INFO neutron.db.segments_db [None req-6d95f29a-e8fd-4241-b850-bed8b9096415 93b0a81748d840fa891e275c4cf3df25 445a8881fc4a4c5ca4cb774fa807035e - - default default] Added segment ea208c40-9b81-44ea-b2e4-88a04a3dabc2 of type geneve for network fb942042-bd09-4757-9c94-e128db42abe0
2026-05-06 02:29:42.260 10 INFO neutron.db.ovn_revision_numbers_db [None req-6d95f29a-e8fd-4241-b850-bed8b9096415 93b0a81748d840fa891e275c4cf3df25 445a8881fc4a4c5ca4cb774fa807035e - - default default] Successfully bumped revision number for resource fb942042-bd09-4757-9c94-e128db42abe0 (type: networks) to 1
2026-05-06 02:29:42.302 9 INFO neutron.db.ovn_revision_numbers_db [None req-9cc72ec3-b4ee-4064-a95e-8a96b65db6c4 26d1b44731a14a198700d0f8145aed0a 86d93090c8cd4072818669d06cc8f0ff - - default default] Successfully bumped revision number for resource 086bfa3e-53c8-4387-9a9b-6d3158bf5a52 (type: routers) to 5
2026-05-06 02:29:42.307 9 INFO neutron.api.wsgi [None req-9cc72ec3-b4ee-4064-a95e-8a96b65db6c4 26d1b44731a14a198700d0f8145aed0a 86d93090c8cd4072818669d06cc8f0ff - - default default] 10.0.0.180 "PUT /v2.0/routers/086bfa3e-53c8-4387-9a9b-6d3158bf5a52 HTTP/1.1" status: 200 len: 1137 time: 0.5940118
2026-05-06 02:29:42.370 10 WARNING neutron.scheduler.dhcp_agent_scheduler [None req-ea290717-42de-4d26-9db2-3fd9f5041cd3 2165af36f1b94badae92afad0adaa873 d6438fcf1d224bb2be1156e272a6bc98 - - default default] No more DHCP agents
2026-05-06 02:29:42.371 10 WARNING neutron.api.rpc.agentnotifiers.dhcp_rpc_agent_api [None req-ea290717-42de-4d26-9db2-3fd9f5041cd3 2165af36f1b94badae92afad0adaa873 d6438fcf1d224bb2be1156e272a6bc98 - - default default] Unable to schedule network eec656c6-2327-4dcb-a9fd-e7fd45971354: no agents available; will retry on subsequent port and subnet creation events.
2026-05-06 02:29:42.379 9 INFO neutron.api.wsgi [None req-19451191-5a29-48c7-b14d-81b7fcb3b030 26d1b44731a14a198700d0f8145aed0a 86d93090c8cd4072818669d06cc8f0ff - - default default] 10.0.0.180 "GET /v2.0/ports?device_id=086bfa3e-53c8-4387-9a9b-6d3158bf5a52 HTTP/1.1" status: 200 len: 1144 time: 0.0672185
2026-05-06 02:29:42.432 10 INFO neutron.db.ovn_revision_numbers_db [None req-ea290717-42de-4d26-9db2-3fd9f5041cd3 2165af36f1b94badae92afad0adaa873 d6438fcf1d224bb2be1156e272a6bc98 - - default default] Successfully bumped revision number for resource 7df392fc-1322-47b9-9d20-26d25abbeb50 (type: ports) to 1
2026-05-06 02:29:42.437 9 INFO neutron.api.wsgi [req-fcaac51c-f34e-4164-9dd6-72c77a07eb15 req-4e400739-72f9-49c2-bda2-febc63480ecd 59c423385cec40c3991acfec2745cb80 abd13e4f2c81458d87fc4fea0437bb69 - - 9bf3027721cb4fbcb27a3d86345af0c0 9bf3027721cb4fbcb27a3d86345af0c0] 199.19.213.65 "GET /v2.0/ports?tenant_id=f46244320ec249a99274ffb8f6b97946&device_id=522db6c4-34fb-4fc1-84f9-818f48312702 HTTP/1.1" status: 200 len: 1640 time: 0.0349619
2026-05-06 02:29:42.437 10 WARNING neutron.scheduler.dhcp_agent_scheduler [None req-6d95f29a-e8fd-4241-b850-bed8b9096415 93b0a81748d840fa891e275c4cf3df25 445a8881fc4a4c5ca4cb774fa807035e - - default default] No more DHCP agents
2026-05-06 02:29:42.438 10 WARNING neutron.api.rpc.agentnotifiers.dhcp_rpc_agent_api [None req-6d95f29a-e8fd-4241-b850-bed8b9096415 93b0a81748d840fa891e275c4cf3df25 445a8881fc4a4c5ca4cb774fa807035e - - default default] Unable to schedule network fb942042-bd09-4757-9c94-e128db42abe0: no agents available; will retry on subsequent port and subnet creation events.
2026-05-06 02:29:42.464 10 INFO neutron.api.wsgi [None req-ea290717-42de-4d26-9db2-3fd9f5041cd3 2165af36f1b94badae92afad0adaa873 d6438fcf1d224bb2be1156e272a6bc98 - - default default] 10.0.0.180 "POST /v2.0/ports HTTP/1.1" status: 201 len: 942 time: 0.3729761
2026-05-06 02:29:42.468 9 INFO neutron.api.wsgi [req-fcaac51c-f34e-4164-9dd6-72c77a07eb15 req-bd9a9afc-1acc-4f12-860b-1eb84b5ea46a 59c423385cec40c3991acfec2745cb80 abd13e4f2c81458d87fc4fea0437bb69 - - 9bf3027721cb4fbcb27a3d86345af0c0 9bf3027721cb4fbcb27a3d86345af0c0] 199.19.213.65 "GET /v2.0/floatingips?fixed_ip_address=10.2.2.239&port_id=e5f7eadd-65fa-4f70-85cf-172931bb459e HTTP/1.1" status: 200 len: 217 time: 0.0254488
2026-05-06 02:29:42.494 9 INFO neutron.api.wsgi [req-fcaac51c-f34e-4164-9dd6-72c77a07eb15 req-4ad02609-a359-433d-9e32-8ca8904d8a20 59c423385cec40c3991acfec2745cb80 abd13e4f2c81458d87fc4fea0437bb69 - - 9bf3027721cb4fbcb27a3d86345af0c0 9bf3027721cb4fbcb27a3d86345af0c0] 199.19.213.65 "GET /v2.0/floatingips?fixed_ip_address=fd77%3A1457%3A4cf0%3A26a8%3A%3A1fa&port_id=e5f7eadd-65fa-4f70-85cf-172931bb459e HTTP/1.1" status: 200 len: 217 time: 0.0188484
2026-05-06 02:29:42.531 9 INFO neutron.api.wsgi [None req-d47bc170-f71c-4c1a-98bc-522ab0249d98 2165af36f1b94badae92afad0adaa873 d6438fcf1d224bb2be1156e272a6bc98 - - default default] 10.0.0.180 "PUT /v2.0/ports/7df392fc-1322-47b9-9d20-26d25abbeb50/tags HTTP/1.1" status: 200 len: 218 time: 0.0610480
2026-05-06 02:29:42.534 10 INFO neutron.db.ovn_revision_numbers_db [None req-6d95f29a-e8fd-4241-b850-bed8b9096415 93b0a81748d840fa891e275c4cf3df25 445a8881fc4a4c5ca4cb774fa807035e - - default default] Successfully bumped revision number for resource 8d5f5db5-5943-449c-bcd1-0aa82737581c (type: ports) to 1 /var/lib/openstack/lib/python3.12/site-packages/pycadf/identifier.py:71: UserWarning: Invalid uuid: neutron. To ensure interoperability, identifiers should be a valid uuid. warnings.warn(('Invalid uuid: %s. To ensure interoperability, '
2026-05-06 02:29:42.538 9 INFO neutron.api.wsgi [req-fcaac51c-f34e-4164-9dd6-72c77a07eb15 req-9f35f215-edd6-4993-9512-24792fbfd69d 59c423385cec40c3991acfec2745cb80 abd13e4f2c81458d87fc4fea0437bb69 - - 9bf3027721cb4fbcb27a3d86345af0c0 9bf3027721cb4fbcb27a3d86345af0c0] 199.19.213.65 "GET /v2.0/subnets?id=91a10051-b2b6-42ce-a470-54fc57227492&id=1c29603c-3d56-4ba1-b5bb-92616739e6fe HTTP/1.1" status: 200 len: 1614 time: 0.0397820
2026-05-06 02:29:42.558 9 INFO neutron.api.wsgi [req-fcaac51c-f34e-4164-9dd6-72c77a07eb15 req-83dfcf58-eaa5-4497-8fa9-249881a94754 59c423385cec40c3991acfec2745cb80 abd13e4f2c81458d87fc4fea0437bb69 - - 9bf3027721cb4fbcb27a3d86345af0c0 9bf3027721cb4fbcb27a3d86345af0c0] 199.19.213.65 "GET /v2.0/ports?network_id=c90ac318-4c59-425e-af85-34981c6996c9&device_owner=network%3Adhcp HTTP/1.1" status: 200 len: 210 time: 0.0150566
2026-05-06 02:29:42.560 10 INFO neutron.api.wsgi [None req-6d95f29a-e8fd-4241-b850-bed8b9096415 93b0a81748d840fa891e275c4cf3df25 445a8881fc4a4c5ca4cb774fa807035e - - default default] 10.0.0.180 "POST /v2.0/networks HTTP/1.1" status: 201 len: 943 time: 0.8311791
2026-05-06 02:29:42.572 10 INFO neutron.api.wsgi [None req-7cb59a94-fc91-46fa-9ffd-e862befce1ea 2165af36f1b94badae92afad0adaa873 d6438fcf1d224bb2be1156e272a6bc98 - - default default] 10.0.0.180 "GET /v2.0/ports/7df392fc-1322-47b9-9d20-26d25abbeb50/tags HTTP/1.1" status: 200 len: 218 time: 0.0363438
2026-05-06 02:29:42.588 9 INFO neutron.api.wsgi [req-fcaac51c-f34e-4164-9dd6-72c77a07eb15 req-5f912d7b-e580-4499-b72f-4845e8f6ceca 59c423385cec40c3991acfec2745cb80 abd13e4f2c81458d87fc4fea0437bb69 - - 9bf3027721cb4fbcb27a3d86345af0c0 9bf3027721cb4fbcb27a3d86345af0c0] 199.19.213.65 "GET /v2.0/ports?network_id=c90ac318-4c59-425e-af85-34981c6996c9&device_owner=network%3Adhcp HTTP/1.1" status: 200 len: 210 time: 0.0240672
