2026-05-06 02:29:05.659 9 INFO neutron.db.ovn_revision_numbers_db [None req-b9fb64b8-01a2-40ce-9b10-178358ff5c44 4c1bfae121114b079db9eaf6228aeec7 65c9887a5db048cb859279f3e321bcbe - - default default] Successfully bumped revision number for resource 668af38d-ea1b-4247-a71e-2d47eeeabfee (type: security_group_rules) to 0
2026-05-06 02:29:05.672 9 INFO neutron.db.ovn_revision_numbers_db [None req-b9fb64b8-01a2-40ce-9b10-178358ff5c44 4c1bfae121114b079db9eaf6228aeec7 65c9887a5db048cb859279f3e321bcbe - - default default] Successfully bumped revision number for resource 9c5832ad-7304-48fb-88b6-0db4a93cc701 (type: security_group_rules) to 0
2026-05-06 02:29:05.684 9 INFO neutron.db.ovn_revision_numbers_db [None req-b9fb64b8-01a2-40ce-9b10-178358ff5c44 4c1bfae121114b079db9eaf6228aeec7 65c9887a5db048cb859279f3e321bcbe - - default default] Successfully bumped revision number for resource e19171b1-2aca-4cbb-bd17-f556fb3e8a6f (type: security_group_rules) to 0
2026-05-06 02:29:05.762 9 INFO neutron.db.segments_db [None req-b9fb64b8-01a2-40ce-9b10-178358ff5c44 4c1bfae121114b079db9eaf6228aeec7 65c9887a5db048cb859279f3e321bcbe - - default default] Added segment 6c177d38-84a7-4598-8297-e71e8fb40259 of type geneve for network 13f707e7-2cfb-4725-97bb-5bca2f53af77
2026-05-06 02:29:05.873 9 INFO neutron.db.ovn_revision_numbers_db [None req-b9fb64b8-01a2-40ce-9b10-178358ff5c44 4c1bfae121114b079db9eaf6228aeec7 65c9887a5db048cb859279f3e321bcbe - - default default] Successfully bumped revision number for resource 13f707e7-2cfb-4725-97bb-5bca2f53af77 (type: networks) to 1
2026-05-06 02:29:05.983 9 INFO neutron.db.ovn_revision_numbers_db [None req-20c8c85a-4430-4780-8207-7fd47a83311d - - - - - -] Successfully bumped revision number for resource 72045f37-9053-42ea-99ac-75a86cf6dad4 (type: ports) to 2
2026-05-06 02:29:05.984 10 WARNING neutron.scheduler.dhcp_agent_scheduler [None req-96ee32a5-904e-4bad-b2e2-cc5c96734c30 b83934805f034c618e8a47bf76d01dba f46244320ec249a99274ffb8f6b97946 - - default default] No more DHCP agents
2026-05-06 02:29:05.987 10 WARNING neutron.api.rpc.agentnotifiers.dhcp_rpc_agent_api [None req-96ee32a5-904e-4bad-b2e2-cc5c96734c30 b83934805f034c618e8a47bf76d01dba f46244320ec249a99274ffb8f6b97946 - - default default] Unable to schedule network 0d967536-1f8c-44e5-928e-07f7b2ec47c5: no agents available; will retry on subsequent port and subnet creation events.
2026-05-06 02:29:06.003 10 INFO neutron.db.ovn_revision_numbers_db [None req-8502ea2a-1683-4483-8934-cbfd34e62bc7 - - - - - -] Successfully bumped revision number for resource cbde127b-2a02-4d53-8269-0ae5a2853abe (type: router_ports) to 1
2026-05-06 02:29:06.029 9 WARNING neutron.scheduler.dhcp_agent_scheduler [None req-b9fb64b8-01a2-40ce-9b10-178358ff5c44 4c1bfae121114b079db9eaf6228aeec7 65c9887a5db048cb859279f3e321bcbe - - default default] No more DHCP agents
2026-05-06 02:29:06.031 9 WARNING neutron.api.rpc.agentnotifiers.dhcp_rpc_agent_api [None req-b9fb64b8-01a2-40ce-9b10-178358ff5c44 4c1bfae121114b079db9eaf6228aeec7 65c9887a5db048cb859279f3e321bcbe - - default default] Unable to schedule network 13f707e7-2cfb-4725-97bb-5bca2f53af77: no agents available; will retry on subsequent port and subnet creation events.
2026-05-06 02:29:06.086 9 INFO neutron.db.ovn_revision_numbers_db [None req-b9fb64b8-01a2-40ce-9b10-178358ff5c44 4c1bfae121114b079db9eaf6228aeec7 65c9887a5db048cb859279f3e321bcbe - - default default] Successfully bumped revision number for resource 9f3a81e2-71b9-407a-bc24-db5393a1aae0 (type: ports) to 1
2026-05-06 02:29:06.106 9 INFO neutron.api.wsgi [None req-b9fb64b8-01a2-40ce-9b10-178358ff5c44 4c1bfae121114b079db9eaf6228aeec7 65c9887a5db048cb859279f3e321bcbe - - default default] 10.0.0.180 "POST /v2.0/networks HTTP/1.1" status: 201 len: 847 time: 0.7497852
2026-05-06 02:29:06.124 10 INFO neutron.db.ovn_revision_numbers_db [None req-96ee32a5-904e-4bad-b2e2-cc5c96734c30 b83934805f034c618e8a47bf76d01dba f46244320ec249a99274ffb8f6b97946 - - default default] Successfully bumped revision number for resource 2144df0f-997e-4f18-9dbe-491a6dc8b541 (type: ports) to 1
2026-05-06 02:29:06.226 10 WARNING neutron.scheduler.dhcp_agent_scheduler [None req-8502ea2a-1683-4483-8934-cbfd34e62bc7 - - - - - -] No more DHCP agents
2026-05-06 02:29:06.228 10 WARNING neutron.api.rpc.agentnotifiers.dhcp_rpc_agent_api [None req-8502ea2a-1683-4483-8934-cbfd34e62bc7 - - - - - -] Unable to schedule network 97650e1c-eedd-4042-9d7b-2ff09930f69d: no agents available; will retry on subsequent port and subnet creation events.
2026-05-06 02:29:06.397 10 INFO neutron.db.ovn_revision_numbers_db [None req-8502ea2a-1683-4483-8934-cbfd34e62bc7 - - - - - -] Successfully bumped revision number for resource 72b485d3-fe40-4ed4-b602-89835314ea63 (type: ports) to 1
2026-05-06 02:29:06.595 9 WARNING neutron_lib.context [None req-0b3ea2f0-351b-4f2e-a51a-5c92b3c22642 4c1bfae121114b079db9eaf6228aeec7 65c9887a5db048cb859279f3e321bcbe - - default default] Method 'is_advsvc' is deprecated since 2023.2 release (neutron-lib 3.8.0) and will be removed once support for the old RBAC API policies will be removed from Neutron. Please use method 'is_service_role' instead.
2026-05-06 02:29:06.664 10 INFO neutron.db.ovn_revision_numbers_db [None req-8502ea2a-1683-4483-8934-cbfd34e62bc7 - - - - - -] Successfully bumped revision number for resource 72b485d3-fe40-4ed4-b602-89835314ea63 (type: ports) to 3
2026-05-06 02:29:06.748 9 WARNING neutron.scheduler.dhcp_agent_scheduler [None req-0b3ea2f0-351b-4f2e-a51a-5c92b3c22642 4c1bfae121114b079db9eaf6228aeec7 65c9887a5db048cb859279f3e321bcbe - - default default] No more DHCP agents
2026-05-06 02:29:06.749 9 WARNING neutron.api.rpc.agentnotifiers.dhcp_rpc_agent_api [None req-0b3ea2f0-351b-4f2e-a51a-5c92b3c22642 4c1bfae121114b079db9eaf6228aeec7 65c9887a5db048cb859279f3e321bcbe - - default default] Unable to schedule network 13f707e7-2cfb-4725-97bb-5bca2f53af77: no agents available; will retry on subsequent port and subnet creation events.
2026-05-06 02:29:06.767 10 INFO neutron.plugins.ml2.drivers.ovn.mech_driver.ovsdb.commands [None req-ba08b261-2b43-4bfb-b7b8-b20700148af4 - - - - - -] Schedule LRP lrp-2144df0f-997e-4f18-9dbe-491a6dc8b541 on gateway 891c5ace-37ed-441c-af52-ca49cb6a305a with priority 1
2026-05-06 02:29:06.772 9 INFO neutron.db.ovn_revision_numbers_db [None req-0b3ea2f0-351b-4f2e-a51a-5c92b3c22642 4c1bfae121114b079db9eaf6228aeec7 65c9887a5db048cb859279f3e321bcbe - - default default] Successfully bumped revision number for resource bc3e5f68-2800-4594-992c-bde5aeb7b796 (type: subnets) to 0
2026-05-06 02:29:06.788 9 INFO neutron.plugins.ml2.drivers.ovn.mech_driver.ovsdb.ovsdb_monitor [None req-51bfbf0b-5bee-4ab4-8eb9-08bbbbb9e260 - - - - - -] Router 3c695f2c-8501-4ccc-98d8-47909e6cb7dd is bound to host instance
2026-05-06 02:29:06.803 9 INFO neutron.api.wsgi [None req-0b3ea2f0-351b-4f2e-a51a-5c92b3c22642 4c1bfae121114b079db9eaf6228aeec7 65c9887a5db048cb859279f3e321bcbe - - default default] 10.0.0.180 "POST /v2.0/subnets HTTP/1.1" status: 201 len: 872 time: 0.2136092
2026-05-06 02:29:06.813 9 WARNING neutron_lib.context [None req-79236556-6251-431a-b79c-30f85e9b756d 4c1bfae121114b079db9eaf6228aeec7 65c9887a5db048cb859279f3e321bcbe - - default default] Method 'is_advsvc' is deprecated since 2023.2 release (neutron-lib 3.8.0) and will be removed once support for the old RBAC API policies will be removed from Neutron. Please use method 'is_service_role' instead.
2026-05-06 02:29:06.828 10 INFO neutron.db.ovn_revision_numbers_db [None req-96ee32a5-904e-4bad-b2e2-cc5c96734c30 b83934805f034c618e8a47bf76d01dba f46244320ec249a99274ffb8f6b97946 - - default default] Successfully bumped revision number for resource 2144df0f-997e-4f18-9dbe-491a6dc8b541 (type: router_ports) to 1
2026-05-06 02:29:06.890 10 INFO neutron.api.wsgi [None req-ccd4b8e9-f961-4e65-a3c6-05252c87db6c 89686c14f85a4175a3e9b33b34b813a3 7024f25b65814a2189cef5c2963fe9f8 - - default default] 10.0.0.180 "POST /v2.0/vpn/vpnservices HTTP/1.1" status: 201 len: 657 time: 4.6175158
2026-05-06 02:29:06.902 9 INFO neutron.db.segments_db [None req-79236556-6251-431a-b79c-30f85e9b756d 4c1bfae121114b079db9eaf6228aeec7 65c9887a5db048cb859279f3e321bcbe - - default default] Added segment f7a4466f-7bdf-474e-a00b-12adcbb41492 of type geneve for network 94a3330d-c0ca-4baa-8cfa-91e0ce6e4903
2026-05-06 02:29:06.909 10 INFO neutron.api.wsgi [None req-1a39b951-8a7b-4bfd-822c-34bbdf3982a3 26d1b44731a14a198700d0f8145aed0a 86d93090c8cd4072818669d06cc8f0ff - - default default] 10.0.0.180 "GET /v2.0/vpn/vpnservices HTTP/1.1" status: 200 len: 1510 time: 0.0122850
2026-05-06 02:29:06.933 10 INFO neutron.db.ovn_revision_numbers_db [None req-96ee32a5-904e-4bad-b2e2-cc5c96734c30 b83934805f034c618e8a47bf76d01dba f46244320ec249a99274ffb8f6b97946 - - default default] Successfully bumped revision number for resource 3c695f2c-8501-4ccc-98d8-47909e6cb7dd (type: routers) to 2
2026-05-06 02:29:06.953 10 INFO neutron.api.wsgi [None req-96ee32a5-904e-4bad-b2e2-cc5c96734c30 b83934805f034c618e8a47bf76d01dba f46244320ec249a99274ffb8f6b97946 - - default default] 10.0.0.180 "POST /v2.0/routers HTTP/1.1" status: 201 len: 1144 time: 1.4483318
2026-05-06 02:29:07.132 9 INFO neutron.db.ovn_revision_numbers_db [None req-79236556-6251-431a-b79c-30f85e9b756d 4c1bfae121114b079db9eaf6228aeec7 65c9887a5db048cb859279f3e321bcbe - - default default] Successfully bumped revision number for resource 94a3330d-c0ca-4baa-8cfa-91e0ce6e4903 (type: networks) to 1
2026-05-06 02:29:07.367 9 WARNING neutron.scheduler.dhcp_agent_scheduler [None req-79236556-6251-431a-b79c-30f85e9b756d 4c1bfae121114b079db9eaf6228aeec7 65c9887a5db048cb859279f3e321bcbe - - default default] No more DHCP agents
2026-05-06 02:29:07.369 9 WARNING neutron.api.rpc.agentnotifiers.dhcp_rpc_agent_api [None req-79236556-6251-431a-b79c-30f85e9b756d 4c1bfae121114b079db9eaf6228aeec7 65c9887a5db048cb859279f3e321bcbe - - default default] Unable to schedule network 94a3330d-c0ca-4baa-8cfa-91e0ce6e4903: no agents available; will retry on subsequent port and subnet creation events.
2026-05-06 02:29:07.424 9 INFO neutron.db.ovn_revision_numbers_db [None req-2836889e-0529-432d-881e-53b2019b7590 - - - - - -] Successfully bumped revision number for resource 2144df0f-997e-4f18-9dbe-491a6dc8b541 (type: ports) to 1
2026-05-06 02:29:07.444 10 WARNING neutron.scheduler.dhcp_agent_scheduler [None req-47422603-87bd-47e3-a2ec-eb37db7f9dee b83934805f034c618e8a47bf76d01dba f46244320ec249a99274ffb8f6b97946 - - default default] No more DHCP agents
2026-05-06 02:29:07.445 10 WARNING neutron.api.rpc.agentnotifiers.dhcp_rpc_agent_api [None req-47422603-87bd-47e3-a2ec-eb37db7f9dee b83934805f034c618e8a47bf76d01dba f46244320ec249a99274ffb8f6b97946 - - default default] Unable to schedule network 131e52a0-b4e3-487a-8081-d20600187b85: no agents available; will retry on subsequent port and subnet creation events.
2026-05-06 02:29:07.457 9 INFO neutron.db.ovn_revision_numbers_db [None req-79236556-6251-431a-b79c-30f85e9b756d 4c1bfae121114b079db9eaf6228aeec7 65c9887a5db048cb859279f3e321bcbe - - default default] Successfully bumped revision number for resource 68d38fe6-9325-48d1-b0cc-7f09e19c2400 (type: ports) to 1
2026-05-06 02:29:07.462 10 WARNING neutron_lib.context [None req-661b73ec-6719-4e80-ba7b-3e3411b24aa1 5a4f1f0ed62e44a5a9fde98d17e532a9 367d347fc62f49cca10955250306b5ac - - default default] Method 'is_advsvc' is deprecated since 2023.2 release (neutron-lib 3.8.0) and will be removed once support for the old RBAC API policies will be removed from Neutron. Please use method 'is_service_role' instead.
2026-05-06 02:29:07.492 9 INFO neutron.api.wsgi [None req-79236556-6251-431a-b79c-30f85e9b756d 4c1bfae121114b079db9eaf6228aeec7 65c9887a5db048cb859279f3e321bcbe - - default default] 10.0.0.180 "POST /v2.0/networks HTTP/1.1" status: 201 len: 846 time: 0.6824324
2026-05-06 02:29:07.610 10 INFO neutron.db.ovn_revision_numbers_db [None req-47422603-87bd-47e3-a2ec-eb37db7f9dee b83934805f034c618e8a47bf76d01dba f46244320ec249a99274ffb8f6b97946 - - default default] Successfully bumped revision number for resource 9c647594-c8da-4442-a768-e5583082746c (type: ports) to 1
2026-05-06 02:29:07.630 10 INFO neutron.db.ovn_revision_numbers_db [None req-661b73ec-6719-4e80-ba7b-3e3411b24aa1 5a4f1f0ed62e44a5a9fde98d17e532a9 367d347fc62f49cca10955250306b5ac - - default default] Successfully bumped revision number for resource dffc0341-bf9c-4ca7-8f0f-5e3585820dde (type: security_groups) to 1
2026-05-06 02:29:07.644 10 INFO neutron.db.ovn_revision_numbers_db [None req-661b73ec-6719-4e80-ba7b-3e3411b24aa1 5a4f1f0ed62e44a5a9fde98d17e532a9 367d347fc62f49cca10955250306b5ac - - default default] Successfully bumped revision number for resource 0a0a9a71-5c51-4953-87d0-9b66adb5def0 (type: security_group_rules) to 0
2026-05-06 02:29:07.664 10 INFO neutron.db.ovn_revision_numbers_db [None req-661b73ec-6719-4e80-ba7b-3e3411b24aa1 5a4f1f0ed62e44a5a9fde98d17e532a9 367d347fc62f49cca10955250306b5ac - - default default] Successfully bumped revision number for resource 1a8181a0-32e9-460e-acc3-75ec77bbf970 (type: security_group_rules) to 0
2026-05-06 02:29:07.678 10 INFO neutron.db.ovn_revision_numbers_db [None req-661b73ec-6719-4e80-ba7b-3e3411b24aa1 5a4f1f0ed62e44a5a9fde98d17e532a9 367d347fc62f49cca10955250306b5ac - - default default] Successfully bumped revision number for resource b445d742-92cb-4715-be5c-c280ed130bd7 (type: security_group_rules) to 0
2026-05-06 02:29:07.697 10 INFO neutron.db.ovn_revision_numbers_db [None req-661b73ec-6719-4e80-ba7b-3e3411b24aa1 5a4f1f0ed62e44a5a9fde98d17e532a9 367d347fc62f49cca10955250306b5ac - - default default] Successfully bumped revision number for resource dd625ff9-33f1-49e8-8749-e2fa9a9d196a (type: security_group_rules) to 0
2026-05-06 02:29:07.698 9 INFO neutron.db.ovn_revision_numbers_db [None req-a9bf7dc2-2860-40f0-8d1e-e0e389bdcff1 4c1bfae121114b079db9eaf6228aeec7 65c9887a5db048cb859279f3e321bcbe - - default default] Successfully bumped revision number for resource 94a3330d-c0ca-4baa-8cfa-91e0ce6e4903 (type: networks) to 2
2026-05-06 02:29:07.700 9 INFO neutron.api.wsgi [None req-a9bf7dc2-2860-40f0-8d1e-e0e389bdcff1 4c1bfae121114b079db9eaf6228aeec7 65c9887a5db048cb859279f3e321bcbe - - default default] 10.0.0.180 "PUT /v2.0/networks/94a3330d-c0ca-4baa-8cfa-91e0ce6e4903 HTTP/1.1" status: 200 len: 792 time: 0.2026479
2026-05-06 02:29:07.710 9 WARNING neutron_lib.context [None req-79890a8b-fc2f-4ab8-b046-6be13cd077dc 4c1bfae121114b079db9eaf6228aeec7 65c9887a5db048cb859279f3e321bcbe - - default default] Method 'is_advsvc' is deprecated since 2023.2 release (neutron-lib 3.8.0) and will be removed once support for the old RBAC API policies will be removed from Neutron. Please use method 'is_service_role' instead.
2026-05-06 02:29:07.772 10 INFO neutron.db.segments_db [None req-661b73ec-6719-4e80-ba7b-3e3411b24aa1 5a4f1f0ed62e44a5a9fde98d17e532a9 367d347fc62f49cca10955250306b5ac - - default default] Added segment 8c3cd2a0-ded8-44f2-ad48-83421f18dfb3 of type geneve for network 240968e3-b3fb-459b-b052-25f695f7f9ed
2026-05-06 02:29:07.883 9 INFO neutron.db.ovn_revision_numbers_db [None req-2836889e-0529-432d-881e-53b2019b7590 - - - - - -] Successfully bumped revision number for resource 2144df0f-997e-4f18-9dbe-491a6dc8b541 (type: ports) to 4
2026-05-06 02:29:07.916 10 INFO neutron.db.ovn_revision_numbers_db [None req-661b73ec-6719-4e80-ba7b-3e3411b24aa1 5a4f1f0ed62e44a5a9fde98d17e532a9 367d347fc62f49cca10955250306b5ac - - default default] Successfully bumped revision number for resource 240968e3-b3fb-459b-b052-25f695f7f9ed (type: networks) to 1
2026-05-06 02:29:07.981 9 WARNING neutron.scheduler.dhcp_agent_scheduler [None req-79890a8b-fc2f-4ab8-b046-6be13cd077dc 4c1bfae121114b079db9eaf6228aeec7 65c9887a5db048cb859279f3e321bcbe - - default default] No more DHCP agents
2026-05-06 02:29:07.992 9 WARNING neutron.api.rpc.agentnotifiers.dhcp_rpc_agent_api [None req-79890a8b-fc2f-4ab8-b046-6be13cd077dc 4c1bfae121114b079db9eaf6228aeec7 65c9887a5db048cb859279f3e321bcbe - - default default] Unable to schedule network 94a3330d-c0ca-4baa-8cfa-91e0ce6e4903: no agents available; will retry on subsequent port and subnet creation events.
2026-05-06 02:29:08.033 9 INFO neutron.db.ovn_revision_numbers_db [None req-79890a8b-fc2f-4ab8-b046-6be13cd077dc 4c1bfae121114b079db9eaf6228aeec7 65c9887a5db048cb859279f3e321bcbe - - default default] Successfully bumped revision number for resource 39e87567-9f24-4607-801e-0378d97e470b (type: subnets) to 0
2026-05-06 02:29:08.055 9 INFO neutron.api.wsgi [None req-79890a8b-fc2f-4ab8-b046-6be13cd077dc 4c1bfae121114b079db9eaf6228aeec7 65c9887a5db048cb859279f3e321bcbe - - default default] 10.0.0.180 "POST /v2.0/subnets HTTP/1.1" status: 201 len: 845 time: 0.3487620
2026-05-06 02:29:08.094 10 WARNING neutron.scheduler.dhcp_agent_scheduler [None req-661b73ec-6719-4e80-ba7b-3e3411b24aa1 5a4f1f0ed62e44a5a9fde98d17e532a9 367d347fc62f49cca10955250306b5ac - - default default] No more DHCP agents
2026-05-06 02:29:08.098 10 WARNING neutron.api.rpc.agentnotifiers.dhcp_rpc_agent_api [None req-661b73ec-6719-4e80-ba7b-3e3411b24aa1 5a4f1f0ed62e44a5a9fde98d17e532a9 367d347fc62f49cca10955250306b5ac - - default default] Unable to schedule network 240968e3-b3fb-459b-b052-25f695f7f9ed: no agents available; will retry on subsequent port and subnet creation events.
2026-05-06 02:29:08.167 10 INFO neutron.db.ovn_revision_numbers_db [None req-661b73ec-6719-4e80-ba7b-3e3411b24aa1 5a4f1f0ed62e44a5a9fde98d17e532a9 367d347fc62f49cca10955250306b5ac - - default default] Successfully bumped revision number for resource 5bce9e86-b559-4da3-b417-e1dcff8a04a3 (type: ports) to 1
2026-05-06 02:29:08.205 10 INFO neutron.api.wsgi [None req-661b73ec-6719-4e80-ba7b-3e3411b24aa1 5a4f1f0ed62e44a5a9fde98d17e532a9 367d347fc62f49cca10955250306b5ac - - default default] 10.0.0.180 "POST /v2.0/networks HTTP/1.1" status: 201 len: 830 time: 0.9079459
2026-05-06 02:29:08.215 10 WARNING neutron_lib.context [None req-2c0c1ef3-430b-4fe2-85b4-0255d5032954 5a4f1f0ed62e44a5a9fde98d17e532a9 367d347fc62f49cca10955250306b5ac - - default default] Method 'is_advsvc' is deprecated since 2023.2 release (neutron-lib 3.8.0) and will be removed once support for the old RBAC API policies will be removed from Neutron. Please use method 'is_service_role' instead.
2026-05-06 02:29:08.253 10 INFO neutron.db.ovn_revision_numbers_db [None req-47422603-87bd-47e3-a2ec-eb37db7f9dee b83934805f034c618e8a47bf76d01dba f46244320ec249a99274ffb8f6b97946 - - default default] Successfully bumped revision number for resource 9c647594-c8da-4442-a768-e5583082746c (type: ports) to 1
2026-05-06 02:29:08.313 10 WARNING neutron.scheduler.dhcp_agent_scheduler [None req-47422603-87bd-47e3-a2ec-eb37db7f9dee b83934805f034c618e8a47bf76d01dba f46244320ec249a99274ffb8f6b97946 - - default default] No more DHCP agents
2026-05-06 02:29:08.316 10 WARNING neutron.api.rpc.agentnotifiers.dhcp_rpc_agent_api [None req-47422603-87bd-47e3-a2ec-eb37db7f9dee b83934805f034c618e8a47bf76d01dba f46244320ec249a99274ffb8f6b97946 - - default default] Unable to schedule network 131e52a0-b4e3-487a-8081-d20600187b85: no agents available; will retry on subsequent port and subnet creation events.
2026-05-06 02:29:08.445 10 WARNING neutron.scheduler.dhcp_agent_scheduler [None req-2c0c1ef3-430b-4fe2-85b4-0255d5032954 5a4f1f0ed62e44a5a9fde98d17e532a9 367d347fc62f49cca10955250306b5ac - - default default] No more DHCP agents
2026-05-06 02:29:08.448 10 WARNING neutron.api.rpc.agentnotifiers.dhcp_rpc_agent_api [None req-2c0c1ef3-430b-4fe2-85b4-0255d5032954 5a4f1f0ed62e44a5a9fde98d17e532a9 367d347fc62f49cca10955250306b5ac - - default default] Unable to schedule network 240968e3-b3fb-459b-b052-25f695f7f9ed: no agents available; will retry on subsequent port and subnet creation events.
2026-05-06 02:29:08.578 9 INFO neutron.db.ovn_revision_numbers_db [None req-2836889e-0529-432d-881e-53b2019b7590 - - - - - -] Successfully bumped revision number for resource 2144df0f-997e-4f18-9dbe-491a6dc8b541 (type: ports) to 5
2026-05-06 02:29:08.697 10 INFO neutron.db.ovn_revision_numbers_db [None req-47422603-87bd-47e3-a2ec-eb37db7f9dee b83934805f034c618e8a47bf76d01dba f46244320ec249a99274ffb8f6b97946 - - default default] Successfully bumped revision number for resource 9c647594-c8da-4442-a768-e5583082746c (type: router_ports) to 1
2026-05-06 02:29:08.704 10 INFO neutron.api.wsgi [None req-47422603-87bd-47e3-a2ec-eb37db7f9dee b83934805f034c618e8a47bf76d01dba f46244320ec249a99274ffb8f6b97946 - - default default] 10.0.0.180 "PUT /v2.0/routers/3c695f2c-8501-4ccc-98d8-47909e6cb7dd/add_router_interface HTTP/1.1" status: 200 len: 503 time: 1.7444396
2026-05-06 02:29:08.948 10 INFO neutron.db.ovn_revision_numbers_db [None req-e074aca2-7aff-4a37-bd7e-03d250515e81 - - - - - -] Successfully bumped revision number for resource 5bce9e86-b559-4da3-b417-e1dcff8a04a3 (type: ports) to 2
2026-05-06 02:29:08.982 10 INFO neutron.db.ovn_revision_numbers_db [None req-e074aca2-7aff-4a37-bd7e-03d250515e81 - - - - - -] Successfully bumped revision number for resource 4baa3936-4152-4204-965e-e22ab676033a (type: subnets) to 0
2026-05-06 02:29:08.994 10 INFO neutron.api.wsgi [None req-2c0c1ef3-430b-4fe2-85b4-0255d5032954 5a4f1f0ed62e44a5a9fde98d17e532a9 367d347fc62f49cca10955250306b5ac - - default default] 10.0.0.180 "POST /v2.0/subnets HTTP/1.1" status: 201 len: 825 time: 0.7825482
2026-05-06 02:29:09.010 10 WARNING neutron_lib.context [None req-1d13b57d-589c-4034-aff7-399f659d939e 5a4f1f0ed62e44a5a9fde98d17e532a9 367d347fc62f49cca10955250306b5ac - - default default] Method 'is_advsvc' is deprecated since 2023.2 release (neutron-lib 3.8.0) and will be removed once support for the old RBAC API policies will be removed from Neutron. Please use method 'is_service_role' instead.
2026-05-06 02:29:09.081 9 INFO neutron.db.ovn_revision_numbers_db [None req-b9ca6a6b-d6c4-4ae7-accb-9c6893bc2d69 - - - - - -] Successfully bumped revision number for resource 68d38fe6-9325-48d1-b0cc-7f09e19c2400 (type: ports) to 2
2026-05-06 02:29:09.100 10 INFO neutron.db.segments_db [None req-1d13b57d-589c-4034-aff7-399f659d939e 5a4f1f0ed62e44a5a9fde98d17e532a9 367d347fc62f49cca10955250306b5ac - - default default] Added segment ace23808-ac9e-419e-b85f-6c3476863780 of type geneve for network 68006d99-f821-4689-aca5-373c84313270
2026-05-06 02:29:09.122 9 INFO neutron.db.ovn_revision_numbers_db [None req-b9ca6a6b-d6c4-4ae7-accb-9c6893bc2d69 - - - - - -] Successfully bumped revision number for resource 39e87567-9f24-4607-801e-0378d97e470b (type: subnets) to 1
2026-05-06 02:29:09.125 9 INFO neutron.api.wsgi [None req-a20f8aa3-ab15-450a-8e99-5106424d655d 4c1bfae121114b079db9eaf6228aeec7 65c9887a5db048cb859279f3e321bcbe - - default default] 10.0.0.180 "PUT /v2.0/subnets/39e87567-9f24-4607-801e-0378d97e470b HTTP/1.1" status: 200 len: 850 time: 1.0646586
2026-05-06 02:29:09.249 10 INFO neutron.db.ovn_revision_numbers_db [None req-1d13b57d-589c-4034-aff7-399f659d939e 5a4f1f0ed62e44a5a9fde98d17e532a9 367d347fc62f49cca10955250306b5ac - - default default] Successfully bumped revision number for resource 68006d99-f821-4689-aca5-373c84313270 (type: networks) to 1
2026-05-06 02:29:09.328 10 WARNING neutron.scheduler.dhcp_agent_scheduler [None req-9fc37fdb-02b8-4cd6-b34e-96b788fe32fd b83934805f034c618e8a47bf76d01dba f46244320ec249a99274ffb8f6b97946 - - default default] No more DHCP agents
2026-05-06 02:29:09.330 10 WARNING neutron.api.rpc.agentnotifiers.dhcp_rpc_agent_api [None req-9fc37fdb-02b8-4cd6-b34e-96b788fe32fd b83934805f034c618e8a47bf76d01dba f46244320ec249a99274ffb8f6b97946 - - default default] Unable to schedule network 160fffcf-bee2-439a-83dd-78524d649180: no agents available; will retry on subsequent port and subnet creation events.
2026-05-06 02:29:09.586 9 INFO neutron.services.segments.plugin [-] Segment f7a4466f-7bdf-474e-a00b-12adcbb41492 resource provider aggregate not found
2026-05-06 02:29:09.591 9 INFO neutron.services.segments.plugin [-] Segment f7a4466f-7bdf-474e-a00b-12adcbb41492 resource provider aggregate not found
2026-05-06 02:29:09.605 9 INFO neutron.services.segments.plugin [-] Segment f7a4466f-7bdf-474e-a00b-12adcbb41492 resource provider not found; error: Placement Client Error (4xx): {"errors": [{"status": 404, "title": "Not Found", "detail": "The resource could not be found.\n\n No resource provider with uuid f7a4466f-7bdf-474e-a00b-12adcbb41492 found for delete ", "request_id": "req-87bae703-dbe8-44f4-adb7-1d23dcabdc8f"}]}
2026-05-06 02:29:09.609 9 INFO neutron.services.segments.plugin [-] Segment f7a4466f-7bdf-474e-a00b-12adcbb41492 resource provider not found; error: Placement Client Error (4xx): {"errors": [{"status": 404, "title": "Not Found", "detail": "The resource could not be found.\n\n No resource provider with uuid f7a4466f-7bdf-474e-a00b-12adcbb41492 found for delete ", "request_id": "req-30dcb470-aea6-417c-832e-308b2b1d9693"}]}
2026-05-06 02:29:09.619 9 INFO neutron.api.wsgi [None req-f009b05a-834b-417c-90a3-182bd9b51e2d 4c1bfae121114b079db9eaf6228aeec7 65c9887a5db048cb859279f3e321bcbe - - default default] 10.0.0.180 "DELETE /v2.0/networks/94a3330d-c0ca-4baa-8cfa-91e0ce6e4903 HTTP/1.1" status: 204 len: 168 time: 0.4884765 /var/lib/openstack/lib/python3.12/site-packages/pycadf/identifier.py:71: UserWarning: Invalid uuid: neutron. To ensure interoperability, identifiers should be a valid uuid. warnings.warn(('Invalid uuid: %s. To ensure interoperability, '
2026-05-06 02:29:09.632 9 INFO neutron.pecan_wsgi.hooks.translation [None req-338b1d7d-3c40-4294-b4fa-99d2aa255140 4c1bfae121114b079db9eaf6228aeec7 65c9887a5db048cb859279f3e321bcbe - - default default] DELETE failed (client error): The resource could not be found.
2026-05-06 02:29:09.634 9 INFO neutron.api.wsgi [None req-338b1d7d-3c40-4294-b4fa-99d2aa255140 4c1bfae121114b079db9eaf6228aeec7 65c9887a5db048cb859279f3e321bcbe - - default default] 10.0.0.180 "DELETE /v2.0/networks/94a3330d-c0ca-4baa-8cfa-91e0ce6e4903 HTTP/1.1" status: 404 len: 339 time: 0.0113301
2026-05-06 02:29:09.640 10 WARNING neutron.scheduler.dhcp_agent_scheduler [None req-1d13b57d-589c-4034-aff7-399f659d939e 5a4f1f0ed62e44a5a9fde98d17e532a9 367d347fc62f49cca10955250306b5ac - - default default] No more DHCP agents
2026-05-06 02:29:09.643 10 WARNING neutron.api.rpc.agentnotifiers.dhcp_rpc_agent_api [None req-1d13b57d-589c-4034-aff7-399f659d939e 5a4f1f0ed62e44a5a9fde98d17e532a9 367d347fc62f49cca10955250306b5ac - - default default] Unable to schedule network 68006d99-f821-4689-aca5-373c84313270: no agents available; will retry on subsequent port and subnet creation events.
2026-05-06 02:29:09.710 10 INFO neutron.api.wsgi [None req-7411b759-1e48-48a7-99cb-80e587f26fcf 4c1bfae121114b079db9eaf6228aeec7 65c9887a5db048cb859279f3e321bcbe - - default default] 10.0.0.180 "GET /v2.0/networks?router%3Aexternal=True HTTP/1.1" status: 200 len: 845 time: 0.0693812
2026-05-06 02:29:09.742 10 INFO neutron.db.ovn_revision_numbers_db [None req-9fc37fdb-02b8-4cd6-b34e-96b788fe32fd b83934805f034c618e8a47bf76d01dba f46244320ec249a99274ffb8f6b97946 - - default default] Successfully bumped revision number for resource 7a34ccc5-c28e-42f5-8e4b-dc745824cb38 (type: ports) to 1
2026-05-06 02:29:09.755 10 INFO neutron.db.ovn_revision_numbers_db [None req-1d13b57d-589c-4034-aff7-399f659d939e 5a4f1f0ed62e44a5a9fde98d17e532a9 367d347fc62f49cca10955250306b5ac - - default default] Successfully bumped revision number for resource 3e0371ed-8cef-4697-a411-4a33ce12c1a2 (type: ports) to 1
2026-05-06 02:29:09.763 10 INFO neutron.api.wsgi [None req-0fd1fa8f-7211-4f6e-a4af-1684c2bb227c 4c1bfae121114b079db9eaf6228aeec7 65c9887a5db048cb859279f3e321bcbe - - default default] 10.0.0.180 "GET /v2.0/subnets?network_id=0d967536-1f8c-44e5-928e-07f7b2ec47c5 HTTP/1.1" status: 200 len: 843 time: 0.0432150
2026-05-06 02:29:09.773 10 INFO neutron.api.wsgi [None req-d1efc2ce-764f-4130-9704-2304e3f46c5d 4c1bfae121114b079db9eaf6228aeec7 65c9887a5db048cb859279f3e321bcbe - - default default] 10.0.0.180 "GET /v2.0/extensions HTTP/1.1" status: 200 len: 19293 time: 0.0046883
2026-05-06 02:29:09.788 10 INFO neutron.api.wsgi [None req-1d13b57d-589c-4034-aff7-399f659d939e 5a4f1f0ed62e44a5a9fde98d17e532a9 367d347fc62f49cca10955250306b5ac - - default default] 10.0.0.180 "POST /v2.0/networks HTTP/1.1" status: 201 len: 830 time: 0.7862067
2026-05-06 02:29:09.801 9 WARNING neutron_lib.context [None req-bd082477-c053-4aef-84b3-7f6f03524f9b 5a4f1f0ed62e44a5a9fde98d17e532a9 367d347fc62f49cca10955250306b5ac - - default default] Method 'is_advsvc' is deprecated since 2023.2 release (neutron-lib 3.8.0) and will be removed once support for the old RBAC API policies will be removed from Neutron. Please use method 'is_service_role' instead.
2026-05-06 02:29:09.837 9 INFO neutron.api.wsgi [None req-dfbd00b4-8d24-4916-abd3-3c20cb7731ad 89686c14f85a4175a3e9b33b34b813a3 7024f25b65814a2189cef5c2963fe9f8 - - default default] 10.0.0.180 "DELETE /v2.0/vpn/vpnservices/3146dedf-e251-4913-9817-682e1d5fd406 HTTP/1.1" status: 204 len: 168 time: 2.9193356
2026-05-06 02:29:09.843 9 INFO neutron.api.wsgi [None req-e0e2b7b9-804b-4d23-8d95-9219c2a33404 4c1bfae121114b079db9eaf6228aeec7 65c9887a5db048cb859279f3e321bcbe - - default default] 10.0.0.180 "GET /v2.0/networks HTTP/1.1" status: 200 len: 1508 time: 0.0644650
2026-05-06 02:29:09.852 10 WARNING neutron_lib.context [None req-971751ea-3be8-4529-9687-a6de852324cd 26d1b44731a14a198700d0f8145aed0a 86d93090c8cd4072818669d06cc8f0ff - - default default] Method 'is_advsvc' is deprecated since 2023.2 release (neutron-lib 3.8.0) and will be removed once support for the old RBAC API policies will be removed from Neutron. Please use method 'is_service_role' instead.
2026-05-06 02:29:09.890 9 INFO neutron.api.wsgi [None req-3ffda972-226a-4ba6-a474-5964c3ad4f95 4c1bfae121114b079db9eaf6228aeec7 65c9887a5db048cb859279f3e321bcbe - - default default] 10.0.0.180 "GET /v2.0/subnets HTTP/1.1" status: 200 len: 1507 time: 0.0421135
2026-05-06 02:29:09.910 10 INFO neutron.api.wsgi [None req-971751ea-3be8-4529-9687-a6de852324cd 26d1b44731a14a198700d0f8145aed0a 86d93090c8cd4072818669d06cc8f0ff - - default default] 10.0.0.180 "POST /v2.0/vpn/endpoint-groups HTTP/1.1" status: 201 len: 500 time: 0.0679307
2026-05-06 02:29:09.918 10 WARNING neutron_lib.context [None req-6301bf38-aa2d-49e5-9435-61318b935343 26d1b44731a14a198700d0f8145aed0a 86d93090c8cd4072818669d06cc8f0ff - - default default] Method 'is_advsvc' is deprecated since 2023.2 release (neutron-lib 3.8.0) and will be removed once support for the old RBAC API policies will be removed from Neutron. Please use method 'is_service_role' instead.
2026-05-06 02:29:09.943 9 INFO neutron.api.wsgi [None req-641529e4-a3d7-4244-9eec-e676da4e9dd8 4c1bfae121114b079db9eaf6228aeec7 65c9887a5db048cb859279f3e321bcbe - - default default] 10.0.0.180 "GET /v2.0/networks/13f707e7-2cfb-4725-97bb-5bca2f53af77 HTTP/1.1" status: 200 len: 867 time: 0.0447965
2026-05-06 02:29:09.965 10 INFO neutron.api.wsgi [None req-6301bf38-aa2d-49e5-9435-61318b935343 26d1b44731a14a198700d0f8145aed0a 86d93090c8cd4072818669d06cc8f0ff - - default default] 10.0.0.180 "POST /v2.0/vpn/endpoint-groups HTTP/1.1" status: 201 len: 493 time: 0.0498276
2026-05-06 02:29:09.974 10 INFO neutron.api.wsgi [None req-5a3fdf41-ac08-4c4e-854d-e1816f6404c4 4c1bfae121114b079db9eaf6228aeec7 65c9887a5db048cb859279f3e321bcbe - - default default] 10.0.0.180 "GET /v2.0/subnets/bc3e5f68-2800-4594-992c-bde5aeb7b796 HTTP/1.1" status: 200 len: 867 time: 0.0247350
2026-05-06 02:29:09.975 9 WARNING neutron.api.v2.base [None req-39b442fb-767a-40cd-89f9-07a56b892d46 26d1b44731a14a198700d0f8145aed0a 86d93090c8cd4072818669d06cc8f0ff - - default default] An exception happened while processing the request body. The exception message is [Unrecognized attribute(s) 'peer_cidr'].: webob.exc.HTTPBadRequest: Unrecognized attribute(s) 'peer_cidr'
2026-05-06 02:29:09.976 9 INFO neutron.api.v2.resource [None req-39b442fb-767a-40cd-89f9-07a56b892d46 26d1b44731a14a198700d0f8145aed0a 86d93090c8cd4072818669d06cc8f0ff - - default default] create failed (client error): Unrecognized attribute(s) 'peer_cidr'
2026-05-06 02:29:09.977 9 INFO neutron.api.wsgi [None req-39b442fb-767a-40cd-89f9-07a56b892d46 26d1b44731a14a198700d0f8145aed0a 86d93090c8cd4072818669d06cc8f0ff - - default default] 10.0.0.180 "POST /v2.0/vpn/ipsec-site-connections HTTP/1.1" status: 400 len: 313 time: 0.0065780
2026-05-06 02:29:09.989 10 INFO neutron.pecan_wsgi.hooks.translation [None req-d4a793c0-8cae-4c58-87a7-e8a75af5c5e6 4c1bfae121114b079db9eaf6228aeec7 65c9887a5db048cb859279f3e321bcbe - - default default] DELETE failed (client error): The resource could not be found.
2026-05-06 02:29:09.991 10 INFO neutron.api.wsgi [None req-d4a793c0-8cae-4c58-87a7-e8a75af5c5e6 4c1bfae121114b079db9eaf6228aeec7 65c9887a5db048cb859279f3e321bcbe - - default default] 10.0.0.180 "DELETE /v2.0/subnets/39e87567-9f24-4607-801e-0378d97e470b HTTP/1.1" status: 404 len: 337 time: 0.0107863
2026-05-06 02:29:10.008 10 INFO neutron.pecan_wsgi.hooks.translation [None req-ec4f9c3e-bc28-4561-a4f7-04f3db40d6e4 4c1bfae121114b079db9eaf6228aeec7 65c9887a5db048cb859279f3e321bcbe - - default default] DELETE failed (client error): The resource could not be found.
2026-05-06 02:29:10.008 9 INFO neutron.api.wsgi [None req-e8b6f9f7-e884-42db-86f2-f2db229df34f 26d1b44731a14a198700d0f8145aed0a 86d93090c8cd4072818669d06cc8f0ff - - default default] 10.0.0.180 "GET /v2.0/vpn/endpoint-groups HTTP/1.1" status: 200 len: 1387 time: 0.0282824
2026-05-06 02:29:10.010 10 INFO neutron.api.wsgi [None req-ec4f9c3e-bc28-4561-a4f7-04f3db40d6e4 4c1bfae121114b079db9eaf6228aeec7 65c9887a5db048cb859279f3e321bcbe - - default default] 10.0.0.180 "DELETE /v2.0/networks/94a3330d-c0ca-4baa-8cfa-91e0ce6e4903 HTTP/1.1" status: 404 len: 339 time: 0.0115402
2026-05-06 02:29:10.044 10 INFO neutron.api.wsgi [None req-2a11821e-f326-4ab6-9c89-43dc341f5444 26d1b44731a14a198700d0f8145aed0a 86d93090c8cd4072818669d06cc8f0ff - - default default] 10.0.0.180 "DELETE /v2.0/vpn/endpoint-groups/0df98428-efb6-46a2-bce0-48f32aa1f11e HTTP/1.1" status: 204 len: 168 time: 0.0302284
2026-05-06 02:29:10.049 9 WARNING neutron.scheduler.dhcp_agent_scheduler [None req-bd082477-c053-4aef-84b3-7f6f03524f9b 5a4f1f0ed62e44a5a9fde98d17e532a9 367d347fc62f49cca10955250306b5ac - - default default] No more DHCP agents
2026-05-06 02:29:10.051 9 WARNING neutron.api.rpc.agentnotifiers.dhcp_rpc_agent_api [None req-bd082477-c053-4aef-84b3-7f6f03524f9b 5a4f1f0ed62e44a5a9fde98d17e532a9 367d347fc62f49cca10955250306b5ac - - default default] Unable to schedule network 68006d99-f821-4689-aca5-373c84313270: no agents available; will retry on subsequent port and subnet creation events.
2026-05-06 02:29:10.058 10 INFO neutron.api.wsgi [None req-cff27651-62cf-4e08-a6a2-22e43300bc96 26d1b44731a14a198700d0f8145aed0a 86d93090c8cd4072818669d06cc8f0ff - - default default] 10.0.0.180 "GET /v2.0/vpn/endpoint-groups HTTP/1.1" status: 200 len: 1110 time: 0.0092480
2026-05-06 02:29:10.070 10 INFO neutron.api.wsgi [None req-5042330f-d1f3-46a5-ac87-f827442619b6 26d1b44731a14a198700d0f8145aed0a 86d93090c8cd4072818669d06cc8f0ff - - default default] 10.0.0.180 "GET /v2.0/vpn/endpoint-groups HTTP/1.1" status: 200 len: 1110 time: 0.0094969
2026-05-06 02:29:10.102 10 INFO neutron.api.wsgi [None req-7390bd5b-f38e-4659-863d-a1027545ffa8 26d1b44731a14a198700d0f8145aed0a 86d93090c8cd4072818669d06cc8f0ff - - default default] 10.0.0.180 "DELETE /v2.0/vpn/endpoint-groups/818734c0-4719-45ff-ab0f-a9197a0e7ee9 HTTP/1.1" status: 204 len: 168 time: 0.0278409
2026-05-06 02:29:10.118 10 INFO neutron.api.wsgi [None req-d9716ea9-7bb2-45ff-b640-29fbb7fb172c 26d1b44731a14a198700d0f8145aed0a 86d93090c8cd4072818669d06cc8f0ff - - default default] 10.0.0.180 "GET /v2.0/vpn/endpoint-groups HTTP/1.1" status: 200 len: 827 time: 0.0102377
2026-05-06 02:29:10.126 10 WARNING neutron_lib.context [None req-84ee715b-4ac6-4565-8206-e84ac3faba7c 26d1b44731a14a198700d0f8145aed0a 86d93090c8cd4072818669d06cc8f0ff - - default default] Method 'is_advsvc' is deprecated since 2023.2 release (neutron-lib 3.8.0) and will be removed once support for the old RBAC API policies will be removed from Neutron. Please use method 'is_service_role' instead.
2026-05-06 02:29:10.157 9 INFO neutron.api.wsgi [None req-680707be-3a3a-4839-ad66-f87527d686c6 4c1bfae121114b079db9eaf6228aeec7 65c9887a5db048cb859279f3e321bcbe - - default default] 10.0.0.180 "DELETE /v2.0/subnets/bc3e5f68-2800-4594-992c-bde5aeb7b796 HTTP/1.1" status: 204 len: 168 time: 0.1415186
2026-05-06 02:29:10.232 10 INFO neutron.api.wsgi [None req-84ee715b-4ac6-4565-8206-e84ac3faba7c 26d1b44731a14a198700d0f8145aed0a 86d93090c8cd4072818669d06cc8f0ff - - default default] 10.0.0.180 "POST /v2.0/vpn/endpoint-groups HTTP/1.1" status: 201 len: 500 time: 0.1103392
2026-05-06 02:29:10.241 10 WARNING neutron_lib.context [None req-0c271631-5c8b-47fb-9069-c3329ea3dc74 26d1b44731a14a198700d0f8145aed0a 86d93090c8cd4072818669d06cc8f0ff - - default default] Method 'is_advsvc' is deprecated since 2023.2 release (neutron-lib 3.8.0) and will be removed once support for the old RBAC API policies will be removed from Neutron. Please use method 'is_service_role' instead.
2026-05-06 02:29:10.286 10 INFO neutron.api.wsgi [None req-0c271631-5c8b-47fb-9069-c3329ea3dc74 26d1b44731a14a198700d0f8145aed0a 86d93090c8cd4072818669d06cc8f0ff - - default default] 10.0.0.180 "POST /v2.0/vpn/endpoint-groups HTTP/1.1" status: 201 len: 492 time: 0.0483730
2026-05-06 02:29:10.296 10 WARNING neutron_lib.context [None req-d6c18184-64c4-47fd-888f-77f4a8c94195 26d1b44731a14a198700d0f8145aed0a 86d93090c8cd4072818669d06cc8f0ff - - default default] Method 'is_advsvc' is deprecated since 2023.2 release (neutron-lib 3.8.0) and will be removed once support for the old RBAC API policies will be removed from Neutron. Please use method 'is_service_role' instead.
2026-05-06 02:29:10.356 10 WARNING neutron.plugins.ml2.drivers.ovn.mech_driver.ovsdb.ovn_client [None req-c3e0f202-1947-4e82-bbbf-1e8fc1ad65bb - - - - - -] No port found with ID cbde127b-2a02-4d53-8269-0ae5a2853abe: RuntimeError: No port found with ID cbde127b-2a02-4d53-8269-0ae5a2853abe
2026-05-06 02:29:10.357 10 INFO neutron.api.v2.resource [None req-d6c18184-64c4-47fd-888f-77f4a8c94195 26d1b44731a14a198700d0f8145aed0a 86d93090c8cd4072818669d06cc8f0ff - - default default] create failed (client error): The server could not comply with the request since it is either malformed or otherwise incorrect.
2026-05-06 02:29:10.358 10 INFO neutron.api.wsgi [None req-d6c18184-64c4-47fd-888f-77f4a8c94195 26d1b44731a14a198700d0f8145aed0a 86d93090c8cd4072818669d06cc8f0ff - - default default] 10.0.0.180 "POST /v2.0/vpn/ipsec-site-connections HTTP/1.1" status: 400 len: 373 time: 0.0669618
2026-05-06 02:29:10.364 10 INFO neutron.plugins.ml2.drivers.ovn.mech_driver.mech_driver [None req-c3e0f202-1947-4e82-bbbf-1e8fc1ad65bb - - - - - -] OVN reports status up for port: 2144df0f-997e-4f18-9dbe-491a6dc8b541
2026-05-06 02:29:10.374 9 INFO neutron.api.wsgi [None req-1330be45-3c04-4fc7-956d-2e112217c21e 26d1b44731a14a198700d0f8145aed0a 86d93090c8cd4072818669d06cc8f0ff - - default default] 10.0.0.180 "GET /v2.0/vpn/endpoint-groups HTTP/1.1" status: 200 len: 1386 time: 0.0098734
2026-05-06 02:29:10.376 10 INFO neutron.plugins.ml2.plugin [None req-c3e0f202-1947-4e82-bbbf-1e8fc1ad65bb - - - - - -] Attempt 1 to provision port 2144df0f-997e-4f18-9dbe-491a6dc8b541
2026-05-06 02:29:10.418 9 INFO neutron.api.wsgi [None req-11778236-7d08-45c0-9305-4b911643a28a 26d1b44731a14a198700d0f8145aed0a 86d93090c8cd4072818669d06cc8f0ff - - default default] 10.0.0.180 "DELETE /v2.0/vpn/endpoint-groups/e17153e1-f5be-4e8c-ac2e-7e49e3d0a611 HTTP/1.1" status: 204 len: 168 time: 0.0367711
2026-05-06 02:29:10.435 9 INFO neutron.api.wsgi [None req-562d4a8f-af77-49db-98d3-95872b7602d6 26d1b44731a14a198700d0f8145aed0a 86d93090c8cd4072818669d06cc8f0ff - - default default] 10.0.0.180 "GET /v2.0/vpn/endpoint-groups HTTP/1.1" status: 200 len: 1110 time: 0.0125115
2026-05-06 02:29:10.457 9 INFO neutron.api.wsgi [None req-25c8a385-7eb0-4113-a436-1e5c83577c3a 26d1b44731a14a198700d0f8145aed0a 86d93090c8cd4072818669d06cc8f0ff - - default default] 10.0.0.180 "GET /v2.0/vpn/endpoint-groups HTTP/1.1" status: 200 len: 1110 time: 0.0151455
2026-05-06 02:29:10.463 10 INFO neutron.plugins.ml2.drivers.ovn.mech_driver.mech_driver [None req-c3e0f202-1947-4e82-bbbf-1e8fc1ad65bb - - - - - -] OVN reports status up for port: 9c647594-c8da-4442-a768-e5583082746c
2026-05-06 02:29:10.469 10 INFO neutron.db.ovn_revision_numbers_db [None req-9fc37fdb-02b8-4cd6-b34e-96b788fe32fd b83934805f034c618e8a47bf76d01dba f46244320ec249a99274ffb8f6b97946 - - default default] Successfully bumped revision number for resource 7a34ccc5-c28e-42f5-8e4b-dc745824cb38 (type: ports) to 1
2026-05-06 02:29:10.470 10 INFO neutron.plugins.ml2.plugin [None req-c3e0f202-1947-4e82-bbbf-1e8fc1ad65bb - - - - - -] Attempt 1 to provision port 9c647594-c8da-4442-a768-e5583082746c
2026-05-06 02:29:10.495 9 INFO neutron.api.wsgi [None req-31dacd20-9347-4270-914b-5bcbd77e4e19 26d1b44731a14a198700d0f8145aed0a 86d93090c8cd4072818669d06cc8f0ff - - default default] 10.0.0.180 "DELETE /v2.0/vpn/endpoint-groups/49326260-0e41-4734-b2f1-83a30364f72d HTTP/1.1" status: 204 len: 168 time: 0.0302203
2026-05-06 02:29:10.509 9 INFO neutron.api.wsgi [None req-81c95fef-292a-43d4-8708-024f644e11a1 26d1b44731a14a198700d0f8145aed0a 86d93090c8cd4072818669d06cc8f0ff - - default default] 10.0.0.180 "GET /v2.0/vpn/endpoint-groups HTTP/1.1" status: 200 len: 827 time: 0.0084732
2026-05-06 02:29:10.520 10 WARNING neutron_lib.context [None req-2711289c-a2b8-4b59-879a-830227c076b0 26d1b44731a14a198700d0f8145aed0a 86d93090c8cd4072818669d06cc8f0ff - - default default] Method 'is_advsvc' is deprecated since 2023.2 release (neutron-lib 3.8.0) and will be removed once support for the old RBAC API policies will be removed from Neutron. Please use method 'is_service_role' instead.
2026-05-06 02:29:10.536 10 WARNING neutron.scheduler.dhcp_agent_scheduler [None req-9fc37fdb-02b8-4cd6-b34e-96b788fe32fd b83934805f034c618e8a47bf76d01dba f46244320ec249a99274ffb8f6b97946 - - default default] No more DHCP agents
2026-05-06 02:29:10.541 10 WARNING neutron.api.rpc.agentnotifiers.dhcp_rpc_agent_api [None req-9fc37fdb-02b8-4cd6-b34e-96b788fe32fd b83934805f034c618e8a47bf76d01dba f46244320ec249a99274ffb8f6b97946 - - default default] Unable to schedule network 160fffcf-bee2-439a-83dd-78524d649180: no agents available; will retry on subsequent port and subnet creation events.
2026-05-06 02:29:10.541 9 INFO neutron.db.ovn_revision_numbers_db [None req-a25821d7-00fa-48b2-afb7-e00f06b56ee8 - - - - - -] Successfully bumped revision number for resource 3e0371ed-8cef-4697-a411-4a33ce12c1a2 (type: ports) to 2
2026-05-06 02:29:10.559 9 INFO neutron.api.wsgi [None req-42625366-8945-4e71-a5fb-19fcc22d604b 4c1bfae121114b079db9eaf6228aeec7 65c9887a5db048cb859279f3e321bcbe - - default default] 10.0.0.180 "DELETE /v2.0/networks/13f707e7-2cfb-4725-97bb-5bca2f53af77 HTTP/1.1" status: 204 len: 168 time: 0.3930686
2026-05-06 02:29:10.568 9 INFO neutron.db.ovn_revision_numbers_db [None req-a25821d7-00fa-48b2-afb7-e00f06b56ee8 - - - - - -] Successfully bumped revision number for resource bb77846e-771b-4560-a3a7-8d92dba2f57f (type: subnets) to 0
2026-05-06 02:29:10.579 9 INFO neutron.api.wsgi [None req-bd082477-c053-4aef-84b3-7f6f03524f9b 5a4f1f0ed62e44a5a9fde98d17e532a9 367d347fc62f49cca10955250306b5ac - - default default] 10.0.0.180 "POST /v2.0/subnets HTTP/1.1" status: 201 len: 828 time: 0.7827168
2026-05-06 02:29:10.585 9 WARNING neutron_lib.context [None req-a283d345-87b1-425f-915e-40c5aac226d2 5a4f1f0ed62e44a5a9fde98d17e532a9 367d347fc62f49cca10955250306b5ac - - default default] Method 'is_advsvc' is deprecated since 2023.2 release (neutron-lib 3.8.0) and will be removed once support for the old RBAC API policies will be removed from Neutron. Please use method 'is_service_role' instead.
2026-05-06 02:29:10.607 10 INFO neutron.api.wsgi [None req-2711289c-a2b8-4b59-879a-830227c076b0 26d1b44731a14a198700d0f8145aed0a 86d93090c8cd4072818669d06cc8f0ff - - default default] 10.0.0.180 "POST /v2.0/vpn/endpoint-groups HTTP/1.1" status: 201 len: 501 time: 0.0912778
2026-05-06 02:29:10.616 9 WARNING neutron.api.v2.base [None req-1ea5386c-54c8-4f8a-8a08-22ca7d2a6ed8 26d1b44731a14a198700d0f8145aed0a 86d93090c8cd4072818669d06cc8f0ff - - default default] An exception happened while processing the request body. The exception message is [Failed to parse request. Required attribute 'peer_id' not specified].: webob.exc.HTTPBadRequest: Failed to parse request. Required attribute 'peer_id' not specified
2026-05-06 02:29:10.616 9 INFO neutron.api.v2.resource [None req-1ea5386c-54c8-4f8a-8a08-22ca7d2a6ed8 26d1b44731a14a198700d0f8145aed0a 86d93090c8cd4072818669d06cc8f0ff - - default default] create failed (client error): Failed to parse request. Required attribute 'peer_id' not specified
2026-05-06 02:29:10.617 9 INFO neutron.api.wsgi [None req-1ea5386c-54c8-4f8a-8a08-22ca7d2a6ed8 26d1b44731a14a198700d0f8145aed0a 86d93090c8cd4072818669d06cc8f0ff - - default default] 10.0.0.180 "POST /v2.0/vpn/ipsec-site-connections HTTP/1.1" status: 400 len: 343 time: 0.0041857
2026-05-06 02:29:10.628 9 INFO neutron.api.wsgi [None req-aec04402-e5db-4fde-a4c3-b96f026042d7 26d1b44731a14a198700d0f8145aed0a 86d93090c8cd4072818669d06cc8f0ff - - default default] 10.0.0.180 "GET /v2.0/vpn/endpoint-groups HTTP/1.1" status: 200 len: 1111 time: 0.0077779
2026-05-06 02:29:10.652 9 INFO neutron.api.wsgi [None req-bf1f6b34-9ab2-40f4-b77f-40fe2f900102 26d1b44731a14a198700d0f8145aed0a 86d93090c8cd4072818669d06cc8f0ff - - default default] 10.0.0.180 "DELETE /v2.0/vpn/endpoint-groups/cbbb174e-4904-482d-bd94-6479abae6972 HTTP/1.1" status: 204 len: 168 time: 0.0203156
2026-05-06 02:29:10.657 9 INFO neutron.db.segments_db [None req-a283d345-87b1-425f-915e-40c5aac226d2 5a4f1f0ed62e44a5a9fde98d17e532a9 367d347fc62f49cca10955250306b5ac - - default default] Added segment c395e735-7d55-4d27-b56f-884af62a641e of type geneve for network aa7e4fba-eccc-4bee-94d9-4b191a118bfe
2026-05-06 02:29:10.668 9 INFO neutron.api.wsgi [None req-e2815b87-5474-4f90-b3ec-ed00782fe2d1 26d1b44731a14a198700d0f8145aed0a 86d93090c8cd4072818669d06cc8f0ff - - default default] 10.0.0.180 "GET /v2.0/vpn/endpoint-groups HTTP/1.1" status: 200 len: 827 time: 0.0109146
2026-05-06 02:29:10.679 9 WARNING neutron_lib.context [None req-6277429c-f539-419d-a6ba-1164c3a15661 26d1b44731a14a198700d0f8145aed0a 86d93090c8cd4072818669d06cc8f0ff - - default default] Method 'is_advsvc' is deprecated since 2023.2 release (neutron-lib 3.8.0) and will be removed once support for the old RBAC API policies will be removed from Neutron. Please use method 'is_service_role' instead.
2026-05-06 02:29:10.717 9 INFO neutron.api.wsgi [None req-6277429c-f539-419d-a6ba-1164c3a15661 26d1b44731a14a198700d0f8145aed0a 86d93090c8cd4072818669d06cc8f0ff - - default default] 10.0.0.180 "POST /v2.0/vpn/endpoint-groups HTTP/1.1" status: 201 len: 492 time: 0.0422270
2026-05-06 02:29:10.725 9 WARNING neutron.api.v2.base [None req-e15c1a5b-71d3-4e0d-b274-09d7ed219a4d 26d1b44731a14a198700d0f8145aed0a 86d93090c8cd4072818669d06cc8f0ff - - default default] An exception happened while processing the request body. The exception message is [Failed to parse request. Required attribute 'peer_id' not specified].: webob.exc.HTTPBadRequest: Failed to parse request. Required attribute 'peer_id' not specified
2026-05-06 02:29:10.725 9 INFO neutron.api.v2.resource [None req-e15c1a5b-71d3-4e0d-b274-09d7ed219a4d 26d1b44731a14a198700d0f8145aed0a 86d93090c8cd4072818669d06cc8f0ff - - default default] create failed (client error): Failed to parse request. Required attribute 'peer_id' not specified
2026-05-06 02:29:10.726 9 INFO neutron.api.wsgi [None req-e15c1a5b-71d3-4e0d-b274-09d7ed219a4d 26d1b44731a14a198700d0f8145aed0a 86d93090c8cd4072818669d06cc8f0ff - - default default] 10.0.0.180 "POST /v2.0/vpn/ipsec-site-connections HTTP/1.1" status: 400 len: 343 time: 0.0037892
2026-05-06 02:29:10.741 9 INFO neutron.api.wsgi [None req-aa7b976e-2060-4195-ba64-efc84da98e52 26d1b44731a14a198700d0f8145aed0a 86d93090c8cd4072818669d06cc8f0ff - - default default] 10.0.0.180 "GET /v2.0/vpn/endpoint-groups HTTP/1.1" status: 200 len: 1102 time: 0.0109956
2026-05-06 02:29:10.773 9 INFO neutron.api.wsgi [None req-92ecc627-d29c-4c79-880b-dafb9d671940 26d1b44731a14a198700d0f8145aed0a 86d93090c8cd4072818669d06cc8f0ff - - default default] 10.0.0.180 "DELETE /v2.0/vpn/endpoint-groups/19d91be3-6d6b-4bcc-93d3-9fc134c9fd15 HTTP/1.1" status: 204 len: 168 time: 0.0259836
2026-05-06 02:29:10.787 9 INFO neutron.api.wsgi [None req-9b9cacd7-7b95-4e9e-beb3-8308a16fae6b 26d1b44731a14a198700d0f8145aed0a 86d93090c8cd4072818669d06cc8f0ff - - default default] 10.0.0.180 "GET /v2.0/vpn/endpoint-groups HTTP/1.1" status: 200 len: 827 time: 0.0090773
2026-05-06 02:29:10.793 9 INFO neutron.db.ovn_revision_numbers_db [None req-a283d345-87b1-425f-915e-40c5aac226d2 5a4f1f0ed62e44a5a9fde98d17e532a9 367d347fc62f49cca10955250306b5ac - - default default] Successfully bumped revision number for resource aa7e4fba-eccc-4bee-94d9-4b191a118bfe (type: networks) to 1
2026-05-06 02:29:10.797 9 WARNING neutron_lib.context [None req-3ead5fbb-393c-46fc-bc51-716289ef78ae 26d1b44731a14a198700d0f8145aed0a 86d93090c8cd4072818669d06cc8f0ff - - default default] Method 'is_advsvc' is deprecated since 2023.2 release (neutron-lib 3.8.0) and will be removed once support for the old RBAC API policies will be removed from Neutron. Please use method 'is_service_role' instead.
2026-05-06 02:29:10.837 9 INFO neutron.api.wsgi [None req-3ead5fbb-393c-46fc-bc51-716289ef78ae 26d1b44731a14a198700d0f8145aed0a 86d93090c8cd4072818669d06cc8f0ff - - default default] 10.0.0.180 "POST /v2.0/vpn/endpoint-groups HTTP/1.1" status: 201 len: 489 time: 0.0443983
