2026-05-06 02:26:35.372 10 INFO neutron.api.wsgi [None req-ef813d85-17c9-4b72-8b02-4ec0514cd0d1 6e06e34a6fc34dd4afd3bf20c4d619c5 a1adb1aa85144dbe9816ed33b03a82ad - - default default] 10.0.0.180 "POST /v2.0/security-groups HTTP/1.1" status: 201 len: 1861 time: 0.1949244
2026-05-06 02:26:35.384 10 WARNING neutron_lib.context [None req-6f498d2e-b1ed-4b17-bec8-044cc25b46fe 6e06e34a6fc34dd4afd3bf20c4d619c5 a1adb1aa85144dbe9816ed33b03a82ad - - default default] Method 'is_advsvc' is deprecated since 2023.2 release (neutron-lib 3.8.0) and will be removed once support for the old RBAC API policies will be removed from Neutron. Please use method 'is_service_role' instead.
2026-05-06 02:26:35.456 10 WARNING neutron_lib.context [req-1990129c-e435-44c8-b826-8c81aff7015c req-314f3ed5-8138-451d-a2cd-587bdaa60cc6 e5d2efc55e9e4612bd41f602d07a39e7 f2b1e0d6911f439a84df7052e8681a7d - - default default] Method 'is_advsvc' is deprecated since 2023.2 release (neutron-lib 3.8.0) and will be removed once support for the old RBAC API policies will be removed from Neutron. Please use method 'is_service_role' instead.
2026-05-06 02:26:35.499 9 INFO neutron.plugins.ml2.drivers.ovn.mech_driver.ovsdb.commands [None req-8e091ab5-4439-4ea2-ad48-723369504237 - - - - - -] Schedule LRP lrp-b71871e4-80b4-41da-bf39-6429e7629928 on gateway 891c5ace-37ed-441c-af52-ca49cb6a305a with priority 1
2026-05-06 02:26:35.504 10 INFO neutron.db.ovn_revision_numbers_db [None req-53a4697f-44c8-42c2-a4ce-47c0e5a187ba 58968f79095b454ab5b686da975b3e59 d319262bf45540f1bd4fd0f68226ad1f - - default default] Successfully bumped revision number for resource 8d77af62-9653-4337-843b-05341be8c82e (type: security_groups) to 1
2026-05-06 02:26:35.525 10 INFO neutron.db.ovn_revision_numbers_db [None req-53a4697f-44c8-42c2-a4ce-47c0e5a187ba 58968f79095b454ab5b686da975b3e59 d319262bf45540f1bd4fd0f68226ad1f - - default default] Successfully bumped revision number for resource 758c9801-2d3b-4f86-9c01-d7d5289fd4d0 (type: security_group_rules) to 0
2026-05-06 02:26:35.532 9 INFO neutron.plugins.ml2.drivers.ovn.mech_driver.ovsdb.ovsdb_monitor [None req-fd33b560-1a71-4445-9938-84d47ac5aacc - - - - - -] Router 7926740c-057f-4008-8c9f-32762659d3f0 is bound to host instance
2026-05-06 02:26:35.533 10 INFO neutron.db.ovn_revision_numbers_db [None req-6f498d2e-b1ed-4b17-bec8-044cc25b46fe 6e06e34a6fc34dd4afd3bf20c4d619c5 a1adb1aa85144dbe9816ed33b03a82ad - - default default] Successfully bumped revision number for resource 0c91ee46-7089-439b-a3c1-a0d49cf7328f (type: security_group_rules) to 0
2026-05-06 02:26:35.542 10 INFO neutron.db.ovn_revision_numbers_db [None req-53a4697f-44c8-42c2-a4ce-47c0e5a187ba 58968f79095b454ab5b686da975b3e59 d319262bf45540f1bd4fd0f68226ad1f - - default default] Successfully bumped revision number for resource 884dd2e6-e77a-4145-84f2-0e0815691d03 (type: security_group_rules) to 0
2026-05-06 02:26:35.560 9 INFO neutron.db.ovn_revision_numbers_db [None req-e883abfc-f8ed-4b7e-b1b5-a1c7d420fae3 93b0a81748d840fa891e275c4cf3df25 445a8881fc4a4c5ca4cb774fa807035e - - default default] Successfully bumped revision number for resource b71871e4-80b4-41da-bf39-6429e7629928 (type: router_ports) to 1
2026-05-06 02:26:35.579 10 INFO neutron.api.wsgi [None req-6f498d2e-b1ed-4b17-bec8-044cc25b46fe 6e06e34a6fc34dd4afd3bf20c4d619c5 a1adb1aa85144dbe9816ed33b03a82ad - - default default] 10.0.0.180 "POST /v2.0/security-group-rules HTTP/1.1" status: 201 len: 796 time: 0.2000835
2026-05-06 02:26:35.589 10 INFO neutron.api.wsgi [None req-53a4697f-44c8-42c2-a4ce-47c0e5a187ba 58968f79095b454ab5b686da975b3e59 d319262bf45540f1bd4fd0f68226ad1f - - default default] 10.0.0.180 "POST /v2.0/security-groups HTTP/1.1" status: 201 len: 1859 time: 0.2407746
2026-05-06 02:26:35.591 9 WARNING neutron_lib.context [None req-c4703569-bac1-459c-8ad2-dbf624ed2a4f 6e06e34a6fc34dd4afd3bf20c4d619c5 a1adb1aa85144dbe9816ed33b03a82ad - - default default] Method 'is_advsvc' is deprecated since 2023.2 release (neutron-lib 3.8.0) and will be removed once support for the old RBAC API policies will be removed from Neutron. Please use method 'is_service_role' instead.
2026-05-06 02:26:35.592 10 INFO neutron.db.ovn_revision_numbers_db [req-1990129c-e435-44c8-b826-8c81aff7015c req-314f3ed5-8138-451d-a2cd-587bdaa60cc6 e5d2efc55e9e4612bd41f602d07a39e7 f2b1e0d6911f439a84df7052e8681a7d - - default default] Successfully bumped revision number for resource aea772dc-e66d-4887-90a8-4979a1759046 (type: security_groups) to 1
2026-05-06 02:26:35.596 10 WARNING neutron_lib.context [None req-2b61fb18-5ecd-48af-a609-e310d4862fee 58968f79095b454ab5b686da975b3e59 d319262bf45540f1bd4fd0f68226ad1f - - default default] Method 'is_advsvc' is deprecated since 2023.2 release (neutron-lib 3.8.0) and will be removed once support for the old RBAC API policies will be removed from Neutron. Please use method 'is_service_role' instead.
2026-05-06 02:26:35.612 10 INFO neutron.db.ovn_revision_numbers_db [req-1990129c-e435-44c8-b826-8c81aff7015c req-314f3ed5-8138-451d-a2cd-587bdaa60cc6 e5d2efc55e9e4612bd41f602d07a39e7 f2b1e0d6911f439a84df7052e8681a7d - - default default] Successfully bumped revision number for resource 993ca5c0-a89d-4abb-ac41-d23a61c42ad7 (type: security_group_rules) to 0
2026-05-06 02:26:35.629 10 INFO neutron.db.ovn_revision_numbers_db [req-1990129c-e435-44c8-b826-8c81aff7015c req-314f3ed5-8138-451d-a2cd-587bdaa60cc6 e5d2efc55e9e4612bd41f602d07a39e7 f2b1e0d6911f439a84df7052e8681a7d - - default default] Successfully bumped revision number for resource ec9fb9c6-6ad4-457a-9533-35cec32fc57f (type: security_group_rules) to 0
2026-05-06 02:26:35.658 10 INFO neutron.api.wsgi [req-1990129c-e435-44c8-b826-8c81aff7015c req-314f3ed5-8138-451d-a2cd-587bdaa60cc6 e5d2efc55e9e4612bd41f602d07a39e7 f2b1e0d6911f439a84df7052e8681a7d - - default default] 10.0.0.158 "POST /v2.0/security-groups HTTP/1.1" status: 201 len: 1884 time: 0.2369308
2026-05-06 02:26:35.680 9 INFO neutron.db.ovn_revision_numbers_db [None req-e883abfc-f8ed-4b7e-b1b5-a1c7d420fae3 93b0a81748d840fa891e275c4cf3df25 445a8881fc4a4c5ca4cb774fa807035e - - default default] Successfully bumped revision number for resource 7926740c-057f-4008-8c9f-32762659d3f0 (type: routers) to 2
2026-05-06 02:26:35.706 9 INFO neutron.api.wsgi [None req-e883abfc-f8ed-4b7e-b1b5-a1c7d420fae3 93b0a81748d840fa891e275c4cf3df25 445a8881fc4a4c5ca4cb774fa807035e - - default default] 10.0.0.180 "POST /v2.0/routers HTTP/1.1" status: 201 len: 1173 time: 1.7508912
2026-05-06 02:26:35.710 10 INFO neutron.db.ovn_revision_numbers_db [None req-2b61fb18-5ecd-48af-a609-e310d4862fee 58968f79095b454ab5b686da975b3e59 d319262bf45540f1bd4fd0f68226ad1f - - default default] Successfully bumped revision number for resource cce03561-e1b8-46c8-86a8-193bc8841ae5 (type: security_group_rules) to 0
2026-05-06 02:26:35.744 10 INFO neutron.api.wsgi [None req-2b61fb18-5ecd-48af-a609-e310d4862fee 58968f79095b454ab5b686da975b3e59 d319262bf45540f1bd4fd0f68226ad1f - - default default] 10.0.0.180 "POST /v2.0/security-group-rules HTTP/1.1" status: 201 len: 796 time: 0.1507647
2026-05-06 02:26:35.754 10 WARNING neutron_lib.context [None req-b3fa0594-a5d4-4f49-8ad0-65af2c09d2ce 58968f79095b454ab5b686da975b3e59 d319262bf45540f1bd4fd0f68226ad1f - - default default] Method 'is_advsvc' is deprecated since 2023.2 release (neutron-lib 3.8.0) and will be removed once support for the old RBAC API policies will be removed from Neutron. Please use method 'is_service_role' instead.
2026-05-06 02:26:35.767 9 INFO neutron.db.ovn_revision_numbers_db [None req-ee841a10-8019-425b-bb18-c91cdf5ffedc - - - - - -] Successfully bumped revision number for resource e0741c86-1de9-4fc3-b65f-9fda3fc85ff0 (type: ports) to 2
2026-05-06 02:26:35.877 10 INFO neutron.db.ovn_revision_numbers_db [None req-b3fa0594-a5d4-4f49-8ad0-65af2c09d2ce 58968f79095b454ab5b686da975b3e59 d319262bf45540f1bd4fd0f68226ad1f - - default default] Successfully bumped revision number for resource 1919703f-d937-4cc1-9187-2e38302cbeb4 (type: security_group_rules) to 0
2026-05-06 02:26:35.885 9 INFO neutron.db.ovn_revision_numbers_db [None req-c4703569-bac1-459c-8ad2-dbf624ed2a4f 6e06e34a6fc34dd4afd3bf20c4d619c5 a1adb1aa85144dbe9816ed33b03a82ad - - default default] Successfully bumped revision number for resource 89ce2a7a-ff11-4240-937a-0c1525c335c7 (type: security_group_rules) to 0
2026-05-06 02:26:35.905 10 INFO neutron.api.wsgi [None req-b3fa0594-a5d4-4f49-8ad0-65af2c09d2ce 58968f79095b454ab5b686da975b3e59 d319262bf45540f1bd4fd0f68226ad1f - - default default] 10.0.0.180 "POST /v2.0/security-group-rules HTTP/1.1" status: 201 len: 801 time: 0.1557293
2026-05-06 02:26:35.913 10 WARNING neutron_lib.context [None req-b2ac92fc-8542-429d-821b-ffaddb568ed0 58968f79095b454ab5b686da975b3e59 d319262bf45540f1bd4fd0f68226ad1f - - default default] Method 'is_advsvc' is deprecated since 2023.2 release (neutron-lib 3.8.0) and will be removed once support for the old RBAC API policies will be removed from Neutron. Please use method 'is_service_role' instead.
2026-05-06 02:26:35.937 9 INFO neutron.api.wsgi [None req-c4703569-bac1-459c-8ad2-dbf624ed2a4f 6e06e34a6fc34dd4afd3bf20c4d619c5 a1adb1aa85144dbe9816ed33b03a82ad - - default default] 10.0.0.180 "POST /v2.0/security-group-rules HTTP/1.1" status: 201 len: 801 time: 0.3527601
2026-05-06 02:26:35.947 10 WARNING neutron_lib.context [None req-0d3a68ba-b781-4947-aabc-14532bd69f1e 6e06e34a6fc34dd4afd3bf20c4d619c5 a1adb1aa85144dbe9816ed33b03a82ad - - default default] Method 'is_advsvc' is deprecated since 2023.2 release (neutron-lib 3.8.0) and will be removed once support for the old RBAC API policies will be removed from Neutron. Please use method 'is_service_role' instead.
2026-05-06 02:26:36.039 9 WARNING neutron_lib.context [req-d49e63a0-fe39-4c47-a9a2-0e9a10f7c09e req-eb0b82e6-f8c3-4bdf-8942-1342bf0f9b9f e5d2efc55e9e4612bd41f602d07a39e7 f2b1e0d6911f439a84df7052e8681a7d - - default default] Method 'is_advsvc' is deprecated since 2023.2 release (neutron-lib 3.8.0) and will be removed once support for the old RBAC API policies will be removed from Neutron. Please use method 'is_service_role' instead.
2026-05-06 02:26:36.155 10 WARNING neutron.scheduler.dhcp_agent_scheduler [None req-b2ac92fc-8542-429d-821b-ffaddb568ed0 58968f79095b454ab5b686da975b3e59 d319262bf45540f1bd4fd0f68226ad1f - - default default] No more DHCP agents
2026-05-06 02:26:36.157 10 WARNING neutron.api.rpc.agentnotifiers.dhcp_rpc_agent_api [None req-b2ac92fc-8542-429d-821b-ffaddb568ed0 58968f79095b454ab5b686da975b3e59 d319262bf45540f1bd4fd0f68226ad1f - - default default] Unable to schedule network 0d967536-1f8c-44e5-928e-07f7b2ec47c5: no agents available; will retry on subsequent port and subnet creation events.
2026-05-06 02:26:36.158 10 WARNING neutron.scheduler.dhcp_agent_scheduler [None req-0d3a68ba-b781-4947-aabc-14532bd69f1e 6e06e34a6fc34dd4afd3bf20c4d619c5 a1adb1aa85144dbe9816ed33b03a82ad - - default default] No more DHCP agents
2026-05-06 02:26:36.161 10 WARNING neutron.api.rpc.agentnotifiers.dhcp_rpc_agent_api [None req-0d3a68ba-b781-4947-aabc-14532bd69f1e 6e06e34a6fc34dd4afd3bf20c4d619c5 a1adb1aa85144dbe9816ed33b03a82ad - - default default] Unable to schedule network 0d967536-1f8c-44e5-928e-07f7b2ec47c5: no agents available; will retry on subsequent port and subnet creation events.
2026-05-06 02:26:36.161 9 INFO neutron.db.ovn_revision_numbers_db [None req-b3165774-b322-4bbe-89ea-92df3fb1ed1a - - - - - -] Successfully bumped revision number for resource b71871e4-80b4-41da-bf39-6429e7629928 (type: ports) to 1
2026-05-06 02:26:36.212 9 INFO neutron.db.ovn_revision_numbers_db [req-d49e63a0-fe39-4c47-a9a2-0e9a10f7c09e req-eb0b82e6-f8c3-4bdf-8942-1342bf0f9b9f e5d2efc55e9e4612bd41f602d07a39e7 f2b1e0d6911f439a84df7052e8681a7d - - default default] Successfully bumped revision number for resource d1b9bd55-cd9b-4651-87d2-0dc2c0f5f384 (type: security_groups) to 1
2026-05-06 02:26:36.229 9 INFO neutron.db.ovn_revision_numbers_db [req-d49e63a0-fe39-4c47-a9a2-0e9a10f7c09e req-eb0b82e6-f8c3-4bdf-8942-1342bf0f9b9f e5d2efc55e9e4612bd41f602d07a39e7 f2b1e0d6911f439a84df7052e8681a7d - - default default] Successfully bumped revision number for resource 4a94e985-19fb-452e-90d9-dd0b44e0d327 (type: security_group_rules) to 0
2026-05-06 02:26:36.255 9 INFO neutron.db.ovn_revision_numbers_db [req-d49e63a0-fe39-4c47-a9a2-0e9a10f7c09e req-eb0b82e6-f8c3-4bdf-8942-1342bf0f9b9f e5d2efc55e9e4612bd41f602d07a39e7 f2b1e0d6911f439a84df7052e8681a7d - - default default] Successfully bumped revision number for resource e4631939-662a-4209-8146-41cc6419faaa (type: security_group_rules) to 0
2026-05-06 02:26:36.296 9 WARNING neutron.scheduler.dhcp_agent_scheduler [None req-37b2ae31-022c-48f1-ae7d-a40e81c4d914 93b0a81748d840fa891e275c4cf3df25 445a8881fc4a4c5ca4cb774fa807035e - - default default] No more DHCP agents
2026-05-06 02:26:36.298 9 WARNING neutron.api.rpc.agentnotifiers.dhcp_rpc_agent_api [None req-37b2ae31-022c-48f1-ae7d-a40e81c4d914 93b0a81748d840fa891e275c4cf3df25 445a8881fc4a4c5ca4cb774fa807035e - - default default] Unable to schedule network cdcb914f-151c-4c50-9f9e-9883a402ea9c: no agents available; will retry on subsequent port and subnet creation events.
2026-05-06 02:26:36.301 9 INFO neutron.api.wsgi [req-d49e63a0-fe39-4c47-a9a2-0e9a10f7c09e req-eb0b82e6-f8c3-4bdf-8942-1342bf0f9b9f e5d2efc55e9e4612bd41f602d07a39e7 f2b1e0d6911f439a84df7052e8681a7d - - default default] 10.0.0.158 "POST /v2.0/security-groups HTTP/1.1" status: 201 len: 1886 time: 0.3103075
2026-05-06 02:26:36.332 10 WARNING neutron_lib.context [req-c1128ac2-0f1d-4642-bdb9-61ba8fdf80f5 req-9f1b0b26-e4ac-4aa4-8f18-ba9cd2f483d6 e5d2efc55e9e4612bd41f602d07a39e7 f2b1e0d6911f439a84df7052e8681a7d - - default default] Method 'is_advsvc' is deprecated since 2023.2 release (neutron-lib 3.8.0) and will be removed once support for the old RBAC API policies will be removed from Neutron. Please use method 'is_service_role' instead.
2026-05-06 02:26:36.424 9 INFO neutron.db.ovn_revision_numbers_db [None req-37b2ae31-022c-48f1-ae7d-a40e81c4d914 93b0a81748d840fa891e275c4cf3df25 445a8881fc4a4c5ca4cb774fa807035e - - default default] Successfully bumped revision number for resource fd73dfe6-78c2-4db8-9152-133e0fa161fb (type: ports) to 1
2026-05-06 02:26:36.469 10 INFO neutron.api.wsgi [None req-0d3a68ba-b781-4947-aabc-14532bd69f1e 6e06e34a6fc34dd4afd3bf20c4d619c5 a1adb1aa85144dbe9816ed33b03a82ad - - default default] 10.0.0.180 "POST /v2.0/floatingips HTTP/1.1" status: 201 len: 751 time: 0.5264194
2026-05-06 02:26:36.522 10 INFO neutron.api.wsgi [None req-b2ac92fc-8542-429d-821b-ffaddb568ed0 58968f79095b454ab5b686da975b3e59 d319262bf45540f1bd4fd0f68226ad1f - - default default] 10.0.0.180 "POST /v2.0/floatingips HTTP/1.1" status: 201 len: 751 time: 0.6124349
2026-05-06 02:26:36.534 10 INFO neutron.db.ovn_revision_numbers_db [req-c1128ac2-0f1d-4642-bdb9-61ba8fdf80f5 req-9f1b0b26-e4ac-4aa4-8f18-ba9cd2f483d6 e5d2efc55e9e4612bd41f602d07a39e7 f2b1e0d6911f439a84df7052e8681a7d - - default default] Successfully bumped revision number for resource 28ad5b9d-75a9-4cb1-a7d8-ca89f37fdfb2 (type: security_groups) to 1
2026-05-06 02:26:36.569 10 INFO neutron.db.ovn_revision_numbers_db [req-c1128ac2-0f1d-4642-bdb9-61ba8fdf80f5 req-9f1b0b26-e4ac-4aa4-8f18-ba9cd2f483d6 e5d2efc55e9e4612bd41f602d07a39e7 f2b1e0d6911f439a84df7052e8681a7d - - default default] Successfully bumped revision number for resource 553297da-02fa-4ab1-a94d-4df7e92707d2 (type: security_group_rules) to 0
2026-05-06 02:26:36.584 10 INFO neutron.db.ovn_revision_numbers_db [req-c1128ac2-0f1d-4642-bdb9-61ba8fdf80f5 req-9f1b0b26-e4ac-4aa4-8f18-ba9cd2f483d6 e5d2efc55e9e4612bd41f602d07a39e7 f2b1e0d6911f439a84df7052e8681a7d - - default default] Successfully bumped revision number for resource 6063e04f-3d92-4ca8-92d4-81c5241586fc (type: security_group_rules) to 0
2026-05-06 02:26:36.615 10 INFO neutron.api.wsgi [req-c1128ac2-0f1d-4642-bdb9-61ba8fdf80f5 req-9f1b0b26-e4ac-4aa4-8f18-ba9cd2f483d6 e5d2efc55e9e4612bd41f602d07a39e7 f2b1e0d6911f439a84df7052e8681a7d - - default default] 10.0.0.158 "POST /v2.0/security-groups HTTP/1.1" status: 201 len: 1885 time: 0.2893827
2026-05-06 02:26:36.627 9 INFO neutron.db.ovn_revision_numbers_db [None req-b3165774-b322-4bbe-89ea-92df3fb1ed1a - - - - - -] Successfully bumped revision number for resource b71871e4-80b4-41da-bf39-6429e7629928 (type: ports) to 4
2026-05-06 02:26:36.695 9 INFO neutron.api.wsgi [req-8617373b-506b-4004-9644-68d13d0ab782 req-2bcfa5b7-d574-4b4c-9daa-f513698d7454 e5d2efc55e9e4612bd41f602d07a39e7 f2b1e0d6911f439a84df7052e8681a7d - - default default] 10.0.0.158 "GET /v2.0/security-groups?tenant_id=f2b1e0d6911f439a84df7052e8681a7d HTTP/1.1" status: 200 len: 8101 time: 0.0535855
2026-05-06 02:26:36.748 9 INFO neutron.api.wsgi [req-8617373b-506b-4004-9644-68d13d0ab782 req-417039fa-e86d-49d9-b573-312c562b8b8e e5d2efc55e9e4612bd41f602d07a39e7 f2b1e0d6911f439a84df7052e8681a7d - - default default] 10.0.0.158 "GET /v2.0/security-groups/5287eb8d-2445-4018-aca6-8c1598717067 HTTP/1.1" status: 200 len: 3118 time: 0.0448267
2026-05-06 02:26:36.788 9 INFO neutron.api.wsgi [req-8617373b-506b-4004-9644-68d13d0ab782 req-aa9e9279-1b56-4495-8211-3a84e99b66df e5d2efc55e9e4612bd41f602d07a39e7 f2b1e0d6911f439a84df7052e8681a7d - - default default] 10.0.0.158 "GET /v2.0/security-groups/5287eb8d-2445-4018-aca6-8c1598717067 HTTP/1.1" status: 200 len: 3118 time: 0.0328429
2026-05-06 02:26:36.853 10 INFO neutron.api.wsgi [req-7f599d2c-eccd-4277-8aa5-28420a4e5c6a req-899ae622-2c1b-4ece-9e83-8417e5e1f59e e5d2efc55e9e4612bd41f602d07a39e7 f2b1e0d6911f439a84df7052e8681a7d - - default default] 10.0.0.158 "GET /v2.0/security-groups/aea772dc-e66d-4887-90a8-4979a1759046 HTTP/1.1" status: 200 len: 1879 time: 0.0391204
2026-05-06 02:26:36.991 9 INFO neutron.api.wsgi [req-f3b31e43-e41b-41e2-9e96-12512ca20e7e req-49b83301-34fc-4bc8-a017-fbd5ba375a3b 58968f79095b454ab5b686da975b3e59 d319262bf45540f1bd4fd0f68226ad1f - - default default] 10.0.0.158 "GET /v2.0/security-groups?name=tempest-securitygroup--972605576&fields=id&tenant_id=d319262bf45540f1bd4fd0f68226ad1f HTTP/1.1" status: 200 len: 267 time: 0.0685060
2026-05-06 02:26:36.997 10 INFO neutron.api.wsgi [req-7f599d2c-eccd-4277-8aa5-28420a4e5c6a req-92e3cdfc-c8a9-4f9d-aa1f-3c73824d27f8 e5d2efc55e9e4612bd41f602d07a39e7 f2b1e0d6911f439a84df7052e8681a7d - - default default] 10.0.0.158 "DELETE /v2.0/security-groups/aea772dc-e66d-4887-90a8-4979a1759046 HTTP/1.1" status: 204 len: 173 time: 0.1365972
2026-05-06 02:26:37.031 10 INFO neutron.api.v2.resource [req-0406ea81-7a8f-4454-9068-5e2e9a17a0bc req-9228883c-c7bc-4fbb-a2c1-c4177fcf384c e5d2efc55e9e4612bd41f602d07a39e7 f2b1e0d6911f439a84df7052e8681a7d - - default default] show failed (client error): The resource could not be found.
2026-05-06 02:26:37.032 10 INFO neutron.api.wsgi [req-0406ea81-7a8f-4454-9068-5e2e9a17a0bc req-9228883c-c7bc-4fbb-a2c1-c4177fcf384c e5d2efc55e9e4612bd41f602d07a39e7 f2b1e0d6911f439a84df7052e8681a7d - - default default] 10.0.0.158 "GET /v2.0/security-groups/aea772dc-e66d-4887-90a8-4979a1759046 HTTP/1.1" status: 404 len: 352 time: 0.0144932
2026-05-06 02:26:37.073 10 INFO neutron.api.wsgi [req-ae08261b-876b-43e2-8605-6cff99834789 req-b7b2afea-9b02-4b62-90d1-e389323dfb1e e5d2efc55e9e4612bd41f602d07a39e7 f2b1e0d6911f439a84df7052e8681a7d - - default default] 10.0.0.158 "GET /v2.0/security-groups/d1b9bd55-cd9b-4651-87d2-0dc2c0f5f384 HTTP/1.1" status: 200 len: 1881 time: 0.0226071
2026-05-06 02:26:37.114 9 INFO neutron.api.wsgi [req-f3b31e43-e41b-41e2-9e96-12512ca20e7e req-1bca41d0-fea1-426f-946f-bebcfa78c1d0 58968f79095b454ab5b686da975b3e59 d319262bf45540f1bd4fd0f68226ad1f - - default default] 10.0.0.158 "GET /v2.0/networks?id=4f670aed-797e-4ac7-a809-6d39597026a7 HTTP/1.1" status: 200 len: 874 time: 0.1105421
2026-05-06 02:26:37.125 9 INFO neutron.db.ovn_revision_numbers_db [None req-b3165774-b322-4bbe-89ea-92df3fb1ed1a - - - - - -] Successfully bumped revision number for resource b71871e4-80b4-41da-bf39-6429e7629928 (type: ports) to 5
2026-05-06 02:26:37.135 9 INFO neutron.api.wsgi [req-f3b31e43-e41b-41e2-9e96-12512ca20e7e req-a6fe380c-3c81-4462-ab20-d29372e36d58 58968f79095b454ab5b686da975b3e59 d319262bf45540f1bd4fd0f68226ad1f - - default default] 10.0.0.158 "GET /v2.0/quotas/d319262bf45540f1bd4fd0f68226ad1f HTTP/1.1" status: 200 len: 491 time: 0.0166857
2026-05-06 02:26:37.191 10 INFO neutron.api.wsgi [req-ae08261b-876b-43e2-8605-6cff99834789 req-ddf6fecd-758e-4c43-b352-820e8bcd1295 e5d2efc55e9e4612bd41f602d07a39e7 f2b1e0d6911f439a84df7052e8681a7d - - default default] 10.0.0.158 "DELETE /v2.0/security-groups/d1b9bd55-cd9b-4651-87d2-0dc2c0f5f384 HTTP/1.1" status: 204 len: 173 time: 0.1118529
2026-05-06 02:26:37.219 10 INFO neutron.api.v2.resource [req-34f2f526-305f-4964-938d-ed8e4ec29808 req-43f9f4c8-dd26-4e6e-bb7c-1adb44186bf5 e5d2efc55e9e4612bd41f602d07a39e7 f2b1e0d6911f439a84df7052e8681a7d - - default default] show failed (client error): The resource could not be found.
2026-05-06 02:26:37.221 10 INFO neutron.api.wsgi [req-34f2f526-305f-4964-938d-ed8e4ec29808 req-43f9f4c8-dd26-4e6e-bb7c-1adb44186bf5 e5d2efc55e9e4612bd41f602d07a39e7 f2b1e0d6911f439a84df7052e8681a7d - - default default] 10.0.0.158 "GET /v2.0/security-groups/d1b9bd55-cd9b-4651-87d2-0dc2c0f5f384 HTTP/1.1" status: 404 len: 352 time: 0.0136256
2026-05-06 02:26:37.249 9 INFO neutron.api.wsgi [req-f3b31e43-e41b-41e2-9e96-12512ca20e7e req-42a44d69-347c-4457-a5f4-4b71ce6611da 58968f79095b454ab5b686da975b3e59 d319262bf45540f1bd4fd0f68226ad1f - - default default] 10.0.0.158 "GET /v2.0/ports?tenant_id=d319262bf45540f1bd4fd0f68226ad1f&fields=id HTTP/1.1" status: 200 len: 302 time: 0.1083958
2026-05-06 02:26:37.255 9 INFO neutron.db.ovn_revision_numbers_db [None req-37b2ae31-022c-48f1-ae7d-a40e81c4d914 93b0a81748d840fa891e275c4cf3df25 445a8881fc4a4c5ca4cb774fa807035e - - default default] Successfully bumped revision number for resource fd73dfe6-78c2-4db8-9152-133e0fa161fb (type: ports) to 1
2026-05-06 02:26:37.267 10 INFO neutron.api.wsgi [req-5573707e-6cf6-4777-950d-5d64512910fc req-1a832bde-2fde-41bd-80f1-6f753ba34044 e5d2efc55e9e4612bd41f602d07a39e7 f2b1e0d6911f439a84df7052e8681a7d - - default default] 10.0.0.158 "GET /v2.0/security-groups/28ad5b9d-75a9-4cb1-a7d8-ca89f37fdfb2 HTTP/1.1" status: 200 len: 1880 time: 0.0269480
2026-05-06 02:26:37.294 9 WARNING neutron.scheduler.dhcp_agent_scheduler [None req-37b2ae31-022c-48f1-ae7d-a40e81c4d914 93b0a81748d840fa891e275c4cf3df25 445a8881fc4a4c5ca4cb774fa807035e - - default default] No more DHCP agents
2026-05-06 02:26:37.294 9 WARNING neutron.api.rpc.agentnotifiers.dhcp_rpc_agent_api [None req-37b2ae31-022c-48f1-ae7d-a40e81c4d914 93b0a81748d840fa891e275c4cf3df25 445a8881fc4a4c5ca4cb774fa807035e - - default default] Unable to schedule network cdcb914f-151c-4c50-9f9e-9883a402ea9c: no agents available; will retry on subsequent port and subnet creation events.
2026-05-06 02:26:37.316 10 WARNING neutron.plugins.ml2.drivers.ovn.mech_driver.ovsdb.ovn_client [None req-9fa427e0-5d0f-41fa-ac89-8b7d47cfccba - - - - - -] No hosting information found for port af127dec-3c14-4646-ac99-9b98dddc1434: RuntimeError: No hosting information found for port af127dec-3c14-4646-ac99-9b98dddc1434
2026-05-06 02:26:37.317 10 INFO neutron.plugins.ml2.drivers.ovn.mech_driver.mech_driver [None req-9fa427e0-5d0f-41fa-ac89-8b7d47cfccba - - - - - -] OVN reports status up for port: b71871e4-80b4-41da-bf39-6429e7629928
2026-05-06 02:26:37.330 10 INFO neutron.plugins.ml2.plugin [None req-9fa427e0-5d0f-41fa-ac89-8b7d47cfccba - - - - - -] Attempt 1 to provision port b71871e4-80b4-41da-bf39-6429e7629928
2026-05-06 02:26:37.390 10 INFO neutron.api.wsgi [req-5573707e-6cf6-4777-950d-5d64512910fc req-0f60a86d-c158-40be-92e7-d1b9618b87b7 e5d2efc55e9e4612bd41f602d07a39e7 f2b1e0d6911f439a84df7052e8681a7d - - default default] 10.0.0.158 "DELETE /v2.0/security-groups/28ad5b9d-75a9-4cb1-a7d8-ca89f37fdfb2 HTTP/1.1" status: 204 len: 173 time: 0.1177220
2026-05-06 02:26:37.419 10 INFO neutron.api.v2.resource [req-6a00240f-a94b-4f45-9bcb-0d1184f1c258 req-78eba7c7-7b59-436c-b08b-11121ca6c402 e5d2efc55e9e4612bd41f602d07a39e7 f2b1e0d6911f439a84df7052e8681a7d - - default default] show failed (client error): The resource could not be found.
2026-05-06 02:26:37.420 10 INFO neutron.api.wsgi [req-6a00240f-a94b-4f45-9bcb-0d1184f1c258 req-78eba7c7-7b59-436c-b08b-11121ca6c402 e5d2efc55e9e4612bd41f602d07a39e7 f2b1e0d6911f439a84df7052e8681a7d - - default default] 10.0.0.158 "GET /v2.0/security-groups/28ad5b9d-75a9-4cb1-a7d8-ca89f37fdfb2 HTTP/1.1" status: 404 len: 352 time: 0.0131943
2026-05-06 02:26:37.488 10 INFO neutron.api.wsgi [req-959054fe-1e06-4658-b375-374d3cc405b5 req-00a42d0c-ee08-4f01-9696-f1ecabf26a7b e5d2efc55e9e4612bd41f602d07a39e7 f2b1e0d6911f439a84df7052e8681a7d - - default default] 10.0.0.158 "GET /v2.0/security-groups?tenant_id=f2b1e0d6911f439a84df7052e8681a7d HTTP/1.1" status: 200 len: 3121 time: 0.0514596
2026-05-06 02:26:37.521 10 INFO neutron.api.wsgi [req-959054fe-1e06-4658-b375-374d3cc405b5 req-2f1fdc94-6bca-4d5e-987d-edbb49e440ff e5d2efc55e9e4612bd41f602d07a39e7 f2b1e0d6911f439a84df7052e8681a7d - - default default] 10.0.0.158 "GET /v2.0/security-groups/5287eb8d-2445-4018-aca6-8c1598717067 HTTP/1.1" status: 200 len: 3118 time: 0.0279610
2026-05-06 02:26:37.559 10 INFO neutron.api.wsgi [req-959054fe-1e06-4658-b375-374d3cc405b5 req-d9dc03de-834e-4145-9e9a-ad8b44899b33 e5d2efc55e9e4612bd41f602d07a39e7 f2b1e0d6911f439a84df7052e8681a7d - - default default] 10.0.0.158 "GET /v2.0/security-groups/5287eb8d-2445-4018-aca6-8c1598717067 HTTP/1.1" status: 200 len: 3118 time: 0.0304861
2026-05-06 02:26:37.594 10 INFO neutron.api.v2.resource [req-39a05c9d-66d0-478b-9707-69da18db42c2 req-cfe4c90d-6c40-43de-8a35-c39a8025c1ce e5d2efc55e9e4612bd41f602d07a39e7 f2b1e0d6911f439a84df7052e8681a7d - - default default] show failed (client error): The resource could not be found.
2026-05-06 02:26:37.595 10 INFO neutron.api.wsgi [req-39a05c9d-66d0-478b-9707-69da18db42c2 req-cfe4c90d-6c40-43de-8a35-c39a8025c1ce e5d2efc55e9e4612bd41f602d07a39e7 f2b1e0d6911f439a84df7052e8681a7d - - default default] 10.0.0.158 "GET /v2.0/security-groups/28ad5b9d-75a9-4cb1-a7d8-ca89f37fdfb2 HTTP/1.1" status: 404 len: 352 time: 0.0103052
2026-05-06 02:26:37.613 9 INFO neutron.api.wsgi [req-f3b31e43-e41b-41e2-9e96-12512ca20e7e req-6cda163a-5ded-42f2-b596-a82c9f21500f 59c423385cec40c3991acfec2745cb80 abd13e4f2c81458d87fc4fea0437bb69 - - 9bf3027721cb4fbcb27a3d86345af0c0 9bf3027721cb4fbcb27a3d86345af0c0] 10.0.0.158 "GET /v2.0/extensions HTTP/1.1" status: 200 len: 19298 time: 0.0340109
2026-05-06 02:26:37.619 10 INFO neutron.api.v2.resource [req-e96c4e0d-9d2a-490c-a203-c66ec488a8ad req-3642a4b9-a539-4c82-86c0-519fcfdd5b64 e5d2efc55e9e4612bd41f602d07a39e7 f2b1e0d6911f439a84df7052e8681a7d - - default default] show failed (client error): The resource could not be found.
2026-05-06 02:26:37.620 10 INFO neutron.api.wsgi [req-e96c4e0d-9d2a-490c-a203-c66ec488a8ad req-3642a4b9-a539-4c82-86c0-519fcfdd5b64 e5d2efc55e9e4612bd41f602d07a39e7 f2b1e0d6911f439a84df7052e8681a7d - - default default] 10.0.0.158 "GET /v2.0/security-groups/d1b9bd55-cd9b-4651-87d2-0dc2c0f5f384 HTTP/1.1" status: 404 len: 352 time: 0.0105619
2026-05-06 02:26:37.645 10 INFO neutron.api.v2.resource [req-f7cfe9e5-4ede-4067-86b9-b8669e2852ce req-94539033-71be-4c6d-827c-e0184d6dca97 e5d2efc55e9e4612bd41f602d07a39e7 f2b1e0d6911f439a84df7052e8681a7d - - default default] show failed (client error): The resource could not be found.
2026-05-06 02:26:37.646 10 INFO neutron.api.wsgi [req-f7cfe9e5-4ede-4067-86b9-b8669e2852ce req-94539033-71be-4c6d-827c-e0184d6dca97 e5d2efc55e9e4612bd41f602d07a39e7 f2b1e0d6911f439a84df7052e8681a7d - - default default] 10.0.0.158 "GET /v2.0/security-groups/aea772dc-e66d-4887-90a8-4979a1759046 HTTP/1.1" status: 404 len: 352 time: 0.0113451
2026-05-06 02:26:37.658 9 INFO neutron.api.wsgi [req-f3b31e43-e41b-41e2-9e96-12512ca20e7e req-5979e2c3-c0fb-4b81-acc2-0359c8db0d8b 59c423385cec40c3991acfec2745cb80 abd13e4f2c81458d87fc4fea0437bb69 - - 9bf3027721cb4fbcb27a3d86345af0c0 9bf3027721cb4fbcb27a3d86345af0c0] 10.0.0.158 "GET /v2.0/networks/4f670aed-797e-4ac7-a809-6d39597026a7?fields=segments HTTP/1.1" status: 200 len: 212 time: 0.0401921
2026-05-06 02:26:37.713 9 INFO neutron.api.wsgi [req-f3b31e43-e41b-41e2-9e96-12512ca20e7e req-b6839706-4e18-4ba2-8a41-7473a042953e 59c423385cec40c3991acfec2745cb80 abd13e4f2c81458d87fc4fea0437bb69 - - 9bf3027721cb4fbcb27a3d86345af0c0 9bf3027721cb4fbcb27a3d86345af0c0] 10.0.0.158 "GET /v2.0/networks/4f670aed-797e-4ac7-a809-6d39597026a7?fields=provider%3Aphysical_network&fields=provider%3Anetwork_type HTTP/1.1" status: 200 len: 277 time: 0.0493512
2026-05-06 02:26:37.943 10 INFO neutron.api.wsgi [req-b639e5f1-42f4-4b7b-8bd3-d31aa664d5e2 req-cc52c0ab-ebae-4e86-9efa-d758745aa351 58968f79095b454ab5b686da975b3e59 d319262bf45540f1bd4fd0f68226ad1f - - default default] 10.0.0.158 "GET /v2.0/ports?device_id=d7b24f33-888f-4f77-9c81-cac6bbdaae07 HTTP/1.1" status: 200 len: 210 time: 0.0339544
2026-05-06 02:26:37.975 9 INFO neutron.db.ovn_revision_numbers_db [None req-37b2ae31-022c-48f1-ae7d-a40e81c4d914 93b0a81748d840fa891e275c4cf3df25 445a8881fc4a4c5ca4cb774fa807035e - - default default] Successfully bumped revision number for resource fd73dfe6-78c2-4db8-9152-133e0fa161fb (type: router_ports) to 1
2026-05-06 02:26:37.980 9 INFO neutron.api.wsgi [None req-37b2ae31-022c-48f1-ae7d-a40e81c4d914 93b0a81748d840fa891e275c4cf3df25 445a8881fc4a4c5ca4cb774fa807035e - - default default] 10.0.0.180 "PUT /v2.0/routers/7926740c-057f-4008-8c9f-32762659d3f0/add_router_interface HTTP/1.1" status: 200 len: 503 time: 2.2705703
2026-05-06 02:26:38.398 9 WARNING neutron_lib.context [req-4461f19b-1ef2-48b4-9c4d-0f556e9bb4ef req-8cef18dd-d980-46b6-8a7f-2afc80f8ad39 0497cc840cd1483393f49bef0d4b57e2 b3f69bbb29d04c99976c8c1623683303 - - default default] Method 'is_advsvc' is deprecated since 2023.2 release (neutron-lib 3.8.0) and will be removed once support for the old RBAC API policies will be removed from Neutron. Please use method 'is_service_role' instead.
2026-05-06 02:26:38.501 9 INFO neutron.db.ovn_revision_numbers_db [req-4461f19b-1ef2-48b4-9c4d-0f556e9bb4ef req-8cef18dd-d980-46b6-8a7f-2afc80f8ad39 0497cc840cd1483393f49bef0d4b57e2 b3f69bbb29d04c99976c8c1623683303 - - default default] Successfully bumped revision number for resource a8f8e2ac-96f0-4953-adee-c4239b2283f8 (type: security_groups) to 1
2026-05-06 02:26:38.514 9 INFO neutron.db.ovn_revision_numbers_db [req-4461f19b-1ef2-48b4-9c4d-0f556e9bb4ef req-8cef18dd-d980-46b6-8a7f-2afc80f8ad39 0497cc840cd1483393f49bef0d4b57e2 b3f69bbb29d04c99976c8c1623683303 - - default default] Successfully bumped revision number for resource 7fc15ef1-d743-41cd-b2bb-fbce654d8571 (type: security_group_rules) to 0
2026-05-06 02:26:38.525 9 INFO neutron.db.ovn_revision_numbers_db [req-4461f19b-1ef2-48b4-9c4d-0f556e9bb4ef req-8cef18dd-d980-46b6-8a7f-2afc80f8ad39 0497cc840cd1483393f49bef0d4b57e2 b3f69bbb29d04c99976c8c1623683303 - - default default] Successfully bumped revision number for resource f647d253-422a-4305-8f36-4623a015029c (type: security_group_rules) to 0
2026-05-06 02:26:38.560 9 INFO neutron.api.wsgi [req-4461f19b-1ef2-48b4-9c4d-0f556e9bb4ef req-8cef18dd-d980-46b6-8a7f-2afc80f8ad39 0497cc840cd1483393f49bef0d4b57e2 b3f69bbb29d04c99976c8c1623683303 - - default default] 10.0.0.158 "POST /v2.0/security-groups HTTP/1.1" status: 201 len: 1887 time: 0.1696744
2026-05-06 02:26:38.617 10 INFO neutron.api.wsgi [req-023d780a-fafe-4cf8-8dda-38db0e5a8eb1 req-c673a499-3b9e-4b93-b59c-4c5a50ffd8e4 0497cc840cd1483393f49bef0d4b57e2 b3f69bbb29d04c99976c8c1623683303 - - default default] 10.0.0.158 "GET /v2.0/security-groups/a8f8e2ac-96f0-4953-adee-c4239b2283f8 HTTP/1.1" status: 200 len: 1882 time: 0.0301278
2026-05-06 02:26:38.632 10 WARNING neutron_lib.context [req-023d780a-fafe-4cf8-8dda-38db0e5a8eb1 req-c5a2f093-f251-4a86-afa7-22b3719ba8ac 0497cc840cd1483393f49bef0d4b57e2 b3f69bbb29d04c99976c8c1623683303 - - default default] Method 'is_advsvc' is deprecated since 2023.2 release (neutron-lib 3.8.0) and will be removed once support for the old RBAC API policies will be removed from Neutron. Please use method 'is_service_role' instead.
2026-05-06 02:26:38.778 10 INFO neutron.db.ovn_revision_numbers_db [req-023d780a-fafe-4cf8-8dda-38db0e5a8eb1 req-c5a2f093-f251-4a86-afa7-22b3719ba8ac 0497cc840cd1483393f49bef0d4b57e2 b3f69bbb29d04c99976c8c1623683303 - - default default] Successfully bumped revision number for resource 462c65c4-93dd-493a-8348-7197812305c8 (type: security_group_rules) to 0
2026-05-06 02:26:38.807 10 INFO neutron.api.wsgi [req-023d780a-fafe-4cf8-8dda-38db0e5a8eb1 req-c5a2f093-f251-4a86-afa7-22b3719ba8ac 0497cc840cd1483393f49bef0d4b57e2 b3f69bbb29d04c99976c8c1623683303 - - default default] 10.0.0.158 "POST /v2.0/security-group-rules HTTP/1.1" status: 201 len: 818 time: 0.1797519
2026-05-06 02:26:38.834 9 WARNING neutron_lib.context [req-d09b5347-652a-4435-a7ca-32ca7440f9cf req-5697694b-9b87-421e-a33b-5cf4a21c29f5 0497cc840cd1483393f49bef0d4b57e2 b3f69bbb29d04c99976c8c1623683303 - - default default] Method 'is_advsvc' is deprecated since 2023.2 release (neutron-lib 3.8.0) and will be removed once support for the old RBAC API policies will be removed from Neutron. Please use method 'is_service_role' instead.
2026-05-06 02:26:38.933 9 INFO neutron.db.ovn_revision_numbers_db [req-d09b5347-652a-4435-a7ca-32ca7440f9cf req-5697694b-9b87-421e-a33b-5cf4a21c29f5 0497cc840cd1483393f49bef0d4b57e2 b3f69bbb29d04c99976c8c1623683303 - - default default] Successfully bumped revision number for resource dca2e3f0-1a73-4cc1-aa10-e3f14f870539 (type: security_groups) to 1
2026-05-06 02:26:38.945 9 INFO neutron.db.ovn_revision_numbers_db [req-d09b5347-652a-4435-a7ca-32ca7440f9cf req-5697694b-9b87-421e-a33b-5cf4a21c29f5 0497cc840cd1483393f49bef0d4b57e2 b3f69bbb29d04c99976c8c1623683303 - - default default] Successfully bumped revision number for resource 5a348725-7eec-4d58-9445-43fd120eb14f (type: security_group_rules) to 0
2026-05-06 02:26:38.956 9 INFO neutron.db.ovn_revision_numbers_db [req-d09b5347-652a-4435-a7ca-32ca7440f9cf req-5697694b-9b87-421e-a33b-5cf4a21c29f5 0497cc840cd1483393f49bef0d4b57e2 b3f69bbb29d04c99976c8c1623683303 - - default default] Successfully bumped revision number for resource aaf92a23-b8e7-4bd4-8948-c4e1b691c256 (type: security_group_rules) to 0
2026-05-06 02:26:38.993 9 INFO neutron.api.wsgi [req-d09b5347-652a-4435-a7ca-32ca7440f9cf req-5697694b-9b87-421e-a33b-5cf4a21c29f5 0497cc840cd1483393f49bef0d4b57e2 b3f69bbb29d04c99976c8c1623683303 - - default default] 10.0.0.158 "POST /v2.0/security-groups HTTP/1.1" status: 201 len: 1891 time: 0.1624806
2026-05-06 02:26:39.015 10 INFO neutron.api.wsgi [None req-5519c539-4858-4c36-ab0e-f55383332075 93b0a81748d840fa891e275c4cf3df25 445a8881fc4a4c5ca4cb774fa807035e - - default default] 10.0.0.180 "PUT /v2.0/routers/f8688949-49dc-443f-aa83-d273f1286304/remove_router_interface HTTP/1.1" status: 200 len: 503 time: 1.3650599 /var/lib/openstack/lib/python3.12/site-packages/pycadf/identifier.py:71: UserWarning: Invalid uuid: neutron. To ensure interoperability, identifiers should be a valid uuid. warnings.warn(('Invalid uuid: %s. To ensure interoperability, '
2026-05-06 02:26:39.041 9 INFO neutron.api.wsgi [req-2f098a62-ac07-41e9-a7e8-90c637476e62 req-db6f4808-41b0-4087-b470-08119ef1fa55 0497cc840cd1483393f49bef0d4b57e2 b3f69bbb29d04c99976c8c1623683303 - - default default] 10.0.0.158 "GET /v2.0/security-groups/dca2e3f0-1a73-4cc1-aa10-e3f14f870539 HTTP/1.1" status: 200 len: 1886 time: 0.0253134
2026-05-06 02:26:39.053 9 WARNING neutron_lib.context [req-2f098a62-ac07-41e9-a7e8-90c637476e62 req-b52c9b13-2166-4e44-878f-79084a6d7f4e 0497cc840cd1483393f49bef0d4b57e2 b3f69bbb29d04c99976c8c1623683303 - - default default] Method 'is_advsvc' is deprecated since 2023.2 release (neutron-lib 3.8.0) and will be removed once support for the old RBAC API policies will be removed from Neutron. Please use method 'is_service_role' instead.
2026-05-06 02:26:39.089 10 INFO neutron.api.wsgi [req-a8c53a4e-aeaf-4101-8a83-15818a95639e req-c33d916e-4d56-494e-91a7-81268ffa3ea9 58968f79095b454ab5b686da975b3e59 d319262bf45540f1bd4fd0f68226ad1f - - default default] 10.0.0.158 "GET /v2.0/ports?device_id=d7b24f33-888f-4f77-9c81-cac6bbdaae07 HTTP/1.1" status: 200 len: 210 time: 0.0286260
2026-05-06 02:26:39.195 9 INFO neutron.db.ovn_revision_numbers_db [req-2f098a62-ac07-41e9-a7e8-90c637476e62 req-b52c9b13-2166-4e44-878f-79084a6d7f4e 0497cc840cd1483393f49bef0d4b57e2 b3f69bbb29d04c99976c8c1623683303 - - default default] Successfully bumped revision number for resource 18a83fea-6f83-49d7-9dfe-6b6bf4f74e2f (type: security_group_rules) to 0
2026-05-06 02:26:39.223 9 INFO neutron.api.wsgi [req-2f098a62-ac07-41e9-a7e8-90c637476e62 req-b52c9b13-2166-4e44-878f-79084a6d7f4e 0497cc840cd1483393f49bef0d4b57e2 b3f69bbb29d04c99976c8c1623683303 - - default default] 10.0.0.158 "POST /v2.0/security-group-rules HTTP/1.1" status: 201 len: 818 time: 0.1749666
2026-05-06 02:26:39.274 10 INFO neutron.api.wsgi [req-107ed677-afbd-41d2-8d3e-0d8fdf92518e req-46f8478a-e336-49ed-b518-cc4c315acc55 0497cc840cd1483393f49bef0d4b57e2 b3f69bbb29d04c99976c8c1623683303 - - default default] 10.0.0.158 "GET /v2.0/security-groups/dca2e3f0-1a73-4cc1-aa10-e3f14f870539 HTTP/1.1" status: 200 len: 2511 time: 0.0289538
2026-05-06 02:26:39.284 10 WARNING neutron_lib.context [req-107ed677-afbd-41d2-8d3e-0d8fdf92518e req-48d2f30b-f7a3-4fdd-80ce-a0798142c0e2 0497cc840cd1483393f49bef0d4b57e2 b3f69bbb29d04c99976c8c1623683303 - - default default] Method 'is_advsvc' is deprecated since 2023.2 release (neutron-lib 3.8.0) and will be removed once support for the old RBAC API policies will be removed from Neutron. Please use method 'is_service_role' instead.
2026-05-06 02:26:39.424 10 INFO neutron.db.ovn_revision_numbers_db [req-107ed677-afbd-41d2-8d3e-0d8fdf92518e req-48d2f30b-f7a3-4fdd-80ce-a0798142c0e2 0497cc840cd1483393f49bef0d4b57e2 b3f69bbb29d04c99976c8c1623683303 - - default default] Successfully bumped revision number for resource 69eb7a73-2b52-4da4-94c4-fc3004b43220 (type: security_group_rules) to 0
2026-05-06 02:26:39.458 10 INFO neutron.api.wsgi [req-107ed677-afbd-41d2-8d3e-0d8fdf92518e req-48d2f30b-f7a3-4fdd-80ce-a0798142c0e2 0497cc840cd1483393f49bef0d4b57e2 b3f69bbb29d04c99976c8c1623683303 - - default default] 10.0.0.158 "POST /v2.0/security-group-rules HTTP/1.1" status: 201 len: 823 time: 0.1778920
2026-05-06 02:26:39.510 9 INFO neutron.api.wsgi [req-af2cfd44-4cee-4f64-af3f-0446c5226629 req-8b9aaac3-789e-4a54-a8d4-62424a4f7250 0497cc840cd1483393f49bef0d4b57e2 b3f69bbb29d04c99976c8c1623683303 - - default default] 10.0.0.158 "GET /v2.0/security-groups/dca2e3f0-1a73-4cc1-aa10-e3f14f870539 HTTP/1.1" status: 200 len: 3141 time: 0.0286539
2026-05-06 02:26:39.556 10 INFO neutron.api.wsgi [req-0558cf06-6635-472f-a2e0-a9ede78628e5 req-dd8d25ca-95a8-4145-bd10-19768d373a2f 0497cc840cd1483393f49bef0d4b57e2 b3f69bbb29d04c99976c8c1623683303 - - default default] 10.0.0.158 "GET /v2.0/security-group-rules/69eb7a73-2b52-4da4-94c4-fc3004b43220 HTTP/1.1" status: 200 len: 815 time: 0.0207627
2026-05-06 02:26:39.600 10 INFO neutron.api.wsgi [req-0558cf06-6635-472f-a2e0-a9ede78628e5 req-600e87a6-68f1-4e2d-8d50-bff5c67e0667 0497cc840cd1483393f49bef0d4b57e2 b3f69bbb29d04c99976c8c1623683303 - - default default] 10.0.0.158 "GET /v2.0/security-groups/dca2e3f0-1a73-4cc1-aa10-e3f14f870539 HTTP/1.1" status: 200 len: 3141 time: 0.0383580
2026-05-06 02:26:39.718 10 INFO neutron.api.wsgi [None req-175b3ad2-67d1-4f93-b6ce-b920d51ee062 93b0a81748d840fa891e275c4cf3df25 445a8881fc4a4c5ca4cb774fa807035e - - default default] 10.0.0.180 "DELETE /v2.0/routers/f8688949-49dc-443f-aa83-d273f1286304 HTTP/1.1" status: 204 len: 168 time: 0.6986356
2026-05-06 02:26:39.781 10 INFO neutron.api.wsgi [req-0558cf06-6635-472f-a2e0-a9ede78628e5 req-422aa668-cf29-4057-ba96-8beab6dde44e 0497cc840cd1483393f49bef0d4b57e2 b3f69bbb29d04c99976c8c1623683303 - - default default] 10.0.0.158 "DELETE /v2.0/security-group-rules/69eb7a73-2b52-4da4-94c4-fc3004b43220 HTTP/1.1" status: 204 len: 173 time: 0.1716251
2026-05-06 02:26:39.839 9 INFO neutron.api.wsgi [req-59094131-6140-45b5-a610-535c1ba96ca2 req-9e083ca5-7f9e-4467-bd32-f0995a74bbee 0497cc840cd1483393f49bef0d4b57e2 b3f69bbb29d04c99976c8c1623683303 - - default default] 10.0.0.158 "GET /v2.0/security-groups/dca2e3f0-1a73-4cc1-aa10-e3f14f870539 HTTP/1.1" status: 200 len: 2511 time: 0.0307972
2026-05-06 02:26:39.908 9 INFO neutron.api.wsgi [None req-2ae95df8-2716-4412-9241-92a239e00a1a 93b0a81748d840fa891e275c4cf3df25 445a8881fc4a4c5ca4cb774fa807035e - - default default] 10.0.0.180 "DELETE /v2.0/subnets/7725470d-c6c0-4b6e-8c05-448a2cc3383f HTTP/1.1" status: 204 len: 168 time: 0.1852000
2026-05-06 02:26:39.966 9 INFO neutron.api.wsgi [req-59094131-6140-45b5-a610-535c1ba96ca2 req-490c2e75-f572-49b2-b30b-aaafa13d005f 0497cc840cd1483393f49bef0d4b57e2 b3f69bbb29d04c99976c8c1623683303 - - default default] 10.0.0.158 "DELETE /v2.0/security-groups/dca2e3f0-1a73-4cc1-aa10-e3f14f870539 HTTP/1.1" status: 204 len: 173 time: 0.1201189
2026-05-06 02:26:40.011 10 INFO neutron.api.wsgi [req-901fb38f-c0d2-47ca-88ad-b62dd9dc62f7 req-7a5bc9f1-3b36-427d-9d12-e4792a33f2f4 0497cc840cd1483393f49bef0d4b57e2 b3f69bbb29d04c99976c8c1623683303 - - default default] 10.0.0.158 "GET /v2.0/security-groups/a8f8e2ac-96f0-4953-adee-c4239b2283f8 HTTP/1.1" status: 200 len: 2507 time: 0.0249145
2026-05-06 02:26:40.132 10 INFO neutron.api.wsgi [req-901fb38f-c0d2-47ca-88ad-b62dd9dc62f7 req-4decb361-2724-43f0-b243-db6a73879345 0497cc840cd1483393f49bef0d4b57e2 b3f69bbb29d04c99976c8c1623683303 - - default default] 10.0.0.158 "DELETE /v2.0/security-groups/a8f8e2ac-96f0-4953-adee-c4239b2283f8 HTTP/1.1" status: 204 len: 173 time: 0.1150863
2026-05-06 02:26:40.257 9 INFO neutron.api.wsgi [req-a0e602b2-e205-440b-a1c2-d63bd946714e req-3976691f-ea92-47d3-861c-4d13beab819b 58968f79095b454ab5b686da975b3e59 d319262bf45540f1bd4fd0f68226ad1f - - default default] 10.0.0.158 "GET /v2.0/ports?device_id=d7b24f33-888f-4f77-9c81-cac6bbdaae07 HTTP/1.1" status: 200 len: 210 time: 0.0385416
2026-05-06 02:26:40.318 10 INFO neutron.api.wsgi [None req-c4bd5fe0-5d32-4e5b-96a3-d5eb0b0026cc 93b0a81748d840fa891e275c4cf3df25 445a8881fc4a4c5ca4cb774fa807035e - - default default] 10.0.0.180 "DELETE /v2.0/networks/ae3b8ff4-7b0c-453b-9986-48701b0262fc HTTP/1.1" status: 204 len: 168 time: 0.4042840
2026-05-06 02:26:40.483 10 INFO neutron.api.wsgi [None req-4425bf30-422d-424e-86b9-a3a5786d376b 93b0a81748d840fa891e275c4cf3df25 445a8881fc4a4c5ca4cb774fa807035e - - default default] 10.0.0.180 "GET /v2.0/security-groups?tenant_id=f2b1e0d6911f439a84df7052e8681a7d&name=default HTTP/1.1" status: 200 len: 3116 time: 0.0529697
2026-05-06 02:26:40.596 9 WARNING neutron.plugins.ml2.drivers.ovn.mech_driver.ovsdb.ovn_client [None req-c8bf9cd6-b4a3-4713-9e68-9fc117e8d514 - - - - - -] No hosting information found for port e0741c86-1de9-4fc3-b65f-9fda3fc85ff0: RuntimeError: No hosting information found for port e0741c86-1de9-4fc3-b65f-9fda3fc85ff0
2026-05-06 02:26:40.597 9 INFO neutron.plugins.ml2.drivers.ovn.mech_driver.mech_driver [None req-c8bf9cd6-b4a3-4713-9e68-9fc117e8d514 - - - - - -] OVN reports status up for port: d3aad049-a017-4718-88cf-a3547ebfec8b
2026-05-06 02:26:40.602 9 INFO neutron.plugins.ml2.plugin [None req-c8bf9cd6-b4a3-4713-9e68-9fc117e8d514 - - - - - -] Attempt 1 to provision port d3aad049-a017-4718-88cf-a3547ebfec8b
2026-05-06 02:26:40.713 10 INFO neutron.api.wsgi [None req-909b75a8-6a5b-41cf-9ffb-d47b88900b6e 93b0a81748d840fa891e275c4cf3df25 445a8881fc4a4c5ca4cb774fa807035e - - default default] 10.0.0.180 "DELETE /v2.0/security-groups/5287eb8d-2445-4018-aca6-8c1598717067 HTTP/1.1" status: 204 len: 168 time: 0.2253356
2026-05-06 02:26:40.729 10 INFO neutron.services.segments.plugin [-] Segment 1c5ac69a-9c7a-4b69-aed4-63d58a8873d1 resource provider aggregate not found
2026-05-06 02:26:40.757 10 INFO neutron.services.segments.plugin [-] Segment 1c5ac69a-9c7a-4b69-aed4-63d58a8873d1 resource provider aggregate not found
2026-05-06 02:26:40.763 10 INFO neutron.services.segments.plugin [-] Segment 1c5ac69a-9c7a-4b69-aed4-63d58a8873d1 resource provider not found; error: Placement Client Error (4xx): {"errors": [{"status": 404, "title": "Not Found", "detail": "The resource could not be found.\n\n No resource provider with uuid 1c5ac69a-9c7a-4b69-aed4-63d58a8873d1 found for delete ", "request_id": "req-f3aedf04-a60a-463d-8e82-9eeb19fe69ce"}]}
2026-05-06 02:26:40.768 10 INFO neutron.services.segments.plugin [-] Segment 1c5ac69a-9c7a-4b69-aed4-63d58a8873d1 resource provider not found; error: Placement Client Error (4xx): {"errors": [{"status": 404, "title": "Not Found", "detail": "The resource could not be found.\n\n No resource provider with uuid 1c5ac69a-9c7a-4b69-aed4-63d58a8873d1 found for delete ", "request_id": "req-4b9997dd-32bb-4cd7-becd-67548bbe222f"}]}
2026-05-06 02:26:41.065 9 INFO neutron.db.ovn_revision_numbers_db [None req-c8bf9cd6-b4a3-4713-9e68-9fc117e8d514 - - - - - -] Successfully bumped revision number for resource d3aad049-a017-4718-88cf-a3547ebfec8b (type: ports) to 2
2026-05-06 02:26:41.132 10 INFO neutron.api.wsgi [req-71ed2781-f6b3-4a10-accc-c144df400e7d req-f62f7e51-da2a-48db-bb04-6ff5ebcd11c6 6e06e34a6fc34dd4afd3bf20c4d619c5 a1adb1aa85144dbe9816ed33b03a82ad - - default default] 10.0.0.158 "GET /v2.0/security-groups?name=tempest-securitygroup--1653231455&fields=id&tenant_id=a1adb1aa85144dbe9816ed33b03a82ad HTTP/1.1" status: 200 len: 267 time: 0.0472758
2026-05-06 02:26:41.326 10 INFO neutron.api.wsgi [req-71ed2781-f6b3-4a10-accc-c144df400e7d req-cfc38d38-3c95-45ed-b5cd-ae85ba5f8280 6e06e34a6fc34dd4afd3bf20c4d619c5 a1adb1aa85144dbe9816ed33b03a82ad - - default default] 10.0.0.158 "GET /v2.0/networks?id=51ba6961-36f6-459c-8557-61495f84ca0d HTTP/1.1" status: 200 len: 879 time: 0.1869605
2026-05-06 02:26:41.336 9 INFO neutron.api.wsgi [req-494b8f9f-be50-4d54-93f4-b8209b6eed62 req-276ec592-16c1-4ba0-8ce6-627f9620cb5f 58968f79095b454ab5b686da975b3e59 d319262bf45540f1bd4fd0f68226ad1f - - default default] 10.0.0.158 "GET /v2.0/ports?device_id=d7b24f33-888f-4f77-9c81-cac6bbdaae07 HTTP/1.1" status: 200 len: 210 time: 0.0175045
2026-05-06 02:26:41.340 10 INFO neutron.api.wsgi [req-71ed2781-f6b3-4a10-accc-c144df400e7d req-d3e65cbf-47c7-4b5c-abf4-98a2066ffea1 6e06e34a6fc34dd4afd3bf20c4d619c5 a1adb1aa85144dbe9816ed33b03a82ad - - default default] 10.0.0.158 "GET /v2.0/quotas/a1adb1aa85144dbe9816ed33b03a82ad HTTP/1.1" status: 200 len: 491 time: 0.0087774
2026-05-06 02:26:41.428 10 INFO neutron.api.wsgi [None req-41238f26-8986-45c7-beed-c8b01400c76a 93b0a81748d840fa891e275c4cf3df25 445a8881fc4a4c5ca4cb774fa807035e - - default default] 10.0.0.180 "PUT /v2.0/routers/7926740c-057f-4008-8c9f-32762659d3f0/remove_router_interface HTTP/1.1" status: 200 len: 503 time: 1.2831979
2026-05-06 02:26:41.457 10 INFO neutron.api.wsgi [req-71ed2781-f6b3-4a10-accc-c144df400e7d req-5220344d-9bf8-41d7-a6fe-6cb7adad56ed 6e06e34a6fc34dd4afd3bf20c4d619c5 a1adb1aa85144dbe9816ed33b03a82ad - - default default] 10.0.0.158 "GET /v2.0/ports?tenant_id=a1adb1aa85144dbe9816ed33b03a82ad&fields=id HTTP/1.1" status: 200 len: 302 time: 0.1127212 /var/lib/openstack/lib/python3.12/site-packages/pycadf/identifier.py:71: UserWarning: Invalid uuid: neutron. To ensure interoperability, identifiers should be a valid uuid. warnings.warn(('Invalid uuid: %s. To ensure interoperability, '
2026-05-06 02:26:41.947 10 INFO neutron.api.wsgi [req-71ed2781-f6b3-4a10-accc-c144df400e7d req-6dd9e403-65f0-4882-9d19-5b4b7f87a426 59c423385cec40c3991acfec2745cb80 abd13e4f2c81458d87fc4fea0437bb69 - - 9bf3027721cb4fbcb27a3d86345af0c0 9bf3027721cb4fbcb27a3d86345af0c0] 10.0.0.158 "GET /v2.0/extensions HTTP/1.1" status: 200 len: 19298 time: 0.1274250
2026-05-06 02:26:41.988 10 INFO neutron.api.wsgi [req-71ed2781-f6b3-4a10-accc-c144df400e7d req-094f65b9-27b6-4ae2-b546-16cc3aedcf36 59c423385cec40c3991acfec2745cb80 abd13e4f2c81458d87fc4fea0437bb69 - - 9bf3027721cb4fbcb27a3d86345af0c0 9bf3027721cb4fbcb27a3d86345af0c0] 10.0.0.158 "GET /v2.0/networks/51ba6961-36f6-459c-8557-61495f84ca0d?fields=segments HTTP/1.1" status: 200 len: 212 time: 0.0358405
2026-05-06 02:26:42.042 10 INFO neutron.api.wsgi [req-71ed2781-f6b3-4a10-accc-c144df400e7d req-d8a95621-069b-4713-92f1-04fe0e9d930a 59c423385cec40c3991acfec2745cb80 abd13e4f2c81458d87fc4fea0437bb69 - - 9bf3027721cb4fbcb27a3d86345af0c0 9bf3027721cb4fbcb27a3d86345af0c0] 10.0.0.158 "GET /v2.0/networks/51ba6961-36f6-459c-8557-61495f84ca0d?fields=provider%3Aphysical_network&fields=provider%3Anetwork_type HTTP/1.1" status: 200 len: 277 time: 0.0468361
2026-05-06 02:26:42.067 9 INFO neutron.api.wsgi [None req-936d3c66-c5f7-4970-8249-ab8dc53c2d1d 93b0a81748d840fa891e275c4cf3df25 445a8881fc4a4c5ca4cb774fa807035e - - default default] 10.0.0.180 "DELETE /v2.0/routers/7926740c-057f-4008-8c9f-32762659d3f0 HTTP/1.1" status: 204 len: 168 time: 0.6341333
2026-05-06 02:26:42.202 9 INFO neutron.api.wsgi [None req-f29cf14c-329e-4590-b3ff-873b5ff518fb 93b0a81748d840fa891e275c4cf3df25 445a8881fc4a4c5ca4cb774fa807035e - - default default] 10.0.0.180 "DELETE /v2.0/subnets/3846db70-27a2-4c4b-915e-b94cf8c5d202 HTTP/1.1" status: 204 len: 168 time: 0.1320407
2026-05-06 02:26:42.326 9 INFO neutron.api.wsgi [req-08bac28e-d35d-4730-a6bf-a090334ae531 req-fabcb39c-f425-4753-9a96-f8fb6d280cdf 6e06e34a6fc34dd4afd3bf20c4d619c5 a1adb1aa85144dbe9816ed33b03a82ad - - default default] 10.0.0.158 "GET /v2.0/ports?device_id=14441706-a43b-47ee-9a3b-3a7eaa5d2d54 HTTP/1.1" status: 200 len: 210 time: 0.0167115
