2026-05-06 02:28:22.114 10 INFO neutron.api.wsgi [None req-7b0a3db0-ed87-4915-ab17-22a9839adb47 7856bc0f3e30496ab4bda3dec8f9d93e 58db55937fe542869e2af561d62e18c6 - - default default] 10.0.0.180 "GET /v2.0/policies/42b7f65c-d86e-4635-a84c-7d385b8e05c0/tags HTTP/1.1" status: 200 len: 230 time: 0.0124223
2026-05-06 02:28:22.128 10 INFO neutron.api.wsgi [None req-764479f5-0264-4f52-a7e3-2ab6ea24664d 7856bc0f3e30496ab4bda3dec8f9d93e 58db55937fe542869e2af561d62e18c6 - - default default] 10.0.0.180 "GET /v2.0/policies/42b7f65c-d86e-4635-a84c-7d385b8e05c0/tags/red HTTP/1.1" status: 204 len: 168 time: 0.0114841
2026-05-06 02:28:22.147 10 INFO neutron.api.v2.resource [None req-2dc8a28b-1ce7-495d-af00-f11554f11cba 7856bc0f3e30496ab4bda3dec8f9d93e 58db55937fe542869e2af561d62e18c6 - - default default] show failed (client error): The resource could not be found.
2026-05-06 02:28:22.148 10 INFO neutron.api.wsgi [None req-2dc8a28b-1ce7-495d-af00-f11554f11cba 7856bc0f3e30496ab4bda3dec8f9d93e 58db55937fe542869e2af561d62e18c6 - - default default] 10.0.0.180 "GET /v2.0/policies/42b7f65c-d86e-4635-a84c-7d385b8e05c0/tags/green HTTP/1.1" status: 404 len: 299 time: 0.0153012
2026-05-06 02:28:22.186 10 INFO neutron.api.wsgi [None req-86355b88-2f71-40f4-b727-8e92d98628d8 7856bc0f3e30496ab4bda3dec8f9d93e 58db55937fe542869e2af561d62e18c6 - - default default] 10.0.0.180 "DELETE /v2.0/policies/42b7f65c-d86e-4635-a84c-7d385b8e05c0/tags/red HTTP/1.1" status: 204 len: 168 time: 0.0264378
2026-05-06 02:28:22.204 10 INFO neutron.api.wsgi [None req-0fa6995f-ad54-4daa-8287-aa7ea8c0c130 7856bc0f3e30496ab4bda3dec8f9d93e 58db55937fe542869e2af561d62e18c6 - - default default] 10.0.0.180 "GET /v2.0/policies/42b7f65c-d86e-4635-a84c-7d385b8e05c0/tags HTTP/1.1" status: 200 len: 223 time: 0.0133436
2026-05-06 02:28:22.227 10 INFO neutron.api.v2.resource [None req-1c6060fe-d91c-4743-8c07-a39e95542552 7856bc0f3e30496ab4bda3dec8f9d93e 58db55937fe542869e2af561d62e18c6 - - default default] delete failed (client error): The resource could not be found.
2026-05-06 02:28:22.228 10 INFO neutron.api.wsgi [None req-1c6060fe-d91c-4743-8c07-a39e95542552 7856bc0f3e30496ab4bda3dec8f9d93e 58db55937fe542869e2af561d62e18c6 - - default default] 10.0.0.180 "DELETE /v2.0/policies/42b7f65c-d86e-4635-a84c-7d385b8e05c0/tags/green HTTP/1.1" status: 404 len: 299 time: 0.0182965
2026-05-06 02:28:22.255 10 INFO neutron.api.wsgi [None req-3fdd2ab2-9f31-473f-8295-fcb51742d4ab 7856bc0f3e30496ab4bda3dec8f9d93e 58db55937fe542869e2af561d62e18c6 - - default default] 10.0.0.180 "DELETE /v2.0/policies/42b7f65c-d86e-4635-a84c-7d385b8e05c0/tags HTTP/1.1" status: 204 len: 168 time: 0.0231330
2026-05-06 02:28:22.275 10 INFO neutron.api.wsgi [None req-ded2012f-972b-486b-8e12-a6c4010cd2c8 7856bc0f3e30496ab4bda3dec8f9d93e 58db55937fe542869e2af561d62e18c6 - - default default] 10.0.0.180 "GET /v2.0/policies/42b7f65c-d86e-4635-a84c-7d385b8e05c0/tags HTTP/1.1" status: 200 len: 205 time: 0.0154636
2026-05-06 02:28:22.335 9 INFO neutron.api.wsgi [None req-0f1ec5c2-3224-4f9a-8756-9934abdda47d 7856bc0f3e30496ab4bda3dec8f9d93e 58db55937fe542869e2af561d62e18c6 - - default default] 10.0.0.180 "DELETE /v2.0/qos/policies/42b7f65c-d86e-4635-a84c-7d385b8e05c0 HTTP/1.1" status: 204 len: 168 time: 0.0533512
2026-05-06 02:28:22.421 10 INFO neutron.api.wsgi [req-29ae87a1-8127-44e8-acf2-2526b62a38ba req-c370913f-333f-4c15-9cd3-a70040a12f1a 61c997e198d640c4901044dc0a494e53 9b7173ae5d24423a80fb1e4a474dd95c - - default default] 10.0.0.158 "GET /v2.0/ports?device_id=d0202d31-4b6f-40b2-b08a-bf1ee0159c7c HTTP/1.1" status: 200 len: 1168 time: 0.0653374
2026-05-06 02:28:22.467 10 INFO neutron.api.wsgi [req-29ae87a1-8127-44e8-acf2-2526b62a38ba req-6c5aac03-3d9c-4bd1-9706-8f91f1c842ff 61c997e198d640c4901044dc0a494e53 9b7173ae5d24423a80fb1e4a474dd95c - - default default] 10.0.0.158 "GET /v2.0/security-groups?id=1c7ed98b-e3f1-47cc-b04f-7fcb346ab20b&fields=id&fields=name HTTP/1.1" status: 200 len: 312 time: 0.0424790
2026-05-06 02:28:23.116 9 INFO neutron.notifiers.nova [-] Nova event matching ['req-3f585067-e664-428d-ae9a-4740dcb9920d'] response: {'server_uuid': 'd0202d31-4b6f-40b2-b08a-bf1ee0159c7c', 'name': 'network-vif-unplugged', 'status': 'completed', 'tag': 'aef48e0b-3398-4d12-bb37-efda0b8c0a2a', 'code': 200}
2026-05-06 02:28:23.120 9 INFO neutron.plugins.ml2.drivers.ovn.mech_driver.mech_driver [None req-a0298372-c08b-4efe-a5dc-8af587bf9862 - - - - - -] OVN reports status up for port: aef48e0b-3398-4d12-bb37-efda0b8c0a2a
2026-05-06 02:28:23.137 9 INFO neutron.plugins.ml2.plugin [None req-a0298372-c08b-4efe-a5dc-8af587bf9862 - - - - - -] Attempt 1 to provision port aef48e0b-3398-4d12-bb37-efda0b8c0a2a
2026-05-06 02:28:23.332 10 INFO neutron.db.ovn_revision_numbers_db [None req-5a20b3e3-94d1-4b75-a9f7-7ee3d78493ea 93b0a81748d840fa891e275c4cf3df25 445a8881fc4a4c5ca4cb774fa807035e - - default default] Successfully bumped revision number for resource a8dc74b8-3879-4734-8100-125255378547 (type: security_groups) to 1
2026-05-06 02:28:23.371 10 INFO neutron.db.ovn_revision_numbers_db [None req-5a20b3e3-94d1-4b75-a9f7-7ee3d78493ea 93b0a81748d840fa891e275c4cf3df25 445a8881fc4a4c5ca4cb774fa807035e - - default default] Successfully bumped revision number for resource 740926a1-255f-4f6f-be7d-db323e20e310 (type: security_group_rules) to 0
2026-05-06 02:28:23.387 10 INFO neutron.db.ovn_revision_numbers_db [None req-5a20b3e3-94d1-4b75-a9f7-7ee3d78493ea 93b0a81748d840fa891e275c4cf3df25 445a8881fc4a4c5ca4cb774fa807035e - - default default] Successfully bumped revision number for resource 76dee3cd-cc2a-4b2a-8582-5023fefa8dfb (type: security_group_rules) to 0
2026-05-06 02:28:23.392 9 INFO neutron.db.ovn_revision_numbers_db [None req-a0298372-c08b-4efe-a5dc-8af587bf9862 - - - - - -] Successfully bumped revision number for resource aef48e0b-3398-4d12-bb37-efda0b8c0a2a (type: ports) to 7
2026-05-06 02:28:23.403 10 INFO neutron.db.ovn_revision_numbers_db [None req-5a20b3e3-94d1-4b75-a9f7-7ee3d78493ea 93b0a81748d840fa891e275c4cf3df25 445a8881fc4a4c5ca4cb774fa807035e - - default default] Successfully bumped revision number for resource 8fd88e03-8229-40f2-8257-f2ce166b585a (type: security_group_rules) to 0
2026-05-06 02:28:23.424 10 INFO neutron.db.ovn_revision_numbers_db [None req-5a20b3e3-94d1-4b75-a9f7-7ee3d78493ea 93b0a81748d840fa891e275c4cf3df25 445a8881fc4a4c5ca4cb774fa807035e - - default default] Successfully bumped revision number for resource c1971127-19e3-4ba2-9307-752dec9449e6 (type: security_group_rules) to 0
2026-05-06 02:28:23.470 10 INFO neutron.api.wsgi [None req-5a20b3e3-94d1-4b75-a9f7-7ee3d78493ea 93b0a81748d840fa891e275c4cf3df25 445a8881fc4a4c5ca4cb774fa807035e - - default default] 10.0.0.180 "GET /v2.0/security-groups?tenant_id=84df4fe6e77343c78f51a7eb75415935&name=default HTTP/1.1" status: 200 len: 3120 time: 0.4005938
2026-05-06 02:28:23.561 10 INFO neutron.api.wsgi [req-6142128d-7419-40dd-aa04-cec7f4a799c9 req-d56fd6ab-5ca3-4dcd-a476-ea7bd4bedada 61c997e198d640c4901044dc0a494e53 9b7173ae5d24423a80fb1e4a474dd95c - - default default] 10.0.0.158 "GET /v2.0/ports?device_id=d0202d31-4b6f-40b2-b08a-bf1ee0159c7c HTTP/1.1" status: 200 len: 1170 time: 0.0369685
2026-05-06 02:28:23.604 10 INFO neutron.api.wsgi [req-6142128d-7419-40dd-aa04-cec7f4a799c9 req-f14a3632-3ff0-4729-97b0-914d3709154c 61c997e198d640c4901044dc0a494e53 9b7173ae5d24423a80fb1e4a474dd95c - - default default] 10.0.0.158 "GET /v2.0/security-groups?id=1c7ed98b-e3f1-47cc-b04f-7fcb346ab20b&fields=id&fields=name HTTP/1.1" status: 200 len: 312 time: 0.0356960
2026-05-06 02:28:23.718 10 INFO neutron.api.wsgi [None req-c1a92196-d6e1-4189-a833-6c37ff48b2dc 93b0a81748d840fa891e275c4cf3df25 445a8881fc4a4c5ca4cb774fa807035e - - default default] 10.0.0.180 "DELETE /v2.0/security-groups/a8dc74b8-3879-4734-8100-125255378547 HTTP/1.1" status: 204 len: 168 time: 0.2427649 /var/lib/openstack/lib/python3.12/site-packages/pycadf/identifier.py:71: UserWarning: Invalid uuid: neutron. To ensure interoperability, identifiers should be a valid uuid. warnings.warn(('Invalid uuid: %s. To ensure interoperability, '
2026-05-06 02:28:23.977 10 WARNING neutron.plugins.ml2.drivers.ovn.mech_driver.ovsdb.ovn_client [None req-55dd658d-26bc-4f08-ad1c-9f690c54a5fc - - - - - -] No port found with ID ae973fca-3a8c-4642-bbd4-3bbbe83774ee: RuntimeError: No port found with ID ae973fca-3a8c-4642-bbd4-3bbbe83774ee
2026-05-06 02:28:24.022 9 INFO neutron.db.ovn_revision_numbers_db [None req-db04dfc8-3ad2-4ccb-a067-8706ef00097d 93b0a81748d840fa891e275c4cf3df25 445a8881fc4a4c5ca4cb774fa807035e - - default default] Successfully bumped revision number for resource ea626a90-d768-446e-896c-c854fb9f6d1b (type: security_groups) to 1
2026-05-06 02:28:24.034 9 INFO neutron.db.ovn_revision_numbers_db [None req-db04dfc8-3ad2-4ccb-a067-8706ef00097d 93b0a81748d840fa891e275c4cf3df25 445a8881fc4a4c5ca4cb774fa807035e - - default default] Successfully bumped revision number for resource 3f9f7330-6090-46ec-bd31-f2d52cff9c11 (type: security_group_rules) to 0
2026-05-06 02:28:24.044 9 INFO neutron.db.ovn_revision_numbers_db [None req-db04dfc8-3ad2-4ccb-a067-8706ef00097d 93b0a81748d840fa891e275c4cf3df25 445a8881fc4a4c5ca4cb774fa807035e - - default default] Successfully bumped revision number for resource 69668e03-208a-4be8-8172-466a3f5615f1 (type: security_group_rules) to 0
2026-05-06 02:28:24.055 9 INFO neutron.db.ovn_revision_numbers_db [None req-db04dfc8-3ad2-4ccb-a067-8706ef00097d 93b0a81748d840fa891e275c4cf3df25 445a8881fc4a4c5ca4cb774fa807035e - - default default] Successfully bumped revision number for resource 76855ebf-d705-454f-963c-8138d5df322b (type: security_group_rules) to 0
2026-05-06 02:28:24.066 9 INFO neutron.db.ovn_revision_numbers_db [None req-db04dfc8-3ad2-4ccb-a067-8706ef00097d 93b0a81748d840fa891e275c4cf3df25 445a8881fc4a4c5ca4cb774fa807035e - - default default] Successfully bumped revision number for resource 9e299194-3b77-4380-b239-01097d3c2047 (type: security_group_rules) to 0
2026-05-06 02:28:24.099 9 INFO neutron.api.wsgi [None req-db04dfc8-3ad2-4ccb-a067-8706ef00097d 93b0a81748d840fa891e275c4cf3df25 445a8881fc4a4c5ca4cb774fa807035e - - default default] 10.0.0.180 "GET /v2.0/security-groups?tenant_id=58db55937fe542869e2af561d62e18c6&name=default HTTP/1.1" status: 200 len: 3120 time: 0.1721764
2026-05-06 02:28:24.306 9 INFO neutron.api.wsgi [None req-db6e97dc-7773-4f17-91f7-03b30ca60329 93b0a81748d840fa891e275c4cf3df25 445a8881fc4a4c5ca4cb774fa807035e - - default default] 10.0.0.180 "DELETE /v2.0/security-groups/ea626a90-d768-446e-896c-c854fb9f6d1b HTTP/1.1" status: 204 len: 168 time: 0.2000372
2026-05-06 02:28:24.708 9 INFO neutron.api.wsgi [req-832afd2e-a1ff-4736-a6c8-97d0d66ba8b3 req-78aaf1cf-cfb3-4b9a-a0a7-0ddb5d3bfaab 61c997e198d640c4901044dc0a494e53 9b7173ae5d24423a80fb1e4a474dd95c - - default default] 10.0.0.158 "GET /v2.0/ports?device_id=d0202d31-4b6f-40b2-b08a-bf1ee0159c7c HTTP/1.1" status: 200 len: 1170 time: 0.0365624
2026-05-06 02:28:24.760 9 INFO neutron.api.wsgi [req-832afd2e-a1ff-4736-a6c8-97d0d66ba8b3 req-f910b4c0-c9f3-41f3-878f-628622897019 61c997e198d640c4901044dc0a494e53 9b7173ae5d24423a80fb1e4a474dd95c - - default default] 10.0.0.158 "GET /v2.0/security-groups?id=1c7ed98b-e3f1-47cc-b04f-7fcb346ab20b&fields=id&fields=name HTTP/1.1" status: 200 len: 312 time: 0.0354548
2026-05-06 02:28:25.148 9 INFO neutron.notifiers.nova [-] Nova event matching ['req-96847405-4002-40a1-a483-df4ea9abc478'] response: {'server_uuid': 'd0202d31-4b6f-40b2-b08a-bf1ee0159c7c', 'name': 'network-vif-plugged', 'status': 'completed', 'tag': 'aef48e0b-3398-4d12-bb37-efda0b8c0a2a', 'code': 200}
2026-05-06 02:28:25.149 9 INFO neutron.notifiers.nova [-] Nova event matching ['req-96847405-4002-40a1-a483-df4ea9abc478'] response: {'server_uuid': 'd0202d31-4b6f-40b2-b08a-bf1ee0159c7c', 'name': 'network-vif-plugged', 'status': 'completed', 'tag': 'aef48e0b-3398-4d12-bb37-efda0b8c0a2a', 'code': 200}
2026-05-06 02:28:25.946 9 INFO neutron.db.ovn_revision_numbers_db [None req-cf4b7c47-ec31-4f83-8418-e034c43f0d4d 93b0a81748d840fa891e275c4cf3df25 445a8881fc4a4c5ca4cb774fa807035e - - default default] Successfully bumped revision number for resource fbcb5739-393f-48d8-983a-02955a4b3377 (type: security_groups) to 1
2026-05-06 02:28:25.964 9 INFO neutron.db.ovn_revision_numbers_db [None req-cf4b7c47-ec31-4f83-8418-e034c43f0d4d 93b0a81748d840fa891e275c4cf3df25 445a8881fc4a4c5ca4cb774fa807035e - - default default] Successfully bumped revision number for resource 5ef21e69-3ce6-4d3a-ba85-e58b2a6743c3 (type: security_group_rules) to 0
2026-05-06 02:28:25.977 9 INFO neutron.db.ovn_revision_numbers_db [None req-cf4b7c47-ec31-4f83-8418-e034c43f0d4d 93b0a81748d840fa891e275c4cf3df25 445a8881fc4a4c5ca4cb774fa807035e - - default default] Successfully bumped revision number for resource ade122f4-e1a3-4125-88b2-316ba151e73e (type: security_group_rules) to 0
2026-05-06 02:28:25.989 9 INFO neutron.db.ovn_revision_numbers_db [None req-cf4b7c47-ec31-4f83-8418-e034c43f0d4d 93b0a81748d840fa891e275c4cf3df25 445a8881fc4a4c5ca4cb774fa807035e - - default default] Successfully bumped revision number for resource dd7ed089-a9c9-4769-8c3e-b88d62fbabfe (type: security_group_rules) to 0
2026-05-06 02:28:26.022 9 INFO neutron.db.ovn_revision_numbers_db [None req-cf4b7c47-ec31-4f83-8418-e034c43f0d4d 93b0a81748d840fa891e275c4cf3df25 445a8881fc4a4c5ca4cb774fa807035e - - default default] Successfully bumped revision number for resource f920c00c-7b25-4a57-997a-06e824c551e7 (type: security_group_rules) to 0
2026-05-06 02:28:26.062 9 INFO neutron.api.wsgi [None req-cf4b7c47-ec31-4f83-8418-e034c43f0d4d 93b0a81748d840fa891e275c4cf3df25 445a8881fc4a4c5ca4cb774fa807035e - - default default] 10.0.0.180 "GET /v2.0/security-groups?tenant_id=dcddda1da1fc4d8dbc9c47642e3c7ffb&name=default HTTP/1.1" status: 200 len: 3120 time: 0.3892605
2026-05-06 02:28:26.312 9 INFO neutron.api.wsgi [None req-5068db30-2ce8-4730-834b-5e8491a08bfc 93b0a81748d840fa891e275c4cf3df25 445a8881fc4a4c5ca4cb774fa807035e - - default default] 10.0.0.180 "DELETE /v2.0/security-groups/fbcb5739-393f-48d8-983a-02955a4b3377 HTTP/1.1" status: 204 len: 168 time: 0.2445929
2026-05-06 02:28:26.563 9 INFO neutron.db.ovn_revision_numbers_db [None req-4d90f233-122e-4d91-bb78-c95c69b7d0df 93b0a81748d840fa891e275c4cf3df25 445a8881fc4a4c5ca4cb774fa807035e - - default default] Successfully bumped revision number for resource 10d0023c-eb58-4730-b0e5-c4e1ee18b39e (type: security_groups) to 1
2026-05-06 02:28:26.574 9 INFO neutron.db.ovn_revision_numbers_db [None req-4d90f233-122e-4d91-bb78-c95c69b7d0df 93b0a81748d840fa891e275c4cf3df25 445a8881fc4a4c5ca4cb774fa807035e - - default default] Successfully bumped revision number for resource 25b58d7f-9a7d-472b-a545-36e815c0dc66 (type: security_group_rules) to 0
2026-05-06 02:28:26.585 9 INFO neutron.db.ovn_revision_numbers_db [None req-4d90f233-122e-4d91-bb78-c95c69b7d0df 93b0a81748d840fa891e275c4cf3df25 445a8881fc4a4c5ca4cb774fa807035e - - default default] Successfully bumped revision number for resource 3d96c3cc-f866-40bc-9f19-916b753a112b (type: security_group_rules) to 0
2026-05-06 02:28:26.597 9 INFO neutron.db.ovn_revision_numbers_db [None req-4d90f233-122e-4d91-bb78-c95c69b7d0df 93b0a81748d840fa891e275c4cf3df25 445a8881fc4a4c5ca4cb774fa807035e - - default default] Successfully bumped revision number for resource 7cd1e76c-85ae-4b67-b370-76435c60ccb6 (type: security_group_rules) to 0
2026-05-06 02:28:26.607 9 INFO neutron.db.ovn_revision_numbers_db [None req-4d90f233-122e-4d91-bb78-c95c69b7d0df 93b0a81748d840fa891e275c4cf3df25 445a8881fc4a4c5ca4cb774fa807035e - - default default] Successfully bumped revision number for resource 9ea0ecd0-c70d-4c83-8ce4-e1e30eea85a7 (type: security_group_rules) to 0
2026-05-06 02:28:26.634 9 INFO neutron.api.wsgi [None req-4d90f233-122e-4d91-bb78-c95c69b7d0df 93b0a81748d840fa891e275c4cf3df25 445a8881fc4a4c5ca4cb774fa807035e - - default default] 10.0.0.180 "GET /v2.0/security-groups?tenant_id=6c2d47a1ae294890bce7e6ef98850ad6&name=default HTTP/1.1" status: 200 len: 3120 time: 0.1954885
2026-05-06 02:28:26.823 9 INFO neutron.api.wsgi [None req-cf22fbda-c524-48de-8ccf-2d11402074a1 93b0a81748d840fa891e275c4cf3df25 445a8881fc4a4c5ca4cb774fa807035e - - default default] 10.0.0.180 "DELETE /v2.0/security-groups/10d0023c-eb58-4730-b0e5-c4e1ee18b39e HTTP/1.1" status: 204 len: 168 time: 0.1855595
2026-05-06 02:28:26.911 10 INFO neutron.db.ovn_revision_numbers_db [None req-129268d7-8416-452f-bebe-60f76df43384 93b0a81748d840fa891e275c4cf3df25 445a8881fc4a4c5ca4cb774fa807035e - - default default] Successfully bumped revision number for resource b7ef24ad-bace-46db-a618-23e29b635ce7 (type: security_groups) to 1
2026-05-06 02:28:26.926 10 INFO neutron.db.ovn_revision_numbers_db [None req-129268d7-8416-452f-bebe-60f76df43384 93b0a81748d840fa891e275c4cf3df25 445a8881fc4a4c5ca4cb774fa807035e - - default default] Successfully bumped revision number for resource 053997a0-7c07-4cd9-8497-df6bf02bd725 (type: security_group_rules) to 0
2026-05-06 02:28:26.939 10 INFO neutron.db.ovn_revision_numbers_db [None req-129268d7-8416-452f-bebe-60f76df43384 93b0a81748d840fa891e275c4cf3df25 445a8881fc4a4c5ca4cb774fa807035e - - default default] Successfully bumped revision number for resource 2880446f-501b-4354-9b82-0d63a1215c4e (type: security_group_rules) to 0
2026-05-06 02:28:26.952 10 INFO neutron.db.ovn_revision_numbers_db [None req-129268d7-8416-452f-bebe-60f76df43384 93b0a81748d840fa891e275c4cf3df25 445a8881fc4a4c5ca4cb774fa807035e - - default default] Successfully bumped revision number for resource 879c74f9-f5e4-494a-9991-e26443f03c46 (type: security_group_rules) to 0
2026-05-06 02:28:26.966 10 INFO neutron.db.ovn_revision_numbers_db [None req-129268d7-8416-452f-bebe-60f76df43384 93b0a81748d840fa891e275c4cf3df25 445a8881fc4a4c5ca4cb774fa807035e - - default default] Successfully bumped revision number for resource ae601ab5-a475-4453-827f-c98997536805 (type: security_group_rules) to 0
2026-05-06 02:28:27.010 10 INFO neutron.api.wsgi [None req-129268d7-8416-452f-bebe-60f76df43384 93b0a81748d840fa891e275c4cf3df25 445a8881fc4a4c5ca4cb774fa807035e - - default default] 10.0.0.180 "GET /v2.0/security-groups?tenant_id=e7da8f0317164d75a411e61a9da7d8cd&name=default HTTP/1.1" status: 200 len: 3120 time: 0.2945464
2026-05-06 02:28:27.242 10 INFO neutron.api.wsgi [None req-5fa7a145-b97c-41d8-a550-025c5c2b24d1 93b0a81748d840fa891e275c4cf3df25 445a8881fc4a4c5ca4cb774fa807035e - - default default] 10.0.0.180 "DELETE /v2.0/security-groups/b7ef24ad-bace-46db-a618-23e29b635ce7 HTTP/1.1" status: 204 len: 168 time: 0.2265406
2026-05-06 02:28:27.436 9 INFO neutron.db.ovn_revision_numbers_db [None req-be845aa5-daa1-4cdf-8be9-a9adc9f1cce7 93b0a81748d840fa891e275c4cf3df25 445a8881fc4a4c5ca4cb774fa807035e - - default default] Successfully bumped revision number for resource 1d6b9954-ac9e-4c18-8545-3d2bcd87797f (type: security_groups) to 1
2026-05-06 02:28:27.448 9 INFO neutron.db.ovn_revision_numbers_db [None req-be845aa5-daa1-4cdf-8be9-a9adc9f1cce7 93b0a81748d840fa891e275c4cf3df25 445a8881fc4a4c5ca4cb774fa807035e - - default default] Successfully bumped revision number for resource 1a58e779-19bf-4524-9353-21f2dde54e14 (type: security_group_rules) to 0
2026-05-06 02:28:27.459 9 INFO neutron.db.ovn_revision_numbers_db [None req-be845aa5-daa1-4cdf-8be9-a9adc9f1cce7 93b0a81748d840fa891e275c4cf3df25 445a8881fc4a4c5ca4cb774fa807035e - - default default] Successfully bumped revision number for resource 2b1cd8cc-cb5d-4861-b10e-c1da0ea1a448 (type: security_group_rules) to 0
2026-05-06 02:28:27.472 9 INFO neutron.db.ovn_revision_numbers_db [None req-be845aa5-daa1-4cdf-8be9-a9adc9f1cce7 93b0a81748d840fa891e275c4cf3df25 445a8881fc4a4c5ca4cb774fa807035e - - default default] Successfully bumped revision number for resource 5908bb86-ca77-42f3-8cac-26b720f61da5 (type: security_group_rules) to 0
2026-05-06 02:28:27.483 9 INFO neutron.db.ovn_revision_numbers_db [None req-be845aa5-daa1-4cdf-8be9-a9adc9f1cce7 93b0a81748d840fa891e275c4cf3df25 445a8881fc4a4c5ca4cb774fa807035e - - default default] Successfully bumped revision number for resource d3ae0ab2-45fd-4838-baaa-3a8685c45699 (type: security_group_rules) to 0
2026-05-06 02:28:27.515 9 INFO neutron.api.wsgi [None req-be845aa5-daa1-4cdf-8be9-a9adc9f1cce7 93b0a81748d840fa891e275c4cf3df25 445a8881fc4a4c5ca4cb774fa807035e - - default default] 10.0.0.180 "GET /v2.0/security-groups?tenant_id=b63189c01e784ade8f39e4073091a9d7&name=default HTTP/1.1" status: 200 len: 3120 time: 0.1729815
2026-05-06 02:28:27.715 9 INFO neutron.api.wsgi [None req-e26e2daa-7922-4568-9374-b44b16c1e246 93b0a81748d840fa891e275c4cf3df25 445a8881fc4a4c5ca4cb774fa807035e - - default default] 10.0.0.180 "DELETE /v2.0/security-groups/1d6b9954-ac9e-4c18-8545-3d2bcd87797f HTTP/1.1" status: 204 len: 168 time: 0.1940396
2026-05-06 02:28:28.045 10 WARNING neutron_lib.context [None req-398c3f96-cbd0-417c-bb91-a9573dd59946 7be18f3281d7432eb03c5d9a9442bb83 8f1de0ef98704f8faf553078e4823742 - - default default] Method 'is_advsvc' is deprecated since 2023.2 release (neutron-lib 3.8.0) and will be removed once support for the old RBAC API policies will be removed from Neutron. Please use method 'is_service_role' instead.
2026-05-06 02:28:28.168 10 INFO neutron.db.ovn_revision_numbers_db [None req-398c3f96-cbd0-417c-bb91-a9573dd59946 7be18f3281d7432eb03c5d9a9442bb83 8f1de0ef98704f8faf553078e4823742 - - default default] Successfully bumped revision number for resource ec4a9e7b-c5c3-4a45-b700-6f7f5c2cac26 (type: security_groups) to 1
2026-05-06 02:28:28.180 10 INFO neutron.db.ovn_revision_numbers_db [None req-398c3f96-cbd0-417c-bb91-a9573dd59946 7be18f3281d7432eb03c5d9a9442bb83 8f1de0ef98704f8faf553078e4823742 - - default default] Successfully bumped revision number for resource 1cb7636b-f2e7-42b9-b04c-5b367d63c7b5 (type: security_group_rules) to 0
2026-05-06 02:28:28.198 10 INFO neutron.db.ovn_revision_numbers_db [None req-398c3f96-cbd0-417c-bb91-a9573dd59946 7be18f3281d7432eb03c5d9a9442bb83 8f1de0ef98704f8faf553078e4823742 - - default default] Successfully bumped revision number for resource 5e5dfe19-8cd3-4c61-b6a3-e6c6e746b2dc (type: security_group_rules) to 0
2026-05-06 02:28:28.212 10 INFO neutron.db.ovn_revision_numbers_db [None req-398c3f96-cbd0-417c-bb91-a9573dd59946 7be18f3281d7432eb03c5d9a9442bb83 8f1de0ef98704f8faf553078e4823742 - - default default] Successfully bumped revision number for resource 7a9c677f-6bc6-4555-a495-df6a763f4924 (type: security_group_rules) to 0
2026-05-06 02:28:28.227 10 INFO neutron.db.ovn_revision_numbers_db [None req-398c3f96-cbd0-417c-bb91-a9573dd59946 7be18f3281d7432eb03c5d9a9442bb83 8f1de0ef98704f8faf553078e4823742 - - default default] Successfully bumped revision number for resource d7ef8c31-6423-4ab8-b0b9-ddd28f5703fa (type: security_group_rules) to 0
2026-05-06 02:28:28.331 10 INFO neutron.db.ovn_revision_numbers_db [None req-398c3f96-cbd0-417c-bb91-a9573dd59946 7be18f3281d7432eb03c5d9a9442bb83 8f1de0ef98704f8faf553078e4823742 - - default default] Successfully bumped revision number for resource 020aa97c-89b6-4464-94d8-216dada8cdc9 (type: security_groups) to 1
2026-05-06 02:28:28.345 10 INFO neutron.db.ovn_revision_numbers_db [None req-398c3f96-cbd0-417c-bb91-a9573dd59946 7be18f3281d7432eb03c5d9a9442bb83 8f1de0ef98704f8faf553078e4823742 - - default default] Successfully bumped revision number for resource 1437050d-97b1-4ad5-976d-8b38034235c1 (type: security_group_rules) to 0
2026-05-06 02:28:28.359 10 INFO neutron.db.ovn_revision_numbers_db [None req-398c3f96-cbd0-417c-bb91-a9573dd59946 7be18f3281d7432eb03c5d9a9442bb83 8f1de0ef98704f8faf553078e4823742 - - default default] Successfully bumped revision number for resource 86c0ecb7-cb07-41bc-bd37-33d90453b675 (type: security_group_rules) to 0
2026-05-06 02:28:28.392 10 INFO neutron.api.wsgi [None req-398c3f96-cbd0-417c-bb91-a9573dd59946 7be18f3281d7432eb03c5d9a9442bb83 8f1de0ef98704f8faf553078e4823742 - - default default] 10.0.0.180 "POST /v2.0/security-groups HTTP/1.1" status: 201 len: 1801 time: 0.5701599
2026-05-06 02:28:28.434 10 INFO neutron.api.wsgi [None req-61c7f37f-46ef-4ebc-bb7a-73a030d9134d 7be18f3281d7432eb03c5d9a9442bb83 8f1de0ef98704f8faf553078e4823742 - - default default] 10.0.0.180 "PUT /v2.0/security-groups/020aa97c-89b6-4464-94d8-216dada8cdc9/tags HTTP/1.1" status: 200 len: 218 time: 0.0367954
2026-05-06 02:28:28.455 10 INFO neutron.api.wsgi [None req-844c88ad-6e0d-47d1-a92d-44b7040d6c7e 7be18f3281d7432eb03c5d9a9442bb83 8f1de0ef98704f8faf553078e4823742 - - default default] 10.0.0.180 "GET /v2.0/security-groups/020aa97c-89b6-4464-94d8-216dada8cdc9/tags HTTP/1.1" status: 200 len: 218 time: 0.0157163
2026-05-06 02:28:28.492 10 INFO neutron.api.wsgi [None req-4ecc1d4f-41d1-4690-90d0-60953287e88e 7be18f3281d7432eb03c5d9a9442bb83 8f1de0ef98704f8faf553078e4823742 - - default default] 10.0.0.180 "PUT /v2.0/security-groups/020aa97c-89b6-4464-94d8-216dada8cdc9/tags/green HTTP/1.1" status: 201 len: 201 time: 0.0307813
2026-05-06 02:28:28.513 10 INFO neutron.api.wsgi [None req-cbc4679b-b999-452e-bc7c-4c4937a625e7 7be18f3281d7432eb03c5d9a9442bb83 8f1de0ef98704f8faf553078e4823742 - - default default] 10.0.0.180 "GET /v2.0/security-groups/020aa97c-89b6-4464-94d8-216dada8cdc9/tags HTTP/1.1" status: 200 len: 227 time: 0.0152171
2026-05-06 02:28:28.534 10 INFO neutron.api.wsgi [None req-cf0d2c4a-6d04-4560-8b15-02fba2e0541b 7be18f3281d7432eb03c5d9a9442bb83 8f1de0ef98704f8faf553078e4823742 - - default default] 10.0.0.180 "PUT /v2.0/security-groups/020aa97c-89b6-4464-94d8-216dada8cdc9/tags/red HTTP/1.1" status: 201 len: 201 time: 0.0161119
2026-05-06 02:28:28.556 10 INFO neutron.api.wsgi [None req-b29450c5-4b33-43e5-93dd-bc3643639444 7be18f3281d7432eb03c5d9a9442bb83 8f1de0ef98704f8faf553078e4823742 - - default default] 10.0.0.180 "GET /v2.0/security-groups/020aa97c-89b6-4464-94d8-216dada8cdc9/tags HTTP/1.1" status: 200 len: 227 time: 0.0171480
2026-05-06 02:28:28.598 9 INFO neutron.api.wsgi [None req-da83472e-98ba-4ffe-ac76-f8711c637aca 7be18f3281d7432eb03c5d9a9442bb83 8f1de0ef98704f8faf553078e4823742 - - default default] 10.0.0.180 "PUT /v2.0/security-groups/020aa97c-89b6-4464-94d8-216dada8cdc9/tags/black.or.white HTTP/1.1" status: 201 len: 201 time: 0.0373659
2026-05-06 02:28:28.621 9 INFO neutron.api.wsgi [None req-b2d00fc7-4eac-4603-a851-fc82c7a61de3 7be18f3281d7432eb03c5d9a9442bb83 8f1de0ef98704f8faf553078e4823742 - - default default] 10.0.0.180 "GET /v2.0/security-groups/020aa97c-89b6-4464-94d8-216dada8cdc9/tags HTTP/1.1" status: 200 len: 245 time: 0.0191770
2026-05-06 02:28:28.656 9 INFO neutron.api.wsgi [None req-1bbfc98b-0b74-4ac6-bb50-1ea125ad27d2 7be18f3281d7432eb03c5d9a9442bb83 8f1de0ef98704f8faf553078e4823742 - - default default] 10.0.0.180 "PUT /v2.0/security-groups/020aa97c-89b6-4464-94d8-216dada8cdc9/tags HTTP/1.1" status: 200 len: 230 time: 0.0298541
2026-05-06 02:28:28.681 9 INFO neutron.api.wsgi [None req-95a7346d-844d-4874-8f03-dda22eca4383 7be18f3281d7432eb03c5d9a9442bb83 8f1de0ef98704f8faf553078e4823742 - - default default] 10.0.0.180 "GET /v2.0/security-groups/020aa97c-89b6-4464-94d8-216dada8cdc9/tags HTTP/1.1" status: 200 len: 230 time: 0.0190277
2026-05-06 02:28:28.705 10 INFO neutron.api.wsgi [None req-4d518449-0540-46c2-8b88-9d7c02571650 7be18f3281d7432eb03c5d9a9442bb83 8f1de0ef98704f8faf553078e4823742 - - default default] 10.0.0.180 "GET /v2.0/security-groups/020aa97c-89b6-4464-94d8-216dada8cdc9/tags/red HTTP/1.1" status: 204 len: 168 time: 0.0178833
2026-05-06 02:28:28.724 10 INFO neutron.api.v2.resource [None req-555c6c73-6644-41a6-8955-c6bc240f0561 7be18f3281d7432eb03c5d9a9442bb83 8f1de0ef98704f8faf553078e4823742 - - default default] show failed (client error): The resource could not be found.
2026-05-06 02:28:28.725 10 INFO neutron.api.wsgi [None req-555c6c73-6644-41a6-8955-c6bc240f0561 7be18f3281d7432eb03c5d9a9442bb83 8f1de0ef98704f8faf553078e4823742 - - default default] 10.0.0.180 "GET /v2.0/security-groups/020aa97c-89b6-4464-94d8-216dada8cdc9/tags/green HTTP/1.1" status: 404 len: 299 time: 0.0146103
2026-05-06 02:28:28.757 10 INFO neutron.api.wsgi [None req-f43ae263-7f8d-4b42-bff9-cbe89c007bdb 7be18f3281d7432eb03c5d9a9442bb83 8f1de0ef98704f8faf553078e4823742 - - default default] 10.0.0.180 "DELETE /v2.0/security-groups/020aa97c-89b6-4464-94d8-216dada8cdc9/tags/red HTTP/1.1" status: 204 len: 168 time: 0.0290470
2026-05-06 02:28:28.780 10 INFO neutron.api.wsgi [None req-5fbfdf3b-995d-4bba-b645-93c8811fc4ac 7be18f3281d7432eb03c5d9a9442bb83 8f1de0ef98704f8faf553078e4823742 - - default default] 10.0.0.180 "GET /v2.0/security-groups/020aa97c-89b6-4464-94d8-216dada8cdc9/tags HTTP/1.1" status: 200 len: 223 time: 0.0192709
2026-05-06 02:28:28.805 10 INFO neutron.api.v2.resource [None req-0644edbd-34f4-47bb-8c98-c018ccab10ce 7be18f3281d7432eb03c5d9a9442bb83 8f1de0ef98704f8faf553078e4823742 - - default default] delete failed (client error): The resource could not be found.
2026-05-06 02:28:28.806 10 INFO neutron.api.wsgi [None req-0644edbd-34f4-47bb-8c98-c018ccab10ce 7be18f3281d7432eb03c5d9a9442bb83 8f1de0ef98704f8faf553078e4823742 - - default default] 10.0.0.180 "DELETE /v2.0/security-groups/020aa97c-89b6-4464-94d8-216dada8cdc9/tags/green HTTP/1.1" status: 404 len: 299 time: 0.0202825
2026-05-06 02:28:28.836 10 INFO neutron.api.wsgi [None req-f16f6e4e-a7b9-4180-8200-bb12d173ea5b 7be18f3281d7432eb03c5d9a9442bb83 8f1de0ef98704f8faf553078e4823742 - - default default] 10.0.0.180 "DELETE /v2.0/security-groups/020aa97c-89b6-4464-94d8-216dada8cdc9/tags HTTP/1.1" status: 204 len: 168 time: 0.0269268
2026-05-06 02:28:28.858 10 INFO neutron.api.wsgi [None req-93e63d6c-4c68-4ba8-bfd1-14f5d7188bef 7be18f3281d7432eb03c5d9a9442bb83 8f1de0ef98704f8faf553078e4823742 - - default default] 10.0.0.180 "GET /v2.0/security-groups/020aa97c-89b6-4464-94d8-216dada8cdc9/tags HTTP/1.1" status: 200 len: 205 time: 0.0188494
2026-05-06 02:28:28.952 10 INFO neutron.api.wsgi [None req-3049ed79-b640-4a35-b802-83faa7396ff6 7be18f3281d7432eb03c5d9a9442bb83 8f1de0ef98704f8faf553078e4823742 - - default default] 10.0.0.180 "DELETE /v2.0/security-groups/020aa97c-89b6-4464-94d8-216dada8cdc9 HTTP/1.1" status: 204 len: 168 time: 0.0886085
2026-05-06 02:28:29.722 10 INFO neutron.db.ovn_revision_numbers_db [None req-99dd62e3-40f1-4585-9499-ab7754002103 93b0a81748d840fa891e275c4cf3df25 445a8881fc4a4c5ca4cb774fa807035e - - default default] Successfully bumped revision number for resource 57659b72-2e6f-4021-bd04-5ef325dedc1c (type: security_groups) to 1
2026-05-06 02:28:29.736 10 INFO neutron.db.ovn_revision_numbers_db [None req-99dd62e3-40f1-4585-9499-ab7754002103 93b0a81748d840fa891e275c4cf3df25 445a8881fc4a4c5ca4cb774fa807035e - - default default] Successfully bumped revision number for resource 07f8060c-caec-4d75-a2e6-afc78466f752 (type: security_group_rules) to 0
2026-05-06 02:28:29.751 10 INFO neutron.db.ovn_revision_numbers_db [None req-99dd62e3-40f1-4585-9499-ab7754002103 93b0a81748d840fa891e275c4cf3df25 445a8881fc4a4c5ca4cb774fa807035e - - default default] Successfully bumped revision number for resource 2ddfd129-ba9f-4690-91d5-be44084125ca (type: security_group_rules) to 0
2026-05-06 02:28:29.766 10 INFO neutron.db.ovn_revision_numbers_db [None req-99dd62e3-40f1-4585-9499-ab7754002103 93b0a81748d840fa891e275c4cf3df25 445a8881fc4a4c5ca4cb774fa807035e - - default default] Successfully bumped revision number for resource 958c5311-48a0-4dcc-8394-ebe45e615f67 (type: security_group_rules) to 0
2026-05-06 02:28:29.779 10 INFO neutron.db.ovn_revision_numbers_db [None req-99dd62e3-40f1-4585-9499-ab7754002103 93b0a81748d840fa891e275c4cf3df25 445a8881fc4a4c5ca4cb774fa807035e - - default default] Successfully bumped revision number for resource dd4cc3fd-f15b-4df6-86fa-89f9374d4ec1 (type: security_group_rules) to 0
2026-05-06 02:28:29.817 10 INFO neutron.api.wsgi [None req-99dd62e3-40f1-4585-9499-ab7754002103 93b0a81748d840fa891e275c4cf3df25 445a8881fc4a4c5ca4cb774fa807035e - - default default] 10.0.0.180 "GET /v2.0/security-groups?tenant_id=70ceb1fc68f94b91888d2a785c87d262&name=default HTTP/1.1" status: 200 len: 3120 time: 0.3070314
2026-05-06 02:28:30.004 10 INFO neutron.api.wsgi [-] 10.0.0.163 "GET / HTTP/1.1" status: 200 len: 246 time: 0.0017581
2026-05-06 02:28:30.005 9 INFO neutron.api.wsgi [-] 10.0.0.163 "GET / HTTP/1.1" status: 200 len: 246 time: 0.0024354
2026-05-06 02:28:30.009 10 INFO neutron.api.wsgi [None req-c9888671-bdb6-4c32-8d28-e27042ad1b4f 93b0a81748d840fa891e275c4cf3df25 445a8881fc4a4c5ca4cb774fa807035e - - default default] 10.0.0.180 "DELETE /v2.0/security-groups/57659b72-2e6f-4021-bd04-5ef325dedc1c HTTP/1.1" status: 204 len: 168 time: 0.1871557
2026-05-06 02:28:30.169 10 INFO neutron.api.wsgi [None req-2a10cb43-5b1c-480a-8233-592671144f48 93b0a81748d840fa891e275c4cf3df25 445a8881fc4a4c5ca4cb774fa807035e - - default default] 10.0.0.180 "GET /v2.0/security-groups?tenant_id=8f1de0ef98704f8faf553078e4823742&name=default HTTP/1.1" status: 200 len: 3120 time: 0.0338626
2026-05-06 02:28:30.387 10 INFO neutron.api.wsgi [None req-d27bf774-9f74-44ce-8c2e-62e1605e1157 93b0a81748d840fa891e275c4cf3df25 445a8881fc4a4c5ca4cb774fa807035e - - default default] 10.0.0.180 "DELETE /v2.0/security-groups/ec4a9e7b-c5c3-4a45-b700-6f7f5c2cac26 HTTP/1.1" status: 204 len: 168 time: 0.2138555
2026-05-06 02:28:30.553 9 INFO neutron.db.ovn_revision_numbers_db [None req-34300149-2e68-496f-8ac5-1611813ab175 93b0a81748d840fa891e275c4cf3df25 445a8881fc4a4c5ca4cb774fa807035e - - default default] Successfully bumped revision number for resource 4b1a39ef-e04f-42e6-9f2a-fcb78f650f49 (type: security_groups) to 1
2026-05-06 02:28:30.564 9 INFO neutron.db.ovn_revision_numbers_db [None req-34300149-2e68-496f-8ac5-1611813ab175 93b0a81748d840fa891e275c4cf3df25 445a8881fc4a4c5ca4cb774fa807035e - - default default] Successfully bumped revision number for resource 24dafbfc-e8f7-4ffd-ba92-c5f213104cb0 (type: security_group_rules) to 0
2026-05-06 02:28:30.577 9 INFO neutron.db.ovn_revision_numbers_db [None req-34300149-2e68-496f-8ac5-1611813ab175 93b0a81748d840fa891e275c4cf3df25 445a8881fc4a4c5ca4cb774fa807035e - - default default] Successfully bumped revision number for resource 46a64f85-0f97-4726-8f7d-f60d52eb12b5 (type: security_group_rules) to 0
2026-05-06 02:28:30.593 9 INFO neutron.db.ovn_revision_numbers_db [None req-34300149-2e68-496f-8ac5-1611813ab175 93b0a81748d840fa891e275c4cf3df25 445a8881fc4a4c5ca4cb774fa807035e - - default default] Successfully bumped revision number for resource 67e3e670-3bf9-4aa9-b8dc-214235c7ad5c (type: security_group_rules) to 0
2026-05-06 02:28:30.607 9 INFO neutron.db.ovn_revision_numbers_db [None req-34300149-2e68-496f-8ac5-1611813ab175 93b0a81748d840fa891e275c4cf3df25 445a8881fc4a4c5ca4cb774fa807035e - - default default] Successfully bumped revision number for resource 80bf682a-7656-4beb-845e-a051386e31ba (type: security_group_rules) to 0
2026-05-06 02:28:30.667 9 INFO neutron.api.wsgi [None req-34300149-2e68-496f-8ac5-1611813ab175 93b0a81748d840fa891e275c4cf3df25 445a8881fc4a4c5ca4cb774fa807035e - - default default] 10.0.0.180 "GET /v2.0/security-groups?tenant_id=ee375c19e9b04b5d80a301eaca7a0f7c&name=default HTTP/1.1" status: 200 len: 3120 time: 0.4296942
2026-05-06 02:28:30.863 9 INFO neutron.api.wsgi [None req-242d03c9-8f9a-4014-b8a8-e6984186d642 93b0a81748d840fa891e275c4cf3df25 445a8881fc4a4c5ca4cb774fa807035e - - default default] 10.0.0.180 "DELETE /v2.0/security-groups/4b1a39ef-e04f-42e6-9f2a-fcb78f650f49 HTTP/1.1" status: 204 len: 168 time: 0.1903887
2026-05-06 02:28:31.072 10 INFO neutron.db.ovn_revision_numbers_db [None req-6aee8a4a-99a6-4f86-8775-563d2b180ff1 93b0a81748d840fa891e275c4cf3df25 445a8881fc4a4c5ca4cb774fa807035e - - default default] Successfully bumped revision number for resource 64a659c5-4f42-4077-9dfd-3200368b2042 (type: security_groups) to 1
2026-05-06 02:28:31.085 10 INFO neutron.db.ovn_revision_numbers_db [None req-6aee8a4a-99a6-4f86-8775-563d2b180ff1 93b0a81748d840fa891e275c4cf3df25 445a8881fc4a4c5ca4cb774fa807035e - - default default] Successfully bumped revision number for resource 2bde457f-d58d-4c8d-92c7-0607e4df338f (type: security_group_rules) to 0
2026-05-06 02:28:31.105 10 INFO neutron.db.ovn_revision_numbers_db [None req-6aee8a4a-99a6-4f86-8775-563d2b180ff1 93b0a81748d840fa891e275c4cf3df25 445a8881fc4a4c5ca4cb774fa807035e - - default default] Successfully bumped revision number for resource 3845e03f-637a-431c-a50a-d515c8c08476 (type: security_group_rules) to 0
2026-05-06 02:28:31.120 10 INFO neutron.db.ovn_revision_numbers_db [None req-6aee8a4a-99a6-4f86-8775-563d2b180ff1 93b0a81748d840fa891e275c4cf3df25 445a8881fc4a4c5ca4cb774fa807035e - - default default] Successfully bumped revision number for resource 7d80276a-8f29-4d38-8fe6-0fbd293c0ae5 (type: security_group_rules) to 0
2026-05-06 02:28:31.135 10 INFO neutron.db.ovn_revision_numbers_db [None req-6aee8a4a-99a6-4f86-8775-563d2b180ff1 93b0a81748d840fa891e275c4cf3df25 445a8881fc4a4c5ca4cb774fa807035e - - default default] Successfully bumped revision number for resource 8200ad3b-25be-4e46-b242-d72ce2d7f02a (type: security_group_rules) to 0
2026-05-06 02:28:31.176 10 INFO neutron.api.wsgi [None req-6aee8a4a-99a6-4f86-8775-563d2b180ff1 93b0a81748d840fa891e275c4cf3df25 445a8881fc4a4c5ca4cb774fa807035e - - default default] 10.0.0.180 "GET /v2.0/security-groups?tenant_id=8676683ba279425888603a34460806d7&name=default HTTP/1.1" status: 200 len: 3120 time: 0.2059371
2026-05-06 02:28:31.379 10 INFO neutron.api.wsgi [None req-b157c6df-927e-49ea-9594-e74fa46ae319 93b0a81748d840fa891e275c4cf3df25 445a8881fc4a4c5ca4cb774fa807035e - - default default] 10.0.0.180 "DELETE /v2.0/security-groups/64a659c5-4f42-4077-9dfd-3200368b2042 HTTP/1.1" status: 204 len: 168 time: 0.1983182
2026-05-06 02:28:31.741 10 INFO neutron.db.ovn_revision_numbers_db [None req-2ea76243-ef49-408e-8af4-605a71b07714 93b0a81748d840fa891e275c4cf3df25 445a8881fc4a4c5ca4cb774fa807035e - - default default] Successfully bumped revision number for resource e8c75170-2908-42b0-a9e3-58112867115e (type: security_groups) to 1
2026-05-06 02:28:31.760 10 INFO neutron.db.ovn_revision_numbers_db [None req-2ea76243-ef49-408e-8af4-605a71b07714 93b0a81748d840fa891e275c4cf3df25 445a8881fc4a4c5ca4cb774fa807035e - - default default] Successfully bumped revision number for resource 15adafcc-c334-4f4a-88f9-0c2d08d84aac (type: security_group_rules) to 0
2026-05-06 02:28:31.773 10 INFO neutron.db.ovn_revision_numbers_db [None req-2ea76243-ef49-408e-8af4-605a71b07714 93b0a81748d840fa891e275c4cf3df25 445a8881fc4a4c5ca4cb774fa807035e - - default default] Successfully bumped revision number for resource 25da8abf-9f1b-4aa1-943d-21dab7f9c964 (type: security_group_rules) to 0
2026-05-06 02:28:31.789 10 INFO neutron.db.ovn_revision_numbers_db [None req-2ea76243-ef49-408e-8af4-605a71b07714 93b0a81748d840fa891e275c4cf3df25 445a8881fc4a4c5ca4cb774fa807035e - - default default] Successfully bumped revision number for resource 3fa6b791-5822-491a-ab19-8234f031e8e4 (type: security_group_rules) to 0
2026-05-06 02:28:31.803 10 INFO neutron.db.ovn_revision_numbers_db [None req-2ea76243-ef49-408e-8af4-605a71b07714 93b0a81748d840fa891e275c4cf3df25 445a8881fc4a4c5ca4cb774fa807035e - - default default] Successfully bumped revision number for resource 544436e5-0640-4a65-add5-83148477425b (type: security_group_rules) to 0
2026-05-06 02:28:31.837 10 INFO neutron.api.wsgi [None req-2ea76243-ef49-408e-8af4-605a71b07714 93b0a81748d840fa891e275c4cf3df25 445a8881fc4a4c5ca4cb774fa807035e - - default default] 10.0.0.180 "GET /v2.0/security-groups?tenant_id=b81eb2383a36436dabef181c72121c10&name=default HTTP/1.1" status: 200 len: 3120 time: 0.4169855
2026-05-06 02:28:32.038 9 INFO neutron.api.wsgi [None req-e338705b-fa61-47f0-9254-798c4ff93c10 93b0a81748d840fa891e275c4cf3df25 445a8881fc4a4c5ca4cb774fa807035e - - default default] 10.0.0.180 "DELETE /v2.0/security-groups/e8c75170-2908-42b0-a9e3-58112867115e HTTP/1.1" status: 204 len: 168 time: 0.1956162
2026-05-06 02:28:33.597 10 WARNING neutron_lib.context [None req-3036d3b8-aeca-40e0-967e-3cd04f58d333 f549d841478446e28db67ba5eaf1d71f 1ea53e95ed79490ab3d03e1e1dd29b67 - - default default] Method 'is_advsvc' is deprecated since 2023.2 release (neutron-lib 3.8.0) and will be removed once support for the old RBAC API policies will be removed from Neutron. Please use method 'is_service_role' instead.
2026-05-06 02:28:33.667 9 INFO neutron.api.wsgi [req-ba7e0e3f-0f47-4973-915e-2655b8ddf655 req-cdaa9fc8-688e-430b-b48b-1cccf7fe73e4 59c423385cec40c3991acfec2745cb80 abd13e4f2c81458d87fc4fea0437bb69 - - 9bf3027721cb4fbcb27a3d86345af0c0 9bf3027721cb4fbcb27a3d86345af0c0] 10.0.0.148 "GET /v2.0/ports?device_id=d0202d31-4b6f-40b2-b08a-bf1ee0159c7c HTTP/1.1" status: 200 len: 1409 time: 0.0294268
2026-05-06 02:28:33.692 9 INFO neutron.db.ovn_revision_numbers_db [None req-f077a93d-f8a4-482a-84be-5788ea086f73 93b0a81748d840fa891e275c4cf3df25 445a8881fc4a4c5ca4cb774fa807035e - - default default] Successfully bumped revision number for resource cd1207d9-bf84-42fe-9b5c-f2eb09ec1de4 (type: security_groups) to 1
2026-05-06 02:28:33.701 10 INFO neutron.db.ovn_revision_numbers_db [None req-3036d3b8-aeca-40e0-967e-3cd04f58d333 f549d841478446e28db67ba5eaf1d71f 1ea53e95ed79490ab3d03e1e1dd29b67 - - default default] Successfully bumped revision number for resource 607350c7-fe5b-4313-8a13-908afca15e8a (type: security_groups) to 1
2026-05-06 02:28:33.705 9 INFO neutron.api.wsgi [req-ba7e0e3f-0f47-4973-915e-2655b8ddf655 req-d1afbdd2-b922-481e-a527-957283c04e5b 59c423385cec40c3991acfec2745cb80 abd13e4f2c81458d87fc4fea0437bb69 - - 9bf3027721cb4fbcb27a3d86345af0c0 9bf3027721cb4fbcb27a3d86345af0c0] 10.0.0.148 "GET /v2.0/security-groups?id=1c7ed98b-e3f1-47cc-b04f-7fcb346ab20b&fields=id&fields=name HTTP/1.1" status: 200 len: 312 time: 0.0332279
2026-05-06 02:28:33.707 9 INFO neutron.db.ovn_revision_numbers_db [None req-f077a93d-f8a4-482a-84be-5788ea086f73 93b0a81748d840fa891e275c4cf3df25 445a8881fc4a4c5ca4cb774fa807035e - - default default] Successfully bumped revision number for resource 2a1a79cc-52bd-40e7-bb40-6eb6d3087d08 (type: security_group_rules) to 0
2026-05-06 02:28:33.714 10 INFO neutron.db.ovn_revision_numbers_db [None req-3036d3b8-aeca-40e0-967e-3cd04f58d333 f549d841478446e28db67ba5eaf1d71f 1ea53e95ed79490ab3d03e1e1dd29b67 - - default default] Successfully bumped revision number for resource 6072ceb2-f4c3-44aa-b381-1071f9202699 (type: security_group_rules) to 0
2026-05-06 02:28:33.720 9 INFO neutron.db.ovn_revision_numbers_db [None req-f077a93d-f8a4-482a-84be-5788ea086f73 93b0a81748d840fa891e275c4cf3df25 445a8881fc4a4c5ca4cb774fa807035e - - default default] Successfully bumped revision number for resource 6f149206-44ba-4750-ad45-f51e578424d7 (type: security_group_rules) to 0
2026-05-06 02:28:33.726 10 INFO neutron.db.ovn_revision_numbers_db [None req-3036d3b8-aeca-40e0-967e-3cd04f58d333 f549d841478446e28db67ba5eaf1d71f 1ea53e95ed79490ab3d03e1e1dd29b67 - - default default] Successfully bumped revision number for resource 6e6ac4fc-9dad-488d-ac25-53c58b4a989f (type: security_group_rules) to 0
2026-05-06 02:28:33.734 9 INFO neutron.db.ovn_revision_numbers_db [None req-f077a93d-f8a4-482a-84be-5788ea086f73 93b0a81748d840fa891e275c4cf3df25 445a8881fc4a4c5ca4cb774fa807035e - - default default] Successfully bumped revision number for resource a1b9ab0a-8447-4ad3-80d4-01773a419335 (type: security_group_rules) to 0
2026-05-06 02:28:33.746 9 INFO neutron.db.ovn_revision_numbers_db [None req-f077a93d-f8a4-482a-84be-5788ea086f73 93b0a81748d840fa891e275c4cf3df25 445a8881fc4a4c5ca4cb774fa807035e - - default default] Successfully bumped revision number for resource b2be880d-5819-43f2-8286-f540a4d7a905 (type: security_group_rules) to 0
2026-05-06 02:28:33.747 10 INFO neutron.db.ovn_revision_numbers_db [None req-3036d3b8-aeca-40e0-967e-3cd04f58d333 f549d841478446e28db67ba5eaf1d71f 1ea53e95ed79490ab3d03e1e1dd29b67 - - default default] Successfully bumped revision number for resource aa36f771-21f8-4bb4-8187-9d613117bc72 (type: security_group_rules) to 0
2026-05-06 02:28:33.761 10 INFO neutron.db.ovn_revision_numbers_db [None req-3036d3b8-aeca-40e0-967e-3cd04f58d333 f549d841478446e28db67ba5eaf1d71f 1ea53e95ed79490ab3d03e1e1dd29b67 - - default default] Successfully bumped revision number for resource be1e2bba-242f-4cbd-866d-cd0c36ecb423 (type: security_group_rules) to 0
2026-05-06 02:28:33.788 9 INFO neutron.api.wsgi [None req-f077a93d-f8a4-482a-84be-5788ea086f73 93b0a81748d840fa891e275c4cf3df25 445a8881fc4a4c5ca4cb774fa807035e - - default default] 10.0.0.180 "GET /v2.0/security-groups?tenant_id=d3c6182238c847abb27b08cc2e4f345e&name=default HTTP/1.1" status: 200 len: 3120 time: 0.3113010
2026-05-06 02:28:33.857 10 INFO neutron.db.segments_db [None req-3036d3b8-aeca-40e0-967e-3cd04f58d333 f549d841478446e28db67ba5eaf1d71f 1ea53e95ed79490ab3d03e1e1dd29b67 - - default default] Added segment 20208389-b0f9-4ae4-bec8-86b40251b56a of type geneve for network 6514ddf5-a81f-44c6-920a-10c3f8a2a8e0
2026-05-06 02:28:34.014 10 INFO neutron.db.ovn_revision_numbers_db [None req-3036d3b8-aeca-40e0-967e-3cd04f58d333 f549d841478446e28db67ba5eaf1d71f 1ea53e95ed79490ab3d03e1e1dd29b67 - - default default] Successfully bumped revision number for resource 6514ddf5-a81f-44c6-920a-10c3f8a2a8e0 (type: networks) to 1
2026-05-06 02:28:34.104 10 INFO neutron.api.wsgi [None req-f9ed89ad-bbe4-4761-985e-74d82acec90a 93b0a81748d840fa891e275c4cf3df25 445a8881fc4a4c5ca4cb774fa807035e - - default default] 10.0.0.180 "DELETE /v2.0/security-groups/cd1207d9-bf84-42fe-9b5c-f2eb09ec1de4 HTTP/1.1" status: 204 len: 168 time: 0.3123529
2026-05-06 02:28:34.201 10 WARNING neutron.scheduler.dhcp_agent_scheduler [None req-3036d3b8-aeca-40e0-967e-3cd04f58d333 f549d841478446e28db67ba5eaf1d71f 1ea53e95ed79490ab3d03e1e1dd29b67 - - default default] No more DHCP agents
2026-05-06 02:28:34.203 10 WARNING neutron.api.rpc.agentnotifiers.dhcp_rpc_agent_api [None req-3036d3b8-aeca-40e0-967e-3cd04f58d333 f549d841478446e28db67ba5eaf1d71f 1ea53e95ed79490ab3d03e1e1dd29b67 - - default default] Unable to schedule network 6514ddf5-a81f-44c6-920a-10c3f8a2a8e0: no agents available; will retry on subsequent port and subnet creation events.
2026-05-06 02:28:34.260 10 INFO neutron.db.ovn_revision_numbers_db [None req-3036d3b8-aeca-40e0-967e-3cd04f58d333 f549d841478446e28db67ba5eaf1d71f 1ea53e95ed79490ab3d03e1e1dd29b67 - - default default] Successfully bumped revision number for resource 7c536816-3478-4342-bc58-d3c564940607 (type: ports) to 1
2026-05-06 02:28:34.285 10 INFO neutron.api.wsgi [None req-3036d3b8-aeca-40e0-967e-3cd04f58d333 f549d841478446e28db67ba5eaf1d71f 1ea53e95ed79490ab3d03e1e1dd29b67 - - default default] 10.0.0.180 "POST /v2.0/networks HTTP/1.1" status: 201 len: 830 time: 0.7987778
2026-05-06 02:28:34.296 10 WARNING neutron_lib.context [None req-31742dcc-cc75-4fa6-a7d5-f89fea9059c6 f549d841478446e28db67ba5eaf1d71f 1ea53e95ed79490ab3d03e1e1dd29b67 - - default default] Method 'is_advsvc' is deprecated since 2023.2 release (neutron-lib 3.8.0) and will be removed once support for the old RBAC API policies will be removed from Neutron. Please use method 'is_service_role' instead.
2026-05-06 02:28:34.459 10 WARNING neutron.scheduler.dhcp_agent_scheduler [None req-31742dcc-cc75-4fa6-a7d5-f89fea9059c6 f549d841478446e28db67ba5eaf1d71f 1ea53e95ed79490ab3d03e1e1dd29b67 - - default default] No more DHCP agents
2026-05-06 02:28:34.460 10 WARNING neutron.api.rpc.agentnotifiers.dhcp_rpc_agent_api [None req-31742dcc-cc75-4fa6-a7d5-f89fea9059c6 f549d841478446e28db67ba5eaf1d71f 1ea53e95ed79490ab3d03e1e1dd29b67 - - default default] Unable to schedule network 6514ddf5-a81f-44c6-920a-10c3f8a2a8e0: no agents available; will retry on subsequent port and subnet creation events.
2026-05-06 02:28:34.855 10 INFO neutron.db.ovn_revision_numbers_db [None req-16c45392-e08d-4abb-ae61-e9c9600990b3 - - - - - -] Successfully bumped revision number for resource 7c536816-3478-4342-bc58-d3c564940607 (type: ports) to 2
2026-05-06 02:28:34.887 10 INFO neutron.db.ovn_revision_numbers_db [None req-16c45392-e08d-4abb-ae61-e9c9600990b3 - - - - - -] Successfully bumped revision number for resource 0cf5c9c6-9cae-4fc0-bdbf-b9d089f4879e (type: subnets) to 0
2026-05-06 02:28:34.902 10 INFO neutron.api.wsgi [None req-31742dcc-cc75-4fa6-a7d5-f89fea9059c6 f549d841478446e28db67ba5eaf1d71f 1ea53e95ed79490ab3d03e1e1dd29b67 - - default default] 10.0.0.180 "POST /v2.0/subnets HTTP/1.1" status: 201 len: 825 time: 0.6126161
2026-05-06 02:28:34.950 10 INFO neutron.api.wsgi [None req-7e11008f-5fd8-45a5-bc54-3ae8cd9db44c f549d841478446e28db67ba5eaf1d71f 1ea53e95ed79490ab3d03e1e1dd29b67 - - default default] 10.0.0.180 "PUT /v2.0/subnets/0cf5c9c6-9cae-4fc0-bdbf-b9d089f4879e/tags HTTP/1.1" status: 200 len: 218 time: 0.0420978
2026-05-06 02:28:34.985 10 INFO neutron.api.wsgi [None req-6f7070e6-d33a-4d3b-b7c4-84fafd4f026e f549d841478446e28db67ba5eaf1d71f 1ea53e95ed79490ab3d03e1e1dd29b67 - - default default] 10.0.0.180 "GET /v2.0/subnets/0cf5c9c6-9cae-4fc0-bdbf-b9d089f4879e/tags HTTP/1.1" status: 200 len: 218 time: 0.0306821
2026-05-06 02:28:35.029 10 INFO neutron.api.wsgi [None req-20cac97c-d164-40f8-b6f0-56997348bdf7 f549d841478446e28db67ba5eaf1d71f 1ea53e95ed79490ab3d03e1e1dd29b67 - - default default] 10.0.0.180 "PUT /v2.0/subnets/0cf5c9c6-9cae-4fc0-bdbf-b9d089f4879e/tags/green HTTP/1.1" status: 201 len: 201 time: 0.0388143
2026-05-06 02:28:35.059 10 INFO neutron.api.wsgi [None req-d9916479-2137-4ed4-91de-656e367fc8cc f549d841478446e28db67ba5eaf1d71f 1ea53e95ed79490ab3d03e1e1dd29b67 - - default default] 10.0.0.180 "GET /v2.0/subnets/0cf5c9c6-9cae-4fc0-bdbf-b9d089f4879e/tags HTTP/1.1" status: 200 len: 227 time: 0.0253034
