2026-05-06 02:26:42.426 10 INFO neutron.api.wsgi [req-df49f37d-02e2-4918-9a3c-a7e2889a2128 req-7a8fe02b-29e1-4d05-8301-5cd0a6fc3a7e 58968f79095b454ab5b686da975b3e59 d319262bf45540f1bd4fd0f68226ad1f - - default default] 10.0.0.158 "GET /v2.0/ports?device_id=d7b24f33-888f-4f77-9c81-cac6bbdaae07 HTTP/1.1" status: 200 len: 210 time: 0.0190380
2026-05-06 02:26:42.574 9 INFO neutron.api.wsgi [None req-6a05d835-c3af-4b58-b110-6831dacee4a6 93b0a81748d840fa891e275c4cf3df25 445a8881fc4a4c5ca4cb774fa807035e - - default default] 10.0.0.180 "DELETE /v2.0/networks/cdcb914f-151c-4c50-9f9e-9883a402ea9c HTTP/1.1" status: 204 len: 168 time: 0.3673472
2026-05-06 02:26:42.797 10 INFO neutron.api.wsgi [None req-9101e2c7-d26a-42f5-949e-5e597cecc2c0 93b0a81748d840fa891e275c4cf3df25 445a8881fc4a4c5ca4cb774fa807035e - - default default] 10.0.0.180 "GET /v2.0/security-groups?tenant_id=b3f69bbb29d04c99976c8c1623683303&name=default HTTP/1.1" status: 200 len: 3116 time: 0.0326495
2026-05-06 02:26:42.955 9 INFO neutron.api.wsgi [req-f3b31e43-e41b-41e2-9e96-12512ca20e7e req-a21045aa-0e57-4006-b1d9-71b73cbc05ca 58968f79095b454ab5b686da975b3e59 d319262bf45540f1bd4fd0f68226ad1f - - default default] 199.19.213.65 "GET /v2.0/networks?id=4f670aed-797e-4ac7-a809-6d39597026a7 HTTP/1.1" status: 200 len: 874 time: 0.2528560
2026-05-06 02:26:42.986 9 INFO neutron.services.segments.plugin [-] Segment 3ba7a047-57bd-4157-9ee8-4a0d02a84b66 resource provider aggregate not found
2026-05-06 02:26:42.992 9 INFO neutron.services.segments.plugin [-] Segment 3ba7a047-57bd-4157-9ee8-4a0d02a84b66 resource provider aggregate not found
2026-05-06 02:26:43.006 9 INFO neutron.services.segments.plugin [-] Segment 3ba7a047-57bd-4157-9ee8-4a0d02a84b66 resource provider not found; error: Placement Client Error (4xx): {"errors": [{"status": 404, "title": "Not Found", "detail": "The resource could not be found.\n\n No resource provider with uuid 3ba7a047-57bd-4157-9ee8-4a0d02a84b66 found for delete ", "request_id": "req-5a5155e7-d1ad-4500-bd0c-e5f0bb32154e"}]}
2026-05-06 02:26:43.008 9 INFO neutron.services.segments.plugin [-] Segment 3ba7a047-57bd-4157-9ee8-4a0d02a84b66 resource provider not found; error: Placement Client Error (4xx): {"errors": [{"status": 404, "title": "Not Found", "detail": "The resource could not be found.\n\n No resource provider with uuid 3ba7a047-57bd-4157-9ee8-4a0d02a84b66 found for delete ", "request_id": "req-119c40eb-27ad-457f-9497-0a53dfcf3053"}]}
2026-05-06 02:26:43.009 10 INFO neutron.api.wsgi [None req-a1fc9738-1198-4429-a69b-0525494a4bdb 93b0a81748d840fa891e275c4cf3df25 445a8881fc4a4c5ca4cb774fa807035e - - default default] 10.0.0.180 "DELETE /v2.0/security-groups/d384e8ef-f121-4a3d-9273-2dc599db5a82 HTTP/1.1" status: 204 len: 168 time: 0.2054057
2026-05-06 02:26:43.019 9 INFO neutron.api.wsgi [req-f3b31e43-e41b-41e2-9e96-12512ca20e7e req-c5fa59c8-a15b-4329-aaeb-30c5513f6e83 58968f79095b454ab5b686da975b3e59 d319262bf45540f1bd4fd0f68226ad1f - - default default] 199.19.213.65 "GET /v2.0/security-groups?fields=id&fields=name&tenant_id=d319262bf45540f1bd4fd0f68226ad1f HTTP/1.1" status: 200 len: 379 time: 0.0478859
2026-05-06 02:26:43.025 9 WARNING neutron_lib.context [req-f3b31e43-e41b-41e2-9e96-12512ca20e7e req-92d3fbc0-81c6-4a6f-a765-eb55ae1d257b 58968f79095b454ab5b686da975b3e59 d319262bf45540f1bd4fd0f68226ad1f - - default default] Method 'is_advsvc' is deprecated since 2023.2 release (neutron-lib 3.8.0) and will be removed once support for the old RBAC API policies will be removed from Neutron. Please use method 'is_service_role' instead.
2026-05-06 02:26:43.334 9 WARNING neutron.scheduler.dhcp_agent_scheduler [req-f3b31e43-e41b-41e2-9e96-12512ca20e7e req-92d3fbc0-81c6-4a6f-a765-eb55ae1d257b 58968f79095b454ab5b686da975b3e59 d319262bf45540f1bd4fd0f68226ad1f - - default default] No more DHCP agents
2026-05-06 02:26:43.336 9 WARNING neutron.api.rpc.agentnotifiers.dhcp_rpc_agent_api [req-f3b31e43-e41b-41e2-9e96-12512ca20e7e req-92d3fbc0-81c6-4a6f-a765-eb55ae1d257b 58968f79095b454ab5b686da975b3e59 d319262bf45540f1bd4fd0f68226ad1f - - default default] Unable to schedule network 4f670aed-797e-4ac7-a809-6d39597026a7: no agents available; will retry on subsequent port and subnet creation events. /var/lib/openstack/lib/python3.12/site-packages/pycadf/identifier.py:71: UserWarning: Invalid uuid: neutron. To ensure interoperability, identifiers should be a valid uuid. warnings.warn(('Invalid uuid: %s. To ensure interoperability, '
2026-05-06 02:26:43.401 9 INFO neutron.api.wsgi [req-28355850-1c00-4c0b-a7b8-e198b2cd0464 req-e61d97a5-5934-4347-8b8a-5218795f67b9 6e06e34a6fc34dd4afd3bf20c4d619c5 a1adb1aa85144dbe9816ed33b03a82ad - - default default] 10.0.0.158 "GET /v2.0/ports?device_id=14441706-a43b-47ee-9a3b-3a7eaa5d2d54 HTTP/1.1" status: 200 len: 210 time: 0.0163732
2026-05-06 02:26:43.484 9 INFO neutron.db.ovn_revision_numbers_db [req-f3b31e43-e41b-41e2-9e96-12512ca20e7e req-92d3fbc0-81c6-4a6f-a765-eb55ae1d257b 58968f79095b454ab5b686da975b3e59 d319262bf45540f1bd4fd0f68226ad1f - - default default] Successfully bumped revision number for resource 371631d6-7de7-496b-a670-d81fa35f0871 (type: ports) to 1
2026-05-06 02:26:43.512 9 INFO neutron.api.wsgi [req-f3b31e43-e41b-41e2-9e96-12512ca20e7e req-92d3fbc0-81c6-4a6f-a765-eb55ae1d257b 58968f79095b454ab5b686da975b3e59 d319262bf45540f1bd4fd0f68226ad1f - - default default] 199.19.213.65 "POST /v2.0/ports HTTP/1.1" status: 201 len: 1162 time: 0.4905567
2026-05-06 02:26:43.523 9 INFO neutron.api.wsgi [req-f3b31e43-e41b-41e2-9e96-12512ca20e7e req-ab955ef9-3999-48d1-9f9e-f3ac762bb27b 58968f79095b454ab5b686da975b3e59 d319262bf45540f1bd4fd0f68226ad1f - - default default] 199.19.213.65 "GET /v2.0/extensions HTTP/1.1" status: 200 len: 19298 time: 0.0073042
2026-05-06 02:26:43.555 10 INFO neutron.api.wsgi [req-4ae3bce2-4c7c-4ab8-968b-bb49739bfe2d req-81c7a59b-3324-4d6a-8757-614da6f70dcf 58968f79095b454ab5b686da975b3e59 d319262bf45540f1bd4fd0f68226ad1f - - default default] 10.0.0.158 "GET /v2.0/ports?device_id=d7b24f33-888f-4f77-9c81-cac6bbdaae07 HTTP/1.1" status: 200 len: 1160 time: 0.0728860
2026-05-06 02:26:43.593 10 INFO neutron.api.wsgi [req-4ae3bce2-4c7c-4ab8-968b-bb49739bfe2d req-e7cf09a8-b95d-45e1-b67f-e84f8776fc4b 58968f79095b454ab5b686da975b3e59 d319262bf45540f1bd4fd0f68226ad1f - - default default] 10.0.0.158 "GET /v2.0/security-groups?id=8d77af62-9653-4337-843b-05341be8c82e&fields=id&fields=name HTTP/1.1" status: 200 len: 312 time: 0.0324330
2026-05-06 02:26:44.234 9 INFO neutron.db.ovn_revision_numbers_db [req-f3b31e43-e41b-41e2-9e96-12512ca20e7e req-62fc6436-ff9b-4da6-b75f-7b44ce00add9 59c423385cec40c3991acfec2745cb80 abd13e4f2c81458d87fc4fea0437bb69 - - 9bf3027721cb4fbcb27a3d86345af0c0 9bf3027721cb4fbcb27a3d86345af0c0] Successfully bumped revision number for resource 371631d6-7de7-496b-a670-d81fa35f0871 (type: ports) to 2
2026-05-06 02:26:44.427 9 INFO neutron.db.ovn_revision_numbers_db [req-f3b31e43-e41b-41e2-9e96-12512ca20e7e req-62fc6436-ff9b-4da6-b75f-7b44ce00add9 59c423385cec40c3991acfec2745cb80 abd13e4f2c81458d87fc4fea0437bb69 - - 9bf3027721cb4fbcb27a3d86345af0c0 9bf3027721cb4fbcb27a3d86345af0c0] Successfully bumped revision number for resource 371631d6-7de7-496b-a670-d81fa35f0871 (type: ports) to 4
2026-05-06 02:26:44.445 9 INFO neutron.api.wsgi [req-f3b31e43-e41b-41e2-9e96-12512ca20e7e req-62fc6436-ff9b-4da6-b75f-7b44ce00add9 59c423385cec40c3991acfec2745cb80 abd13e4f2c81458d87fc4fea0437bb69 - - 9bf3027721cb4fbcb27a3d86345af0c0 9bf3027721cb4fbcb27a3d86345af0c0] 199.19.213.65 "PUT /v2.0/ports/371631d6-7de7-496b-a670-d81fa35f0871 HTTP/1.1" status: 200 len: 1408 time: 0.5675335 /var/lib/openstack/lib/python3.12/site-packages/pycadf/identifier.py:71: UserWarning: Invalid uuid: neutron. To ensure interoperability, identifiers should be a valid uuid. warnings.warn(('Invalid uuid: %s. To ensure interoperability, '
2026-05-06 02:26:44.496 9 INFO neutron.api.wsgi [req-d631b197-dc06-4147-9e4e-8f3123f972ef req-5c2b386b-2d18-44d0-8805-3fd6e45ef573 6e06e34a6fc34dd4afd3bf20c4d619c5 a1adb1aa85144dbe9816ed33b03a82ad - - default default] 10.0.0.158 "GET /v2.0/ports?device_id=14441706-a43b-47ee-9a3b-3a7eaa5d2d54 HTTP/1.1" status: 200 len: 210 time: 0.0222831
2026-05-06 02:26:44.693 10 INFO neutron.api.wsgi [req-47af4216-6b18-426d-a144-1e502e91b493 req-24c34f2b-1267-4601-a5bc-34adf5667df1 58968f79095b454ab5b686da975b3e59 d319262bf45540f1bd4fd0f68226ad1f - - default default] 10.0.0.158 "GET /v2.0/ports?device_id=d7b24f33-888f-4f77-9c81-cac6bbdaae07 HTTP/1.1" status: 200 len: 1172 time: 0.0401690
2026-05-06 02:26:44.732 10 INFO neutron.api.wsgi [req-47af4216-6b18-426d-a144-1e502e91b493 req-e0c671f9-014c-4c61-90fe-08df731f7262 58968f79095b454ab5b686da975b3e59 d319262bf45540f1bd4fd0f68226ad1f - - default default] 10.0.0.158 "GET /v2.0/security-groups?id=8d77af62-9653-4337-843b-05341be8c82e&fields=id&fields=name HTTP/1.1" status: 200 len: 312 time: 0.0349720
2026-05-06 02:26:44.932 9 INFO neutron.notifiers.nova [-] Nova event matching ['req-b6855edf-1103-4bd2-86ca-7f8c8b95c274'] response: {'name': 'network-changed', 'server_uuid': 'd7b24f33-888f-4f77-9c81-cac6bbdaae07', 'tag': '371631d6-7de7-496b-a670-d81fa35f0871', 'status': 'completed', 'code': 200}
2026-05-06 02:26:45.006 9 INFO neutron.api.wsgi [-] 10.0.0.163 "GET / HTTP/1.1" status: 200 len: 246 time: 0.0025513
2026-05-06 02:26:45.008 9 INFO neutron.api.wsgi [-] 10.0.0.163 "GET / HTTP/1.1" status: 200 len: 246 time: 0.0018578
2026-05-06 02:26:45.105 10 INFO neutron.db.ovn_revision_numbers_db [None req-1cfe3f80-dc60-4dea-a570-3c71ddc340de 93b0a81748d840fa891e275c4cf3df25 445a8881fc4a4c5ca4cb774fa807035e - - default default] Successfully bumped revision number for resource e1ad1e39-1518-46b7-92fd-8de8d143e241 (type: security_groups) to 1
2026-05-06 02:26:45.119 10 INFO neutron.db.ovn_revision_numbers_db [None req-1cfe3f80-dc60-4dea-a570-3c71ddc340de 93b0a81748d840fa891e275c4cf3df25 445a8881fc4a4c5ca4cb774fa807035e - - default default] Successfully bumped revision number for resource 2b5480eb-f689-4c9a-ae40-a0d8084470dd (type: security_group_rules) to 0
2026-05-06 02:26:45.131 10 INFO neutron.db.ovn_revision_numbers_db [None req-1cfe3f80-dc60-4dea-a570-3c71ddc340de 93b0a81748d840fa891e275c4cf3df25 445a8881fc4a4c5ca4cb774fa807035e - - default default] Successfully bumped revision number for resource 32787981-5b81-4ee4-bf1b-49d10fd81897 (type: security_group_rules) to 0
2026-05-06 02:26:45.143 10 INFO neutron.db.ovn_revision_numbers_db [None req-1cfe3f80-dc60-4dea-a570-3c71ddc340de 93b0a81748d840fa891e275c4cf3df25 445a8881fc4a4c5ca4cb774fa807035e - - default default] Successfully bumped revision number for resource 80f44821-d163-4262-ab25-ab2d64db12e8 (type: security_group_rules) to 0
2026-05-06 02:26:45.158 10 INFO neutron.db.ovn_revision_numbers_db [None req-1cfe3f80-dc60-4dea-a570-3c71ddc340de 93b0a81748d840fa891e275c4cf3df25 445a8881fc4a4c5ca4cb774fa807035e - - default default] Successfully bumped revision number for resource 9ebf0884-78e8-4c9b-8a62-8e09c6d65335 (type: security_group_rules) to 0
2026-05-06 02:26:45.238 10 INFO neutron.db.segments_db [None req-1cfe3f80-dc60-4dea-a570-3c71ddc340de 93b0a81748d840fa891e275c4cf3df25 445a8881fc4a4c5ca4cb774fa807035e - - default default] Added segment 6462928d-ba92-4c0f-aee0-d45bab108564 of type geneve for network 1c8cb8d0-dace-419b-bcf7-c32418f4a683
2026-05-06 02:26:45.361 10 INFO neutron.db.ovn_revision_numbers_db [None req-1cfe3f80-dc60-4dea-a570-3c71ddc340de 93b0a81748d840fa891e275c4cf3df25 445a8881fc4a4c5ca4cb774fa807035e - - default default] Successfully bumped revision number for resource 1c8cb8d0-dace-419b-bcf7-c32418f4a683 (type: networks) to 1
2026-05-06 02:26:45.504 9 INFO neutron.api.wsgi [req-821a058e-ef77-49fc-a478-8031c0e1bb62 req-0333f7b4-81c6-4772-86ea-6c13def72be4 59c423385cec40c3991acfec2745cb80 abd13e4f2c81458d87fc4fea0437bb69 - - 9bf3027721cb4fbcb27a3d86345af0c0 9bf3027721cb4fbcb27a3d86345af0c0] 199.19.213.65 "GET /v2.0/ports?tenant_id=d319262bf45540f1bd4fd0f68226ad1f&device_id=d7b24f33-888f-4f77-9c81-cac6bbdaae07 HTTP/1.1" status: 200 len: 1411 time: 0.0584810
2026-05-06 02:26:45.520 10 WARNING neutron.scheduler.dhcp_agent_scheduler [None req-1cfe3f80-dc60-4dea-a570-3c71ddc340de 93b0a81748d840fa891e275c4cf3df25 445a8881fc4a4c5ca4cb774fa807035e - - default default] No more DHCP agents
2026-05-06 02:26:45.521 10 WARNING neutron.api.rpc.agentnotifiers.dhcp_rpc_agent_api [None req-1cfe3f80-dc60-4dea-a570-3c71ddc340de 93b0a81748d840fa891e275c4cf3df25 445a8881fc4a4c5ca4cb774fa807035e - - default default] Unable to schedule network 1c8cb8d0-dace-419b-bcf7-c32418f4a683: no agents available; will retry on subsequent port and subnet creation events.
2026-05-06 02:26:45.571 10 INFO neutron.api.wsgi [req-d73f1da4-9c72-456b-a2d1-c57d6566e3e3 req-978efd33-3500-4181-b0fd-d5620f9f611b 6e06e34a6fc34dd4afd3bf20c4d619c5 a1adb1aa85144dbe9816ed33b03a82ad - - default default] 10.0.0.158 "GET /v2.0/ports?device_id=14441706-a43b-47ee-9a3b-3a7eaa5d2d54 HTTP/1.1" status: 200 len: 210 time: 0.0186708
2026-05-06 02:26:45.573 9 INFO neutron.api.wsgi [req-821a058e-ef77-49fc-a478-8031c0e1bb62 req-e0fb0aed-c17b-40d9-87cc-c32092e2f006 59c423385cec40c3991acfec2745cb80 abd13e4f2c81458d87fc4fea0437bb69 - - 9bf3027721cb4fbcb27a3d86345af0c0 9bf3027721cb4fbcb27a3d86345af0c0] 199.19.213.65 "GET /v2.0/networks?tenant_id=d319262bf45540f1bd4fd0f68226ad1f&shared=False HTTP/1.1" status: 200 len: 973 time: 0.0655611
2026-05-06 02:26:45.599 10 INFO neutron.db.ovn_revision_numbers_db [None req-1cfe3f80-dc60-4dea-a570-3c71ddc340de 93b0a81748d840fa891e275c4cf3df25 445a8881fc4a4c5ca4cb774fa807035e - - default default] Successfully bumped revision number for resource 4547ae0a-e876-47f5-928e-dc1016a3b818 (type: ports) to 1
2026-05-06 02:26:45.617 10 INFO neutron.api.wsgi [None req-1cfe3f80-dc60-4dea-a570-3c71ddc340de 93b0a81748d840fa891e275c4cf3df25 445a8881fc4a4c5ca4cb774fa807035e - - default default] 10.0.0.180 "POST /v2.0/networks HTTP/1.1" status: 201 len: 954 time: 0.7809002
2026-05-06 02:26:45.632 9 INFO neutron.api.wsgi [req-821a058e-ef77-49fc-a478-8031c0e1bb62 req-8614d512-ff4c-465f-bdfe-091caad9e1ff 59c423385cec40c3991acfec2745cb80 abd13e4f2c81458d87fc4fea0437bb69 - - 9bf3027721cb4fbcb27a3d86345af0c0 9bf3027721cb4fbcb27a3d86345af0c0] 199.19.213.65 "GET /v2.0/networks?shared=True HTTP/1.1" status: 200 len: 952 time: 0.0525920
2026-05-06 02:26:45.746 10 WARNING neutron.scheduler.dhcp_agent_scheduler [None req-9fa6079d-0ade-49ad-846e-df878903a736 93b0a81748d840fa891e275c4cf3df25 445a8881fc4a4c5ca4cb774fa807035e - - default default] No more DHCP agents
2026-05-06 02:26:45.747 10 WARNING neutron.api.rpc.agentnotifiers.dhcp_rpc_agent_api [None req-9fa6079d-0ade-49ad-846e-df878903a736 93b0a81748d840fa891e275c4cf3df25 445a8881fc4a4c5ca4cb774fa807035e - - default default] Unable to schedule network 1c8cb8d0-dace-419b-bcf7-c32418f4a683: no agents available; will retry on subsequent port and subnet creation events.
2026-05-06 02:26:45.957 9 WARNING neutron.plugins.ml2.drivers.ovn.mech_driver.ovsdb.ovn_client [None req-652f9856-9e86-4db6-86c5-9356035d6a66 - - - - - -] No hosting information found for port d3aad049-a017-4718-88cf-a3547ebfec8b: RuntimeError: No hosting information found for port d3aad049-a017-4718-88cf-a3547ebfec8b
2026-05-06 02:26:45.957 9 INFO neutron.plugins.ml2.drivers.ovn.mech_driver.mech_driver [None req-652f9856-9e86-4db6-86c5-9356035d6a66 - - - - - -] OVN reports status up for port: 87e32310-bb4e-4aba-9fc2-1e3d3aae1bc3
2026-05-06 02:26:46.019 9 INFO neutron.api.wsgi [req-ca723f45-92f5-4138-a30c-4cc5129e355e req-6da63c3a-751d-4eab-a17d-177084ce048e 58968f79095b454ab5b686da975b3e59 d319262bf45540f1bd4fd0f68226ad1f - - default default] 10.0.0.158 "GET /v2.0/ports?device_id=d7b24f33-888f-4f77-9c81-cac6bbdaae07 HTTP/1.1" status: 200 len: 1172 time: 0.2301531
2026-05-06 02:26:46.069 9 INFO neutron.api.wsgi [req-ca723f45-92f5-4138-a30c-4cc5129e355e req-7bd4c74c-e0a5-48ed-bac0-5b7da6570868 58968f79095b454ab5b686da975b3e59 d319262bf45540f1bd4fd0f68226ad1f - - default default] 10.0.0.158 "GET /v2.0/security-groups?id=8d77af62-9653-4337-843b-05341be8c82e&fields=id&fields=name HTTP/1.1" status: 200 len: 312 time: 0.0427229
2026-05-06 02:26:46.073 9 INFO neutron.db.ovn_revision_numbers_db [None req-652f9856-9e86-4db6-86c5-9356035d6a66 - - - - - -] Successfully bumped revision number for resource e0741c86-1de9-4fc3-b65f-9fda3fc85ff0 (type: router_ports) to 2
2026-05-06 02:26:46.153 9 INFO neutron.db.ovn_revision_numbers_db [None req-652f9856-9e86-4db6-86c5-9356035d6a66 - - - - - -] Successfully bumped revision number for resource d3aad049-a017-4718-88cf-a3547ebfec8b (type: router_ports) to 2
2026-05-06 02:26:46.195 9 INFO neutron.plugins.ml2.drivers.ovn.mech_driver.mech_driver [None req-652f9856-9e86-4db6-86c5-9356035d6a66 - - - - - -] OVN reports status up for port: fd73dfe6-78c2-4db8-9152-133e0fa161fb
2026-05-06 02:26:46.205 10 INFO neutron.db.ovn_revision_numbers_db [None req-d0c31639-d455-459f-b5b1-b06fd3030f8f - - - - - -] Successfully bumped revision number for resource 4547ae0a-e876-47f5-928e-dc1016a3b818 (type: ports) to 2
2026-05-06 02:26:46.233 10 INFO neutron.db.ovn_revision_numbers_db [None req-d0c31639-d455-459f-b5b1-b06fd3030f8f - - - - - -] Successfully bumped revision number for resource 81438f61-34fc-435f-8216-da89653474fb (type: subnets) to 0
2026-05-06 02:26:46.249 10 INFO neutron.api.wsgi [None req-9fa6079d-0ade-49ad-846e-df878903a736 93b0a81748d840fa891e275c4cf3df25 445a8881fc4a4c5ca4cb774fa807035e - - default default] 10.0.0.180 "POST /v2.0/subnets HTTP/1.1" status: 201 len: 898 time: 0.6253927
2026-05-06 02:26:46.645 10 INFO neutron.api.wsgi [req-8700365d-ad53-4abf-a32b-b6a1c3f306b4 req-acc809ef-6421-4a16-a6b4-cfe58868572a 6e06e34a6fc34dd4afd3bf20c4d619c5 a1adb1aa85144dbe9816ed33b03a82ad - - default default] 10.0.0.158 "GET /v2.0/ports?device_id=14441706-a43b-47ee-9a3b-3a7eaa5d2d54 HTTP/1.1" status: 200 len: 210 time: 0.0142808
2026-05-06 02:26:46.667 10 WARNING neutron.scheduler.dhcp_agent_scheduler [None req-c7775e0f-4965-48fc-970e-d0b7ccdec80a 93b0a81748d840fa891e275c4cf3df25 445a8881fc4a4c5ca4cb774fa807035e - - default default] No more DHCP agents
2026-05-06 02:26:46.668 10 WARNING neutron.api.rpc.agentnotifiers.dhcp_rpc_agent_api [None req-c7775e0f-4965-48fc-970e-d0b7ccdec80a 93b0a81748d840fa891e275c4cf3df25 445a8881fc4a4c5ca4cb774fa807035e - - default default] Unable to schedule network 0d967536-1f8c-44e5-928e-07f7b2ec47c5: no agents available; will retry on subsequent port and subnet creation events.
2026-05-06 02:26:46.687 9 INFO neutron.api.wsgi [req-f3b31e43-e41b-41e2-9e96-12512ca20e7e req-46ba67de-2882-41d6-b8ab-d4066cc1807b 59c423385cec40c3991acfec2745cb80 abd13e4f2c81458d87fc4fea0437bb69 - - 9bf3027721cb4fbcb27a3d86345af0c0 9bf3027721cb4fbcb27a3d86345af0c0] 199.19.213.65 "GET /v2.0/ports?tenant_id=d319262bf45540f1bd4fd0f68226ad1f&device_id=d7b24f33-888f-4f77-9c81-cac6bbdaae07 HTTP/1.1" status: 200 len: 1411 time: 0.0379307
2026-05-06 02:26:46.732 9 INFO neutron.api.wsgi [req-f3b31e43-e41b-41e2-9e96-12512ca20e7e req-13399c6f-ca58-4ee8-a5cf-e58839b70761 59c423385cec40c3991acfec2745cb80 abd13e4f2c81458d87fc4fea0437bb69 - - 9bf3027721cb4fbcb27a3d86345af0c0 9bf3027721cb4fbcb27a3d86345af0c0] 199.19.213.65 "GET /v2.0/floatingips?fixed_ip_address=10.100.0.11&port_id=371631d6-7de7-496b-a670-d81fa35f0871 HTTP/1.1" status: 200 len: 217 time: 0.0396628
2026-05-06 02:26:46.774 10 INFO neutron.db.ovn_revision_numbers_db [None req-c7775e0f-4965-48fc-970e-d0b7ccdec80a 93b0a81748d840fa891e275c4cf3df25 445a8881fc4a4c5ca4cb774fa807035e - - default default] Successfully bumped revision number for resource c9eec53c-d76f-4cb0-bec1-c99088aa7bc0 (type: ports) to 1
2026-05-06 02:26:46.777 9 INFO neutron.api.wsgi [req-f3b31e43-e41b-41e2-9e96-12512ca20e7e req-0acc6269-c9cc-47d4-9d31-f20e356ec164 59c423385cec40c3991acfec2745cb80 abd13e4f2c81458d87fc4fea0437bb69 - - 9bf3027721cb4fbcb27a3d86345af0c0 9bf3027721cb4fbcb27a3d86345af0c0] 199.19.213.65 "GET /v2.0/subnets?id=7389141d-7281-41ac-96b9-1f07fc28c93a HTTP/1.1" status: 200 len: 892 time: 0.0379992
2026-05-06 02:26:46.820 9 INFO neutron.api.wsgi [req-f3b31e43-e41b-41e2-9e96-12512ca20e7e req-c7bb7a73-21a1-401a-9d39-8cf0d0979f3a 59c423385cec40c3991acfec2745cb80 abd13e4f2c81458d87fc4fea0437bb69 - - 9bf3027721cb4fbcb27a3d86345af0c0 9bf3027721cb4fbcb27a3d86345af0c0] 199.19.213.65 "GET /v2.0/ports?network_id=4f670aed-797e-4ac7-a809-6d39597026a7&device_owner=network%3Adhcp HTTP/1.1" status: 200 len: 210 time: 0.0310626
2026-05-06 02:26:46.866 9 INFO neutron.api.wsgi [req-f3b31e43-e41b-41e2-9e96-12512ca20e7e req-b5e1c131-d01e-4ff5-8952-00affed20602 59c423385cec40c3991acfec2745cb80 abd13e4f2c81458d87fc4fea0437bb69 - - 9bf3027721cb4fbcb27a3d86345af0c0 9bf3027721cb4fbcb27a3d86345af0c0] 199.19.213.65 "GET /v2.0/networks/4f670aed-797e-4ac7-a809-6d39597026a7?fields=segments HTTP/1.1" status: 200 len: 212 time: 0.0356011
2026-05-06 02:26:46.907 9 INFO neutron.api.wsgi [req-f3b31e43-e41b-41e2-9e96-12512ca20e7e req-2edcb12f-1f89-446f-94f1-dc08425496d1 59c423385cec40c3991acfec2745cb80 abd13e4f2c81458d87fc4fea0437bb69 - - 9bf3027721cb4fbcb27a3d86345af0c0 9bf3027721cb4fbcb27a3d86345af0c0] 199.19.213.65 "GET /v2.0/networks/4f670aed-797e-4ac7-a809-6d39597026a7?fields=provider%3Aphysical_network&fields=provider%3Anetwork_type HTTP/1.1" status: 200 len: 277 time: 0.0347955
2026-05-06 02:26:46.978 10 INFO neutron.db.ovn_revision_numbers_db [None req-26bea5c7-f46f-4cae-917d-1620cdd786c2 93b0a81748d840fa891e275c4cf3df25 445a8881fc4a4c5ca4cb774fa807035e - - default default] Successfully bumped revision number for resource 07891b79-87d8-4280-b128-d6f6f7ef62fe (type: security_groups) to 1
2026-05-06 02:26:46.998 10 INFO neutron.db.ovn_revision_numbers_db [None req-26bea5c7-f46f-4cae-917d-1620cdd786c2 93b0a81748d840fa891e275c4cf3df25 445a8881fc4a4c5ca4cb774fa807035e - - default default] Successfully bumped revision number for resource 20e12d46-c005-45a6-95a6-498a539bea74 (type: security_group_rules) to 0
2026-05-06 02:26:47.026 10 INFO neutron.db.ovn_revision_numbers_db [None req-26bea5c7-f46f-4cae-917d-1620cdd786c2 93b0a81748d840fa891e275c4cf3df25 445a8881fc4a4c5ca4cb774fa807035e - - default default] Successfully bumped revision number for resource b02e3b94-d4d6-4371-b517-ac94e1f2b1eb (type: security_group_rules) to 0
2026-05-06 02:26:47.039 10 INFO neutron.db.ovn_revision_numbers_db [None req-26bea5c7-f46f-4cae-917d-1620cdd786c2 93b0a81748d840fa891e275c4cf3df25 445a8881fc4a4c5ca4cb774fa807035e - - default default] Successfully bumped revision number for resource d1f53af2-af7b-48fd-92d4-03e022e103dc (type: security_group_rules) to 0
2026-05-06 02:26:47.056 10 INFO neutron.db.ovn_revision_numbers_db [None req-26bea5c7-f46f-4cae-917d-1620cdd786c2 93b0a81748d840fa891e275c4cf3df25 445a8881fc4a4c5ca4cb774fa807035e - - default default] Successfully bumped revision number for resource e2ff37bd-9347-48c4-b3a2-65b96f81628b (type: security_group_rules) to 0
2026-05-06 02:26:47.093 10 INFO neutron.api.wsgi [None req-26bea5c7-f46f-4cae-917d-1620cdd786c2 93b0a81748d840fa891e275c4cf3df25 445a8881fc4a4c5ca4cb774fa807035e - - default default] 10.0.0.180 "GET /v2.0/security-groups?tenant_id=73a34e42739e497bb62d49ccd28162ca&name=default HTTP/1.1" status: 200 len: 3120 time: 0.3665094
2026-05-06 02:26:47.155 9 INFO neutron.api.wsgi [req-233cc7f0-ccbf-4a41-be10-337cfc0126e7 req-b43dbf89-ca51-4167-aaa2-87b0eee60e93 58968f79095b454ab5b686da975b3e59 d319262bf45540f1bd4fd0f68226ad1f - - default default] 10.0.0.158 "GET /v2.0/ports?device_id=d7b24f33-888f-4f77-9c81-cac6bbdaae07 HTTP/1.1" status: 200 len: 1172 time: 0.0271144
2026-05-06 02:26:47.194 9 INFO neutron.api.wsgi [req-233cc7f0-ccbf-4a41-be10-337cfc0126e7 req-57a3d828-a68f-4097-a802-834c48cf7b23 58968f79095b454ab5b686da975b3e59 d319262bf45540f1bd4fd0f68226ad1f - - default default] 10.0.0.158 "GET /v2.0/security-groups?id=8d77af62-9653-4337-843b-05341be8c82e&fields=id&fields=name HTTP/1.1" status: 200 len: 312 time: 0.0333641
2026-05-06 02:26:47.326 10 INFO neutron.api.wsgi [None req-11f2213c-d714-4bd4-addd-0b9845ebf23c 93b0a81748d840fa891e275c4cf3df25 445a8881fc4a4c5ca4cb774fa807035e - - default default] 10.0.0.180 "DELETE /v2.0/security-groups/07891b79-87d8-4280-b128-d6f6f7ef62fe HTTP/1.1" status: 204 len: 168 time: 0.2276609
2026-05-06 02:26:47.338 10 INFO neutron.plugins.ml2.drivers.ovn.mech_driver.ovsdb.commands [None req-ba08b261-2b43-4bfb-b7b8-b20700148af4 - - - - - -] Schedule LRP lrp-c9eec53c-d76f-4cb0-bec1-c99088aa7bc0 on gateway 891c5ace-37ed-441c-af52-ca49cb6a305a with priority 1
2026-05-06 02:26:47.347 9 INFO neutron.plugins.ml2.drivers.ovn.mech_driver.mech_driver [None req-652f9856-9e86-4db6-86c5-9356035d6a66 - - - - - -] OVN reports status up for port: c9eec53c-d76f-4cb0-bec1-c99088aa7bc0
2026-05-06 02:26:47.356 9 INFO neutron.plugins.ml2.plugin [None req-652f9856-9e86-4db6-86c5-9356035d6a66 - - - - - -] Attempt 1 to provision port c9eec53c-d76f-4cb0-bec1-c99088aa7bc0
2026-05-06 02:26:47.360 10 INFO neutron.plugins.ml2.drivers.ovn.mech_driver.ovsdb.ovsdb_monitor [None req-e5b9f28e-f5de-43ce-afba-ab5a6a518d3d - - - - - -] Router 8ff221c7-6052-4ec2-a97d-38054cde7c53 is bound to host instance
2026-05-06 02:26:47.382 10 INFO neutron.db.ovn_revision_numbers_db [None req-c7775e0f-4965-48fc-970e-d0b7ccdec80a 93b0a81748d840fa891e275c4cf3df25 445a8881fc4a4c5ca4cb774fa807035e - - default default] Successfully bumped revision number for resource c9eec53c-d76f-4cb0-bec1-c99088aa7bc0 (type: router_ports) to 1
2026-05-06 02:26:47.455 10 INFO neutron.db.ovn_revision_numbers_db [None req-c7775e0f-4965-48fc-970e-d0b7ccdec80a 93b0a81748d840fa891e275c4cf3df25 445a8881fc4a4c5ca4cb774fa807035e - - default default] Successfully bumped revision number for resource 8ff221c7-6052-4ec2-a97d-38054cde7c53 (type: routers) to 2
2026-05-06 02:26:47.473 10 INFO neutron.api.wsgi [None req-c7775e0f-4965-48fc-970e-d0b7ccdec80a 93b0a81748d840fa891e275c4cf3df25 445a8881fc4a4c5ca4cb774fa807035e - - default default] 10.0.0.180 "POST /v2.0/routers HTTP/1.1" status: 201 len: 1176 time: 1.2199137
2026-05-06 02:26:47.588 9 INFO neutron.db.ovn_revision_numbers_db [None req-9326d6a1-0f72-47ff-a10d-b26717e84670 93b0a81748d840fa891e275c4cf3df25 445a8881fc4a4c5ca4cb774fa807035e - - default default] Successfully bumped revision number for resource 49ec82d8-92b1-4cfc-a9a2-47fc477abda8 (type: security_groups) to 1
2026-05-06 02:26:47.600 9 INFO neutron.db.ovn_revision_numbers_db [None req-9326d6a1-0f72-47ff-a10d-b26717e84670 93b0a81748d840fa891e275c4cf3df25 445a8881fc4a4c5ca4cb774fa807035e - - default default] Successfully bumped revision number for resource 46a910f2-fc81-4f82-acb3-3a1fee8ecec1 (type: security_group_rules) to 0
2026-05-06 02:26:47.617 9 INFO neutron.db.ovn_revision_numbers_db [None req-9326d6a1-0f72-47ff-a10d-b26717e84670 93b0a81748d840fa891e275c4cf3df25 445a8881fc4a4c5ca4cb774fa807035e - - default default] Successfully bumped revision number for resource 4db881cf-d7ed-4090-902c-f3c9db1eab50 (type: security_group_rules) to 0
2026-05-06 02:26:47.638 9 INFO neutron.db.ovn_revision_numbers_db [None req-9326d6a1-0f72-47ff-a10d-b26717e84670 93b0a81748d840fa891e275c4cf3df25 445a8881fc4a4c5ca4cb774fa807035e - - default default] Successfully bumped revision number for resource 7f42cb32-9b66-43ae-82ca-b890d8af9680 (type: security_group_rules) to 0
2026-05-06 02:26:47.651 9 INFO neutron.db.ovn_revision_numbers_db [None req-9326d6a1-0f72-47ff-a10d-b26717e84670 93b0a81748d840fa891e275c4cf3df25 445a8881fc4a4c5ca4cb774fa807035e - - default default] Successfully bumped revision number for resource d39dfc50-71ed-4055-97f1-9cc479f8a164 (type: security_group_rules) to 0
2026-05-06 02:26:47.688 9 INFO neutron.api.wsgi [None req-9326d6a1-0f72-47ff-a10d-b26717e84670 93b0a81748d840fa891e275c4cf3df25 445a8881fc4a4c5ca4cb774fa807035e - - default default] 10.0.0.180 "GET /v2.0/security-groups?tenant_id=bd5790f4832344f19d6f4d36c5af2bed&name=default HTTP/1.1" status: 200 len: 3120 time: 0.2404807
2026-05-06 02:26:47.730 10 INFO neutron.api.wsgi [req-b50735b5-64f6-44ad-8229-ec614a2a44e9 req-d98940ca-c92a-4ede-935b-54075c644ecf 6e06e34a6fc34dd4afd3bf20c4d619c5 a1adb1aa85144dbe9816ed33b03a82ad - - default default] 10.0.0.158 "GET /v2.0/ports?device_id=14441706-a43b-47ee-9a3b-3a7eaa5d2d54 HTTP/1.1" status: 200 len: 210 time: 0.0148315
2026-05-06 02:26:47.753 10 INFO neutron.db.ovn_revision_numbers_db [None req-d64cc6b6-5dc3-4c94-8fa3-3d13a5dd00ed - - - - - -] Successfully bumped revision number for resource c9eec53c-d76f-4cb0-bec1-c99088aa7bc0 (type: ports) to 1
2026-05-06 02:26:47.935 9 INFO neutron.api.wsgi [None req-d896c41f-8b3a-4123-ac41-a1b1653c5787 93b0a81748d840fa891e275c4cf3df25 445a8881fc4a4c5ca4cb774fa807035e - - default default] 10.0.0.180 "DELETE /v2.0/security-groups/49ec82d8-92b1-4cfc-a9a2-47fc477abda8 HTTP/1.1" status: 204 len: 168 time: 0.2424366
2026-05-06 02:26:47.940 9 WARNING neutron.scheduler.dhcp_agent_scheduler [None req-7a0266df-e2a1-4d80-9d49-2e4afbdc663c 93b0a81748d840fa891e275c4cf3df25 445a8881fc4a4c5ca4cb774fa807035e - - default default] No more DHCP agents
2026-05-06 02:26:47.941 9 WARNING neutron.api.rpc.agentnotifiers.dhcp_rpc_agent_api [None req-7a0266df-e2a1-4d80-9d49-2e4afbdc663c 93b0a81748d840fa891e275c4cf3df25 445a8881fc4a4c5ca4cb774fa807035e - - default default] Unable to schedule network 1c8cb8d0-dace-419b-bcf7-c32418f4a683: no agents available; will retry on subsequent port and subnet creation events.
2026-05-06 02:26:48.052 9 INFO neutron.db.ovn_revision_numbers_db [None req-7a0266df-e2a1-4d80-9d49-2e4afbdc663c 93b0a81748d840fa891e275c4cf3df25 445a8881fc4a4c5ca4cb774fa807035e - - default default] Successfully bumped revision number for resource 9142bbad-c73c-421e-bd88-b15a476f5d31 (type: ports) to 1
2026-05-06 02:26:48.058 10 INFO neutron.db.ovn_revision_numbers_db [None req-d64cc6b6-5dc3-4c94-8fa3-3d13a5dd00ed - - - - - -] Successfully bumped revision number for resource c9eec53c-d76f-4cb0-bec1-c99088aa7bc0 (type: ports) to 4
2026-05-06 02:26:48.300 9 INFO neutron.api.wsgi [req-1cc86939-893f-4113-b14b-600c53bd9b63 req-388b64bf-62de-41a4-80e2-ca361e1b1276 58968f79095b454ab5b686da975b3e59 d319262bf45540f1bd4fd0f68226ad1f - - default default] 10.0.0.158 "GET /v2.0/ports?device_id=d7b24f33-888f-4f77-9c81-cac6bbdaae07 HTTP/1.1" status: 200 len: 1172 time: 0.0379963
2026-05-06 02:26:48.344 9 INFO neutron.api.wsgi [req-1cc86939-893f-4113-b14b-600c53bd9b63 req-7be6d39d-2ac5-41db-9292-b130f5695849 58968f79095b454ab5b686da975b3e59 d319262bf45540f1bd4fd0f68226ad1f - - default default] 10.0.0.158 "GET /v2.0/security-groups?id=8d77af62-9653-4337-843b-05341be8c82e&fields=id&fields=name HTTP/1.1" status: 200 len: 312 time: 0.0386779
2026-05-06 02:26:48.362 10 INFO neutron.db.ovn_revision_numbers_db [None req-d64cc6b6-5dc3-4c94-8fa3-3d13a5dd00ed - - - - - -] Successfully bumped revision number for resource c9eec53c-d76f-4cb0-bec1-c99088aa7bc0 (type: ports) to 5
2026-05-06 02:26:48.433 9 INFO neutron.api.wsgi [req-71ed2781-f6b3-4a10-accc-c144df400e7d req-b83f4681-914e-4471-be13-2098595b749a 6e06e34a6fc34dd4afd3bf20c4d619c5 a1adb1aa85144dbe9816ed33b03a82ad - - default default] 199.19.213.65 "GET /v2.0/networks?id=51ba6961-36f6-459c-8557-61495f84ca0d HTTP/1.1" status: 200 len: 879 time: 0.0497513
2026-05-06 02:26:48.487 9 INFO neutron.api.wsgi [req-71ed2781-f6b3-4a10-accc-c144df400e7d req-abcbd207-6679-49dd-805e-b72c31fadee8 6e06e34a6fc34dd4afd3bf20c4d619c5 a1adb1aa85144dbe9816ed33b03a82ad - - default default] 199.19.213.65 "GET /v2.0/security-groups?fields=id&fields=name&tenant_id=a1adb1aa85144dbe9816ed33b03a82ad HTTP/1.1" status: 200 len: 380 time: 0.0504067
2026-05-06 02:26:48.493 9 WARNING neutron_lib.context [req-71ed2781-f6b3-4a10-accc-c144df400e7d req-07483408-153f-4702-987f-189e9ed0412f 6e06e34a6fc34dd4afd3bf20c4d619c5 a1adb1aa85144dbe9816ed33b03a82ad - - default default] Method 'is_advsvc' is deprecated since 2023.2 release (neutron-lib 3.8.0) and will be removed once support for the old RBAC API policies will be removed from Neutron. Please use method 'is_service_role' instead.
2026-05-06 02:26:48.672 9 INFO neutron.db.ovn_revision_numbers_db [None req-7a0266df-e2a1-4d80-9d49-2e4afbdc663c 93b0a81748d840fa891e275c4cf3df25 445a8881fc4a4c5ca4cb774fa807035e - - default default] Successfully bumped revision number for resource 9142bbad-c73c-421e-bd88-b15a476f5d31 (type: ports) to 1
2026-05-06 02:26:48.748 9 WARNING neutron.scheduler.dhcp_agent_scheduler [None req-7a0266df-e2a1-4d80-9d49-2e4afbdc663c 93b0a81748d840fa891e275c4cf3df25 445a8881fc4a4c5ca4cb774fa807035e - - default default] No more DHCP agents
2026-05-06 02:26:48.750 9 WARNING neutron.api.rpc.agentnotifiers.dhcp_rpc_agent_api [None req-7a0266df-e2a1-4d80-9d49-2e4afbdc663c 93b0a81748d840fa891e275c4cf3df25 445a8881fc4a4c5ca4cb774fa807035e - - default default] Unable to schedule network 1c8cb8d0-dace-419b-bcf7-c32418f4a683: no agents available; will retry on subsequent port and subnet creation events.
2026-05-06 02:26:48.823 9 WARNING neutron.scheduler.dhcp_agent_scheduler [req-71ed2781-f6b3-4a10-accc-c144df400e7d req-07483408-153f-4702-987f-189e9ed0412f 6e06e34a6fc34dd4afd3bf20c4d619c5 a1adb1aa85144dbe9816ed33b03a82ad - - default default] No more DHCP agents
2026-05-06 02:26:48.826 9 WARNING neutron.api.rpc.agentnotifiers.dhcp_rpc_agent_api [req-71ed2781-f6b3-4a10-accc-c144df400e7d req-07483408-153f-4702-987f-189e9ed0412f 6e06e34a6fc34dd4afd3bf20c4d619c5 a1adb1aa85144dbe9816ed33b03a82ad - - default default] Unable to schedule network 51ba6961-36f6-459c-8557-61495f84ca0d: no agents available; will retry on subsequent port and subnet creation events.
2026-05-06 02:26:48.866 10 INFO neutron.api.wsgi [req-896ffc4d-27e9-4df4-8f18-a77961361095 req-dc6e55b5-832a-462f-8f00-7870ece6cc03 6e06e34a6fc34dd4afd3bf20c4d619c5 a1adb1aa85144dbe9816ed33b03a82ad - - default default] 10.0.0.158 "GET /v2.0/ports?device_id=14441706-a43b-47ee-9a3b-3a7eaa5d2d54 HTTP/1.1" status: 200 len: 1156 time: 0.0722895
2026-05-06 02:26:48.906 10 INFO neutron.api.wsgi [req-896ffc4d-27e9-4df4-8f18-a77961361095 req-a80e3970-fbb6-463b-9fc0-038689d1e21d 6e06e34a6fc34dd4afd3bf20c4d619c5 a1adb1aa85144dbe9816ed33b03a82ad - - default default] 10.0.0.158 "GET /v2.0/security-groups?id=10671758-d6ee-454f-a2f0-d67dcfe0d6bd&fields=id&fields=name HTTP/1.1" status: 200 len: 313 time: 0.0360115
2026-05-06 02:26:48.965 9 INFO neutron.db.ovn_revision_numbers_db [req-71ed2781-f6b3-4a10-accc-c144df400e7d req-07483408-153f-4702-987f-189e9ed0412f 6e06e34a6fc34dd4afd3bf20c4d619c5 a1adb1aa85144dbe9816ed33b03a82ad - - default default] Successfully bumped revision number for resource b8e2dde7-66e3-49e1-972a-426e1a213084 (type: ports) to 1
2026-05-06 02:26:49.008 9 INFO neutron.api.wsgi [req-71ed2781-f6b3-4a10-accc-c144df400e7d req-07483408-153f-4702-987f-189e9ed0412f 6e06e34a6fc34dd4afd3bf20c4d619c5 a1adb1aa85144dbe9816ed33b03a82ad - - default default] 199.19.213.65 "POST /v2.0/ports HTTP/1.1" status: 201 len: 1158 time: 0.5173786 /var/lib/openstack/lib/python3.12/site-packages/pycadf/identifier.py:71: UserWarning: Invalid uuid: neutron. To ensure interoperability, identifiers should be a valid uuid. warnings.warn(('Invalid uuid: %s. To ensure interoperability, ' /var/lib/openstack/lib/python3.12/site-packages/pycadf/identifier.py:71: UserWarning: Invalid uuid: neutron. To ensure interoperability, identifiers should be a valid uuid. warnings.warn(('Invalid uuid: %s. To ensure interoperability, '
2026-05-06 02:26:49.460 9 INFO neutron.api.wsgi [req-3ba8e180-c191-407e-9f46-066062fedf7f req-9a6ee92a-886c-4005-8b5f-5d1a6b9d6d25 58968f79095b454ab5b686da975b3e59 d319262bf45540f1bd4fd0f68226ad1f - - default default] 10.0.0.158 "GET /v2.0/ports?device_id=d7b24f33-888f-4f77-9c81-cac6bbdaae07 HTTP/1.1" status: 200 len: 1172 time: 0.0454445
2026-05-06 02:26:49.463 9 INFO neutron.db.ovn_revision_numbers_db [None req-7a0266df-e2a1-4d80-9d49-2e4afbdc663c 93b0a81748d840fa891e275c4cf3df25 445a8881fc4a4c5ca4cb774fa807035e - - default default] Successfully bumped revision number for resource 9142bbad-c73c-421e-bd88-b15a476f5d31 (type: router_ports) to 1
2026-05-06 02:26:49.467 9 INFO neutron.api.wsgi [None req-7a0266df-e2a1-4d80-9d49-2e4afbdc663c 93b0a81748d840fa891e275c4cf3df25 445a8881fc4a4c5ca4cb774fa807035e - - default default] 10.0.0.180 "PUT /v2.0/routers/8ff221c7-6052-4ec2-a97d-38054cde7c53/add_router_interface HTTP/1.1" status: 200 len: 503 time: 1.9899235
2026-05-06 02:26:49.468 9 INFO neutron.db.ovn_revision_numbers_db [req-71ed2781-f6b3-4a10-accc-c144df400e7d req-ca333909-9895-40fc-931a-172799eb5b21 59c423385cec40c3991acfec2745cb80 abd13e4f2c81458d87fc4fea0437bb69 - - 9bf3027721cb4fbcb27a3d86345af0c0 9bf3027721cb4fbcb27a3d86345af0c0] Successfully bumped revision number for resource b8e2dde7-66e3-49e1-972a-426e1a213084 (type: ports) to 2
2026-05-06 02:26:49.507 9 INFO neutron.api.wsgi [req-3ba8e180-c191-407e-9f46-066062fedf7f req-51a28b99-d74a-4df8-a102-bcc2aac33102 58968f79095b454ab5b686da975b3e59 d319262bf45540f1bd4fd0f68226ad1f - - default default] 10.0.0.158 "GET /v2.0/security-groups?id=8d77af62-9653-4337-843b-05341be8c82e&fields=id&fields=name HTTP/1.1" status: 200 len: 312 time: 0.0398185
2026-05-06 02:26:49.598 9 INFO neutron.plugins.ml2.drivers.ovn.mech_driver.mech_driver [None req-652f9856-9e86-4db6-86c5-9356035d6a66 - - - - - -] OVN reports status up for port: 9142bbad-c73c-421e-bd88-b15a476f5d31
2026-05-06 02:26:49.607 9 INFO neutron.plugins.ml2.plugin [None req-652f9856-9e86-4db6-86c5-9356035d6a66 - - - - - -] Attempt 1 to provision port 9142bbad-c73c-421e-bd88-b15a476f5d31
2026-05-06 02:26:49.657 9 INFO neutron.db.ovn_revision_numbers_db [req-71ed2781-f6b3-4a10-accc-c144df400e7d req-ca333909-9895-40fc-931a-172799eb5b21 59c423385cec40c3991acfec2745cb80 abd13e4f2c81458d87fc4fea0437bb69 - - 9bf3027721cb4fbcb27a3d86345af0c0 9bf3027721cb4fbcb27a3d86345af0c0] Successfully bumped revision number for resource b8e2dde7-66e3-49e1-972a-426e1a213084 (type: ports) to 4
2026-05-06 02:26:49.679 9 INFO neutron.api.wsgi [req-71ed2781-f6b3-4a10-accc-c144df400e7d req-ca333909-9895-40fc-931a-172799eb5b21 59c423385cec40c3991acfec2745cb80 abd13e4f2c81458d87fc4fea0437bb69 - - 9bf3027721cb4fbcb27a3d86345af0c0 9bf3027721cb4fbcb27a3d86345af0c0] 199.19.213.65 "PUT /v2.0/ports/b8e2dde7-66e3-49e1-972a-426e1a213084 HTTP/1.1" status: 200 len: 1404 time: 0.6658461
2026-05-06 02:26:49.867 9 INFO neutron.notifiers.nova [-] Nova event matching ['req-33a4875e-d710-48b9-aea0-ec49c891af08'] response: {'name': 'network-changed', 'server_uuid': '14441706-a43b-47ee-9a3b-3a7eaa5d2d54', 'tag': 'b8e2dde7-66e3-49e1-972a-426e1a213084', 'status': 'completed', 'code': 200}
2026-05-06 02:26:50.018 10 INFO neutron.api.wsgi [req-89da33f9-26c0-4c65-b56a-fb7141f8cabe req-e8e3ac33-1cdd-4465-953b-aac8faf572d1 6e06e34a6fc34dd4afd3bf20c4d619c5 a1adb1aa85144dbe9816ed33b03a82ad - - default default] 10.0.0.158 "GET /v2.0/ports?device_id=14441706-a43b-47ee-9a3b-3a7eaa5d2d54 HTTP/1.1" status: 200 len: 1168 time: 0.0408196
2026-05-06 02:26:50.038 9 INFO neutron.db.ovn_revision_numbers_db [None req-652f9856-9e86-4db6-86c5-9356035d6a66 - - - - - -] Successfully bumped revision number for resource 9142bbad-c73c-421e-bd88-b15a476f5d31 (type: ports) to 2
2026-05-06 02:26:50.048 10 INFO neutron.api.wsgi [req-89da33f9-26c0-4c65-b56a-fb7141f8cabe req-b8481f3a-8f1b-4e23-8ef8-5ef65bc5a825 6e06e34a6fc34dd4afd3bf20c4d619c5 a1adb1aa85144dbe9816ed33b03a82ad - - default default] 10.0.0.158 "GET /v2.0/security-groups?id=10671758-d6ee-454f-a2f0-d67dcfe0d6bd&fields=id&fields=name HTTP/1.1" status: 200 len: 313 time: 0.0265069 /var/lib/openstack/lib/python3.12/site-packages/pycadf/identifier.py:71: UserWarning: Invalid uuid: neutron. To ensure interoperability, identifiers should be a valid uuid. warnings.warn(('Invalid uuid: %s. To ensure interoperability, '
2026-05-06 02:26:50.133 9 WARNING neutron_lib.context [None req-897ca740-c89a-4fac-9872-0b2f1b5a964b e7b80ab7502e4d74a50e8933b57973fd b6f969ece206433590ed7cc34f64148f - - default default] Method 'is_advsvc' is deprecated since 2023.2 release (neutron-lib 3.8.0) and will be removed once support for the old RBAC API policies will be removed from Neutron. Please use method 'is_service_role' instead.
2026-05-06 02:26:50.244 9 INFO neutron.db.ovn_revision_numbers_db [None req-897ca740-c89a-4fac-9872-0b2f1b5a964b e7b80ab7502e4d74a50e8933b57973fd b6f969ece206433590ed7cc34f64148f - - default default] Successfully bumped revision number for resource 6c90f82e-9612-450c-a1cb-e07a6cfbf3a0 (type: security_groups) to 1
2026-05-06 02:26:50.255 9 INFO neutron.db.ovn_revision_numbers_db [None req-897ca740-c89a-4fac-9872-0b2f1b5a964b e7b80ab7502e4d74a50e8933b57973fd b6f969ece206433590ed7cc34f64148f - - default default] Successfully bumped revision number for resource 7fc4631d-07bb-4951-9fe0-112433e62303 (type: security_group_rules) to 0
2026-05-06 02:26:50.269 9 INFO neutron.db.ovn_revision_numbers_db [None req-897ca740-c89a-4fac-9872-0b2f1b5a964b e7b80ab7502e4d74a50e8933b57973fd b6f969ece206433590ed7cc34f64148f - - default default] Successfully bumped revision number for resource a0665afc-522c-4beb-850a-240058db2e91 (type: security_group_rules) to 0
2026-05-06 02:26:50.296 9 INFO neutron.api.wsgi [req-278251ce-76d1-4e69-aa48-bd5077e31332 req-fd12921f-6ee6-4920-8472-f0c3bba90523 59c423385cec40c3991acfec2745cb80 abd13e4f2c81458d87fc4fea0437bb69 - - 9bf3027721cb4fbcb27a3d86345af0c0 9bf3027721cb4fbcb27a3d86345af0c0] 199.19.213.65 "GET /v2.0/ports?tenant_id=a1adb1aa85144dbe9816ed33b03a82ad&device_id=14441706-a43b-47ee-9a3b-3a7eaa5d2d54 HTTP/1.1" status: 200 len: 1407 time: 0.0339274
2026-05-06 02:26:50.319 9 INFO neutron.api.wsgi [None req-897ca740-c89a-4fac-9872-0b2f1b5a964b e7b80ab7502e4d74a50e8933b57973fd b6f969ece206433590ed7cc34f64148f - - default default] 10.0.0.180 "POST /v2.0/security-groups HTTP/1.1" status: 201 len: 1861 time: 0.1923320
2026-05-06 02:26:50.328 9 WARNING neutron_lib.context [None req-a73884cd-95be-411d-a86b-54e8e4727642 e7b80ab7502e4d74a50e8933b57973fd b6f969ece206433590ed7cc34f64148f - - default default] Method 'is_advsvc' is deprecated since 2023.2 release (neutron-lib 3.8.0) and will be removed once support for the old RBAC API policies will be removed from Neutron. Please use method 'is_service_role' instead.
2026-05-06 02:26:50.362 9 INFO neutron.api.wsgi [req-278251ce-76d1-4e69-aa48-bd5077e31332 req-e7b5a848-1e7b-4fe3-99d0-793ac24ef484 59c423385cec40c3991acfec2745cb80 abd13e4f2c81458d87fc4fea0437bb69 - - 9bf3027721cb4fbcb27a3d86345af0c0 9bf3027721cb4fbcb27a3d86345af0c0] 199.19.213.65 "GET /v2.0/networks?tenant_id=a1adb1aa85144dbe9816ed33b03a82ad&shared=False HTTP/1.1" status: 200 len: 978 time: 0.0596564
2026-05-06 02:26:50.418 9 INFO neutron.api.wsgi [req-278251ce-76d1-4e69-aa48-bd5077e31332 req-dba94b66-5bab-4a3e-bb83-22a78d11b039 59c423385cec40c3991acfec2745cb80 abd13e4f2c81458d87fc4fea0437bb69 - - 9bf3027721cb4fbcb27a3d86345af0c0 9bf3027721cb4fbcb27a3d86345af0c0] 199.19.213.65 "GET /v2.0/networks?shared=True HTTP/1.1" status: 200 len: 952 time: 0.0495288
2026-05-06 02:26:50.476 9 INFO neutron.db.ovn_revision_numbers_db [None req-a73884cd-95be-411d-a86b-54e8e4727642 e7b80ab7502e4d74a50e8933b57973fd b6f969ece206433590ed7cc34f64148f - - default default] Successfully bumped revision number for resource 486816b8-ebd5-435d-bd88-d3a032ed1af8 (type: security_group_rules) to 0
2026-05-06 02:26:50.509 9 INFO neutron.api.wsgi [None req-a73884cd-95be-411d-a86b-54e8e4727642 e7b80ab7502e4d74a50e8933b57973fd b6f969ece206433590ed7cc34f64148f - - default default] 10.0.0.180 "POST /v2.0/security-group-rules HTTP/1.1" status: 201 len: 796 time: 0.1850610
2026-05-06 02:26:50.518 9 WARNING neutron_lib.context [None req-d9c174af-2e12-493c-8d75-0f7d3700b67c e7b80ab7502e4d74a50e8933b57973fd b6f969ece206433590ed7cc34f64148f - - default default] Method 'is_advsvc' is deprecated since 2023.2 release (neutron-lib 3.8.0) and will be removed once support for the old RBAC API policies will be removed from Neutron. Please use method 'is_service_role' instead.
2026-05-06 02:26:50.519 10 INFO neutron.db.ovn_revision_numbers_db [None req-42b95893-fb41-464b-8730-628fd4846126 93b0a81748d840fa891e275c4cf3df25 445a8881fc4a4c5ca4cb774fa807035e - - default default] Successfully bumped revision number for resource 350e8354-454d-4ff5-86d3-3665f8b676a3 (type: security_groups) to 1
2026-05-06 02:26:50.536 10 INFO neutron.db.ovn_revision_numbers_db [None req-42b95893-fb41-464b-8730-628fd4846126 93b0a81748d840fa891e275c4cf3df25 445a8881fc4a4c5ca4cb774fa807035e - - default default] Successfully bumped revision number for resource 22f799ef-3c9c-447e-84dc-1242cb43e83d (type: security_group_rules) to 0
2026-05-06 02:26:50.547 10 INFO neutron.db.ovn_revision_numbers_db [None req-42b95893-fb41-464b-8730-628fd4846126 93b0a81748d840fa891e275c4cf3df25 445a8881fc4a4c5ca4cb774fa807035e - - default default] Successfully bumped revision number for resource 54917291-1b87-44e3-bb98-ed78d60db725 (type: security_group_rules) to 0
2026-05-06 02:26:50.575 10 INFO neutron.db.ovn_revision_numbers_db [None req-42b95893-fb41-464b-8730-628fd4846126 93b0a81748d840fa891e275c4cf3df25 445a8881fc4a4c5ca4cb774fa807035e - - default default] Successfully bumped revision number for resource 7d77bf3e-1849-4958-bb02-71b78738c09c (type: security_group_rules) to 0
2026-05-06 02:26:50.589 10 INFO neutron.db.ovn_revision_numbers_db [None req-42b95893-fb41-464b-8730-628fd4846126 93b0a81748d840fa891e275c4cf3df25 445a8881fc4a4c5ca4cb774fa807035e - - default default] Successfully bumped revision number for resource e3a9aaa8-6fcf-4d45-9068-e812e02caca2 (type: security_group_rules) to 0
2026-05-06 02:26:50.623 9 INFO neutron.db.ovn_revision_numbers_db [None req-d9c174af-2e12-493c-8d75-0f7d3700b67c e7b80ab7502e4d74a50e8933b57973fd b6f969ece206433590ed7cc34f64148f - - default default] Successfully bumped revision number for resource 901ac26c-b280-4634-8d74-56dbabda1305 (type: security_group_rules) to 0
2026-05-06 02:26:50.629 10 INFO neutron.api.wsgi [None req-42b95893-fb41-464b-8730-628fd4846126 93b0a81748d840fa891e275c4cf3df25 445a8881fc4a4c5ca4cb774fa807035e - - default default] 10.0.0.180 "GET /v2.0/security-groups?tenant_id=def44e907df14c8da4f2cd504be63ac3&name=default HTTP/1.1" status: 200 len: 3120 time: 0.3538620
2026-05-06 02:26:50.637 10 INFO neutron.api.wsgi [req-914cb9a0-0ec9-4cd9-af79-9ffbbb3c09b4 req-fc5e8f26-b2f5-41fe-8b99-be5ed83a4517 58968f79095b454ab5b686da975b3e59 d319262bf45540f1bd4fd0f68226ad1f - - default default] 10.0.0.158 "GET /v2.0/ports?device_id=d7b24f33-888f-4f77-9c81-cac6bbdaae07 HTTP/1.1" status: 200 len: 1172 time: 0.0710452
2026-05-06 02:26:50.658 9 INFO neutron.api.wsgi [None req-d9c174af-2e12-493c-8d75-0f7d3700b67c e7b80ab7502e4d74a50e8933b57973fd b6f969ece206433590ed7cc34f64148f - - default default] 10.0.0.180 "POST /v2.0/security-group-rules HTTP/1.1" status: 201 len: 801 time: 0.1441922
2026-05-06 02:26:50.668 10 WARNING neutron_lib.context [None req-c35b4b2f-76e3-4f44-b4c2-25f0e38a908a e7b80ab7502e4d74a50e8933b57973fd b6f969ece206433590ed7cc34f64148f - - default default] Method 'is_advsvc' is deprecated since 2023.2 release (neutron-lib 3.8.0) and will be removed once support for the old RBAC API policies will be removed from Neutron. Please use method 'is_service_role' instead.
2026-05-06 02:26:50.685 10 INFO neutron.api.wsgi [req-914cb9a0-0ec9-4cd9-af79-9ffbbb3c09b4 req-2e67ffc7-d656-4556-8017-d1005b4d5edd 58968f79095b454ab5b686da975b3e59 d319262bf45540f1bd4fd0f68226ad1f - - default default] 10.0.0.158 "GET /v2.0/security-groups?id=8d77af62-9653-4337-843b-05341be8c82e&fields=id&fields=name HTTP/1.1" status: 200 len: 312 time: 0.0410733
2026-05-06 02:26:50.816 9 INFO neutron.api.wsgi [None req-6c688993-dcb8-4071-ac57-60594dfc3881 93b0a81748d840fa891e275c4cf3df25 445a8881fc4a4c5ca4cb774fa807035e - - default default] 10.0.0.180 "DELETE /v2.0/security-groups/350e8354-454d-4ff5-86d3-3665f8b676a3 HTTP/1.1" status: 204 len: 168 time: 0.1817548
2026-05-06 02:26:50.874 10 WARNING neutron.scheduler.dhcp_agent_scheduler [None req-c35b4b2f-76e3-4f44-b4c2-25f0e38a908a e7b80ab7502e4d74a50e8933b57973fd b6f969ece206433590ed7cc34f64148f - - default default] No more DHCP agents
2026-05-06 02:26:50.875 10 WARNING neutron.api.rpc.agentnotifiers.dhcp_rpc_agent_api [None req-c35b4b2f-76e3-4f44-b4c2-25f0e38a908a e7b80ab7502e4d74a50e8933b57973fd b6f969ece206433590ed7cc34f64148f - - default default] Unable to schedule network 0d967536-1f8c-44e5-928e-07f7b2ec47c5: no agents available; will retry on subsequent port and subnet creation events.
2026-05-06 02:26:51.175 9 INFO neutron.api.wsgi [req-77a029bc-94c0-442f-a3ea-02814a85985f req-20e0a503-b793-4bc1-b68a-598bece05c02 6e06e34a6fc34dd4afd3bf20c4d619c5 a1adb1aa85144dbe9816ed33b03a82ad - - default default] 10.0.0.158 "GET /v2.0/ports?device_id=14441706-a43b-47ee-9a3b-3a7eaa5d2d54 HTTP/1.1" status: 200 len: 1168 time: 0.0727429
2026-05-06 02:26:51.203 10 INFO neutron.api.wsgi [None req-c35b4b2f-76e3-4f44-b4c2-25f0e38a908a e7b80ab7502e4d74a50e8933b57973fd b6f969ece206433590ed7cc34f64148f - - default default] 10.0.0.180 "POST /v2.0/floatingips HTTP/1.1" status: 201 len: 751 time: 0.5401530
2026-05-06 02:26:51.223 9 INFO neutron.api.wsgi [req-77a029bc-94c0-442f-a3ea-02814a85985f req-87a50326-0344-4d6b-928c-ffe0dc86dcb3 6e06e34a6fc34dd4afd3bf20c4d619c5 a1adb1aa85144dbe9816ed33b03a82ad - - default default] 10.0.0.158 "GET /v2.0/security-groups?id=10671758-d6ee-454f-a2f0-d67dcfe0d6bd&fields=id&fields=name HTTP/1.1" status: 200 len: 313 time: 0.0431852
