2026-05-06 02:28:02.665 9 INFO neutron.api.wsgi [req-ef8d3e9b-619e-41a8-a3c8-3232a2d66fe6 req-d2d2dd3f-e7d2-43ef-9bd7-49bf39f89bd3 59c423385cec40c3991acfec2745cb80 abd13e4f2c81458d87fc4fea0437bb69 - - 9bf3027721cb4fbcb27a3d86345af0c0 9bf3027721cb4fbcb27a3d86345af0c0] 199.19.213.65 "GET /v2.0/ports?network_id=0a191d16-7562-4664-8438-b24f17a26a30&device_owner=network%3Adhcp HTTP/1.1" status: 200 len: 210 time: 0.0158007
2026-05-06 02:28:02.670 10 WARNING neutron.scheduler.dhcp_agent_scheduler [None req-21c9aca7-bd4c-43e2-b7a3-cf1b30105399 e5d730694dd34a36a45847ebf47da1c9 6250263555304f97892fc2bd3490d3f9 - - default default] No more DHCP agents
2026-05-06 02:28:02.671 10 WARNING neutron.api.rpc.agentnotifiers.dhcp_rpc_agent_api [None req-21c9aca7-bd4c-43e2-b7a3-cf1b30105399 e5d730694dd34a36a45847ebf47da1c9 6250263555304f97892fc2bd3490d3f9 - - default default] Unable to schedule network c71b4fe8-f516-461e-a54c-9757241c47d6: no agents available; will retry on subsequent port and subnet creation events.
2026-05-06 02:28:02.704 9 INFO neutron.api.wsgi [req-ef8d3e9b-619e-41a8-a3c8-3232a2d66fe6 req-acf42cb9-9787-44c6-adf8-623f2ce81b38 59c423385cec40c3991acfec2745cb80 abd13e4f2c81458d87fc4fea0437bb69 - - 9bf3027721cb4fbcb27a3d86345af0c0 9bf3027721cb4fbcb27a3d86345af0c0] 199.19.213.65 "GET /v2.0/networks/0a191d16-7562-4664-8438-b24f17a26a30?fields=segments HTTP/1.1" status: 200 len: 212 time: 0.0349834
2026-05-06 02:28:02.754 9 INFO neutron.api.wsgi [req-ef8d3e9b-619e-41a8-a3c8-3232a2d66fe6 req-70622ba4-9961-45d9-ab05-33095d3d40be 59c423385cec40c3991acfec2745cb80 abd13e4f2c81458d87fc4fea0437bb69 - - 9bf3027721cb4fbcb27a3d86345af0c0 9bf3027721cb4fbcb27a3d86345af0c0] 199.19.213.65 "GET /v2.0/networks/0a191d16-7562-4664-8438-b24f17a26a30?fields=provider%3Aphysical_network&fields=provider%3Anetwork_type HTTP/1.1" status: 200 len: 277 time: 0.0439286
2026-05-06 02:28:02.805 10 INFO neutron.db.ovn_revision_numbers_db [None req-21c9aca7-bd4c-43e2-b7a3-cf1b30105399 e5d730694dd34a36a45847ebf47da1c9 6250263555304f97892fc2bd3490d3f9 - - default default] Successfully bumped revision number for resource c80f3b0f-a975-436e-95aa-35524a884029 (type: ports) to 1
2026-05-06 02:28:03.215 10 INFO neutron.plugins.ml2.drivers.ovn.mech_driver.mech_driver [None req-fcc7c5ae-9bba-4995-897a-e85f832cfe5c - - - - - -] OVN reports status up for port: c80f3b0f-a975-436e-95aa-35524a884029
2026-05-06 02:28:03.231 10 INFO neutron.plugins.ml2.plugin [None req-fcc7c5ae-9bba-4995-897a-e85f832cfe5c - - - - - -] Attempt 1 to provision port c80f3b0f-a975-436e-95aa-35524a884029
2026-05-06 02:28:03.247 10 INFO neutron.db.ovn_revision_numbers_db [None req-21c9aca7-bd4c-43e2-b7a3-cf1b30105399 e5d730694dd34a36a45847ebf47da1c9 6250263555304f97892fc2bd3490d3f9 - - default default] Successfully bumped revision number for resource c80f3b0f-a975-436e-95aa-35524a884029 (type: ports) to 1
2026-05-06 02:28:03.261 10 INFO neutron.api.wsgi [req-231aa1fc-73d8-4ccc-98cd-e1eae843b618 req-1320c199-a41e-4b53-ab0b-1dc3cc1585d5 5e9d488763af44408b7095f50e881712 4284248e61014a3f8a05ec0e0993cfaa - - default default] 10.0.0.158 "GET /v2.0/ports?device_id=04db4132-0d2c-4d7c-90f4-e864486d71de HTTP/1.1" status: 200 len: 1170 time: 0.0437505
2026-05-06 02:28:03.320 10 INFO neutron.api.wsgi [req-231aa1fc-73d8-4ccc-98cd-e1eae843b618 req-ab2d952a-72a7-43dd-b11b-39188cf8bf29 5e9d488763af44408b7095f50e881712 4284248e61014a3f8a05ec0e0993cfaa - - default default] 10.0.0.158 "GET /v2.0/security-groups?id=08ef3484-706c-4c25-833d-ec895d5e484f&fields=id&fields=name HTTP/1.1" status: 200 len: 286 time: 0.0501471
2026-05-06 02:28:03.349 10 WARNING neutron.scheduler.dhcp_agent_scheduler [None req-21c9aca7-bd4c-43e2-b7a3-cf1b30105399 e5d730694dd34a36a45847ebf47da1c9 6250263555304f97892fc2bd3490d3f9 - - default default] No more DHCP agents
2026-05-06 02:28:03.351 10 WARNING neutron.api.rpc.agentnotifiers.dhcp_rpc_agent_api [None req-21c9aca7-bd4c-43e2-b7a3-cf1b30105399 e5d730694dd34a36a45847ebf47da1c9 6250263555304f97892fc2bd3490d3f9 - - default default] Unable to schedule network c71b4fe8-f516-461e-a54c-9757241c47d6: no agents available; will retry on subsequent port and subnet creation events.
2026-05-06 02:28:03.597 10 INFO neutron.db.ovn_revision_numbers_db [None req-21c9aca7-bd4c-43e2-b7a3-cf1b30105399 e5d730694dd34a36a45847ebf47da1c9 6250263555304f97892fc2bd3490d3f9 - - default default] Successfully bumped revision number for resource c80f3b0f-a975-436e-95aa-35524a884029 (type: router_ports) to 1
2026-05-06 02:28:03.601 10 INFO neutron.api.wsgi [None req-21c9aca7-bd4c-43e2-b7a3-cf1b30105399 e5d730694dd34a36a45847ebf47da1c9 6250263555304f97892fc2bd3490d3f9 - - default default] 10.0.0.180 "PUT /v2.0/routers/ddede8d5-7db4-41d7-b6fb-319942a6042d/add_router_interface HTTP/1.1" status: 200 len: 503 time: 1.2643385
2026-05-06 02:28:03.685 10 INFO neutron.db.ovn_revision_numbers_db [None req-fcc7c5ae-9bba-4995-897a-e85f832cfe5c - - - - - -] Successfully bumped revision number for resource c80f3b0f-a975-436e-95aa-35524a884029 (type: ports) to 2
2026-05-06 02:28:03.692 9 INFO neutron.api.wsgi [None req-a68a2f88-0ed4-479d-b43a-5fccc2cd0bc1 e5d730694dd34a36a45847ebf47da1c9 6250263555304f97892fc2bd3490d3f9 - - default default] 10.0.0.180 "GET /v2.0/ports/c80f3b0f-a975-436e-95aa-35524a884029 HTTP/1.1" status: 200 len: 1137 time: 0.0860159
2026-05-06 02:28:04.007 10 INFO neutron.notifiers.nova [-] Nova event matching ['req-a9cb9fcd-abc2-4c83-a402-a71ef3104bf8'] response: {'server_uuid': '04db4132-0d2c-4d7c-90f4-e864486d71de', 'name': 'network-vif-plugged', 'status': 'completed', 'tag': '18971cff-a277-4f70-a590-c7745e23b443', 'code': 200}
2026-05-06 02:28:04.103 9 WARNING neutron.scheduler.dhcp_agent_scheduler [None req-92d37de5-1666-49d7-85f4-ea4d9d8d5ee0 e5d730694dd34a36a45847ebf47da1c9 6250263555304f97892fc2bd3490d3f9 - - default default] No more DHCP agents
2026-05-06 02:28:04.104 9 WARNING neutron.api.rpc.agentnotifiers.dhcp_rpc_agent_api [None req-92d37de5-1666-49d7-85f4-ea4d9d8d5ee0 e5d730694dd34a36a45847ebf47da1c9 6250263555304f97892fc2bd3490d3f9 - - default default] Unable to schedule network dfbbc66f-ae19-484c-a829-ce8bf5a8b486: no agents available; will retry on subsequent port and subnet creation events.
2026-05-06 02:28:04.224 9 INFO neutron.db.ovn_revision_numbers_db [None req-92d37de5-1666-49d7-85f4-ea4d9d8d5ee0 e5d730694dd34a36a45847ebf47da1c9 6250263555304f97892fc2bd3490d3f9 - - default default] Successfully bumped revision number for resource bc1dd7f4-3780-4f78-8367-467ecee96287 (type: ports) to 1
2026-05-06 02:28:04.319 9 INFO neutron.db.ovn_revision_numbers_db [None req-e130afc6-91d2-41e9-b753-812ed0ce23a8 93b0a81748d840fa891e275c4cf3df25 445a8881fc4a4c5ca4cb774fa807035e - - default default] Successfully bumped revision number for resource 62b1beef-225d-44e5-b138-163469221089 (type: security_groups) to 1
2026-05-06 02:28:04.332 9 INFO neutron.db.ovn_revision_numbers_db [None req-e130afc6-91d2-41e9-b753-812ed0ce23a8 93b0a81748d840fa891e275c4cf3df25 445a8881fc4a4c5ca4cb774fa807035e - - default default] Successfully bumped revision number for resource 033d10a7-9209-416d-b6ea-3c3b60c70a8b (type: security_group_rules) to 0
2026-05-06 02:28:04.346 9 INFO neutron.db.ovn_revision_numbers_db [None req-e130afc6-91d2-41e9-b753-812ed0ce23a8 93b0a81748d840fa891e275c4cf3df25 445a8881fc4a4c5ca4cb774fa807035e - - default default] Successfully bumped revision number for resource 4c7ef3fb-151e-4252-b08c-45815a8d873e (type: security_group_rules) to 0
2026-05-06 02:28:04.369 9 INFO neutron.db.ovn_revision_numbers_db [None req-e130afc6-91d2-41e9-b753-812ed0ce23a8 93b0a81748d840fa891e275c4cf3df25 445a8881fc4a4c5ca4cb774fa807035e - - default default] Successfully bumped revision number for resource 8fcd9b3f-4930-413b-ab64-a502b08aca5e (type: security_group_rules) to 0
2026-05-06 02:28:04.404 9 INFO neutron.db.ovn_revision_numbers_db [None req-e130afc6-91d2-41e9-b753-812ed0ce23a8 93b0a81748d840fa891e275c4cf3df25 445a8881fc4a4c5ca4cb774fa807035e - - default default] Successfully bumped revision number for resource e6a4f02f-d9cd-413b-9e83-da3cbd278cc0 (type: security_group_rules) to 0
2026-05-06 02:28:04.426 10 INFO neutron.api.wsgi [req-18388b89-4556-4e65-8d20-0483f054b8b5 req-314103be-3745-4e9c-9671-a4676b24a94a 5e9d488763af44408b7095f50e881712 4284248e61014a3f8a05ec0e0993cfaa - - default default] 10.0.0.158 "GET /v2.0/ports?device_id=04db4132-0d2c-4d7c-90f4-e864486d71de HTTP/1.1" status: 200 len: 1170 time: 0.0287936
2026-05-06 02:28:04.438 9 INFO neutron.api.wsgi [None req-e130afc6-91d2-41e9-b753-812ed0ce23a8 93b0a81748d840fa891e275c4cf3df25 445a8881fc4a4c5ca4cb774fa807035e - - default default] 10.0.0.180 "GET /v2.0/security-groups?tenant_id=61eb88b15f7741cda625f95a543d1c24&name=default HTTP/1.1" status: 200 len: 3120 time: 0.3430526
2026-05-06 02:28:04.491 10 INFO neutron.api.wsgi [req-18388b89-4556-4e65-8d20-0483f054b8b5 req-e872c16d-feb5-425e-a010-9fbbac493f60 5e9d488763af44408b7095f50e881712 4284248e61014a3f8a05ec0e0993cfaa - - default default] 10.0.0.158 "GET /v2.0/security-groups?id=08ef3484-706c-4c25-833d-ec895d5e484f&fields=id&fields=name HTTP/1.1" status: 200 len: 286 time: 0.0587883
2026-05-06 02:28:04.654 10 INFO neutron.api.wsgi [None req-cbb1b780-c1c7-4a0d-b731-e92aa766f790 93b0a81748d840fa891e275c4cf3df25 445a8881fc4a4c5ca4cb774fa807035e - - default default] 10.0.0.180 "DELETE /v2.0/security-groups/62b1beef-225d-44e5-b138-163469221089 HTTP/1.1" status: 204 len: 168 time: 0.2082534
2026-05-06 02:28:04.870 9 INFO neutron.api.wsgi [req-b4952c80-0603-4027-b092-11de943ddeb6 req-47d44a84-a196-4fb6-b673-b8b2e88ba86c 5e9d488763af44408b7095f50e881712 4284248e61014a3f8a05ec0e0993cfaa - - default default] 10.0.0.158 "GET /v2.0/ports?device_id=04db4132-0d2c-4d7c-90f4-e864486d71de HTTP/1.1" status: 200 len: 1170 time: 0.0818741
2026-05-06 02:28:04.907 9 INFO neutron.api.wsgi [req-b4952c80-0603-4027-b092-11de943ddeb6 req-21ea08d8-af84-47a4-bf18-e145796395c9 5e9d488763af44408b7095f50e881712 4284248e61014a3f8a05ec0e0993cfaa - - default default] 10.0.0.158 "GET /v2.0/security-groups?id=08ef3484-706c-4c25-833d-ec895d5e484f&fields=id&fields=name HTTP/1.1" status: 200 len: 286 time: 0.0309184
2026-05-06 02:28:04.985 9 INFO neutron.plugins.ml2.drivers.ovn.mech_driver.mech_driver [None req-674fc950-c3c8-4262-83e0-61c18c65feea - - - - - -] OVN reports status up for port: bc1dd7f4-3780-4f78-8367-467ecee96287
2026-05-06 02:28:04.993 9 INFO neutron.plugins.ml2.plugin [None req-674fc950-c3c8-4262-83e0-61c18c65feea - - - - - -] Attempt 1 to provision port bc1dd7f4-3780-4f78-8367-467ecee96287
2026-05-06 02:28:05.003 9 INFO neutron.db.ovn_revision_numbers_db [None req-92d37de5-1666-49d7-85f4-ea4d9d8d5ee0 e5d730694dd34a36a45847ebf47da1c9 6250263555304f97892fc2bd3490d3f9 - - default default] Successfully bumped revision number for resource bc1dd7f4-3780-4f78-8367-467ecee96287 (type: ports) to 1
2026-05-06 02:28:05.065 9 WARNING neutron.scheduler.dhcp_agent_scheduler [None req-92d37de5-1666-49d7-85f4-ea4d9d8d5ee0 e5d730694dd34a36a45847ebf47da1c9 6250263555304f97892fc2bd3490d3f9 - - default default] No more DHCP agents
2026-05-06 02:28:05.068 9 WARNING neutron.api.rpc.agentnotifiers.dhcp_rpc_agent_api [None req-92d37de5-1666-49d7-85f4-ea4d9d8d5ee0 e5d730694dd34a36a45847ebf47da1c9 6250263555304f97892fc2bd3490d3f9 - - default default] Unable to schedule network dfbbc66f-ae19-484c-a829-ce8bf5a8b486: no agents available; will retry on subsequent port and subnet creation events.
2026-05-06 02:28:05.297 9 INFO neutron.db.ovn_revision_numbers_db [None req-92d37de5-1666-49d7-85f4-ea4d9d8d5ee0 e5d730694dd34a36a45847ebf47da1c9 6250263555304f97892fc2bd3490d3f9 - - default default] Successfully bumped revision number for resource bc1dd7f4-3780-4f78-8367-467ecee96287 (type: router_ports) to 1
2026-05-06 02:28:05.301 9 INFO neutron.api.wsgi [None req-92d37de5-1666-49d7-85f4-ea4d9d8d5ee0 e5d730694dd34a36a45847ebf47da1c9 6250263555304f97892fc2bd3490d3f9 - - default default] 10.0.0.180 "PUT /v2.0/routers/ddede8d5-7db4-41d7-b6fb-319942a6042d/add_router_interface HTTP/1.1" status: 200 len: 503 time: 1.6049728
2026-05-06 02:28:05.351 10 INFO neutron.api.wsgi [None req-4fb6f5cd-b8c6-40b4-8131-bb232f3b9422 e5d730694dd34a36a45847ebf47da1c9 6250263555304f97892fc2bd3490d3f9 - - default default] 10.0.0.180 "GET /v2.0/ports/bc1dd7f4-3780-4f78-8367-467ecee96287 HTTP/1.1" status: 200 len: 1137 time: 0.0437164
2026-05-06 02:28:05.366 9 INFO neutron.db.ovn_revision_numbers_db [None req-674fc950-c3c8-4262-83e0-61c18c65feea - - - - - -] Successfully bumped revision number for resource bc1dd7f4-3780-4f78-8367-467ecee96287 (type: ports) to 2
2026-05-06 02:28:05.388 10 INFO neutron.api.wsgi [None req-dc62e13c-d16f-48fc-a0a2-17b36a22d00e e5d730694dd34a36a45847ebf47da1c9 6250263555304f97892fc2bd3490d3f9 - - default default] 10.0.0.180 "GET /v2.0/ports/bc1dd7f4-3780-4f78-8367-467ecee96287 HTTP/1.1" status: 200 len: 1137 time: 0.0312264
2026-05-06 02:28:05.914 10 INFO neutron.api.wsgi [None req-ceb0fcdc-59a1-489e-9763-6a389afdb811 e5d730694dd34a36a45847ebf47da1c9 6250263555304f97892fc2bd3490d3f9 - - default default] 10.0.0.180 "PUT /v2.0/routers/ddede8d5-7db4-41d7-b6fb-319942a6042d/remove_router_interface HTTP/1.1" status: 200 len: 503 time: 0.5208161 /var/lib/openstack/lib/python3.12/site-packages/pycadf/identifier.py:71: UserWarning: Invalid uuid: neutron. To ensure interoperability, identifiers should be a valid uuid. warnings.warn(('Invalid uuid: %s. To ensure interoperability, '
2026-05-06 02:28:06.001 10 INFO neutron.api.wsgi [None req-e15834c7-bf84-41fe-bccc-f2409bb7ebb7 e5d730694dd34a36a45847ebf47da1c9 6250263555304f97892fc2bd3490d3f9 - - default default] 10.0.0.180 "GET /v2.0/ports/c80f3b0f-a975-436e-95aa-35524a884029 HTTP/1.1" status: 200 len: 1137 time: 0.0819128
2026-05-06 02:28:06.031 10 INFO neutron.api.wsgi [req-f2fc66be-176d-4a0f-8f99-2f0caedb36c5 req-66c772a3-219c-4dce-8421-6229c391fdc6 5e9d488763af44408b7095f50e881712 4284248e61014a3f8a05ec0e0993cfaa - - default default] 10.0.0.158 "GET /v2.0/ports?device_id=04db4132-0d2c-4d7c-90f4-e864486d71de HTTP/1.1" status: 200 len: 1170 time: 0.0689259
2026-05-06 02:28:06.065 10 INFO neutron.api.wsgi [req-f2fc66be-176d-4a0f-8f99-2f0caedb36c5 req-4bda303e-9e31-4e75-b3d1-be8e3b5cbf36 5e9d488763af44408b7095f50e881712 4284248e61014a3f8a05ec0e0993cfaa - - default default] 10.0.0.158 "GET /v2.0/security-groups?id=08ef3484-706c-4c25-833d-ec895d5e484f&fields=id&fields=name HTTP/1.1" status: 200 len: 286 time: 0.0278552
2026-05-06 02:28:06.534 9 INFO neutron.api.wsgi [None req-0de4507c-c2ed-4cb8-8710-4bb73cba0e29 e5d730694dd34a36a45847ebf47da1c9 6250263555304f97892fc2bd3490d3f9 - - default default] 10.0.0.180 "PUT /v2.0/routers/ddede8d5-7db4-41d7-b6fb-319942a6042d/remove_router_interface HTTP/1.1" status: 200 len: 503 time: 0.5274870
2026-05-06 02:28:06.546 9 INFO neutron.api.wsgi [req-5e07d688-a3a5-4230-b119-87c6b0d20713 req-4d525a55-c4c2-4adb-86a8-70eb297ed345 5e9d488763af44408b7095f50e881712 4284248e61014a3f8a05ec0e0993cfaa - - default default] 199.19.213.65 "GET /v2.0/ports?device_id=04db4132-0d2c-4d7c-90f4-e864486d71de HTTP/1.1" status: 200 len: 1170 time: 0.0611668 /var/lib/openstack/lib/python3.12/site-packages/pycadf/identifier.py:71: UserWarning: Invalid uuid: neutron. To ensure interoperability, identifiers should be a valid uuid. warnings.warn(('Invalid uuid: %s. To ensure interoperability, '
2026-05-06 02:28:06.560 10 INFO neutron.api.wsgi [None req-1bd8c80a-5dcb-4a20-a196-3ea8686f3768 e5d730694dd34a36a45847ebf47da1c9 6250263555304f97892fc2bd3490d3f9 - - default default] 10.0.0.180 "GET /v2.0/ports?device_id=ddede8d5-7db4-41d7-b6fb-319942a6042d HTTP/1.1" status: 200 len: 205 time: 0.0211945
2026-05-06 02:28:06.746 10 INFO neutron.api.wsgi [None req-26fa0a18-4e7b-47ea-804a-a5427ed2096a e5d730694dd34a36a45847ebf47da1c9 6250263555304f97892fc2bd3490d3f9 - - default default] 10.0.0.180 "DELETE /v2.0/routers/ddede8d5-7db4-41d7-b6fb-319942a6042d HTTP/1.1" status: 204 len: 168 time: 0.1807077
2026-05-06 02:28:06.815 9 INFO neutron.api.wsgi [req-5e07d688-a3a5-4230-b119-87c6b0d20713 req-0fac5308-3edd-4e3c-b266-0162c0fc4787 5e9d488763af44408b7095f50e881712 4284248e61014a3f8a05ec0e0993cfaa - - default default] 199.19.213.65 "DELETE /v2.0/ports/18971cff-a277-4f70-a590-c7745e23b443 HTTP/1.1" status: 204 len: 173 time: 0.2629354
2026-05-06 02:28:06.843 9 INFO neutron.notifiers.nova [-] Nova event matching ['req-a8541d0c-f0d7-4dbe-93f1-c5a66598076c'] response: {'server_uuid': '04db4132-0d2c-4d7c-90f4-e864486d71de', 'name': 'network-vif-deleted', 'tag': '18971cff-a277-4f70-a590-c7745e23b443', 'status': 'completed', 'code': 200}
2026-05-06 02:28:06.887 10 INFO neutron.api.wsgi [None req-3473fbf8-fbae-44b8-988c-90bd66671fab e5d730694dd34a36a45847ebf47da1c9 6250263555304f97892fc2bd3490d3f9 - - default default] 10.0.0.180 "DELETE /v2.0/subnets/379eaabe-1732-40ee-9863-ca482423d7c2 HTTP/1.1" status: 204 len: 168 time: 0.1365788
2026-05-06 02:28:07.087 10 INFO neutron.api.wsgi [None req-f590b778-c505-4437-abf0-81ad232fbaa3 e5d730694dd34a36a45847ebf47da1c9 6250263555304f97892fc2bd3490d3f9 - - default default] 10.0.0.180 "DELETE /v2.0/subnets/2e1a5ca0-ce05-4e70-b82b-83d29a391905 HTTP/1.1" status: 204 len: 168 time: 0.1941531
2026-05-06 02:28:07.145 10 INFO neutron.api.wsgi [req-9cf73667-2bc6-4026-81d6-437bc71dbb0c req-a7af367f-5dd7-4863-a435-62eb1d91f663 5e9d488763af44408b7095f50e881712 4284248e61014a3f8a05ec0e0993cfaa - - default default] 10.0.0.158 "GET /v2.0/ports?device_id=04db4132-0d2c-4d7c-90f4-e864486d71de HTTP/1.1" status: 200 len: 210 time: 0.0221453
2026-05-06 02:28:07.353 10 INFO neutron.services.segments.plugin [-] Segment 35ab769d-59d9-404a-95b1-4671119893c8 resource provider aggregate not found
2026-05-06 02:28:07.356 10 INFO neutron.services.segments.plugin [-] Segment 35ab769d-59d9-404a-95b1-4671119893c8 resource provider aggregate not found
2026-05-06 02:28:07.368 10 INFO neutron.services.segments.plugin [-] Segment 35ab769d-59d9-404a-95b1-4671119893c8 resource provider not found; error: Placement Client Error (4xx): {"errors": [{"status": 404, "title": "Not Found", "detail": "The resource could not be found.\n\n No resource provider with uuid 35ab769d-59d9-404a-95b1-4671119893c8 found for delete ", "request_id": "req-e5044ce0-d80b-4495-97ee-471a41c3ca90"}]}
2026-05-06 02:28:07.370 10 INFO neutron.services.segments.plugin [-] Segment 35ab769d-59d9-404a-95b1-4671119893c8 resource provider not found; error: Placement Client Error (4xx): {"errors": [{"status": 404, "title": "Not Found", "detail": "The resource could not be found.\n\n No resource provider with uuid 35ab769d-59d9-404a-95b1-4671119893c8 found for delete ", "request_id": "req-b07ebb71-2486-4e4b-acf6-253d135f6c94"}]}
2026-05-06 02:28:07.389 10 INFO neutron.api.wsgi [None req-90e75483-9e30-45b4-a0b3-ec57ed67eef9 e5d730694dd34a36a45847ebf47da1c9 6250263555304f97892fc2bd3490d3f9 - - default default] 10.0.0.180 "DELETE /v2.0/networks/dfbbc66f-ae19-484c-a829-ce8bf5a8b486 HTTP/1.1" status: 204 len: 168 time: 0.2973056
2026-05-06 02:28:07.586 9 INFO neutron.api.wsgi [None req-dd1dd77b-48e2-4131-b88b-d6caad82211b ff0244b2c2ed4cf5b100db037ba295bc 8aa9c8d6cb244b1887804a05c9f05f45 - - default default] 10.0.0.63 "GET /v2.0/extensions HTTP/1.1" status: 200 len: 19298 time: 0.0920682
2026-05-06 02:28:07.651 10 INFO neutron.api.wsgi [None req-110de722-fb3f-4512-9393-c97b7363189e e5d730694dd34a36a45847ebf47da1c9 6250263555304f97892fc2bd3490d3f9 - - default default] 10.0.0.180 "DELETE /v2.0/networks/c71b4fe8-f516-461e-a54c-9757241c47d6 HTTP/1.1" status: 204 len: 168 time: 0.2588408
2026-05-06 02:28:07.660 10 WARNING neutron_lib.context [None req-649aef51-11b5-4493-b4f1-3d77ac5f675b e5d730694dd34a36a45847ebf47da1c9 6250263555304f97892fc2bd3490d3f9 - - default default] Method 'is_advsvc' is deprecated since 2023.2 release (neutron-lib 3.8.0) and will be removed once support for the old RBAC API policies will be removed from Neutron. Please use method 'is_service_role' instead.
2026-05-06 02:28:07.691 9 INFO neutron.api.wsgi [None req-61f72d3e-6007-4f6e-9298-a2b79c005fdc ff0244b2c2ed4cf5b100db037ba295bc 8aa9c8d6cb244b1887804a05c9f05f45 - - default default] 10.0.0.63 "GET /v2.0/quotas/8aa9c8d6cb244b1887804a05c9f05f45/details HTTP/1.1" status: 200 len: 1046 time: 0.0904140
2026-05-06 02:28:07.727 10 INFO neutron.db.segments_db [None req-649aef51-11b5-4493-b4f1-3d77ac5f675b e5d730694dd34a36a45847ebf47da1c9 6250263555304f97892fc2bd3490d3f9 - - default default] Added segment 91f4fbae-571a-45be-a4c5-3121ccede20e of type geneve for network 853ed8c8-aafa-4537-86ce-2ce964b0a747
2026-05-06 02:28:07.845 10 INFO neutron.db.ovn_revision_numbers_db [None req-649aef51-11b5-4493-b4f1-3d77ac5f675b e5d730694dd34a36a45847ebf47da1c9 6250263555304f97892fc2bd3490d3f9 - - default default] Successfully bumped revision number for resource 853ed8c8-aafa-4537-86ce-2ce964b0a747 (type: networks) to 1
2026-05-06 02:28:08.006 10 WARNING neutron.scheduler.dhcp_agent_scheduler [None req-649aef51-11b5-4493-b4f1-3d77ac5f675b e5d730694dd34a36a45847ebf47da1c9 6250263555304f97892fc2bd3490d3f9 - - default default] No more DHCP agents
2026-05-06 02:28:08.008 10 WARNING neutron.api.rpc.agentnotifiers.dhcp_rpc_agent_api [None req-649aef51-11b5-4493-b4f1-3d77ac5f675b e5d730694dd34a36a45847ebf47da1c9 6250263555304f97892fc2bd3490d3f9 - - default default] Unable to schedule network 853ed8c8-aafa-4537-86ce-2ce964b0a747: no agents available; will retry on subsequent port and subnet creation events.
2026-05-06 02:28:08.061 10 INFO neutron.db.ovn_revision_numbers_db [None req-649aef51-11b5-4493-b4f1-3d77ac5f675b e5d730694dd34a36a45847ebf47da1c9 6250263555304f97892fc2bd3490d3f9 - - default default] Successfully bumped revision number for resource 2d7cae9b-3ad2-4c32-ba92-01e9702103d2 (type: ports) to 1
2026-05-06 02:28:08.079 10 INFO neutron.api.wsgi [None req-649aef51-11b5-4493-b4f1-3d77ac5f675b e5d730694dd34a36a45847ebf47da1c9 6250263555304f97892fc2bd3490d3f9 - - default default] 10.0.0.180 "POST /v2.0/networks HTTP/1.1" status: 201 len: 829 time: 0.4219630
2026-05-06 02:28:08.088 10 WARNING neutron_lib.context [None req-0bb1f8ee-8b1a-4a95-8b65-9aa77de42c96 e5d730694dd34a36a45847ebf47da1c9 6250263555304f97892fc2bd3490d3f9 - - default default] Method 'is_advsvc' is deprecated since 2023.2 release (neutron-lib 3.8.0) and will be removed once support for the old RBAC API policies will be removed from Neutron. Please use method 'is_service_role' instead.
2026-05-06 02:28:08.232 9 INFO neutron.api.wsgi [req-9abd8f7e-6515-4dd4-a503-edb067594b83 req-b3f64a51-51b1-4b5a-b129-f6e0b4f3b800 5e9d488763af44408b7095f50e881712 4284248e61014a3f8a05ec0e0993cfaa - - default default] 10.0.0.158 "GET /v2.0/ports?device_id=04db4132-0d2c-4d7c-90f4-e864486d71de HTTP/1.1" status: 200 len: 210 time: 0.0205860
2026-05-06 02:28:08.264 10 WARNING neutron.scheduler.dhcp_agent_scheduler [None req-0bb1f8ee-8b1a-4a95-8b65-9aa77de42c96 e5d730694dd34a36a45847ebf47da1c9 6250263555304f97892fc2bd3490d3f9 - - default default] No more DHCP agents
2026-05-06 02:28:08.265 10 WARNING neutron.api.rpc.agentnotifiers.dhcp_rpc_agent_api [None req-0bb1f8ee-8b1a-4a95-8b65-9aa77de42c96 e5d730694dd34a36a45847ebf47da1c9 6250263555304f97892fc2bd3490d3f9 - - default default] Unable to schedule network 853ed8c8-aafa-4537-86ce-2ce964b0a747: no agents available; will retry on subsequent port and subnet creation events.
2026-05-06 02:28:08.623 10 INFO neutron.db.ovn_revision_numbers_db [None req-92258537-4463-4611-b0f1-69c7f0139ee3 - - - - - -] Successfully bumped revision number for resource 2d7cae9b-3ad2-4c32-ba92-01e9702103d2 (type: ports) to 2
2026-05-06 02:28:08.644 10 INFO neutron.db.ovn_revision_numbers_db [None req-92258537-4463-4611-b0f1-69c7f0139ee3 - - - - - -] Successfully bumped revision number for resource d24f665a-4d4d-47a7-ae84-681ae606acbe (type: subnets) to 0
2026-05-06 02:28:08.655 10 INFO neutron.api.wsgi [None req-0bb1f8ee-8b1a-4a95-8b65-9aa77de42c96 e5d730694dd34a36a45847ebf47da1c9 6250263555304f97892fc2bd3490d3f9 - - default default] 10.0.0.180 "POST /v2.0/subnets HTTP/1.1" status: 201 len: 825 time: 0.5705023
2026-05-06 02:28:08.662 10 WARNING neutron_lib.context [None req-6926615f-f6ce-4310-8059-71232ce1711f e5d730694dd34a36a45847ebf47da1c9 6250263555304f97892fc2bd3490d3f9 - - default default] Method 'is_advsvc' is deprecated since 2023.2 release (neutron-lib 3.8.0) and will be removed once support for the old RBAC API policies will be removed from Neutron. Please use method 'is_service_role' instead.
2026-05-06 02:28:08.740 10 INFO neutron.db.ovn_revision_numbers_db [None req-6926615f-f6ce-4310-8059-71232ce1711f e5d730694dd34a36a45847ebf47da1c9 6250263555304f97892fc2bd3490d3f9 - - default default] Successfully bumped revision number for resource 91282652-b379-4445-84bd-9318bd50de38 (type: routers) to 1
2026-05-06 02:28:08.754 10 INFO neutron.api.wsgi [None req-6926615f-f6ce-4310-8059-71232ce1711f e5d730694dd34a36a45847ebf47da1c9 6250263555304f97892fc2bd3490d3f9 - - default default] 10.0.0.180 "POST /v2.0/routers HTTP/1.1" status: 201 len: 801 time: 0.0948155
2026-05-06 02:28:08.764 9 WARNING neutron_lib.context [None req-2c0cdf6d-3cc7-439b-bc23-720420cb5ecb e5d730694dd34a36a45847ebf47da1c9 6250263555304f97892fc2bd3490d3f9 - - default default] Method 'is_advsvc' is deprecated since 2023.2 release (neutron-lib 3.8.0) and will be removed once support for the old RBAC API policies will be removed from Neutron. Please use method 'is_service_role' instead.
2026-05-06 02:28:09.038 9 WARNING neutron.scheduler.dhcp_agent_scheduler [None req-2c0cdf6d-3cc7-439b-bc23-720420cb5ecb e5d730694dd34a36a45847ebf47da1c9 6250263555304f97892fc2bd3490d3f9 - - default default] No more DHCP agents
2026-05-06 02:28:09.040 9 WARNING neutron.api.rpc.agentnotifiers.dhcp_rpc_agent_api [None req-2c0cdf6d-3cc7-439b-bc23-720420cb5ecb e5d730694dd34a36a45847ebf47da1c9 6250263555304f97892fc2bd3490d3f9 - - default default] Unable to schedule network 853ed8c8-aafa-4537-86ce-2ce964b0a747: no agents available; will retry on subsequent port and subnet creation events.
2026-05-06 02:28:09.086 10 WARNING neutron.plugins.ml2.drivers.ovn.mech_driver.ovsdb.ovn_client [None req-55dd658d-26bc-4f08-ad1c-9f690c54a5fc - - - - - -] No port found with ID c80f3b0f-a975-436e-95aa-35524a884029: RuntimeError: No port found with ID c80f3b0f-a975-436e-95aa-35524a884029
2026-05-06 02:28:09.110 10 INFO neutron.plugins.ml2.drivers.ovn.mech_driver.mech_driver [None req-55dd658d-26bc-4f08-ad1c-9f690c54a5fc - - - - - -] OVN reports status down for port: 18971cff-a277-4f70-a590-c7745e23b443
2026-05-06 02:28:09.168 9 INFO neutron.db.ovn_revision_numbers_db [None req-2c0cdf6d-3cc7-439b-bc23-720420cb5ecb e5d730694dd34a36a45847ebf47da1c9 6250263555304f97892fc2bd3490d3f9 - - default default] Successfully bumped revision number for resource aa1b20e0-e7a4-45eb-9125-425deac9d814 (type: ports) to 1
2026-05-06 02:28:09.190 9 INFO neutron.api.wsgi [None req-2c0cdf6d-3cc7-439b-bc23-720420cb5ecb e5d730694dd34a36a45847ebf47da1c9 6250263555304f97892fc2bd3490d3f9 - - default default] 10.0.0.180 "POST /v2.0/ports HTTP/1.1" status: 201 len: 1146 time: 0.4315782 /var/lib/openstack/lib/python3.12/site-packages/pycadf/identifier.py:71: UserWarning: Invalid uuid: neutron. To ensure interoperability, identifiers should be a valid uuid. warnings.warn(('Invalid uuid: %s. To ensure interoperability, '
2026-05-06 02:28:09.323 10 INFO neutron.api.wsgi [req-5bdf95ab-9518-41b1-b886-040329093325 req-ea30039e-b3d5-4302-a0bf-4c26f9138c87 5e9d488763af44408b7095f50e881712 4284248e61014a3f8a05ec0e0993cfaa - - default default] 10.0.0.158 "GET /v2.0/ports?device_id=04db4132-0d2c-4d7c-90f4-e864486d71de HTTP/1.1" status: 200 len: 210 time: 0.0173135
2026-05-06 02:28:09.383 10 INFO neutron.services.segments.plugin [-] Segment 7048b816-97fd-4c58-9ca3-cda8b93abcfa resource provider aggregate not found
2026-05-06 02:28:09.388 10 INFO neutron.services.segments.plugin [-] Segment 7048b816-97fd-4c58-9ca3-cda8b93abcfa resource provider aggregate not found
2026-05-06 02:28:09.396 10 INFO neutron.services.segments.plugin [-] Segment 7048b816-97fd-4c58-9ca3-cda8b93abcfa resource provider not found; error: Placement Client Error (4xx): {"errors": [{"status": 404, "title": "Not Found", "detail": "The resource could not be found.\n\n No resource provider with uuid 7048b816-97fd-4c58-9ca3-cda8b93abcfa found for delete ", "request_id": "req-87d7c707-b16a-4170-ba71-894ef2d52ce8"}]}
2026-05-06 02:28:09.401 10 INFO neutron.services.segments.plugin [-] Segment 7048b816-97fd-4c58-9ca3-cda8b93abcfa resource provider not found; error: Placement Client Error (4xx): {"errors": [{"status": 404, "title": "Not Found", "detail": "The resource could not be found.\n\n No resource provider with uuid 7048b816-97fd-4c58-9ca3-cda8b93abcfa found for delete ", "request_id": "req-c4c762e9-7805-4440-8a93-35501a23aeff"}]}
2026-05-06 02:28:09.446 10 INFO neutron.api.wsgi [None req-b4aeeed3-51af-48a1-a67c-f91d414e5636 ff0244b2c2ed4cf5b100db037ba295bc 8aa9c8d6cb244b1887804a05c9f05f45 - - default default] 10.0.0.63 "GET /v2.0/extensions HTTP/1.1" status: 200 len: 19298 time: 0.0084410
2026-05-06 02:28:09.542 10 INFO neutron.api.wsgi [None req-1e186a1d-6bc6-4df6-9661-f30537a7d373 ff0244b2c2ed4cf5b100db037ba295bc 8aa9c8d6cb244b1887804a05c9f05f45 - - default default] 10.0.0.63 "GET /v2.0/quotas/8aa9c8d6cb244b1887804a05c9f05f45/details HTTP/1.1" status: 200 len: 1046 time: 0.0834591
2026-05-06 02:28:09.617 9 INFO neutron.db.ovn_revision_numbers_db [None req-0f1f69be-9689-4647-8949-a7347be6e949 e5d730694dd34a36a45847ebf47da1c9 6250263555304f97892fc2bd3490d3f9 - - default default] Successfully bumped revision number for resource aa1b20e0-e7a4-45eb-9125-425deac9d814 (type: ports) to 2
2026-05-06 02:28:10.101 9 INFO neutron.db.ovn_revision_numbers_db [None req-0f1f69be-9689-4647-8949-a7347be6e949 e5d730694dd34a36a45847ebf47da1c9 6250263555304f97892fc2bd3490d3f9 - - default default] Successfully bumped revision number for resource aa1b20e0-e7a4-45eb-9125-425deac9d814 (type: ports) to 2
2026-05-06 02:28:10.174 9 WARNING neutron.scheduler.dhcp_agent_scheduler [None req-0f1f69be-9689-4647-8949-a7347be6e949 e5d730694dd34a36a45847ebf47da1c9 6250263555304f97892fc2bd3490d3f9 - - default default] No more DHCP agents
2026-05-06 02:28:10.175 9 WARNING neutron.api.rpc.agentnotifiers.dhcp_rpc_agent_api [None req-0f1f69be-9689-4647-8949-a7347be6e949 e5d730694dd34a36a45847ebf47da1c9 6250263555304f97892fc2bd3490d3f9 - - default default] Unable to schedule network 853ed8c8-aafa-4537-86ce-2ce964b0a747: no agents available; will retry on subsequent port and subnet creation events.
2026-05-06 02:28:10.426 9 INFO neutron.db.ovn_revision_numbers_db [None req-0f1f69be-9689-4647-8949-a7347be6e949 e5d730694dd34a36a45847ebf47da1c9 6250263555304f97892fc2bd3490d3f9 - - default default] Successfully bumped revision number for resource aa1b20e0-e7a4-45eb-9125-425deac9d814 (type: router_ports) to 2
2026-05-06 02:28:10.436 9 INFO neutron.api.wsgi [None req-0f1f69be-9689-4647-8949-a7347be6e949 e5d730694dd34a36a45847ebf47da1c9 6250263555304f97892fc2bd3490d3f9 - - default default] 10.0.0.180 "PUT /v2.0/routers/91282652-b379-4445-84bd-9318bd50de38/add_router_interface HTTP/1.1" status: 200 len: 503 time: 1.2395177
2026-05-06 02:28:10.493 10 INFO neutron.api.wsgi [None req-749004b0-1c31-4cb4-b3de-b603427fb3b8 e5d730694dd34a36a45847ebf47da1c9 6250263555304f97892fc2bd3490d3f9 - - default default] 10.0.0.180 "GET /v2.0/ports/aa1b20e0-e7a4-45eb-9125-425deac9d814 HTTP/1.1" status: 200 len: 1202 time: 0.0340681
2026-05-06 02:28:10.596 9 WARNING neutron.plugins.ml2.drivers.ovn.mech_driver.ovsdb.ovn_client [None req-25ae2456-3d15-4531-80a9-088ccd16f3f4 - - - - - -] No port found with ID bc1dd7f4-3780-4f78-8367-467ecee96287: RuntimeError: No port found with ID bc1dd7f4-3780-4f78-8367-467ecee96287
2026-05-06 02:28:10.617 9 INFO neutron.plugins.ml2.drivers.ovn.mech_driver.mech_driver [None req-25ae2456-3d15-4531-80a9-088ccd16f3f4 - - - - - -] OVN reports status up for port: aa1b20e0-e7a4-45eb-9125-425deac9d814
2026-05-06 02:28:10.622 9 INFO neutron.plugins.ml2.plugin [None req-25ae2456-3d15-4531-80a9-088ccd16f3f4 - - - - - -] Attempt 1 to provision port aa1b20e0-e7a4-45eb-9125-425deac9d814
2026-05-06 02:28:10.944 9 INFO neutron.db.ovn_revision_numbers_db [None req-25ae2456-3d15-4531-80a9-088ccd16f3f4 - - - - - -] Successfully bumped revision number for resource aa1b20e0-e7a4-45eb-9125-425deac9d814 (type: ports) to 3 /var/lib/openstack/lib/python3.12/site-packages/pycadf/identifier.py:71: UserWarning: Invalid uuid: neutron. To ensure interoperability, identifiers should be a valid uuid. warnings.warn(('Invalid uuid: %s. To ensure interoperability, '
2026-05-06 02:28:11.401 10 INFO neutron.api.wsgi [None req-a3f2a004-58b7-446d-9b9c-238fdff73327 e5d730694dd34a36a45847ebf47da1c9 6250263555304f97892fc2bd3490d3f9 - - default default] 10.0.0.180 "PUT /v2.0/routers/91282652-b379-4445-84bd-9318bd50de38/remove_router_interface HTTP/1.1" status: 200 len: 503 time: 0.9035542
2026-05-06 02:28:11.445 9 INFO neutron.api.wsgi [req-ed8a1d44-9eae-4b3e-b960-b80b43e7dfa5 req-035aa83a-275d-4839-9630-55a03ce6a250 59c423385cec40c3991acfec2745cb80 abd13e4f2c81458d87fc4fea0437bb69 - - 9bf3027721cb4fbcb27a3d86345af0c0 9bf3027721cb4fbcb27a3d86345af0c0] 10.0.0.148 "GET /v2.0/ports?device_id=d0202d31-4b6f-40b2-b08a-bf1ee0159c7c HTTP/1.1" status: 200 len: 1409 time: 0.3306878
2026-05-06 02:28:11.463 9 INFO neutron.api.v2.resource [None req-a0087938-fa2a-4008-bdbd-0445c281c2c4 e5d730694dd34a36a45847ebf47da1c9 6250263555304f97892fc2bd3490d3f9 - - default default] remove_router_interface failed (client error): The resource could not be found.
2026-05-06 02:28:11.464 9 INFO neutron.api.wsgi [None req-a0087938-fa2a-4008-bdbd-0445c281c2c4 e5d730694dd34a36a45847ebf47da1c9 6250263555304f97892fc2bd3490d3f9 - - default default] 10.0.0.180 "PUT /v2.0/routers/91282652-b379-4445-84bd-9318bd50de38/remove_router_interface HTTP/1.1" status: 404 len: 398 time: 0.0594661 /var/lib/openstack/lib/python3.12/site-packages/pycadf/identifier.py:71: UserWarning: Invalid uuid: neutron. To ensure interoperability, identifiers should be a valid uuid. warnings.warn(('Invalid uuid: %s. To ensure interoperability, '
2026-05-06 02:28:11.483 9 INFO neutron.api.wsgi [req-ed8a1d44-9eae-4b3e-b960-b80b43e7dfa5 req-28190710-89a8-41f7-84e3-697882173db5 59c423385cec40c3991acfec2745cb80 abd13e4f2c81458d87fc4fea0437bb69 - - 9bf3027721cb4fbcb27a3d86345af0c0 9bf3027721cb4fbcb27a3d86345af0c0] 10.0.0.148 "GET /v2.0/security-groups?id=1c7ed98b-e3f1-47cc-b04f-7fcb346ab20b&fields=id&fields=name HTTP/1.1" status: 200 len: 312 time: 0.0282364
2026-05-06 02:28:11.484 10 INFO neutron.api.wsgi [None req-a347d554-430d-4ad4-b697-074258905103 e5d730694dd34a36a45847ebf47da1c9 6250263555304f97892fc2bd3490d3f9 - - default default] 10.0.0.180 "GET /v2.0/ports?device_id=91282652-b379-4445-84bd-9318bd50de38 HTTP/1.1" status: 200 len: 205 time: 0.0148082
2026-05-06 02:28:11.648 9 INFO neutron.api.wsgi [None req-208f87c1-6b07-41af-8635-0d80f1c93c25 e5d730694dd34a36a45847ebf47da1c9 6250263555304f97892fc2bd3490d3f9 - - default default] 10.0.0.180 "DELETE /v2.0/routers/91282652-b379-4445-84bd-9318bd50de38 HTTP/1.1" status: 204 len: 168 time: 0.1601880
2026-05-06 02:28:11.695 10 INFO neutron.api.wsgi [None req-81fefb2c-e3c1-4c4e-a526-6bf0c8b9233f 93b0a81748d840fa891e275c4cf3df25 445a8881fc4a4c5ca4cb774fa807035e - - default default] 10.0.0.180 "PUT /v2.0/routers/b8d3459d-b13e-416b-a59b-0609af5b2132/remove_router_interface HTTP/1.1" status: 200 len: 503 time: 1.3219090 /var/lib/openstack/lib/python3.12/site-packages/pycadf/identifier.py:71: UserWarning: Invalid uuid: neutron. To ensure interoperability, identifiers should be a valid uuid. warnings.warn(('Invalid uuid: %s. To ensure interoperability, '
2026-05-06 02:28:11.729 9 INFO neutron.db.ovn_revision_numbers_db [None req-c9552221-054d-4142-a37f-1aac16194e91 93b0a81748d840fa891e275c4cf3df25 445a8881fc4a4c5ca4cb774fa807035e - - default default] Successfully bumped revision number for resource fc633c08-83d1-4db0-98aa-8595788b90b3 (type: security_groups) to 1
2026-05-06 02:28:11.746 9 INFO neutron.db.ovn_revision_numbers_db [None req-c9552221-054d-4142-a37f-1aac16194e91 93b0a81748d840fa891e275c4cf3df25 445a8881fc4a4c5ca4cb774fa807035e - - default default] Successfully bumped revision number for resource 0aa3d8fb-949b-416a-966d-790bcd6d19d4 (type: security_group_rules) to 0
2026-05-06 02:28:11.763 9 INFO neutron.db.ovn_revision_numbers_db [None req-c9552221-054d-4142-a37f-1aac16194e91 93b0a81748d840fa891e275c4cf3df25 445a8881fc4a4c5ca4cb774fa807035e - - default default] Successfully bumped revision number for resource 4219762a-b9ee-452d-b9aa-113c4452b7de (type: security_group_rules) to 0
2026-05-06 02:28:11.779 9 INFO neutron.db.ovn_revision_numbers_db [None req-c9552221-054d-4142-a37f-1aac16194e91 93b0a81748d840fa891e275c4cf3df25 445a8881fc4a4c5ca4cb774fa807035e - - default default] Successfully bumped revision number for resource 5e81dcb4-3376-478a-b60f-3529e4175e9b (type: security_group_rules) to 0
2026-05-06 02:28:11.792 9 INFO neutron.db.ovn_revision_numbers_db [None req-c9552221-054d-4142-a37f-1aac16194e91 93b0a81748d840fa891e275c4cf3df25 445a8881fc4a4c5ca4cb774fa807035e - - default default] Successfully bumped revision number for resource b46bed5e-16ee-4a4f-8aeb-c2ffc29a6ed6 (type: security_group_rules) to 0
2026-05-06 02:28:11.821 9 INFO neutron.api.wsgi [None req-a2fc3ae5-a891-4d2c-9f77-6f5bc3e094f3 e5d730694dd34a36a45847ebf47da1c9 6250263555304f97892fc2bd3490d3f9 - - default default] 10.0.0.180 "DELETE /v2.0/subnets/d24f665a-4d4d-47a7-ae84-681ae606acbe HTTP/1.1" status: 204 len: 168 time: 0.1671495
2026-05-06 02:28:11.827 9 INFO neutron.api.wsgi [None req-c9552221-054d-4142-a37f-1aac16194e91 93b0a81748d840fa891e275c4cf3df25 445a8881fc4a4c5ca4cb774fa807035e - - default default] 10.0.0.180 "GET /v2.0/security-groups?tenant_id=8aa9c8d6cb244b1887804a05c9f05f45&name=default HTTP/1.1" status: 200 len: 3120 time: 0.3012514
2026-05-06 02:28:12.155 10 INFO neutron.api.wsgi [None req-34f4d074-07bf-4113-a4d3-45d4ae81dd64 93b0a81748d840fa891e275c4cf3df25 445a8881fc4a4c5ca4cb774fa807035e - - default default] 10.0.0.180 "DELETE /v2.0/security-groups/fc633c08-83d1-4db0-98aa-8595788b90b3 HTTP/1.1" status: 204 len: 168 time: 0.3225408
2026-05-06 02:28:12.195 10 INFO neutron.services.segments.plugin [-] Segment 91f4fbae-571a-45be-a4c5-3121ccede20e resource provider aggregate not found
2026-05-06 02:28:12.198 10 INFO neutron.services.segments.plugin [-] Segment 91f4fbae-571a-45be-a4c5-3121ccede20e resource provider aggregate not found
2026-05-06 02:28:12.213 10 INFO neutron.services.segments.plugin [-] Segment 91f4fbae-571a-45be-a4c5-3121ccede20e resource provider not found; error: Placement Client Error (4xx): {"errors": [{"status": 404, "title": "Not Found", "detail": "The resource could not be found.\n\n No resource provider with uuid 91f4fbae-571a-45be-a4c5-3121ccede20e found for delete ", "request_id": "req-10c2fec9-2838-4f15-bf45-c721b04d8f78"}]}
2026-05-06 02:28:12.219 10 INFO neutron.services.segments.plugin [-] Segment 91f4fbae-571a-45be-a4c5-3121ccede20e resource provider not found; error: Placement Client Error (4xx): {"errors": [{"status": 404, "title": "Not Found", "detail": "The resource could not be found.\n\n No resource provider with uuid 91f4fbae-571a-45be-a4c5-3121ccede20e found for delete ", "request_id": "req-b09205a6-7b36-402f-84ce-0e556e41c94c"}]}
2026-05-06 02:28:12.230 10 INFO neutron.api.wsgi [None req-32fe04bf-02b5-46c2-b8ff-9e099af5dc6b e5d730694dd34a36a45847ebf47da1c9 6250263555304f97892fc2bd3490d3f9 - - default default] 10.0.0.180 "DELETE /v2.0/networks/853ed8c8-aafa-4537-86ce-2ce964b0a747 HTTP/1.1" status: 204 len: 168 time: 0.4032702
2026-05-06 02:28:12.247 9 WARNING neutron_lib.context [None req-cf665383-a951-48fa-8e43-3117cb76b802 e5d730694dd34a36a45847ebf47da1c9 6250263555304f97892fc2bd3490d3f9 - - default default] Method 'is_advsvc' is deprecated since 2023.2 release (neutron-lib 3.8.0) and will be removed once support for the old RBAC API policies will be removed from Neutron. Please use method 'is_service_role' instead.
2026-05-06 02:28:12.329 9 INFO neutron.db.segments_db [None req-cf665383-a951-48fa-8e43-3117cb76b802 e5d730694dd34a36a45847ebf47da1c9 6250263555304f97892fc2bd3490d3f9 - - default default] Added segment 389da285-8c9c-4815-b0f9-27145b2ccc67 of type geneve for network 5941e05e-0e55-492b-a19b-3df159bb1419
2026-05-06 02:28:12.378 10 INFO neutron.api.wsgi [None req-6167ed9f-e44d-4176-a14e-2252f45375da 93b0a81748d840fa891e275c4cf3df25 445a8881fc4a4c5ca4cb774fa807035e - - default default] 10.0.0.180 "DELETE /v2.0/routers/b8d3459d-b13e-416b-a59b-0609af5b2132 HTTP/1.1" status: 204 len: 168 time: 0.6784747
2026-05-06 02:28:12.469 9 INFO neutron.db.ovn_revision_numbers_db [None req-cf665383-a951-48fa-8e43-3117cb76b802 e5d730694dd34a36a45847ebf47da1c9 6250263555304f97892fc2bd3490d3f9 - - default default] Successfully bumped revision number for resource 5941e05e-0e55-492b-a19b-3df159bb1419 (type: networks) to 1
2026-05-06 02:28:12.519 10 INFO neutron.api.wsgi [None req-8ebf8bf8-5f95-4fe9-8832-e237eb357adc 93b0a81748d840fa891e275c4cf3df25 445a8881fc4a4c5ca4cb774fa807035e - - default default] 10.0.0.180 "DELETE /v2.0/subnets/5ec8819c-11cd-4ce2-9468-c4d5bc019428 HTTP/1.1" status: 204 len: 168 time: 0.1364493
2026-05-06 02:28:12.622 9 WARNING neutron.scheduler.dhcp_agent_scheduler [None req-cf665383-a951-48fa-8e43-3117cb76b802 e5d730694dd34a36a45847ebf47da1c9 6250263555304f97892fc2bd3490d3f9 - - default default] No more DHCP agents
2026-05-06 02:28:12.624 9 WARNING neutron.api.rpc.agentnotifiers.dhcp_rpc_agent_api [None req-cf665383-a951-48fa-8e43-3117cb76b802 e5d730694dd34a36a45847ebf47da1c9 6250263555304f97892fc2bd3490d3f9 - - default default] Unable to schedule network 5941e05e-0e55-492b-a19b-3df159bb1419: no agents available; will retry on subsequent port and subnet creation events.
2026-05-06 02:28:12.685 9 INFO neutron.db.ovn_revision_numbers_db [None req-cf665383-a951-48fa-8e43-3117cb76b802 e5d730694dd34a36a45847ebf47da1c9 6250263555304f97892fc2bd3490d3f9 - - default default] Successfully bumped revision number for resource 902c1fa6-4eac-4896-949b-8a36c08917b3 (type: ports) to 1
2026-05-06 02:28:12.707 9 INFO neutron.api.wsgi [None req-cf665383-a951-48fa-8e43-3117cb76b802 e5d730694dd34a36a45847ebf47da1c9 6250263555304f97892fc2bd3490d3f9 - - default default] 10.0.0.180 "POST /v2.0/networks HTTP/1.1" status: 201 len: 829 time: 0.4665265
2026-05-06 02:28:12.715 9 WARNING neutron_lib.context [None req-3bca604e-9026-4ad6-bd87-85373cc90a02 e5d730694dd34a36a45847ebf47da1c9 6250263555304f97892fc2bd3490d3f9 - - default default] Method 'is_advsvc' is deprecated since 2023.2 release (neutron-lib 3.8.0) and will be removed once support for the old RBAC API policies will be removed from Neutron. Please use method 'is_service_role' instead.
2026-05-06 02:28:12.826 10 INFO neutron.api.wsgi [None req-fe41bbee-bb7f-4109-b39d-66cb9f849c60 93b0a81748d840fa891e275c4cf3df25 445a8881fc4a4c5ca4cb774fa807035e - - default default] 10.0.0.180 "DELETE /v2.0/networks/ded2a42f-07b5-4bea-8c0b-788a7e9d0e6c HTTP/1.1" status: 204 len: 168 time: 0.3032618
2026-05-06 02:28:12.926 9 WARNING neutron.scheduler.dhcp_agent_scheduler [None req-3bca604e-9026-4ad6-bd87-85373cc90a02 e5d730694dd34a36a45847ebf47da1c9 6250263555304f97892fc2bd3490d3f9 - - default default] No more DHCP agents
2026-05-06 02:28:12.929 9 WARNING neutron.api.rpc.agentnotifiers.dhcp_rpc_agent_api [None req-3bca604e-9026-4ad6-bd87-85373cc90a02 e5d730694dd34a36a45847ebf47da1c9 6250263555304f97892fc2bd3490d3f9 - - default default] Unable to schedule network 5941e05e-0e55-492b-a19b-3df159bb1419: no agents available; will retry on subsequent port and subnet creation events.
2026-05-06 02:28:12.950 9 INFO neutron.api.wsgi [None req-55bb3007-6e3b-4377-aae8-803be68020c1 93b0a81748d840fa891e275c4cf3df25 445a8881fc4a4c5ca4cb774fa807035e - - default default] 10.0.0.180 "GET /v2.0/security-groups?tenant_id=4284248e61014a3f8a05ec0e0993cfaa&name=default HTTP/1.1" status: 200 len: 3120 time: 0.0375590
2026-05-06 02:28:13.199 9 INFO neutron.api.wsgi [None req-ddf66fa3-efe0-4cd8-a065-680505643766 93b0a81748d840fa891e275c4cf3df25 445a8881fc4a4c5ca4cb774fa807035e - - default default] 10.0.0.180 "DELETE /v2.0/security-groups/08ef3484-706c-4c25-833d-ec895d5e484f HTTP/1.1" status: 204 len: 168 time: 0.2426577
2026-05-06 02:28:13.385 9 INFO neutron.db.ovn_revision_numbers_db [None req-dd22c495-7a2c-49d1-83cb-e0260e213312 - - - - - -] Successfully bumped revision number for resource 902c1fa6-4eac-4896-949b-8a36c08917b3 (type: ports) to 2
2026-05-06 02:28:13.412 9 INFO neutron.db.ovn_revision_numbers_db [None req-dd22c495-7a2c-49d1-83cb-e0260e213312 - - - - - -] Successfully bumped revision number for resource 3d3b2796-bd30-47fa-8db4-f916d946ca51 (type: subnets) to 0
2026-05-06 02:28:13.434 9 INFO neutron.api.wsgi [None req-3bca604e-9026-4ad6-bd87-85373cc90a02 e5d730694dd34a36a45847ebf47da1c9 6250263555304f97892fc2bd3490d3f9 - - default default] 10.0.0.180 "POST /v2.0/subnets HTTP/1.1" status: 201 len: 825 time: 0.7235758
2026-05-06 02:28:13.442 9 WARNING neutron_lib.context [None req-d695b30a-458d-4be6-a628-d8c39ea1aa36 e5d730694dd34a36a45847ebf47da1c9 6250263555304f97892fc2bd3490d3f9 - - default default] Method 'is_advsvc' is deprecated since 2023.2 release (neutron-lib 3.8.0) and will be removed once support for the old RBAC API policies will be removed from Neutron. Please use method 'is_service_role' instead.
2026-05-06 02:28:13.523 9 INFO neutron.db.ovn_revision_numbers_db [None req-d695b30a-458d-4be6-a628-d8c39ea1aa36 e5d730694dd34a36a45847ebf47da1c9 6250263555304f97892fc2bd3490d3f9 - - default default] Successfully bumped revision number for resource 95075ed0-a8a1-4a1e-a428-8fffd3648841 (type: routers) to 1
2026-05-06 02:28:13.539 9 INFO neutron.api.wsgi [None req-d695b30a-458d-4be6-a628-d8c39ea1aa36 e5d730694dd34a36a45847ebf47da1c9 6250263555304f97892fc2bd3490d3f9 - - default default] 10.0.0.180 "POST /v2.0/routers HTTP/1.1" status: 201 len: 801 time: 0.1014595
2026-05-06 02:28:13.845 9 WARNING neutron.scheduler.dhcp_agent_scheduler [None req-2ecbc32d-9135-4e11-9cdf-fc131b1904e0 e5d730694dd34a36a45847ebf47da1c9 6250263555304f97892fc2bd3490d3f9 - - default default] No more DHCP agents
2026-05-06 02:28:13.846 9 WARNING neutron.api.rpc.agentnotifiers.dhcp_rpc_agent_api [None req-2ecbc32d-9135-4e11-9cdf-fc131b1904e0 e5d730694dd34a36a45847ebf47da1c9 6250263555304f97892fc2bd3490d3f9 - - default default] Unable to schedule network 5941e05e-0e55-492b-a19b-3df159bb1419: no agents available; will retry on subsequent port and subnet creation events.
2026-05-06 02:28:13.958 9 INFO neutron.db.ovn_revision_numbers_db [None req-2ecbc32d-9135-4e11-9cdf-fc131b1904e0 e5d730694dd34a36a45847ebf47da1c9 6250263555304f97892fc2bd3490d3f9 - - default default] Successfully bumped revision number for resource 95212d53-5a54-4d5d-8151-cdfe81f14210 (type: ports) to 1
2026-05-06 02:28:14.234 10 INFO neutron.services.segments.plugin [-] Segment 64016344-a4e2-40ec-afc3-8f6203e9e786 resource provider aggregate not found
2026-05-06 02:28:14.239 10 INFO neutron.services.segments.plugin [-] Segment 64016344-a4e2-40ec-afc3-8f6203e9e786 resource provider aggregate not found
2026-05-06 02:28:14.251 10 INFO neutron.services.segments.plugin [-] Segment 64016344-a4e2-40ec-afc3-8f6203e9e786 resource provider not found; error: Placement Client Error (4xx): {"errors": [{"status": 404, "title": "Not Found", "detail": "The resource could not be found.\n\n No resource provider with uuid 64016344-a4e2-40ec-afc3-8f6203e9e786 found for delete ", "request_id": "req-0addd4be-c203-49b1-8c6e-904f9de03f5c"}]}
2026-05-06 02:28:14.256 10 INFO neutron.services.segments.plugin [-] Segment 64016344-a4e2-40ec-afc3-8f6203e9e786 resource provider not found; error: Placement Client Error (4xx): {"errors": [{"status": 404, "title": "Not Found", "detail": "The resource could not be found.\n\n No resource provider with uuid 64016344-a4e2-40ec-afc3-8f6203e9e786 found for delete ", "request_id": "req-8900500c-4322-4812-9bf1-ea2045cf46f8"}]}
2026-05-06 02:28:14.361 9 INFO neutron.db.ovn_revision_numbers_db [None req-2ecbc32d-9135-4e11-9cdf-fc131b1904e0 e5d730694dd34a36a45847ebf47da1c9 6250263555304f97892fc2bd3490d3f9 - - default default] Successfully bumped revision number for resource 95212d53-5a54-4d5d-8151-cdfe81f14210 (type: ports) to 1
2026-05-06 02:28:14.399 9 WARNING neutron.scheduler.dhcp_agent_scheduler [None req-2ecbc32d-9135-4e11-9cdf-fc131b1904e0 e5d730694dd34a36a45847ebf47da1c9 6250263555304f97892fc2bd3490d3f9 - - default default] No more DHCP agents
2026-05-06 02:28:14.400 9 WARNING neutron.api.rpc.agentnotifiers.dhcp_rpc_agent_api [None req-2ecbc32d-9135-4e11-9cdf-fc131b1904e0 e5d730694dd34a36a45847ebf47da1c9 6250263555304f97892fc2bd3490d3f9 - - default default] Unable to schedule network 5941e05e-0e55-492b-a19b-3df159bb1419: no agents available; will retry on subsequent port and subnet creation events.
2026-05-06 02:28:14.578 9 INFO neutron.db.ovn_revision_numbers_db [None req-2ecbc32d-9135-4e11-9cdf-fc131b1904e0 e5d730694dd34a36a45847ebf47da1c9 6250263555304f97892fc2bd3490d3f9 - - default default] Successfully bumped revision number for resource 95212d53-5a54-4d5d-8151-cdfe81f14210 (type: router_ports) to 1
2026-05-06 02:28:14.584 9 INFO neutron.api.wsgi [None req-2ecbc32d-9135-4e11-9cdf-fc131b1904e0 e5d730694dd34a36a45847ebf47da1c9 6250263555304f97892fc2bd3490d3f9 - - default default] 10.0.0.180 "PUT /v2.0/routers/95075ed0-a8a1-4a1e-a428-8fffd3648841/add_router_interface HTTP/1.1" status: 200 len: 503 time: 1.0393193
