2026-05-06 02:27:07.263 10 INFO neutron.db.segments_db [None req-f2c53fbc-2229-4f3b-8477-3f5cc5fad9cf f6cd630bdb024e3da523f290b8700630 1a4100d30a144325b70441ef7b824786 - - default default] Added segment eac76c6b-841b-4bae-9080-66f282a99fd0 of type geneve for network ece869d5-787a-4738-8195-ade94177580d
2026-05-06 02:27:07.283 9 INFO neutron.api.wsgi [req-d428dada-2c1d-4d87-a785-c7f3413eeeb2 req-69186f48-8cd7-4f57-a2a5-d6592fd189d6 59c423385cec40c3991acfec2745cb80 abd13e4f2c81458d87fc4fea0437bb69 - - 9bf3027721cb4fbcb27a3d86345af0c0 9bf3027721cb4fbcb27a3d86345af0c0] 199.19.213.65 "GET /v2.0/networks?id=1c8cb8d0-dace-419b-bcf7-c32418f4a683 HTTP/1.1" status: 200 len: 982 time: 0.0478973
2026-05-06 02:27:07.328 9 INFO neutron.api.wsgi [req-d428dada-2c1d-4d87-a785-c7f3413eeeb2 req-0ddd8fb4-6bbb-482d-864e-0ecc0b711ab1 59c423385cec40c3991acfec2745cb80 abd13e4f2c81458d87fc4fea0437bb69 - - 9bf3027721cb4fbcb27a3d86345af0c0 9bf3027721cb4fbcb27a3d86345af0c0] 199.19.213.65 "GET /v2.0/floatingips?fixed_ip_address=10.100.0.14&port_id=88efe34a-85ba-44c0-a5b5-92b080f836ad HTTP/1.1" status: 200 len: 1060 time: 0.0401967
2026-05-06 02:27:07.355 10 INFO neutron.db.ovn_revision_numbers_db [None req-f2c53fbc-2229-4f3b-8477-3f5cc5fad9cf f6cd630bdb024e3da523f290b8700630 1a4100d30a144325b70441ef7b824786 - - default default] Successfully bumped revision number for resource ece869d5-787a-4738-8195-ade94177580d (type: networks) to 1
2026-05-06 02:27:07.360 9 INFO neutron.api.wsgi [req-d428dada-2c1d-4d87-a785-c7f3413eeeb2 req-88c04426-544d-4510-81ca-cfebbad67811 59c423385cec40c3991acfec2745cb80 abd13e4f2c81458d87fc4fea0437bb69 - - 9bf3027721cb4fbcb27a3d86345af0c0 9bf3027721cb4fbcb27a3d86345af0c0] 199.19.213.65 "GET /v2.0/subnets?id=81438f61-34fc-435f-8216-da89653474fb HTTP/1.1" status: 200 len: 901 time: 0.0243351
2026-05-06 02:27:07.383 9 INFO neutron.api.wsgi [req-d428dada-2c1d-4d87-a785-c7f3413eeeb2 req-385ede19-7bbf-49d0-916e-66263526b274 59c423385cec40c3991acfec2745cb80 abd13e4f2c81458d87fc4fea0437bb69 - - 9bf3027721cb4fbcb27a3d86345af0c0 9bf3027721cb4fbcb27a3d86345af0c0] 199.19.213.65 "GET /v2.0/ports?network_id=1c8cb8d0-dace-419b-bcf7-c32418f4a683&device_owner=network%3Adhcp HTTP/1.1" status: 200 len: 210 time: 0.0168993
2026-05-06 02:27:07.430 9 INFO neutron.api.wsgi [req-d428dada-2c1d-4d87-a785-c7f3413eeeb2 req-81e78966-c20d-42f0-ac16-26b1981fe53c 59c423385cec40c3991acfec2745cb80 abd13e4f2c81458d87fc4fea0437bb69 - - 9bf3027721cb4fbcb27a3d86345af0c0 9bf3027721cb4fbcb27a3d86345af0c0] 199.19.213.65 "GET /v2.0/networks/1c8cb8d0-dace-419b-bcf7-c32418f4a683?fields=segments HTTP/1.1" status: 200 len: 212 time: 0.0421488
2026-05-06 02:27:07.482 9 INFO neutron.api.wsgi [req-d428dada-2c1d-4d87-a785-c7f3413eeeb2 req-4faf70de-bb8f-4a2c-8298-2b2330ad8619 59c423385cec40c3991acfec2745cb80 abd13e4f2c81458d87fc4fea0437bb69 - - 9bf3027721cb4fbcb27a3d86345af0c0 9bf3027721cb4fbcb27a3d86345af0c0] 199.19.213.65 "GET /v2.0/networks/1c8cb8d0-dace-419b-bcf7-c32418f4a683?fields=provider%3Aphysical_network&fields=provider%3Anetwork_type HTTP/1.1" status: 200 len: 277 time: 0.0460970
2026-05-06 02:27:07.495 10 WARNING neutron.scheduler.dhcp_agent_scheduler [None req-f2c53fbc-2229-4f3b-8477-3f5cc5fad9cf f6cd630bdb024e3da523f290b8700630 1a4100d30a144325b70441ef7b824786 - - default default] No more DHCP agents
2026-05-06 02:27:07.497 10 WARNING neutron.api.rpc.agentnotifiers.dhcp_rpc_agent_api [None req-f2c53fbc-2229-4f3b-8477-3f5cc5fad9cf f6cd630bdb024e3da523f290b8700630 1a4100d30a144325b70441ef7b824786 - - default default] Unable to schedule network ece869d5-787a-4738-8195-ade94177580d: no agents available; will retry on subsequent port and subnet creation events.
2026-05-06 02:27:07.565 10 INFO neutron.db.ovn_revision_numbers_db [None req-f2c53fbc-2229-4f3b-8477-3f5cc5fad9cf f6cd630bdb024e3da523f290b8700630 1a4100d30a144325b70441ef7b824786 - - default default] Successfully bumped revision number for resource 380236a4-4522-44e4-b8fe-faa9e063e522 (type: ports) to 1
2026-05-06 02:27:07.583 10 INFO neutron.api.wsgi [None req-f2c53fbc-2229-4f3b-8477-3f5cc5fad9cf f6cd630bdb024e3da523f290b8700630 1a4100d30a144325b70441ef7b824786 - - default default] 10.0.0.180 "POST /v2.0/networks HTTP/1.1" status: 201 len: 844 time: 0.7935452
2026-05-06 02:27:07.590 10 WARNING neutron_lib.context [None req-7e592bd2-c1d0-49fa-9a27-950e2714c38c f6cd630bdb024e3da523f290b8700630 1a4100d30a144325b70441ef7b824786 - - default default] Method 'is_advsvc' is deprecated since 2023.2 release (neutron-lib 3.8.0) and will be removed once support for the old RBAC API policies will be removed from Neutron. Please use method 'is_service_role' instead.
2026-05-06 02:27:07.808 9 INFO neutron.api.wsgi [None req-888384f8-762e-4257-85a5-3a834a0c199c 93b0a81748d840fa891e275c4cf3df25 445a8881fc4a4c5ca4cb774fa807035e - - default default] 10.0.0.180 "PUT /v2.0/routers/92677d48-330a-4ac3-ae47-7508aba23b4c/remove_router_interface HTTP/1.1" status: 200 len: 503 time: 1.2331760 /var/lib/openstack/lib/python3.12/site-packages/pycadf/identifier.py:71: UserWarning: Invalid uuid: neutron. To ensure interoperability, identifiers should be a valid uuid. warnings.warn(('Invalid uuid: %s. To ensure interoperability, '
2026-05-06 02:27:07.841 10 WARNING neutron.scheduler.dhcp_agent_scheduler [None req-7e592bd2-c1d0-49fa-9a27-950e2714c38c f6cd630bdb024e3da523f290b8700630 1a4100d30a144325b70441ef7b824786 - - default default] No more DHCP agents
2026-05-06 02:27:07.842 10 WARNING neutron.api.rpc.agentnotifiers.dhcp_rpc_agent_api [None req-7e592bd2-c1d0-49fa-9a27-950e2714c38c f6cd630bdb024e3da523f290b8700630 1a4100d30a144325b70441ef7b824786 - - default default] Unable to schedule network ece869d5-787a-4738-8195-ade94177580d: no agents available; will retry on subsequent port and subnet creation events.
2026-05-06 02:27:07.900 10 INFO neutron.db.ovn_revision_numbers_db [None req-7e592bd2-c1d0-49fa-9a27-950e2714c38c f6cd630bdb024e3da523f290b8700630 1a4100d30a144325b70441ef7b824786 - - default default] Successfully bumped revision number for resource 5aa98f96-f6af-4541-b652-506dd2d739c5 (type: ports) to 1
2026-05-06 02:27:07.922 10 INFO neutron.api.wsgi [None req-7e592bd2-c1d0-49fa-9a27-950e2714c38c f6cd630bdb024e3da523f290b8700630 1a4100d30a144325b70441ef7b824786 - - default default] 10.0.0.180 "POST /v2.0/ports HTTP/1.1" status: 201 len: 973 time: 0.3358626 /var/lib/openstack/lib/python3.12/site-packages/pycadf/identifier.py:71: UserWarning: Invalid uuid: neutron. To ensure interoperability, identifiers should be a valid uuid. warnings.warn(('Invalid uuid: %s. To ensure interoperability, '
2026-05-06 02:27:07.940 9 WARNING neutron_lib.context [None req-43a5db0d-8b5e-4d5c-be84-a5f7f310d307 f6cd630bdb024e3da523f290b8700630 1a4100d30a144325b70441ef7b824786 - - default default] Method 'is_advsvc' is deprecated since 2023.2 release (neutron-lib 3.8.0) and will be removed once support for the old RBAC API policies will be removed from Neutron. Please use method 'is_service_role' instead.
2026-05-06 02:27:08.021 9 INFO neutron.db.segments_db [None req-43a5db0d-8b5e-4d5c-be84-a5f7f310d307 f6cd630bdb024e3da523f290b8700630 1a4100d30a144325b70441ef7b824786 - - default default] Added segment e6fc308a-dee6-48fa-ae35-8c36547c7817 of type geneve for network d1be1429-f894-4570-a1ee-f108db36a6f4
2026-05-06 02:27:08.045 10 INFO neutron.api.wsgi [None req-224fa277-0d08-4c1f-a986-b87e6b8bb7f5 6e06e34a6fc34dd4afd3bf20c4d619c5 a1adb1aa85144dbe9816ed33b03a82ad - - default default] 10.0.0.180 "DELETE /v2.0/security-groups/10671758-d6ee-454f-a2f0-d67dcfe0d6bd HTTP/1.1" status: 204 len: 168 time: 0.1106961
2026-05-06 02:27:08.057 10 INFO neutron.api.v2.resource [None req-8924e600-0d7c-4c6b-93ea-59280bc92f4b 6e06e34a6fc34dd4afd3bf20c4d619c5 a1adb1aa85144dbe9816ed33b03a82ad - - default default] show failed (client error): The resource could not be found.
2026-05-06 02:27:08.058 10 INFO neutron.api.wsgi [None req-8924e600-0d7c-4c6b-93ea-59280bc92f4b 6e06e34a6fc34dd4afd3bf20c4d619c5 a1adb1aa85144dbe9816ed33b03a82ad - - default default] 10.0.0.180 "GET /v2.0/security-groups/10671758-d6ee-454f-a2f0-d67dcfe0d6bd HTTP/1.1" status: 404 len: 347 time: 0.0095282
2026-05-06 02:27:08.137 9 INFO neutron.db.ovn_revision_numbers_db [None req-43a5db0d-8b5e-4d5c-be84-a5f7f310d307 f6cd630bdb024e3da523f290b8700630 1a4100d30a144325b70441ef7b824786 - - default default] Successfully bumped revision number for resource d1be1429-f894-4570-a1ee-f108db36a6f4 (type: networks) to 1
2026-05-06 02:27:08.304 9 WARNING neutron.scheduler.dhcp_agent_scheduler [None req-43a5db0d-8b5e-4d5c-be84-a5f7f310d307 f6cd630bdb024e3da523f290b8700630 1a4100d30a144325b70441ef7b824786 - - default default] No more DHCP agents
2026-05-06 02:27:08.305 9 WARNING neutron.api.rpc.agentnotifiers.dhcp_rpc_agent_api [None req-43a5db0d-8b5e-4d5c-be84-a5f7f310d307 f6cd630bdb024e3da523f290b8700630 1a4100d30a144325b70441ef7b824786 - - default default] Unable to schedule network d1be1429-f894-4570-a1ee-f108db36a6f4: no agents available; will retry on subsequent port and subnet creation events.
2026-05-06 02:27:08.407 9 INFO neutron.db.ovn_revision_numbers_db [None req-43a5db0d-8b5e-4d5c-be84-a5f7f310d307 f6cd630bdb024e3da523f290b8700630 1a4100d30a144325b70441ef7b824786 - - default default] Successfully bumped revision number for resource 528ecbd6-1634-42c7-b683-f90c05064159 (type: ports) to 1
2026-05-06 02:27:08.469 9 INFO neutron.api.wsgi [None req-43a5db0d-8b5e-4d5c-be84-a5f7f310d307 f6cd630bdb024e3da523f290b8700630 1a4100d30a144325b70441ef7b824786 - - default default] 10.0.0.180 "POST /v2.0/networks HTTP/1.1" status: 201 len: 831 time: 0.5418746
2026-05-06 02:27:08.476 10 INFO neutron.api.wsgi [None req-8546eafe-e3ee-47ff-b60c-a1360f65e6fc 6e06e34a6fc34dd4afd3bf20c4d619c5 a1adb1aa85144dbe9816ed33b03a82ad - - default default] 10.0.0.180 "DELETE /v2.0/floatingips/996eb160-0d49-4526-955a-cbd3dffc3746 HTTP/1.1" status: 204 len: 168 time: 0.4143736
2026-05-06 02:27:08.480 9 INFO neutron.api.wsgi [None req-d4e370b3-c822-4eea-b650-15a58c32b70f 93b0a81748d840fa891e275c4cf3df25 445a8881fc4a4c5ca4cb774fa807035e - - default default] 10.0.0.180 "DELETE /v2.0/routers/92677d48-330a-4ac3-ae47-7508aba23b4c HTTP/1.1" status: 204 len: 168 time: 0.6671262
2026-05-06 02:27:08.484 9 WARNING neutron_lib.context [None req-6d119086-4109-4626-b5cb-01d46a88690b f6cd630bdb024e3da523f290b8700630 1a4100d30a144325b70441ef7b824786 - - default default] Method 'is_advsvc' is deprecated since 2023.2 release (neutron-lib 3.8.0) and will be removed once support for the old RBAC API policies will be removed from Neutron. Please use method 'is_service_role' instead.
2026-05-06 02:27:08.644 9 WARNING neutron.scheduler.dhcp_agent_scheduler [None req-6d119086-4109-4626-b5cb-01d46a88690b f6cd630bdb024e3da523f290b8700630 1a4100d30a144325b70441ef7b824786 - - default default] No more DHCP agents
2026-05-06 02:27:08.645 9 WARNING neutron.api.rpc.agentnotifiers.dhcp_rpc_agent_api [None req-6d119086-4109-4626-b5cb-01d46a88690b f6cd630bdb024e3da523f290b8700630 1a4100d30a144325b70441ef7b824786 - - default default] Unable to schedule network d1be1429-f894-4570-a1ee-f108db36a6f4: no agents available; will retry on subsequent port and subnet creation events.
2026-05-06 02:27:08.679 10 INFO neutron.api.wsgi [None req-09aa5729-e437-4c62-aa66-bba7dd9e86f6 93b0a81748d840fa891e275c4cf3df25 445a8881fc4a4c5ca4cb774fa807035e - - default default] 10.0.0.180 "DELETE /v2.0/subnets/7389141d-7281-41ac-96b9-1f07fc28c93a HTTP/1.1" status: 204 len: 168 time: 0.1952665
2026-05-06 02:27:09.050 10 INFO neutron.services.segments.plugin [-] Segment a3791abb-c86f-4ca6-acf9-fb75dde77d7f resource provider aggregate not found
2026-05-06 02:27:09.054 10 INFO neutron.services.segments.plugin [-] Segment a3791abb-c86f-4ca6-acf9-fb75dde77d7f resource provider aggregate not found
2026-05-06 02:27:09.070 9 INFO neutron.db.ovn_revision_numbers_db [None req-26bf5587-67ed-4578-b0f5-b8ea8af40a2a - - - - - -] Successfully bumped revision number for resource 528ecbd6-1634-42c7-b683-f90c05064159 (type: ports) to 2
2026-05-06 02:27:09.071 10 INFO neutron.services.segments.plugin [-] Segment a3791abb-c86f-4ca6-acf9-fb75dde77d7f resource provider not found; error: Placement Client Error (4xx): {"errors": [{"status": 404, "title": "Not Found", "detail": "The resource could not be found.\n\n No resource provider with uuid a3791abb-c86f-4ca6-acf9-fb75dde77d7f found for delete ", "request_id": "req-170ce991-768f-49f8-b483-b16a89aad57e"}]}
2026-05-06 02:27:09.072 10 INFO neutron.services.segments.plugin [-] Segment a3791abb-c86f-4ca6-acf9-fb75dde77d7f resource provider not found; error: Placement Client Error (4xx): {"errors": [{"status": 404, "title": "Not Found", "detail": "The resource could not be found.\n\n No resource provider with uuid a3791abb-c86f-4ca6-acf9-fb75dde77d7f found for delete ", "request_id": "req-0184b56c-f697-40a1-a68d-01689ed80fdd"}]}
2026-05-06 02:27:09.102 10 INFO neutron.api.wsgi [None req-710fbdfb-f051-422d-8298-0482fc896b18 93b0a81748d840fa891e275c4cf3df25 445a8881fc4a4c5ca4cb774fa807035e - - default default] 10.0.0.180 "DELETE /v2.0/networks/4f670aed-797e-4ac7-a809-6d39597026a7 HTTP/1.1" status: 204 len: 168 time: 0.4165082
2026-05-06 02:27:09.109 9 INFO neutron.db.ovn_revision_numbers_db [None req-26bf5587-67ed-4578-b0f5-b8ea8af40a2a - - - - - -] Successfully bumped revision number for resource 7fdacb1f-0224-4a2b-8ea1-c489f105c8d1 (type: subnets) to 0
2026-05-06 02:27:09.129 9 INFO neutron.api.wsgi [None req-6d119086-4109-4626-b5cb-01d46a88690b f6cd630bdb024e3da523f290b8700630 1a4100d30a144325b70441ef7b824786 - - default default] 10.0.0.180 "POST /v2.0/subnets HTTP/1.1" status: 201 len: 825 time: 0.6545959
2026-05-06 02:27:09.137 9 WARNING neutron_lib.context [None req-2c9db4d0-eda3-4e55-a542-0e0b64bc6d65 f6cd630bdb024e3da523f290b8700630 1a4100d30a144325b70441ef7b824786 - - default default] Method 'is_advsvc' is deprecated since 2023.2 release (neutron-lib 3.8.0) and will be removed once support for the old RBAC API policies will be removed from Neutron. Please use method 'is_service_role' instead.
2026-05-06 02:27:09.300 10 INFO neutron.api.wsgi [None req-049b56be-509d-460d-a623-773c3f05e070 93b0a81748d840fa891e275c4cf3df25 445a8881fc4a4c5ca4cb774fa807035e - - default default] 10.0.0.180 "GET /v2.0/security-groups?tenant_id=d319262bf45540f1bd4fd0f68226ad1f&name=default HTTP/1.1" status: 200 len: 3116 time: 0.0494597
2026-05-06 02:27:09.434 9 WARNING neutron.scheduler.dhcp_agent_scheduler [None req-2c9db4d0-eda3-4e55-a542-0e0b64bc6d65 f6cd630bdb024e3da523f290b8700630 1a4100d30a144325b70441ef7b824786 - - default default] No more DHCP agents
2026-05-06 02:27:09.435 9 WARNING neutron.api.rpc.agentnotifiers.dhcp_rpc_agent_api [None req-2c9db4d0-eda3-4e55-a542-0e0b64bc6d65 f6cd630bdb024e3da523f290b8700630 1a4100d30a144325b70441ef7b824786 - - default default] Unable to schedule network d1be1429-f894-4570-a1ee-f108db36a6f4: no agents available; will retry on subsequent port and subnet creation events.
2026-05-06 02:27:09.588 9 INFO neutron.db.ovn_revision_numbers_db [None req-2c9db4d0-eda3-4e55-a542-0e0b64bc6d65 f6cd630bdb024e3da523f290b8700630 1a4100d30a144325b70441ef7b824786 - - default default] Successfully bumped revision number for resource 1acdf794-9b4e-45ae-bc95-55b09f7be723 (type: ports) to 1
2026-05-06 02:27:09.592 10 INFO neutron.api.wsgi [None req-dcf40279-3847-429b-963d-e31645ccbeb1 93b0a81748d840fa891e275c4cf3df25 445a8881fc4a4c5ca4cb774fa807035e - - default default] 10.0.0.180 "DELETE /v2.0/security-groups/6aa426ed-74d9-42f3-a5e7-a5646049bfb3 HTTP/1.1" status: 204 len: 168 time: 0.2860715
2026-05-06 02:27:09.598 10 INFO neutron.api.wsgi [None req-536326b9-7c0d-4099-b429-875575672be9 93b0a81748d840fa891e275c4cf3df25 445a8881fc4a4c5ca4cb774fa807035e - - default default] 10.0.0.180 "PUT /v2.0/routers/b47c3bd3-2d88-40b8-84df-3cd9e696ac69/remove_router_interface HTTP/1.1" status: 200 len: 503 time: 1.1185997 /var/lib/openstack/lib/python3.12/site-packages/pycadf/identifier.py:71: UserWarning: Invalid uuid: neutron. To ensure interoperability, identifiers should be a valid uuid. warnings.warn(('Invalid uuid: %s. To ensure interoperability, '
2026-05-06 02:27:09.621 9 INFO neutron.api.wsgi [None req-2c9db4d0-eda3-4e55-a542-0e0b64bc6d65 f6cd630bdb024e3da523f290b8700630 1a4100d30a144325b70441ef7b824786 - - default default] 10.0.0.180 "POST /v2.0/ports HTTP/1.1" status: 201 len: 1149 time: 0.4874349 /var/lib/openstack/lib/python3.12/site-packages/pycadf/identifier.py:71: UserWarning: Invalid uuid: neutron. To ensure interoperability, identifiers should be a valid uuid. warnings.warn(('Invalid uuid: %s. To ensure interoperability, '
2026-05-06 02:27:09.914 10 INFO neutron.api.wsgi [None req-505beaf2-f496-4126-83c1-b6305118f4af f6cd630bdb024e3da523f290b8700630 1a4100d30a144325b70441ef7b824786 - - default default] 10.0.0.180 "DELETE /v2.0/ports/1acdf794-9b4e-45ae-bc95-55b09f7be723 HTTP/1.1" status: 204 len: 168 time: 0.2882211
2026-05-06 02:27:09.934 10 INFO neutron.pecan_wsgi.hooks.translation [None req-ca30698d-04f5-4d0f-9ec0-142daadd1fbe f6cd630bdb024e3da523f290b8700630 1a4100d30a144325b70441ef7b824786 - - default default] DELETE failed (client error): The resource could not be found.
2026-05-06 02:27:09.937 10 INFO neutron.api.wsgi [None req-ca30698d-04f5-4d0f-9ec0-142daadd1fbe f6cd630bdb024e3da523f290b8700630 1a4100d30a144325b70441ef7b824786 - - default default] 10.0.0.180 "DELETE /v2.0/ports/1acdf794-9b4e-45ae-bc95-55b09f7be723 HTTP/1.1" status: 404 len: 333 time: 0.0177903
2026-05-06 02:27:09.953 10 INFO neutron.pecan_wsgi.hooks.translation [None req-9702d9c1-68a4-4938-934d-db7d90bbd9e4 f6cd630bdb024e3da523f290b8700630 1a4100d30a144325b70441ef7b824786 - - default default] GET failed (client error): The resource could not be found.
2026-05-06 02:27:09.954 10 INFO neutron.api.wsgi [None req-9702d9c1-68a4-4938-934d-db7d90bbd9e4 f6cd630bdb024e3da523f290b8700630 1a4100d30a144325b70441ef7b824786 - - default default] 10.0.0.180 "GET /v2.0/ports/1acdf794-9b4e-45ae-bc95-55b09f7be723 HTTP/1.1" status: 404 len: 333 time: 0.0134451
2026-05-06 02:27:10.112 10 INFO neutron.api.wsgi [None req-4287a03b-e6a1-40a9-a30f-e8d78867ebf0 f6cd630bdb024e3da523f290b8700630 1a4100d30a144325b70441ef7b824786 - - default default] 10.0.0.180 "DELETE /v2.0/subnets/7fdacb1f-0224-4a2b-8ea1-c489f105c8d1 HTTP/1.1" status: 204 len: 168 time: 0.1527429
2026-05-06 02:27:10.269 9 INFO neutron.api.wsgi [None req-c3375474-16d7-4d8e-aaef-48291f31c6c6 93b0a81748d840fa891e275c4cf3df25 445a8881fc4a4c5ca4cb774fa807035e - - default default] 10.0.0.180 "DELETE /v2.0/routers/b47c3bd3-2d88-40b8-84df-3cd9e696ac69 HTTP/1.1" status: 204 len: 168 time: 0.6664712
2026-05-06 02:27:10.438 10 INFO neutron.api.wsgi [None req-abdfb094-5fec-4b8e-83f9-b842cceeef57 f6cd630bdb024e3da523f290b8700630 1a4100d30a144325b70441ef7b824786 - - default default] 10.0.0.180 "DELETE /v2.0/networks/d1be1429-f894-4570-a1ee-f108db36a6f4 HTTP/1.1" status: 204 len: 168 time: 0.3223383
2026-05-06 02:27:10.440 10 INFO neutron.api.wsgi [None req-3e1c16a1-db7b-4883-bedb-a55e7ffec5e7 93b0a81748d840fa891e275c4cf3df25 445a8881fc4a4c5ca4cb774fa807035e - - default default] 10.0.0.180 "DELETE /v2.0/subnets/d00e9d12-29ec-43ff-bcf5-5fd2273544ab HTTP/1.1" status: 204 len: 168 time: 0.1629207
2026-05-06 02:27:10.459 9 WARNING neutron_lib.context [None req-06cd26d3-0a1b-4489-b035-b9d7768eda2b f6cd630bdb024e3da523f290b8700630 1a4100d30a144325b70441ef7b824786 - - default default] Method 'is_advsvc' is deprecated since 2023.2 release (neutron-lib 3.8.0) and will be removed once support for the old RBAC API policies will be removed from Neutron. Please use method 'is_service_role' instead.
2026-05-06 02:27:10.530 9 INFO neutron.db.segments_db [None req-06cd26d3-0a1b-4489-b035-b9d7768eda2b f6cd630bdb024e3da523f290b8700630 1a4100d30a144325b70441ef7b824786 - - default default] Added segment e67490ff-9a53-4b57-aec9-94942fd3f258 of type geneve for network 28adaecc-ba20-4374-b405-580fabd6415a
2026-05-06 02:27:10.639 9 INFO neutron.db.ovn_revision_numbers_db [None req-06cd26d3-0a1b-4489-b035-b9d7768eda2b f6cd630bdb024e3da523f290b8700630 1a4100d30a144325b70441ef7b824786 - - default default] Successfully bumped revision number for resource 28adaecc-ba20-4374-b405-580fabd6415a (type: networks) to 1
2026-05-06 02:27:10.707 10 INFO neutron.api.wsgi [None req-5f10479f-425a-4699-bb79-588b43cebf3a 93b0a81748d840fa891e275c4cf3df25 445a8881fc4a4c5ca4cb774fa807035e - - default default] 10.0.0.180 "DELETE /v2.0/networks/51ba6961-36f6-459c-8557-61495f84ca0d HTTP/1.1" status: 204 len: 168 time: 0.2498641
2026-05-06 02:27:10.788 9 WARNING neutron.scheduler.dhcp_agent_scheduler [None req-06cd26d3-0a1b-4489-b035-b9d7768eda2b f6cd630bdb024e3da523f290b8700630 1a4100d30a144325b70441ef7b824786 - - default default] No more DHCP agents
2026-05-06 02:27:10.790 9 WARNING neutron.api.rpc.agentnotifiers.dhcp_rpc_agent_api [None req-06cd26d3-0a1b-4489-b035-b9d7768eda2b f6cd630bdb024e3da523f290b8700630 1a4100d30a144325b70441ef7b824786 - - default default] Unable to schedule network 28adaecc-ba20-4374-b405-580fabd6415a: no agents available; will retry on subsequent port and subnet creation events.
2026-05-06 02:27:10.838 9 INFO neutron.api.wsgi [None req-49402b4f-889d-4280-b927-875b95b76d82 93b0a81748d840fa891e275c4cf3df25 445a8881fc4a4c5ca4cb774fa807035e - - default default] 10.0.0.180 "GET /v2.0/security-groups?tenant_id=a1adb1aa85144dbe9816ed33b03a82ad&name=default HTTP/1.1" status: 200 len: 3116 time: 0.0446136
2026-05-06 02:27:10.872 9 INFO neutron.db.ovn_revision_numbers_db [None req-06cd26d3-0a1b-4489-b035-b9d7768eda2b f6cd630bdb024e3da523f290b8700630 1a4100d30a144325b70441ef7b824786 - - default default] Successfully bumped revision number for resource 277e5093-8140-4e77-873b-b3c74e0ced0a (type: ports) to 1
2026-05-06 02:27:10.896 9 INFO neutron.api.wsgi [None req-06cd26d3-0a1b-4489-b035-b9d7768eda2b f6cd630bdb024e3da523f290b8700630 1a4100d30a144325b70441ef7b824786 - - default default] 10.0.0.180 "POST /v2.0/networks HTTP/1.1" status: 201 len: 831 time: 0.4438632
2026-05-06 02:27:10.906 9 WARNING neutron_lib.context [None req-cd56bd4f-d550-4b25-8a42-b02598ecc72c f6cd630bdb024e3da523f290b8700630 1a4100d30a144325b70441ef7b824786 - - default default] Method 'is_advsvc' is deprecated since 2023.2 release (neutron-lib 3.8.0) and will be removed once support for the old RBAC API policies will be removed from Neutron. Please use method 'is_service_role' instead.
2026-05-06 02:27:11.031 10 INFO neutron.api.wsgi [None req-9d1f220c-1454-44d9-8663-4585072afbeb 93b0a81748d840fa891e275c4cf3df25 445a8881fc4a4c5ca4cb774fa807035e - - default default] 10.0.0.180 "DELETE /v2.0/security-groups/db727978-1a59-4386-a0d1-04510b5eaccc HTTP/1.1" status: 204 len: 168 time: 0.1882145
2026-05-06 02:27:11.065 9 WARNING neutron.scheduler.dhcp_agent_scheduler [None req-cd56bd4f-d550-4b25-8a42-b02598ecc72c f6cd630bdb024e3da523f290b8700630 1a4100d30a144325b70441ef7b824786 - - default default] No more DHCP agents
2026-05-06 02:27:11.066 9 WARNING neutron.api.rpc.agentnotifiers.dhcp_rpc_agent_api [None req-cd56bd4f-d550-4b25-8a42-b02598ecc72c f6cd630bdb024e3da523f290b8700630 1a4100d30a144325b70441ef7b824786 - - default default] Unable to schedule network 28adaecc-ba20-4374-b405-580fabd6415a: no agents available; will retry on subsequent port and subnet creation events.
2026-05-06 02:27:11.099 10 INFO neutron.services.segments.plugin [-] Segment e6fc308a-dee6-48fa-ae35-8c36547c7817 resource provider aggregate not found
2026-05-06 02:27:11.102 10 INFO neutron.services.segments.plugin [-] Segment e6fc308a-dee6-48fa-ae35-8c36547c7817 resource provider aggregate not found
2026-05-06 02:27:11.115 10 INFO neutron.services.segments.plugin [-] Segment e6fc308a-dee6-48fa-ae35-8c36547c7817 resource provider not found; error: Placement Client Error (4xx): {"errors": [{"status": 404, "title": "Not Found", "detail": "The resource could not be found.\n\n No resource provider with uuid e6fc308a-dee6-48fa-ae35-8c36547c7817 found for delete ", "request_id": "req-c2a860b0-050f-4fe2-b21e-341e0d9c11ec"}]}
2026-05-06 02:27:11.123 10 INFO neutron.services.segments.plugin [-] Segment e6fc308a-dee6-48fa-ae35-8c36547c7817 resource provider not found; error: Placement Client Error (4xx): {"errors": [{"status": 404, "title": "Not Found", "detail": "The resource could not be found.\n\n No resource provider with uuid e6fc308a-dee6-48fa-ae35-8c36547c7817 found for delete ", "request_id": "req-e888d0c0-c0bd-40d1-a899-3559c676e56d"}]}
2026-05-06 02:27:11.133 10 INFO neutron.services.segments.plugin [-] Segment 0bea55b6-b16b-46e0-9c7e-8aaad8611282 resource provider aggregate not found
2026-05-06 02:27:11.143 10 INFO neutron.services.segments.plugin [-] Segment 0bea55b6-b16b-46e0-9c7e-8aaad8611282 resource provider not found; error: Placement Client Error (4xx): {"errors": [{"status": 404, "title": "Not Found", "detail": "The resource could not be found.\n\n No resource provider with uuid 0bea55b6-b16b-46e0-9c7e-8aaad8611282 found for delete ", "request_id": "req-65dd6327-5ff8-45be-886f-fe3343a172bd"}]}
2026-05-06 02:27:11.145 10 INFO neutron.services.segments.plugin [-] Segment 0bea55b6-b16b-46e0-9c7e-8aaad8611282 resource provider aggregate not found
2026-05-06 02:27:11.156 10 INFO neutron.services.segments.plugin [-] Segment 0bea55b6-b16b-46e0-9c7e-8aaad8611282 resource provider not found; error: Placement Client Error (4xx): {"errors": [{"status": 404, "title": "Not Found", "detail": "The resource could not be found.\n\n No resource provider with uuid 0bea55b6-b16b-46e0-9c7e-8aaad8611282 found for delete ", "request_id": "req-db5e9e1b-f7be-4b20-b89f-2fe9023e004d"}]}
2026-05-06 02:27:11.475 9 INFO neutron.db.ovn_revision_numbers_db [None req-3a0e550a-eb8e-4d36-8ae3-8ae8fbd486a7 - - - - - -] Successfully bumped revision number for resource 277e5093-8140-4e77-873b-b3c74e0ced0a (type: ports) to 2
2026-05-06 02:27:11.509 9 INFO neutron.db.ovn_revision_numbers_db [None req-3a0e550a-eb8e-4d36-8ae3-8ae8fbd486a7 - - - - - -] Successfully bumped revision number for resource bb455a3b-ec7a-4a41-9581-9a1cf2d1ee4f (type: subnets) to 0
2026-05-06 02:27:11.523 9 INFO neutron.api.wsgi [None req-cd56bd4f-d550-4b25-8a42-b02598ecc72c f6cd630bdb024e3da523f290b8700630 1a4100d30a144325b70441ef7b824786 - - default default] 10.0.0.180 "POST /v2.0/subnets HTTP/1.1" status: 201 len: 825 time: 0.6216958
2026-05-06 02:27:11.532 9 WARNING neutron_lib.context [None req-1230d44c-5ee3-417c-b59d-13f9d34962cd f6cd630bdb024e3da523f290b8700630 1a4100d30a144325b70441ef7b824786 - - default default] Method 'is_advsvc' is deprecated since 2023.2 release (neutron-lib 3.8.0) and will be removed once support for the old RBAC API policies will be removed from Neutron. Please use method 'is_service_role' instead.
2026-05-06 02:27:11.755 9 WARNING neutron.scheduler.dhcp_agent_scheduler [None req-1230d44c-5ee3-417c-b59d-13f9d34962cd f6cd630bdb024e3da523f290b8700630 1a4100d30a144325b70441ef7b824786 - - default default] No more DHCP agents
2026-05-06 02:27:11.756 9 WARNING neutron.api.rpc.agentnotifiers.dhcp_rpc_agent_api [None req-1230d44c-5ee3-417c-b59d-13f9d34962cd f6cd630bdb024e3da523f290b8700630 1a4100d30a144325b70441ef7b824786 - - default default] Unable to schedule network 28adaecc-ba20-4374-b405-580fabd6415a: no agents available; will retry on subsequent port and subnet creation events.
2026-05-06 02:27:11.868 9 INFO neutron.db.ovn_revision_numbers_db [None req-1230d44c-5ee3-417c-b59d-13f9d34962cd f6cd630bdb024e3da523f290b8700630 1a4100d30a144325b70441ef7b824786 - - default default] Successfully bumped revision number for resource efd741e6-1798-43aa-8416-2d34bc866f16 (type: ports) to 1
2026-05-06 02:27:11.889 9 INFO neutron.api.wsgi [None req-1230d44c-5ee3-417c-b59d-13f9d34962cd f6cd630bdb024e3da523f290b8700630 1a4100d30a144325b70441ef7b824786 - - default default] 10.0.0.180 "POST /v2.0/ports HTTP/1.1" status: 201 len: 1111 time: 0.3607056
2026-05-06 02:27:12.145 9 INFO neutron.api.wsgi [None req-c86ee7a9-b2f8-456e-9e88-cc051186507a f6cd630bdb024e3da523f290b8700630 1a4100d30a144325b70441ef7b824786 - - default default] 10.0.0.180 "DELETE /v2.0/ports/efd741e6-1798-43aa-8416-2d34bc866f16 HTTP/1.1" status: 204 len: 168 time: 0.2512381
2026-05-06 02:27:12.165 9 INFO neutron.pecan_wsgi.hooks.translation [None req-41675eb0-16a1-492d-af73-fe8578403ecf f6cd630bdb024e3da523f290b8700630 1a4100d30a144325b70441ef7b824786 - - default default] GET failed (client error): The resource could not be found.
2026-05-06 02:27:12.167 9 INFO neutron.api.wsgi [None req-41675eb0-16a1-492d-af73-fe8578403ecf f6cd630bdb024e3da523f290b8700630 1a4100d30a144325b70441ef7b824786 - - default default] 10.0.0.180 "GET /v2.0/ports/efd741e6-1798-43aa-8416-2d34bc866f16 HTTP/1.1" status: 404 len: 333 time: 0.0139184
2026-05-06 02:27:12.330 9 INFO neutron.api.wsgi [None req-c6243b17-53a4-4332-b8fd-83971f40ebee f6cd630bdb024e3da523f290b8700630 1a4100d30a144325b70441ef7b824786 - - default default] 10.0.0.180 "DELETE /v2.0/subnets/bb455a3b-ec7a-4a41-9581-9a1cf2d1ee4f HTTP/1.1" status: 204 len: 168 time: 0.1574936
2026-05-06 02:27:12.637 9 INFO neutron.services.segments.plugin [-] Segment e67490ff-9a53-4b57-aec9-94942fd3f258 resource provider aggregate not found
2026-05-06 02:27:12.642 9 INFO neutron.services.segments.plugin [-] Segment e67490ff-9a53-4b57-aec9-94942fd3f258 resource provider aggregate not found
2026-05-06 02:27:12.651 9 INFO neutron.services.segments.plugin [-] Segment e67490ff-9a53-4b57-aec9-94942fd3f258 resource provider not found; error: Placement Client Error (4xx): {"errors": [{"status": 404, "title": "Not Found", "detail": "The resource could not be found.\n\n No resource provider with uuid e67490ff-9a53-4b57-aec9-94942fd3f258 found for delete ", "request_id": "req-2638cf23-a603-4f73-93bf-2b31ad394d84"}]}
2026-05-06 02:27:12.665 9 INFO neutron.api.wsgi [None req-bfb0c787-2cb0-454c-98ce-a54cccaf4fb5 f6cd630bdb024e3da523f290b8700630 1a4100d30a144325b70441ef7b824786 - - default default] 10.0.0.180 "DELETE /v2.0/networks/28adaecc-ba20-4374-b405-580fabd6415a HTTP/1.1" status: 204 len: 168 time: 0.3292375
2026-05-06 02:27:12.666 9 INFO neutron.services.segments.plugin [-] Segment e67490ff-9a53-4b57-aec9-94942fd3f258 resource provider not found; error: Placement Client Error (4xx): {"errors": [{"status": 404, "title": "Not Found", "detail": "The resource could not be found.\n\n No resource provider with uuid e67490ff-9a53-4b57-aec9-94942fd3f258 found for delete ", "request_id": "req-45df59b2-e757-434a-b78a-5cdf57baecdf"}]}
2026-05-06 02:27:12.674 9 WARNING neutron_lib.context [None req-ce6101d3-3710-46e8-bd04-a2feb389382a f6cd630bdb024e3da523f290b8700630 1a4100d30a144325b70441ef7b824786 - - default default] Method 'is_advsvc' is deprecated since 2023.2 release (neutron-lib 3.8.0) and will be removed once support for the old RBAC API policies will be removed from Neutron. Please use method 'is_service_role' instead.
2026-05-06 02:27:12.894 9 WARNING neutron.scheduler.dhcp_agent_scheduler [None req-ce6101d3-3710-46e8-bd04-a2feb389382a f6cd630bdb024e3da523f290b8700630 1a4100d30a144325b70441ef7b824786 - - default default] No more DHCP agents
2026-05-06 02:27:12.896 9 WARNING neutron.api.rpc.agentnotifiers.dhcp_rpc_agent_api [None req-ce6101d3-3710-46e8-bd04-a2feb389382a f6cd630bdb024e3da523f290b8700630 1a4100d30a144325b70441ef7b824786 - - default default] Unable to schedule network ece869d5-787a-4738-8195-ade94177580d: no agents available; will retry on subsequent port and subnet creation events.
2026-05-06 02:27:13.126 9 WARNING keystonemiddleware.audit [None req-f588bfc8-6336-4e25-b5e4-dc04b9281524 - - - - - -] Skipping service tempest-service-732578377 as it have no endpoints. /var/lib/openstack/lib/python3.12/site-packages/pycadf/identifier.py:71: UserWarning: Invalid uuid: neutron. To ensure interoperability, identifiers should be a valid uuid. warnings.warn(('Invalid uuid: %s. To ensure interoperability, '
2026-05-06 02:27:13.178 9 INFO neutron.db.ovn_revision_numbers_db [None req-ce6101d3-3710-46e8-bd04-a2feb389382a f6cd630bdb024e3da523f290b8700630 1a4100d30a144325b70441ef7b824786 - - default default] Successfully bumped revision number for resource 9d2296a6-3aa5-400b-8878-68f181773b30 (type: ports) to 1
2026-05-06 02:27:13.203 9 INFO neutron.api.wsgi [None req-ce6101d3-3710-46e8-bd04-a2feb389382a f6cd630bdb024e3da523f290b8700630 1a4100d30a144325b70441ef7b824786 - - default default] 10.0.0.180 "POST /v2.0/ports HTTP/1.1" status: 201 len: 974 time: 0.5323763
2026-05-06 02:27:13.283 9 INFO neutron.db.ovn_revision_numbers_db [None req-1ba1958b-78f9-4d38-85dc-f89ac6fa7e53 93b0a81748d840fa891e275c4cf3df25 445a8881fc4a4c5ca4cb774fa807035e - - default default] Successfully bumped revision number for resource 2f0b09cc-3066-4ecb-bcfa-3c3f5a4c9740 (type: security_groups) to 1
2026-05-06 02:27:13.300 9 INFO neutron.db.ovn_revision_numbers_db [None req-1ba1958b-78f9-4d38-85dc-f89ac6fa7e53 93b0a81748d840fa891e275c4cf3df25 445a8881fc4a4c5ca4cb774fa807035e - - default default] Successfully bumped revision number for resource 2fd0a49f-709b-4645-9ec1-eb167114c645 (type: security_group_rules) to 0
2026-05-06 02:27:13.314 9 INFO neutron.db.ovn_revision_numbers_db [None req-1ba1958b-78f9-4d38-85dc-f89ac6fa7e53 93b0a81748d840fa891e275c4cf3df25 445a8881fc4a4c5ca4cb774fa807035e - - default default] Successfully bumped revision number for resource 8c29f337-3fbd-4344-a1a0-f7d0569f5951 (type: security_group_rules) to 0
2026-05-06 02:27:13.328 9 INFO neutron.db.ovn_revision_numbers_db [None req-1ba1958b-78f9-4d38-85dc-f89ac6fa7e53 93b0a81748d840fa891e275c4cf3df25 445a8881fc4a4c5ca4cb774fa807035e - - default default] Successfully bumped revision number for resource a77cd737-8a70-47dd-888e-55b32843ab5f (type: security_group_rules) to 0
2026-05-06 02:27:13.342 9 INFO neutron.db.ovn_revision_numbers_db [None req-1ba1958b-78f9-4d38-85dc-f89ac6fa7e53 93b0a81748d840fa891e275c4cf3df25 445a8881fc4a4c5ca4cb774fa807035e - - default default] Successfully bumped revision number for resource d041bf3d-8b31-4a96-b373-3cd760b19fba (type: security_group_rules) to 0
2026-05-06 02:27:13.423 10 INFO neutron.plugins.ml2.drivers.ovn.mech_driver.mech_driver [None req-97ec1297-fb15-439f-b6bd-28ec3db954de - - - - - -] OVN reports status down for port: 9d2296a6-3aa5-400b-8878-68f181773b30
2026-05-06 02:27:13.424 9 INFO neutron.db.segments_db [None req-1ba1958b-78f9-4d38-85dc-f89ac6fa7e53 93b0a81748d840fa891e275c4cf3df25 445a8881fc4a4c5ca4cb774fa807035e - - default default] Added segment 4bdea007-6636-4c86-ae51-cd1759bef27e of type geneve for network 10269781-9cad-4903-adcc-b13a01cd6ebd
2026-05-06 02:27:13.454 9 INFO neutron.db.ovn_revision_numbers_db [None req-8e8a8361-81f2-4b47-b30c-5cd5a30e0564 f6cd630bdb024e3da523f290b8700630 1a4100d30a144325b70441ef7b824786 - - default default] Successfully bumped revision number for resource 9d2296a6-3aa5-400b-8878-68f181773b30 (type: ports) to 2
2026-05-06 02:27:13.474 9 INFO neutron.api.wsgi [None req-8e8a8361-81f2-4b47-b30c-5cd5a30e0564 f6cd630bdb024e3da523f290b8700630 1a4100d30a144325b70441ef7b824786 - - default default] 10.0.0.180 "PUT /v2.0/ports/9d2296a6-3aa5-400b-8878-68f181773b30 HTTP/1.1" status: 200 len: 946 time: 0.2657313 /var/lib/openstack/lib/python3.12/site-packages/pycadf/identifier.py:71: UserWarning: Invalid uuid: neutron. To ensure interoperability, identifiers should be a valid uuid. warnings.warn(('Invalid uuid: %s. To ensure interoperability, '
2026-05-06 02:27:13.554 9 INFO neutron.db.ovn_revision_numbers_db [None req-1ba1958b-78f9-4d38-85dc-f89ac6fa7e53 93b0a81748d840fa891e275c4cf3df25 445a8881fc4a4c5ca4cb774fa807035e - - default default] Successfully bumped revision number for resource 10269781-9cad-4903-adcc-b13a01cd6ebd (type: networks) to 1
2026-05-06 02:27:13.726 9 WARNING neutron.scheduler.dhcp_agent_scheduler [None req-1ba1958b-78f9-4d38-85dc-f89ac6fa7e53 93b0a81748d840fa891e275c4cf3df25 445a8881fc4a4c5ca4cb774fa807035e - - default default] No more DHCP agents
2026-05-06 02:27:13.728 9 WARNING neutron.api.rpc.agentnotifiers.dhcp_rpc_agent_api [None req-1ba1958b-78f9-4d38-85dc-f89ac6fa7e53 93b0a81748d840fa891e275c4cf3df25 445a8881fc4a4c5ca4cb774fa807035e - - default default] Unable to schedule network 10269781-9cad-4903-adcc-b13a01cd6ebd: no agents available; will retry on subsequent port and subnet creation events.
2026-05-06 02:27:13.734 9 INFO neutron.api.wsgi [None req-ddc84cb9-986a-4f26-bdf6-521a5a8f4b12 f6cd630bdb024e3da523f290b8700630 1a4100d30a144325b70441ef7b824786 - - default default] 10.0.0.180 "DELETE /v2.0/ports/9d2296a6-3aa5-400b-8878-68f181773b30 HTTP/1.1" status: 204 len: 168 time: 0.2545986
2026-05-06 02:27:13.797 9 INFO neutron.db.ovn_revision_numbers_db [None req-1ba1958b-78f9-4d38-85dc-f89ac6fa7e53 93b0a81748d840fa891e275c4cf3df25 445a8881fc4a4c5ca4cb774fa807035e - - default default] Successfully bumped revision number for resource 19a09a98-22a8-4b59-8d36-f9feb3d17a8d (type: ports) to 1
2026-05-06 02:27:13.803 10 INFO neutron.api.wsgi [None req-0f9164e7-9846-488d-a830-cd984af4e559 f6cd630bdb024e3da523f290b8700630 1a4100d30a144325b70441ef7b824786 - - default default] 10.0.0.180 "GET /v2.0/ports HTTP/1.1" status: 200 len: 1728 time: 0.0639253
2026-05-06 02:27:13.820 9 INFO neutron.pecan_wsgi.hooks.translation [None req-6d68f4ce-0d51-40f9-803e-b35642a9a6e4 f6cd630bdb024e3da523f290b8700630 1a4100d30a144325b70441ef7b824786 - - default default] GET failed (client error): The resource could not be found.
2026-05-06 02:27:13.821 9 INFO neutron.api.wsgi [None req-6d68f4ce-0d51-40f9-803e-b35642a9a6e4 f6cd630bdb024e3da523f290b8700630 1a4100d30a144325b70441ef7b824786 - - default default] 10.0.0.180 "GET /v2.0/ports/9d2296a6-3aa5-400b-8878-68f181773b30 HTTP/1.1" status: 404 len: 333 time: 0.0136998
2026-05-06 02:27:13.828 9 INFO neutron.api.wsgi [None req-1ba1958b-78f9-4d38-85dc-f89ac6fa7e53 93b0a81748d840fa891e275c4cf3df25 445a8881fc4a4c5ca4cb774fa807035e - - default default] 10.0.0.180 "POST /v2.0/networks HTTP/1.1" status: 201 len: 938 time: 1.0212662
2026-05-06 02:27:13.839 9 WARNING keystonemiddleware.audit [None req-517af367-13d8-4d3f-bef3-df967c48928b - - - - - -] Skipping service tempest-service-732578377 as it have no endpoints.
2026-05-06 02:27:13.865 10 INFO neutron.api.wsgi [None req-c1c6dd8b-25f2-431a-8b27-7f658c1c4db6 f6cd630bdb024e3da523f290b8700630 1a4100d30a144325b70441ef7b824786 - - default default] 10.0.0.180 "GET /v2.0/ports HTTP/1.1" status: 200 len: 1728 time: 0.0375729
2026-05-06 02:27:13.913 10 INFO neutron.api.wsgi [None req-c1fed722-04a1-4d2f-a46b-0e199718c805 f6cd630bdb024e3da523f290b8700630 1a4100d30a144325b70441ef7b824786 - - default default] 10.0.0.180 "GET /v2.0/ports/5aa98f96-f6af-4541-b652-506dd2d739c5 HTTP/1.1" status: 200 len: 968 time: 0.0434461
2026-05-06 02:27:13.933 10 INFO neutron.pecan_wsgi.hooks.translation [None req-f9975652-d851-44a3-b0fc-76a394267797 f6cd630bdb024e3da523f290b8700630 1a4100d30a144325b70441ef7b824786 - - default default] DELETE failed (client error): The resource could not be found.
2026-05-06 02:27:13.936 10 INFO neutron.api.wsgi [None req-f9975652-d851-44a3-b0fc-76a394267797 f6cd630bdb024e3da523f290b8700630 1a4100d30a144325b70441ef7b824786 - - default default] 10.0.0.180 "DELETE /v2.0/ports/efd741e6-1798-43aa-8416-2d34bc866f16 HTTP/1.1" status: 404 len: 333 time: 0.0150120
2026-05-06 02:27:13.952 9 INFO neutron.pecan_wsgi.hooks.translation [None req-9fd74676-6a0f-493f-be31-e005b1a955c4 f6cd630bdb024e3da523f290b8700630 1a4100d30a144325b70441ef7b824786 - - default default] DELETE failed (client error): The resource could not be found.
2026-05-06 02:27:13.954 9 INFO neutron.api.wsgi [None req-9fd74676-6a0f-493f-be31-e005b1a955c4 f6cd630bdb024e3da523f290b8700630 1a4100d30a144325b70441ef7b824786 - - default default] 10.0.0.180 "DELETE /v2.0/subnets/bb455a3b-ec7a-4a41-9581-9a1cf2d1ee4f HTTP/1.1" status: 404 len: 337 time: 0.0144417
2026-05-06 02:27:13.966 9 WARNING neutron.scheduler.dhcp_agent_scheduler [None req-6fdd2d6a-84a0-4d8c-9213-23a7b2fda802 93b0a81748d840fa891e275c4cf3df25 445a8881fc4a4c5ca4cb774fa807035e - - default default] No more DHCP agents
2026-05-06 02:27:13.967 9 WARNING neutron.api.rpc.agentnotifiers.dhcp_rpc_agent_api [None req-6fdd2d6a-84a0-4d8c-9213-23a7b2fda802 93b0a81748d840fa891e275c4cf3df25 445a8881fc4a4c5ca4cb774fa807035e - - default default] Unable to schedule network 10269781-9cad-4903-adcc-b13a01cd6ebd: no agents available; will retry on subsequent port and subnet creation events.
2026-05-06 02:27:13.974 10 INFO neutron.pecan_wsgi.hooks.translation [None req-df2572bd-dd91-4863-8d82-bb7922296cf0 f6cd630bdb024e3da523f290b8700630 1a4100d30a144325b70441ef7b824786 - - default default] DELETE failed (client error): The resource could not be found.
2026-05-06 02:27:13.976 10 INFO neutron.api.wsgi [None req-df2572bd-dd91-4863-8d82-bb7922296cf0 f6cd630bdb024e3da523f290b8700630 1a4100d30a144325b70441ef7b824786 - - default default] 10.0.0.180 "DELETE /v2.0/subnets/7fdacb1f-0224-4a2b-8ea1-c489f105c8d1 HTTP/1.1" status: 404 len: 337 time: 0.0165789
2026-05-06 02:27:14.176 10 INFO neutron.api.wsgi [None req-598ac895-44a5-4854-81bb-451476c14040 f6cd630bdb024e3da523f290b8700630 1a4100d30a144325b70441ef7b824786 - - default default] 10.0.0.180 "DELETE /v2.0/ports/5aa98f96-f6af-4541-b652-506dd2d739c5 HTTP/1.1" status: 204 len: 168 time: 0.1968546
2026-05-06 02:27:14.207 10 INFO neutron.db.ovn_revision_numbers_db [None req-b7c548d2-84fa-4c1e-a234-2cf8ed4998ec 93b0a81748d840fa891e275c4cf3df25 445a8881fc4a4c5ca4cb774fa807035e - - default default] Successfully bumped revision number for resource be835ba8-4d3d-4e04-9a58-e8b029e257b3 (type: security_groups) to 1
2026-05-06 02:27:14.221 10 INFO neutron.db.ovn_revision_numbers_db [None req-b7c548d2-84fa-4c1e-a234-2cf8ed4998ec 93b0a81748d840fa891e275c4cf3df25 445a8881fc4a4c5ca4cb774fa807035e - - default default] Successfully bumped revision number for resource 0f903a10-5947-4a83-8430-5bc92310b958 (type: security_group_rules) to 0
2026-05-06 02:27:14.237 10 INFO neutron.db.ovn_revision_numbers_db [None req-b7c548d2-84fa-4c1e-a234-2cf8ed4998ec 93b0a81748d840fa891e275c4cf3df25 445a8881fc4a4c5ca4cb774fa807035e - - default default] Successfully bumped revision number for resource 12a2cda3-72ea-41f1-9dd4-0fdf07befe39 (type: security_group_rules) to 0
2026-05-06 02:27:14.250 10 INFO neutron.db.ovn_revision_numbers_db [None req-b7c548d2-84fa-4c1e-a234-2cf8ed4998ec 93b0a81748d840fa891e275c4cf3df25 445a8881fc4a4c5ca4cb774fa807035e - - default default] Successfully bumped revision number for resource 18b9b7c3-fba0-4d81-8b51-ba99614547e1 (type: security_group_rules) to 0
2026-05-06 02:27:14.266 10 INFO neutron.db.ovn_revision_numbers_db [None req-b7c548d2-84fa-4c1e-a234-2cf8ed4998ec 93b0a81748d840fa891e275c4cf3df25 445a8881fc4a4c5ca4cb774fa807035e - - default default] Successfully bumped revision number for resource 9919c624-9dcf-4a81-a26b-182d9bf4f4b6 (type: security_group_rules) to 0
2026-05-06 02:27:14.307 10 INFO neutron.api.wsgi [None req-b7c548d2-84fa-4c1e-a234-2cf8ed4998ec 93b0a81748d840fa891e275c4cf3df25 445a8881fc4a4c5ca4cb774fa807035e - - default default] 10.0.0.180 "GET /v2.0/security-groups?tenant_id=809dac84b8c345879af1e074da52df11&name=default HTTP/1.1" status: 200 len: 3120 time: 0.3391500
2026-05-06 02:27:14.352 9 INFO neutron.db.ovn_revision_numbers_db [None req-71add486-6a43-42c8-a3f5-d4deeba8a59f - - - - - -] Successfully bumped revision number for resource 19a09a98-22a8-4b59-8d36-f9feb3d17a8d (type: ports) to 2
2026-05-06 02:27:14.378 9 INFO neutron.db.ovn_revision_numbers_db [None req-71add486-6a43-42c8-a3f5-d4deeba8a59f - - - - - -] Successfully bumped revision number for resource b6bfb2f7-0b2a-41da-9f65-231538bc7495 (type: subnets) to 0
2026-05-06 02:27:14.391 9 INFO neutron.api.wsgi [None req-6fdd2d6a-84a0-4d8c-9213-23a7b2fda802 93b0a81748d840fa891e275c4cf3df25 445a8881fc4a4c5ca4cb774fa807035e - - default default] 10.0.0.180 "POST /v2.0/subnets HTTP/1.1" status: 201 len: 882 time: 0.5541952
2026-05-06 02:27:14.398 9 WARNING keystonemiddleware.audit [None req-29f21d63-c9e2-4913-a9ff-8e4300ce6699 - - - - - -] Skipping service tempest-service-732578377 as it have no endpoints.
2026-05-06 02:27:14.479 10 INFO neutron.services.segments.plugin [-] Segment eac76c6b-841b-4bae-9080-66f282a99fd0 resource provider aggregate not found
2026-05-06 02:27:14.482 10 INFO neutron.services.segments.plugin [-] Segment eac76c6b-841b-4bae-9080-66f282a99fd0 resource provider aggregate not found
2026-05-06 02:27:14.495 10 INFO neutron.services.segments.plugin [-] Segment eac76c6b-841b-4bae-9080-66f282a99fd0 resource provider not found; error: Placement Client Error (4xx): {"errors": [{"status": 404, "title": "Not Found", "detail": "The resource could not be found.\n\n No resource provider with uuid eac76c6b-841b-4bae-9080-66f282a99fd0 found for delete ", "request_id": "req-239a278f-30c8-43c0-99cf-c67f2d899261"}]}
2026-05-06 02:27:14.499 10 INFO neutron.services.segments.plugin [-] Segment eac76c6b-841b-4bae-9080-66f282a99fd0 resource provider not found; error: Placement Client Error (4xx): {"errors": [{"status": 404, "title": "Not Found", "detail": "The resource could not be found.\n\n No resource provider with uuid eac76c6b-841b-4bae-9080-66f282a99fd0 found for delete ", "request_id": "req-afe686f7-c792-47ac-836e-9defdbc79983"}]}
2026-05-06 02:27:14.505 10 INFO neutron.api.wsgi [None req-11f543c2-5998-4671-a810-cbbdffc7054a f6cd630bdb024e3da523f290b8700630 1a4100d30a144325b70441ef7b824786 - - default default] 10.0.0.180 "DELETE /v2.0/networks/ece869d5-787a-4738-8195-ade94177580d HTTP/1.1" status: 204 len: 168 time: 0.3220737
2026-05-06 02:27:14.515 10 INFO neutron.api.wsgi [None req-3ea401c8-8cc9-4cfc-b87e-7746d6ab0d5a 93b0a81748d840fa891e275c4cf3df25 445a8881fc4a4c5ca4cb774fa807035e - - default default] 10.0.0.180 "DELETE /v2.0/security-groups/be835ba8-4d3d-4e04-9a58-e8b029e257b3 HTTP/1.1" status: 204 len: 168 time: 0.2016675
2026-05-06 02:27:14.742 9 INFO neutron.db.ovn_revision_numbers_db [None req-46f51188-e56b-44c8-8f4e-7c9073285aac 93b0a81748d840fa891e275c4cf3df25 445a8881fc4a4c5ca4cb774fa807035e - - default default] Successfully bumped revision number for resource 78a789b7-5c19-4bfa-bf8c-5cae4933beff (type: security_groups) to 1
2026-05-06 02:27:14.759 9 INFO neutron.db.ovn_revision_numbers_db [None req-46f51188-e56b-44c8-8f4e-7c9073285aac 93b0a81748d840fa891e275c4cf3df25 445a8881fc4a4c5ca4cb774fa807035e - - default default] Successfully bumped revision number for resource 47b197c4-3662-49eb-b359-5f1f04ed2bcf (type: security_group_rules) to 0
2026-05-06 02:27:14.769 9 WARNING neutron.scheduler.dhcp_agent_scheduler [None req-936e8676-5a42-4f94-8b14-07b03c85bd77 93b0a81748d840fa891e275c4cf3df25 445a8881fc4a4c5ca4cb774fa807035e - - default default] No more DHCP agents
2026-05-06 02:27:14.769 9 WARNING neutron.api.rpc.agentnotifiers.dhcp_rpc_agent_api [None req-936e8676-5a42-4f94-8b14-07b03c85bd77 93b0a81748d840fa891e275c4cf3df25 445a8881fc4a4c5ca4cb774fa807035e - - default default] Unable to schedule network 0d967536-1f8c-44e5-928e-07f7b2ec47c5: no agents available; will retry on subsequent port and subnet creation events.
2026-05-06 02:27:14.775 9 INFO neutron.db.ovn_revision_numbers_db [None req-46f51188-e56b-44c8-8f4e-7c9073285aac 93b0a81748d840fa891e275c4cf3df25 445a8881fc4a4c5ca4cb774fa807035e - - default default] Successfully bumped revision number for resource 610ebc3b-026b-4e8a-81bd-8bb63f187a62 (type: security_group_rules) to 0
2026-05-06 02:27:14.795 9 INFO neutron.db.ovn_revision_numbers_db [None req-46f51188-e56b-44c8-8f4e-7c9073285aac 93b0a81748d840fa891e275c4cf3df25 445a8881fc4a4c5ca4cb774fa807035e - - default default] Successfully bumped revision number for resource a93078cc-fd81-4529-86a2-bbb3a8febb9b (type: security_group_rules) to 0
2026-05-06 02:27:14.819 9 INFO neutron.db.ovn_revision_numbers_db [None req-46f51188-e56b-44c8-8f4e-7c9073285aac 93b0a81748d840fa891e275c4cf3df25 445a8881fc4a4c5ca4cb774fa807035e - - default default] Successfully bumped revision number for resource b0c57419-904f-4db0-9095-fd5242becaac (type: security_group_rules) to 0
2026-05-06 02:27:14.861 9 INFO neutron.api.wsgi [None req-46f51188-e56b-44c8-8f4e-7c9073285aac 93b0a81748d840fa891e275c4cf3df25 445a8881fc4a4c5ca4cb774fa807035e - - default default] 10.0.0.180 "GET /v2.0/security-groups?tenant_id=fc65bd0921344316ac5fef64d78e48eb&name=default HTTP/1.1" status: 200 len: 3120 time: 0.2612066
2026-05-06 02:27:14.899 9 INFO neutron.db.ovn_revision_numbers_db [None req-936e8676-5a42-4f94-8b14-07b03c85bd77 93b0a81748d840fa891e275c4cf3df25 445a8881fc4a4c5ca4cb774fa807035e - - default default] Successfully bumped revision number for resource 26bb19a4-4c90-48ac-b6d9-022a7449a2d3 (type: ports) to 1
2026-05-06 02:27:15.004 9 INFO neutron.api.wsgi [-] 10.0.0.163 "GET / HTTP/1.1" status: 200 len: 246 time: 0.0016525
2026-05-06 02:27:15.004 10 INFO neutron.api.wsgi [-] 10.0.0.163 "GET / HTTP/1.1" status: 200 len: 246 time: 0.0015314
2026-05-06 02:27:15.053 10 INFO neutron.api.wsgi [None req-9e2e840d-3589-461c-8c99-ea7b5de3da32 93b0a81748d840fa891e275c4cf3df25 445a8881fc4a4c5ca4cb774fa807035e - - default default] 10.0.0.180 "DELETE /v2.0/security-groups/78a789b7-5c19-4bfa-bf8c-5cae4933beff HTTP/1.1" status: 204 len: 168 time: 0.1872883
2026-05-06 02:27:15.096 9 INFO neutron.api.wsgi [None req-0602b978-16b3-4835-9c9f-3db795ee8feb 93b0a81748d840fa891e275c4cf3df25 445a8881fc4a4c5ca4cb774fa807035e - - default default] 10.0.0.180 "GET /v2.0/security-groups?tenant_id=1a4100d30a144325b70441ef7b824786&name=default HTTP/1.1" status: 200 len: 3120 time: 0.1404681
