2026-05-06 02:28:50.397 10 INFO neutron.api.wsgi [None req-e5fd8d34-be27-414f-8eae-0e19587b8724 c9769e729f224c818820176d5e82e178 1fdf267e84244e6d8553c70862aac314 - - default default] 10.0.0.180 "POST /v2.0/qos/policies HTTP/1.1" status: 201 len: 558 time: 0.0295541
2026-05-06 02:28:50.430 10 INFO neutron.api.wsgi [None req-27fc8259-719f-493b-9f19-f27613414b71 c9769e729f224c818820176d5e82e178 1fdf267e84244e6d8553c70862aac314 - - default default] 10.0.0.180 "PUT /v2.0/policies/b7606833-76e6-40a2-9457-5310a0618a11/tags HTTP/1.1" status: 200 len: 210 time: 0.0281477
2026-05-06 02:28:50.461 10 INFO neutron.api.wsgi [None req-80cde058-ac3e-4cd3-90b3-2e00592b6409 c9769e729f224c818820176d5e82e178 1fdf267e84244e6d8553c70862aac314 - - default default] 10.0.0.180 "PUT /v2.0/policies/47e634b9-df18-4498-9de1-ec239b4cdb4d/tags HTTP/1.1" status: 200 len: 218 time: 0.0265396
2026-05-06 02:28:50.508 10 INFO neutron.api.wsgi [None req-d5f1449e-bf5f-4e89-ba35-811cfa43a5d4 c9769e729f224c818820176d5e82e178 1fdf267e84244e6d8553c70862aac314 - - default default] 10.0.0.180 "PUT /v2.0/policies/41220367-e222-4f5b-ab69-563f000bad74/tags HTTP/1.1" status: 200 len: 227 time: 0.0419385
2026-05-06 02:28:50.543 10 INFO neutron.api.wsgi [None req-de12d90b-9882-4fe2-b213-5ad0e0772a78 c9769e729f224c818820176d5e82e178 1fdf267e84244e6d8553c70862aac314 - - default default] 10.0.0.180 "PUT /v2.0/policies/5516baf4-7593-4702-ab7d-de266100d3f4/tags HTTP/1.1" status: 200 len: 212 time: 0.0310130
2026-05-06 02:28:50.663 9 INFO neutron.plugins.ml2.drivers.ovn.mech_driver.ovsdb.commands [None req-8e091ab5-4439-4ea2-ad48-723369504237 - - - - - -] Schedule LRP lrp-e4132dd3-dc8c-49d6-876e-8db3c43a3910 on gateway 891c5ace-37ed-441c-af52-ca49cb6a305a with priority 1
2026-05-06 02:28:50.676 10 INFO neutron.plugins.ml2.drivers.ovn.mech_driver.mech_driver [None req-55dd658d-26bc-4f08-ad1c-9f690c54a5fc - - - - - -] OVN reports status up for port: e4132dd3-dc8c-49d6-876e-8db3c43a3910
2026-05-06 02:28:50.682 10 INFO neutron.plugins.ml2.plugin [None req-55dd658d-26bc-4f08-ad1c-9f690c54a5fc - - - - - -] Attempt 1 to provision port e4132dd3-dc8c-49d6-876e-8db3c43a3910
2026-05-06 02:28:50.714 9 INFO neutron.db.ovn_revision_numbers_db [None req-54d561c5-f294-43f1-95fb-7fe6ffe5944c 26d1b44731a14a198700d0f8145aed0a 86d93090c8cd4072818669d06cc8f0ff - - default default] Successfully bumped revision number for resource e4132dd3-dc8c-49d6-876e-8db3c43a3910 (type: router_ports) to 1
2026-05-06 02:28:50.769 9 INFO neutron.db.ovn_revision_numbers_db [None req-54d561c5-f294-43f1-95fb-7fe6ffe5944c 26d1b44731a14a198700d0f8145aed0a 86d93090c8cd4072818669d06cc8f0ff - - default default] Successfully bumped revision number for resource c8696471-44f4-4a7e-b2a7-dfd4dff7109a (type: routers) to 2
2026-05-06 02:28:50.785 9 INFO neutron.api.wsgi [None req-54d561c5-f294-43f1-95fb-7fe6ffe5944c 26d1b44731a14a198700d0f8145aed0a 86d93090c8cd4072818669d06cc8f0ff - - default default] 10.0.0.180 "POST /v2.0/routers HTTP/1.1" status: 201 len: 1134 time: 1.1415489
2026-05-06 02:28:51.134 10 INFO neutron.api.wsgi [None req-31ce47cd-24bd-4ea5-bd06-7defff3d1e32 ce5775e66e8646b8974f806eeda3b4fe 37a1a922e7dc4e9db1a39776ef23f80b - - default default] 10.0.0.180 "GET /v2.0/qos/policies?tags=red HTTP/1.1" status: 200 len: 1296 time: 0.1901145
2026-05-06 02:28:51.183 10 INFO neutron.api.wsgi [None req-1342d9bf-9890-4e72-87f5-f89b18e0a056 ce5775e66e8646b8974f806eeda3b4fe 37a1a922e7dc4e9db1a39776ef23f80b - - default default] 10.0.0.180 "GET /v2.0/qos/policies?tags=red%2Cblue HTTP/1.1" status: 200 len: 941 time: 0.0432558
2026-05-06 02:28:51.270 9 INFO neutron.api.wsgi [None req-1eccc890-0152-4927-8d26-4f79d25dbff8 ce5775e66e8646b8974f806eeda3b4fe 37a1a922e7dc4e9db1a39776ef23f80b - - default default] 10.0.0.180 "GET /v2.0/qos/policies?tags-any=blue HTTP/1.1" status: 200 len: 941 time: 0.0842750
2026-05-06 02:28:51.342 9 WARNING neutron.scheduler.dhcp_agent_scheduler [None req-e7599f2a-bb05-4804-8f12-29b80039d03e 26d1b44731a14a198700d0f8145aed0a 86d93090c8cd4072818669d06cc8f0ff - - default default] No more DHCP agents
2026-05-06 02:28:51.344 9 WARNING neutron.api.rpc.agentnotifiers.dhcp_rpc_agent_api [None req-e7599f2a-bb05-4804-8f12-29b80039d03e 26d1b44731a14a198700d0f8145aed0a 86d93090c8cd4072818669d06cc8f0ff - - default default] Unable to schedule network 7cd32f9b-806c-49f7-bb82-35755bc958a6: no agents available; will retry on subsequent port and subnet creation events.
2026-05-06 02:28:51.367 9 INFO neutron.db.ovn_revision_numbers_db [None req-e9513240-4e98-4c7d-9a92-a04bc4330176 93b0a81748d840fa891e275c4cf3df25 445a8881fc4a4c5ca4cb774fa807035e - - default default] Successfully bumped revision number for resource 0c0ecad5-a4ec-4baf-8bb4-42f3f11cff9d (type: security_groups) to 1
2026-05-06 02:28:51.370 9 INFO neutron.api.wsgi [None req-ffe1fa26-72c9-4a4e-8d9e-923ec31cfe80 ce5775e66e8646b8974f806eeda3b4fe 37a1a922e7dc4e9db1a39776ef23f80b - - default default] 10.0.0.180 "GET /v2.0/qos/policies?tags-any=red%2Cblue HTTP/1.1" status: 200 len: 1296 time: 0.0957596
2026-05-06 02:28:51.389 9 INFO neutron.db.ovn_revision_numbers_db [None req-e9513240-4e98-4c7d-9a92-a04bc4330176 93b0a81748d840fa891e275c4cf3df25 445a8881fc4a4c5ca4cb774fa807035e - - default default] Successfully bumped revision number for resource 78b177b0-8a2e-4379-9aa0-fd82684cc454 (type: security_group_rules) to 0
2026-05-06 02:28:51.404 9 INFO neutron.db.ovn_revision_numbers_db [None req-e9513240-4e98-4c7d-9a92-a04bc4330176 93b0a81748d840fa891e275c4cf3df25 445a8881fc4a4c5ca4cb774fa807035e - - default default] Successfully bumped revision number for resource 7a2bfab0-52bb-4c9c-9e28-708c5b98028f (type: security_group_rules) to 0
2026-05-06 02:28:51.420 9 INFO neutron.db.ovn_revision_numbers_db [None req-e9513240-4e98-4c7d-9a92-a04bc4330176 93b0a81748d840fa891e275c4cf3df25 445a8881fc4a4c5ca4cb774fa807035e - - default default] Successfully bumped revision number for resource 92f124b2-17e1-434a-b6fe-111322cb0609 (type: security_group_rules) to 0
2026-05-06 02:28:51.432 9 INFO neutron.db.ovn_revision_numbers_db [None req-e9513240-4e98-4c7d-9a92-a04bc4330176 93b0a81748d840fa891e275c4cf3df25 445a8881fc4a4c5ca4cb774fa807035e - - default default] Successfully bumped revision number for resource c6e39da8-8934-4fbe-a2cd-067066fa0763 (type: security_group_rules) to 0
2026-05-06 02:28:51.434 10 INFO neutron.api.wsgi [None req-51172f0f-0ba6-44be-a529-c462429ed9b5 ce5775e66e8646b8974f806eeda3b4fe 37a1a922e7dc4e9db1a39776ef23f80b - - default default] 10.0.0.180 "GET /v2.0/qos/policies?not-tags=red HTTP/1.1" status: 200 len: 913 time: 0.0587692
2026-05-06 02:28:51.473 9 INFO neutron.api.wsgi [None req-e9513240-4e98-4c7d-9a92-a04bc4330176 93b0a81748d840fa891e275c4cf3df25 445a8881fc4a4c5ca4cb774fa807035e - - default default] 10.0.0.180 "GET /v2.0/security-groups?tenant_id=97e201bdf0b147ae851510f9014fb35d&name=default HTTP/1.1" status: 200 len: 3120 time: 0.3049035
2026-05-06 02:28:51.481 9 INFO neutron.db.ovn_revision_numbers_db [None req-e7599f2a-bb05-4804-8f12-29b80039d03e 26d1b44731a14a198700d0f8145aed0a 86d93090c8cd4072818669d06cc8f0ff - - default default] Successfully bumped revision number for resource d27fa01b-e88a-462a-81b9-25f0f3aa4ee8 (type: ports) to 1
2026-05-06 02:28:51.529 10 INFO neutron.api.wsgi [None req-17ad1669-aa3e-43c2-8cb7-01b4852173f2 ce5775e66e8646b8974f806eeda3b4fe 37a1a922e7dc4e9db1a39776ef23f80b - - default default] 10.0.0.180 "GET /v2.0/qos/policies?not-tags=red%2Cblue HTTP/1.1" status: 200 len: 1268 time: 0.0900621
2026-05-06 02:28:51.594 10 INFO neutron.api.wsgi [None req-c435bdde-931b-45be-845b-bca7376f12ac ce5775e66e8646b8974f806eeda3b4fe 37a1a922e7dc4e9db1a39776ef23f80b - - default default] 10.0.0.180 "GET /v2.0/qos/policies?not-tags-any=blue HTTP/1.1" status: 200 len: 1268 time: 0.0580037
2026-05-06 02:28:51.636 10 INFO neutron.api.wsgi [None req-acfc1996-bb7d-4543-9ddb-a56902ebb500 ce5775e66e8646b8974f806eeda3b4fe 37a1a922e7dc4e9db1a39776ef23f80b - - default default] 10.0.0.180 "GET /v2.0/qos/policies?not-tags-any=red%2Cblue HTTP/1.1" status: 200 len: 913 time: 0.0369875
2026-05-06 02:28:51.697 10 INFO neutron.api.wsgi [None req-0c42fe54-5030-49b3-90bb-6fb1754d039e c9769e729f224c818820176d5e82e178 1fdf267e84244e6d8553c70862aac314 - - default default] 10.0.0.180 "DELETE /v2.0/qos/policies/b7606833-76e6-40a2-9457-5310a0618a11 HTTP/1.1" status: 204 len: 168 time: 0.0540795
2026-05-06 02:28:51.709 9 INFO neutron.api.wsgi [None req-5ec03ae9-ee1e-4b5b-b886-3045ce330dcb 93b0a81748d840fa891e275c4cf3df25 445a8881fc4a4c5ca4cb774fa807035e - - default default] 10.0.0.180 "DELETE /v2.0/security-groups/0c0ecad5-a4ec-4baf-8bb4-42f3f11cff9d HTTP/1.1" status: 204 len: 168 time: 0.2323296
2026-05-06 02:28:51.772 9 INFO neutron.api.wsgi [None req-84f7ab4c-4387-4166-b066-a3521b3ccb92 c9769e729f224c818820176d5e82e178 1fdf267e84244e6d8553c70862aac314 - - default default] 10.0.0.180 "DELETE /v2.0/qos/policies/47e634b9-df18-4498-9de1-ec239b4cdb4d HTTP/1.1" status: 204 len: 168 time: 0.0696437
2026-05-06 02:28:51.824 10 INFO neutron.api.wsgi [None req-5852a3c5-1249-4d86-b7a6-6a4ca5c43b67 c9769e729f224c818820176d5e82e178 1fdf267e84244e6d8553c70862aac314 - - default default] 10.0.0.180 "DELETE /v2.0/qos/policies/41220367-e222-4f5b-ab69-563f000bad74 HTTP/1.1" status: 204 len: 168 time: 0.0474966
2026-05-06 02:28:51.884 10 INFO neutron.api.wsgi [None req-70e55919-8428-4f94-a9b9-4a89d40feb69 c9769e729f224c818820176d5e82e178 1fdf267e84244e6d8553c70862aac314 - - default default] 10.0.0.180 "DELETE /v2.0/qos/policies/5516baf4-7593-4702-ab7d-de266100d3f4 HTTP/1.1" status: 204 len: 168 time: 0.0543692
2026-05-06 02:28:51.937 10 INFO neutron.api.wsgi [None req-2af764b2-57eb-4527-962c-5e1be8c8ae73 c9769e729f224c818820176d5e82e178 1fdf267e84244e6d8553c70862aac314 - - default default] 10.0.0.180 "DELETE /v2.0/qos/policies/192f80d5-1f2a-473b-8cb0-57e756067028 HTTP/1.1" status: 204 len: 168 time: 0.0480592
2026-05-06 02:28:52.071 9 INFO neutron.db.ovn_revision_numbers_db [None req-e7599f2a-bb05-4804-8f12-29b80039d03e 26d1b44731a14a198700d0f8145aed0a 86d93090c8cd4072818669d06cc8f0ff - - default default] Successfully bumped revision number for resource d27fa01b-e88a-462a-81b9-25f0f3aa4ee8 (type: ports) to 1
2026-05-06 02:28:52.113 9 WARNING neutron.scheduler.dhcp_agent_scheduler [None req-e7599f2a-bb05-4804-8f12-29b80039d03e 26d1b44731a14a198700d0f8145aed0a 86d93090c8cd4072818669d06cc8f0ff - - default default] No more DHCP agents
2026-05-06 02:28:52.114 9 WARNING neutron.api.rpc.agentnotifiers.dhcp_rpc_agent_api [None req-e7599f2a-bb05-4804-8f12-29b80039d03e 26d1b44731a14a198700d0f8145aed0a 86d93090c8cd4072818669d06cc8f0ff - - default default] Unable to schedule network 7cd32f9b-806c-49f7-bb82-35755bc958a6: no agents available; will retry on subsequent port and subnet creation events.
2026-05-06 02:28:52.291 10 INFO neutron.db.ovn_revision_numbers_db [None req-531ead23-f784-498d-aaa4-95442006a691 93b0a81748d840fa891e275c4cf3df25 445a8881fc4a4c5ca4cb774fa807035e - - default default] Successfully bumped revision number for resource 448c09ef-660f-4c73-8d15-7e0e30f7c0d6 (type: security_groups) to 1
2026-05-06 02:28:52.306 10 INFO neutron.db.ovn_revision_numbers_db [None req-531ead23-f784-498d-aaa4-95442006a691 93b0a81748d840fa891e275c4cf3df25 445a8881fc4a4c5ca4cb774fa807035e - - default default] Successfully bumped revision number for resource 04108e63-5e6a-45e8-b2d0-5bc5610d57aa (type: security_group_rules) to 0
2026-05-06 02:28:52.316 10 INFO neutron.db.ovn_revision_numbers_db [None req-531ead23-f784-498d-aaa4-95442006a691 93b0a81748d840fa891e275c4cf3df25 445a8881fc4a4c5ca4cb774fa807035e - - default default] Successfully bumped revision number for resource 377d2039-1fc0-4f73-a731-3fc5cc75b351 (type: security_group_rules) to 0
2026-05-06 02:28:52.335 10 INFO neutron.db.ovn_revision_numbers_db [None req-531ead23-f784-498d-aaa4-95442006a691 93b0a81748d840fa891e275c4cf3df25 445a8881fc4a4c5ca4cb774fa807035e - - default default] Successfully bumped revision number for resource 4c1d6ac7-5029-4957-bc25-17638e0178cc (type: security_group_rules) to 0
2026-05-06 02:28:52.352 10 INFO neutron.db.ovn_revision_numbers_db [None req-531ead23-f784-498d-aaa4-95442006a691 93b0a81748d840fa891e275c4cf3df25 445a8881fc4a4c5ca4cb774fa807035e - - default default] Successfully bumped revision number for resource cd1f5b25-f6c5-4bbb-be8f-566f9dce36cd (type: security_group_rules) to 0
2026-05-06 02:28:52.380 9 INFO neutron.db.ovn_revision_numbers_db [None req-e7599f2a-bb05-4804-8f12-29b80039d03e 26d1b44731a14a198700d0f8145aed0a 86d93090c8cd4072818669d06cc8f0ff - - default default] Successfully bumped revision number for resource d27fa01b-e88a-462a-81b9-25f0f3aa4ee8 (type: router_ports) to 1
2026-05-06 02:28:52.385 9 INFO neutron.api.wsgi [None req-e7599f2a-bb05-4804-8f12-29b80039d03e 26d1b44731a14a198700d0f8145aed0a 86d93090c8cd4072818669d06cc8f0ff - - default default] 10.0.0.180 "PUT /v2.0/routers/c8696471-44f4-4a7e-b2a7-dfd4dff7109a/add_router_interface HTTP/1.1" status: 200 len: 503 time: 1.5961006
2026-05-06 02:28:52.398 9 WARNING neutron_lib.context [None req-5a706493-13c0-49c6-ba0b-f7b575bc5b5d 26d1b44731a14a198700d0f8145aed0a 86d93090c8cd4072818669d06cc8f0ff - - default default] Method 'is_advsvc' is deprecated since 2023.2 release (neutron-lib 3.8.0) and will be removed once support for the old RBAC API policies will be removed from Neutron. Please use method 'is_service_role' instead.
2026-05-06 02:28:52.405 10 INFO neutron.api.wsgi [None req-531ead23-f784-498d-aaa4-95442006a691 93b0a81748d840fa891e275c4cf3df25 445a8881fc4a4c5ca4cb774fa807035e - - default default] 10.0.0.180 "GET /v2.0/security-groups?tenant_id=6a74ef50b70447a2ae5cd291a990129a&name=default HTTP/1.1" status: 200 len: 3120 time: 0.5900249
2026-05-06 02:28:52.820 10 INFO neutron.db.ovn_revision_numbers_db [None req-212da843-080c-47fc-945f-03216c357e65 93b0a81748d840fa891e275c4cf3df25 445a8881fc4a4c5ca4cb774fa807035e - - default default] Successfully bumped revision number for resource 34856130-a04e-4d2c-8a18-d0c77880b897 (type: security_groups) to 1
2026-05-06 02:28:52.835 10 INFO neutron.db.ovn_revision_numbers_db [None req-212da843-080c-47fc-945f-03216c357e65 93b0a81748d840fa891e275c4cf3df25 445a8881fc4a4c5ca4cb774fa807035e - - default default] Successfully bumped revision number for resource 3e5272ec-5ba7-431d-a561-31d6c8a18d95 (type: security_group_rules) to 0
2026-05-06 02:28:52.847 10 INFO neutron.db.ovn_revision_numbers_db [None req-212da843-080c-47fc-945f-03216c357e65 93b0a81748d840fa891e275c4cf3df25 445a8881fc4a4c5ca4cb774fa807035e - - default default] Successfully bumped revision number for resource 5fed3b2a-5c53-45fb-8a8f-958e80b9b9a0 (type: security_group_rules) to 0
2026-05-06 02:28:52.862 10 INFO neutron.db.ovn_revision_numbers_db [None req-212da843-080c-47fc-945f-03216c357e65 93b0a81748d840fa891e275c4cf3df25 445a8881fc4a4c5ca4cb774fa807035e - - default default] Successfully bumped revision number for resource be7b1930-240b-4199-bdfa-7a35bfbb6e8a (type: security_group_rules) to 0
2026-05-06 02:28:52.874 10 INFO neutron.db.ovn_revision_numbers_db [None req-212da843-080c-47fc-945f-03216c357e65 93b0a81748d840fa891e275c4cf3df25 445a8881fc4a4c5ca4cb774fa807035e - - default default] Successfully bumped revision number for resource d5c37996-dcb5-4b85-9994-72be396949b2 (type: security_group_rules) to 0
2026-05-06 02:28:52.905 10 INFO neutron.api.wsgi [None req-212da843-080c-47fc-945f-03216c357e65 93b0a81748d840fa891e275c4cf3df25 445a8881fc4a4c5ca4cb774fa807035e - - default default] 10.0.0.180 "GET /v2.0/security-groups?tenant_id=1fdf267e84244e6d8553c70862aac314&name=default HTTP/1.1" status: 200 len: 3120 time: 0.3002360
2026-05-06 02:28:53.010 9 INFO neutron.api.wsgi [None req-45d7f057-20dc-40e2-a546-7c9f368b8634 93b0a81748d840fa891e275c4cf3df25 445a8881fc4a4c5ca4cb774fa807035e - - default default] 10.0.0.180 "DELETE /v2.0/security-groups/448c09ef-660f-4c73-8d15-7e0e30f7c0d6 HTTP/1.1" status: 204 len: 168 time: 0.6007671
2026-05-06 02:28:53.088 10 INFO neutron.api.wsgi [None req-523582b2-c1b9-417d-a206-b525a9e0301e 93b0a81748d840fa891e275c4cf3df25 445a8881fc4a4c5ca4cb774fa807035e - - default default] 10.0.0.180 "DELETE /v2.0/security-groups/34856130-a04e-4d2c-8a18-d0c77880b897 HTTP/1.1" status: 204 len: 168 time: 0.1768816
2026-05-06 02:28:53.200 9 WARNING neutron.scheduler.dhcp_agent_scheduler [None req-2fc06047-efe1-4eba-ada6-246673cf2daf - - - - - -] No more DHCP agents
2026-05-06 02:28:53.201 9 WARNING neutron.api.rpc.agentnotifiers.dhcp_rpc_agent_api [None req-2fc06047-efe1-4eba-ada6-246673cf2daf - - - - - -] Unable to schedule network 0d967536-1f8c-44e5-928e-07f7b2ec47c5: no agents available; will retry on subsequent port and subnet creation events.
2026-05-06 02:28:53.321 9 INFO neutron.db.ovn_revision_numbers_db [None req-d0540d56-cebc-4d0a-82eb-13acb6dd2053 93b0a81748d840fa891e275c4cf3df25 445a8881fc4a4c5ca4cb774fa807035e - - default default] Successfully bumped revision number for resource a850f6e4-ea4f-4a52-a7e0-4ff10ff4c561 (type: security_groups) to 1
2026-05-06 02:28:53.328 9 INFO neutron.db.ovn_revision_numbers_db [None req-2fc06047-efe1-4eba-ada6-246673cf2daf - - - - - -] Successfully bumped revision number for resource 74fa5faf-135d-4495-9f58-4426aa0514d6 (type: ports) to 1
2026-05-06 02:28:53.332 9 INFO neutron.db.ovn_revision_numbers_db [None req-d0540d56-cebc-4d0a-82eb-13acb6dd2053 93b0a81748d840fa891e275c4cf3df25 445a8881fc4a4c5ca4cb774fa807035e - - default default] Successfully bumped revision number for resource 77cc08c6-189b-4fa8-97ca-20b4407905d7 (type: security_group_rules) to 0
2026-05-06 02:28:53.360 9 INFO neutron.db.ovn_revision_numbers_db [None req-d0540d56-cebc-4d0a-82eb-13acb6dd2053 93b0a81748d840fa891e275c4cf3df25 445a8881fc4a4c5ca4cb774fa807035e - - default default] Successfully bumped revision number for resource 7a49a9fd-f6dd-42b5-a1ee-5dae3f997dc9 (type: security_group_rules) to 0
2026-05-06 02:28:53.377 9 INFO neutron.db.ovn_revision_numbers_db [None req-d0540d56-cebc-4d0a-82eb-13acb6dd2053 93b0a81748d840fa891e275c4cf3df25 445a8881fc4a4c5ca4cb774fa807035e - - default default] Successfully bumped revision number for resource db793b31-d987-4e92-b654-32d634a89b26 (type: security_group_rules) to 0
2026-05-06 02:28:53.395 9 INFO neutron.db.ovn_revision_numbers_db [None req-d0540d56-cebc-4d0a-82eb-13acb6dd2053 93b0a81748d840fa891e275c4cf3df25 445a8881fc4a4c5ca4cb774fa807035e - - default default] Successfully bumped revision number for resource f64319a8-b277-4523-8640-dd3243e8fe43 (type: security_group_rules) to 0
2026-05-06 02:28:53.433 9 INFO neutron.api.wsgi [None req-d0540d56-cebc-4d0a-82eb-13acb6dd2053 93b0a81748d840fa891e275c4cf3df25 445a8881fc4a4c5ca4cb774fa807035e - - default default] 10.0.0.180 "GET /v2.0/security-groups?tenant_id=37a1a922e7dc4e9db1a39776ef23f80b&name=default HTTP/1.1" status: 200 len: 3120 time: 0.2179585
2026-05-06 02:28:53.596 9 INFO neutron.db.ovn_revision_numbers_db [None req-2fc06047-efe1-4eba-ada6-246673cf2daf - - - - - -] Successfully bumped revision number for resource 74fa5faf-135d-4495-9f58-4426aa0514d6 (type: ports) to 3
2026-05-06 02:28:53.631 9 INFO neutron.api.wsgi [None req-f26ce7d1-a59c-414e-bb49-537cb8bc36ae 93b0a81748d840fa891e275c4cf3df25 445a8881fc4a4c5ca4cb774fa807035e - - default default] 10.0.0.180 "DELETE /v2.0/security-groups/a850f6e4-ea4f-4a52-a7e0-4ff10ff4c561 HTTP/1.1" status: 204 len: 168 time: 0.1927598
2026-05-06 02:28:53.655 9 INFO neutron.db.segments_db [None req-2fc06047-efe1-4eba-ada6-246673cf2daf - - - - - -] Added segment 8517edf3-39dd-4b1a-937d-401f42c12daa of type geneve for network 60a0fa51-987c-4df8-b47a-afe5707d6148
2026-05-06 02:28:53.749 9 INFO neutron.db.ovn_revision_numbers_db [None req-90c3fbe1-ba28-4cbc-ac3d-36fec053ae52 - - - - - -] Successfully bumped revision number for resource 60a0fa51-987c-4df8-b47a-afe5707d6148 (type: networks) to 1
2026-05-06 02:28:53.805 10 INFO neutron.db.ovn_revision_numbers_db [None req-0e2257f3-a815-4178-8def-50b8068e6eb3 93b0a81748d840fa891e275c4cf3df25 445a8881fc4a4c5ca4cb774fa807035e - - default default] Successfully bumped revision number for resource 75b56456-3bcb-43d8-a566-031b6b1a0731 (type: security_groups) to 1
2026-05-06 02:28:53.815 10 INFO neutron.db.ovn_revision_numbers_db [None req-0e2257f3-a815-4178-8def-50b8068e6eb3 93b0a81748d840fa891e275c4cf3df25 445a8881fc4a4c5ca4cb774fa807035e - - default default] Successfully bumped revision number for resource 49c35072-a614-4da8-902f-b71cece5bbee (type: security_group_rules) to 0
2026-05-06 02:28:53.828 10 INFO neutron.db.ovn_revision_numbers_db [None req-0e2257f3-a815-4178-8def-50b8068e6eb3 93b0a81748d840fa891e275c4cf3df25 445a8881fc4a4c5ca4cb774fa807035e - - default default] Successfully bumped revision number for resource b13d836d-ece5-44e4-a9d6-cfde47184a7b (type: security_group_rules) to 0
2026-05-06 02:28:53.841 10 INFO neutron.db.ovn_revision_numbers_db [None req-0e2257f3-a815-4178-8def-50b8068e6eb3 93b0a81748d840fa891e275c4cf3df25 445a8881fc4a4c5ca4cb774fa807035e - - default default] Successfully bumped revision number for resource e1937b40-ba65-400c-9831-4c273b9ac4c8 (type: security_group_rules) to 0
2026-05-06 02:28:53.851 9 WARNING neutron.scheduler.dhcp_agent_scheduler [None req-90c3fbe1-ba28-4cbc-ac3d-36fec053ae52 - - - - - -] No more DHCP agents
2026-05-06 02:28:53.852 9 WARNING neutron.api.rpc.agentnotifiers.dhcp_rpc_agent_api [None req-90c3fbe1-ba28-4cbc-ac3d-36fec053ae52 - - - - - -] Unable to schedule network 60a0fa51-987c-4df8-b47a-afe5707d6148: no agents available; will retry on subsequent port and subnet creation events.
2026-05-06 02:28:53.854 10 INFO neutron.db.ovn_revision_numbers_db [None req-0e2257f3-a815-4178-8def-50b8068e6eb3 93b0a81748d840fa891e275c4cf3df25 445a8881fc4a4c5ca4cb774fa807035e - - default default] Successfully bumped revision number for resource fea07528-a14a-4eac-866c-e84ff65a3326 (type: security_group_rules) to 0
2026-05-06 02:28:53.890 10 INFO neutron.api.wsgi [None req-0e2257f3-a815-4178-8def-50b8068e6eb3 93b0a81748d840fa891e275c4cf3df25 445a8881fc4a4c5ca4cb774fa807035e - - default default] 10.0.0.180 "GET /v2.0/security-groups?tenant_id=531980e14407478a8bdc1b01ee0e82a3&name=default HTTP/1.1" status: 200 len: 3120 time: 0.1815863
2026-05-06 02:28:53.898 9 INFO neutron.db.ovn_revision_numbers_db [None req-90c3fbe1-ba28-4cbc-ac3d-36fec053ae52 - - - - - -] Successfully bumped revision number for resource 450a2e15-6f47-4425-b10a-59f14da6e305 (type: ports) to 1
2026-05-06 02:28:54.045 9 WARNING neutron.scheduler.dhcp_agent_scheduler [None req-90c3fbe1-ba28-4cbc-ac3d-36fec053ae52 - - - - - -] No more DHCP agents
2026-05-06 02:28:54.046 9 WARNING neutron.api.rpc.agentnotifiers.dhcp_rpc_agent_api [None req-90c3fbe1-ba28-4cbc-ac3d-36fec053ae52 - - - - - -] Unable to schedule network 60a0fa51-987c-4df8-b47a-afe5707d6148: no agents available; will retry on subsequent port and subnet creation events.
2026-05-06 02:28:54.066 9 INFO neutron.db.ovn_revision_numbers_db [None req-90c3fbe1-ba28-4cbc-ac3d-36fec053ae52 - - - - - -] Successfully bumped revision number for resource e15a7568-06a9-4236-8082-5bf96c6cc2a8 (type: subnets) to 0
2026-05-06 02:28:54.113 9 INFO neutron.api.wsgi [None req-3c64e730-c39f-4fe5-af8c-7ebba54d087b 93b0a81748d840fa891e275c4cf3df25 445a8881fc4a4c5ca4cb774fa807035e - - default default] 10.0.0.180 "DELETE /v2.0/security-groups/75b56456-3bcb-43d8-a566-031b6b1a0731 HTTP/1.1" status: 204 len: 168 time: 0.2186637
2026-05-06 02:28:54.340 9 WARNING neutron.scheduler.dhcp_agent_scheduler [None req-90c3fbe1-ba28-4cbc-ac3d-36fec053ae52 - - - - - -] No more DHCP agents
2026-05-06 02:28:54.341 9 WARNING neutron.api.rpc.agentnotifiers.dhcp_rpc_agent_api [None req-90c3fbe1-ba28-4cbc-ac3d-36fec053ae52 - - - - - -] Unable to schedule network 60a0fa51-987c-4df8-b47a-afe5707d6148: no agents available; will retry on subsequent port and subnet creation events.
2026-05-06 02:28:54.423 9 INFO neutron.db.ovn_revision_numbers_db [None req-90c3fbe1-ba28-4cbc-ac3d-36fec053ae52 - - - - - -] Successfully bumped revision number for resource fc5457e5-4ab7-4146-a115-3bcdfe6d60c9 (type: ports) to 1
2026-05-06 02:28:54.813 9 INFO neutron.plugins.ml2.drivers.ovn.mech_driver.mech_driver [None req-3740c19a-d26f-481f-8bbe-48935090b08f - - - - - -] OVN reports status up for port: fc5457e5-4ab7-4146-a115-3bcdfe6d60c9
2026-05-06 02:28:54.830 9 INFO neutron.plugins.ml2.plugin [None req-3740c19a-d26f-481f-8bbe-48935090b08f - - - - - -] Attempt 1 to provision port fc5457e5-4ab7-4146-a115-3bcdfe6d60c9
2026-05-06 02:28:54.845 9 INFO neutron.db.ovn_revision_numbers_db [None req-90c3fbe1-ba28-4cbc-ac3d-36fec053ae52 - - - - - -] Successfully bumped revision number for resource fc5457e5-4ab7-4146-a115-3bcdfe6d60c9 (type: ports) to 1
2026-05-06 02:28:54.900 9 WARNING neutron.scheduler.dhcp_agent_scheduler [None req-90c3fbe1-ba28-4cbc-ac3d-36fec053ae52 - - - - - -] No more DHCP agents
2026-05-06 02:28:54.903 9 WARNING neutron.api.rpc.agentnotifiers.dhcp_rpc_agent_api [None req-90c3fbe1-ba28-4cbc-ac3d-36fec053ae52 - - - - - -] Unable to schedule network 60a0fa51-987c-4df8-b47a-afe5707d6148: no agents available; will retry on subsequent port and subnet creation events.
2026-05-06 02:28:55.166 9 INFO neutron.db.ovn_revision_numbers_db [None req-3740c19a-d26f-481f-8bbe-48935090b08f - - - - - -] Successfully bumped revision number for resource fc5457e5-4ab7-4146-a115-3bcdfe6d60c9 (type: ports) to 2
2026-05-06 02:28:55.331 9 INFO neutron.db.ovn_revision_numbers_db [None req-90c3fbe1-ba28-4cbc-ac3d-36fec053ae52 - - - - - -] Successfully bumped revision number for resource fc5457e5-4ab7-4146-a115-3bcdfe6d60c9 (type: router_ports) to 1
2026-05-06 02:28:55.532 9 WARNING neutron.scheduler.dhcp_agent_scheduler [None req-90c3fbe1-ba28-4cbc-ac3d-36fec053ae52 - - - - - -] No more DHCP agents
2026-05-06 02:28:55.534 9 WARNING neutron.api.rpc.agentnotifiers.dhcp_rpc_agent_api [None req-90c3fbe1-ba28-4cbc-ac3d-36fec053ae52 - - - - - -] Unable to schedule network 60a0fa51-987c-4df8-b47a-afe5707d6148: no agents available; will retry on subsequent port and subnet creation events.
2026-05-06 02:28:55.650 9 INFO neutron.db.ovn_revision_numbers_db [None req-90c3fbe1-ba28-4cbc-ac3d-36fec053ae52 - - - - - -] Successfully bumped revision number for resource d2100646-2366-4996-a0e6-2ad9960689c3 (type: ports) to 1
2026-05-06 02:28:55.687 10 WARNING neutron.plugins.ml2.drivers.ovn.mech_driver.ovsdb.ovn_client [None req-55dd658d-26bc-4f08-ad1c-9f690c54a5fc - - - - - -] No hosting information found for port e4132dd3-dc8c-49d6-876e-8db3c43a3910: RuntimeError: No hosting information found for port e4132dd3-dc8c-49d6-876e-8db3c43a3910
2026-05-06 02:28:55.687 10 INFO neutron.plugins.ml2.drivers.ovn.mech_driver.mech_driver [None req-55dd658d-26bc-4f08-ad1c-9f690c54a5fc - - - - - -] OVN reports status up for port: d27fa01b-e88a-462a-81b9-25f0f3aa4ee8
2026-05-06 02:28:55.693 10 INFO neutron.plugins.ml2.plugin [None req-55dd658d-26bc-4f08-ad1c-9f690c54a5fc - - - - - -] Attempt 1 to provision port d27fa01b-e88a-462a-81b9-25f0f3aa4ee8
2026-05-06 02:28:55.846 9 INFO neutron.db.ovn_revision_numbers_db [None req-90c3fbe1-ba28-4cbc-ac3d-36fec053ae52 - - - - - -] Successfully bumped revision number for resource d2100646-2366-4996-a0e6-2ad9960689c3 (type: ports) to 3
2026-05-06 02:28:56.045 9 INFO neutron.api.wsgi [None req-5a706493-13c0-49c6-ba0b-f7b575bc5b5d 26d1b44731a14a198700d0f8145aed0a 86d93090c8cd4072818669d06cc8f0ff - - default default] 10.0.0.180 "POST /v2.0/vpn/vpnservices HTTP/1.1" status: 201 len: 657 time: 3.6524119
2026-05-06 02:28:56.048 10 INFO neutron.db.ovn_revision_numbers_db [None req-55dd658d-26bc-4f08-ad1c-9f690c54a5fc - - - - - -] Successfully bumped revision number for resource d27fa01b-e88a-462a-81b9-25f0f3aa4ee8 (type: ports) to 2
2026-05-06 02:28:56.054 9 WARNING neutron_lib.context [None req-0fed625b-9210-4f57-adb2-eec88891fb55 26d1b44731a14a198700d0f8145aed0a 86d93090c8cd4072818669d06cc8f0ff - - default default] Method 'is_advsvc' is deprecated since 2023.2 release (neutron-lib 3.8.0) and will be removed once support for the old RBAC API policies will be removed from Neutron. Please use method 'is_service_role' instead.
2026-05-06 02:28:56.351 9 INFO neutron.api.wsgi [None req-0fed625b-9210-4f57-adb2-eec88891fb55 26d1b44731a14a198700d0f8145aed0a 86d93090c8cd4072818669d06cc8f0ff - - default default] 10.0.0.180 "POST /v2.0/vpn/vpnservices HTTP/1.1" status: 201 len: 623 time: 0.3012872
2026-05-06 02:28:56.360 9 WARNING neutron_lib.context [None req-4e135f2a-06f2-455e-a33d-382cfb60be0e 26d1b44731a14a198700d0f8145aed0a 86d93090c8cd4072818669d06cc8f0ff - - default default] Method 'is_advsvc' is deprecated since 2023.2 release (neutron-lib 3.8.0) and will be removed once support for the old RBAC API policies will be removed from Neutron. Please use method 'is_service_role' instead.
2026-05-06 02:28:56.392 9 INFO neutron.api.wsgi [None req-4e135f2a-06f2-455e-a33d-382cfb60be0e 26d1b44731a14a198700d0f8145aed0a 86d93090c8cd4072818669d06cc8f0ff - - default default] 10.0.0.180 "POST /v2.0/vpn/ikepolicies HTTP/1.1" status: 201 len: 602 time: 0.0356967
2026-05-06 02:28:56.402 9 WARNING neutron_lib.context [None req-990360d4-0e41-455c-9615-66b3f878474e 26d1b44731a14a198700d0f8145aed0a 86d93090c8cd4072818669d06cc8f0ff - - default default] Method 'is_advsvc' is deprecated since 2023.2 release (neutron-lib 3.8.0) and will be removed once support for the old RBAC API policies will be removed from Neutron. Please use method 'is_service_role' instead.
2026-05-06 02:28:56.436 9 INFO neutron.api.wsgi [None req-990360d4-0e41-455c-9615-66b3f878474e 26d1b44731a14a198700d0f8145aed0a 86d93090c8cd4072818669d06cc8f0ff - - default default] 10.0.0.180 "POST /v2.0/vpn/ipsecpolicies HTTP/1.1" status: 201 len: 611 time: 0.0386443
2026-05-06 02:28:56.445 9 WARNING neutron_lib.context [None req-71b82afe-88cd-479a-914b-aae79d490adf 26d1b44731a14a198700d0f8145aed0a 86d93090c8cd4072818669d06cc8f0ff - - default default] Method 'is_advsvc' is deprecated since 2023.2 release (neutron-lib 3.8.0) and will be removed once support for the old RBAC API policies will be removed from Neutron. Please use method 'is_service_role' instead.
2026-05-06 02:28:56.497 9 INFO neutron.api.wsgi [None req-71b82afe-88cd-479a-914b-aae79d490adf 26d1b44731a14a198700d0f8145aed0a 86d93090c8cd4072818669d06cc8f0ff - - default default] 10.0.0.180 "POST /v2.0/vpn/endpoint-groups HTTP/1.1" status: 201 len: 527 time: 0.0563431
2026-05-06 02:28:56.506 9 WARNING neutron_lib.context [None req-eed8d57b-a33b-493a-af48-2f417da5a73e 26d1b44731a14a198700d0f8145aed0a 86d93090c8cd4072818669d06cc8f0ff - - default default] Method 'is_advsvc' is deprecated since 2023.2 release (neutron-lib 3.8.0) and will be removed once support for the old RBAC API policies will be removed from Neutron. Please use method 'is_service_role' instead.
2026-05-06 02:28:56.548 9 INFO neutron.api.wsgi [None req-eed8d57b-a33b-493a-af48-2f417da5a73e 26d1b44731a14a198700d0f8145aed0a 86d93090c8cd4072818669d06cc8f0ff - - default default] 10.0.0.180 "POST /v2.0/vpn/endpoint-groups HTTP/1.1" status: 201 len: 519 time: 0.0465567
2026-05-06 02:28:56.571 9 WARNING neutron_lib.context [None req-8949a7e2-9497-419b-a355-2e7af9334709 26d1b44731a14a198700d0f8145aed0a 86d93090c8cd4072818669d06cc8f0ff - - default default] Method 'is_advsvc' is deprecated since 2023.2 release (neutron-lib 3.8.0) and will be removed once support for the old RBAC API policies will be removed from Neutron. Please use method 'is_service_role' instead.
2026-05-06 02:28:57.287 10 INFO neutron.db.ovn_revision_numbers_db [None req-e1bb6a4e-b4dd-4184-bcf7-e162a58129f0 93b0a81748d840fa891e275c4cf3df25 445a8881fc4a4c5ca4cb774fa807035e - - default default] Successfully bumped revision number for resource 717171d0-a0ba-4dd6-8bca-c3f015848693 (type: security_groups) to 1
2026-05-06 02:28:57.307 10 INFO neutron.db.ovn_revision_numbers_db [None req-e1bb6a4e-b4dd-4184-bcf7-e162a58129f0 93b0a81748d840fa891e275c4cf3df25 445a8881fc4a4c5ca4cb774fa807035e - - default default] Successfully bumped revision number for resource 0625c375-229f-4280-a101-29b29b415d2f (type: security_group_rules) to 0
2026-05-06 02:28:57.321 10 INFO neutron.db.ovn_revision_numbers_db [None req-e1bb6a4e-b4dd-4184-bcf7-e162a58129f0 93b0a81748d840fa891e275c4cf3df25 445a8881fc4a4c5ca4cb774fa807035e - - default default] Successfully bumped revision number for resource 5c8a4d34-417b-4453-a9ec-a443252666a9 (type: security_group_rules) to 0
2026-05-06 02:28:57.334 10 INFO neutron.db.ovn_revision_numbers_db [None req-e1bb6a4e-b4dd-4184-bcf7-e162a58129f0 93b0a81748d840fa891e275c4cf3df25 445a8881fc4a4c5ca4cb774fa807035e - - default default] Successfully bumped revision number for resource 7a5948c3-7123-48d1-a2cd-06c48b201c44 (type: security_group_rules) to 0
2026-05-06 02:28:57.346 10 INFO neutron.db.ovn_revision_numbers_db [None req-e1bb6a4e-b4dd-4184-bcf7-e162a58129f0 93b0a81748d840fa891e275c4cf3df25 445a8881fc4a4c5ca4cb774fa807035e - - default default] Successfully bumped revision number for resource 99961a63-62a0-4667-871c-11f7c452dd74 (type: security_group_rules) to 0
2026-05-06 02:28:57.382 10 INFO neutron.api.wsgi [None req-e1bb6a4e-b4dd-4184-bcf7-e162a58129f0 93b0a81748d840fa891e275c4cf3df25 445a8881fc4a4c5ca4cb774fa807035e - - default default] 10.0.0.180 "GET /v2.0/security-groups?tenant_id=1f0acdc17a0f48369413c2453e00e4aa&name=default HTTP/1.1" status: 200 len: 3120 time: 0.3185258
2026-05-06 02:28:57.490 9 INFO neutron.db.ovn_revision_numbers_db [None req-8949a7e2-9497-419b-a355-2e7af9334709 26d1b44731a14a198700d0f8145aed0a 86d93090c8cd4072818669d06cc8f0ff - - default default] Successfully bumped revision number for resource c8696471-44f4-4a7e-b2a7-dfd4dff7109a (type: routers) to 5
2026-05-06 02:28:57.544 9 INFO neutron.api.wsgi [None req-8949a7e2-9497-419b-a355-2e7af9334709 26d1b44731a14a198700d0f8145aed0a 86d93090c8cd4072818669d06cc8f0ff - - default default] 10.0.0.180 "POST /v2.0/vpn/ipsec-site-connections HTTP/1.1" status: 201 len: 1001 time: 0.9885001
2026-05-06 02:28:57.556 10 WARNING neutron_lib.context [None req-490dc5d5-3627-471a-ab00-2df27f89eca0 26d1b44731a14a198700d0f8145aed0a 86d93090c8cd4072818669d06cc8f0ff - - default default] Method 'is_advsvc' is deprecated since 2023.2 release (neutron-lib 3.8.0) and will be removed once support for the old RBAC API policies will be removed from Neutron. Please use method 'is_service_role' instead.
2026-05-06 02:28:57.601 10 INFO neutron.api.wsgi [None req-490dc5d5-3627-471a-ab00-2df27f89eca0 26d1b44731a14a198700d0f8145aed0a 86d93090c8cd4072818669d06cc8f0ff - - default default] 10.0.0.180 "POST /v2.0/vpn/endpoint-groups HTTP/1.1" status: 201 len: 489 time: 0.0509522
2026-05-06 02:28:57.629 9 INFO neutron.api.wsgi [None req-e929faf8-140d-409d-9287-317cb975e1cf 93b0a81748d840fa891e275c4cf3df25 445a8881fc4a4c5ca4cb774fa807035e - - default default] 10.0.0.180 "DELETE /v2.0/security-groups/717171d0-a0ba-4dd6-8bca-c3f015848693 HTTP/1.1" status: 204 len: 168 time: 0.2422500
2026-05-06 02:28:57.637 10 INFO neutron.api.wsgi [None req-47323d2b-bbd7-4b6a-9cd8-d73c3a37eef4 26d1b44731a14a198700d0f8145aed0a 86d93090c8cd4072818669d06cc8f0ff - - default default] 10.0.0.180 "DELETE /v2.0/vpn/endpoint-groups/ae7de9f0-c4d0-4798-9baa-e0e93da48ca0 HTTP/1.1" status: 204 len: 168 time: 0.0296278
2026-05-06 02:28:57.661 10 INFO neutron.api.wsgi [None req-1d4b7c63-ff16-49b1-baf6-205b7b9619cd 26d1b44731a14a198700d0f8145aed0a 86d93090c8cd4072818669d06cc8f0ff - - default default] 10.0.0.180 "GET /v2.0/vpn/endpoint-groups HTTP/1.1" status: 200 len: 827 time: 0.0192707
2026-05-06 02:28:57.673 10 INFO neutron.api.wsgi [None req-a4dc8648-4b64-4f6e-9264-702c7d0a4039 26d1b44731a14a198700d0f8145aed0a 86d93090c8cd4072818669d06cc8f0ff - - default default] 10.0.0.180 "GET /v2.0/vpn/endpoint-groups HTTP/1.1" status: 200 len: 827 time: 0.0075657
2026-05-06 02:28:57.840 9 INFO neutron.db.ovn_revision_numbers_db [None req-528317af-aa62-4daa-a499-74e58c69a83e 93b0a81748d840fa891e275c4cf3df25 445a8881fc4a4c5ca4cb774fa807035e - - default default] Successfully bumped revision number for resource 90ff454d-4d7e-4d3f-b821-3f5a2d790f54 (type: security_groups) to 1
2026-05-06 02:28:57.851 9 INFO neutron.db.ovn_revision_numbers_db [None req-528317af-aa62-4daa-a499-74e58c69a83e 93b0a81748d840fa891e275c4cf3df25 445a8881fc4a4c5ca4cb774fa807035e - - default default] Successfully bumped revision number for resource 450c9123-74ba-49d7-95c6-2c28c0cad2ef (type: security_group_rules) to 0
2026-05-06 02:28:57.871 9 INFO neutron.db.ovn_revision_numbers_db [None req-528317af-aa62-4daa-a499-74e58c69a83e 93b0a81748d840fa891e275c4cf3df25 445a8881fc4a4c5ca4cb774fa807035e - - default default] Successfully bumped revision number for resource 474e3d26-e9a3-42bf-899d-ecd0a7ba213f (type: security_group_rules) to 0
2026-05-06 02:28:57.883 9 INFO neutron.db.ovn_revision_numbers_db [None req-528317af-aa62-4daa-a499-74e58c69a83e 93b0a81748d840fa891e275c4cf3df25 445a8881fc4a4c5ca4cb774fa807035e - - default default] Successfully bumped revision number for resource 81be1ea5-f210-41fc-906d-eef3a308620e (type: security_group_rules) to 0
2026-05-06 02:28:57.893 9 INFO neutron.db.ovn_revision_numbers_db [None req-528317af-aa62-4daa-a499-74e58c69a83e 93b0a81748d840fa891e275c4cf3df25 445a8881fc4a4c5ca4cb774fa807035e - - default default] Successfully bumped revision number for resource f8dc9e4e-b540-4e26-a5e8-f1632a4bfd96 (type: security_group_rules) to 0
2026-05-06 02:28:57.935 9 INFO neutron.api.wsgi [None req-528317af-aa62-4daa-a499-74e58c69a83e 93b0a81748d840fa891e275c4cf3df25 445a8881fc4a4c5ca4cb774fa807035e - - default default] 10.0.0.180 "GET /v2.0/security-groups?tenant_id=2a2df4acd4bf43749b236048b31b22c3&name=default HTTP/1.1" status: 200 len: 3120 time: 0.2182300
2026-05-06 02:28:58.148 10 INFO neutron.api.wsgi [None req-8f2c0e84-4c5b-4ec5-83c4-a381a33637e2 89686c14f85a4175a3e9b33b34b813a3 7024f25b65814a2189cef5c2963fe9f8 - - default default] 10.0.0.180 "POST /v2.0/vpn/ikepolicies HTTP/1.1" status: 201 len: 602 time: 0.1351757
2026-05-06 02:28:58.166 10 INFO neutron.api.wsgi [None req-67c49e83-7b82-4dfb-842b-bd189603238d 26d1b44731a14a198700d0f8145aed0a 86d93090c8cd4072818669d06cc8f0ff - - default default] 10.0.0.180 "GET /v2.0/vpn/ikepolicies HTTP/1.1" status: 200 len: 991 time: 0.0122087
2026-05-06 02:28:58.173 9 INFO neutron.api.wsgi [None req-ff63b7e1-df10-4fa1-bd3c-7b8cf044a0eb 93b0a81748d840fa891e275c4cf3df25 445a8881fc4a4c5ca4cb774fa807035e - - default default] 10.0.0.180 "DELETE /v2.0/security-groups/90ff454d-4d7e-4d3f-b821-3f5a2d790f54 HTTP/1.1" status: 204 len: 168 time: 0.2334452
2026-05-06 02:28:58.199 10 INFO neutron.api.wsgi [None req-73ab03cf-9f7a-4ee5-9386-bbf3d8865de7 89686c14f85a4175a3e9b33b34b813a3 7024f25b65814a2189cef5c2963fe9f8 - - default default] 10.0.0.180 "DELETE /v2.0/vpn/ikepolicies/e738c705-4608-4653-a4cd-81b96a136a2a HTTP/1.1" status: 204 len: 168 time: 0.0290487
2026-05-06 02:28:58.241 10 INFO neutron.api.wsgi [None req-54899a6e-1a39-4791-b7a4-444b0f80743a 89686c14f85a4175a3e9b33b34b813a3 7024f25b65814a2189cef5c2963fe9f8 - - default default] 10.0.0.180 "POST /v2.0/vpn/ipsecpolicies HTTP/1.1" status: 201 len: 611 time: 0.0367916
2026-05-06 02:28:58.253 10 INFO neutron.api.wsgi [None req-90e20658-6378-43e0-aca3-7f55e5885a6e 26d1b44731a14a198700d0f8145aed0a 86d93090c8cd4072818669d06cc8f0ff - - default default] 10.0.0.180 "GET /v2.0/vpn/ipsecpolicies HTTP/1.1" status: 200 len: 1007 time: 0.0083981
2026-05-06 02:28:58.281 10 INFO neutron.api.wsgi [None req-e0280879-f91b-48c0-a168-85f9d7fce232 89686c14f85a4175a3e9b33b34b813a3 7024f25b65814a2189cef5c2963fe9f8 - - default default] 10.0.0.180 "DELETE /v2.0/vpn/ipsecpolicies/a7696831-058d-4985-adb1-319654c457a8 HTTP/1.1" status: 204 len: 168 time: 0.0242965
2026-05-06 02:28:58.292 10 WARNING neutron_lib.context [None req-545cac3c-59ad-482e-830b-a057b3b39cc8 26d1b44731a14a198700d0f8145aed0a 86d93090c8cd4072818669d06cc8f0ff - - default default] Method 'is_advsvc' is deprecated since 2023.2 release (neutron-lib 3.8.0) and will be removed once support for the old RBAC API policies will be removed from Neutron. Please use method 'is_service_role' instead.
2026-05-06 02:28:58.381 10 INFO neutron.db.segments_db [None req-545cac3c-59ad-482e-830b-a057b3b39cc8 26d1b44731a14a198700d0f8145aed0a 86d93090c8cd4072818669d06cc8f0ff - - default default] Added segment 94779921-6feb-473f-8e4b-9dea7c6bd5c0 of type geneve for network 9e306765-2611-49ad-a63e-7dea4aaad40d
2026-05-06 02:28:58.410 10 WARNING neutron_lib.context [None req-9f314404-0332-4a07-ae6d-9b3e3c30ea29 3db9589911a7450ebf953235ea6c07b4 967a2d8f6f594304a5aa12861a7d8c50 - - default default] Method 'is_advsvc' is deprecated since 2023.2 release (neutron-lib 3.8.0) and will be removed once support for the old RBAC API policies will be removed from Neutron. Please use method 'is_service_role' instead.
2026-05-06 02:28:58.508 10 INFO neutron.db.ovn_revision_numbers_db [None req-545cac3c-59ad-482e-830b-a057b3b39cc8 26d1b44731a14a198700d0f8145aed0a 86d93090c8cd4072818669d06cc8f0ff - - default default] Successfully bumped revision number for resource 9e306765-2611-49ad-a63e-7dea4aaad40d (type: networks) to 1
2026-05-06 02:28:58.558 10 INFO neutron.db.ovn_revision_numbers_db [None req-9f314404-0332-4a07-ae6d-9b3e3c30ea29 3db9589911a7450ebf953235ea6c07b4 967a2d8f6f594304a5aa12861a7d8c50 - - default default] Successfully bumped revision number for resource 773f8ac7-ce40-4e82-9c1e-b681f40c334a (type: security_groups) to 1
2026-05-06 02:28:58.567 10 INFO neutron.db.ovn_revision_numbers_db [None req-9f314404-0332-4a07-ae6d-9b3e3c30ea29 3db9589911a7450ebf953235ea6c07b4 967a2d8f6f594304a5aa12861a7d8c50 - - default default] Successfully bumped revision number for resource 846fb3fd-9a0d-45c0-92c4-09c818dfceee (type: security_group_rules) to 0
2026-05-06 02:28:58.590 10 INFO neutron.db.ovn_revision_numbers_db [None req-9f314404-0332-4a07-ae6d-9b3e3c30ea29 3db9589911a7450ebf953235ea6c07b4 967a2d8f6f594304a5aa12861a7d8c50 - - default default] Successfully bumped revision number for resource d8235dc7-5d43-48fe-bbe8-c6f56ed85a0c (type: security_group_rules) to 0
2026-05-06 02:28:58.607 10 INFO neutron.db.ovn_revision_numbers_db [None req-9f314404-0332-4a07-ae6d-9b3e3c30ea29 3db9589911a7450ebf953235ea6c07b4 967a2d8f6f594304a5aa12861a7d8c50 - - default default] Successfully bumped revision number for resource fcda634b-b75d-44bd-a80f-d382f940c773 (type: security_group_rules) to 0
2026-05-06 02:28:58.620 10 INFO neutron.db.ovn_revision_numbers_db [None req-9f314404-0332-4a07-ae6d-9b3e3c30ea29 3db9589911a7450ebf953235ea6c07b4 967a2d8f6f594304a5aa12861a7d8c50 - - default default] Successfully bumped revision number for resource fd162a0d-c7eb-40c6-94b9-392e91ccef24 (type: security_group_rules) to 0
2026-05-06 02:28:58.721 10 WARNING neutron.scheduler.dhcp_agent_scheduler [None req-545cac3c-59ad-482e-830b-a057b3b39cc8 26d1b44731a14a198700d0f8145aed0a 86d93090c8cd4072818669d06cc8f0ff - - default default] No more DHCP agents
2026-05-06 02:28:58.722 10 WARNING neutron.api.rpc.agentnotifiers.dhcp_rpc_agent_api [None req-545cac3c-59ad-482e-830b-a057b3b39cc8 26d1b44731a14a198700d0f8145aed0a 86d93090c8cd4072818669d06cc8f0ff - - default default] Unable to schedule network 9e306765-2611-49ad-a63e-7dea4aaad40d: no agents available; will retry on subsequent port and subnet creation events.
2026-05-06 02:28:58.724 10 INFO neutron.db.ovn_revision_numbers_db [None req-9f314404-0332-4a07-ae6d-9b3e3c30ea29 3db9589911a7450ebf953235ea6c07b4 967a2d8f6f594304a5aa12861a7d8c50 - - default default] Successfully bumped revision number for resource 9f134eef-bc4b-4feb-8227-b18348159eb1 (type: security_groups) to 1
2026-05-06 02:28:58.736 10 INFO neutron.db.ovn_revision_numbers_db [None req-9f314404-0332-4a07-ae6d-9b3e3c30ea29 3db9589911a7450ebf953235ea6c07b4 967a2d8f6f594304a5aa12861a7d8c50 - - default default] Successfully bumped revision number for resource 0238e3c3-d6e7-42af-a2c3-c11c0256fbd9 (type: security_group_rules) to 0
2026-05-06 02:28:58.752 10 INFO neutron.db.ovn_revision_numbers_db [None req-9f314404-0332-4a07-ae6d-9b3e3c30ea29 3db9589911a7450ebf953235ea6c07b4 967a2d8f6f594304a5aa12861a7d8c50 - - default default] Successfully bumped revision number for resource 610e028a-ddf6-4dbd-9d80-45a1faf24795 (type: security_group_rules) to 0
2026-05-06 02:28:58.792 10 INFO neutron.db.ovn_revision_numbers_db [None req-545cac3c-59ad-482e-830b-a057b3b39cc8 26d1b44731a14a198700d0f8145aed0a 86d93090c8cd4072818669d06cc8f0ff - - default default] Successfully bumped revision number for resource 3386cf35-1fb3-4178-9e93-e72fe09318a3 (type: ports) to 1
2026-05-06 02:28:58.796 10 INFO neutron.api.wsgi [None req-9f314404-0332-4a07-ae6d-9b3e3c30ea29 3db9589911a7450ebf953235ea6c07b4 967a2d8f6f594304a5aa12861a7d8c50 - - default default] 10.0.0.180 "POST /v2.0/security-groups HTTP/1.1" status: 201 len: 1801 time: 0.5739741
2026-05-06 02:28:58.808 9 WARNING neutron_lib.context [None req-20758efb-a868-40c8-a007-f61a41adc675 3db9589911a7450ebf953235ea6c07b4 967a2d8f6f594304a5aa12861a7d8c50 - - default default] Method 'is_advsvc' is deprecated since 2023.2 release (neutron-lib 3.8.0) and will be removed once support for the old RBAC API policies will be removed from Neutron. Please use method 'is_service_role' instead.
2026-05-06 02:28:58.811 10 INFO neutron.api.wsgi [None req-545cac3c-59ad-482e-830b-a057b3b39cc8 26d1b44731a14a198700d0f8145aed0a 86d93090c8cd4072818669d06cc8f0ff - - default default] 10.0.0.180 "POST /v2.0/networks HTTP/1.1" status: 201 len: 831 time: 0.5221834
2026-05-06 02:28:58.820 10 WARNING neutron_lib.context [None req-1df24dc9-2e47-4f9e-9de0-054f1ac22014 26d1b44731a14a198700d0f8145aed0a 86d93090c8cd4072818669d06cc8f0ff - - default default] Method 'is_advsvc' is deprecated since 2023.2 release (neutron-lib 3.8.0) and will be removed once support for the old RBAC API policies will be removed from Neutron. Please use method 'is_service_role' instead.
2026-05-06 02:28:58.900 9 INFO neutron.db.ovn_revision_numbers_db [None req-20758efb-a868-40c8-a007-f61a41adc675 3db9589911a7450ebf953235ea6c07b4 967a2d8f6f594304a5aa12861a7d8c50 - - default default] Successfully bumped revision number for resource 3ab8beca-d3d5-420e-8b2e-a3797ca90e68 (type: security_groups) to 1
2026-05-06 02:28:58.913 9 INFO neutron.db.ovn_revision_numbers_db [None req-20758efb-a868-40c8-a007-f61a41adc675 3db9589911a7450ebf953235ea6c07b4 967a2d8f6f594304a5aa12861a7d8c50 - - default default] Successfully bumped revision number for resource 61d65144-d9ce-4e42-8a87-53a5a3e7eb54 (type: security_group_rules) to 0
2026-05-06 02:28:58.925 9 INFO neutron.db.ovn_revision_numbers_db [None req-20758efb-a868-40c8-a007-f61a41adc675 3db9589911a7450ebf953235ea6c07b4 967a2d8f6f594304a5aa12861a7d8c50 - - default default] Successfully bumped revision number for resource 9aae3280-47a2-4abc-a534-e29ffa4d7c40 (type: security_group_rules) to 0
2026-05-06 02:28:58.954 9 INFO neutron.api.wsgi [None req-20758efb-a868-40c8-a007-f61a41adc675 3db9589911a7450ebf953235ea6c07b4 967a2d8f6f594304a5aa12861a7d8c50 - - default default] 10.0.0.180 "POST /v2.0/security-groups HTTP/1.1" status: 201 len: 1801 time: 0.1518416
2026-05-06 02:28:58.963 9 WARNING neutron_lib.context [None req-e2b72577-049e-40ee-baaa-44db3adbc8da 3db9589911a7450ebf953235ea6c07b4 967a2d8f6f594304a5aa12861a7d8c50 - - default default] Method 'is_advsvc' is deprecated since 2023.2 release (neutron-lib 3.8.0) and will be removed once support for the old RBAC API policies will be removed from Neutron. Please use method 'is_service_role' instead.
2026-05-06 02:28:58.976 10 WARNING neutron.scheduler.dhcp_agent_scheduler [None req-1df24dc9-2e47-4f9e-9de0-054f1ac22014 26d1b44731a14a198700d0f8145aed0a 86d93090c8cd4072818669d06cc8f0ff - - default default] No more DHCP agents
2026-05-06 02:28:58.977 10 WARNING neutron.api.rpc.agentnotifiers.dhcp_rpc_agent_api [None req-1df24dc9-2e47-4f9e-9de0-054f1ac22014 26d1b44731a14a198700d0f8145aed0a 86d93090c8cd4072818669d06cc8f0ff - - default default] Unable to schedule network 9e306765-2611-49ad-a63e-7dea4aaad40d: no agents available; will retry on subsequent port and subnet creation events.
2026-05-06 02:28:59.074 9 INFO neutron.db.ovn_revision_numbers_db [None req-e2b72577-049e-40ee-baaa-44db3adbc8da 3db9589911a7450ebf953235ea6c07b4 967a2d8f6f594304a5aa12861a7d8c50 - - default default] Successfully bumped revision number for resource 008a5327-6c47-4166-83fc-4e952539530c (type: security_groups) to 1
2026-05-06 02:28:59.084 9 INFO neutron.db.ovn_revision_numbers_db [None req-e2b72577-049e-40ee-baaa-44db3adbc8da 3db9589911a7450ebf953235ea6c07b4 967a2d8f6f594304a5aa12861a7d8c50 - - default default] Successfully bumped revision number for resource 53d78dd8-57ba-4ce4-86f8-94e181c84fb0 (type: security_group_rules) to 0
2026-05-06 02:28:59.096 9 INFO neutron.db.ovn_revision_numbers_db [None req-e2b72577-049e-40ee-baaa-44db3adbc8da 3db9589911a7450ebf953235ea6c07b4 967a2d8f6f594304a5aa12861a7d8c50 - - default default] Successfully bumped revision number for resource c84cefaf-866a-4971-97ce-b358efdee3f1 (type: security_group_rules) to 0
2026-05-06 02:28:59.127 9 INFO neutron.api.wsgi [None req-e2b72577-049e-40ee-baaa-44db3adbc8da 3db9589911a7450ebf953235ea6c07b4 967a2d8f6f594304a5aa12861a7d8c50 - - default default] 10.0.0.180 "POST /v2.0/security-groups HTTP/1.1" status: 201 len: 1801 time: 0.1677773
2026-05-06 02:28:59.136 9 WARNING neutron_lib.context [None req-13f5d2a8-5d21-4f35-935b-5562a652620f 3db9589911a7450ebf953235ea6c07b4 967a2d8f6f594304a5aa12861a7d8c50 - - default default] Method 'is_advsvc' is deprecated since 2023.2 release (neutron-lib 3.8.0) and will be removed once support for the old RBAC API policies will be removed from Neutron. Please use method 'is_service_role' instead.
