2026-05-06 02:25:43.299 8 INFO placement.requestlog [req-899e3886-24e5-4d20-8f1e-8c0a4e74387b req-bb59d01f-859d-4ce3-9645-a9af70d98af7 41fad403e89a4568a86df5675e3e01ef abd13e4f2c81458d87fc4fea0437bb69 - - 9bf3027721cb4fbcb27a3d86345af0c0 9bf3027721cb4fbcb27a3d86345af0c0] 199.19.213.65 "GET /resource_providers/b2468f7b-74b7-4a8e-961e-013946c322d9/traits" status: 200 len: 1919 microversion: 1.6 [pid: 8|app: 0|req: 291/582] 199.19.213.65 () {34 vars in 887 bytes} [Wed May 6 02:25:43 2026] GET /resource_providers/b2468f7b-74b7-4a8e-961e-013946c322d9/traits => generated 1919 bytes in 20 msecs (HTTP/1.1 200) 6 headers in 225 bytes (1 switches on core 0)
2026-05-06 02:25:43.318 7 INFO placement.requestlog [req-899e3886-24e5-4d20-8f1e-8c0a4e74387b req-3b5faab9-500a-4c22-8f8d-83459e49adff 41fad403e89a4568a86df5675e3e01ef abd13e4f2c81458d87fc4fea0437bb69 - - 9bf3027721cb4fbcb27a3d86345af0c0 9bf3027721cb4fbcb27a3d86345af0c0] 199.19.213.65 "GET /resource_providers/b2468f7b-74b7-4a8e-961e-013946c322d9/allocations" status: 200 len: 54 microversion: 1.0 [pid: 7|app: 0|req: 292/583] 199.19.213.65 () {32 vars in 854 bytes} [Wed May 6 02:25:43 2026] GET /resource_providers/b2468f7b-74b7-4a8e-961e-013946c322d9/allocations => generated 54 bytes in 14 msecs (HTTP/1.1 200) 6 headers in 223 bytes (1 switches on core 0)
2026-05-06 02:25:44.746 8 INFO placement.requestlog [None req-57a4ba9e-0969-49d9-b497-9765949d0ea2 - - - - - -] 10.0.0.163 "GET /" status: 200 len: 136 microversion: 1.0
2026-05-06 02:25:44.746 7 INFO placement.requestlog [None req-f4979a1e-252b-4c9a-8ddb-7b3d558cecb0 - - - - - -] 10.0.0.163 "GET /" status: 200 len: 136 microversion: 1.0
2026-05-06 02:25:54.745 8 INFO placement.requestlog [None req-109dab3f-9bf4-4890-8a00-8f1a65133a8d - - - - - -] 10.0.0.163 "GET /" status: 200 len: 136 microversion: 1.0
2026-05-06 02:25:54.746 7 INFO placement.requestlog [None req-d23539f3-6ba2-4813-9933-abab25eb46a1 - - - - - -] 10.0.0.163 "GET /" status: 200 len: 136 microversion: 1.0
2026-05-06 02:26:04.745 8 INFO placement.requestlog [None req-48a73676-010c-46da-b44a-e4d423aa9fb2 - - - - - -] 10.0.0.163 "GET /" status: 200 len: 136 microversion: 1.0
2026-05-06 02:26:04.746 7 INFO placement.requestlog [None req-f3818545-b34e-4db0-9830-002cf222294f - - - - - -] 10.0.0.163 "GET /" status: 200 len: 136 microversion: 1.0
2026-05-06 02:26:14.746 7 INFO placement.requestlog [None req-33aa511e-dd65-4146-9372-8bb9dc4372a9 - - - - - -] 10.0.0.163 "GET /" status: 200 len: 136 microversion: 1.0
2026-05-06 02:26:14.746 8 INFO placement.requestlog [None req-f787bf50-2c0e-4ab4-b847-19391546db9a - - - - - -] 10.0.0.163 "GET /" status: 200 len: 136 microversion: 1.0
2026-05-06 02:26:24.746 8 INFO placement.requestlog [None req-cb1c15f6-48e3-4a09-804c-30d2e3612946 - - - - - -] 10.0.0.163 "GET /" status: 200 len: 136 microversion: 1.0
2026-05-06 02:26:24.747 7 INFO placement.requestlog [None req-1fcc3b6b-61a7-449c-990d-eac37dc4bf71 - - - - - -] 10.0.0.163 "GET /" status: 200 len: 136 microversion: 1.0
2026-05-06 02:26:34.745 8 INFO placement.requestlog [None req-99b23879-c0a9-4cd2-b073-a9a740ad4ee8 - - - - - -] 10.0.0.163 "GET /" status: 200 len: 136 microversion: 1.0
2026-05-06 02:26:34.745 7 INFO placement.requestlog [None req-0cbf38c6-ac34-4773-aec7-573bdc94195f - - - - - -] 10.0.0.163 "GET /" status: 200 len: 136 microversion: 1.0
2026-05-06 02:26:38.071 7 INFO placement.requestlog [req-f3b31e43-e41b-41e2-9e96-12512ca20e7e req-38a9e40e-082d-4357-b5d5-8a0c06d2f8ad 41fad403e89a4568a86df5675e3e01ef abd13e4f2c81458d87fc4fea0437bb69 - - 9bf3027721cb4fbcb27a3d86345af0c0 9bf3027721cb4fbcb27a3d86345af0c0] 10.0.0.136 "GET /allocation_candidates?limit=1000&resources=DISK_GB%3A1%2CMEMORY_MB%3A512%2CVCPU%3A1&root_required=%21COMPUTE_STATUS_DISABLED" status: 200 len: 2384 microversion: 1.36 [pid: 7|app: 0|req: 299/596] 10.0.0.136 () {34 vars in 1010 bytes} [Wed May 6 02:26:37 2026] GET /allocation_candidates?limit=1000&resources=DISK_GB%3A1%2CMEMORY_MB%3A512%2CVCPU%3A1&root_required=%21COMPUTE_STATUS_DISABLED => generated 2384 bytes in 138 msecs (HTTP/1.1 200) 8 headers in 297 bytes (1 switches on core 0)
2026-05-06 02:26:38.109 8 INFO placement.requestlog [req-f3b31e43-e41b-41e2-9e96-12512ca20e7e req-1c25724b-ce65-43a3-9bd7-c442d556b065 41fad403e89a4568a86df5675e3e01ef abd13e4f2c81458d87fc4fea0437bb69 - - 9bf3027721cb4fbcb27a3d86345af0c0 9bf3027721cb4fbcb27a3d86345af0c0] 10.0.0.136 "GET /allocations/d7b24f33-888f-4f77-9c81-cac6bbdaae07" status: 200 len: 19 microversion: 1.28 [pid: 8|app: 0|req: 298/597] 10.0.0.136 () {34 vars in 859 bytes} [Wed May 6 02:26:38 2026] GET /allocations/d7b24f33-888f-4f77-9c81-cac6bbdaae07 => generated 19 bytes in 13 msecs (HTTP/1.1 200) 8 headers in 295 bytes (1 switches on core 0)
2026-05-06 02:26:38.175 7 INFO placement.requestlog [req-f3b31e43-e41b-41e2-9e96-12512ca20e7e req-312615bd-d046-4cb2-8415-fa026e494ace 41fad403e89a4568a86df5675e3e01ef abd13e4f2c81458d87fc4fea0437bb69 - - 9bf3027721cb4fbcb27a3d86345af0c0 9bf3027721cb4fbcb27a3d86345af0c0] 10.0.0.136 "PUT /allocations/d7b24f33-888f-4f77-9c81-cac6bbdaae07" status: 204 len: 0 microversion: 1.36 [pid: 7|app: 0|req: 300/598] 10.0.0.136 () {38 vars in 912 bytes} [Wed May 6 02:26:38 2026] PUT /allocations/d7b24f33-888f-4f77-9c81-cac6bbdaae07 => generated 0 bytes in 60 msecs (HTTP/1.1 204) 5 headers in 199 bytes (1 switches on core 0)
2026-05-06 02:26:39.704 8 INFO placement.requestlog [req-f3b31e43-e41b-41e2-9e96-12512ca20e7e req-8d11777f-e84e-4d14-bc89-c45ab7939f03 41fad403e89a4568a86df5675e3e01ef abd13e4f2c81458d87fc4fea0437bb69 - - 9bf3027721cb4fbcb27a3d86345af0c0 9bf3027721cb4fbcb27a3d86345af0c0] 199.19.213.65 "GET /allocations/d7b24f33-888f-4f77-9c81-cac6bbdaae07" status: 200 len: 257 microversion: 1.28 [pid: 8|app: 0|req: 299/599] 199.19.213.65 () {34 vars in 860 bytes} [Wed May 6 02:26:39 2026] GET /allocations/d7b24f33-888f-4f77-9c81-cac6bbdaae07 => generated 257 bytes in 9 msecs (HTTP/1.1 200) 8 headers in 296 bytes (1 switches on core 0)
2026-05-06 02:26:40.728 8 INFO placement.requestlog [None req-d8fe740f-f25e-48ff-9caf-efbc681d9fc1 59c423385cec40c3991acfec2745cb80 abd13e4f2c81458d87fc4fea0437bb69 - - 9bf3027721cb4fbcb27a3d86345af0c0 9bf3027721cb4fbcb27a3d86345af0c0] 10.0.0.68 "GET /resource_providers/1c5ac69a-9c7a-4b69-aed4-63d58a8873d1/aggregates" status: 404 len: 235 microversion: 1.1 [pid: 8|app: 0|req: 300/600] 10.0.0.68 () {32 vars in 822 bytes} [Wed May 6 02:26:40 2026] GET /resource_providers/1c5ac69a-9c7a-4b69-aed4-63d58a8873d1/aggregates => generated 235 bytes in 103 msecs (HTTP/1.1 404) 5 headers in 202 bytes (1 switches on core 0)
2026-05-06 02:26:40.748 7 INFO placement.requestlog [None req-382afcb1-aad6-4b79-9f72-9dc72bf80a80 59c423385cec40c3991acfec2745cb80 abd13e4f2c81458d87fc4fea0437bb69 - - 9bf3027721cb4fbcb27a3d86345af0c0 9bf3027721cb4fbcb27a3d86345af0c0] 10.0.0.68 "GET /resource_providers/1c5ac69a-9c7a-4b69-aed4-63d58a8873d1/aggregates" status: 404 len: 235 microversion: 1.1 [pid: 7|app: 0|req: 301/601] 10.0.0.68 () {32 vars in 822 bytes} [Wed May 6 02:26:40 2026] GET /resource_providers/1c5ac69a-9c7a-4b69-aed4-63d58a8873d1/aggregates => generated 235 bytes in 124 msecs (HTTP/1.1 404) 5 headers in 202 bytes (1 switches on core 0)
2026-05-06 02:26:40.755 8 INFO placement.requestlog [req-f3b31e43-e41b-41e2-9e96-12512ca20e7e req-9aee01bb-336b-4df7-839a-155c20546634 41fad403e89a4568a86df5675e3e01ef abd13e4f2c81458d87fc4fea0437bb69 - - 9bf3027721cb4fbcb27a3d86345af0c0 9bf3027721cb4fbcb27a3d86345af0c0] 199.19.213.65 "GET /resource_providers/b2468f7b-74b7-4a8e-961e-013946c322d9/allocations" status: 200 len: 152 microversion: 1.0 [pid: 8|app: 0|req: 301/602] 199.19.213.65 () {32 vars in 854 bytes} [Wed May 6 02:26:40 2026] GET /resource_providers/b2468f7b-74b7-4a8e-961e-013946c322d9/allocations => generated 152 bytes in 24 msecs (HTTP/1.1 200) 6 headers in 224 bytes (1 switches on core 0)
2026-05-06 02:26:40.762 7 INFO placement.requestlog [None req-f3aedf04-a60a-463d-8e82-9eeb19fe69ce 59c423385cec40c3991acfec2745cb80 abd13e4f2c81458d87fc4fea0437bb69 - - 9bf3027721cb4fbcb27a3d86345af0c0 9bf3027721cb4fbcb27a3d86345af0c0] 10.0.0.68 "DELETE /resource_providers/1c5ac69a-9c7a-4b69-aed4-63d58a8873d1" status: 404 len: 246 microversion: 1.1 [pid: 7|app: 0|req: 302/603] 10.0.0.68 () {34 vars in 822 bytes} [Wed May 6 02:26:40 2026] DELETE /resource_providers/1c5ac69a-9c7a-4b69-aed4-63d58a8873d1 => generated 246 bytes in 12 msecs (HTTP/1.1 404) 6 headers in 231 bytes (1 switches on core 0)
2026-05-06 02:26:40.767 8 INFO placement.requestlog [None req-4b9997dd-32bb-4cd7-becd-67548bbe222f 59c423385cec40c3991acfec2745cb80 abd13e4f2c81458d87fc4fea0437bb69 - - 9bf3027721cb4fbcb27a3d86345af0c0 9bf3027721cb4fbcb27a3d86345af0c0] 10.0.0.68 "DELETE /resource_providers/1c5ac69a-9c7a-4b69-aed4-63d58a8873d1" status: 404 len: 246 microversion: 1.1 [pid: 8|app: 0|req: 302/604] 10.0.0.68 () {34 vars in 822 bytes} [Wed May 6 02:26:40 2026] DELETE /resource_providers/1c5ac69a-9c7a-4b69-aed4-63d58a8873d1 => generated 246 bytes in 7 msecs (HTTP/1.1 404) 6 headers in 231 bytes (1 switches on core 0)
2026-05-06 02:26:40.772 7 INFO placement.requestlog [req-f3b31e43-e41b-41e2-9e96-12512ca20e7e req-9c1b2cd8-3d9b-4edc-af54-bc3e187d0ac3 41fad403e89a4568a86df5675e3e01ef abd13e4f2c81458d87fc4fea0437bb69 - - 9bf3027721cb4fbcb27a3d86345af0c0 9bf3027721cb4fbcb27a3d86345af0c0] 199.19.213.65 "GET /allocations/d7b24f33-888f-4f77-9c81-cac6bbdaae07" status: 200 len: 257 microversion: 1.28 [pid: 7|app: 0|req: 303/605] 199.19.213.65 () {34 vars in 860 bytes} [Wed May 6 02:26:40 2026] GET /allocations/d7b24f33-888f-4f77-9c81-cac6bbdaae07 => generated 257 bytes in 10 msecs (HTTP/1.1 200) 8 headers in 296 bytes (1 switches on core 0)
2026-05-06 02:26:42.357 8 INFO placement.requestlog [req-71ed2781-f6b3-4a10-accc-c144df400e7d req-692523e8-6adf-4170-9a06-eae7fcd39c06 41fad403e89a4568a86df5675e3e01ef abd13e4f2c81458d87fc4fea0437bb69 - - 9bf3027721cb4fbcb27a3d86345af0c0 9bf3027721cb4fbcb27a3d86345af0c0] 10.0.0.136 "GET /allocation_candidates?limit=1000&resources=MEMORY_MB%3A512%2CVCPU%3A1&root_required=%21COMPUTE_STATUS_DISABLED" status: 200 len: 2372 microversion: 1.36 [pid: 8|app: 0|req: 303/606] 10.0.0.136 () {34 vars in 982 bytes} [Wed May 6 02:26:42 2026] GET /allocation_candidates?limit=1000&resources=MEMORY_MB%3A512%2CVCPU%3A1&root_required=%21COMPUTE_STATUS_DISABLED => generated 2372 bytes in 47 msecs (HTTP/1.1 200) 8 headers in 297 bytes (1 switches on core 0)
2026-05-06 02:26:42.397 7 INFO placement.requestlog [req-71ed2781-f6b3-4a10-accc-c144df400e7d req-d6513f9a-ce2a-4dc6-bbe7-9df94a133f35 41fad403e89a4568a86df5675e3e01ef abd13e4f2c81458d87fc4fea0437bb69 - - 9bf3027721cb4fbcb27a3d86345af0c0 9bf3027721cb4fbcb27a3d86345af0c0] 10.0.0.136 "GET /allocations/14441706-a43b-47ee-9a3b-3a7eaa5d2d54" status: 200 len: 19 microversion: 1.28 [pid: 7|app: 0|req: 304/607] 10.0.0.136 () {34 vars in 859 bytes} [Wed May 6 02:26:42 2026] GET /allocations/14441706-a43b-47ee-9a3b-3a7eaa5d2d54 => generated 19 bytes in 11 msecs (HTTP/1.1 200) 8 headers in 295 bytes (1 switches on core 0)
2026-05-06 02:26:42.490 8 INFO placement.requestlog [req-71ed2781-f6b3-4a10-accc-c144df400e7d req-df252185-6e25-46d6-9027-09c6709fe79b 41fad403e89a4568a86df5675e3e01ef abd13e4f2c81458d87fc4fea0437bb69 - - 9bf3027721cb4fbcb27a3d86345af0c0 9bf3027721cb4fbcb27a3d86345af0c0] 10.0.0.136 "PUT /allocations/14441706-a43b-47ee-9a3b-3a7eaa5d2d54" status: 204 len: 0 microversion: 1.36 [pid: 8|app: 0|req: 304/608] 10.0.0.136 () {38 vars in 912 bytes} [Wed May 6 02:26:42 2026] PUT /allocations/14441706-a43b-47ee-9a3b-3a7eaa5d2d54 => generated 0 bytes in 85 msecs (HTTP/1.1 204) 5 headers in 199 bytes (1 switches on core 0)
2026-05-06 02:26:42.985 7 INFO placement.requestlog [None req-b0b855fb-b61d-4eb1-81f7-1d5f85809ea5 59c423385cec40c3991acfec2745cb80 abd13e4f2c81458d87fc4fea0437bb69 - - 9bf3027721cb4fbcb27a3d86345af0c0 9bf3027721cb4fbcb27a3d86345af0c0] 10.0.0.68 "GET /resource_providers/3ba7a047-57bd-4157-9ee8-4a0d02a84b66/aggregates" status: 404 len: 235 microversion: 1.1 [pid: 7|app: 0|req: 305/609] 10.0.0.68 () {32 vars in 822 bytes} [Wed May 6 02:26:42 2026] GET /resource_providers/3ba7a047-57bd-4157-9ee8-4a0d02a84b66/aggregates => generated 235 bytes in 117 msecs (HTTP/1.1 404) 5 headers in 202 bytes (1 switches on core 0)
2026-05-06 02:26:42.986 8 INFO placement.requestlog [None req-0b0806c0-cfda-43aa-8d2a-43336bd13631 59c423385cec40c3991acfec2745cb80 abd13e4f2c81458d87fc4fea0437bb69 - - 9bf3027721cb4fbcb27a3d86345af0c0 9bf3027721cb4fbcb27a3d86345af0c0] 10.0.0.68 "GET /resource_providers/3ba7a047-57bd-4157-9ee8-4a0d02a84b66/aggregates" status: 404 len: 235 microversion: 1.1 [pid: 8|app: 0|req: 305/610] 10.0.0.68 () {32 vars in 822 bytes} [Wed May 6 02:26:42 2026] GET /resource_providers/3ba7a047-57bd-4157-9ee8-4a0d02a84b66/aggregates => generated 235 bytes in 108 msecs (HTTP/1.1 404) 5 headers in 202 bytes (1 switches on core 0)
2026-05-06 02:26:43.005 7 INFO placement.requestlog [None req-5a5155e7-d1ad-4500-bd0c-e5f0bb32154e 59c423385cec40c3991acfec2745cb80 abd13e4f2c81458d87fc4fea0437bb69 - - 9bf3027721cb4fbcb27a3d86345af0c0 9bf3027721cb4fbcb27a3d86345af0c0] 10.0.0.68 "DELETE /resource_providers/3ba7a047-57bd-4157-9ee8-4a0d02a84b66" status: 404 len: 246 microversion: 1.1 [pid: 7|app: 0|req: 306/611] 10.0.0.68 () {34 vars in 822 bytes} [Wed May 6 02:26:42 2026] DELETE /resource_providers/3ba7a047-57bd-4157-9ee8-4a0d02a84b66 => generated 246 bytes in 10 msecs (HTTP/1.1 404) 6 headers in 231 bytes (1 switches on core 0)
2026-05-06 02:26:43.007 8 INFO placement.requestlog [None req-119c40eb-27ad-457f-9497-0a53dfcf3053 59c423385cec40c3991acfec2745cb80 abd13e4f2c81458d87fc4fea0437bb69 - - 9bf3027721cb4fbcb27a3d86345af0c0 9bf3027721cb4fbcb27a3d86345af0c0] 10.0.0.68 "DELETE /resource_providers/3ba7a047-57bd-4157-9ee8-4a0d02a84b66" status: 404 len: 246 microversion: 1.1 [pid: 8|app: 0|req: 306/612] 10.0.0.68 () {34 vars in 822 bytes} [Wed May 6 02:26:42 2026] DELETE /resource_providers/3ba7a047-57bd-4157-9ee8-4a0d02a84b66 => generated 246 bytes in 12 msecs (HTTP/1.1 404) 6 headers in 231 bytes (1 switches on core 0)
2026-05-06 02:26:43.965 7 INFO placement.requestlog [req-71ed2781-f6b3-4a10-accc-c144df400e7d req-a0e6bc26-7cdd-4eb6-8685-1a081a9edd95 41fad403e89a4568a86df5675e3e01ef abd13e4f2c81458d87fc4fea0437bb69 - - 9bf3027721cb4fbcb27a3d86345af0c0 9bf3027721cb4fbcb27a3d86345af0c0] 199.19.213.65 "GET /allocations/14441706-a43b-47ee-9a3b-3a7eaa5d2d54" status: 200 len: 243 microversion: 1.28 [pid: 7|app: 0|req: 307/613] 199.19.213.65 () {34 vars in 860 bytes} [Wed May 6 02:26:43 2026] GET /allocations/14441706-a43b-47ee-9a3b-3a7eaa5d2d54 => generated 243 bytes in 10 msecs (HTTP/1.1 200) 8 headers in 296 bytes (1 switches on core 0)
2026-05-06 02:26:44.161 8 INFO placement.requestlog [req-587e3041-86b7-4b31-ab3d-de59a445fba7 req-d8de5546-b10a-48e7-8cdf-615b970d8a0f 41fad403e89a4568a86df5675e3e01ef abd13e4f2c81458d87fc4fea0437bb69 - - 9bf3027721cb4fbcb27a3d86345af0c0 9bf3027721cb4fbcb27a3d86345af0c0] 199.19.213.65 "GET /resource_providers/b2468f7b-74b7-4a8e-961e-013946c322d9/allocations" status: 200 len: 238 microversion: 1.0 [pid: 8|app: 0|req: 307/614] 199.19.213.65 () {32 vars in 854 bytes} [Wed May 6 02:26:44 2026] GET /resource_providers/b2468f7b-74b7-4a8e-961e-013946c322d9/allocations => generated 238 bytes in 20 msecs (HTTP/1.1 200) 6 headers in 224 bytes (1 switches on core 0)
2026-05-06 02:26:44.691 7 INFO placement.requestlog [req-587e3041-86b7-4b31-ab3d-de59a445fba7 req-4ca02e7e-cfeb-4915-902c-ab2ca81ef6c6 41fad403e89a4568a86df5675e3e01ef abd13e4f2c81458d87fc4fea0437bb69 - - 9bf3027721cb4fbcb27a3d86345af0c0 9bf3027721cb4fbcb27a3d86345af0c0] 199.19.213.65 "GET /resource_providers/b2468f7b-74b7-4a8e-961e-013946c322d9/allocations" status: 200 len: 238 microversion: 1.0 [pid: 7|app: 0|req: 308/615] 199.19.213.65 () {32 vars in 854 bytes} [Wed May 6 02:26:44 2026] GET /resource_providers/b2468f7b-74b7-4a8e-961e-013946c322d9/allocations => generated 238 bytes in 18 msecs (HTTP/1.1 200) 6 headers in 224 bytes (1 switches on core 0)
2026-05-06 02:26:44.720 8 INFO placement.requestlog [req-587e3041-86b7-4b31-ab3d-de59a445fba7 req-1100fd05-e7f6-4803-ba7a-5cc82f499b1e 41fad403e89a4568a86df5675e3e01ef abd13e4f2c81458d87fc4fea0437bb69 - - 9bf3027721cb4fbcb27a3d86345af0c0 9bf3027721cb4fbcb27a3d86345af0c0] 199.19.213.65 "GET /allocations/14441706-a43b-47ee-9a3b-3a7eaa5d2d54" status: 200 len: 243 microversion: 1.28 [pid: 8|app: 0|req: 308/616] 199.19.213.65 () {34 vars in 860 bytes} [Wed May 6 02:26:44 2026] GET /allocations/14441706-a43b-47ee-9a3b-3a7eaa5d2d54 => generated 243 bytes in 22 msecs (HTTP/1.1 200) 8 headers in 296 bytes (1 switches on core 0)
2026-05-06 02:26:44.741 7 INFO placement.requestlog [req-587e3041-86b7-4b31-ab3d-de59a445fba7 req-48fb8500-2e55-4117-9a1e-2a6bb7cc5623 41fad403e89a4568a86df5675e3e01ef abd13e4f2c81458d87fc4fea0437bb69 - - 9bf3027721cb4fbcb27a3d86345af0c0 9bf3027721cb4fbcb27a3d86345af0c0] 199.19.213.65 "GET /allocations/d7b24f33-888f-4f77-9c81-cac6bbdaae07" status: 200 len: 257 microversion: 1.28 [pid: 7|app: 0|req: 309/617] 199.19.213.65 () {34 vars in 860 bytes} [Wed May 6 02:26:44 2026] GET /allocations/d7b24f33-888f-4f77-9c81-cac6bbdaae07 => generated 257 bytes in 13 msecs (HTTP/1.1 200) 8 headers in 296 bytes (1 switches on core 0)
2026-05-06 02:26:44.745 7 INFO placement.requestlog [None req-5dc7858d-f491-4994-9920-280da0c3bfdd - - - - - -] 10.0.0.163 "GET /" status: 200 len: 136 microversion: 1.0
2026-05-06 02:26:44.746 8 INFO placement.requestlog [None req-db0890c4-d6e9-41b9-b2b0-c7daea1ceef9 - - - - - -] 10.0.0.163 "GET /" status: 200 len: 136 microversion: 1.0
2026-05-06 02:26:46.804 7 INFO placement.requestlog [req-71ed2781-f6b3-4a10-accc-c144df400e7d req-d5f1b722-ed3e-46d7-846d-5720d2fc3ed5 41fad403e89a4568a86df5675e3e01ef abd13e4f2c81458d87fc4fea0437bb69 - - 9bf3027721cb4fbcb27a3d86345af0c0 9bf3027721cb4fbcb27a3d86345af0c0] 199.19.213.65 "GET /resource_providers/b2468f7b-74b7-4a8e-961e-013946c322d9/allocations" status: 200 len: 238 microversion: 1.0 [pid: 7|app: 0|req: 311/620] 199.19.213.65 () {32 vars in 854 bytes} [Wed May 6 02:26:46 2026] GET /resource_providers/b2468f7b-74b7-4a8e-961e-013946c322d9/allocations => generated 238 bytes in 16 msecs (HTTP/1.1 200) 6 headers in 224 bytes (1 switches on core 0)
2026-05-06 02:26:46.825 8 INFO placement.requestlog [req-71ed2781-f6b3-4a10-accc-c144df400e7d req-bf8e8c1a-0f91-4979-b6dd-9aae1b0e3bc4 41fad403e89a4568a86df5675e3e01ef abd13e4f2c81458d87fc4fea0437bb69 - - 9bf3027721cb4fbcb27a3d86345af0c0 9bf3027721cb4fbcb27a3d86345af0c0] 199.19.213.65 "GET /allocations/14441706-a43b-47ee-9a3b-3a7eaa5d2d54" status: 200 len: 243 microversion: 1.28 [pid: 8|app: 0|req: 310/621] 199.19.213.65 () {34 vars in 860 bytes} [Wed May 6 02:26:46 2026] GET /allocations/14441706-a43b-47ee-9a3b-3a7eaa5d2d54 => generated 243 bytes in 16 msecs (HTTP/1.1 200) 8 headers in 296 bytes (1 switches on core 0)
2026-05-06 02:26:46.847 7 INFO placement.requestlog [req-71ed2781-f6b3-4a10-accc-c144df400e7d req-3925475e-0cf2-496a-aa8d-9ec1b35ae347 41fad403e89a4568a86df5675e3e01ef abd13e4f2c81458d87fc4fea0437bb69 - - 9bf3027721cb4fbcb27a3d86345af0c0 9bf3027721cb4fbcb27a3d86345af0c0] 199.19.213.65 "GET /allocations/d7b24f33-888f-4f77-9c81-cac6bbdaae07" status: 200 len: 257 microversion: 1.28 [pid: 7|app: 0|req: 312/622] 199.19.213.65 () {34 vars in 860 bytes} [Wed May 6 02:26:46 2026] GET /allocations/d7b24f33-888f-4f77-9c81-cac6bbdaae07 => generated 257 bytes in 18 msecs (HTTP/1.1 200) 8 headers in 296 bytes (1 switches on core 0)
2026-05-06 02:26:52.177 8 INFO placement.requestlog [req-cd807ce2-6a22-4532-ae6f-eb2e100a6ce1 req-eec099b0-b8b4-41ef-88d2-5a8aa6f098f7 41fad403e89a4568a86df5675e3e01ef abd13e4f2c81458d87fc4fea0437bb69 - - 9bf3027721cb4fbcb27a3d86345af0c0 9bf3027721cb4fbcb27a3d86345af0c0] 10.0.0.136 "GET /allocation_candidates?limit=1000&resources=DISK_GB%3A1%2CMEMORY_MB%3A512%2CVCPU%3A1&root_required=%21COMPUTE_STATUS_DISABLED" status: 200 len: 2387 microversion: 1.36 [pid: 8|app: 0|req: 311/623] 10.0.0.136 () {34 vars in 1010 bytes} [Wed May 6 02:26:52 2026] GET /allocation_candidates?limit=1000&resources=DISK_GB%3A1%2CMEMORY_MB%3A512%2CVCPU%3A1&root_required=%21COMPUTE_STATUS_DISABLED => generated 2387 bytes in 42 msecs (HTTP/1.1 200) 8 headers in 297 bytes (1 switches on core 0)
2026-05-06 02:26:52.223 7 INFO placement.requestlog [req-cd807ce2-6a22-4532-ae6f-eb2e100a6ce1 req-81d84915-791c-42f1-8cb5-09b54e5346de 41fad403e89a4568a86df5675e3e01ef abd13e4f2c81458d87fc4fea0437bb69 - - 9bf3027721cb4fbcb27a3d86345af0c0 9bf3027721cb4fbcb27a3d86345af0c0] 10.0.0.136 "GET /allocations/98f745be-f401-494e-8702-34e644d8fa20" status: 200 len: 19 microversion: 1.28 [pid: 7|app: 0|req: 313/624] 10.0.0.136 () {34 vars in 859 bytes} [Wed May 6 02:26:52 2026] GET /allocations/98f745be-f401-494e-8702-34e644d8fa20 => generated 19 bytes in 30 msecs (HTTP/1.1 200) 8 headers in 295 bytes (1 switches on core 0)
2026-05-06 02:26:52.281 8 INFO placement.requestlog [req-cd807ce2-6a22-4532-ae6f-eb2e100a6ce1 req-14c3acf4-9a62-41bd-9704-31c97b003dc2 41fad403e89a4568a86df5675e3e01ef abd13e4f2c81458d87fc4fea0437bb69 - - 9bf3027721cb4fbcb27a3d86345af0c0 9bf3027721cb4fbcb27a3d86345af0c0] 10.0.0.136 "PUT /allocations/98f745be-f401-494e-8702-34e644d8fa20" status: 204 len: 0 microversion: 1.36 [pid: 8|app: 0|req: 312/625] 10.0.0.136 () {38 vars in 912 bytes} [Wed May 6 02:26:52 2026] PUT /allocations/98f745be-f401-494e-8702-34e644d8fa20 => generated 0 bytes in 53 msecs (HTTP/1.1 204) 5 headers in 199 bytes (1 switches on core 0)
2026-05-06 02:26:53.901 7 INFO placement.requestlog [req-cd807ce2-6a22-4532-ae6f-eb2e100a6ce1 req-1f2572d6-472c-45a8-9208-c405f27b906b 41fad403e89a4568a86df5675e3e01ef abd13e4f2c81458d87fc4fea0437bb69 - - 9bf3027721cb4fbcb27a3d86345af0c0 9bf3027721cb4fbcb27a3d86345af0c0] 199.19.213.65 "GET /allocations/98f745be-f401-494e-8702-34e644d8fa20" status: 200 len: 257 microversion: 1.28 [pid: 7|app: 0|req: 314/626] 199.19.213.65 () {34 vars in 860 bytes} [Wed May 6 02:26:53 2026] GET /allocations/98f745be-f401-494e-8702-34e644d8fa20 => generated 257 bytes in 13 msecs (HTTP/1.1 200) 8 headers in 296 bytes (1 switches on core 0)
2026-05-06 02:26:54.745 7 INFO placement.requestlog [None req-6db8ec3e-fea2-4222-b2ff-0e56da10ed1d - - - - - -] 10.0.0.163 "GET /" status: 200 len: 136 microversion: 1.0
2026-05-06 02:26:54.745 8 INFO placement.requestlog [None req-596992c2-a79d-45cc-a1d7-9b35b621b515 - - - - - -] 10.0.0.163 "GET /" status: 200 len: 136 microversion: 1.0
2026-05-06 02:26:54.942 7 INFO placement.requestlog [req-cd807ce2-6a22-4532-ae6f-eb2e100a6ce1 req-dfe16a64-1f1a-477d-933c-9e87a7128efb 41fad403e89a4568a86df5675e3e01ef abd13e4f2c81458d87fc4fea0437bb69 - - 9bf3027721cb4fbcb27a3d86345af0c0 9bf3027721cb4fbcb27a3d86345af0c0] 199.19.213.65 "GET /resource_providers/b2468f7b-74b7-4a8e-961e-013946c322d9/allocations" status: 200 len: 338 microversion: 1.0 [pid: 7|app: 0|req: 316/629] 199.19.213.65 () {32 vars in 854 bytes} [Wed May 6 02:26:54 2026] GET /resource_providers/b2468f7b-74b7-4a8e-961e-013946c322d9/allocations => generated 338 bytes in 16 msecs (HTTP/1.1 200) 6 headers in 224 bytes (1 switches on core 0)
2026-05-06 02:26:54.960 8 INFO placement.requestlog [req-cd807ce2-6a22-4532-ae6f-eb2e100a6ce1 req-02a7e50c-4138-4ae5-8435-41968d8fe69f 41fad403e89a4568a86df5675e3e01ef abd13e4f2c81458d87fc4fea0437bb69 - - 9bf3027721cb4fbcb27a3d86345af0c0 9bf3027721cb4fbcb27a3d86345af0c0] 199.19.213.65 "GET /allocations/14441706-a43b-47ee-9a3b-3a7eaa5d2d54" status: 200 len: 243 microversion: 1.28 [pid: 8|app: 0|req: 314/630] 199.19.213.65 () {34 vars in 860 bytes} [Wed May 6 02:26:54 2026] GET /allocations/14441706-a43b-47ee-9a3b-3a7eaa5d2d54 => generated 243 bytes in 12 msecs (HTTP/1.1 200) 8 headers in 296 bytes (1 switches on core 0)
2026-05-06 02:26:54.979 7 INFO placement.requestlog [req-cd807ce2-6a22-4532-ae6f-eb2e100a6ce1 req-0667cb50-aa52-4224-b3d7-7bfcb64aadba 41fad403e89a4568a86df5675e3e01ef abd13e4f2c81458d87fc4fea0437bb69 - - 9bf3027721cb4fbcb27a3d86345af0c0 9bf3027721cb4fbcb27a3d86345af0c0] 199.19.213.65 "GET /allocations/d7b24f33-888f-4f77-9c81-cac6bbdaae07" status: 200 len: 257 microversion: 1.28 [pid: 7|app: 0|req: 317/631] 199.19.213.65 () {34 vars in 860 bytes} [Wed May 6 02:26:54 2026] GET /allocations/d7b24f33-888f-4f77-9c81-cac6bbdaae07 => generated 257 bytes in 12 msecs (HTTP/1.1 200) 8 headers in 296 bytes (1 switches on core 0)
2026-05-06 02:26:55.000 8 INFO placement.requestlog [req-cd807ce2-6a22-4532-ae6f-eb2e100a6ce1 req-20dd2fca-90c9-4832-bd86-677cab5e90f8 41fad403e89a4568a86df5675e3e01ef abd13e4f2c81458d87fc4fea0437bb69 - - 9bf3027721cb4fbcb27a3d86345af0c0 9bf3027721cb4fbcb27a3d86345af0c0] 199.19.213.65 "GET /allocations/98f745be-f401-494e-8702-34e644d8fa20" status: 200 len: 257 microversion: 1.28 [pid: 8|app: 0|req: 315/632] 199.19.213.65 () {34 vars in 860 bytes} [Wed May 6 02:26:54 2026] GET /allocations/98f745be-f401-494e-8702-34e644d8fa20 => generated 257 bytes in 15 msecs (HTTP/1.1 200) 8 headers in 296 bytes (1 switches on core 0)
2026-05-06 02:26:56.852 7 INFO placement.requestlog [None req-17abba21-47ed-4579-8e05-3bacd75d48e3 59c423385cec40c3991acfec2745cb80 abd13e4f2c81458d87fc4fea0437bb69 - - 9bf3027721cb4fbcb27a3d86345af0c0 9bf3027721cb4fbcb27a3d86345af0c0] 10.0.0.68 "GET /resource_providers/d10a5d58-9d4d-4271-94fe-b2d2386652b7/aggregates" status: 404 len: 235 microversion: 1.1 [pid: 7|app: 0|req: 318/633] 10.0.0.68 () {32 vars in 822 bytes} [Wed May 6 02:26:56 2026] GET /resource_providers/d10a5d58-9d4d-4271-94fe-b2d2386652b7/aggregates => generated 235 bytes in 8 msecs (HTTP/1.1 404) 5 headers in 202 bytes (1 switches on core 0)
2026-05-06 02:26:56.861 8 INFO placement.requestlog [None req-e07cff7d-8374-4f54-9739-0cc9a8569ae0 59c423385cec40c3991acfec2745cb80 abd13e4f2c81458d87fc4fea0437bb69 - - 9bf3027721cb4fbcb27a3d86345af0c0 9bf3027721cb4fbcb27a3d86345af0c0] 10.0.0.68 "GET /resource_providers/d10a5d58-9d4d-4271-94fe-b2d2386652b7/aggregates" status: 404 len: 235 microversion: 1.1 [pid: 8|app: 0|req: 316/634] 10.0.0.68 () {32 vars in 822 bytes} [Wed May 6 02:26:56 2026] GET /resource_providers/d10a5d58-9d4d-4271-94fe-b2d2386652b7/aggregates => generated 235 bytes in 15 msecs (HTTP/1.1 404) 5 headers in 202 bytes (1 switches on core 0)
2026-05-06 02:26:56.867 7 INFO placement.requestlog [None req-bcf6b53c-fc40-4f0d-aad4-b4ae582e19a9 59c423385cec40c3991acfec2745cb80 abd13e4f2c81458d87fc4fea0437bb69 - - 9bf3027721cb4fbcb27a3d86345af0c0 9bf3027721cb4fbcb27a3d86345af0c0] 10.0.0.68 "DELETE /resource_providers/d10a5d58-9d4d-4271-94fe-b2d2386652b7" status: 404 len: 246 microversion: 1.1 [pid: 7|app: 0|req: 319/635] 10.0.0.68 () {34 vars in 822 bytes} [Wed May 6 02:26:56 2026] DELETE /resource_providers/d10a5d58-9d4d-4271-94fe-b2d2386652b7 => generated 246 bytes in 8 msecs (HTTP/1.1 404) 6 headers in 231 bytes (1 switches on core 0)
2026-05-06 02:26:56.877 8 INFO placement.requestlog [None req-633c2075-1591-4301-8d10-0aa1aba0cf9c 59c423385cec40c3991acfec2745cb80 abd13e4f2c81458d87fc4fea0437bb69 - - 9bf3027721cb4fbcb27a3d86345af0c0 9bf3027721cb4fbcb27a3d86345af0c0] 10.0.0.68 "DELETE /resource_providers/d10a5d58-9d4d-4271-94fe-b2d2386652b7" status: 404 len: 246 microversion: 1.1 [pid: 8|app: 0|req: 317/636] 10.0.0.68 () {34 vars in 822 bytes} [Wed May 6 02:26:56 2026] DELETE /resource_providers/d10a5d58-9d4d-4271-94fe-b2d2386652b7 => generated 246 bytes in 7 msecs (HTTP/1.1 404) 6 headers in 231 bytes (1 switches on core 0)
2026-05-06 02:26:58.887 7 INFO placement.requestlog [None req-a1acf6c2-22aa-473b-a38e-91527bcaa9cf 59c423385cec40c3991acfec2745cb80 abd13e4f2c81458d87fc4fea0437bb69 - - 9bf3027721cb4fbcb27a3d86345af0c0 9bf3027721cb4fbcb27a3d86345af0c0] 10.0.0.68 "GET /resource_providers/57c3ffa8-185b-41e7-9d30-0a1c6138c14f/aggregates" status: 404 len: 235 microversion: 1.1 [pid: 7|app: 0|req: 320/637] 10.0.0.68 () {32 vars in 822 bytes} [Wed May 6 02:26:58 2026] GET /resource_providers/57c3ffa8-185b-41e7-9d30-0a1c6138c14f/aggregates => generated 235 bytes in 8 msecs (HTTP/1.1 404) 5 headers in 202 bytes (1 switches on core 0)
2026-05-06 02:26:58.897 8 INFO placement.requestlog [None req-ffb92b22-2080-4062-9a8d-e5c78226c4c6 59c423385cec40c3991acfec2745cb80 abd13e4f2c81458d87fc4fea0437bb69 - - 9bf3027721cb4fbcb27a3d86345af0c0 9bf3027721cb4fbcb27a3d86345af0c0] 10.0.0.68 "GET /resource_providers/57c3ffa8-185b-41e7-9d30-0a1c6138c14f/aggregates" status: 404 len: 235 microversion: 1.1 [pid: 8|app: 0|req: 318/638] 10.0.0.68 () {32 vars in 822 bytes} [Wed May 6 02:26:58 2026] GET /resource_providers/57c3ffa8-185b-41e7-9d30-0a1c6138c14f/aggregates => generated 235 bytes in 14 msecs (HTTP/1.1 404) 5 headers in 202 bytes (1 switches on core 0)
2026-05-06 02:26:58.903 7 INFO placement.requestlog [None req-97cdca56-ce47-48ba-b8be-7e032cffd756 59c423385cec40c3991acfec2745cb80 abd13e4f2c81458d87fc4fea0437bb69 - - 9bf3027721cb4fbcb27a3d86345af0c0 9bf3027721cb4fbcb27a3d86345af0c0] 10.0.0.68 "DELETE /resource_providers/57c3ffa8-185b-41e7-9d30-0a1c6138c14f" status: 404 len: 246 microversion: 1.1 [pid: 7|app: 0|req: 321/639] 10.0.0.68 () {34 vars in 822 bytes} [Wed May 6 02:26:58 2026] DELETE /resource_providers/57c3ffa8-185b-41e7-9d30-0a1c6138c14f => generated 246 bytes in 12 msecs (HTTP/1.1 404) 6 headers in 231 bytes (1 switches on core 0)
2026-05-06 02:26:58.910 8 INFO placement.requestlog [None req-f7721903-55a9-408e-be59-f327fd011f7f 59c423385cec40c3991acfec2745cb80 abd13e4f2c81458d87fc4fea0437bb69 - - 9bf3027721cb4fbcb27a3d86345af0c0 9bf3027721cb4fbcb27a3d86345af0c0] 10.0.0.68 "DELETE /resource_providers/57c3ffa8-185b-41e7-9d30-0a1c6138c14f" status: 404 len: 246 microversion: 1.1 [pid: 8|app: 0|req: 319/640] 10.0.0.68 () {34 vars in 822 bytes} [Wed May 6 02:26:58 2026] DELETE /resource_providers/57c3ffa8-185b-41e7-9d30-0a1c6138c14f => generated 246 bytes in 8 msecs (HTTP/1.1 404) 6 headers in 231 bytes (1 switches on core 0)
2026-05-06 02:27:03.321 7 INFO placement.requestlog [None req-9f27df13-a4cf-4104-aa4e-0147898687a7 59c423385cec40c3991acfec2745cb80 abd13e4f2c81458d87fc4fea0437bb69 - - 9bf3027721cb4fbcb27a3d86345af0c0 9bf3027721cb4fbcb27a3d86345af0c0] 10.0.0.68 "GET /resource_providers/f7aed2d1-73cc-41c6-b297-bff14ca76d9b/aggregates" status: 404 len: 235 microversion: 1.1 [pid: 7|app: 0|req: 322/641] 10.0.0.68 () {32 vars in 822 bytes} [Wed May 6 02:27:03 2026] GET /resource_providers/f7aed2d1-73cc-41c6-b297-bff14ca76d9b/aggregates => generated 235 bytes in 14 msecs (HTTP/1.1 404) 5 headers in 202 bytes (1 switches on core 0)
2026-05-06 02:27:03.324 8 INFO placement.requestlog [None req-0e918e3a-a23d-493a-9a72-0b00bc723f72 59c423385cec40c3991acfec2745cb80 abd13e4f2c81458d87fc4fea0437bb69 - - 9bf3027721cb4fbcb27a3d86345af0c0 9bf3027721cb4fbcb27a3d86345af0c0] 10.0.0.68 "GET /resource_providers/f7aed2d1-73cc-41c6-b297-bff14ca76d9b/aggregates" status: 404 len: 235 microversion: 1.1 [pid: 8|app: 0|req: 320/642] 10.0.0.68 () {32 vars in 822 bytes} [Wed May 6 02:27:03 2026] GET /resource_providers/f7aed2d1-73cc-41c6-b297-bff14ca76d9b/aggregates => generated 235 bytes in 12 msecs (HTTP/1.1 404) 5 headers in 202 bytes (1 switches on core 0)
2026-05-06 02:27:03.332 7 INFO placement.requestlog [None req-69e30935-67c4-4d95-83cc-47531431b1cd 59c423385cec40c3991acfec2745cb80 abd13e4f2c81458d87fc4fea0437bb69 - - 9bf3027721cb4fbcb27a3d86345af0c0 9bf3027721cb4fbcb27a3d86345af0c0] 10.0.0.68 "DELETE /resource_providers/f7aed2d1-73cc-41c6-b297-bff14ca76d9b" status: 404 len: 246 microversion: 1.1 [pid: 7|app: 0|req: 323/643] 10.0.0.68 () {34 vars in 822 bytes} [Wed May 6 02:27:03 2026] DELETE /resource_providers/f7aed2d1-73cc-41c6-b297-bff14ca76d9b => generated 246 bytes in 6 msecs (HTTP/1.1 404) 6 headers in 231 bytes (1 switches on core 0)
2026-05-06 02:27:03.358 8 INFO placement.requestlog [None req-17ae0814-f59e-4d69-826e-84e6c3541bbd 59c423385cec40c3991acfec2745cb80 abd13e4f2c81458d87fc4fea0437bb69 - - 9bf3027721cb4fbcb27a3d86345af0c0 9bf3027721cb4fbcb27a3d86345af0c0] 10.0.0.68 "DELETE /resource_providers/f7aed2d1-73cc-41c6-b297-bff14ca76d9b" status: 404 len: 246 microversion: 1.1 [pid: 8|app: 0|req: 321/644] 10.0.0.68 () {34 vars in 822 bytes} [Wed May 6 02:27:03 2026] DELETE /resource_providers/f7aed2d1-73cc-41c6-b297-bff14ca76d9b => generated 246 bytes in 28 msecs (HTTP/1.1 404) 6 headers in 231 bytes (1 switches on core 0)
2026-05-06 02:27:03.383 7 INFO placement.requestlog [req-4dc0c557-d178-4501-a0a0-9a9e20d15b2e req-b1883e98-aeea-4d0b-a969-3d3d7c54246d 41fad403e89a4568a86df5675e3e01ef abd13e4f2c81458d87fc4fea0437bb69 - - 9bf3027721cb4fbcb27a3d86345af0c0 9bf3027721cb4fbcb27a3d86345af0c0] 199.19.213.65 "GET /resource_providers/b2468f7b-74b7-4a8e-961e-013946c322d9/allocations" status: 200 len: 338 microversion: 1.0 [pid: 7|app: 0|req: 324/645] 199.19.213.65 () {32 vars in 854 bytes} [Wed May 6 02:27:03 2026] GET /resource_providers/b2468f7b-74b7-4a8e-961e-013946c322d9/allocations => generated 338 bytes in 17 msecs (HTTP/1.1 200) 6 headers in 224 bytes (1 switches on core 0)
2026-05-06 02:27:03.403 8 INFO placement.requestlog [req-4dc0c557-d178-4501-a0a0-9a9e20d15b2e req-08ec8a54-eac5-4cc4-9ceb-ea85fce0f456 41fad403e89a4568a86df5675e3e01ef abd13e4f2c81458d87fc4fea0437bb69 - - 9bf3027721cb4fbcb27a3d86345af0c0 9bf3027721cb4fbcb27a3d86345af0c0] 199.19.213.65 "GET /allocations/14441706-a43b-47ee-9a3b-3a7eaa5d2d54" status: 200 len: 243 microversion: 1.28 [pid: 8|app: 0|req: 322/646] 199.19.213.65 () {34 vars in 860 bytes} [Wed May 6 02:27:03 2026] GET /allocations/14441706-a43b-47ee-9a3b-3a7eaa5d2d54 => generated 243 bytes in 13 msecs (HTTP/1.1 200) 8 headers in 296 bytes (1 switches on core 0)
2026-05-06 02:27:03.424 7 INFO placement.requestlog [req-4dc0c557-d178-4501-a0a0-9a9e20d15b2e req-9627dc76-091f-4c15-aa40-1fc515115e0e 41fad403e89a4568a86df5675e3e01ef abd13e4f2c81458d87fc4fea0437bb69 - - 9bf3027721cb4fbcb27a3d86345af0c0 9bf3027721cb4fbcb27a3d86345af0c0] 199.19.213.65 "GET /allocations/d7b24f33-888f-4f77-9c81-cac6bbdaae07" status: 200 len: 257 microversion: 1.28 [pid: 7|app: 0|req: 325/647] 199.19.213.65 () {34 vars in 860 bytes} [Wed May 6 02:27:03 2026] GET /allocations/d7b24f33-888f-4f77-9c81-cac6bbdaae07 => generated 257 bytes in 16 msecs (HTTP/1.1 200) 8 headers in 296 bytes (1 switches on core 0)
2026-05-06 02:27:03.454 8 INFO placement.requestlog [req-4dc0c557-d178-4501-a0a0-9a9e20d15b2e req-5029850c-5ae7-46a6-82bd-9dfe82be66fa 41fad403e89a4568a86df5675e3e01ef abd13e4f2c81458d87fc4fea0437bb69 - - 9bf3027721cb4fbcb27a3d86345af0c0 9bf3027721cb4fbcb27a3d86345af0c0] 199.19.213.65 "GET /allocations/98f745be-f401-494e-8702-34e644d8fa20" status: 200 len: 257 microversion: 1.28 [pid: 8|app: 0|req: 323/648] 199.19.213.65 () {34 vars in 860 bytes} [Wed May 6 02:27:03 2026] GET /allocations/98f745be-f401-494e-8702-34e644d8fa20 => generated 257 bytes in 22 msecs (HTTP/1.1 200) 8 headers in 296 bytes (1 switches on core 0)
2026-05-06 02:27:04.497 7 INFO placement.requestlog [req-4dc0c557-d178-4501-a0a0-9a9e20d15b2e req-183a9be4-3d32-40ce-92f8-80e5adb4d00d 41fad403e89a4568a86df5675e3e01ef abd13e4f2c81458d87fc4fea0437bb69 - - 9bf3027721cb4fbcb27a3d86345af0c0 9bf3027721cb4fbcb27a3d86345af0c0] 199.19.213.65 "DELETE /allocations/d7b24f33-888f-4f77-9c81-cac6bbdaae07" status: 204 len: 0 microversion: 1.0 [pid: 7|app: 0|req: 326/649] 199.19.213.65 () {34 vars in 838 bytes} [Wed May 6 02:27:04 2026] DELETE /allocations/d7b24f33-888f-4f77-9c81-cac6bbdaae07 => generated 0 bytes in 25 msecs (HTTP/1.1 204) 5 headers in 198 bytes (1 switches on core 0)
2026-05-06 02:27:04.746 7 INFO placement.requestlog [None req-d42c0353-b313-45e2-a95c-03838229fb9a - - - - - -] 10.0.0.163 "GET /" status: 200 len: 136 microversion: 1.0
2026-05-06 02:27:04.746 8 INFO placement.requestlog [None req-c2eb7ec2-6c2d-4bab-a421-86a13503c7d6 - - - - - -] 10.0.0.163 "GET /" status: 200 len: 136 microversion: 1.0
2026-05-06 02:27:05.352 7 INFO placement.requestlog [None req-d56879cc-1eef-430a-afc9-5edbef0304f9 59c423385cec40c3991acfec2745cb80 abd13e4f2c81458d87fc4fea0437bb69 - - 9bf3027721cb4fbcb27a3d86345af0c0 9bf3027721cb4fbcb27a3d86345af0c0] 10.0.0.68 "GET /resource_providers/dfcbad1e-5122-4fc4-ba9d-f4abed4fadd7/aggregates" status: 404 len: 235 microversion: 1.1 [pid: 7|app: 0|req: 328/652] 10.0.0.68 () {32 vars in 822 bytes} [Wed May 6 02:27:05 2026] GET /resource_providers/dfcbad1e-5122-4fc4-ba9d-f4abed4fadd7/aggregates => generated 235 bytes in 12 msecs (HTTP/1.1 404) 5 headers in 202 bytes (1 switches on core 0)
2026-05-06 02:27:05.372 8 INFO placement.requestlog [None req-9f181cbd-a4e0-4f68-bd7e-c6d5b5b6f253 59c423385cec40c3991acfec2745cb80 abd13e4f2c81458d87fc4fea0437bb69 - - 9bf3027721cb4fbcb27a3d86345af0c0 9bf3027721cb4fbcb27a3d86345af0c0] 10.0.0.68 "DELETE /resource_providers/dfcbad1e-5122-4fc4-ba9d-f4abed4fadd7" status: 404 len: 246 microversion: 1.1 [pid: 8|app: 0|req: 325/653] 10.0.0.68 () {34 vars in 822 bytes} [Wed May 6 02:27:05 2026] DELETE /resource_providers/dfcbad1e-5122-4fc4-ba9d-f4abed4fadd7 => generated 246 bytes in 14 msecs (HTTP/1.1 404) 6 headers in 231 bytes (1 switches on core 0)
2026-05-06 02:27:05.375 7 INFO placement.requestlog [None req-0cc57d20-dfc6-4528-832e-c1a87bde1326 59c423385cec40c3991acfec2745cb80 abd13e4f2c81458d87fc4fea0437bb69 - - 9bf3027721cb4fbcb27a3d86345af0c0 9bf3027721cb4fbcb27a3d86345af0c0] 10.0.0.68 "GET /resource_providers/dfcbad1e-5122-4fc4-ba9d-f4abed4fadd7/aggregates" status: 404 len: 235 microversion: 1.1 [pid: 7|app: 0|req: 329/654] 10.0.0.68 () {32 vars in 822 bytes} [Wed May 6 02:27:05 2026] GET /resource_providers/dfcbad1e-5122-4fc4-ba9d-f4abed4fadd7/aggregates => generated 235 bytes in 11 msecs (HTTP/1.1 404) 5 headers in 202 bytes (1 switches on core 0)
2026-05-06 02:27:05.387 7 INFO placement.requestlog [None req-1c9485e0-2220-4c52-be60-555f38c32f47 59c423385cec40c3991acfec2745cb80 abd13e4f2c81458d87fc4fea0437bb69 - - 9bf3027721cb4fbcb27a3d86345af0c0 9bf3027721cb4fbcb27a3d86345af0c0] 10.0.0.68 "DELETE /resource_providers/dfcbad1e-5122-4fc4-ba9d-f4abed4fadd7" status: 404 len: 246 microversion: 1.1 [pid: 7|app: 0|req: 330/655] 10.0.0.68 () {34 vars in 822 bytes} [Wed May 6 02:27:05 2026] DELETE /resource_providers/dfcbad1e-5122-4fc4-ba9d-f4abed4fadd7 => generated 246 bytes in 7 msecs (HTTP/1.1 404) 6 headers in 231 bytes (1 switches on core 0)
2026-05-06 02:27:05.389 8 INFO placement.requestlog [None req-28c1d6d0-7031-42b2-becf-40f7ee441deb 59c423385cec40c3991acfec2745cb80 abd13e4f2c81458d87fc4fea0437bb69 - - 9bf3027721cb4fbcb27a3d86345af0c0 9bf3027721cb4fbcb27a3d86345af0c0] 10.0.0.68 "GET /resource_providers/3f5cb46b-ab2b-4d40-a17d-b71695e1fb9a/aggregates" status: 404 len: 235 microversion: 1.1 [pid: 8|app: 0|req: 326/656] 10.0.0.68 () {32 vars in 822 bytes} [Wed May 6 02:27:05 2026] GET /resource_providers/3f5cb46b-ab2b-4d40-a17d-b71695e1fb9a/aggregates => generated 235 bytes in 9 msecs (HTTP/1.1 404) 5 headers in 202 bytes (1 switches on core 0)
2026-05-06 02:27:05.400 7 INFO placement.requestlog [None req-b6c4f827-fea4-4c84-8a74-011304880720 59c423385cec40c3991acfec2745cb80 abd13e4f2c81458d87fc4fea0437bb69 - - 9bf3027721cb4fbcb27a3d86345af0c0 9bf3027721cb4fbcb27a3d86345af0c0] 10.0.0.68 "GET /resource_providers/3f5cb46b-ab2b-4d40-a17d-b71695e1fb9a/aggregates" status: 404 len: 235 microversion: 1.1 [pid: 7|app: 0|req: 331/657] 10.0.0.68 () {32 vars in 822 bytes} [Wed May 6 02:27:05 2026] GET /resource_providers/3f5cb46b-ab2b-4d40-a17d-b71695e1fb9a/aggregates => generated 235 bytes in 8 msecs (HTTP/1.1 404) 5 headers in 202 bytes (1 switches on core 0)
2026-05-06 02:27:05.406 8 INFO placement.requestlog [None req-d2585628-6a0c-4ca3-9ee7-dc814ef72295 59c423385cec40c3991acfec2745cb80 abd13e4f2c81458d87fc4fea0437bb69 - - 9bf3027721cb4fbcb27a3d86345af0c0 9bf3027721cb4fbcb27a3d86345af0c0] 10.0.0.68 "DELETE /resource_providers/3f5cb46b-ab2b-4d40-a17d-b71695e1fb9a" status: 404 len: 246 microversion: 1.1 [pid: 8|app: 0|req: 327/658] 10.0.0.68 () {34 vars in 822 bytes} [Wed May 6 02:27:05 2026] DELETE /resource_providers/3f5cb46b-ab2b-4d40-a17d-b71695e1fb9a => generated 246 bytes in 9 msecs (HTTP/1.1 404) 6 headers in 231 bytes (1 switches on core 0)
2026-05-06 02:27:05.410 7 INFO placement.requestlog [None req-ba34789e-2a9b-465e-9133-75dd0eb84644 59c423385cec40c3991acfec2745cb80 abd13e4f2c81458d87fc4fea0437bb69 - - 9bf3027721cb4fbcb27a3d86345af0c0 9bf3027721cb4fbcb27a3d86345af0c0] 10.0.0.68 "DELETE /resource_providers/3f5cb46b-ab2b-4d40-a17d-b71695e1fb9a" status: 404 len: 246 microversion: 1.1 [pid: 7|app: 0|req: 332/659] 10.0.0.68 () {34 vars in 822 bytes} [Wed May 6 02:27:05 2026] DELETE /resource_providers/3f5cb46b-ab2b-4d40-a17d-b71695e1fb9a => generated 246 bytes in 7 msecs (HTTP/1.1 404) 6 headers in 231 bytes (1 switches on core 0)
2026-05-06 02:27:05.425 7 INFO placement.requestlog [None req-d4277fb5-acd7-43c0-a237-12c67a74f4e0 59c423385cec40c3991acfec2745cb80 abd13e4f2c81458d87fc4fea0437bb69 - - 9bf3027721cb4fbcb27a3d86345af0c0 9bf3027721cb4fbcb27a3d86345af0c0] 10.0.0.68 "GET /resource_providers/81f3b552-8d56-4ffe-a829-0cebe8928554/aggregates" status: 404 len: 235 microversion: 1.1 [pid: 7|app: 0|req: 333/660] 10.0.0.68 () {32 vars in 822 bytes} [Wed May 6 02:27:05 2026] GET /resource_providers/81f3b552-8d56-4ffe-a829-0cebe8928554/aggregates => generated 235 bytes in 9 msecs (HTTP/1.1 404) 5 headers in 202 bytes (1 switches on core 0)
2026-05-06 02:27:05.426 8 INFO placement.requestlog [None req-0a4f7005-f593-4a4a-8474-9a5ce361915c 59c423385cec40c3991acfec2745cb80 abd13e4f2c81458d87fc4fea0437bb69 - - 9bf3027721cb4fbcb27a3d86345af0c0 9bf3027721cb4fbcb27a3d86345af0c0] 10.0.0.68 "GET /resource_providers/81f3b552-8d56-4ffe-a829-0cebe8928554/aggregates" status: 404 len: 235 microversion: 1.1 [pid: 8|app: 0|req: 328/661] 10.0.0.68 () {32 vars in 822 bytes} [Wed May 6 02:27:05 2026] GET /resource_providers/81f3b552-8d56-4ffe-a829-0cebe8928554/aggregates => generated 235 bytes in 10 msecs (HTTP/1.1 404) 5 headers in 202 bytes (1 switches on core 0)
2026-05-06 02:27:05.441 7 INFO placement.requestlog [None req-8ad2d6a7-57fe-456a-975f-c4c1062760c0 59c423385cec40c3991acfec2745cb80 abd13e4f2c81458d87fc4fea0437bb69 - - 9bf3027721cb4fbcb27a3d86345af0c0 9bf3027721cb4fbcb27a3d86345af0c0] 10.0.0.68 "DELETE /resource_providers/81f3b552-8d56-4ffe-a829-0cebe8928554" status: 404 len: 246 microversion: 1.1 [pid: 7|app: 0|req: 334/662] 10.0.0.68 () {34 vars in 822 bytes} [Wed May 6 02:27:05 2026] DELETE /resource_providers/81f3b552-8d56-4ffe-a829-0cebe8928554 => generated 246 bytes in 10 msecs (HTTP/1.1 404) 6 headers in 231 bytes (1 switches on core 0)
2026-05-06 02:27:05.444 8 INFO placement.requestlog [None req-40370f24-7447-48ac-a42f-571e4b80e528 59c423385cec40c3991acfec2745cb80 abd13e4f2c81458d87fc4fea0437bb69 - - 9bf3027721cb4fbcb27a3d86345af0c0 9bf3027721cb4fbcb27a3d86345af0c0] 10.0.0.68 "DELETE /resource_providers/81f3b552-8d56-4ffe-a829-0cebe8928554" status: 404 len: 246 microversion: 1.1 [pid: 8|app: 0|req: 329/663] 10.0.0.68 () {34 vars in 822 bytes} [Wed May 6 02:27:05 2026] DELETE /resource_providers/81f3b552-8d56-4ffe-a829-0cebe8928554 => generated 246 bytes in 9 msecs (HTTP/1.1 404) 6 headers in 231 bytes (1 switches on core 0)
2026-05-06 02:27:05.652 7 INFO placement.requestlog [req-271fd9c3-8d8a-447d-9caa-a87692ce4947 req-68a2df3b-9d50-412b-80c1-f032a8015fae 41fad403e89a4568a86df5675e3e01ef abd13e4f2c81458d87fc4fea0437bb69 - - 9bf3027721cb4fbcb27a3d86345af0c0 9bf3027721cb4fbcb27a3d86345af0c0] 199.19.213.65 "GET /resource_providers/b2468f7b-74b7-4a8e-961e-013946c322d9/allocations" status: 200 len: 238 microversion: 1.0 [pid: 7|app: 0|req: 335/664] 199.19.213.65 () {32 vars in 854 bytes} [Wed May 6 02:27:05 2026] GET /resource_providers/b2468f7b-74b7-4a8e-961e-013946c322d9/allocations => generated 238 bytes in 17 msecs (HTTP/1.1 200) 6 headers in 224 bytes (1 switches on core 0)
2026-05-06 02:27:05.672 8 INFO placement.requestlog [req-271fd9c3-8d8a-447d-9caa-a87692ce4947 req-ecb96527-2089-40d3-97c8-f7ccc38f04e2 41fad403e89a4568a86df5675e3e01ef abd13e4f2c81458d87fc4fea0437bb69 - - 9bf3027721cb4fbcb27a3d86345af0c0 9bf3027721cb4fbcb27a3d86345af0c0] 199.19.213.65 "GET /allocations/14441706-a43b-47ee-9a3b-3a7eaa5d2d54" status: 200 len: 243 microversion: 1.28 [pid: 8|app: 0|req: 330/665] 199.19.213.65 () {34 vars in 860 bytes} [Wed May 6 02:27:05 2026] GET /allocations/14441706-a43b-47ee-9a3b-3a7eaa5d2d54 => generated 243 bytes in 13 msecs (HTTP/1.1 200) 8 headers in 296 bytes (1 switches on core 0)
2026-05-06 02:27:05.694 7 INFO placement.requestlog [req-271fd9c3-8d8a-447d-9caa-a87692ce4947 req-c8fd46af-218c-4573-bffe-71d0f739be37 41fad403e89a4568a86df5675e3e01ef abd13e4f2c81458d87fc4fea0437bb69 - - 9bf3027721cb4fbcb27a3d86345af0c0 9bf3027721cb4fbcb27a3d86345af0c0] 199.19.213.65 "GET /allocations/98f745be-f401-494e-8702-34e644d8fa20" status: 200 len: 257 microversion: 1.28 [pid: 7|app: 0|req: 336/666] 199.19.213.65 () {34 vars in 860 bytes} [Wed May 6 02:27:05 2026] GET /allocations/98f745be-f401-494e-8702-34e644d8fa20 => generated 257 bytes in 14 msecs (HTTP/1.1 200) 8 headers in 296 bytes (1 switches on core 0)
2026-05-06 02:27:06.746 8 INFO placement.requestlog [req-271fd9c3-8d8a-447d-9caa-a87692ce4947 req-dcba1e80-b0ae-4bc4-863d-640a4d66e7f0 41fad403e89a4568a86df5675e3e01ef abd13e4f2c81458d87fc4fea0437bb69 - - 9bf3027721cb4fbcb27a3d86345af0c0 9bf3027721cb4fbcb27a3d86345af0c0] 199.19.213.65 "DELETE /allocations/14441706-a43b-47ee-9a3b-3a7eaa5d2d54" status: 204 len: 0 microversion: 1.0 [pid: 8|app: 0|req: 331/667] 199.19.213.65 () {34 vars in 838 bytes} [Wed May 6 02:27:06 2026] DELETE /allocations/14441706-a43b-47ee-9a3b-3a7eaa5d2d54 => generated 0 bytes in 30 msecs (HTTP/1.1 204) 5 headers in 198 bytes (1 switches on core 0)
2026-05-06 02:27:09.043 7 INFO placement.requestlog [None req-91816457-1cdb-47c4-970b-87a38578335c 59c423385cec40c3991acfec2745cb80 abd13e4f2c81458d87fc4fea0437bb69 - - 9bf3027721cb4fbcb27a3d86345af0c0 9bf3027721cb4fbcb27a3d86345af0c0] 10.0.0.68 "GET /resource_providers/a3791abb-c86f-4ca6-acf9-fb75dde77d7f/aggregates" status: 404 len: 235 microversion: 1.1 [pid: 7|app: 0|req: 337/668] 10.0.0.68 () {32 vars in 822 bytes} [Wed May 6 02:27:09 2026] GET /resource_providers/a3791abb-c86f-4ca6-acf9-fb75dde77d7f/aggregates => generated 235 bytes in 17 msecs (HTTP/1.1 404) 5 headers in 202 bytes (1 switches on core 0)
2026-05-06 02:27:09.047 8 INFO placement.requestlog [None req-f85d04d7-3f6e-4e03-a9ec-adaee717c998 59c423385cec40c3991acfec2745cb80 abd13e4f2c81458d87fc4fea0437bb69 - - 9bf3027721cb4fbcb27a3d86345af0c0 9bf3027721cb4fbcb27a3d86345af0c0] 10.0.0.68 "GET /resource_providers/a3791abb-c86f-4ca6-acf9-fb75dde77d7f/aggregates" status: 404 len: 235 microversion: 1.1 [pid: 8|app: 0|req: 332/669] 10.0.0.68 () {32 vars in 822 bytes} [Wed May 6 02:27:09 2026] GET /resource_providers/a3791abb-c86f-4ca6-acf9-fb75dde77d7f/aggregates => generated 235 bytes in 23 msecs (HTTP/1.1 404) 5 headers in 202 bytes (1 switches on core 0)
2026-05-06 02:27:09.065 8 INFO placement.requestlog [None req-170ce991-768f-49f8-b483-b16a89aad57e 59c423385cec40c3991acfec2745cb80 abd13e4f2c81458d87fc4fea0437bb69 - - 9bf3027721cb4fbcb27a3d86345af0c0 9bf3027721cb4fbcb27a3d86345af0c0] 10.0.0.68 "DELETE /resource_providers/a3791abb-c86f-4ca6-acf9-fb75dde77d7f" status: 404 len: 246 microversion: 1.1
2026-05-06 02:27:09.065 7 INFO placement.requestlog [None req-0184b56c-f697-40a1-a68d-01689ed80fdd 59c423385cec40c3991acfec2745cb80 abd13e4f2c81458d87fc4fea0437bb69 - - 9bf3027721cb4fbcb27a3d86345af0c0 9bf3027721cb4fbcb27a3d86345af0c0] 10.0.0.68 "DELETE /resource_providers/a3791abb-c86f-4ca6-acf9-fb75dde77d7f" status: 404 len: 246 microversion: 1.1 [pid: 8|app: 0|req: 333/671] 10.0.0.68 () {34 vars in 822 bytes} [Wed May 6 02:27:09 2026] DELETE /resource_providers/a3791abb-c86f-4ca6-acf9-fb75dde77d7f => generated 246 bytes in 7 msecs (HTTP/1.1 404) 6 headers in 231 bytes (1 switches on core 0) [pid: 7|app: 0|req: 338/671] 10.0.0.68 () {34 vars in 822 bytes} [Wed May 6 02:27:09 2026] DELETE /resource_providers/a3791abb-c86f-4ca6-acf9-fb75dde77d7f => generated 246 bytes in 9 msecs (HTTP/1.1 404) 6 headers in 231 bytes (1 switches on core 0)
2026-05-06 02:27:11.098 7 INFO placement.requestlog [None req-e6b0fe2b-188d-4f73-b5e8-b588a1ca421b 59c423385cec40c3991acfec2745cb80 abd13e4f2c81458d87fc4fea0437bb69 - - 9bf3027721cb4fbcb27a3d86345af0c0 9bf3027721cb4fbcb27a3d86345af0c0] 10.0.0.68 "GET /resource_providers/e6fc308a-dee6-48fa-ae35-8c36547c7817/aggregates" status: 404 len: 235 microversion: 1.1 [pid: 7|app: 0|req: 339/672] 10.0.0.68 () {32 vars in 822 bytes} [Wed May 6 02:27:11 2026] GET /resource_providers/e6fc308a-dee6-48fa-ae35-8c36547c7817/aggregates => generated 235 bytes in 8 msecs (HTTP/1.1 404) 5 headers in 202 bytes (1 switches on core 0)
2026-05-06 02:27:11.099 8 INFO placement.requestlog [None req-80b357c7-5ade-4347-bcc5-ce4c000cf35b 59c423385cec40c3991acfec2745cb80 abd13e4f2c81458d87fc4fea0437bb69 - - 9bf3027721cb4fbcb27a3d86345af0c0 9bf3027721cb4fbcb27a3d86345af0c0] 10.0.0.68 "GET /resource_providers/e6fc308a-dee6-48fa-ae35-8c36547c7817/aggregates" status: 404 len: 235 microversion: 1.1 [pid: 8|app: 0|req: 334/673] 10.0.0.68 () {32 vars in 822 bytes} [Wed May 6 02:27:11 2026] GET /resource_providers/e6fc308a-dee6-48fa-ae35-8c36547c7817/aggregates => generated 235 bytes in 10 msecs (HTTP/1.1 404) 5 headers in 202 bytes (1 switches on core 0)
