Aug 14 09:06:55.933505 np0000189550 systemd[1]: Starting devstack@n-api-meta.service - Devstack devstack@n-api-meta.service...
Aug 14 09:06:55.940755 np0000189550 devstack@n-api-meta.service[106665]: [uWSGI] getting INI configuration from /etc/nova/nova-metadata-uwsgi.ini
Aug 14 09:06:55.943931 np0000189550 devstack@n-api-meta.service[106665]: *** Starting uWSGI 2.0.24-debian (64bit) on [Fri Aug 14 09:06:55 2026] ***
Aug 14 09:06:55.943931 np0000189550 devstack@n-api-meta.service[106665]: compiled with version: 13.2.0 on 17 April 2024 16:23:48
Aug 14 09:06:55.943931 np0000189550 devstack@n-api-meta.service[106665]: os: Linux-6.8.0-137-generic #137-Ubuntu SMP PREEMPT_DYNAMIC Fri Jul 17 20:28:23 UTC 2026
Aug 14 09:06:55.943931 np0000189550 devstack@n-api-meta.service[106665]: nodename: np0000189550
Aug 14 09:06:55.943931 np0000189550 devstack@n-api-meta.service[106665]: machine: x86_64
Aug 14 09:06:55.943931 np0000189550 devstack@n-api-meta.service[106665]: clock source: unix
Aug 14 09:06:55.943931 np0000189550 devstack@n-api-meta.service[106665]: pcre jit disabled
Aug 14 09:06:55.943931 np0000189550 devstack@n-api-meta.service[106665]: detected number of CPU cores: 16
Aug 14 09:06:55.943931 np0000189550 devstack@n-api-meta.service[106665]: current working directory: /
Aug 14 09:06:55.943931 np0000189550 devstack@n-api-meta.service[106665]: detected binary path: /usr/bin/uwsgi-core
Aug 14 09:06:55.943931 np0000189550 devstack@n-api-meta.service[106665]: your processes number limit is 256916
Aug 14 09:06:55.943931 np0000189550 devstack@n-api-meta.service[106665]: your memory page size is 4096 bytes
Aug 14 09:06:55.943931 np0000189550 devstack@n-api-meta.service[106665]: detected max file descriptor number: 2048
Aug 14 09:06:55.943931 np0000189550 devstack@n-api-meta.service[106665]: lock engine: pthread robust mutexes
Aug 14 09:06:55.944821 np0000189550 devstack@n-api-meta.service[106665]: thunder lock: enabled
Aug 14 09:06:55.944821 np0000189550 devstack@n-api-meta.service[106665]: uWSGI http bound on 0.0.0.0:8775 fd 5
Aug 14 09:06:55.944821 np0000189550 devstack@n-api-meta.service[106665]: uwsgi socket 0 bound to TCP address 127.0.0.1:40261 (port auto-assigned) fd 4
Aug 14 09:06:55.944821 np0000189550 devstack@n-api-meta.service[106665]: Python version: 3.12.3 (main, Jun 19 2026, 12:46:00) [GCC 13.3.0]
Aug 14 09:06:55.944821 np0000189550 devstack@n-api-meta.service[106665]: PEP 405 virtualenv detected: /opt/stack/data/venv
Aug 14 09:06:55.944821 np0000189550 devstack@n-api-meta.service[106665]: Set PythonHome to /opt/stack/data/venv
Aug 14 09:06:55.983732 np0000189550 devstack@n-api-meta.service[106665]: Python main interpreter initialized at 0x79be83aa4668
Aug 14 09:06:55.983732 np0000189550 devstack@n-api-meta.service[106665]: python threads support enabled
Aug 14 09:06:55.983732 np0000189550 devstack@n-api-meta.service[106665]: your server socket listen backlog is limited to 100 connections
Aug 14 09:06:55.983732 np0000189550 devstack@n-api-meta.service[106665]: your mercy for graceful operations on workers is 80 seconds
Aug 14 09:06:55.984395 np0000189550 devstack@n-api-meta.service[106665]: mapped 671795 bytes (656 KB) for 4 cores
Aug 14 09:06:55.984529 np0000189550 devstack@n-api-meta.service[106665]: *** Operational MODE: preforking ***
Aug 14 09:06:55.984678 np0000189550 devstack@n-api-meta.service[106665]: *** uWSGI is running in multiple interpreter mode ***
Aug 14 09:06:55.984678 np0000189550 devstack@n-api-meta.service[106665]: spawned uWSGI master process (pid: 106665)
Aug 14 09:06:55.984921 np0000189550 systemd[1]: Started devstack@n-api-meta.service - Devstack devstack@n-api-meta.service.
Aug 14 09:06:55.985588 np0000189550 devstack@n-api-meta.service[106665]: spawned uWSGI worker 1 (pid: 106666, cores: 1)
Aug 14 09:06:55.986466 np0000189550 devstack@n-api-meta.service[106665]: spawned uWSGI worker 2 (pid: 106667, cores: 1)
Aug 14 09:06:55.986466 np0000189550 devstack@n-api-meta.service[106665]: spawned uWSGI worker 3 (pid: 106668, cores: 1)
Aug 14 09:06:55.988153 np0000189550 devstack@n-api-meta.service[106665]: spawned uWSGI worker 4 (pid: 106669, cores: 1)
Aug 14 09:06:55.988153 np0000189550 devstack@n-api-meta.service[106665]: spawned uWSGI http 1 (pid: 106670)
Aug 14 09:06:55.988153 np0000189550 devstack@n-api-meta.service[106665]: running "unix_signal:15 gracefully_kill_them_all" (master-start)...
Aug 14 09:06:57.658328 np0000189550 devstack@n-api-meta.service[106666]: INFO dbcounter [None req-2f0d446f-c1a0-4e83-85f9-48dc98dd88b1 None None] Registered counter for database nova_api
Aug 14 09:06:57.661706 np0000189550 devstack@n-api-meta.service[106668]: INFO dbcounter [None req-3e559706-cade-4fb6-8ded-ad6cb94848a0 None None] Registered counter for database nova_api
Aug 14 09:06:57.703486 np0000189550 devstack@n-api-meta.service[106666]: DEBUG oslo_db.sqlalchemy.engines [None req-2f0d446f-c1a0-4e83-85f9-48dc98dd88b1 None None] MySQL server mode set to STRICT_TRANS_TABLES,STRICT_ALL_TABLES,NO_ZERO_IN_DATE,NO_ZERO_DATE,ERROR_FOR_DIVISION_BY_ZERO,TRADITIONAL,NO_ENGINE_SUBSTITUTION {{(pid=106666) _check_effective_sql_mode /opt/stack/data/venv/lib/python3.12/site-packages/oslo_db/sqlalchemy/engines.py:325}}
Aug 14 09:06:57.708740 np0000189550 devstack@n-api-meta.service[106668]: DEBUG oslo_db.sqlalchemy.engines [None req-3e559706-cade-4fb6-8ded-ad6cb94848a0 None None] MySQL server mode set to STRICT_TRANS_TABLES,STRICT_ALL_TABLES,NO_ZERO_IN_DATE,NO_ZERO_DATE,ERROR_FOR_DIVISION_BY_ZERO,TRADITIONAL,NO_ENGINE_SUBSTITUTION {{(pid=106668) _check_effective_sql_mode /opt/stack/data/venv/lib/python3.12/site-packages/oslo_db/sqlalchemy/engines.py:325}}
Aug 14 09:06:57.709506 np0000189550 devstack@n-api-meta.service[106669]: INFO dbcounter [None req-f5ee13f8-6534-4df8-8fb0-31ebad5ef84a None None] Registered counter for database nova_api
Aug 14 09:06:57.719689 np0000189550 devstack@n-api-meta.service[106667]: INFO dbcounter [None req-651207f3-a447-4b26-86f9-b67fa16b9721 None None] Registered counter for database nova_api
Aug 14 09:06:57.736036 np0000189550 devstack@n-api-meta.service[106666]: DEBUG dbcounter [-] [106666] Writer thread running {{(pid=106666) stat_writer /opt/stack/data/venv/lib/python3.12/site-packages/dbcounter.py:102}}
Aug 14 09:06:57.738445 np0000189550 devstack@n-api-meta.service[106666]: DEBUG nova.context [None req-2f0d446f-c1a0-4e83-85f9-48dc98dd88b1 None None] Found 2 cells: 00000000-0000-0000-0000-000000000000(cell0),48fba9e0-45ba-411d-92c0-72c8f5d8e56f(cell1) {{(pid=106666) load_cells /opt/stack/nova/nova/context.py:509}}
Aug 14 09:06:57.738665 np0000189550 devstack@n-api-meta.service[106666]: INFO nova.utils [None req-2f0d446f-c1a0-4e83-85f9-48dc98dd88b1 None None] The cell worker thread pool MainProcess.cell_worker is initialized
Aug 14 09:06:57.740417 np0000189550 devstack@n-api-meta.service[106666]: DEBUG oslo_concurrency.lockutils [None req-2f0d446f-c1a0-4e83-85f9-48dc98dd88b1 None None] Acquiring lock "00000000-0000-0000-0000-000000000000" by "nova.context.set_target_cell..get_or_set_cached_cell_and_set_connections" {{(pid=106666) inner /opt/stack/data/venv/lib/python3.12/site-packages/oslo_concurrency/lockutils.py:512}}
Aug 14 09:06:57.740542 np0000189550 devstack@n-api-meta.service[106666]: DEBUG oslo_concurrency.lockutils [None req-2f0d446f-c1a0-4e83-85f9-48dc98dd88b1 None None] Lock "00000000-0000-0000-0000-000000000000" acquired by "nova.context.set_target_cell..get_or_set_cached_cell_and_set_connections" :: waited 0.000s {{(pid=106666) inner /opt/stack/data/venv/lib/python3.12/site-packages/oslo_concurrency/lockutils.py:525}}
Aug 14 09:06:57.740924 np0000189550 devstack@n-api-meta.service[106666]: DEBUG oslo_concurrency.lockutils [None req-2f0d446f-c1a0-4e83-85f9-48dc98dd88b1 None None] Lock "00000000-0000-0000-0000-000000000000" "released" by "nova.context.set_target_cell..get_or_set_cached_cell_and_set_connections" :: held 0.000s {{(pid=106666) inner /opt/stack/data/venv/lib/python3.12/site-packages/oslo_concurrency/lockutils.py:544}}
Aug 14 09:06:57.741518 np0000189550 devstack@n-api-meta.service[106666]: DEBUG oslo_concurrency.lockutils [None req-2f0d446f-c1a0-4e83-85f9-48dc98dd88b1 None None] Acquiring lock "48fba9e0-45ba-411d-92c0-72c8f5d8e56f" by "nova.context.set_target_cell..get_or_set_cached_cell_and_set_connections" {{(pid=106666) inner /opt/stack/data/venv/lib/python3.12/site-packages/oslo_concurrency/lockutils.py:512}}
Aug 14 09:06:57.741643 np0000189550 devstack@n-api-meta.service[106666]: DEBUG oslo_concurrency.lockutils [None req-2f0d446f-c1a0-4e83-85f9-48dc98dd88b1 None None] Lock "48fba9e0-45ba-411d-92c0-72c8f5d8e56f" acquired by "nova.context.set_target_cell..get_or_set_cached_cell_and_set_connections" :: waited 0.000s {{(pid=106666) inner /opt/stack/data/venv/lib/python3.12/site-packages/oslo_concurrency/lockutils.py:525}}
Aug 14 09:06:57.742506 np0000189550 devstack@n-api-meta.service[106666]: DEBUG oslo_concurrency.lockutils [None req-2f0d446f-c1a0-4e83-85f9-48dc98dd88b1 None None] Lock "48fba9e0-45ba-411d-92c0-72c8f5d8e56f" "released" by "nova.context.set_target_cell..get_or_set_cached_cell_and_set_connections" :: held 0.001s {{(pid=106666) inner /opt/stack/data/venv/lib/python3.12/site-packages/oslo_concurrency/lockutils.py:544}}
Aug 14 09:06:57.743836 np0000189550 devstack@n-api-meta.service[106668]: DEBUG dbcounter [-] [106668] Writer thread running {{(pid=106668) stat_writer /opt/stack/data/venv/lib/python3.12/site-packages/dbcounter.py:102}}
Aug 14 09:06:57.744701 np0000189550 devstack@n-api-meta.service[106666]: INFO dbcounter [None req-2f0d446f-c1a0-4e83-85f9-48dc98dd88b1 None None] Registered counter for database nova_cell0
Aug 14 09:06:57.746334 np0000189550 devstack@n-api-meta.service[106668]: DEBUG nova.context [None req-3e559706-cade-4fb6-8ded-ad6cb94848a0 None None] Found 2 cells: 00000000-0000-0000-0000-000000000000(cell0),48fba9e0-45ba-411d-92c0-72c8f5d8e56f(cell1) {{(pid=106668) load_cells /opt/stack/nova/nova/context.py:509}}
Aug 14 09:06:57.746557 np0000189550 devstack@n-api-meta.service[106668]: INFO nova.utils [None req-3e559706-cade-4fb6-8ded-ad6cb94848a0 None None] The cell worker thread pool MainProcess.cell_worker is initialized
Aug 14 09:06:57.748299 np0000189550 devstack@n-api-meta.service[106668]: DEBUG oslo_concurrency.lockutils [None req-3e559706-cade-4fb6-8ded-ad6cb94848a0 None None] Acquiring lock "00000000-0000-0000-0000-000000000000" by "nova.context.set_target_cell..get_or_set_cached_cell_and_set_connections" {{(pid=106668) inner /opt/stack/data/venv/lib/python3.12/site-packages/oslo_concurrency/lockutils.py:512}}
Aug 14 09:06:57.748464 np0000189550 devstack@n-api-meta.service[106668]: DEBUG oslo_concurrency.lockutils [None req-3e559706-cade-4fb6-8ded-ad6cb94848a0 None None] Lock "00000000-0000-0000-0000-000000000000" acquired by "nova.context.set_target_cell..get_or_set_cached_cell_and_set_connections" :: waited 0.000s {{(pid=106668) inner /opt/stack/data/venv/lib/python3.12/site-packages/oslo_concurrency/lockutils.py:525}}
Aug 14 09:06:57.748873 np0000189550 devstack@n-api-meta.service[106668]: DEBUG oslo_concurrency.lockutils [None req-3e559706-cade-4fb6-8ded-ad6cb94848a0 None None] Lock "00000000-0000-0000-0000-000000000000" "released" by "nova.context.set_target_cell..get_or_set_cached_cell_and_set_connections" :: held 0.000s {{(pid=106668) inner /opt/stack/data/venv/lib/python3.12/site-packages/oslo_concurrency/lockutils.py:544}}
Aug 14 09:06:57.749534 np0000189550 devstack@n-api-meta.service[106666]: INFO dbcounter [None req-2f0d446f-c1a0-4e83-85f9-48dc98dd88b1 None None] Registered counter for database nova_cell1
Aug 14 09:06:57.749754 np0000189550 devstack@n-api-meta.service[106668]: DEBUG oslo_concurrency.lockutils [None req-3e559706-cade-4fb6-8ded-ad6cb94848a0 None None] Acquiring lock "48fba9e0-45ba-411d-92c0-72c8f5d8e56f" by "nova.context.set_target_cell..get_or_set_cached_cell_and_set_connections" {{(pid=106668) inner /opt/stack/data/venv/lib/python3.12/site-packages/oslo_concurrency/lockutils.py:512}}
Aug 14 09:06:57.749896 np0000189550 devstack@n-api-meta.service[106668]: DEBUG oslo_concurrency.lockutils [None req-3e559706-cade-4fb6-8ded-ad6cb94848a0 None None] Lock "48fba9e0-45ba-411d-92c0-72c8f5d8e56f" acquired by "nova.context.set_target_cell..get_or_set_cached_cell_and_set_connections" :: waited 0.000s {{(pid=106668) inner /opt/stack/data/venv/lib/python3.12/site-packages/oslo_concurrency/lockutils.py:525}}
Aug 14 09:06:57.751126 np0000189550 devstack@n-api-meta.service[106668]: DEBUG oslo_concurrency.lockutils [None req-3e559706-cade-4fb6-8ded-ad6cb94848a0 None None] Lock "48fba9e0-45ba-411d-92c0-72c8f5d8e56f" "released" by "nova.context.set_target_cell..get_or_set_cached_cell_and_set_connections" :: held 0.001s {{(pid=106668) inner /opt/stack/data/venv/lib/python3.12/site-packages/oslo_concurrency/lockutils.py:544}}
Aug 14 09:06:57.753863 np0000189550 devstack@n-api-meta.service[106668]: INFO dbcounter [None req-3e559706-cade-4fb6-8ded-ad6cb94848a0 None None] Registered counter for database nova_cell0
Aug 14 09:06:57.759123 np0000189550 devstack@n-api-meta.service[106668]: INFO dbcounter [None req-3e559706-cade-4fb6-8ded-ad6cb94848a0 None None] Registered counter for database nova_cell1
Aug 14 09:06:57.760255 np0000189550 devstack@n-api-meta.service[106669]: DEBUG oslo_db.sqlalchemy.engines [None req-f5ee13f8-6534-4df8-8fb0-31ebad5ef84a None None] MySQL server mode set to STRICT_TRANS_TABLES,STRICT_ALL_TABLES,NO_ZERO_IN_DATE,NO_ZERO_DATE,ERROR_FOR_DIVISION_BY_ZERO,TRADITIONAL,NO_ENGINE_SUBSTITUTION {{(pid=106669) _check_effective_sql_mode /opt/stack/data/venv/lib/python3.12/site-packages/oslo_db/sqlalchemy/engines.py:325}}
Aug 14 09:06:57.768612 np0000189550 devstack@n-api-meta.service[106667]: DEBUG oslo_db.sqlalchemy.engines [None req-651207f3-a447-4b26-86f9-b67fa16b9721 None None] MySQL server mode set to STRICT_TRANS_TABLES,STRICT_ALL_TABLES,NO_ZERO_IN_DATE,NO_ZERO_DATE,ERROR_FOR_DIVISION_BY_ZERO,TRADITIONAL,NO_ENGINE_SUBSTITUTION {{(pid=106667) _check_effective_sql_mode /opt/stack/data/venv/lib/python3.12/site-packages/oslo_db/sqlalchemy/engines.py:325}}
Aug 14 09:06:57.796706 np0000189550 devstack@n-api-meta.service[106669]: DEBUG dbcounter [-] [106669] Writer thread running {{(pid=106669) stat_writer /opt/stack/data/venv/lib/python3.12/site-packages/dbcounter.py:102}}
Aug 14 09:06:57.800444 np0000189550 devstack@n-api-meta.service[106669]: DEBUG nova.context [None req-f5ee13f8-6534-4df8-8fb0-31ebad5ef84a None None] Found 2 cells: 00000000-0000-0000-0000-000000000000(cell0),48fba9e0-45ba-411d-92c0-72c8f5d8e56f(cell1) {{(pid=106669) load_cells /opt/stack/nova/nova/context.py:509}}
Aug 14 09:06:57.800444 np0000189550 devstack@n-api-meta.service[106669]: INFO nova.utils [None req-f5ee13f8-6534-4df8-8fb0-31ebad5ef84a None None] The cell worker thread pool MainProcess.cell_worker is initialized
Aug 14 09:06:57.801568 np0000189550 devstack@n-api-meta.service[106669]: DEBUG oslo_concurrency.lockutils [None req-f5ee13f8-6534-4df8-8fb0-31ebad5ef84a None None] Acquiring lock "00000000-0000-0000-0000-000000000000" by "nova.context.set_target_cell..get_or_set_cached_cell_and_set_connections" {{(pid=106669) inner /opt/stack/data/venv/lib/python3.12/site-packages/oslo_concurrency/lockutils.py:512}}
Aug 14 09:06:57.801790 np0000189550 devstack@n-api-meta.service[106669]: DEBUG oslo_concurrency.lockutils [None req-f5ee13f8-6534-4df8-8fb0-31ebad5ef84a None None] Lock "00000000-0000-0000-0000-000000000000" acquired by "nova.context.set_target_cell..get_or_set_cached_cell_and_set_connections" :: waited 0.000s {{(pid=106669) inner /opt/stack/data/venv/lib/python3.12/site-packages/oslo_concurrency/lockutils.py:525}}
Aug 14 09:06:57.802398 np0000189550 devstack@n-api-meta.service[106669]: DEBUG oslo_concurrency.lockutils [None req-f5ee13f8-6534-4df8-8fb0-31ebad5ef84a None None] Lock "00000000-0000-0000-0000-000000000000" "released" by "nova.context.set_target_cell..get_or_set_cached_cell_and_set_connections" :: held 0.000s {{(pid=106669) inner /opt/stack/data/venv/lib/python3.12/site-packages/oslo_concurrency/lockutils.py:544}}
Aug 14 09:06:57.802856 np0000189550 devstack@n-api-meta.service[106669]: DEBUG oslo_concurrency.lockutils [None req-f5ee13f8-6534-4df8-8fb0-31ebad5ef84a None None] Acquiring lock "48fba9e0-45ba-411d-92c0-72c8f5d8e56f" by "nova.context.set_target_cell..get_or_set_cached_cell_and_set_connections" {{(pid=106669) inner /opt/stack/data/venv/lib/python3.12/site-packages/oslo_concurrency/lockutils.py:512}}
Aug 14 09:06:57.804800 np0000189550 devstack@n-api-meta.service[106669]: INFO dbcounter [None req-f5ee13f8-6534-4df8-8fb0-31ebad5ef84a None None] Registered counter for database nova_cell0
Aug 14 09:06:57.806027 np0000189550 devstack@n-api-meta.service[106669]: DEBUG oslo_concurrency.lockutils [None req-f5ee13f8-6534-4df8-8fb0-31ebad5ef84a None None] Lock "48fba9e0-45ba-411d-92c0-72c8f5d8e56f" acquired by "nova.context.set_target_cell..get_or_set_cached_cell_and_set_connections" :: waited 0.002s {{(pid=106669) inner /opt/stack/data/venv/lib/python3.12/site-packages/oslo_concurrency/lockutils.py:525}}
Aug 14 09:06:57.807335 np0000189550 devstack@n-api-meta.service[106669]: DEBUG oslo_concurrency.lockutils [None req-f5ee13f8-6534-4df8-8fb0-31ebad5ef84a None None] Lock "48fba9e0-45ba-411d-92c0-72c8f5d8e56f" "released" by "nova.context.set_target_cell..get_or_set_cached_cell_and_set_connections" :: held 0.003s {{(pid=106669) inner /opt/stack/data/venv/lib/python3.12/site-packages/oslo_concurrency/lockutils.py:544}}
Aug 14 09:06:57.808084 np0000189550 devstack@n-api-meta.service[106667]: DEBUG dbcounter [-] [106667] Writer thread running {{(pid=106667) stat_writer /opt/stack/data/venv/lib/python3.12/site-packages/dbcounter.py:102}}
Aug 14 09:06:57.808265 np0000189550 devstack@n-api-meta.service[106666]: DEBUG oslo_db.sqlalchemy.engines [None req-2f0d446f-c1a0-4e83-85f9-48dc98dd88b1 None None] MySQL server mode set to STRICT_TRANS_TABLES,STRICT_ALL_TABLES,NO_ZERO_IN_DATE,NO_ZERO_DATE,ERROR_FOR_DIVISION_BY_ZERO,TRADITIONAL,NO_ENGINE_SUBSTITUTION {{(pid=106666) _check_effective_sql_mode /opt/stack/data/venv/lib/python3.12/site-packages/oslo_db/sqlalchemy/engines.py:325}}
Aug 14 09:06:57.810838 np0000189550 devstack@n-api-meta.service[106667]: DEBUG nova.context [None req-651207f3-a447-4b26-86f9-b67fa16b9721 None None] Found 2 cells: 00000000-0000-0000-0000-000000000000(cell0),48fba9e0-45ba-411d-92c0-72c8f5d8e56f(cell1) {{(pid=106667) load_cells /opt/stack/nova/nova/context.py:509}}
Aug 14 09:06:57.811086 np0000189550 devstack@n-api-meta.service[106667]: INFO nova.utils [None req-651207f3-a447-4b26-86f9-b67fa16b9721 None None] The cell worker thread pool MainProcess.cell_worker is initialized
Aug 14 09:06:57.811159 np0000189550 devstack@n-api-meta.service[106669]: INFO dbcounter [None req-f5ee13f8-6534-4df8-8fb0-31ebad5ef84a None None] Registered counter for database nova_cell1
Aug 14 09:06:57.812906 np0000189550 devstack@n-api-meta.service[106667]: DEBUG oslo_concurrency.lockutils [None req-651207f3-a447-4b26-86f9-b67fa16b9721 None None] Acquiring lock "00000000-0000-0000-0000-000000000000" by "nova.context.set_target_cell..get_or_set_cached_cell_and_set_connections" {{(pid=106667) inner /opt/stack/data/venv/lib/python3.12/site-packages/oslo_concurrency/lockutils.py:512}}
Aug 14 09:06:57.813093 np0000189550 devstack@n-api-meta.service[106667]: DEBUG oslo_concurrency.lockutils [None req-651207f3-a447-4b26-86f9-b67fa16b9721 None None] Lock "00000000-0000-0000-0000-000000000000" acquired by "nova.context.set_target_cell..get_or_set_cached_cell_and_set_connections" :: waited 0.000s {{(pid=106667) inner /opt/stack/data/venv/lib/python3.12/site-packages/oslo_concurrency/lockutils.py:525}}
Aug 14 09:06:57.813451 np0000189550 devstack@n-api-meta.service[106667]: DEBUG oslo_concurrency.lockutils [None req-651207f3-a447-4b26-86f9-b67fa16b9721 None None] Lock "00000000-0000-0000-0000-000000000000" "released" by "nova.context.set_target_cell..get_or_set_cached_cell_and_set_connections" :: held 0.000s {{(pid=106667) inner /opt/stack/data/venv/lib/python3.12/site-packages/oslo_concurrency/lockutils.py:544}}
Aug 14 09:06:57.814139 np0000189550 devstack@n-api-meta.service[106667]: DEBUG oslo_concurrency.lockutils [None req-651207f3-a447-4b26-86f9-b67fa16b9721 None None] Acquiring lock "48fba9e0-45ba-411d-92c0-72c8f5d8e56f" by "nova.context.set_target_cell..get_or_set_cached_cell_and_set_connections" {{(pid=106667) inner /opt/stack/data/venv/lib/python3.12/site-packages/oslo_concurrency/lockutils.py:512}}
Aug 14 09:06:57.814278 np0000189550 devstack@n-api-meta.service[106667]: DEBUG oslo_concurrency.lockutils [None req-651207f3-a447-4b26-86f9-b67fa16b9721 None None] Lock "48fba9e0-45ba-411d-92c0-72c8f5d8e56f" acquired by "nova.context.set_target_cell..get_or_set_cached_cell_and_set_connections" :: waited 0.000s {{(pid=106667) inner /opt/stack/data/venv/lib/python3.12/site-packages/oslo_concurrency/lockutils.py:525}}
Aug 14 09:06:57.815148 np0000189550 devstack@n-api-meta.service[106667]: DEBUG oslo_concurrency.lockutils [None req-651207f3-a447-4b26-86f9-b67fa16b9721 None None] Lock "48fba9e0-45ba-411d-92c0-72c8f5d8e56f" "released" by "nova.context.set_target_cell..get_or_set_cached_cell_and_set_connections" :: held 0.001s {{(pid=106667) inner /opt/stack/data/venv/lib/python3.12/site-packages/oslo_concurrency/lockutils.py:544}}
Aug 14 09:06:57.817280 np0000189550 devstack@n-api-meta.service[106667]: INFO dbcounter [None req-651207f3-a447-4b26-86f9-b67fa16b9721 None None] Registered counter for database nova_cell0
Aug 14 09:06:57.822302 np0000189550 devstack@n-api-meta.service[106667]: INFO dbcounter [None req-651207f3-a447-4b26-86f9-b67fa16b9721 None None] Registered counter for database nova_cell1
Aug 14 09:06:57.822392 np0000189550 devstack@n-api-meta.service[106668]: DEBUG oslo_db.sqlalchemy.engines [None req-3e559706-cade-4fb6-8ded-ad6cb94848a0 None None] MySQL server mode set to STRICT_TRANS_TABLES,STRICT_ALL_TABLES,NO_ZERO_IN_DATE,NO_ZERO_DATE,ERROR_FOR_DIVISION_BY_ZERO,TRADITIONAL,NO_ENGINE_SUBSTITUTION {{(pid=106668) _check_effective_sql_mode /opt/stack/data/venv/lib/python3.12/site-packages/oslo_db/sqlalchemy/engines.py:325}}
Aug 14 09:06:57.862044 np0000189550 devstack@n-api-meta.service[106669]: DEBUG oslo_db.sqlalchemy.engines [None req-f5ee13f8-6534-4df8-8fb0-31ebad5ef84a None None] MySQL server mode set to STRICT_TRANS_TABLES,STRICT_ALL_TABLES,NO_ZERO_IN_DATE,NO_ZERO_DATE,ERROR_FOR_DIVISION_BY_ZERO,TRADITIONAL,NO_ENGINE_SUBSTITUTION {{(pid=106669) _check_effective_sql_mode /opt/stack/data/venv/lib/python3.12/site-packages/oslo_db/sqlalchemy/engines.py:325}}
Aug 14 09:06:57.881408 np0000189550 devstack@n-api-meta.service[106667]: DEBUG oslo_db.sqlalchemy.engines [None req-651207f3-a447-4b26-86f9-b67fa16b9721 None None] MySQL server mode set to STRICT_TRANS_TABLES,STRICT_ALL_TABLES,NO_ZERO_IN_DATE,NO_ZERO_DATE,ERROR_FOR_DIVISION_BY_ZERO,TRADITIONAL,NO_ENGINE_SUBSTITUTION {{(pid=106667) _check_effective_sql_mode /opt/stack/data/venv/lib/python3.12/site-packages/oslo_db/sqlalchemy/engines.py:325}}
Aug 14 09:06:57.885434 np0000189550 devstack@n-api-meta.service[106667]: DEBUG oslo_db.sqlalchemy.engines [None req-651207f3-a447-4b26-86f9-b67fa16b9721 None None] MySQL server mode set to STRICT_TRANS_TABLES,STRICT_ALL_TABLES,NO_ZERO_IN_DATE,NO_ZERO_DATE,ERROR_FOR_DIVISION_BY_ZERO,TRADITIONAL,NO_ENGINE_SUBSTITUTION {{(pid=106667) _check_effective_sql_mode /opt/stack/data/venv/lib/python3.12/site-packages/oslo_db/sqlalchemy/engines.py:325}}
Aug 14 09:06:57.887040 np0000189550 devstack@n-api-meta.service[106666]: DEBUG oslo_db.sqlalchemy.engines [None req-2f0d446f-c1a0-4e83-85f9-48dc98dd88b1 None None] MySQL server mode set to STRICT_TRANS_TABLES,STRICT_ALL_TABLES,NO_ZERO_IN_DATE,NO_ZERO_DATE,ERROR_FOR_DIVISION_BY_ZERO,TRADITIONAL,NO_ENGINE_SUBSTITUTION {{(pid=106666) _check_effective_sql_mode /opt/stack/data/venv/lib/python3.12/site-packages/oslo_db/sqlalchemy/engines.py:325}}
Aug 14 09:06:57.897140 np0000189550 devstack@n-api-meta.service[106668]: DEBUG oslo_db.sqlalchemy.engines [None req-3e559706-cade-4fb6-8ded-ad6cb94848a0 None None] MySQL server mode set to STRICT_TRANS_TABLES,STRICT_ALL_TABLES,NO_ZERO_IN_DATE,NO_ZERO_DATE,ERROR_FOR_DIVISION_BY_ZERO,TRADITIONAL,NO_ENGINE_SUBSTITUTION {{(pid=106668) _check_effective_sql_mode /opt/stack/data/venv/lib/python3.12/site-packages/oslo_db/sqlalchemy/engines.py:325}}
Aug 14 09:06:57.907349 np0000189550 devstack@n-api-meta.service[106666]: DEBUG dbcounter [-] [106666] Writer thread running {{(pid=106666) stat_writer /opt/stack/data/venv/lib/python3.12/site-packages/dbcounter.py:102}}
Aug 14 09:06:57.912277 np0000189550 devstack@n-api-meta.service[106669]: DEBUG oslo_db.sqlalchemy.engines [None req-f5ee13f8-6534-4df8-8fb0-31ebad5ef84a None None] MySQL server mode set to STRICT_TRANS_TABLES,STRICT_ALL_TABLES,NO_ZERO_IN_DATE,NO_ZERO_DATE,ERROR_FOR_DIVISION_BY_ZERO,TRADITIONAL,NO_ENGINE_SUBSTITUTION {{(pid=106669) _check_effective_sql_mode /opt/stack/data/venv/lib/python3.12/site-packages/oslo_db/sqlalchemy/engines.py:325}}
Aug 14 09:06:57.915021 np0000189550 devstack@n-api-meta.service[106666]: DEBUG dbcounter [-] [106666] Writer thread running {{(pid=106666) stat_writer /opt/stack/data/venv/lib/python3.12/site-packages/dbcounter.py:102}}
Aug 14 09:06:57.920135 np0000189550 devstack@n-api-meta.service[106666]: INFO dbcounter [None req-2f0d446f-c1a0-4e83-85f9-48dc98dd88b1 None None] Registered counter for database nova_cell0
Aug 14 09:06:57.941995 np0000189550 devstack@n-api-meta.service[106668]: DEBUG dbcounter [-] [106668] Writer thread running {{(pid=106668) stat_writer /opt/stack/data/venv/lib/python3.12/site-packages/dbcounter.py:102}}
Aug 14 09:06:57.949116 np0000189550 devstack@n-api-meta.service[106668]: DEBUG dbcounter [-] [106668] Writer thread running {{(pid=106668) stat_writer /opt/stack/data/venv/lib/python3.12/site-packages/dbcounter.py:102}}
Aug 14 09:06:57.953873 np0000189550 devstack@n-api-meta.service[106669]: DEBUG dbcounter [-] [106669] Writer thread running {{(pid=106669) stat_writer /opt/stack/data/venv/lib/python3.12/site-packages/dbcounter.py:102}}
Aug 14 09:06:57.954020 np0000189550 devstack@n-api-meta.service[106668]: INFO dbcounter [None req-3e559706-cade-4fb6-8ded-ad6cb94848a0 None None] Registered counter for database nova_cell0
Aug 14 09:06:57.964318 np0000189550 devstack@n-api-meta.service[106666]: DEBUG oslo_db.sqlalchemy.engines [None req-2f0d446f-c1a0-4e83-85f9-48dc98dd88b1 None None] MySQL server mode set to STRICT_TRANS_TABLES,STRICT_ALL_TABLES,NO_ZERO_IN_DATE,NO_ZERO_DATE,ERROR_FOR_DIVISION_BY_ZERO,TRADITIONAL,NO_ENGINE_SUBSTITUTION {{(pid=106666) _check_effective_sql_mode /opt/stack/data/venv/lib/python3.12/site-packages/oslo_db/sqlalchemy/engines.py:325}}
Aug 14 09:06:57.967601 np0000189550 devstack@n-api-meta.service[106669]: DEBUG dbcounter [-] [106669] Writer thread running {{(pid=106669) stat_writer /opt/stack/data/venv/lib/python3.12/site-packages/dbcounter.py:102}}
Aug 14 09:06:57.972064 np0000189550 devstack@n-api-meta.service[106669]: INFO dbcounter [None req-f5ee13f8-6534-4df8-8fb0-31ebad5ef84a None None] Registered counter for database nova_cell0
Aug 14 09:06:57.973612 np0000189550 devstack@n-api-meta.service[106667]: DEBUG dbcounter [-] [106667] Writer thread running {{(pid=106667) stat_writer /opt/stack/data/venv/lib/python3.12/site-packages/dbcounter.py:102}}
Aug 14 09:06:57.976165 np0000189550 devstack@n-api-meta.service[106666]: DEBUG dbcounter [-] [106666] Writer thread running {{(pid=106666) stat_writer /opt/stack/data/venv/lib/python3.12/site-packages/dbcounter.py:102}}
Aug 14 09:06:57.979484 np0000189550 devstack@n-api-meta.service[106667]: DEBUG dbcounter [-] [106667] Writer thread running {{(pid=106667) stat_writer /opt/stack/data/venv/lib/python3.12/site-packages/dbcounter.py:102}}
Aug 14 09:06:57.985091 np0000189550 devstack@n-api-meta.service[106667]: INFO dbcounter [None req-651207f3-a447-4b26-86f9-b67fa16b9721 None None] Registered counter for database nova_cell0
Aug 14 09:06:57.995212 np0000189550 devstack@n-api-meta.service[106668]: DEBUG oslo_db.sqlalchemy.engines [None req-3e559706-cade-4fb6-8ded-ad6cb94848a0 None None] MySQL server mode set to STRICT_TRANS_TABLES,STRICT_ALL_TABLES,NO_ZERO_IN_DATE,NO_ZERO_DATE,ERROR_FOR_DIVISION_BY_ZERO,TRADITIONAL,NO_ENGINE_SUBSTITUTION {{(pid=106668) _check_effective_sql_mode /opt/stack/data/venv/lib/python3.12/site-packages/oslo_db/sqlalchemy/engines.py:325}}
Aug 14 09:06:58.004072 np0000189550 devstack@n-api-meta.service[106668]: DEBUG dbcounter [-] [106668] Writer thread running {{(pid=106668) stat_writer /opt/stack/data/venv/lib/python3.12/site-packages/dbcounter.py:102}}
Aug 14 09:06:58.017303 np0000189550 devstack@n-api-meta.service[106669]: DEBUG oslo_db.sqlalchemy.engines [None req-f5ee13f8-6534-4df8-8fb0-31ebad5ef84a None None] MySQL server mode set to STRICT_TRANS_TABLES,STRICT_ALL_TABLES,NO_ZERO_IN_DATE,NO_ZERO_DATE,ERROR_FOR_DIVISION_BY_ZERO,TRADITIONAL,NO_ENGINE_SUBSTITUTION {{(pid=106669) _check_effective_sql_mode /opt/stack/data/venv/lib/python3.12/site-packages/oslo_db/sqlalchemy/engines.py:325}}
Aug 14 09:06:58.018406 np0000189550 devstack@n-api-meta.service[106666]: WARNING nova.api.metadata.handler [None req-2f0d446f-c1a0-4e83-85f9-48dc98dd88b1 None None] metadata_proxy_shared_secret is not configured, the metadata information returned by the proxy cannot be trusted
Aug 14 09:06:58.020713 np0000189550 devstack@n-api-meta.service[106666]: DEBUG nova.api.openstack.wsgi_app [None req-2f0d446f-c1a0-4e83-85f9-48dc98dd88b1 None None] ******************************************************************************** {{(pid=106666) log_opt_values /opt/stack/data/venv/lib/python3.12/site-packages/oslo_config/cfg.py:3533}}
Aug 14 09:06:58.020821 np0000189550 devstack@n-api-meta.service[106666]: DEBUG nova.api.openstack.wsgi_app [None req-2f0d446f-c1a0-4e83-85f9-48dc98dd88b1 None None] Configuration options gathered from: {{(pid=106666) log_opt_values /opt/stack/data/venv/lib/python3.12/site-packages/oslo_config/cfg.py:3534}}
Aug 14 09:06:58.020929 np0000189550 devstack@n-api-meta.service[106666]: DEBUG nova.api.openstack.wsgi_app [None req-2f0d446f-c1a0-4e83-85f9-48dc98dd88b1 None None] command line args: [] {{(pid=106666) log_opt_values /opt/stack/data/venv/lib/python3.12/site-packages/oslo_config/cfg.py:3535}}
Aug 14 09:06:58.021124 np0000189550 devstack@n-api-meta.service[106666]: DEBUG nova.api.openstack.wsgi_app [None req-2f0d446f-c1a0-4e83-85f9-48dc98dd88b1 None None] config files: ['/etc/nova/api-paste.ini', '/etc/nova/nova.conf'] {{(pid=106666) log_opt_values /opt/stack/data/venv/lib/python3.12/site-packages/oslo_config/cfg.py:3536}}
Aug 14 09:06:58.021231 np0000189550 devstack@n-api-meta.service[106666]: DEBUG nova.api.openstack.wsgi_app [None req-2f0d446f-c1a0-4e83-85f9-48dc98dd88b1 None None] ================================================================================ {{(pid=106666) log_opt_values /opt/stack/data/venv/lib/python3.12/site-packages/oslo_config/cfg.py:3541}}
Aug 14 09:06:58.021404 np0000189550 devstack@n-api-meta.service[106666]: DEBUG nova.api.openstack.wsgi_app [None req-2f0d446f-c1a0-4e83-85f9-48dc98dd88b1 None None] allow_resize_to_same_host = True {{(pid=106666) log_opt_values /opt/stack/data/venv/lib/python3.12/site-packages/oslo_config/cfg.py:3549}}
Aug 14 09:06:58.021536 np0000189550 devstack@n-api-meta.service[106666]: DEBUG nova.api.openstack.wsgi_app [None req-2f0d446f-c1a0-4e83-85f9-48dc98dd88b1 None None] arq_binding_timeout = 300 {{(pid=106666) log_opt_values /opt/stack/data/venv/lib/python3.12/site-packages/oslo_config/cfg.py:3549}}
Aug 14 09:06:58.021700 np0000189550 devstack@n-api-meta.service[106666]: DEBUG nova.api.openstack.wsgi_app [None req-2f0d446f-c1a0-4e83-85f9-48dc98dd88b1 None None] block_device_allocate_retries = 60 {{(pid=106666) log_opt_values /opt/stack/data/venv/lib/python3.12/site-packages/oslo_config/cfg.py:3549}}
Aug 14 09:06:58.021810 np0000189550 devstack@n-api-meta.service[106666]: DEBUG nova.api.openstack.wsgi_app [None req-2f0d446f-c1a0-4e83-85f9-48dc98dd88b1 None None] block_device_allocate_retries_interval = 3 {{(pid=106666) log_opt_values /opt/stack/data/venv/lib/python3.12/site-packages/oslo_config/cfg.py:3549}}
Aug 14 09:06:58.021940 np0000189550 devstack@n-api-meta.service[106666]: DEBUG nova.api.openstack.wsgi_app [None req-2f0d446f-c1a0-4e83-85f9-48dc98dd88b1 None None] cell_worker_thread_pool_size = 5 {{(pid=106666) log_opt_values /opt/stack/data/venv/lib/python3.12/site-packages/oslo_config/cfg.py:3549}}
Aug 14 09:06:58.022113 np0000189550 devstack@n-api-meta.service[106666]: DEBUG nova.api.openstack.wsgi_app [None req-2f0d446f-c1a0-4e83-85f9-48dc98dd88b1 None None] cert = self.pem {{(pid=106666) log_opt_values /opt/stack/data/venv/lib/python3.12/site-packages/oslo_config/cfg.py:3549}}
Aug 14 09:06:58.022255 np0000189550 devstack@n-api-meta.service[106666]: DEBUG nova.api.openstack.wsgi_app [None req-2f0d446f-c1a0-4e83-85f9-48dc98dd88b1 None None] compute_driver = libvirt.LibvirtDriver {{(pid=106666) log_opt_values /opt/stack/data/venv/lib/python3.12/site-packages/oslo_config/cfg.py:3549}}
Aug 14 09:06:58.022413 np0000189550 devstack@n-api-meta.service[106666]: DEBUG nova.api.openstack.wsgi_app [None req-2f0d446f-c1a0-4e83-85f9-48dc98dd88b1 None None] compute_monitors = [] {{(pid=106666) log_opt_values /opt/stack/data/venv/lib/python3.12/site-packages/oslo_config/cfg.py:3549}}
Aug 14 09:06:58.022532 np0000189550 devstack@n-api-meta.service[106666]: DEBUG nova.api.openstack.wsgi_app [None req-2f0d446f-c1a0-4e83-85f9-48dc98dd88b1 None None] concurrency_backend = auto {{(pid=106666) log_opt_values /opt/stack/data/venv/lib/python3.12/site-packages/oslo_config/cfg.py:3549}}
Aug 14 09:06:58.022666 np0000189550 devstack@n-api-meta.service[106666]: DEBUG nova.api.openstack.wsgi_app [None req-2f0d446f-c1a0-4e83-85f9-48dc98dd88b1 None None] config_dir = [] {{(pid=106666) log_opt_values /opt/stack/data/venv/lib/python3.12/site-packages/oslo_config/cfg.py:3549}}
Aug 14 09:06:58.022804 np0000189550 devstack@n-api-meta.service[106666]: DEBUG nova.api.openstack.wsgi_app [None req-2f0d446f-c1a0-4e83-85f9-48dc98dd88b1 None None] config_drive_format = iso9660 {{(pid=106666) log_opt_values /opt/stack/data/venv/lib/python3.12/site-packages/oslo_config/cfg.py:3549}}
Aug 14 09:06:58.022911 np0000189550 devstack@n-api-meta.service[106666]: DEBUG nova.api.openstack.wsgi_app [None req-2f0d446f-c1a0-4e83-85f9-48dc98dd88b1 None None] config_file = ['/etc/nova/api-paste.ini', '/etc/nova/nova.conf'] {{(pid=106666) log_opt_values /opt/stack/data/venv/lib/python3.12/site-packages/oslo_config/cfg.py:3549}}
Aug 14 09:06:58.023124 np0000189550 devstack@n-api-meta.service[106666]: DEBUG nova.api.openstack.wsgi_app [None req-2f0d446f-c1a0-4e83-85f9-48dc98dd88b1 None None] config_source = [] {{(pid=106666) log_opt_values /opt/stack/data/venv/lib/python3.12/site-packages/oslo_config/cfg.py:3549}}
Aug 14 09:06:58.023266 np0000189550 devstack@n-api-meta.service[106666]: DEBUG nova.api.openstack.wsgi_app [None req-2f0d446f-c1a0-4e83-85f9-48dc98dd88b1 None None] console_host = np0000189550 {{(pid=106666) log_opt_values /opt/stack/data/venv/lib/python3.12/site-packages/oslo_config/cfg.py:3549}}
Aug 14 09:06:58.023411 np0000189550 devstack@n-api-meta.service[106666]: DEBUG nova.api.openstack.wsgi_app [None req-2f0d446f-c1a0-4e83-85f9-48dc98dd88b1 None None] control_exchange = nova {{(pid=106666) log_opt_values /opt/stack/data/venv/lib/python3.12/site-packages/oslo_config/cfg.py:3549}}
Aug 14 09:06:58.023539 np0000189550 devstack@n-api-meta.service[106666]: DEBUG nova.api.openstack.wsgi_app [None req-2f0d446f-c1a0-4e83-85f9-48dc98dd88b1 None None] cpu_allocation_ratio = None {{(pid=106666) log_opt_values /opt/stack/data/venv/lib/python3.12/site-packages/oslo_config/cfg.py:3549}}
Aug 14 09:06:58.023668 np0000189550 devstack@n-api-meta.service[106666]: DEBUG nova.api.openstack.wsgi_app [None req-2f0d446f-c1a0-4e83-85f9-48dc98dd88b1 None None] daemon = False {{(pid=106666) log_opt_values /opt/stack/data/venv/lib/python3.12/site-packages/oslo_config/cfg.py:3549}}
Aug 14 09:06:58.023803 np0000189550 devstack@n-api-meta.service[106666]: DEBUG nova.api.openstack.wsgi_app [None req-2f0d446f-c1a0-4e83-85f9-48dc98dd88b1 None None] debug = True {{(pid=106666) log_opt_values /opt/stack/data/venv/lib/python3.12/site-packages/oslo_config/cfg.py:3549}}
Aug 14 09:06:58.023930 np0000189550 devstack@n-api-meta.service[106666]: DEBUG nova.api.openstack.wsgi_app [None req-2f0d446f-c1a0-4e83-85f9-48dc98dd88b1 None None] default_access_ip_network_name = None {{(pid=106666) log_opt_values /opt/stack/data/venv/lib/python3.12/site-packages/oslo_config/cfg.py:3549}}
Aug 14 09:06:58.024082 np0000189550 devstack@n-api-meta.service[106666]: DEBUG nova.api.openstack.wsgi_app [None req-2f0d446f-c1a0-4e83-85f9-48dc98dd88b1 None None] default_availability_zone = nova {{(pid=106666) log_opt_values /opt/stack/data/venv/lib/python3.12/site-packages/oslo_config/cfg.py:3549}}
Aug 14 09:06:58.024214 np0000189550 devstack@n-api-meta.service[106666]: DEBUG nova.api.openstack.wsgi_app [None req-2f0d446f-c1a0-4e83-85f9-48dc98dd88b1 None None] default_ephemeral_format = ext4 {{(pid=106666) log_opt_values /opt/stack/data/venv/lib/python3.12/site-packages/oslo_config/cfg.py:3549}}
Aug 14 09:06:58.024344 np0000189550 devstack@n-api-meta.service[106666]: DEBUG nova.api.openstack.wsgi_app [None req-2f0d446f-c1a0-4e83-85f9-48dc98dd88b1 None None] default_green_pool_size = 1000 {{(pid=106666) log_opt_values /opt/stack/data/venv/lib/python3.12/site-packages/oslo_config/cfg.py:3549}}
Aug 14 09:06:58.024565 np0000189550 devstack@n-api-meta.service[106666]: DEBUG nova.api.openstack.wsgi_app [None req-2f0d446f-c1a0-4e83-85f9-48dc98dd88b1 None None] default_log_levels = ['amqp=WARN', 'boto=WARN', 'sqlalchemy=WARN', 'suds=INFO', 'oslo.messaging=INFO', 'oslo_messaging=INFO', 'iso8601=WARN', 'requests.packages.urllib3.connectionpool=WARN', 'urllib3.connectionpool=WARN', 'websocket=WARN', 'requests.packages.urllib3.util.retry=WARN', 'urllib3.util.retry=WARN', 'keystonemiddleware=WARN', 'routes.middleware=WARN', 'stevedore=WARN', 'taskflow=WARN', 'keystoneauth=WARN', 'oslo.cache=INFO', 'oslo_policy=INFO', 'dogpile.core.dogpile=INFO', 'glanceclient=WARN', 'oslo.privsep.daemon=INFO'] {{(pid=106666) log_opt_values /opt/stack/data/venv/lib/python3.12/site-packages/oslo_config/cfg.py:3549}}
Aug 14 09:06:58.024770 np0000189550 devstack@n-api-meta.service[106666]: DEBUG nova.api.openstack.wsgi_app [None req-2f0d446f-c1a0-4e83-85f9-48dc98dd88b1 None None] default_schedule_zone = None {{(pid=106666) log_opt_values /opt/stack/data/venv/lib/python3.12/site-packages/oslo_config/cfg.py:3549}}
Aug 14 09:06:58.024937 np0000189550 devstack@n-api-meta.service[106666]: DEBUG nova.api.openstack.wsgi_app [None req-2f0d446f-c1a0-4e83-85f9-48dc98dd88b1 None None] default_thread_pool_size = 10 {{(pid=106666) log_opt_values /opt/stack/data/venv/lib/python3.12/site-packages/oslo_config/cfg.py:3549}}
Aug 14 09:06:58.025091 np0000189550 devstack@n-api-meta.service[106666]: DEBUG nova.api.openstack.wsgi_app [None req-2f0d446f-c1a0-4e83-85f9-48dc98dd88b1 None None] disk_allocation_ratio = None {{(pid=106666) log_opt_values /opt/stack/data/venv/lib/python3.12/site-packages/oslo_config/cfg.py:3549}}
Aug 14 09:06:58.025221 np0000189550 devstack@n-api-meta.service[106666]: DEBUG nova.api.openstack.wsgi_app [None req-2f0d446f-c1a0-4e83-85f9-48dc98dd88b1 None None] enable_new_services = True {{(pid=106666) log_opt_values /opt/stack/data/venv/lib/python3.12/site-packages/oslo_config/cfg.py:3549}}
Aug 14 09:06:58.025352 np0000189550 devstack@n-api-meta.service[106666]: DEBUG nova.api.openstack.wsgi_app [None req-2f0d446f-c1a0-4e83-85f9-48dc98dd88b1 None None] flat_injected = False {{(pid=106666) log_opt_values /opt/stack/data/venv/lib/python3.12/site-packages/oslo_config/cfg.py:3549}}
Aug 14 09:06:58.025488 np0000189550 devstack@n-api-meta.service[106666]: DEBUG nova.api.openstack.wsgi_app [None req-2f0d446f-c1a0-4e83-85f9-48dc98dd88b1 None None] force_config_drive = False {{(pid=106666) log_opt_values /opt/stack/data/venv/lib/python3.12/site-packages/oslo_config/cfg.py:3549}}
Aug 14 09:06:58.025616 np0000189550 devstack@n-api-meta.service[106666]: DEBUG nova.api.openstack.wsgi_app [None req-2f0d446f-c1a0-4e83-85f9-48dc98dd88b1 None None] force_raw_images = True {{(pid=106666) log_opt_values /opt/stack/data/venv/lib/python3.12/site-packages/oslo_config/cfg.py:3549}}
Aug 14 09:06:58.025758 np0000189550 devstack@n-api-meta.service[106666]: DEBUG nova.api.openstack.wsgi_app [None req-2f0d446f-c1a0-4e83-85f9-48dc98dd88b1 None None] graceful_shutdown_timeout = 5 {{(pid=106666) log_opt_values /opt/stack/data/venv/lib/python3.12/site-packages/oslo_config/cfg.py:3549}}
Aug 14 09:06:58.025788 np0000189550 devstack@n-api-meta.service[106669]: DEBUG dbcounter [-] [106669] Writer thread running {{(pid=106669) stat_writer /opt/stack/data/venv/lib/python3.12/site-packages/dbcounter.py:102}}
Aug 14 09:06:58.025891 np0000189550 devstack@n-api-meta.service[106666]: DEBUG nova.api.openstack.wsgi_app [None req-2f0d446f-c1a0-4e83-85f9-48dc98dd88b1 None None] heal_instance_info_cache_interval = -1 {{(pid=106666) log_opt_values /opt/stack/data/venv/lib/python3.12/site-packages/oslo_config/cfg.py:3549}}
Aug 14 09:06:58.026279 np0000189550 devstack@n-api-meta.service[106666]: DEBUG nova.api.openstack.wsgi_app [None req-2f0d446f-c1a0-4e83-85f9-48dc98dd88b1 None None] host = np0000189550 {{(pid=106666) log_opt_values /opt/stack/data/venv/lib/python3.12/site-packages/oslo_config/cfg.py:3549}}
Aug 14 09:06:58.026279 np0000189550 devstack@n-api-meta.service[106666]: DEBUG nova.api.openstack.wsgi_app [None req-2f0d446f-c1a0-4e83-85f9-48dc98dd88b1 None None] initial_cpu_allocation_ratio = 4.0 {{(pid=106666) log_opt_values /opt/stack/data/venv/lib/python3.12/site-packages/oslo_config/cfg.py:3549}}
Aug 14 09:06:58.026349 np0000189550 devstack@n-api-meta.service[106666]: DEBUG nova.api.openstack.wsgi_app [None req-2f0d446f-c1a0-4e83-85f9-48dc98dd88b1 None None] initial_disk_allocation_ratio = 1.0 {{(pid=106666) log_opt_values /opt/stack/data/venv/lib/python3.12/site-packages/oslo_config/cfg.py:3549}}
Aug 14 09:06:58.026467 np0000189550 devstack@n-api-meta.service[106666]: DEBUG nova.api.openstack.wsgi_app [None req-2f0d446f-c1a0-4e83-85f9-48dc98dd88b1 None None] initial_ram_allocation_ratio = 1.0 {{(pid=106666) log_opt_values /opt/stack/data/venv/lib/python3.12/site-packages/oslo_config/cfg.py:3549}}
Aug 14 09:06:58.026636 np0000189550 devstack@n-api-meta.service[106666]: DEBUG nova.api.openstack.wsgi_app [None req-2f0d446f-c1a0-4e83-85f9-48dc98dd88b1 None None] injected_network_template = /opt/stack/nova/nova/virt/interfaces.template {{(pid=106666) log_opt_values /opt/stack/data/venv/lib/python3.12/site-packages/oslo_config/cfg.py:3549}}
Aug 14 09:06:58.026765 np0000189550 devstack@n-api-meta.service[106666]: DEBUG nova.api.openstack.wsgi_app [None req-2f0d446f-c1a0-4e83-85f9-48dc98dd88b1 None None] instance_build_timeout = 0 {{(pid=106666) log_opt_values /opt/stack/data/venv/lib/python3.12/site-packages/oslo_config/cfg.py:3549}}
Aug 14 09:06:58.026890 np0000189550 devstack@n-api-meta.service[106666]: DEBUG nova.api.openstack.wsgi_app [None req-2f0d446f-c1a0-4e83-85f9-48dc98dd88b1 None None] instance_delete_interval = 300 {{(pid=106666) log_opt_values /opt/stack/data/venv/lib/python3.12/site-packages/oslo_config/cfg.py:3549}}
Aug 14 09:06:58.027038 np0000189550 devstack@n-api-meta.service[106666]: DEBUG nova.api.openstack.wsgi_app [None req-2f0d446f-c1a0-4e83-85f9-48dc98dd88b1 None None] instance_format = [instance: %(uuid)s] {{(pid=106666) log_opt_values /opt/stack/data/venv/lib/python3.12/site-packages/oslo_config/cfg.py:3549}}
Aug 14 09:06:58.027173 np0000189550 devstack@n-api-meta.service[106666]: DEBUG nova.api.openstack.wsgi_app [None req-2f0d446f-c1a0-4e83-85f9-48dc98dd88b1 None None] instance_name_template = instance-%08x {{(pid=106666) log_opt_values /opt/stack/data/venv/lib/python3.12/site-packages/oslo_config/cfg.py:3549}}
Aug 14 09:06:58.027300 np0000189550 devstack@n-api-meta.service[106666]: DEBUG nova.api.openstack.wsgi_app [None req-2f0d446f-c1a0-4e83-85f9-48dc98dd88b1 None None] instance_usage_audit = False {{(pid=106666) log_opt_values /opt/stack/data/venv/lib/python3.12/site-packages/oslo_config/cfg.py:3549}}
Aug 14 09:06:58.027435 np0000189550 devstack@n-api-meta.service[106666]: DEBUG nova.api.openstack.wsgi_app [None req-2f0d446f-c1a0-4e83-85f9-48dc98dd88b1 None None] instance_usage_audit_period = month {{(pid=106666) log_opt_values /opt/stack/data/venv/lib/python3.12/site-packages/oslo_config/cfg.py:3549}}
Aug 14 09:06:58.027572 np0000189550 devstack@n-api-meta.service[106666]: DEBUG nova.api.openstack.wsgi_app [None req-2f0d446f-c1a0-4e83-85f9-48dc98dd88b1 None None] instance_uuid_format = [instance: %(uuid)s] {{(pid=106666) log_opt_values /opt/stack/data/venv/lib/python3.12/site-packages/oslo_config/cfg.py:3549}}
Aug 14 09:06:58.027702 np0000189550 devstack@n-api-meta.service[106666]: DEBUG nova.api.openstack.wsgi_app [None req-2f0d446f-c1a0-4e83-85f9-48dc98dd88b1 None None] instances_path = /opt/stack/data/nova/instances {{(pid=106666) log_opt_values /opt/stack/data/venv/lib/python3.12/site-packages/oslo_config/cfg.py:3549}}
Aug 14 09:06:58.027836 np0000189550 devstack@n-api-meta.service[106666]: DEBUG nova.api.openstack.wsgi_app [None req-2f0d446f-c1a0-4e83-85f9-48dc98dd88b1 None None] internal_service_availability_zone = internal {{(pid=106666) log_opt_values /opt/stack/data/venv/lib/python3.12/site-packages/oslo_config/cfg.py:3549}}
Aug 14 09:06:58.027973 np0000189550 devstack@n-api-meta.service[106666]: DEBUG nova.api.openstack.wsgi_app [None req-2f0d446f-c1a0-4e83-85f9-48dc98dd88b1 None None] key = None {{(pid=106666) log_opt_values /opt/stack/data/venv/lib/python3.12/site-packages/oslo_config/cfg.py:3549}}
Aug 14 09:06:58.028104 np0000189550 devstack@n-api-meta.service[106666]: DEBUG nova.api.openstack.wsgi_app [None req-2f0d446f-c1a0-4e83-85f9-48dc98dd88b1 None None] live_migration_retry_count = 30 {{(pid=106666) log_opt_values /opt/stack/data/venv/lib/python3.12/site-packages/oslo_config/cfg.py:3549}}
Aug 14 09:06:58.028408 np0000189550 devstack@n-api-meta.service[106666]: DEBUG nova.api.openstack.wsgi_app [None req-2f0d446f-c1a0-4e83-85f9-48dc98dd88b1 None None] log_color = False {{(pid=106666) log_opt_values /opt/stack/data/venv/lib/python3.12/site-packages/oslo_config/cfg.py:3549}}
Aug 14 09:06:58.028408 np0000189550 devstack@n-api-meta.service[106666]: DEBUG nova.api.openstack.wsgi_app [None req-2f0d446f-c1a0-4e83-85f9-48dc98dd88b1 None None] log_config_append = None {{(pid=106666) log_opt_values /opt/stack/data/venv/lib/python3.12/site-packages/oslo_config/cfg.py:3549}}
Aug 14 09:06:58.028498 np0000189550 devstack@n-api-meta.service[106666]: DEBUG nova.api.openstack.wsgi_app [None req-2f0d446f-c1a0-4e83-85f9-48dc98dd88b1 None None] log_date_format = %Y-%m-%d %H:%M:%S {{(pid=106666) log_opt_values /opt/stack/data/venv/lib/python3.12/site-packages/oslo_config/cfg.py:3549}}
Aug 14 09:06:58.028637 np0000189550 devstack@n-api-meta.service[106666]: DEBUG nova.api.openstack.wsgi_app [None req-2f0d446f-c1a0-4e83-85f9-48dc98dd88b1 None None] log_dir = None {{(pid=106666) log_opt_values /opt/stack/data/venv/lib/python3.12/site-packages/oslo_config/cfg.py:3549}}
Aug 14 09:06:58.028782 np0000189550 devstack@n-api-meta.service[106666]: DEBUG nova.api.openstack.wsgi_app [None req-2f0d446f-c1a0-4e83-85f9-48dc98dd88b1 None None] log_file = None {{(pid=106666) log_opt_values /opt/stack/data/venv/lib/python3.12/site-packages/oslo_config/cfg.py:3549}}
Aug 14 09:06:58.028883 np0000189550 devstack@n-api-meta.service[106666]: DEBUG nova.api.openstack.wsgi_app [None req-2f0d446f-c1a0-4e83-85f9-48dc98dd88b1 None None] log_options = True {{(pid=106666) log_opt_values /opt/stack/data/venv/lib/python3.12/site-packages/oslo_config/cfg.py:3549}}
Aug 14 09:06:58.029028 np0000189550 devstack@n-api-meta.service[106666]: DEBUG nova.api.openstack.wsgi_app [None req-2f0d446f-c1a0-4e83-85f9-48dc98dd88b1 None None] log_rotate_interval = 1 {{(pid=106666) log_opt_values /opt/stack/data/venv/lib/python3.12/site-packages/oslo_config/cfg.py:3549}}
Aug 14 09:06:58.029164 np0000189550 devstack@n-api-meta.service[106666]: DEBUG nova.api.openstack.wsgi_app [None req-2f0d446f-c1a0-4e83-85f9-48dc98dd88b1 None None] log_rotate_interval_type = days {{(pid=106666) log_opt_values /opt/stack/data/venv/lib/python3.12/site-packages/oslo_config/cfg.py:3549}}
Aug 14 09:06:58.029292 np0000189550 devstack@n-api-meta.service[106666]: DEBUG nova.api.openstack.wsgi_app [None req-2f0d446f-c1a0-4e83-85f9-48dc98dd88b1 None None] log_rotation_type = none {{(pid=106666) log_opt_values /opt/stack/data/venv/lib/python3.12/site-packages/oslo_config/cfg.py:3549}}
Aug 14 09:06:58.029393 np0000189550 devstack@n-api-meta.service[106666]: DEBUG nova.api.openstack.wsgi_app [None req-2f0d446f-c1a0-4e83-85f9-48dc98dd88b1 None None] logging_context_format_string = %(color)s%(levelname)s %(name)s [%(global_request_id)s %(request_id)s %(project_name)s %(user_name)s%(color)s] %(instance)s%(color)s%(message)s {{(pid=106666) log_opt_values /opt/stack/data/venv/lib/python3.12/site-packages/oslo_config/cfg.py:3549}}
Aug 14 09:06:58.029438 np0000189550 devstack@n-api-meta.service[106667]: DEBUG oslo_db.sqlalchemy.engines [None req-651207f3-a447-4b26-86f9-b67fa16b9721 None None] MySQL server mode set to STRICT_TRANS_TABLES,STRICT_ALL_TABLES,NO_ZERO_IN_DATE,NO_ZERO_DATE,ERROR_FOR_DIVISION_BY_ZERO,TRADITIONAL,NO_ENGINE_SUBSTITUTION {{(pid=106667) _check_effective_sql_mode /opt/stack/data/venv/lib/python3.12/site-packages/oslo_db/sqlalchemy/engines.py:325}}
