May 18 18:33:01.790222 np0000174502 neutron-periodic-workers[104811]: DEBUG cotyledon.oslo_config_glue [-] database.connection_debug = 0 {{(pid=104811) log_opt_values /opt/stack/data/venv/lib/python3.12/site-packages/oslo_config/cfg.py:3006}}
May 18 18:33:01.790370 np0000174502 neutron-periodic-workers[104811]: DEBUG cotyledon.oslo_config_glue [-] database.connection_parameters = {{(pid=104811) log_opt_values /opt/stack/data/venv/lib/python3.12/site-packages/oslo_config/cfg.py:3006}}
May 18 18:33:01.790527 np0000174502 neutron-periodic-workers[104811]: DEBUG cotyledon.oslo_config_glue [-] database.connection_recycle_time = 3600 {{(pid=104811) log_opt_values /opt/stack/data/venv/lib/python3.12/site-packages/oslo_config/cfg.py:3006}}
May 18 18:33:01.790660 np0000174502 neutron-periodic-workers[104811]: DEBUG cotyledon.oslo_config_glue [-] database.connection_trace = False {{(pid=104811) log_opt_values /opt/stack/data/venv/lib/python3.12/site-packages/oslo_config/cfg.py:3006}}
May 18 18:33:01.790794 np0000174502 neutron-periodic-workers[104811]: DEBUG cotyledon.oslo_config_glue [-] database.db_inc_retry_interval = True {{(pid=104811) log_opt_values /opt/stack/data/venv/lib/python3.12/site-packages/oslo_config/cfg.py:3006}}
May 18 18:33:01.790927 np0000174502 neutron-periodic-workers[104811]: DEBUG cotyledon.oslo_config_glue [-] database.db_max_retries = 20 {{(pid=104811) log_opt_values /opt/stack/data/venv/lib/python3.12/site-packages/oslo_config/cfg.py:3006}}
May 18 18:33:01.791062 np0000174502 neutron-periodic-workers[104811]: DEBUG cotyledon.oslo_config_glue [-] database.db_max_retry_interval = 10 {{(pid=104811) log_opt_values /opt/stack/data/venv/lib/python3.12/site-packages/oslo_config/cfg.py:3006}}
May 18 18:33:01.791195 np0000174502 neutron-periodic-workers[104811]: DEBUG cotyledon.oslo_config_glue [-] database.db_retry_interval = 1 {{(pid=104811) log_opt_values /opt/stack/data/venv/lib/python3.12/site-packages/oslo_config/cfg.py:3006}}
May 18 18:33:01.791347 np0000174502 neutron-periodic-workers[104811]: DEBUG cotyledon.oslo_config_glue [-] database.max_overflow = 50 {{(pid=104811) log_opt_values /opt/stack/data/venv/lib/python3.12/site-packages/oslo_config/cfg.py:3006}}
May 18 18:33:01.791480 np0000174502 neutron-periodic-workers[104811]: DEBUG cotyledon.oslo_config_glue [-] database.max_pool_size = 5 {{(pid=104811) log_opt_values /opt/stack/data/venv/lib/python3.12/site-packages/oslo_config/cfg.py:3006}}
May 18 18:33:01.791615 np0000174502 neutron-periodic-workers[104811]: DEBUG cotyledon.oslo_config_glue [-] database.max_retries = 10 {{(pid=104811) log_opt_values /opt/stack/data/venv/lib/python3.12/site-packages/oslo_config/cfg.py:3006}}
May 18 18:33:01.791778 np0000174502 neutron-periodic-workers[104811]: DEBUG cotyledon.oslo_config_glue [-] database.mysql_sql_mode = TRADITIONAL {{(pid=104811) log_opt_values /opt/stack/data/venv/lib/python3.12/site-packages/oslo_config/cfg.py:3006}}
May 18 18:33:01.791925 np0000174502 neutron-periodic-workers[104811]: DEBUG cotyledon.oslo_config_glue [-] database.mysql_wsrep_sync_wait = None {{(pid=104811) log_opt_values /opt/stack/data/venv/lib/python3.12/site-packages/oslo_config/cfg.py:3006}}
May 18 18:33:01.792061 np0000174502 neutron-periodic-workers[104811]: DEBUG cotyledon.oslo_config_glue [-] database.pool_timeout = None {{(pid=104811) log_opt_values /opt/stack/data/venv/lib/python3.12/site-packages/oslo_config/cfg.py:3006}}
May 18 18:33:01.792195 np0000174502 neutron-periodic-workers[104811]: DEBUG cotyledon.oslo_config_glue [-] database.retry_interval = 10 {{(pid=104811) log_opt_values /opt/stack/data/venv/lib/python3.12/site-packages/oslo_config/cfg.py:3006}}
May 18 18:33:01.792358 np0000174502 neutron-periodic-workers[104811]: DEBUG cotyledon.oslo_config_glue [-] database.slave_connection = **** {{(pid=104811) log_opt_values /opt/stack/data/venv/lib/python3.12/site-packages/oslo_config/cfg.py:3006}}
May 18 18:33:01.792772 np0000174502 neutron-periodic-workers[104811]: DEBUG cotyledon.oslo_config_glue [-] database.sqlite_synchronous = True {{(pid=104811) log_opt_values /opt/stack/data/venv/lib/python3.12/site-packages/oslo_config/cfg.py:3006}}
May 18 18:33:01.792772 np0000174502 neutron-periodic-workers[104811]: DEBUG cotyledon.oslo_config_glue [-] database.synchronous_reader = True {{(pid=104811) log_opt_values /opt/stack/data/venv/lib/python3.12/site-packages/oslo_config/cfg.py:3006}}
May 18 18:33:01.792772 np0000174502 neutron-periodic-workers[104811]: DEBUG cotyledon.oslo_config_glue [-] database.use_db_reconnect = False {{(pid=104811) log_opt_values /opt/stack/data/venv/lib/python3.12/site-packages/oslo_config/cfg.py:3006}}
May 18 18:33:01.792850 np0000174502 neutron-periodic-workers[104811]: DEBUG cotyledon.oslo_config_glue [-] ovn.bfd_min_rx = 1000 {{(pid=104811) log_opt_values /opt/stack/data/venv/lib/python3.12/site-packages/oslo_config/cfg.py:3006}}
May 18 18:33:01.793049 np0000174502 neutron-periodic-workers[104811]: DEBUG cotyledon.oslo_config_glue [-] ovn.bfd_min_tx = 100 {{(pid=104811) log_opt_values /opt/stack/data/venv/lib/python3.12/site-packages/oslo_config/cfg.py:3006}}
May 18 18:33:01.793183 np0000174502 neutron-periodic-workers[104811]: DEBUG cotyledon.oslo_config_glue [-] ovn.bfd_mult = 3 {{(pid=104811) log_opt_values /opt/stack/data/venv/lib/python3.12/site-packages/oslo_config/cfg.py:3006}}
May 18 18:33:01.793334 np0000174502 neutron-periodic-workers[104811]: DEBUG cotyledon.oslo_config_glue [-] ovn.broadcast_arps_to_all_routers = True {{(pid=104811) log_opt_values /opt/stack/data/venv/lib/python3.12/site-packages/oslo_config/cfg.py:3006}}
May 18 18:33:01.793468 np0000174502 neutron-periodic-workers[104811]: DEBUG cotyledon.oslo_config_glue [-] ovn.dhcp_default_lease_time = 43200 {{(pid=104811) log_opt_values /opt/stack/data/venv/lib/python3.12/site-packages/oslo_config/cfg.py:3006}}
May 18 18:33:01.793611 np0000174502 neutron-periodic-workers[104811]: DEBUG cotyledon.oslo_config_glue [-] ovn.disable_ovn_dhcp_for_baremetal_ports = False {{(pid=104811) log_opt_values /opt/stack/data/venv/lib/python3.12/site-packages/oslo_config/cfg.py:3006}}
May 18 18:33:01.793750 np0000174502 neutron-periodic-workers[104811]: DEBUG cotyledon.oslo_config_glue [-] ovn.dns_records_ovn_owned = False {{(pid=104811) log_opt_values /opt/stack/data/venv/lib/python3.12/site-packages/oslo_config/cfg.py:3006}}
May 18 18:33:01.793885 np0000174502 neutron-periodic-workers[104811]: DEBUG cotyledon.oslo_config_glue [-] ovn.dns_servers = [] {{(pid=104811) log_opt_values /opt/stack/data/venv/lib/python3.12/site-packages/oslo_config/cfg.py:3006}}
May 18 18:33:01.794018 np0000174502 neutron-periodic-workers[104811]: DEBUG cotyledon.oslo_config_glue [-] ovn.enable_distributed_floating_ip = False {{(pid=104811) log_opt_values /opt/stack/data/venv/lib/python3.12/site-packages/oslo_config/cfg.py:3006}}
May 18 18:33:01.794150 np0000174502 neutron-periodic-workers[104811]: DEBUG cotyledon.oslo_config_glue [-] ovn.fdb_age_threshold = 300 {{(pid=104811) log_opt_values /opt/stack/data/venv/lib/python3.12/site-packages/oslo_config/cfg.py:3006}}
May 18 18:33:01.794299 np0000174502 neutron-periodic-workers[104811]: DEBUG cotyledon.oslo_config_glue [-] ovn.ha_failover_strategy = normal {{(pid=104811) log_opt_values /opt/stack/data/venv/lib/python3.12/site-packages/oslo_config/cfg.py:3006}}
May 18 18:33:01.794434 np0000174502 neutron-periodic-workers[104811]: DEBUG cotyledon.oslo_config_glue [-] ovn.live_migration_activation_strategy = rarp {{(pid=104811) log_opt_values /opt/stack/data/venv/lib/python3.12/site-packages/oslo_config/cfg.py:3006}}
May 18 18:33:01.794568 np0000174502 neutron-periodic-workers[104811]: DEBUG cotyledon.oslo_config_glue [-] ovn.localnet_learn_fdb = False {{(pid=104811) log_opt_values /opt/stack/data/venv/lib/python3.12/site-packages/oslo_config/cfg.py:3006}}
May 18 18:33:01.794711 np0000174502 neutron-periodic-workers[104811]: DEBUG cotyledon.oslo_config_glue [-] ovn.mac_binding_age_threshold = 300 {{(pid=104811) log_opt_values /opt/stack/data/venv/lib/python3.12/site-packages/oslo_config/cfg.py:3006}}
May 18 18:33:01.794852 np0000174502 neutron-periodic-workers[104811]: DEBUG cotyledon.oslo_config_glue [-] ovn.neutron_sync_mode = log {{(pid=104811) log_opt_values /opt/stack/data/venv/lib/python3.12/site-packages/oslo_config/cfg.py:3006}}
May 18 18:33:01.794986 np0000174502 neutron-periodic-workers[104811]: DEBUG cotyledon.oslo_config_glue [-] ovn.ovn_dhcp4_global_options = {} {{(pid=104811) log_opt_values /opt/stack/data/venv/lib/python3.12/site-packages/oslo_config/cfg.py:3006}}
May 18 18:33:01.795130 np0000174502 neutron-periodic-workers[104811]: DEBUG cotyledon.oslo_config_glue [-] ovn.ovn_dhcp6_global_options = {} {{(pid=104811) log_opt_values /opt/stack/data/venv/lib/python3.12/site-packages/oslo_config/cfg.py:3006}}
May 18 18:33:01.795274 np0000174502 neutron-periodic-workers[104811]: DEBUG cotyledon.oslo_config_glue [-] ovn.ovn_l3_scheduler = leastloaded {{(pid=104811) log_opt_values /opt/stack/data/venv/lib/python3.12/site-packages/oslo_config/cfg.py:3006}}
May 18 18:33:01.795521 np0000174502 neutron-periodic-workers[104811]: DEBUG cotyledon.oslo_config_glue [-] ovn.ovn_metadata_enabled = True {{(pid=104811) log_opt_values /opt/stack/data/venv/lib/python3.12/site-packages/oslo_config/cfg.py:3006}}
May 18 18:33:01.795687 np0000174502 neutron-periodic-workers[104811]: DEBUG cotyledon.oslo_config_glue [-] ovn.ovn_nb_ca_cert = /opt/stack/data/CA/int-ca/ca-chain.pem {{(pid=104811) log_opt_values /opt/stack/data/venv/lib/python3.12/site-packages/oslo_config/cfg.py:3006}}
May 18 18:33:01.796458 np0000174502 neutron-periodic-workers[104811]: DEBUG cotyledon.oslo_config_glue [-] ovn.ovn_nb_certificate = /opt/stack/data/CA/int-ca/devstack-cert.crt {{(pid=104811) log_opt_values /opt/stack/data/venv/lib/python3.12/site-packages/oslo_config/cfg.py:3006}}
May 18 18:33:01.796458 np0000174502 neutron-periodic-workers[104811]: DEBUG cotyledon.oslo_config_glue [-] ovn.ovn_nb_connection = ['ssl:199.204.45.49:6641'] {{(pid=104811) log_opt_values /opt/stack/data/venv/lib/python3.12/site-packages/oslo_config/cfg.py:3006}}
May 18 18:33:01.796571 np0000174502 neutron-periodic-workers[104811]: DEBUG cotyledon.oslo_config_glue [-] ovn.ovn_nb_private_key = /opt/stack/data/CA/int-ca/private/devstack-cert.key {{(pid=104811) log_opt_values /opt/stack/data/venv/lib/python3.12/site-packages/oslo_config/cfg.py:3006}}
May 18 18:33:01.796745 np0000174502 neutron-periodic-workers[104811]: DEBUG cotyledon.oslo_config_glue [-] ovn.ovn_router_indirect_snat = False {{(pid=104811) log_opt_values /opt/stack/data/venv/lib/python3.12/site-packages/oslo_config/cfg.py:3006}}
May 18 18:33:01.796813 np0000174502 neutron-periodic-workers[104811]: DEBUG cotyledon.oslo_config_glue [-] ovn.ovn_sb_ca_cert = /opt/stack/data/CA/int-ca/ca-chain.pem {{(pid=104811) log_opt_values /opt/stack/data/venv/lib/python3.12/site-packages/oslo_config/cfg.py:3006}}
May 18 18:33:01.797048 np0000174502 neutron-periodic-workers[104811]: DEBUG cotyledon.oslo_config_glue [-] ovn.ovn_sb_certificate = /opt/stack/data/CA/int-ca/devstack-cert.crt {{(pid=104811) log_opt_values /opt/stack/data/venv/lib/python3.12/site-packages/oslo_config/cfg.py:3006}}
May 18 18:33:01.797280 np0000174502 neutron-periodic-workers[104811]: DEBUG cotyledon.oslo_config_glue [-] ovn.ovn_sb_connection = ['ssl:199.204.45.49:6642'] {{(pid=104811) log_opt_values /opt/stack/data/venv/lib/python3.12/site-packages/oslo_config/cfg.py:3006}}
May 18 18:33:01.797522 np0000174502 neutron-periodic-workers[104811]: DEBUG cotyledon.oslo_config_glue [-] ovn.ovn_sb_private_key = /opt/stack/data/CA/int-ca/private/devstack-cert.key {{(pid=104811) log_opt_values /opt/stack/data/venv/lib/python3.12/site-packages/oslo_config/cfg.py:3006}}
May 18 18:33:01.797801 np0000174502 neutron-periodic-workers[104811]: DEBUG cotyledon.oslo_config_glue [-] ovn.ovs_create_tap = False {{(pid=104811) log_opt_values /opt/stack/data/venv/lib/python3.12/site-packages/oslo_config/cfg.py:3006}}
May 18 18:33:01.797801 np0000174502 neutron-periodic-workers[104811]: DEBUG cotyledon.oslo_config_glue [-] ovn.ovsdb_connection_timeout = 180 {{(pid=104811) log_opt_values /opt/stack/data/venv/lib/python3.12/site-packages/oslo_config/cfg.py:3006}}
May 18 18:33:01.798101 np0000174502 neutron-periodic-workers[104811]: DEBUG cotyledon.oslo_config_glue [-] ovn.ovsdb_log_level = INFO {{(pid=104811) log_opt_values /opt/stack/data/venv/lib/python3.12/site-packages/oslo_config/cfg.py:3006}}
May 18 18:33:01.798312 np0000174502 neutron-periodic-workers[104811]: DEBUG cotyledon.oslo_config_glue [-] ovn.ovsdb_probe_interval = 60000 {{(pid=104811) log_opt_values /opt/stack/data/venv/lib/python3.12/site-packages/oslo_config/cfg.py:3006}}
May 18 18:33:01.798463 np0000174502 neutron-periodic-workers[104811]: DEBUG cotyledon.oslo_config_glue [-] ovn.ovsdb_retry_max_interval = 180 {{(pid=104811) log_opt_values /opt/stack/data/venv/lib/python3.12/site-packages/oslo_config/cfg.py:3006}}
May 18 18:33:01.798545 np0000174502 neutron-periodic-workers[104811]: DEBUG cotyledon.oslo_config_glue [-] ovn.stateless_nat_enabled = False {{(pid=104811) log_opt_values /opt/stack/data/venv/lib/python3.12/site-packages/oslo_config/cfg.py:3006}}
May 18 18:33:01.798639 np0000174502 neutron-periodic-workers[104811]: DEBUG cotyledon.oslo_config_glue [-] ovn.vhost_sock_dir = /var/run/openvswitch {{(pid=104811) log_opt_values /opt/stack/data/venv/lib/python3.12/site-packages/oslo_config/cfg.py:3006}}
May 18 18:33:01.798747 np0000174502 neutron-periodic-workers[104811]: DEBUG cotyledon.oslo_config_glue [-] OVS.bridge_mac_table_size = 50000 {{(pid=104811) log_opt_values /opt/stack/data/venv/lib/python3.12/site-packages/oslo_config/cfg.py:3006}}
May 18 18:33:01.798880 np0000174502 neutron-periodic-workers[104811]: DEBUG cotyledon.oslo_config_glue [-] OVS.igmp_flood = False {{(pid=104811) log_opt_values /opt/stack/data/venv/lib/python3.12/site-packages/oslo_config/cfg.py:3006}}
May 18 18:33:01.798962 np0000174502 neutron-periodic-workers[104811]: DEBUG cotyledon.oslo_config_glue [-] OVS.igmp_flood_reports = True {{(pid=104811) log_opt_values /opt/stack/data/venv/lib/python3.12/site-packages/oslo_config/cfg.py:3006}}
May 18 18:33:01.799052 np0000174502 neutron-periodic-workers[104811]: DEBUG cotyledon.oslo_config_glue [-] OVS.igmp_flood_unregistered = False {{(pid=104811) log_opt_values /opt/stack/data/venv/lib/python3.12/site-packages/oslo_config/cfg.py:3006}}
May 18 18:33:01.799134 np0000174502 neutron-periodic-workers[104811]: DEBUG cotyledon.oslo_config_glue [-] OVS.igmp_snooping_enable = False {{(pid=104811) log_opt_values /opt/stack/data/venv/lib/python3.12/site-packages/oslo_config/cfg.py:3006}}
May 18 18:33:01.799228 np0000174502 neutron-periodic-workers[104811]: DEBUG cotyledon.oslo_config_glue [-] OVS.ovsdb_timeout = 10 {{(pid=104811) log_opt_values /opt/stack/data/venv/lib/python3.12/site-packages/oslo_config/cfg.py:3006}}
May 18 18:33:01.799326 np0000174502 neutron-periodic-workers[104811]: DEBUG cotyledon.oslo_config_glue [-] ovn_nb_global.fdb_removal_limit = 0 {{(pid=104811) log_opt_values /opt/stack/data/venv/lib/python3.12/site-packages/oslo_config/cfg.py:3006}}
May 18 18:33:01.799422 np0000174502 neutron-periodic-workers[104811]: DEBUG cotyledon.oslo_config_glue [-] ovn_nb_global.ignore_lsp_down = False {{(pid=104811) log_opt_values /opt/stack/data/venv/lib/python3.12/site-packages/oslo_config/cfg.py:3006}}
May 18 18:33:01.799519 np0000174502 neutron-periodic-workers[104811]: DEBUG cotyledon.oslo_config_glue [-] ovn_nb_global.mac_binding_removal_limit = 0 {{(pid=104811) log_opt_values /opt/stack/data/venv/lib/python3.12/site-packages/oslo_config/cfg.py:3006}}
May 18 18:33:01.799654 np0000174502 neutron-periodic-workers[104811]: DEBUG cotyledon.oslo_config_glue [-] ******************************************************************************** {{(pid=104811) log_opt_values /opt/stack/data/venv/lib/python3.12/site-packages/oslo_config/cfg.py:3013}}
May 18 18:33:01.800012 np0000174502 neutron-periodic-workers[104811]: DEBUG cotyledon._service_worker [-] Run service ServiceWrapper(0) [104811] {{(pid=104811) wait_forever /opt/stack/data/venv/lib/python3.12/site-packages/cotyledon/_service_worker.py:218}}
May 18 18:33:11.386969 np0000174502 neutron-periodic-workers[103973]: DEBUG dbcounter [-] [103973] Writing DB stats neutron:SELECT=4 {{(pid=103973) stat_writer /opt/stack/data/venv/lib/python3.12/site-packages/dbcounter.py:115}}
May 18 18:33:38.811119 np0000174502 neutron-periodic-workers[104811]: DEBUG oslo_db.sqlalchemy.engines [None req-6bddc956-ac5b-4645-9d1b-d4cbf74fd216 None None] Parent process 103973 forked (104811) with an open database connection, which is being discarded and recreated. {{(pid=104811) checkout /opt/stack/data/venv/lib/python3.12/site-packages/oslo_db/sqlalchemy/engines.py:402}}
May 18 18:33:38.820153 np0000174502 neutron-periodic-workers[104811]: DEBUG dbcounter [-] [104811] Writer thread running {{(pid=104811) stat_writer /opt/stack/data/venv/lib/python3.12/site-packages/dbcounter.py:102}}
May 18 18:33:38.824312 np0000174502 neutron-periodic-workers[104811]: DEBUG neutron.db.agents_db [None req-6bddc956-ac5b-4645-9d1b-d4cbf74fd216 None None] Agent healthcheck: found 0 active agents {{(pid=104811) agent_health_check /opt/stack/neutron/neutron/db/agents_db.py:322}}
May 18 18:33:38.824554 np0000174502 neutron-periodic-workers[104811]: DEBUG oslo.service.backend._threading.loopingcall [None req-6bddc956-ac5b-4645-9d1b-d4cbf74fd216 None None] Fixed interval looping call 'neutron.plugins.ml2.plugin.AgentDbMixin.agent_health_check' sleeping for 36.98 seconds {{(pid=104811) _run_loop /opt/stack/data/venv/lib/python3.12/site-packages/oslo_service/backend/_threading/loopingcall.py:125}}
May 18 18:33:48.821065 np0000174502 neutron-periodic-workers[104811]: DEBUG dbcounter [-] [104811] Writing DB stats neutron:SELECT=1 {{(pid=104811) stat_writer /opt/stack/data/venv/lib/python3.12/site-packages/dbcounter.py:115}}
May 18 18:34:11.732006 np0000174502 neutron-periodic-workers[104804]: DEBUG dbcounter [-] [104804] Writer thread running {{(pid=104804) stat_writer /opt/stack/data/venv/lib/python3.12/site-packages/dbcounter.py:102}}
May 18 18:34:11.742931 np0000174502 neutron-periodic-workers[104804]: DEBUG oslo.service.backend._threading.loopingcall [None req-f495aff9-93e9-4f01-a49c-df801586f3e3 None None] Fixed interval looping call 'neutron.plugins.ml2.plugin.DhcpAgentSchedulerDbMixin.remove_networks_from_down_agents' sleeping for 36.97 seconds {{(pid=104804) _run_loop /opt/stack/data/venv/lib/python3.12/site-packages/oslo_service/backend/_threading/loopingcall.py:125}}
May 18 18:34:15.811946 np0000174502 neutron-periodic-workers[104811]: DEBUG neutron.db.agents_db [None req-6bddc956-ac5b-4645-9d1b-d4cbf74fd216 None None] Agent healthcheck: found 0 active agents {{(pid=104811) agent_health_check /opt/stack/neutron/neutron/db/agents_db.py:322}}
May 18 18:34:15.812712 np0000174502 neutron-periodic-workers[104811]: DEBUG oslo.service.backend._threading.loopingcall [None req-6bddc956-ac5b-4645-9d1b-d4cbf74fd216 None None] Fixed interval looping call 'neutron.plugins.ml2.plugin.AgentDbMixin.agent_health_check' sleeping for 36.99 seconds {{(pid=104811) _run_loop /opt/stack/data/venv/lib/python3.12/site-packages/oslo_service/backend/_threading/loopingcall.py:125}}
May 18 18:34:21.741543 np0000174502 neutron-periodic-workers[104804]: DEBUG dbcounter [-] [104804] Writing DB stats neutron:SELECT=3 {{(pid=104804) stat_writer /opt/stack/data/venv/lib/python3.12/site-packages/dbcounter.py:115}}
May 18 18:34:25.810541 np0000174502 neutron-periodic-workers[104811]: DEBUG dbcounter [-] [104811] Writing DB stats neutron:SELECT=1 {{(pid=104811) stat_writer /opt/stack/data/venv/lib/python3.12/site-packages/dbcounter.py:115}}
May 18 18:34:48.725124 np0000174502 neutron-periodic-workers[104804]: DEBUG oslo.service.backend._threading.loopingcall [None req-f495aff9-93e9-4f01-a49c-df801586f3e3 None None] Fixed interval looping call 'neutron.plugins.ml2.plugin.DhcpAgentSchedulerDbMixin.remove_networks_from_down_agents' sleeping for 36.99 seconds {{(pid=104804) _run_loop /opt/stack/data/venv/lib/python3.12/site-packages/oslo_service/backend/_threading/loopingcall.py:125}}
May 18 18:34:52.808015 np0000174502 neutron-periodic-workers[104811]: DEBUG neutron.db.agents_db [None req-6bddc956-ac5b-4645-9d1b-d4cbf74fd216 None None] Agent healthcheck: found 0 active agents {{(pid=104811) agent_health_check /opt/stack/neutron/neutron/db/agents_db.py:322}}
May 18 18:34:52.808701 np0000174502 neutron-periodic-workers[104811]: DEBUG oslo.service.backend._threading.loopingcall [None req-6bddc956-ac5b-4645-9d1b-d4cbf74fd216 None None] Fixed interval looping call 'neutron.plugins.ml2.plugin.AgentDbMixin.agent_health_check' sleeping for 36.99 seconds {{(pid=104811) _run_loop /opt/stack/data/venv/lib/python3.12/site-packages/oslo_service/backend/_threading/loopingcall.py:125}}
May 18 18:34:58.723632 np0000174502 neutron-periodic-workers[104804]: DEBUG dbcounter [-] [104804] Writing DB stats neutron:SELECT=3 {{(pid=104804) stat_writer /opt/stack/data/venv/lib/python3.12/site-packages/dbcounter.py:115}}
May 18 18:35:01.780559 np0000174502 neutron-periodic-workers[104819]: DEBUG dbcounter [-] [104819] Writer thread running {{(pid=104819) stat_writer /opt/stack/data/venv/lib/python3.12/site-packages/dbcounter.py:102}}
May 18 18:35:01.783046 np0000174502 neutron-periodic-workers[104819]: DEBUG oslo.service.backend._threading.loopingcall [None req-b8ac9a9b-94c7-4c61-9624-6c454158b226 None None] Fixed interval looping call 'neutron.db.quota.driver_nolock.DbQuotaNoLockDriver._remove_expired_reservations' sleeping for 119.98 seconds {{(pid=104819) _run_loop /opt/stack/data/venv/lib/python3.12/site-packages/oslo_service/backend/_threading/loopingcall.py:125}}
May 18 18:35:02.806117 np0000174502 neutron-periodic-workers[104811]: DEBUG dbcounter [-] [104811] Writing DB stats neutron:SELECT=1 {{(pid=104811) stat_writer /opt/stack/data/venv/lib/python3.12/site-packages/dbcounter.py:115}}
May 18 18:35:11.782140 np0000174502 neutron-periodic-workers[104819]: DEBUG dbcounter [-] [104819] Writing DB stats neutron:DELETE=1 {{(pid=104819) stat_writer /opt/stack/data/venv/lib/python3.12/site-packages/dbcounter.py:115}}
May 18 18:35:25.724980 np0000174502 neutron-periodic-workers[104804]: DEBUG oslo.service.backend._threading.loopingcall [None req-f495aff9-93e9-4f01-a49c-df801586f3e3 None None] Fixed interval looping call 'neutron.plugins.ml2.plugin.DhcpAgentSchedulerDbMixin.remove_networks_from_down_agents' sleeping for 36.99 seconds {{(pid=104804) _run_loop /opt/stack/data/venv/lib/python3.12/site-packages/oslo_service/backend/_threading/loopingcall.py:125}}
May 18 18:35:29.803119 np0000174502 neutron-periodic-workers[104811]: DEBUG neutron.db.agents_db [None req-6bddc956-ac5b-4645-9d1b-d4cbf74fd216 None None] Agent healthcheck: found 0 active agents {{(pid=104811) agent_health_check /opt/stack/neutron/neutron/db/agents_db.py:322}}
May 18 18:35:29.803687 np0000174502 neutron-periodic-workers[104811]: DEBUG oslo.service.backend._threading.loopingcall [None req-6bddc956-ac5b-4645-9d1b-d4cbf74fd216 None None] Fixed interval looping call 'neutron.plugins.ml2.plugin.AgentDbMixin.agent_health_check' sleeping for 37.00 seconds {{(pid=104811) _run_loop /opt/stack/data/venv/lib/python3.12/site-packages/oslo_service/backend/_threading/loopingcall.py:125}}
May 18 18:35:35.724159 np0000174502 neutron-periodic-workers[104804]: DEBUG dbcounter [-] [104804] Writing DB stats neutron:SELECT=3 {{(pid=104804) stat_writer /opt/stack/data/venv/lib/python3.12/site-packages/dbcounter.py:115}}
May 18 18:35:39.801346 np0000174502 neutron-periodic-workers[104811]: DEBUG dbcounter [-] [104811] Writing DB stats neutron:SELECT=1 {{(pid=104811) stat_writer /opt/stack/data/venv/lib/python3.12/site-packages/dbcounter.py:115}}
May 18 18:36:02.723598 np0000174502 neutron-periodic-workers[104804]: DEBUG oslo.service.backend._threading.loopingcall [None req-f495aff9-93e9-4f01-a49c-df801586f3e3 None None] Fixed interval looping call 'neutron.plugins.ml2.plugin.DhcpAgentSchedulerDbMixin.remove_networks_from_down_agents' sleeping for 36.99 seconds {{(pid=104804) _run_loop /opt/stack/data/venv/lib/python3.12/site-packages/oslo_service/backend/_threading/loopingcall.py:125}}
May 18 18:36:06.808413 np0000174502 neutron-periodic-workers[104811]: DEBUG neutron.db.agents_db [None req-6bddc956-ac5b-4645-9d1b-d4cbf74fd216 None None] Agent healthcheck: found 0 active agents {{(pid=104811) agent_health_check /opt/stack/neutron/neutron/db/agents_db.py:322}}
May 18 18:36:06.809171 np0000174502 neutron-periodic-workers[104811]: DEBUG oslo.service.backend._threading.loopingcall [None req-6bddc956-ac5b-4645-9d1b-d4cbf74fd216 None None] Fixed interval looping call 'neutron.plugins.ml2.plugin.AgentDbMixin.agent_health_check' sleeping for 37.00 seconds {{(pid=104811) _run_loop /opt/stack/data/venv/lib/python3.12/site-packages/oslo_service/backend/_threading/loopingcall.py:125}}
May 18 18:36:12.748267 np0000174502 neutron-periodic-workers[104804]: DEBUG dbcounter [-] [104804] Writing DB stats neutron:SELECT=3 {{(pid=104804) stat_writer /opt/stack/data/venv/lib/python3.12/site-packages/dbcounter.py:115}}
May 18 18:36:16.807036 np0000174502 neutron-periodic-workers[104811]: DEBUG dbcounter [-] [104811] Writing DB stats neutron:SELECT=1 {{(pid=104811) stat_writer /opt/stack/data/venv/lib/python3.12/site-packages/dbcounter.py:115}}
May 18 18:36:39.722601 np0000174502 neutron-periodic-workers[104804]: DEBUG oslo.service.backend._threading.loopingcall [None req-f495aff9-93e9-4f01-a49c-df801586f3e3 None None] Fixed interval looping call 'neutron.plugins.ml2.plugin.DhcpAgentSchedulerDbMixin.remove_networks_from_down_agents' sleeping for 36.99 seconds {{(pid=104804) _run_loop /opt/stack/data/venv/lib/python3.12/site-packages/oslo_service/backend/_threading/loopingcall.py:125}}
May 18 18:36:43.814758 np0000174502 neutron-periodic-workers[104811]: DEBUG neutron.db.agents_db [None req-6bddc956-ac5b-4645-9d1b-d4cbf74fd216 None None] Agent healthcheck: found 0 active agents {{(pid=104811) agent_health_check /opt/stack/neutron/neutron/db/agents_db.py:322}}
May 18 18:36:43.815344 np0000174502 neutron-periodic-workers[104811]: DEBUG oslo.service.backend._threading.loopingcall [None req-6bddc956-ac5b-4645-9d1b-d4cbf74fd216 None None] Fixed interval looping call 'neutron.plugins.ml2.plugin.AgentDbMixin.agent_health_check' sleeping for 36.99 seconds {{(pid=104811) _run_loop /opt/stack/data/venv/lib/python3.12/site-packages/oslo_service/backend/_threading/loopingcall.py:125}}
May 18 18:36:44.810765 np0000174502 neutron-periodic-workers[104830]: DEBUG dbcounter [-] [104830] Writer thread running {{(pid=104830) stat_writer /opt/stack/data/venv/lib/python3.12/site-packages/dbcounter.py:102}}
May 18 18:36:44.824206 np0000174502 neutron-periodic-workers[104830]: DEBUG oslo.service.backend._threading.loopingcall [None req-b9fcd6ed-91f0-48c4-8002-467c64855c20 None None] Fixed interval looping call 'neutron.services.ovn_l3.plugin.L3_NAT_dbonly_mixin._clean_garbage' sleeping for 299.96 seconds {{(pid=104830) _run_loop /opt/stack/data/venv/lib/python3.12/site-packages/oslo_service/backend/_threading/loopingcall.py:125}}
May 18 18:36:49.721706 np0000174502 neutron-periodic-workers[104804]: DEBUG dbcounter [-] [104804] Writing DB stats neutron:SELECT=3 {{(pid=104804) stat_writer /opt/stack/data/venv/lib/python3.12/site-packages/dbcounter.py:115}}
May 18 18:36:53.814455 np0000174502 neutron-periodic-workers[104811]: DEBUG dbcounter [-] [104811] Writing DB stats neutron:SELECT=1 {{(pid=104811) stat_writer /opt/stack/data/venv/lib/python3.12/site-packages/dbcounter.py:115}}
May 18 18:36:54.811480 np0000174502 neutron-periodic-workers[104830]: DEBUG dbcounter [-] [104830] Writing DB stats neutron:SELECT=1 {{(pid=104830) stat_writer /opt/stack/data/venv/lib/python3.12/site-packages/dbcounter.py:115}}
May 18 18:37:01.770463 np0000174502 neutron-periodic-workers[104819]: DEBUG oslo.service.backend._threading.loopingcall [None req-b8ac9a9b-94c7-4c61-9624-6c454158b226 None None] Fixed interval looping call 'neutron.db.quota.driver_nolock.DbQuotaNoLockDriver._remove_expired_reservations' sleeping for 119.99 seconds {{(pid=104819) _run_loop /opt/stack/data/venv/lib/python3.12/site-packages/oslo_service/backend/_threading/loopingcall.py:125}}
May 18 18:37:11.768781 np0000174502 neutron-periodic-workers[104819]: DEBUG dbcounter [-] [104819] Writing DB stats neutron:DELETE=1 {{(pid=104819) stat_writer /opt/stack/data/venv/lib/python3.12/site-packages/dbcounter.py:115}}
May 18 18:37:16.722521 np0000174502 neutron-periodic-workers[104804]: DEBUG oslo.service.backend._threading.loopingcall [None req-f495aff9-93e9-4f01-a49c-df801586f3e3 None None] Fixed interval looping call 'neutron.plugins.ml2.plugin.DhcpAgentSchedulerDbMixin.remove_networks_from_down_agents' sleeping for 36.99 seconds {{(pid=104804) _run_loop /opt/stack/data/venv/lib/python3.12/site-packages/oslo_service/backend/_threading/loopingcall.py:125}}
May 18 18:37:20.810724 np0000174502 neutron-periodic-workers[104811]: DEBUG neutron.db.agents_db [None req-6bddc956-ac5b-4645-9d1b-d4cbf74fd216 None None] Agent healthcheck: found 0 active agents {{(pid=104811) agent_health_check /opt/stack/neutron/neutron/db/agents_db.py:322}}
May 18 18:37:20.811424 np0000174502 neutron-periodic-workers[104811]: DEBUG oslo.service.backend._threading.loopingcall [None req-6bddc956-ac5b-4645-9d1b-d4cbf74fd216 None None] Fixed interval looping call 'neutron.plugins.ml2.plugin.AgentDbMixin.agent_health_check' sleeping for 36.99 seconds {{(pid=104811) _run_loop /opt/stack/data/venv/lib/python3.12/site-packages/oslo_service/backend/_threading/loopingcall.py:125}}
May 18 18:37:26.721808 np0000174502 neutron-periodic-workers[104804]: DEBUG dbcounter [-] [104804] Writing DB stats neutron:SELECT=3 {{(pid=104804) stat_writer /opt/stack/data/venv/lib/python3.12/site-packages/dbcounter.py:115}}
May 18 18:37:30.809044 np0000174502 neutron-periodic-workers[104811]: DEBUG dbcounter [-] [104811] Writing DB stats neutron:SELECT=1 {{(pid=104811) stat_writer /opt/stack/data/venv/lib/python3.12/site-packages/dbcounter.py:115}}
May 18 18:37:53.720858 np0000174502 neutron-periodic-workers[104804]: DEBUG oslo.service.backend._threading.loopingcall [None req-f495aff9-93e9-4f01-a49c-df801586f3e3 None None] Fixed interval looping call 'neutron.plugins.ml2.plugin.DhcpAgentSchedulerDbMixin.remove_networks_from_down_agents' sleeping for 36.99 seconds {{(pid=104804) _run_loop /opt/stack/data/venv/lib/python3.12/site-packages/oslo_service/backend/_threading/loopingcall.py:125}}
May 18 18:37:57.809490 np0000174502 neutron-periodic-workers[104811]: DEBUG neutron.db.agents_db [None req-6bddc956-ac5b-4645-9d1b-d4cbf74fd216 None None] Agent healthcheck: found 0 active agents {{(pid=104811) agent_health_check /opt/stack/neutron/neutron/db/agents_db.py:322}}
May 18 18:37:57.810170 np0000174502 neutron-periodic-workers[104811]: DEBUG oslo.service.backend._threading.loopingcall [None req-6bddc956-ac5b-4645-9d1b-d4cbf74fd216 None None] Fixed interval looping call 'neutron.plugins.ml2.plugin.AgentDbMixin.agent_health_check' sleeping for 36.99 seconds {{(pid=104811) _run_loop /opt/stack/data/venv/lib/python3.12/site-packages/oslo_service/backend/_threading/loopingcall.py:125}}
May 18 18:38:03.720031 np0000174502 neutron-periodic-workers[104804]: DEBUG dbcounter [-] [104804] Writing DB stats neutron:SELECT=3 {{(pid=104804) stat_writer /opt/stack/data/venv/lib/python3.12/site-packages/dbcounter.py:115}}
May 18 18:38:07.807640 np0000174502 neutron-periodic-workers[104811]: DEBUG dbcounter [-] [104811] Writing DB stats neutron:SELECT=1 {{(pid=104811) stat_writer /opt/stack/data/venv/lib/python3.12/site-packages/dbcounter.py:115}}
May 18 18:38:30.722160 np0000174502 neutron-periodic-workers[104804]: DEBUG oslo.service.backend._threading.loopingcall [None req-f495aff9-93e9-4f01-a49c-df801586f3e3 None None] Fixed interval looping call 'neutron.plugins.ml2.plugin.DhcpAgentSchedulerDbMixin.remove_networks_from_down_agents' sleeping for 36.99 seconds {{(pid=104804) _run_loop /opt/stack/data/venv/lib/python3.12/site-packages/oslo_service/backend/_threading/loopingcall.py:125}}
May 18 18:38:34.803975 np0000174502 neutron-periodic-workers[104811]: DEBUG neutron.db.agents_db [None req-6bddc956-ac5b-4645-9d1b-d4cbf74fd216 None None] Agent healthcheck: found 0 active agents {{(pid=104811) agent_health_check /opt/stack/neutron/neutron/db/agents_db.py:322}}
May 18 18:38:34.804666 np0000174502 neutron-periodic-workers[104811]: DEBUG oslo.service.backend._threading.loopingcall [None req-6bddc956-ac5b-4645-9d1b-d4cbf74fd216 None None] Fixed interval looping call 'neutron.plugins.ml2.plugin.AgentDbMixin.agent_health_check' sleeping for 37.00 seconds {{(pid=104811) _run_loop /opt/stack/data/venv/lib/python3.12/site-packages/oslo_service/backend/_threading/loopingcall.py:125}}
May 18 18:38:40.720829 np0000174502 neutron-periodic-workers[104804]: DEBUG dbcounter [-] [104804] Writing DB stats neutron:SELECT=3 {{(pid=104804) stat_writer /opt/stack/data/venv/lib/python3.12/site-packages/dbcounter.py:115}}
May 18 18:38:44.803913 np0000174502 neutron-periodic-workers[104811]: DEBUG dbcounter [-] [104811] Writing DB stats neutron:SELECT=1 {{(pid=104811) stat_writer /opt/stack/data/venv/lib/python3.12/site-packages/dbcounter.py:115}}
May 18 18:39:01.765357 np0000174502 neutron-periodic-workers[104819]: DEBUG oslo.service.backend._threading.loopingcall [None req-b8ac9a9b-94c7-4c61-9624-6c454158b226 None None] Fixed interval looping call 'neutron.db.quota.driver_nolock.DbQuotaNoLockDriver._remove_expired_reservations' sleeping for 120.00 seconds {{(pid=104819) _run_loop /opt/stack/data/venv/lib/python3.12/site-packages/oslo_service/backend/_threading/loopingcall.py:125}}
May 18 18:39:07.722665 np0000174502 neutron-periodic-workers[104804]: DEBUG oslo.service.backend._threading.loopingcall [None req-f495aff9-93e9-4f01-a49c-df801586f3e3 None None] Fixed interval looping call 'neutron.plugins.ml2.plugin.DhcpAgentSchedulerDbMixin.remove_networks_from_down_agents' sleeping for 36.99 seconds {{(pid=104804) _run_loop /opt/stack/data/venv/lib/python3.12/site-packages/oslo_service/backend/_threading/loopingcall.py:125}}
May 18 18:39:11.764329 np0000174502 neutron-periodic-workers[104819]: DEBUG dbcounter [-] [104819] Writing DB stats neutron:DELETE=1 {{(pid=104819) stat_writer /opt/stack/data/venv/lib/python3.12/site-packages/dbcounter.py:115}}
May 18 18:39:11.809767 np0000174502 neutron-periodic-workers[104811]: DEBUG neutron.db.agents_db [None req-6bddc956-ac5b-4645-9d1b-d4cbf74fd216 None None] Agent healthcheck: found 0 active agents {{(pid=104811) agent_health_check /opt/stack/neutron/neutron/db/agents_db.py:322}}
May 18 18:39:11.810469 np0000174502 neutron-periodic-workers[104811]: DEBUG oslo.service.backend._threading.loopingcall [None req-6bddc956-ac5b-4645-9d1b-d4cbf74fd216 None None] Fixed interval looping call 'neutron.plugins.ml2.plugin.AgentDbMixin.agent_health_check' sleeping for 36.99 seconds {{(pid=104811) _run_loop /opt/stack/data/venv/lib/python3.12/site-packages/oslo_service/backend/_threading/loopingcall.py:125}}
May 18 18:39:17.721353 np0000174502 neutron-periodic-workers[104804]: DEBUG dbcounter [-] [104804] Writing DB stats neutron:SELECT=3 {{(pid=104804) stat_writer /opt/stack/data/venv/lib/python3.12/site-packages/dbcounter.py:115}}
May 18 18:39:21.807905 np0000174502 neutron-periodic-workers[104811]: DEBUG dbcounter [-] [104811] Writing DB stats neutron:SELECT=1 {{(pid=104811) stat_writer /opt/stack/data/venv/lib/python3.12/site-packages/dbcounter.py:115}}
May 18 18:39:44.726241 np0000174502 neutron-periodic-workers[104804]: DEBUG oslo.service.backend._threading.loopingcall [None req-f495aff9-93e9-4f01-a49c-df801586f3e3 None None] Fixed interval looping call 'neutron.plugins.ml2.plugin.DhcpAgentSchedulerDbMixin.remove_networks_from_down_agents' sleeping for 36.99 seconds {{(pid=104804) _run_loop /opt/stack/data/venv/lib/python3.12/site-packages/oslo_service/backend/_threading/loopingcall.py:125}}
May 18 18:39:48.806873 np0000174502 neutron-periodic-workers[104811]: DEBUG neutron.db.agents_db [None req-6bddc956-ac5b-4645-9d1b-d4cbf74fd216 None None] Agent healthcheck: found 0 active agents {{(pid=104811) agent_health_check /opt/stack/neutron/neutron/db/agents_db.py:322}}
May 18 18:39:48.807337 np0000174502 neutron-periodic-workers[104811]: DEBUG oslo.service.backend._threading.loopingcall [None req-6bddc956-ac5b-4645-9d1b-d4cbf74fd216 None None] Fixed interval looping call 'neutron.plugins.ml2.plugin.AgentDbMixin.agent_health_check' sleeping for 36.99 seconds {{(pid=104811) _run_loop /opt/stack/data/venv/lib/python3.12/site-packages/oslo_service/backend/_threading/loopingcall.py:125}}
May 18 18:39:54.724421 np0000174502 neutron-periodic-workers[104804]: DEBUG dbcounter [-] [104804] Writing DB stats neutron:SELECT=3 {{(pid=104804) stat_writer /opt/stack/data/venv/lib/python3.12/site-packages/dbcounter.py:115}}
May 18 18:39:58.805187 np0000174502 neutron-periodic-workers[104811]: DEBUG dbcounter [-] [104811] Writing DB stats neutron:SELECT=1 {{(pid=104811) stat_writer /opt/stack/data/venv/lib/python3.12/site-packages/dbcounter.py:115}}
May 18 18:40:21.727522 np0000174502 neutron-periodic-workers[104804]: DEBUG oslo.service.backend._threading.loopingcall [None req-f495aff9-93e9-4f01-a49c-df801586f3e3 None None] Fixed interval looping call 'neutron.plugins.ml2.plugin.DhcpAgentSchedulerDbMixin.remove_networks_from_down_agents' sleeping for 36.99 seconds {{(pid=104804) _run_loop /opt/stack/data/venv/lib/python3.12/site-packages/oslo_service/backend/_threading/loopingcall.py:125}}
May 18 18:40:25.802316 np0000174502 neutron-periodic-workers[104811]: DEBUG neutron.db.agents_db [None req-6bddc956-ac5b-4645-9d1b-d4cbf74fd216 None None] Agent healthcheck: found 0 active agents {{(pid=104811) agent_health_check /opt/stack/neutron/neutron/db/agents_db.py:322}}
May 18 18:40:25.802935 np0000174502 neutron-periodic-workers[104811]: DEBUG oslo.service.backend._threading.loopingcall [None req-6bddc956-ac5b-4645-9d1b-d4cbf74fd216 None None] Fixed interval looping call 'neutron.plugins.ml2.plugin.AgentDbMixin.agent_health_check' sleeping for 36.99 seconds {{(pid=104811) _run_loop /opt/stack/data/venv/lib/python3.12/site-packages/oslo_service/backend/_threading/loopingcall.py:125}}
May 18 18:40:31.726421 np0000174502 neutron-periodic-workers[104804]: DEBUG dbcounter [-] [104804] Writing DB stats neutron:SELECT=3 {{(pid=104804) stat_writer /opt/stack/data/venv/lib/python3.12/site-packages/dbcounter.py:115}}
May 18 18:40:35.801589 np0000174502 neutron-periodic-workers[104811]: DEBUG dbcounter [-] [104811] Writing DB stats neutron:SELECT=1 {{(pid=104811) stat_writer /opt/stack/data/venv/lib/python3.12/site-packages/dbcounter.py:115}}
May 18 18:40:58.732781 np0000174502 neutron-periodic-workers[104804]: DEBUG oslo.service.backend._threading.loopingcall [None req-f495aff9-93e9-4f01-a49c-df801586f3e3 None None] Fixed interval looping call 'neutron.plugins.ml2.plugin.DhcpAgentSchedulerDbMixin.remove_networks_from_down_agents' sleeping for 36.99 seconds {{(pid=104804) _run_loop /opt/stack/data/venv/lib/python3.12/site-packages/oslo_service/backend/_threading/loopingcall.py:125}}
May 18 18:41:01.770389 np0000174502 neutron-periodic-workers[104819]: DEBUG oslo.service.backend._threading.loopingcall [None req-b8ac9a9b-94c7-4c61-9624-6c454158b226 None None] Fixed interval looping call 'neutron.db.quota.driver_nolock.DbQuotaNoLockDriver._remove_expired_reservations' sleeping for 120.00 seconds {{(pid=104819) _run_loop /opt/stack/data/venv/lib/python3.12/site-packages/oslo_service/backend/_threading/loopingcall.py:125}}
May 18 18:41:02.798280 np0000174502 neutron-periodic-workers[104811]: DEBUG neutron.db.agents_db [None req-6bddc956-ac5b-4645-9d1b-d4cbf74fd216 None None] Agent healthcheck: found 0 active agents {{(pid=104811) agent_health_check /opt/stack/neutron/neutron/db/agents_db.py:322}}
May 18 18:41:02.798807 np0000174502 neutron-periodic-workers[104811]: DEBUG oslo.service.backend._threading.loopingcall [None req-6bddc956-ac5b-4645-9d1b-d4cbf74fd216 None None] Fixed interval looping call 'neutron.plugins.ml2.plugin.AgentDbMixin.agent_health_check' sleeping for 36.99 seconds {{(pid=104811) _run_loop /opt/stack/data/venv/lib/python3.12/site-packages/oslo_service/backend/_threading/loopingcall.py:125}}
May 18 18:41:08.731109 np0000174502 neutron-periodic-workers[104804]: DEBUG dbcounter [-] [104804] Writing DB stats neutron:SELECT=3 {{(pid=104804) stat_writer /opt/stack/data/venv/lib/python3.12/site-packages/dbcounter.py:115}}
May 18 18:41:11.769472 np0000174502 neutron-periodic-workers[104819]: DEBUG dbcounter [-] [104819] Writing DB stats neutron:DELETE=1 {{(pid=104819) stat_writer /opt/stack/data/venv/lib/python3.12/site-packages/dbcounter.py:115}}
May 18 18:41:12.797163 np0000174502 neutron-periodic-workers[104811]: DEBUG dbcounter [-] [104811] Writing DB stats neutron:SELECT=1 {{(pid=104811) stat_writer /opt/stack/data/venv/lib/python3.12/site-packages/dbcounter.py:115}}
May 18 18:41:35.731374 np0000174502 neutron-periodic-workers[104804]: DEBUG oslo.service.backend._threading.loopingcall [None req-f495aff9-93e9-4f01-a49c-df801586f3e3 None None] Fixed interval looping call 'neutron.plugins.ml2.plugin.DhcpAgentSchedulerDbMixin.remove_networks_from_down_agents' sleeping for 36.99 seconds {{(pid=104804) _run_loop /opt/stack/data/venv/lib/python3.12/site-packages/oslo_service/backend/_threading/loopingcall.py:125}}
May 18 18:41:39.795658 np0000174502 neutron-periodic-workers[104811]: DEBUG neutron.db.agents_db [None req-6bddc956-ac5b-4645-9d1b-d4cbf74fd216 None None] Agent healthcheck: found 0 active agents {{(pid=104811) agent_health_check /opt/stack/neutron/neutron/db/agents_db.py:322}}
May 18 18:41:39.796009 np0000174502 neutron-periodic-workers[104811]: DEBUG oslo.service.backend._threading.loopingcall [None req-6bddc956-ac5b-4645-9d1b-d4cbf74fd216 None None] Fixed interval looping call 'neutron.plugins.ml2.plugin.AgentDbMixin.agent_health_check' sleeping for 36.99 seconds {{(pid=104811) _run_loop /opt/stack/data/venv/lib/python3.12/site-packages/oslo_service/backend/_threading/loopingcall.py:125}}
May 18 18:41:44.797620 np0000174502 neutron-periodic-workers[104830]: DEBUG oslo.service.backend._threading.loopingcall [None req-b9fcd6ed-91f0-48c4-8002-467c64855c20 None None] Fixed interval looping call 'neutron.services.ovn_l3.plugin.L3_NAT_dbonly_mixin._clean_garbage' sleeping for 299.99 seconds {{(pid=104830) _run_loop /opt/stack/data/venv/lib/python3.12/site-packages/oslo_service/backend/_threading/loopingcall.py:125}}
May 18 18:41:45.730704 np0000174502 neutron-periodic-workers[104804]: DEBUG dbcounter [-] [104804] Writing DB stats neutron:SELECT=3 {{(pid=104804) stat_writer /opt/stack/data/venv/lib/python3.12/site-packages/dbcounter.py:115}}
May 18 18:41:49.794308 np0000174502 neutron-periodic-workers[104811]: DEBUG dbcounter [-] [104811] Writing DB stats neutron:SELECT=1 {{(pid=104811) stat_writer /opt/stack/data/venv/lib/python3.12/site-packages/dbcounter.py:115}}
May 18 18:41:54.790118 np0000174502 neutron-periodic-workers[104830]: DEBUG dbcounter [-] [104830] Writing DB stats neutron:SELECT=1 {{(pid=104830) stat_writer /opt/stack/data/venv/lib/python3.12/site-packages/dbcounter.py:115}}
May 18 18:42:12.728812 np0000174502 neutron-periodic-workers[104804]: DEBUG oslo.service.backend._threading.loopingcall [None req-f495aff9-93e9-4f01-a49c-df801586f3e3 None None] Fixed interval looping call 'neutron.plugins.ml2.plugin.DhcpAgentSchedulerDbMixin.remove_networks_from_down_agents' sleeping for 36.99 seconds {{(pid=104804) _run_loop /opt/stack/data/venv/lib/python3.12/site-packages/oslo_service/backend/_threading/loopingcall.py:125}}
May 18 18:42:16.791123 np0000174502 neutron-periodic-workers[104811]: DEBUG neutron.db.agents_db [None req-6bddc956-ac5b-4645-9d1b-d4cbf74fd216 None None] Agent healthcheck: found 0 active agents {{(pid=104811) agent_health_check /opt/stack/neutron/neutron/db/agents_db.py:322}}
May 18 18:42:16.792056 np0000174502 neutron-periodic-workers[104811]: DEBUG oslo.service.backend._threading.loopingcall [None req-6bddc956-ac5b-4645-9d1b-d4cbf74fd216 None None] Fixed interval looping call 'neutron.plugins.ml2.plugin.AgentDbMixin.agent_health_check' sleeping for 36.99 seconds {{(pid=104811) _run_loop /opt/stack/data/venv/lib/python3.12/site-packages/oslo_service/backend/_threading/loopingcall.py:125}}
May 18 18:42:22.744452 np0000174502 neutron-periodic-workers[104804]: DEBUG dbcounter [-] [104804] Writing DB stats neutron:SELECT=3 {{(pid=104804) stat_writer /opt/stack/data/venv/lib/python3.12/site-packages/dbcounter.py:115}}
May 18 18:42:26.790586 np0000174502 neutron-periodic-workers[104811]: DEBUG dbcounter [-] [104811] Writing DB stats neutron:SELECT=1 {{(pid=104811) stat_writer /opt/stack/data/venv/lib/python3.12/site-packages/dbcounter.py:115}}