Jul 24 00:52:19.507033 np0000186465 devstack@n-api.service[98445]: DEBUG nova.api.openstack.wsgi [None req-62c1bd67-9e3b-4a75-bfb6-9e054ff3345a demo demo] Calling method '>' {{(pid=98445) _process_stack /opt/stack/nova/nova/api/openstack/wsgi.py:551}}
Jul 24 00:52:19.533949 np0000186465 devstack@n-api.service[98445]: INFO nova.api.openstack.requestlog [None req-62c1bd67-9e3b-4a75-bfb6-9e054ff3345a demo demo] 199.204.45.216 "GET /compute/v2.1/flavors/detail?is_public=None" status: 200 len: 5262 microversion: 2.61 time: 0.030149
Jul 24 00:52:19.534252 np0000186465 devstack@n-api.service[98445]: [pid: 98445|app: 0|req: 16/64] 199.204.45.216 () {68 vars in 1424 bytes} [Fri Jul 24 00:52:19 2026] GET /compute/v2.1/flavors/detail?is_public=None => generated 5262 bytes in 31 msecs (HTTP/1.1 200) 9 headers in 360 bytes (1 switches on core 0)
Jul 24 00:52:19.814179 np0000186465 devstack@n-api.service[98447]: DEBUG nova.api.openstack.wsgi [None req-c76b2002-0236-4513-a2cc-f45ebc8d9227 admin admin] Calling method '>' {{(pid=98447) _process_stack /opt/stack/nova/nova/api/openstack/wsgi.py:551}}
Jul 24 00:52:19.816791 np0000186465 devstack@n-api.service[98447]: INFO nova.api.openstack.requestlog [None req-c76b2002-0236-4513-a2cc-f45ebc8d9227 admin admin] 199.204.45.216 "GET /compute/v2.1" status: 200 len: 393 microversion: 2.1 time: 0.002878
Jul 24 00:52:19.816952 np0000186465 devstack@n-api.service[98447]: [pid: 98447|app: 0|req: 16/65] 199.204.45.216 () {62 vars in 1063 bytes} [Fri Jul 24 00:52:19 2026] GET /compute/v2.1 => generated 393 bytes in 3 msecs (HTTP/1.1 200) 9 headers in 357 bytes (1 switches on core 0)
Jul 24 00:52:19.853218 np0000186465 devstack@n-api.service[98448]: DEBUG nova.api.openstack.wsgi [None req-9e590b49-e6c6-4981-9d05-f9785c43043f admin admin] Calling method '>' {{(pid=98448) _process_stack /opt/stack/nova/nova/api/openstack/wsgi.py:551}}
Jul 24 00:52:19.858878 np0000186465 devstack@n-api.service[98448]: INFO nova.api.openstack.requestlog [None req-9e590b49-e6c6-4981-9d05-f9785c43043f admin admin] 199.204.45.216 "GET /compute/v2.1/" status: 200 len: 393 microversion: 2.1 time: 0.006160
Jul 24 00:52:19.859284 np0000186465 devstack@n-api.service[98448]: [pid: 98448|app: 0|req: 18/66] 199.204.45.216 () {62 vars in 1066 bytes} [Fri Jul 24 00:52:19 2026] GET /compute/v2.1/ => generated 393 bytes in 7 msecs (HTTP/1.1 200) 9 headers in 357 bytes (1 switches on core 0)
Jul 24 00:52:19.899359 np0000186465 devstack@n-api.service[98446]: DEBUG nova.api.openstack.wsgi [None req-16387b7d-610d-4357-81fc-49d20a0697bb demo demo] Calling method '>' {{(pid=98446) _process_stack /opt/stack/nova/nova/api/openstack/wsgi.py:551}}
Jul 24 00:52:19.919074 np0000186465 devstack@n-api.service[98446]: INFO nova.api.openstack.requestlog [None req-16387b7d-610d-4357-81fc-49d20a0697bb demo demo] 199.204.45.216 "GET /compute/v2.1/flavors/detail?is_public=None" status: 200 len: 5262 microversion: 2.61 time: 0.023314
Jul 24 00:52:19.919343 np0000186465 devstack@n-api.service[98446]: [pid: 98446|app: 0|req: 17/67] 199.204.45.216 () {68 vars in 1424 bytes} [Fri Jul 24 00:52:19 2026] GET /compute/v2.1/flavors/detail?is_public=None => generated 5262 bytes in 24 msecs (HTTP/1.1 200) 9 headers in 360 bytes (1 switches on core 0)
Jul 24 00:52:19.969738 np0000186465 devstack@n-api.service[98445]: DEBUG nova.api.openstack.wsgi [None req-0ae9acb3-4f9d-41d6-97ec-f6bea0cbc693 demo demo] Calling method '>' {{(pid=98445) _process_stack /opt/stack/nova/nova/api/openstack/wsgi.py:551}}
Jul 24 00:52:19.993293 np0000186465 devstack@n-api.service[98445]: INFO nova.api.openstack.requestlog [None req-0ae9acb3-4f9d-41d6-97ec-f6bea0cbc693 demo demo] 199.204.45.216 "GET /compute/v2.1/flavors/detail?is_public=None" status: 200 len: 5262 microversion: 2.61 time: 0.026754
Jul 24 00:52:19.993549 np0000186465 devstack@n-api.service[98445]: [pid: 98445|app: 0|req: 17/68] 199.204.45.216 () {68 vars in 1424 bytes} [Fri Jul 24 00:52:19 2026] GET /compute/v2.1/flavors/detail?is_public=None => generated 5262 bytes in 27 msecs (HTTP/1.1 200) 9 headers in 360 bytes (1 switches on core 0)
Jul 24 00:52:23.849748 np0000186465 devstack@n-api.service[98447]: DEBUG nova.api.openstack.wsgi [None req-c76b2002-0236-4513-a2cc-f45ebc8d9227 admin admin] Calling method '>' {{(pid=98447) _process_stack /opt/stack/nova/nova/api/openstack/wsgi.py:551}}
Jul 24 00:52:23.853750 np0000186465 devstack@n-api.service[98447]: INFO nova.api.openstack.requestlog [None req-c76b2002-0236-4513-a2cc-f45ebc8d9227 admin admin] 199.204.45.216 "GET /compute/v2.1" status: 200 len: 393 microversion: 2.1 time: 0.004287
Jul 24 00:52:23.854003 np0000186465 devstack@n-api.service[98447]: [pid: 98447|app: 0|req: 17/69] 199.204.45.216 () {62 vars in 1063 bytes} [Fri Jul 24 00:52:23 2026] GET /compute/v2.1 => generated 393 bytes in 5 msecs (HTTP/1.1 200) 9 headers in 357 bytes (1 switches on core 0)
Jul 24 00:52:23.893198 np0000186465 devstack@n-api.service[98448]: DEBUG nova.api.openstack.wsgi [None req-9e590b49-e6c6-4981-9d05-f9785c43043f admin admin] Calling method '>' {{(pid=98448) _process_stack /opt/stack/nova/nova/api/openstack/wsgi.py:551}}
Jul 24 00:52:23.899102 np0000186465 devstack@n-api.service[98448]: INFO nova.api.openstack.requestlog [None req-9e590b49-e6c6-4981-9d05-f9785c43043f admin admin] 199.204.45.216 "GET /compute/v2.1/" status: 200 len: 393 microversion: 2.1 time: 0.006272
Jul 24 00:52:23.899484 np0000186465 devstack@n-api.service[98448]: [pid: 98448|app: 0|req: 19/70] 199.204.45.216 () {62 vars in 1066 bytes} [Fri Jul 24 00:52:23 2026] GET /compute/v2.1/ => generated 393 bytes in 7 msecs (HTTP/1.1 200) 9 headers in 357 bytes (1 switches on core 0)
Jul 24 00:52:23.944078 np0000186465 devstack@n-api.service[98446]: DEBUG nova.api.openstack.wsgi [None req-e8a18de7-07c1-49d4-bf3d-b4bfd96bd3e5 demo demo] Calling method '>' {{(pid=98446) _process_stack /opt/stack/nova/nova/api/openstack/wsgi.py:551}}
Jul 24 00:52:23.964661 np0000186465 devstack@n-api.service[98446]: INFO nova.api.openstack.requestlog [None req-e8a18de7-07c1-49d4-bf3d-b4bfd96bd3e5 demo demo] 199.204.45.216 "GET /compute/v2.1/flavors/detail?is_public=None" status: 200 len: 5262 microversion: 2.61 time: 0.023775
Jul 24 00:52:23.964931 np0000186465 devstack@n-api.service[98446]: [pid: 98446|app: 0|req: 18/71] 199.204.45.216 () {68 vars in 1424 bytes} [Fri Jul 24 00:52:23 2026] GET /compute/v2.1/flavors/detail?is_public=None => generated 5262 bytes in 25 msecs (HTTP/1.1 200) 9 headers in 360 bytes (1 switches on core 0)
Jul 24 00:52:24.022794 np0000186465 devstack@n-api.service[98445]: DEBUG nova.api.openstack.wsgi [None req-2553362b-1fd1-4f1d-8275-d18d1d3e6486 demo demo] Calling method '>' {{(pid=98445) _process_stack /opt/stack/nova/nova/api/openstack/wsgi.py:551}}
Jul 24 00:52:24.045489 np0000186465 devstack@n-api.service[98445]: INFO nova.api.openstack.requestlog [None req-2553362b-1fd1-4f1d-8275-d18d1d3e6486 demo demo] 199.204.45.216 "GET /compute/v2.1/flavors/detail?is_public=None" status: 200 len: 5262 microversion: 2.61 time: 0.026151
Jul 24 00:52:24.045813 np0000186465 devstack@n-api.service[98445]: [pid: 98445|app: 0|req: 18/72] 199.204.45.216 () {68 vars in 1424 bytes} [Fri Jul 24 00:52:24 2026] GET /compute/v2.1/flavors/detail?is_public=None => generated 5262 bytes in 27 msecs (HTTP/1.1 200) 9 headers in 360 bytes (1 switches on core 0)
Jul 24 00:52:24.182735 np0000186465 devstack@n-api.service[98447]: DEBUG nova.api.openstack.wsgi [None req-c76b2002-0236-4513-a2cc-f45ebc8d9227 admin admin] Calling method '>' {{(pid=98447) _process_stack /opt/stack/nova/nova/api/openstack/wsgi.py:551}}
Jul 24 00:52:24.188206 np0000186465 devstack@n-api.service[98447]: INFO nova.api.openstack.requestlog [None req-c76b2002-0236-4513-a2cc-f45ebc8d9227 admin admin] 199.204.45.216 "GET /compute/v2.1" status: 200 len: 393 microversion: 2.1 time: 0.005991
Jul 24 00:52:24.188437 np0000186465 devstack@n-api.service[98447]: [pid: 98447|app: 0|req: 18/73] 199.204.45.216 () {62 vars in 1063 bytes} [Fri Jul 24 00:52:24 2026] GET /compute/v2.1 => generated 393 bytes in 6 msecs (HTTP/1.1 200) 9 headers in 357 bytes (1 switches on core 0)
Jul 24 00:52:24.222687 np0000186465 devstack@n-api.service[98448]: DEBUG nova.api.openstack.wsgi [None req-9e590b49-e6c6-4981-9d05-f9785c43043f admin admin] Calling method '>' {{(pid=98448) _process_stack /opt/stack/nova/nova/api/openstack/wsgi.py:551}}
Jul 24 00:52:24.226686 np0000186465 devstack@n-api.service[98448]: INFO nova.api.openstack.requestlog [None req-9e590b49-e6c6-4981-9d05-f9785c43043f admin admin] 199.204.45.216 "GET /compute/v2.1/" status: 200 len: 393 microversion: 2.1 time: 0.004633
Jul 24 00:52:24.226918 np0000186465 devstack@n-api.service[98448]: [pid: 98448|app: 0|req: 20/74] 199.204.45.216 () {62 vars in 1066 bytes} [Fri Jul 24 00:52:24 2026] GET /compute/v2.1/ => generated 393 bytes in 5 msecs (HTTP/1.1 200) 9 headers in 357 bytes (1 switches on core 0)
Jul 24 00:52:24.264907 np0000186465 devstack@n-api.service[98446]: DEBUG nova.api.openstack.wsgi [None req-b13614e1-92b6-41e4-9ddb-28335eb7967d demo demo] Calling method '>' {{(pid=98446) _process_stack /opt/stack/nova/nova/api/openstack/wsgi.py:551}}
Jul 24 00:52:24.288688 np0000186465 devstack@n-api.service[98446]: INFO nova.api.openstack.requestlog [None req-b13614e1-92b6-41e4-9ddb-28335eb7967d demo demo] 199.204.45.216 "GET /compute/v2.1/flavors/detail?is_public=None" status: 200 len: 5262 microversion: 2.61 time: 0.027139
Jul 24 00:52:24.288893 np0000186465 devstack@n-api.service[98446]: [pid: 98446|app: 0|req: 19/75] 199.204.45.216 () {68 vars in 1424 bytes} [Fri Jul 24 00:52:24 2026] GET /compute/v2.1/flavors/detail?is_public=None => generated 5262 bytes in 28 msecs (HTTP/1.1 200) 9 headers in 360 bytes (1 switches on core 0)
Jul 24 00:52:24.343761 np0000186465 devstack@n-api.service[98445]: DEBUG nova.api.openstack.wsgi [None req-2446b394-f766-4726-86d2-b50f550f3c05 demo demo] Calling method '>' {{(pid=98445) _process_stack /opt/stack/nova/nova/api/openstack/wsgi.py:551}}
Jul 24 00:52:24.368208 np0000186465 devstack@n-api.service[98445]: INFO nova.api.openstack.requestlog [None req-2446b394-f766-4726-86d2-b50f550f3c05 demo demo] 199.204.45.216 "GET /compute/v2.1/flavors/detail?is_public=None" status: 200 len: 5262 microversion: 2.61 time: 0.027505
Jul 24 00:52:24.368586 np0000186465 devstack@n-api.service[98445]: [pid: 98445|app: 0|req: 19/76] 199.204.45.216 () {68 vars in 1424 bytes} [Fri Jul 24 00:52:24 2026] GET /compute/v2.1/flavors/detail?is_public=None => generated 5262 bytes in 28 msecs (HTTP/1.1 200) 9 headers in 360 bytes (1 switches on core 0)
Jul 24 00:52:28.107036 np0000186465 devstack@n-api.service[98447]: DEBUG nova.api.openstack.wsgi [None req-c76b2002-0236-4513-a2cc-f45ebc8d9227 admin admin] Calling method '>' {{(pid=98447) _process_stack /opt/stack/nova/nova/api/openstack/wsgi.py:551}}
Jul 24 00:52:28.110369 np0000186465 devstack@n-api.service[98447]: INFO nova.api.openstack.requestlog [None req-c76b2002-0236-4513-a2cc-f45ebc8d9227 admin admin] 199.204.45.216 "GET /compute/v2.1" status: 200 len: 393 microversion: 2.1 time: 0.003663
Jul 24 00:52:28.110634 np0000186465 devstack@n-api.service[98447]: [pid: 98447|app: 0|req: 19/77] 199.204.45.216 () {62 vars in 1074 bytes} [Fri Jul 24 00:52:28 2026] GET /compute/v2.1 => generated 393 bytes in 4 msecs (HTTP/1.1 200) 9 headers in 357 bytes (1 switches on core 0)
Jul 24 00:52:28.146407 np0000186465 devstack@n-api.service[98448]: DEBUG nova.api.openstack.wsgi [None req-9e590b49-e6c6-4981-9d05-f9785c43043f admin admin] Calling method '>' {{(pid=98448) _process_stack /opt/stack/nova/nova/api/openstack/wsgi.py:551}}
Jul 24 00:52:28.150084 np0000186465 devstack@n-api.service[98448]: INFO nova.api.openstack.requestlog [None req-9e590b49-e6c6-4981-9d05-f9785c43043f admin admin] 199.204.45.216 "GET /compute/v2.1/" status: 200 len: 393 microversion: 2.1 time: 0.004253
Jul 24 00:52:28.150362 np0000186465 devstack@n-api.service[98448]: [pid: 98448|app: 0|req: 21/78] 199.204.45.216 () {62 vars in 1077 bytes} [Fri Jul 24 00:52:28 2026] GET /compute/v2.1/ => generated 393 bytes in 5 msecs (HTTP/1.1 200) 9 headers in 357 bytes (1 switches on core 0)
Jul 24 00:52:28.184496 np0000186465 devstack@n-api.service[98446]: DEBUG nova.api.openstack.wsgi [None req-db8df829-71c9-4318-a4b1-6e87fc191a55 demo demo] Calling method '>' {{(pid=98446) _process_stack /opt/stack/nova/nova/api/openstack/wsgi.py:551}}
Jul 24 00:52:28.210061 np0000186465 devstack@n-api.service[98446]: INFO nova.api.openstack.requestlog [None req-db8df829-71c9-4318-a4b1-6e87fc191a55 demo demo] 199.204.45.216 "GET /compute/v2.1/os-server-groups" status: 200 len: 21 microversion: 2.64 time: 0.027775
Jul 24 00:52:28.210359 np0000186465 devstack@n-api.service[98446]: [pid: 98446|app: 0|req: 20/79] 199.204.45.216 () {68 vars in 1412 bytes} [Fri Jul 24 00:52:28 2026] GET /compute/v2.1/os-server-groups => generated 21 bytes in 28 msecs (HTTP/1.1 200) 9 headers in 358 bytes (1 switches on core 0)
Jul 24 00:52:28.247588 np0000186465 devstack@n-api.service[98445]: DEBUG nova.api.openstack.wsgi [None req-2446b394-f766-4726-86d2-b50f550f3c05 demo demo] Calling method '>' {{(pid=98445) _process_stack /opt/stack/nova/nova/api/openstack/wsgi.py:551}}
Jul 24 00:52:28.253362 np0000186465 devstack@n-api.service[98445]: INFO nova.api.openstack.requestlog [None req-2446b394-f766-4726-86d2-b50f550f3c05 demo demo] 199.204.45.216 "GET /compute/v2.1" status: 200 len: 393 microversion: 2.1 time: 0.005960
Jul 24 00:52:28.253739 np0000186465 devstack@n-api.service[98445]: [pid: 98445|app: 0|req: 20/80] 199.204.45.216 () {62 vars in 1074 bytes} [Fri Jul 24 00:52:28 2026] GET /compute/v2.1 => generated 393 bytes in 7 msecs (HTTP/1.1 200) 9 headers in 357 bytes (1 switches on core 0)
Jul 24 00:52:28.298933 np0000186465 devstack@n-api.service[98447]: DEBUG nova.api.openstack.wsgi [None req-c76b2002-0236-4513-a2cc-f45ebc8d9227 admin admin] Calling method '>' {{(pid=98447) _process_stack /opt/stack/nova/nova/api/openstack/wsgi.py:551}}
Jul 24 00:52:28.302778 np0000186465 devstack@n-api.service[98447]: INFO nova.api.openstack.requestlog [None req-c76b2002-0236-4513-a2cc-f45ebc8d9227 admin admin] 199.204.45.216 "GET /compute/v2.1/" status: 200 len: 393 microversion: 2.1 time: 0.004108
Jul 24 00:52:28.302999 np0000186465 devstack@n-api.service[98447]: [pid: 98447|app: 0|req: 20/81] 199.204.45.216 () {62 vars in 1077 bytes} [Fri Jul 24 00:52:28 2026] GET /compute/v2.1/ => generated 393 bytes in 5 msecs (HTTP/1.1 200) 9 headers in 357 bytes (1 switches on core 0)
Jul 24 00:52:28.346552 np0000186465 devstack@n-api.service[98448]: DEBUG nova.api.openstack.wsgi [None req-4173fa89-462d-46d7-9d65-700bef43339c demo demo] Action: 'create', calling method: >, body: {"server_group": {"name": "kube-tzubw", "policy": "soft-anti-affinity"}} {{(pid=98448) _process_stack /opt/stack/nova/nova/api/openstack/wsgi.py:549}}
Jul 24 00:52:28.368035 np0000186465 devstack@n-api.service[98448]: DEBUG nova.quota [None req-4173fa89-462d-46d7-9d65-700bef43339c demo demo] Getting quotas for project 80e42fa974e4430eb8d8b15ce3647dd1. Resources: {'server_groups'} {{(pid=98448) _get_quotas /opt/stack/nova/nova/quota.py:389}}
Jul 24 00:52:28.371041 np0000186465 devstack@n-api.service[98448]: DEBUG nova.quota [None req-4173fa89-462d-46d7-9d65-700bef43339c demo demo] Getting quotas for user 9e315e3ac8cb42d0a9ba83d1043bb1a1 and project 80e42fa974e4430eb8d8b15ce3647dd1. Resources: {'server_groups'} {{(pid=98448) _get_quotas /opt/stack/nova/nova/quota.py:379}}
Jul 24 00:52:28.423151 np0000186465 devstack@n-api.service[98448]: DEBUG nova.quota [None req-4173fa89-462d-46d7-9d65-700bef43339c demo demo] Getting quotas for project 80e42fa974e4430eb8d8b15ce3647dd1. Resources: {'server_groups'} {{(pid=98448) _get_quotas /opt/stack/nova/nova/quota.py:389}}
Jul 24 00:52:28.425266 np0000186465 devstack@n-api.service[98448]: DEBUG nova.quota [None req-4173fa89-462d-46d7-9d65-700bef43339c demo demo] Getting quotas for user 9e315e3ac8cb42d0a9ba83d1043bb1a1 and project 80e42fa974e4430eb8d8b15ce3647dd1. Resources: {'server_groups'} {{(pid=98448) _get_quotas /opt/stack/nova/nova/quota.py:379}}
Jul 24 00:52:28.433882 np0000186465 devstack@n-api.service[98448]: INFO nova.api.openstack.requestlog [None req-4173fa89-462d-46d7-9d65-700bef43339c demo demo] 199.204.45.216 "POST /compute/v2.1/os-server-groups" status: 200 len: 243 microversion: 2.64 time: 0.091329
Jul 24 00:52:28.433882 np0000186465 devstack@n-api.service[98448]: [pid: 98448|app: 0|req: 22/82] 199.204.45.216 () {72 vars in 1452 bytes} [Fri Jul 24 00:52:28 2026] POST /compute/v2.1/os-server-groups => generated 243 bytes in 92 msecs (HTTP/1.1 200) 9 headers in 359 bytes (1 switches on core 0)
Jul 24 00:52:28.481647 np0000186465 devstack@n-api.service[98446]: DEBUG nova.api.openstack.wsgi [None req-db8df829-71c9-4318-a4b1-6e87fc191a55 demo demo] Calling method '>' {{(pid=98446) _process_stack /opt/stack/nova/nova/api/openstack/wsgi.py:551}}
Jul 24 00:52:28.485324 np0000186465 devstack@n-api.service[98446]: INFO nova.api.openstack.requestlog [None req-db8df829-71c9-4318-a4b1-6e87fc191a55 demo demo] 199.204.45.216 "GET /compute/v2.1" status: 200 len: 393 microversion: 2.1 time: 0.003992
Jul 24 00:52:28.485563 np0000186465 devstack@n-api.service[98446]: [pid: 98446|app: 0|req: 21/83] 199.204.45.216 () {62 vars in 1074 bytes} [Fri Jul 24 00:52:28 2026] GET /compute/v2.1 => generated 393 bytes in 4 msecs (HTTP/1.1 200) 9 headers in 357 bytes (1 switches on core 0)
Jul 24 00:52:28.519757 np0000186465 devstack@n-api.service[98445]: DEBUG nova.api.openstack.wsgi [None req-2446b394-f766-4726-86d2-b50f550f3c05 demo demo] Calling method '>' {{(pid=98445) _process_stack /opt/stack/nova/nova/api/openstack/wsgi.py:551}}
Jul 24 00:52:28.526191 np0000186465 devstack@n-api.service[98445]: INFO nova.api.openstack.requestlog [None req-2446b394-f766-4726-86d2-b50f550f3c05 demo demo] 199.204.45.216 "GET /compute/v2.1/" status: 200 len: 393 microversion: 2.1 time: 0.006959
Jul 24 00:52:28.526354 np0000186465 devstack@n-api.service[98445]: [pid: 98445|app: 0|req: 21/84] 199.204.45.216 () {62 vars in 1077 bytes} [Fri Jul 24 00:52:28 2026] GET /compute/v2.1/ => generated 393 bytes in 7 msecs (HTTP/1.1 200) 9 headers in 357 bytes (1 switches on core 0)
Jul 24 00:52:28.565372 np0000186465 devstack@n-api.service[98447]: DEBUG nova.api.openstack.wsgi [None req-c0f8ebdc-23dd-4929-a236-cc889716dfc7 demo demo] Calling method '>' {{(pid=98447) _process_stack /opt/stack/nova/nova/api/openstack/wsgi.py:551}}
Jul 24 00:52:28.587270 np0000186465 devstack@n-api.service[98447]: INFO nova.api.openstack.requestlog [None req-c0f8ebdc-23dd-4929-a236-cc889716dfc7 demo demo] 199.204.45.216 "GET /compute/v2.1/os-server-groups" status: 200 len: 246 microversion: 2.64 time: 0.026319
Jul 24 00:52:28.587725 np0000186465 devstack@n-api.service[98447]: [pid: 98447|app: 0|req: 21/85] 199.204.45.216 () {68 vars in 1412 bytes} [Fri Jul 24 00:52:28 2026] GET /compute/v2.1/os-server-groups => generated 246 bytes in 27 msecs (HTTP/1.1 200) 9 headers in 359 bytes (1 switches on core 0)
Jul 24 00:52:28.621028 np0000186465 devstack@n-api.service[98448]: DEBUG nova.api.openstack.wsgi [None req-4173fa89-462d-46d7-9d65-700bef43339c demo demo] Calling method '>' {{(pid=98448) _process_stack /opt/stack/nova/nova/api/openstack/wsgi.py:551}}
Jul 24 00:52:28.626623 np0000186465 devstack@n-api.service[98448]: INFO nova.api.openstack.requestlog [None req-4173fa89-462d-46d7-9d65-700bef43339c demo demo] 199.204.45.216 "GET /compute/v2.1" status: 200 len: 393 microversion: 2.1 time: 0.006116
Jul 24 00:52:28.627154 np0000186465 devstack@n-api.service[98448]: [pid: 98448|app: 0|req: 23/86] 199.204.45.216 () {62 vars in 1074 bytes} [Fri Jul 24 00:52:28 2026] GET /compute/v2.1 => generated 393 bytes in 7 msecs (HTTP/1.1 200) 9 headers in 357 bytes (1 switches on core 0)
Jul 24 00:52:28.657075 np0000186465 devstack@n-api.service[98446]: DEBUG nova.api.openstack.wsgi [None req-db8df829-71c9-4318-a4b1-6e87fc191a55 demo demo] Calling method '>' {{(pid=98446) _process_stack /opt/stack/nova/nova/api/openstack/wsgi.py:551}}
Jul 24 00:52:28.663170 np0000186465 devstack@n-api.service[98446]: INFO nova.api.openstack.requestlog [None req-db8df829-71c9-4318-a4b1-6e87fc191a55 demo demo] 199.204.45.216 "GET /compute/v2.1/" status: 200 len: 393 microversion: 2.1 time: 0.006387
Jul 24 00:52:28.663789 np0000186465 devstack@n-api.service[98446]: [pid: 98446|app: 0|req: 22/87] 199.204.45.216 () {62 vars in 1077 bytes} [Fri Jul 24 00:52:28 2026] GET /compute/v2.1/ => generated 393 bytes in 7 msecs (HTTP/1.1 200) 9 headers in 357 bytes (1 switches on core 0)
Jul 24 00:52:28.697505 np0000186465 devstack@n-api.service[98445]: DEBUG nova.api.openstack.wsgi [None req-26949846-2f82-48c4-b71e-8e746b1ad1bd demo demo] Action: 'create', calling method: >, body: {"server_group": {"name": "kube-tzubw-default-worker", "policy": "soft-anti-affinity"}} {{(pid=98445) _process_stack /opt/stack/nova/nova/api/openstack/wsgi.py:549}}
Jul 24 00:52:28.719873 np0000186465 devstack@n-api.service[98445]: DEBUG nova.quota [None req-26949846-2f82-48c4-b71e-8e746b1ad1bd demo demo] Getting quotas for project 80e42fa974e4430eb8d8b15ce3647dd1. Resources: {'server_groups'} {{(pid=98445) _get_quotas /opt/stack/nova/nova/quota.py:389}}
Jul 24 00:52:28.723125 np0000186465 devstack@n-api.service[98445]: DEBUG nova.quota [None req-26949846-2f82-48c4-b71e-8e746b1ad1bd demo demo] Getting quotas for user 9e315e3ac8cb42d0a9ba83d1043bb1a1 and project 80e42fa974e4430eb8d8b15ce3647dd1. Resources: {'server_groups'} {{(pid=98445) _get_quotas /opt/stack/nova/nova/quota.py:379}}
Jul 24 00:52:28.768607 np0000186465 devstack@n-api.service[98445]: DEBUG nova.quota [None req-26949846-2f82-48c4-b71e-8e746b1ad1bd demo demo] Getting quotas for project 80e42fa974e4430eb8d8b15ce3647dd1. Resources: {'server_groups'} {{(pid=98445) _get_quotas /opt/stack/nova/nova/quota.py:389}}
Jul 24 00:52:28.770783 np0000186465 devstack@n-api.service[98445]: DEBUG nova.quota [None req-26949846-2f82-48c4-b71e-8e746b1ad1bd demo demo] Getting quotas for user 9e315e3ac8cb42d0a9ba83d1043bb1a1 and project 80e42fa974e4430eb8d8b15ce3647dd1. Resources: {'server_groups'} {{(pid=98445) _get_quotas /opt/stack/nova/nova/quota.py:379}}
Jul 24 00:52:28.778722 np0000186465 devstack@n-api.service[98445]: INFO nova.api.openstack.requestlog [None req-26949846-2f82-48c4-b71e-8e746b1ad1bd demo demo] 199.204.45.216 "POST /compute/v2.1/os-server-groups" status: 200 len: 258 microversion: 2.64 time: 0.084849
Jul 24 00:52:28.779032 np0000186465 devstack@n-api.service[98445]: [pid: 98445|app: 0|req: 22/88] 199.204.45.216 () {72 vars in 1452 bytes} [Fri Jul 24 00:52:28 2026] POST /compute/v2.1/os-server-groups => generated 258 bytes in 85 msecs (HTTP/1.1 200) 9 headers in 359 bytes (1 switches on core 0)
Jul 24 00:52:31.955603 np0000186465 devstack@n-api.service[98447]: DEBUG nova.api.openstack.wsgi [None req-c0f8ebdc-23dd-4929-a236-cc889716dfc7 demo demo] Calling method '>' {{(pid=98447) _process_stack /opt/stack/nova/nova/api/openstack/wsgi.py:551}}
Jul 24 00:52:31.961479 np0000186465 devstack@n-api.service[98447]: INFO nova.api.openstack.requestlog [None req-c0f8ebdc-23dd-4929-a236-cc889716dfc7 demo demo] 199.204.45.216 "GET /compute/v2.1" status: 200 len: 393 microversion: 2.1 time: 0.006403
Jul 24 00:52:31.961738 np0000186465 devstack@n-api.service[98447]: [pid: 98447|app: 0|req: 22/89] 199.204.45.216 () {62 vars in 1074 bytes} [Fri Jul 24 00:52:31 2026] GET /compute/v2.1 => generated 393 bytes in 7 msecs (HTTP/1.1 200) 9 headers in 357 bytes (1 switches on core 0)
Jul 24 00:52:31.998580 np0000186465 devstack@n-api.service[98448]: DEBUG nova.api.openstack.wsgi [None req-4173fa89-462d-46d7-9d65-700bef43339c demo demo] Calling method '>' {{(pid=98448) _process_stack /opt/stack/nova/nova/api/openstack/wsgi.py:551}}
Jul 24 00:52:32.004943 np0000186465 devstack@n-api.service[98448]: INFO nova.api.openstack.requestlog [None req-4173fa89-462d-46d7-9d65-700bef43339c demo demo] 199.204.45.216 "GET /compute/v2.1/" status: 200 len: 393 microversion: 2.1 time: 0.006842
Jul 24 00:52:32.005274 np0000186465 devstack@n-api.service[98448]: [pid: 98448|app: 0|req: 24/90] 199.204.45.216 () {62 vars in 1077 bytes} [Fri Jul 24 00:52:31 2026] GET /compute/v2.1/ => generated 393 bytes in 8 msecs (HTTP/1.1 200) 9 headers in 357 bytes (1 switches on core 0)
Jul 24 00:52:32.044645 np0000186465 devstack@n-api.service[98446]: DEBUG nova.api.openstack.wsgi [None req-b5143e98-df8f-4de2-bd70-92026a295492 demo demo] Calling method '>' {{(pid=98446) _process_stack /opt/stack/nova/nova/api/openstack/wsgi.py:551}}
Jul 24 00:52:32.065745 np0000186465 devstack@n-api.service[98446]: INFO nova.api.openstack.requestlog [None req-b5143e98-df8f-4de2-bd70-92026a295492 demo demo] 199.204.45.216 "GET /compute/v2.1/flavors/detail?is_public=None" status: 200 len: 5262 microversion: 2.61 time: 0.024478
Jul 24 00:52:32.065995 np0000186465 devstack@n-api.service[98446]: [pid: 98446|app: 0|req: 23/91] 199.204.45.216 () {68 vars in 1435 bytes} [Fri Jul 24 00:52:32 2026] GET /compute/v2.1/flavors/detail?is_public=None => generated 5262 bytes in 25 msecs (HTTP/1.1 200) 9 headers in 360 bytes (1 switches on core 0)
Jul 24 00:52:32.110383 np0000186465 devstack@n-api.service[98445]: DEBUG nova.api.openstack.wsgi [None req-cfbc7633-f846-4f74-9cd0-e7cd596134f6 demo demo] Calling method '>' {{(pid=98445) _process_stack /opt/stack/nova/nova/api/openstack/wsgi.py:551}}
Jul 24 00:52:32.132413 np0000186465 devstack@n-api.service[98445]: INFO nova.api.openstack.requestlog [None req-cfbc7633-f846-4f74-9cd0-e7cd596134f6 demo demo] 199.204.45.216 "GET /compute/v2.1/flavors/detail?is_public=None" status: 200 len: 5262 microversion: 2.61 time: 0.025314
Jul 24 00:52:32.132413 np0000186465 devstack@n-api.service[98445]: [pid: 98445|app: 0|req: 23/92] 199.204.45.216 () {68 vars in 1435 bytes} [Fri Jul 24 00:52:32 2026] GET /compute/v2.1/flavors/detail?is_public=None => generated 5262 bytes in 26 msecs (HTTP/1.1 200) 9 headers in 360 bytes (1 switches on core 0)
Jul 24 00:52:32.281458 np0000186465 devstack@n-api.service[98447]: DEBUG nova.api.openstack.wsgi [None req-c0f8ebdc-23dd-4929-a236-cc889716dfc7 demo demo] Calling method '>' {{(pid=98447) _process_stack /opt/stack/nova/nova/api/openstack/wsgi.py:551}}
Jul 24 00:52:32.286116 np0000186465 devstack@n-api.service[98447]: INFO nova.api.openstack.requestlog [None req-c0f8ebdc-23dd-4929-a236-cc889716dfc7 demo demo] 199.204.45.216 "GET /compute/v2.1" status: 200 len: 393 microversion: 2.1 time: 0.004886
Jul 24 00:52:32.286507 np0000186465 devstack@n-api.service[98447]: [pid: 98447|app: 0|req: 23/93] 199.204.45.216 () {62 vars in 1074 bytes} [Fri Jul 24 00:52:32 2026] GET /compute/v2.1 => generated 393 bytes in 5 msecs (HTTP/1.1 200) 9 headers in 357 bytes (1 switches on core 0)
Jul 24 00:52:32.322964 np0000186465 devstack@n-api.service[98448]: DEBUG nova.api.openstack.wsgi [None req-4173fa89-462d-46d7-9d65-700bef43339c demo demo] Calling method '>' {{(pid=98448) _process_stack /opt/stack/nova/nova/api/openstack/wsgi.py:551}}
Jul 24 00:52:32.328483 np0000186465 devstack@n-api.service[98448]: INFO nova.api.openstack.requestlog [None req-4173fa89-462d-46d7-9d65-700bef43339c demo demo] 199.204.45.216 "GET /compute/v2.1/" status: 200 len: 393 microversion: 2.1 time: 0.005811
Jul 24 00:52:32.328862 np0000186465 devstack@n-api.service[98448]: [pid: 98448|app: 0|req: 25/94] 199.204.45.216 () {62 vars in 1077 bytes} [Fri Jul 24 00:52:32 2026] GET /compute/v2.1/ => generated 393 bytes in 7 msecs (HTTP/1.1 200) 9 headers in 357 bytes (1 switches on core 0)
Jul 24 00:52:32.366124 np0000186465 devstack@n-api.service[98446]: DEBUG nova.api.openstack.wsgi [None req-2d5dc59a-2fcd-43b8-9a17-9f510be97b90 demo demo] Calling method '>' {{(pid=98446) _process_stack /opt/stack/nova/nova/api/openstack/wsgi.py:551}}
Jul 24 00:52:32.385605 np0000186465 devstack@n-api.service[98446]: INFO nova.api.openstack.requestlog [None req-2d5dc59a-2fcd-43b8-9a17-9f510be97b90 demo demo] 199.204.45.216 "GET /compute/v2.1/flavors/detail?is_public=None" status: 200 len: 5262 microversion: 2.61 time: 0.023408
Jul 24 00:52:32.386012 np0000186465 devstack@n-api.service[98446]: [pid: 98446|app: 0|req: 24/95] 199.204.45.216 () {68 vars in 1435 bytes} [Fri Jul 24 00:52:32 2026] GET /compute/v2.1/flavors/detail?is_public=None => generated 5262 bytes in 25 msecs (HTTP/1.1 200) 9 headers in 360 bytes (1 switches on core 0)
Jul 24 00:52:38.428737 np0000186465 devstack@n-api.service[98448]: DEBUG dbcounter [-] [98448] Writing DB stats nova_cell0:SELECT=4 {{(pid=98448) stat_writer /opt/stack/data/venv/lib/python3.12/site-packages/dbcounter.py:115}}
Jul 24 00:52:38.430625 np0000186465 devstack@n-api.service[98448]: DEBUG dbcounter [-] [98448] Writing DB stats nova_api:SELECT=14,nova_api:INSERT=2 {{(pid=98448) stat_writer /opt/stack/data/venv/lib/python3.12/site-packages/dbcounter.py:115}}
Jul 24 00:52:38.584557 np0000186465 devstack@n-api.service[98447]: DEBUG dbcounter [-] [98447] Writing DB stats nova_api:SELECT=2 {{(pid=98447) stat_writer /opt/stack/data/venv/lib/python3.12/site-packages/dbcounter.py:115}}
Jul 24 00:52:38.773978 np0000186465 devstack@n-api.service[98445]: DEBUG dbcounter [-] [98445] Writing DB stats nova_cell0:SELECT=4 {{(pid=98445) stat_writer /opt/stack/data/venv/lib/python3.12/site-packages/dbcounter.py:115}}
Jul 24 00:52:42.116982 np0000186465 devstack@n-api.service[98445]: DEBUG dbcounter [-] [98445] Writing DB stats nova_api:SELECT=19,nova_api:INSERT=2 {{(pid=98445) stat_writer /opt/stack/data/venv/lib/python3.12/site-packages/dbcounter.py:115}}
Jul 24 00:52:42.371063 np0000186465 devstack@n-api.service[98446]: DEBUG dbcounter [-] [98446] Writing DB stats nova_api:SELECT=8 {{(pid=98446) stat_writer /opt/stack/data/venv/lib/python3.12/site-packages/dbcounter.py:115}}
Jul 24 00:52:52.953006 np0000186465 devstack@n-api.service[98445]: DEBUG nova.api.openstack.wsgi [None req-cfbc7633-f846-4f74-9cd0-e7cd596134f6 demo demo] Calling method '>' {{(pid=98445) _process_stack /opt/stack/nova/nova/api/openstack/wsgi.py:551}}
Jul 24 00:52:52.957559 np0000186465 devstack@n-api.service[98445]: INFO nova.api.openstack.requestlog [None req-cfbc7633-f846-4f74-9cd0-e7cd596134f6 demo demo] 172.18.0.2 "GET /compute/v2.1/" status: 200 len: 393 microversion: 2.1 time: 0.004973
Jul 24 00:52:52.957792 np0000186465 devstack@n-api.service[98445]: [pid: 98445|app: 0|req: 24/96] 199.204.45.216 () {64 vars in 1272 bytes} [Fri Jul 24 00:52:52 2026] GET /compute/v2.1/ => generated 393 bytes in 6 msecs (HTTP/1.1 200) 9 headers in 357 bytes (1 switches on core 0)
Jul 24 00:52:52.968532 np0000186465 devstack@n-api.service[98447]: DEBUG nova.api.openstack.wsgi [None req-d5a10e1c-576b-4dd6-ad45-79075d517f75 demo demo] Calling method '>' {{(pid=98447) _process_stack /opt/stack/nova/nova/api/openstack/wsgi.py:551}}
Jul 24 00:52:52.972224 np0000186465 devstack@n-api.service[98447]: DEBUG oslo_concurrency.lockutils [None req-d5a10e1c-576b-4dd6-ad45-79075d517f75 demo demo] Acquiring lock "00000000-0000-0000-0000-000000000000" by "nova.context.set_target_cell..get_or_set_cached_cell_and_set_connections" {{(pid=98447) inner /opt/stack/data/venv/lib/python3.12/site-packages/oslo_concurrency/lockutils.py:512}}
Jul 24 00:52:52.972446 np0000186465 devstack@n-api.service[98447]: DEBUG oslo_concurrency.lockutils [None req-d5a10e1c-576b-4dd6-ad45-79075d517f75 demo demo] Lock "00000000-0000-0000-0000-000000000000" acquired by "nova.context.set_target_cell..get_or_set_cached_cell_and_set_connections" :: waited 0.000s {{(pid=98447) inner /opt/stack/data/venv/lib/python3.12/site-packages/oslo_concurrency/lockutils.py:525}}
Jul 24 00:52:52.972625 np0000186465 devstack@n-api.service[98447]: DEBUG oslo_concurrency.lockutils [None req-d5a10e1c-576b-4dd6-ad45-79075d517f75 demo demo] Lock "00000000-0000-0000-0000-000000000000" "released" by "nova.context.set_target_cell..get_or_set_cached_cell_and_set_connections" :: held 0.000s {{(pid=98447) inner /opt/stack/data/venv/lib/python3.12/site-packages/oslo_concurrency/lockutils.py:544}}
Jul 24 00:52:52.973679 np0000186465 devstack@n-api.service[98447]: DEBUG oslo_concurrency.lockutils [None req-d5a10e1c-576b-4dd6-ad45-79075d517f75 demo demo] Acquiring lock "967ea655-eb27-43d5-af07-37d09af71000" by "nova.context.set_target_cell..get_or_set_cached_cell_and_set_connections" {{(pid=98447) inner /opt/stack/data/venv/lib/python3.12/site-packages/oslo_concurrency/lockutils.py:512}}
Jul 24 00:52:52.973866 np0000186465 devstack@n-api.service[98447]: DEBUG oslo_concurrency.lockutils [None req-d5a10e1c-576b-4dd6-ad45-79075d517f75 demo demo] Lock "967ea655-eb27-43d5-af07-37d09af71000" acquired by "nova.context.set_target_cell..get_or_set_cached_cell_and_set_connections" :: waited 0.000s {{(pid=98447) inner /opt/stack/data/venv/lib/python3.12/site-packages/oslo_concurrency/lockutils.py:525}}
Jul 24 00:52:52.974038 np0000186465 devstack@n-api.service[98447]: DEBUG oslo_concurrency.lockutils [None req-d5a10e1c-576b-4dd6-ad45-79075d517f75 demo demo] Lock "967ea655-eb27-43d5-af07-37d09af71000" "released" by "nova.context.set_target_cell..get_or_set_cached_cell_and_set_connections" :: held 0.000s {{(pid=98447) inner /opt/stack/data/venv/lib/python3.12/site-packages/oslo_concurrency/lockutils.py:544}}
Jul 24 00:52:53.030123 np0000186465 devstack@n-api.service[98447]: INFO nova.api.openstack.requestlog [None req-d5a10e1c-576b-4dd6-ad45-79075d517f75 demo demo] 172.18.0.2 "GET /compute/v2.1/os-availability-zone" status: 200 len: 97 microversion: 2.38 time: 0.064733
Jul 24 00:52:53.031181 np0000186465 devstack@n-api.service[98447]: [pid: 98447|app: 0|req: 24/97] 199.204.45.216 () {68 vars in 1415 bytes} [Fri Jul 24 00:52:52 2026] GET /compute/v2.1/os-availability-zone => generated 97 bytes in 66 msecs (HTTP/1.1 200) 9 headers in 358 bytes (1 switches on core 0)
Jul 24 00:52:53.897956 np0000186465 devstack@n-api.service[98448]: DEBUG nova.api.openstack.wsgi [None req-4173fa89-462d-46d7-9d65-700bef43339c demo demo] Calling method '>' {{(pid=98448) _process_stack /opt/stack/nova/nova/api/openstack/wsgi.py:551}}
Jul 24 00:52:53.903291 np0000186465 devstack@n-api.service[98448]: INFO nova.api.openstack.requestlog [None req-4173fa89-462d-46d7-9d65-700bef43339c demo demo] 172.18.0.2 "GET /compute/v2.1/" status: 200 len: 393 microversion: 2.1 time: 0.005645
Jul 24 00:52:53.903642 np0000186465 devstack@n-api.service[98448]: [pid: 98448|app: 0|req: 26/98] 199.204.45.216 () {64 vars in 1272 bytes} [Fri Jul 24 00:52:53 2026] GET /compute/v2.1/ => generated 393 bytes in 6 msecs (HTTP/1.1 200) 9 headers in 357 bytes (1 switches on core 0)
Jul 24 00:52:53.914343 np0000186465 devstack@n-api.service[98446]: DEBUG nova.api.openstack.wsgi [None req-1fb74ae8-4b01-42c2-a791-00b0861c9868 demo demo] Calling method '>' {{(pid=98446) _process_stack /opt/stack/nova/nova/api/openstack/wsgi.py:551}}
Jul 24 00:52:53.918138 np0000186465 devstack@n-api.service[98446]: DEBUG oslo_concurrency.lockutils [None req-1fb74ae8-4b01-42c2-a791-00b0861c9868 demo demo] Acquiring lock "00000000-0000-0000-0000-000000000000" by "nova.context.set_target_cell..get_or_set_cached_cell_and_set_connections" {{(pid=98446) inner /opt/stack/data/venv/lib/python3.12/site-packages/oslo_concurrency/lockutils.py:512}}
Jul 24 00:52:53.918138 np0000186465 devstack@n-api.service[98446]: DEBUG oslo_concurrency.lockutils [None req-1fb74ae8-4b01-42c2-a791-00b0861c9868 demo demo] Lock "00000000-0000-0000-0000-000000000000" acquired by "nova.context.set_target_cell..get_or_set_cached_cell_and_set_connections" :: waited 0.000s {{(pid=98446) inner /opt/stack/data/venv/lib/python3.12/site-packages/oslo_concurrency/lockutils.py:525}}
Jul 24 00:52:53.918411 np0000186465 devstack@n-api.service[98446]: DEBUG oslo_concurrency.lockutils [None req-1fb74ae8-4b01-42c2-a791-00b0861c9868 demo demo] Lock "00000000-0000-0000-0000-000000000000" "released" by "nova.context.set_target_cell..get_or_set_cached_cell_and_set_connections" :: held 0.000s {{(pid=98446) inner /opt/stack/data/venv/lib/python3.12/site-packages/oslo_concurrency/lockutils.py:544}}
Jul 24 00:52:53.919740 np0000186465 devstack@n-api.service[98446]: DEBUG oslo_concurrency.lockutils [None req-1fb74ae8-4b01-42c2-a791-00b0861c9868 demo demo] Acquiring lock "967ea655-eb27-43d5-af07-37d09af71000" by "nova.context.set_target_cell..get_or_set_cached_cell_and_set_connections" {{(pid=98446) inner /opt/stack/data/venv/lib/python3.12/site-packages/oslo_concurrency/lockutils.py:512}}
Jul 24 00:52:53.921193 np0000186465 devstack@n-api.service[98446]: DEBUG oslo_concurrency.lockutils [None req-1fb74ae8-4b01-42c2-a791-00b0861c9868 demo demo] Lock "967ea655-eb27-43d5-af07-37d09af71000" acquired by "nova.context.set_target_cell..get_or_set_cached_cell_and_set_connections" :: waited 0.001s {{(pid=98446) inner /opt/stack/data/venv/lib/python3.12/site-packages/oslo_concurrency/lockutils.py:525}}
Jul 24 00:52:53.924649 np0000186465 devstack@n-api.service[98446]: DEBUG oslo_concurrency.lockutils [None req-1fb74ae8-4b01-42c2-a791-00b0861c9868 demo demo] Lock "967ea655-eb27-43d5-af07-37d09af71000" "released" by "nova.context.set_target_cell..get_or_set_cached_cell_and_set_connections" :: held 0.003s {{(pid=98446) inner /opt/stack/data/venv/lib/python3.12/site-packages/oslo_concurrency/lockutils.py:544}}
Jul 24 00:52:53.997484 np0000186465 devstack@n-api.service[98446]: INFO nova.api.openstack.requestlog [None req-1fb74ae8-4b01-42c2-a791-00b0861c9868 demo demo] 172.18.0.2 "GET /compute/v2.1/os-availability-zone" status: 200 len: 97 microversion: 2.38 time: 0.086775
Jul 24 00:52:53.998366 np0000186465 devstack@n-api.service[98446]: [pid: 98446|app: 0|req: 25/99] 199.204.45.216 () {68 vars in 1415 bytes} [Fri Jul 24 00:52:53 2026] GET /compute/v2.1/os-availability-zone => generated 97 bytes in 88 msecs (HTTP/1.1 200) 9 headers in 358 bytes (1 switches on core 0)
Jul 24 00:52:54.655431 np0000186465 devstack@n-api.service[98445]: DEBUG nova.api.openstack.wsgi [None req-cfbc7633-f846-4f74-9cd0-e7cd596134f6 demo demo] Calling method '>' {{(pid=98445) _process_stack /opt/stack/nova/nova/api/openstack/wsgi.py:551}}
Jul 24 00:52:54.659455 np0000186465 devstack@n-api.service[98445]: INFO nova.api.openstack.requestlog [None req-cfbc7633-f846-4f74-9cd0-e7cd596134f6 demo demo] 172.18.0.2 "GET /compute/v2.1/" status: 200 len: 393 microversion: 2.1 time: 0.004535
Jul 24 00:52:54.659735 np0000186465 devstack@n-api.service[98445]: [pid: 98445|app: 0|req: 25/100] 199.204.45.216 () {64 vars in 1272 bytes} [Fri Jul 24 00:52:54 2026] GET /compute/v2.1/ => generated 393 bytes in 5 msecs (HTTP/1.1 200) 9 headers in 357 bytes (1 switches on core 0)
Jul 24 00:52:54.668260 np0000186465 devstack@n-api.service[98447]: DEBUG nova.api.openstack.wsgi [None req-6f6822e8-0ae7-4d41-ae84-e64434fedd20 demo demo] Calling method '>' {{(pid=98447) _process_stack /opt/stack/nova/nova/api/openstack/wsgi.py:551}}
Jul 24 00:52:54.671604 np0000186465 devstack@n-api.service[98447]: DEBUG oslo_concurrency.lockutils [None req-6f6822e8-0ae7-4d41-ae84-e64434fedd20 demo demo] Acquiring lock "00000000-0000-0000-0000-000000000000" by "nova.context.set_target_cell..get_or_set_cached_cell_and_set_connections" {{(pid=98447) inner /opt/stack/data/venv/lib/python3.12/site-packages/oslo_concurrency/lockutils.py:512}}
Jul 24 00:52:54.671957 np0000186465 devstack@n-api.service[98447]: DEBUG oslo_concurrency.lockutils [None req-6f6822e8-0ae7-4d41-ae84-e64434fedd20 demo demo] Lock "00000000-0000-0000-0000-000000000000" acquired by "nova.context.set_target_cell..get_or_set_cached_cell_and_set_connections" :: waited 0.000s {{(pid=98447) inner /opt/stack/data/venv/lib/python3.12/site-packages/oslo_concurrency/lockutils.py:525}}
Jul 24 00:52:54.672281 np0000186465 devstack@n-api.service[98447]: DEBUG oslo_concurrency.lockutils [None req-6f6822e8-0ae7-4d41-ae84-e64434fedd20 demo demo] Lock "00000000-0000-0000-0000-000000000000" "released" by "nova.context.set_target_cell..get_or_set_cached_cell_and_set_connections" :: held 0.000s {{(pid=98447) inner /opt/stack/data/venv/lib/python3.12/site-packages/oslo_concurrency/lockutils.py:544}}
Jul 24 00:52:54.673632 np0000186465 devstack@n-api.service[98447]: DEBUG oslo_concurrency.lockutils [None req-6f6822e8-0ae7-4d41-ae84-e64434fedd20 demo demo] Acquiring lock "967ea655-eb27-43d5-af07-37d09af71000" by "nova.context.set_target_cell..get_or_set_cached_cell_and_set_connections" {{(pid=98447) inner /opt/stack/data/venv/lib/python3.12/site-packages/oslo_concurrency/lockutils.py:512}}
Jul 24 00:52:54.673921 np0000186465 devstack@n-api.service[98447]: DEBUG oslo_concurrency.lockutils [None req-6f6822e8-0ae7-4d41-ae84-e64434fedd20 demo demo] Lock "967ea655-eb27-43d5-af07-37d09af71000" acquired by "nova.context.set_target_cell..get_or_set_cached_cell_and_set_connections" :: waited 0.000s {{(pid=98447) inner /opt/stack/data/venv/lib/python3.12/site-packages/oslo_concurrency/lockutils.py:525}}
Jul 24 00:52:54.674049 np0000186465 devstack@n-api.service[98447]: DEBUG oslo_concurrency.lockutils [None req-6f6822e8-0ae7-4d41-ae84-e64434fedd20 demo demo] Lock "967ea655-eb27-43d5-af07-37d09af71000" "released" by "nova.context.set_target_cell..get_or_set_cached_cell_and_set_connections" :: held 0.000s {{(pid=98447) inner /opt/stack/data/venv/lib/python3.12/site-packages/oslo_concurrency/lockutils.py:544}}
Jul 24 00:52:54.696256 np0000186465 devstack@n-api.service[98447]: INFO nova.api.openstack.requestlog [None req-6f6822e8-0ae7-4d41-ae84-e64434fedd20 demo demo] 172.18.0.2 "GET /compute/v2.1/os-availability-zone" status: 200 len: 97 microversion: 2.38 time: 0.031046
Jul 24 00:52:54.697020 np0000186465 devstack@n-api.service[98447]: [pid: 98447|app: 0|req: 25/101] 199.204.45.216 () {68 vars in 1415 bytes} [Fri Jul 24 00:52:54 2026] GET /compute/v2.1/os-availability-zone => generated 97 bytes in 32 msecs (HTTP/1.1 200) 9 headers in 358 bytes (1 switches on core 0)
Jul 24 00:52:59.681475 np0000186465 devstack@n-api.service[98448]: DEBUG nova.api.openstack.wsgi [None req-4173fa89-462d-46d7-9d65-700bef43339c demo demo] Calling method '>' {{(pid=98448) _process_stack /opt/stack/nova/nova/api/openstack/wsgi.py:551}}
Jul 24 00:52:59.687675 np0000186465 devstack@n-api.service[98448]: INFO nova.api.openstack.requestlog [None req-4173fa89-462d-46d7-9d65-700bef43339c demo demo] 172.18.0.2 "GET /compute/v2.1/" status: 200 len: 393 microversion: 2.1 time: 0.006609
Jul 24 00:52:59.688066 np0000186465 devstack@n-api.service[98448]: [pid: 98448|app: 0|req: 27/102] 199.204.45.216 () {64 vars in 1272 bytes} [Fri Jul 24 00:52:59 2026] GET /compute/v2.1/ => generated 393 bytes in 7 msecs (HTTP/1.1 200) 9 headers in 357 bytes (1 switches on core 0)
Jul 24 00:52:59.698205 np0000186465 devstack@n-api.service[98446]: DEBUG nova.api.openstack.wsgi [None req-b0a156d6-ef12-450f-b44c-4fb5e44be556 demo demo] Calling method '>' {{(pid=98446) _process_stack /opt/stack/nova/nova/api/openstack/wsgi.py:551}}
Jul 24 00:52:59.717954 np0000186465 devstack@n-api.service[98446]: INFO nova.api.openstack.requestlog [None req-b0a156d6-ef12-450f-b44c-4fb5e44be556 demo demo] 172.18.0.2 "GET /compute/v2.1/flavors/detail" status: 200 len: 4022 microversion: 2.38 time: 0.023043
Jul 24 00:52:59.718255 np0000186465 devstack@n-api.service[98446]: [pid: 98446|app: 0|req: 26/103] 199.204.45.216 () {68 vars in 1397 bytes} [Fri Jul 24 00:52:59 2026] GET /compute/v2.1/flavors/detail => generated 4022 bytes in 24 msecs (HTTP/1.1 200) 9 headers in 360 bytes (1 switches on core 0)
Jul 24 00:52:59.768429 np0000186465 devstack@n-api.service[98445]: DEBUG nova.api.openstack.wsgi [None req-cfbc7633-f846-4f74-9cd0-e7cd596134f6 demo demo] Calling method '>' {{(pid=98445) _process_stack /opt/stack/nova/nova/api/openstack/wsgi.py:551}}
Jul 24 00:52:59.774866 np0000186465 devstack@n-api.service[98445]: INFO nova.api.openstack.requestlog [None req-cfbc7633-f846-4f74-9cd0-e7cd596134f6 demo demo] 172.18.0.2 "GET /compute/v2.1/" status: 200 len: 393 microversion: 2.1 time: 0.006786
Jul 24 00:52:59.775287 np0000186465 devstack@n-api.service[98445]: [pid: 98445|app: 0|req: 26/104] 199.204.45.216 () {64 vars in 1272 bytes} [Fri Jul 24 00:52:59 2026] GET /compute/v2.1/ => generated 393 bytes in 8 msecs (HTTP/1.1 200) 9 headers in 357 bytes (1 switches on core 0)
Jul 24 00:52:59.787701 np0000186465 devstack@n-api.service[98447]: DEBUG nova.api.openstack.wsgi [None req-f6f1ccf5-6cc1-47e0-b806-1c624f1a43a2 demo demo] Calling method '>' {{(pid=98447) _process_stack /opt/stack/nova/nova/api/openstack/wsgi.py:551}}
Jul 24 00:52:59.811931 np0000186465 devstack@n-api.service[98447]: INFO nova.api.openstack.requestlog [None req-f6f1ccf5-6cc1-47e0-b806-1c624f1a43a2 demo demo] 172.18.0.2 "GET /compute/v2.1/flavors/detail" status: 200 len: 4022 microversion: 2.38 time: 0.027660
Jul 24 00:52:59.812160 np0000186465 devstack@n-api.service[98447]: [pid: 98447|app: 0|req: 26/105] 199.204.45.216 () {68 vars in 1397 bytes} [Fri Jul 24 00:52:59 2026] GET /compute/v2.1/flavors/detail => generated 4022 bytes in 28 msecs (HTTP/1.1 200) 9 headers in 360 bytes (1 switches on core 0)
Jul 24 00:53:00.417103 np0000186465 devstack@n-api.service[98448]: DEBUG nova.api.openstack.wsgi [None req-4173fa89-462d-46d7-9d65-700bef43339c demo demo] Calling method '>' {{(pid=98448) _process_stack /opt/stack/nova/nova/api/openstack/wsgi.py:551}}
Jul 24 00:53:00.423026 np0000186465 devstack@n-api.service[98448]: INFO nova.api.openstack.requestlog [None req-4173fa89-462d-46d7-9d65-700bef43339c demo demo] 172.18.0.2 "GET /compute/v2.1/" status: 200 len: 393 microversion: 2.1 time: 0.007506
Jul 24 00:53:00.423336 np0000186465 devstack@n-api.service[98448]: [pid: 98448|app: 0|req: 28/106] 199.204.45.216 () {64 vars in 1272 bytes} [Fri Jul 24 00:53:00 2026] GET /compute/v2.1/ => generated 393 bytes in 8 msecs (HTTP/1.1 200) 9 headers in 357 bytes (1 switches on core 0)
Jul 24 00:53:00.432119 np0000186465 devstack@n-api.service[98446]: DEBUG nova.api.openstack.wsgi [None req-6c0d6093-3d43-49ca-b75a-9d9f1db6144f demo demo] Calling method '>' {{(pid=98446) _process_stack /opt/stack/nova/nova/api/openstack/wsgi.py:551}}
Jul 24 00:53:00.441698 np0000186465 devstack@n-api.service[98446]: DEBUG nova.policy [None req-6c0d6093-3d43-49ca-b75a-9d9f1db6144f demo demo] Policy check for os_compute_api:servers:allow_all_filters failed with credentials {'is_admin': False, 'user_id': '9e315e3ac8cb42d0a9ba83d1043bb1a1', 'user_domain_id': 'default', 'system_scope': None, 'domain_id': None, 'project_id': '80e42fa974e4430eb8d8b15ce3647dd1', 'project_domain_id': 'default', 'roles': ['anotherrole', 'load-balancer_member', 'member', 'reader'], 'is_admin_project': True, 'service_user_id': None, 'service_user_domain_id': None, 'service_project_id': None, 'service_project_domain_id': None, 'service_roles': []} {{(pid=98446) authorize /opt/stack/nova/nova/policy.py:192}}
Jul 24 00:53:00.442018 np0000186465 devstack@n-api.service[98446]: DEBUG nova.compute.api [None req-6c0d6093-3d43-49ca-b75a-9d9f1db6144f demo demo] Searching by: {'name': '^kube-tzubw-fvl86-m7kgd$', 'deleted': False, 'project_id': '80e42fa974e4430eb8d8b15ce3647dd1'} {{(pid=98446) get_all /opt/stack/nova/nova/compute/api.py:3110}}
Jul 24 00:53:00.449493 np0000186465 devstack@n-api.service[98446]: DEBUG oslo_concurrency.lockutils [None req-6c0d6093-3d43-49ca-b75a-9d9f1db6144f demo demo] Acquiring lock "00000000-0000-0000-0000-000000000000" by "nova.context.set_target_cell..get_or_set_cached_cell_and_set_connections" {{(pid=98446) inner /opt/stack/data/venv/lib/python3.12/site-packages/oslo_concurrency/lockutils.py:512}}
Jul 24 00:53:00.449780 np0000186465 devstack@n-api.service[98446]: DEBUG oslo_concurrency.lockutils [None req-6c0d6093-3d43-49ca-b75a-9d9f1db6144f demo demo] Lock "00000000-0000-0000-0000-000000000000" acquired by "nova.context.set_target_cell..get_or_set_cached_cell_and_set_connections" :: waited 0.000s {{(pid=98446) inner /opt/stack/data/venv/lib/python3.12/site-packages/oslo_concurrency/lockutils.py:525}}
Jul 24 00:53:00.450044 np0000186465 devstack@n-api.service[98446]: DEBUG oslo_concurrency.lockutils [None req-6c0d6093-3d43-49ca-b75a-9d9f1db6144f demo demo] Lock "00000000-0000-0000-0000-000000000000" "released" by "nova.context.set_target_cell..get_or_set_cached_cell_and_set_connections" :: held 0.000s {{(pid=98446) inner /opt/stack/data/venv/lib/python3.12/site-packages/oslo_concurrency/lockutils.py:544}}
Jul 24 00:53:00.451222 np0000186465 devstack@n-api.service[98446]: DEBUG oslo_concurrency.lockutils [None req-6c0d6093-3d43-49ca-b75a-9d9f1db6144f demo demo] Acquiring lock "967ea655-eb27-43d5-af07-37d09af71000" by "nova.context.set_target_cell..get_or_set_cached_cell_and_set_connections" {{(pid=98446) inner /opt/stack/data/venv/lib/python3.12/site-packages/oslo_concurrency/lockutils.py:512}}
Jul 24 00:53:00.451533 np0000186465 devstack@n-api.service[98446]: DEBUG oslo_concurrency.lockutils [None req-6c0d6093-3d43-49ca-b75a-9d9f1db6144f demo demo] Lock "967ea655-eb27-43d5-af07-37d09af71000" acquired by "nova.context.set_target_cell..get_or_set_cached_cell_and_set_connections" :: waited 0.000s {{(pid=98446) inner /opt/stack/data/venv/lib/python3.12/site-packages/oslo_concurrency/lockutils.py:525}}
Jul 24 00:53:00.451798 np0000186465 devstack@n-api.service[98446]: DEBUG oslo_concurrency.lockutils [None req-6c0d6093-3d43-49ca-b75a-9d9f1db6144f demo demo] Lock "967ea655-eb27-43d5-af07-37d09af71000" "released" by "nova.context.set_target_cell..get_or_set_cached_cell_and_set_connections" :: held 0.000s {{(pid=98446) inner /opt/stack/data/venv/lib/python3.12/site-packages/oslo_concurrency/lockutils.py:544}}
