Apr 21 06:14:06.561659 np0000168677 neutron-periodic-workers[106043]: DEBUG cotyledon.oslo_config_glue [-] ml2.overlay_ip_version = 4 {{(pid=106043) log_opt_values /opt/stack/data/venv/lib/python3.12/site-packages/oslo_config/cfg.py:3006}}
Apr 21 06:14:06.561703 np0000168677 neutron-periodic-workers[106043]: DEBUG cotyledon.oslo_config_glue [-] ml2.path_mtu = 0 {{(pid=106043) log_opt_values /opt/stack/data/venv/lib/python3.12/site-packages/oslo_config/cfg.py:3006}}
Apr 21 06:14:06.561763 np0000168677 neutron-periodic-workers[106043]: DEBUG cotyledon.oslo_config_glue [-] ml2.physical_network_mtus = {} {{(pid=106043) log_opt_values /opt/stack/data/venv/lib/python3.12/site-packages/oslo_config/cfg.py:3006}}
Apr 21 06:14:06.561831 np0000168677 neutron-periodic-workers[106043]: DEBUG cotyledon.oslo_config_glue [-] ml2.project_network_types = ['geneve'] {{(pid=106043) log_opt_values /opt/stack/data/venv/lib/python3.12/site-packages/oslo_config/cfg.py:3006}}
Apr 21 06:14:06.561920 np0000168677 neutron-periodic-workers[106043]: DEBUG cotyledon.oslo_config_glue [-] ml2.tunnelled_network_rp_name = rp_tunnelled {{(pid=106043) log_opt_values /opt/stack/data/venv/lib/python3.12/site-packages/oslo_config/cfg.py:3006}}
Apr 21 06:14:06.562050 np0000168677 neutron-periodic-workers[106043]: DEBUG cotyledon.oslo_config_glue [-] ml2.type_drivers = ['local', 'flat', 'vlan', 'geneve'] {{(pid=106043) log_opt_values /opt/stack/data/venv/lib/python3.12/site-packages/oslo_config/cfg.py:3006}}
Apr 21 06:14:06.562250 np0000168677 neutron-periodic-workers[106043]: DEBUG cotyledon.oslo_config_glue [-] ml2_type_flat.flat_networks = ['public'] {{(pid=106043) log_opt_values /opt/stack/data/venv/lib/python3.12/site-packages/oslo_config/cfg.py:3006}}
Apr 21 06:14:06.562250 np0000168677 neutron-periodic-workers[106043]: DEBUG cotyledon.oslo_config_glue [-] ml2_type_geneve.max_header_size = 38 {{(pid=106043) log_opt_values /opt/stack/data/venv/lib/python3.12/site-packages/oslo_config/cfg.py:3006}}
Apr 21 06:14:06.562320 np0000168677 neutron-periodic-workers[106043]: DEBUG cotyledon.oslo_config_glue [-] ml2_type_geneve.vni_ranges = ['1:65536'] {{(pid=106043) log_opt_values /opt/stack/data/venv/lib/python3.12/site-packages/oslo_config/cfg.py:3006}}
Apr 21 06:14:06.562348 np0000168677 neutron-periodic-workers[106043]: DEBUG cotyledon.oslo_config_glue [-] ml2_type_vlan.network_vlan_ranges = ['public'] {{(pid=106043) log_opt_values /opt/stack/data/venv/lib/python3.12/site-packages/oslo_config/cfg.py:3006}}
Apr 21 06:14:06.562454 np0000168677 neutron-periodic-workers[106043]: DEBUG cotyledon.oslo_config_glue [-] network_log.burst_limit = 25 {{(pid=106043) log_opt_values /opt/stack/data/venv/lib/python3.12/site-packages/oslo_config/cfg.py:3006}}
Apr 21 06:14:06.562511 np0000168677 neutron-periodic-workers[106043]: DEBUG cotyledon.oslo_config_glue [-] network_log.local_output_log_base = None {{(pid=106043) log_opt_values /opt/stack/data/venv/lib/python3.12/site-packages/oslo_config/cfg.py:3006}}
Apr 21 06:14:06.562571 np0000168677 neutron-periodic-workers[106043]: DEBUG cotyledon.oslo_config_glue [-] network_log.rate_limit = 100 {{(pid=106043) log_opt_values /opt/stack/data/venv/lib/python3.12/site-packages/oslo_config/cfg.py:3006}}
Apr 21 06:14:06.562669 np0000168677 neutron-periodic-workers[106043]: DEBUG cotyledon.oslo_config_glue [-] database.asyncio_connection = **** {{(pid=106043) log_opt_values /opt/stack/data/venv/lib/python3.12/site-packages/oslo_config/cfg.py:3006}}
Apr 21 06:14:06.562707 np0000168677 neutron-periodic-workers[106043]: DEBUG cotyledon.oslo_config_glue [-] database.asyncio_slave_connection = **** {{(pid=106043) log_opt_values /opt/stack/data/venv/lib/python3.12/site-packages/oslo_config/cfg.py:3006}}
Apr 21 06:14:06.562790 np0000168677 neutron-periodic-workers[106043]: DEBUG cotyledon.oslo_config_glue [-] database.backend = sqlalchemy {{(pid=106043) log_opt_values /opt/stack/data/venv/lib/python3.12/site-packages/oslo_config/cfg.py:3006}}
Apr 21 06:14:06.562843 np0000168677 neutron-periodic-workers[106043]: DEBUG cotyledon.oslo_config_glue [-] database.connection = **** {{(pid=106043) log_opt_values /opt/stack/data/venv/lib/python3.12/site-packages/oslo_config/cfg.py:3006}}
Apr 21 06:14:06.563046 np0000168677 neutron-periodic-workers[106043]: DEBUG cotyledon.oslo_config_glue [-] database.connection_debug = 0 {{(pid=106043) log_opt_values /opt/stack/data/venv/lib/python3.12/site-packages/oslo_config/cfg.py:3006}}
Apr 21 06:14:06.563137 np0000168677 neutron-periodic-workers[106043]: DEBUG cotyledon.oslo_config_glue [-] database.connection_parameters = {{(pid=106043) log_opt_values /opt/stack/data/venv/lib/python3.12/site-packages/oslo_config/cfg.py:3006}}
Apr 21 06:14:06.563226 np0000168677 neutron-periodic-workers[106043]: DEBUG cotyledon.oslo_config_glue [-] database.connection_recycle_time = 3600 {{(pid=106043) log_opt_values /opt/stack/data/venv/lib/python3.12/site-packages/oslo_config/cfg.py:3006}}
Apr 21 06:14:06.563287 np0000168677 neutron-periodic-workers[106043]: DEBUG cotyledon.oslo_config_glue [-] database.connection_trace = False {{(pid=106043) log_opt_values /opt/stack/data/venv/lib/python3.12/site-packages/oslo_config/cfg.py:3006}}
Apr 21 06:14:06.563344 np0000168677 neutron-periodic-workers[106043]: DEBUG cotyledon.oslo_config_glue [-] database.db_inc_retry_interval = True {{(pid=106043) log_opt_values /opt/stack/data/venv/lib/python3.12/site-packages/oslo_config/cfg.py:3006}}
Apr 21 06:14:06.563403 np0000168677 neutron-periodic-workers[106043]: DEBUG cotyledon.oslo_config_glue [-] database.db_max_retries = 20 {{(pid=106043) log_opt_values /opt/stack/data/venv/lib/python3.12/site-packages/oslo_config/cfg.py:3006}}
Apr 21 06:14:06.563461 np0000168677 neutron-periodic-workers[106043]: DEBUG cotyledon.oslo_config_glue [-] database.db_max_retry_interval = 10 {{(pid=106043) log_opt_values /opt/stack/data/venv/lib/python3.12/site-packages/oslo_config/cfg.py:3006}}
Apr 21 06:14:06.563520 np0000168677 neutron-periodic-workers[106043]: DEBUG cotyledon.oslo_config_glue [-] database.db_retry_interval = 1 {{(pid=106043) log_opt_values /opt/stack/data/venv/lib/python3.12/site-packages/oslo_config/cfg.py:3006}}
Apr 21 06:14:06.563579 np0000168677 neutron-periodic-workers[106043]: DEBUG cotyledon.oslo_config_glue [-] database.max_overflow = 50 {{(pid=106043) log_opt_values /opt/stack/data/venv/lib/python3.12/site-packages/oslo_config/cfg.py:3006}}
Apr 21 06:14:06.563664 np0000168677 neutron-periodic-workers[106043]: DEBUG cotyledon.oslo_config_glue [-] database.max_pool_size = 5 {{(pid=106043) log_opt_values /opt/stack/data/venv/lib/python3.12/site-packages/oslo_config/cfg.py:3006}}
Apr 21 06:14:06.563700 np0000168677 neutron-periodic-workers[106043]: DEBUG cotyledon.oslo_config_glue [-] database.max_retries = 10 {{(pid=106043) log_opt_values /opt/stack/data/venv/lib/python3.12/site-packages/oslo_config/cfg.py:3006}}
Apr 21 06:14:06.563760 np0000168677 neutron-periodic-workers[106043]: DEBUG cotyledon.oslo_config_glue [-] database.mysql_sql_mode = TRADITIONAL {{(pid=106043) log_opt_values /opt/stack/data/venv/lib/python3.12/site-packages/oslo_config/cfg.py:3006}}
Apr 21 06:14:06.563832 np0000168677 neutron-periodic-workers[106043]: DEBUG cotyledon.oslo_config_glue [-] database.mysql_wsrep_sync_wait = None {{(pid=106043) log_opt_values /opt/stack/data/venv/lib/python3.12/site-packages/oslo_config/cfg.py:3006}}
Apr 21 06:14:06.563918 np0000168677 neutron-periodic-workers[106043]: DEBUG cotyledon.oslo_config_glue [-] database.pool_timeout = None {{(pid=106043) log_opt_values /opt/stack/data/venv/lib/python3.12/site-packages/oslo_config/cfg.py:3006}}
Apr 21 06:14:06.563989 np0000168677 neutron-periodic-workers[106043]: DEBUG cotyledon.oslo_config_glue [-] database.retry_interval = 10 {{(pid=106043) log_opt_values /opt/stack/data/venv/lib/python3.12/site-packages/oslo_config/cfg.py:3006}}
Apr 21 06:14:06.564121 np0000168677 neutron-periodic-workers[106043]: DEBUG cotyledon.oslo_config_glue [-] database.slave_connection = **** {{(pid=106043) log_opt_values /opt/stack/data/venv/lib/python3.12/site-packages/oslo_config/cfg.py:3006}}
Apr 21 06:14:06.564121 np0000168677 neutron-periodic-workers[106043]: DEBUG cotyledon.oslo_config_glue [-] database.sqlite_synchronous = True {{(pid=106043) log_opt_values /opt/stack/data/venv/lib/python3.12/site-packages/oslo_config/cfg.py:3006}}
Apr 21 06:14:06.564176 np0000168677 neutron-periodic-workers[106043]: DEBUG cotyledon.oslo_config_glue [-] database.synchronous_reader = True {{(pid=106043) log_opt_values /opt/stack/data/venv/lib/python3.12/site-packages/oslo_config/cfg.py:3006}}
Apr 21 06:14:06.564302 np0000168677 neutron-periodic-workers[106043]: DEBUG cotyledon.oslo_config_glue [-] database.use_db_reconnect = False {{(pid=106043) log_opt_values /opt/stack/data/venv/lib/python3.12/site-packages/oslo_config/cfg.py:3006}}
Apr 21 06:14:06.564356 np0000168677 neutron-periodic-workers[106043]: DEBUG cotyledon.oslo_config_glue [-] ovn.bfd_min_rx = 1000 {{(pid=106043) log_opt_values /opt/stack/data/venv/lib/python3.12/site-packages/oslo_config/cfg.py:3006}}
Apr 21 06:14:06.564415 np0000168677 neutron-periodic-workers[106043]: DEBUG cotyledon.oslo_config_glue [-] ovn.bfd_min_tx = 100 {{(pid=106043) log_opt_values /opt/stack/data/venv/lib/python3.12/site-packages/oslo_config/cfg.py:3006}}
Apr 21 06:14:06.564474 np0000168677 neutron-periodic-workers[106043]: DEBUG cotyledon.oslo_config_glue [-] ovn.bfd_mult = 3 {{(pid=106043) log_opt_values /opt/stack/data/venv/lib/python3.12/site-packages/oslo_config/cfg.py:3006}}
Apr 21 06:14:06.564532 np0000168677 neutron-periodic-workers[106043]: DEBUG cotyledon.oslo_config_glue [-] ovn.broadcast_arps_to_all_routers = True {{(pid=106043) log_opt_values /opt/stack/data/venv/lib/python3.12/site-packages/oslo_config/cfg.py:3006}}
Apr 21 06:14:06.564591 np0000168677 neutron-periodic-workers[106043]: DEBUG cotyledon.oslo_config_glue [-] ovn.dhcp_default_lease_time = 43200 {{(pid=106043) log_opt_values /opt/stack/data/venv/lib/python3.12/site-packages/oslo_config/cfg.py:3006}}
Apr 21 06:14:06.564649 np0000168677 neutron-periodic-workers[106043]: DEBUG cotyledon.oslo_config_glue [-] ovn.disable_ovn_dhcp_for_baremetal_ports = False {{(pid=106043) log_opt_values /opt/stack/data/venv/lib/python3.12/site-packages/oslo_config/cfg.py:3006}}
Apr 21 06:14:06.564708 np0000168677 neutron-periodic-workers[106043]: DEBUG cotyledon.oslo_config_glue [-] ovn.dns_records_ovn_owned = False {{(pid=106043) log_opt_values /opt/stack/data/venv/lib/python3.12/site-packages/oslo_config/cfg.py:3006}}
Apr 21 06:14:06.564768 np0000168677 neutron-periodic-workers[106043]: DEBUG cotyledon.oslo_config_glue [-] ovn.dns_servers = [] {{(pid=106043) log_opt_values /opt/stack/data/venv/lib/python3.12/site-packages/oslo_config/cfg.py:3006}}
Apr 21 06:14:06.564895 np0000168677 neutron-periodic-workers[106043]: DEBUG cotyledon.oslo_config_glue [-] ovn.enable_distributed_floating_ip = False {{(pid=106043) log_opt_values /opt/stack/data/venv/lib/python3.12/site-packages/oslo_config/cfg.py:3006}}
Apr 21 06:14:06.564895 np0000168677 neutron-periodic-workers[106043]: DEBUG cotyledon.oslo_config_glue [-] ovn.fdb_age_threshold = 300 {{(pid=106043) log_opt_values /opt/stack/data/venv/lib/python3.12/site-packages/oslo_config/cfg.py:3006}}
Apr 21 06:14:06.564969 np0000168677 neutron-periodic-workers[106043]: DEBUG cotyledon.oslo_config_glue [-] ovn.ha_failover_strategy = normal {{(pid=106043) log_opt_values /opt/stack/data/venv/lib/python3.12/site-packages/oslo_config/cfg.py:3006}}
Apr 21 06:14:06.565050 np0000168677 neutron-periodic-workers[106043]: DEBUG cotyledon.oslo_config_glue [-] ovn.live_migration_activation_strategy = rarp {{(pid=106043) log_opt_values /opt/stack/data/venv/lib/python3.12/site-packages/oslo_config/cfg.py:3006}}
Apr 21 06:14:06.565086 np0000168677 neutron-periodic-workers[106043]: DEBUG cotyledon.oslo_config_glue [-] ovn.localnet_learn_fdb = False {{(pid=106043) log_opt_values /opt/stack/data/venv/lib/python3.12/site-packages/oslo_config/cfg.py:3006}}
Apr 21 06:14:06.565149 np0000168677 neutron-periodic-workers[106043]: DEBUG cotyledon.oslo_config_glue [-] ovn.mac_binding_age_threshold = 300 {{(pid=106043) log_opt_values /opt/stack/data/venv/lib/python3.12/site-packages/oslo_config/cfg.py:3006}}
Apr 21 06:14:06.565223 np0000168677 neutron-periodic-workers[106043]: DEBUG cotyledon.oslo_config_glue [-] ovn.neutron_sync_mode = log {{(pid=106043) log_opt_values /opt/stack/data/venv/lib/python3.12/site-packages/oslo_config/cfg.py:3006}}
Apr 21 06:14:06.565299 np0000168677 neutron-periodic-workers[106043]: DEBUG cotyledon.oslo_config_glue [-] ovn.ovn_dhcp4_global_options = {} {{(pid=106043) log_opt_values /opt/stack/data/venv/lib/python3.12/site-packages/oslo_config/cfg.py:3006}}
Apr 21 06:14:06.565365 np0000168677 neutron-periodic-workers[106043]: DEBUG cotyledon.oslo_config_glue [-] ovn.ovn_dhcp6_global_options = {} {{(pid=106043) log_opt_values /opt/stack/data/venv/lib/python3.12/site-packages/oslo_config/cfg.py:3006}}
Apr 21 06:14:06.565436 np0000168677 neutron-periodic-workers[106043]: DEBUG cotyledon.oslo_config_glue [-] ovn.ovn_l3_scheduler = leastloaded {{(pid=106043) log_opt_values /opt/stack/data/venv/lib/python3.12/site-packages/oslo_config/cfg.py:3006}}
Apr 21 06:14:06.565493 np0000168677 neutron-periodic-workers[106043]: DEBUG cotyledon.oslo_config_glue [-] ovn.ovn_metadata_enabled = True {{(pid=106043) log_opt_values /opt/stack/data/venv/lib/python3.12/site-packages/oslo_config/cfg.py:3006}}
Apr 21 06:14:06.565561 np0000168677 neutron-periodic-workers[106043]: DEBUG cotyledon.oslo_config_glue [-] ovn.ovn_nb_ca_cert = /opt/stack/data/CA/int-ca/ca-chain.pem {{(pid=106043) log_opt_values /opt/stack/data/venv/lib/python3.12/site-packages/oslo_config/cfg.py:3006}}
Apr 21 06:14:06.565641 np0000168677 neutron-periodic-workers[106043]: DEBUG cotyledon.oslo_config_glue [-] ovn.ovn_nb_certificate = /opt/stack/data/CA/int-ca/devstack-cert.crt {{(pid=106043) log_opt_values /opt/stack/data/venv/lib/python3.12/site-packages/oslo_config/cfg.py:3006}}
Apr 21 06:14:06.565684 np0000168677 neutron-periodic-workers[106043]: DEBUG cotyledon.oslo_config_glue [-] ovn.ovn_nb_connection = ['ssl:199.204.45.115:6641'] {{(pid=106043) log_opt_values /opt/stack/data/venv/lib/python3.12/site-packages/oslo_config/cfg.py:3006}}
Apr 21 06:14:06.565756 np0000168677 neutron-periodic-workers[106043]: DEBUG cotyledon.oslo_config_glue [-] ovn.ovn_nb_private_key = /opt/stack/data/CA/int-ca/private/devstack-cert.key {{(pid=106043) log_opt_values /opt/stack/data/venv/lib/python3.12/site-packages/oslo_config/cfg.py:3006}}
Apr 21 06:14:06.565803 np0000168677 neutron-periodic-workers[106043]: DEBUG cotyledon.oslo_config_glue [-] ovn.ovn_router_indirect_snat = False {{(pid=106043) log_opt_values /opt/stack/data/venv/lib/python3.12/site-packages/oslo_config/cfg.py:3006}}
Apr 21 06:14:06.565867 np0000168677 neutron-periodic-workers[106043]: DEBUG cotyledon.oslo_config_glue [-] ovn.ovn_sb_ca_cert = /opt/stack/data/CA/int-ca/ca-chain.pem {{(pid=106043) log_opt_values /opt/stack/data/venv/lib/python3.12/site-packages/oslo_config/cfg.py:3006}}
Apr 21 06:14:06.565955 np0000168677 neutron-periodic-workers[106043]: DEBUG cotyledon.oslo_config_glue [-] ovn.ovn_sb_certificate = /opt/stack/data/CA/int-ca/devstack-cert.crt {{(pid=106043) log_opt_values /opt/stack/data/venv/lib/python3.12/site-packages/oslo_config/cfg.py:3006}}
Apr 21 06:14:06.566185 np0000168677 neutron-periodic-workers[106043]: DEBUG cotyledon.oslo_config_glue [-] ovn.ovn_sb_connection = ['ssl:199.204.45.115:6642'] {{(pid=106043) log_opt_values /opt/stack/data/venv/lib/python3.12/site-packages/oslo_config/cfg.py:3006}}
Apr 21 06:14:06.566185 np0000168677 neutron-periodic-workers[106043]: DEBUG cotyledon.oslo_config_glue [-] ovn.ovn_sb_private_key = /opt/stack/data/CA/int-ca/private/devstack-cert.key {{(pid=106043) log_opt_values /opt/stack/data/venv/lib/python3.12/site-packages/oslo_config/cfg.py:3006}}
Apr 21 06:14:06.566185 np0000168677 neutron-periodic-workers[106043]: DEBUG cotyledon.oslo_config_glue [-] ovn.ovs_create_tap = False {{(pid=106043) log_opt_values /opt/stack/data/venv/lib/python3.12/site-packages/oslo_config/cfg.py:3006}}
Apr 21 06:14:06.566312 np0000168677 neutron-periodic-workers[106043]: DEBUG cotyledon.oslo_config_glue [-] ovn.ovsdb_connection_timeout = 180 {{(pid=106043) log_opt_values /opt/stack/data/venv/lib/python3.12/site-packages/oslo_config/cfg.py:3006}}
Apr 21 06:14:06.566401 np0000168677 neutron-periodic-workers[106043]: DEBUG cotyledon.oslo_config_glue [-] ovn.ovsdb_log_level = INFO {{(pid=106043) log_opt_values /opt/stack/data/venv/lib/python3.12/site-packages/oslo_config/cfg.py:3006}}
Apr 21 06:14:06.566474 np0000168677 neutron-periodic-workers[106043]: DEBUG cotyledon.oslo_config_glue [-] ovn.ovsdb_probe_interval = 60000 {{(pid=106043) log_opt_values /opt/stack/data/venv/lib/python3.12/site-packages/oslo_config/cfg.py:3006}}
Apr 21 06:14:06.566532 np0000168677 neutron-periodic-workers[106043]: DEBUG cotyledon.oslo_config_glue [-] ovn.ovsdb_retry_max_interval = 180 {{(pid=106043) log_opt_values /opt/stack/data/venv/lib/python3.12/site-packages/oslo_config/cfg.py:3006}}
Apr 21 06:14:06.566604 np0000168677 neutron-periodic-workers[106043]: DEBUG cotyledon.oslo_config_glue [-] ovn.stateless_nat_enabled = False {{(pid=106043) log_opt_values /opt/stack/data/venv/lib/python3.12/site-packages/oslo_config/cfg.py:3006}}
Apr 21 06:14:06.566733 np0000168677 neutron-periodic-workers[106043]: DEBUG cotyledon.oslo_config_glue [-] ovn.vhost_sock_dir = /var/run/openvswitch {{(pid=106043) log_opt_values /opt/stack/data/venv/lib/python3.12/site-packages/oslo_config/cfg.py:3006}}
Apr 21 06:14:06.566779 np0000168677 neutron-periodic-workers[106043]: DEBUG cotyledon.oslo_config_glue [-] OVS.bridge_mac_table_size = 50000 {{(pid=106043) log_opt_values /opt/stack/data/venv/lib/python3.12/site-packages/oslo_config/cfg.py:3006}}
Apr 21 06:14:06.566829 np0000168677 neutron-periodic-workers[106043]: DEBUG cotyledon.oslo_config_glue [-] OVS.igmp_flood = False {{(pid=106043) log_opt_values /opt/stack/data/venv/lib/python3.12/site-packages/oslo_config/cfg.py:3006}}
Apr 21 06:14:06.566947 np0000168677 neutron-periodic-workers[106043]: DEBUG cotyledon.oslo_config_glue [-] OVS.igmp_flood_reports = True {{(pid=106043) log_opt_values /opt/stack/data/venv/lib/python3.12/site-packages/oslo_config/cfg.py:3006}}
Apr 21 06:14:06.567017 np0000168677 neutron-periodic-workers[106043]: DEBUG cotyledon.oslo_config_glue [-] OVS.igmp_flood_unregistered = False {{(pid=106043) log_opt_values /opt/stack/data/venv/lib/python3.12/site-packages/oslo_config/cfg.py:3006}}
Apr 21 06:14:06.567087 np0000168677 neutron-periodic-workers[106043]: DEBUG cotyledon.oslo_config_glue [-] OVS.igmp_snooping_enable = False {{(pid=106043) log_opt_values /opt/stack/data/venv/lib/python3.12/site-packages/oslo_config/cfg.py:3006}}
Apr 21 06:14:06.567149 np0000168677 neutron-periodic-workers[106043]: DEBUG cotyledon.oslo_config_glue [-] OVS.ovsdb_timeout = 10 {{(pid=106043) log_opt_values /opt/stack/data/venv/lib/python3.12/site-packages/oslo_config/cfg.py:3006}}
Apr 21 06:14:06.567229 np0000168677 neutron-periodic-workers[106043]: DEBUG cotyledon.oslo_config_glue [-] ovn_nb_global.fdb_removal_limit = 0 {{(pid=106043) log_opt_values /opt/stack/data/venv/lib/python3.12/site-packages/oslo_config/cfg.py:3006}}
Apr 21 06:14:06.567290 np0000168677 neutron-periodic-workers[106043]: DEBUG cotyledon.oslo_config_glue [-] ovn_nb_global.ignore_lsp_down = False {{(pid=106043) log_opt_values /opt/stack/data/venv/lib/python3.12/site-packages/oslo_config/cfg.py:3006}}
Apr 21 06:14:06.567363 np0000168677 neutron-periodic-workers[106043]: DEBUG cotyledon.oslo_config_glue [-] ovn_nb_global.mac_binding_removal_limit = 0 {{(pid=106043) log_opt_values /opt/stack/data/venv/lib/python3.12/site-packages/oslo_config/cfg.py:3006}}
Apr 21 06:14:06.567417 np0000168677 neutron-periodic-workers[106043]: DEBUG cotyledon.oslo_config_glue [-] ******************************************************************************** {{(pid=106043) log_opt_values /opt/stack/data/venv/lib/python3.12/site-packages/oslo_config/cfg.py:3013}}
Apr 21 06:14:06.567619 np0000168677 neutron-periodic-workers[106043]: DEBUG cotyledon._service_worker [-] Run service ServiceWrapper(0) [106043] {{(pid=106043) wait_forever /opt/stack/data/venv/lib/python3.12/site-packages/cotyledon/_service_worker.py:218}}
Apr 21 06:14:16.215442 np0000168677 neutron-periodic-workers[105249]: DEBUG dbcounter [-] [105249] Writing DB stats neutron:SELECT=4 {{(pid=105249) stat_writer /opt/stack/data/venv/lib/python3.12/site-packages/dbcounter.py:115}}
Apr 21 06:14:49.580151 np0000168677 neutron-periodic-workers[106043]: DEBUG oslo_db.sqlalchemy.engines [None req-60e40008-6ee1-4042-bc64-9bcd37ec7f96 None None] Parent process 105249 forked (106043) with an open database connection, which is being discarded and recreated. {{(pid=106043) checkout /opt/stack/data/venv/lib/python3.12/site-packages/oslo_db/sqlalchemy/engines.py:402}}
Apr 21 06:14:49.587549 np0000168677 neutron-periodic-workers[106043]: DEBUG dbcounter [-] [106043] Writer thread running {{(pid=106043) stat_writer /opt/stack/data/venv/lib/python3.12/site-packages/dbcounter.py:102}}
Apr 21 06:14:49.590184 np0000168677 neutron-periodic-workers[106043]: DEBUG neutron.db.agents_db [None req-60e40008-6ee1-4042-bc64-9bcd37ec7f96 None None] Agent healthcheck: found 0 active agents {{(pid=106043) agent_health_check /opt/stack/neutron/neutron/db/agents_db.py:317}}
Apr 21 06:14:49.590345 np0000168677 neutron-periodic-workers[106043]: DEBUG oslo.service.backend._threading.loopingcall [None req-60e40008-6ee1-4042-bc64-9bcd37ec7f96 None None] Fixed interval looping call 'neutron.plugins.ml2.plugin.AgentDbMixin.agent_health_check' sleeping for 36.98 seconds {{(pid=106043) _run_loop /opt/stack/data/venv/lib/python3.12/site-packages/oslo_service/backend/_threading/loopingcall.py:125}}
Apr 21 06:14:55.535321 np0000168677 neutron-periodic-workers[106033]: DEBUG dbcounter [-] [106033] Writer thread running {{(pid=106033) stat_writer /opt/stack/data/venv/lib/python3.12/site-packages/dbcounter.py:102}}
Apr 21 06:14:55.542911 np0000168677 neutron-periodic-workers[106033]: DEBUG oslo.service.backend._threading.loopingcall [None req-e14c32e9-9103-470f-845a-5f228b46581f None None] Fixed interval looping call 'neutron.plugins.ml2.plugin.DhcpAgentSchedulerDbMixin.remove_networks_from_down_agents' sleeping for 36.98 seconds {{(pid=106033) _run_loop /opt/stack/data/venv/lib/python3.12/site-packages/oslo_service/backend/_threading/loopingcall.py:125}}
Apr 21 06:14:59.588219 np0000168677 neutron-periodic-workers[106043]: DEBUG dbcounter [-] [106043] Writing DB stats neutron:SELECT=1 {{(pid=106043) stat_writer /opt/stack/data/venv/lib/python3.12/site-packages/dbcounter.py:115}}
Apr 21 06:15:05.542304 np0000168677 neutron-periodic-workers[106033]: DEBUG dbcounter [-] [106033] Writing DB stats neutron:SELECT=3 {{(pid=106033) stat_writer /opt/stack/data/venv/lib/python3.12/site-packages/dbcounter.py:115}}
Apr 21 06:15:26.576196 np0000168677 neutron-periodic-workers[106043]: DEBUG neutron.db.agents_db [None req-60e40008-6ee1-4042-bc64-9bcd37ec7f96 None None] Agent healthcheck: found 0 active agents {{(pid=106043) agent_health_check /opt/stack/neutron/neutron/db/agents_db.py:317}}
Apr 21 06:15:26.577023 np0000168677 neutron-periodic-workers[106043]: DEBUG oslo.service.backend._threading.loopingcall [None req-60e40008-6ee1-4042-bc64-9bcd37ec7f96 None None] Fixed interval looping call 'neutron.plugins.ml2.plugin.AgentDbMixin.agent_health_check' sleeping for 36.99 seconds {{(pid=106043) _run_loop /opt/stack/data/venv/lib/python3.12/site-packages/oslo_service/backend/_threading/loopingcall.py:125}}
Apr 21 06:15:32.532372 np0000168677 neutron-periodic-workers[106033]: DEBUG oslo.service.backend._threading.loopingcall [None req-e14c32e9-9103-470f-845a-5f228b46581f None None] Fixed interval looping call 'neutron.plugins.ml2.plugin.DhcpAgentSchedulerDbMixin.remove_networks_from_down_agents' sleeping for 36.99 seconds {{(pid=106033) _run_loop /opt/stack/data/venv/lib/python3.12/site-packages/oslo_service/backend/_threading/loopingcall.py:125}}
Apr 21 06:15:36.574003 np0000168677 neutron-periodic-workers[106043]: DEBUG dbcounter [-] [106043] Writing DB stats neutron:SELECT=1 {{(pid=106043) stat_writer /opt/stack/data/venv/lib/python3.12/site-packages/dbcounter.py:115}}
Apr 21 06:15:42.531179 np0000168677 neutron-periodic-workers[106033]: DEBUG dbcounter [-] [106033] Writing DB stats neutron:SELECT=3 {{(pid=106033) stat_writer /opt/stack/data/venv/lib/python3.12/site-packages/dbcounter.py:115}}
Apr 21 06:16:03.571760 np0000168677 neutron-periodic-workers[106043]: DEBUG neutron.db.agents_db [None req-60e40008-6ee1-4042-bc64-9bcd37ec7f96 None None] Agent healthcheck: found 0 active agents {{(pid=106043) agent_health_check /opt/stack/neutron/neutron/db/agents_db.py:317}}
Apr 21 06:16:03.572438 np0000168677 neutron-periodic-workers[106043]: DEBUG oslo.service.backend._threading.loopingcall [None req-60e40008-6ee1-4042-bc64-9bcd37ec7f96 None None] Fixed interval looping call 'neutron.plugins.ml2.plugin.AgentDbMixin.agent_health_check' sleeping for 36.99 seconds {{(pid=106043) _run_loop /opt/stack/data/venv/lib/python3.12/site-packages/oslo_service/backend/_threading/loopingcall.py:125}}
Apr 21 06:16:06.571543 np0000168677 neutron-periodic-workers[106058]: DEBUG dbcounter [-] [106058] Writer thread running {{(pid=106058) stat_writer /opt/stack/data/venv/lib/python3.12/site-packages/dbcounter.py:102}}
Apr 21 06:16:06.573318 np0000168677 neutron-periodic-workers[106058]: DEBUG oslo.service.backend._threading.loopingcall [None req-78736e69-7552-43e6-973b-a80f3b94f2d9 None None] Fixed interval looping call 'neutron.db.quota.driver_nolock.DbQuotaNoLockDriver._remove_expired_reservations' sleeping for 119.98 seconds {{(pid=106058) _run_loop /opt/stack/data/venv/lib/python3.12/site-packages/oslo_service/backend/_threading/loopingcall.py:125}}
Apr 21 06:16:09.531622 np0000168677 neutron-periodic-workers[106033]: DEBUG oslo.service.backend._threading.loopingcall [None req-e14c32e9-9103-470f-845a-5f228b46581f None None] Fixed interval looping call 'neutron.plugins.ml2.plugin.DhcpAgentSchedulerDbMixin.remove_networks_from_down_agents' sleeping for 36.99 seconds {{(pid=106033) _run_loop /opt/stack/data/venv/lib/python3.12/site-packages/oslo_service/backend/_threading/loopingcall.py:125}}
Apr 21 06:16:13.569939 np0000168677 neutron-periodic-workers[106043]: DEBUG dbcounter [-] [106043] Writing DB stats neutron:SELECT=1 {{(pid=106043) stat_writer /opt/stack/data/venv/lib/python3.12/site-packages/dbcounter.py:115}}
Apr 21 06:16:16.572137 np0000168677 neutron-periodic-workers[106058]: DEBUG dbcounter [-] [106058] Writing DB stats neutron:DELETE=1 {{(pid=106058) stat_writer /opt/stack/data/venv/lib/python3.12/site-packages/dbcounter.py:115}}
Apr 21 06:16:19.531678 np0000168677 neutron-periodic-workers[106033]: DEBUG dbcounter [-] [106033] Writing DB stats neutron:SELECT=3 {{(pid=106033) stat_writer /opt/stack/data/venv/lib/python3.12/site-packages/dbcounter.py:115}}
Apr 21 06:16:22.553620 np0000168677 neutron-periodic-workers[106023]: DEBUG dbcounter [-] [106023] Writer thread running {{(pid=106023) stat_writer /opt/stack/data/venv/lib/python3.12/site-packages/dbcounter.py:102}}
Apr 21 06:16:22.564236 np0000168677 neutron-periodic-workers[106023]: DEBUG oslo.service.backend._threading.loopingcall [None req-73437f6c-4e87-45f5-87c9-1328a358938c None None] Fixed interval looping call 'neutron.services.ovn_l3.plugin.L3_NAT_dbonly_mixin._clean_garbage' sleeping for 299.96 seconds {{(pid=106023) _run_loop /opt/stack/data/venv/lib/python3.12/site-packages/oslo_service/backend/_threading/loopingcall.py:125}}
Apr 21 06:16:32.554353 np0000168677 neutron-periodic-workers[106023]: DEBUG dbcounter [-] [106023] Writing DB stats neutron:SELECT=1 {{(pid=106023) stat_writer /opt/stack/data/venv/lib/python3.12/site-packages/dbcounter.py:115}}
Apr 21 06:16:40.567663 np0000168677 neutron-periodic-workers[106043]: DEBUG neutron.db.agents_db [None req-60e40008-6ee1-4042-bc64-9bcd37ec7f96 None None] Agent healthcheck: found 0 active agents {{(pid=106043) agent_health_check /opt/stack/neutron/neutron/db/agents_db.py:317}}
Apr 21 06:16:40.568335 np0000168677 neutron-periodic-workers[106043]: DEBUG oslo.service.backend._threading.loopingcall [None req-60e40008-6ee1-4042-bc64-9bcd37ec7f96 None None] Fixed interval looping call 'neutron.plugins.ml2.plugin.AgentDbMixin.agent_health_check' sleeping for 36.99 seconds {{(pid=106043) _run_loop /opt/stack/data/venv/lib/python3.12/site-packages/oslo_service/backend/_threading/loopingcall.py:125}}
Apr 21 06:16:46.532814 np0000168677 neutron-periodic-workers[106033]: DEBUG oslo.service.backend._threading.loopingcall [None req-e14c32e9-9103-470f-845a-5f228b46581f None None] Fixed interval looping call 'neutron.plugins.ml2.plugin.DhcpAgentSchedulerDbMixin.remove_networks_from_down_agents' sleeping for 36.99 seconds {{(pid=106033) _run_loop /opt/stack/data/venv/lib/python3.12/site-packages/oslo_service/backend/_threading/loopingcall.py:125}}
Apr 21 06:16:50.566029 np0000168677 neutron-periodic-workers[106043]: DEBUG dbcounter [-] [106043] Writing DB stats neutron:SELECT=1 {{(pid=106043) stat_writer /opt/stack/data/venv/lib/python3.12/site-packages/dbcounter.py:115}}
Apr 21 06:16:56.531140 np0000168677 neutron-periodic-workers[106033]: DEBUG dbcounter [-] [106033] Writing DB stats neutron:SELECT=3 {{(pid=106033) stat_writer /opt/stack/data/venv/lib/python3.12/site-packages/dbcounter.py:115}}
Apr 21 06:17:17.563664 np0000168677 neutron-periodic-workers[106043]: DEBUG neutron.db.agents_db [None req-60e40008-6ee1-4042-bc64-9bcd37ec7f96 None None] Agent healthcheck: found 0 active agents {{(pid=106043) agent_health_check /opt/stack/neutron/neutron/db/agents_db.py:317}}
Apr 21 06:17:17.564271 np0000168677 neutron-periodic-workers[106043]: DEBUG oslo.service.backend._threading.loopingcall [None req-60e40008-6ee1-4042-bc64-9bcd37ec7f96 None None] Fixed interval looping call 'neutron.plugins.ml2.plugin.AgentDbMixin.agent_health_check' sleeping for 36.99 seconds {{(pid=106043) _run_loop /opt/stack/data/venv/lib/python3.12/site-packages/oslo_service/backend/_threading/loopingcall.py:125}}
Apr 21 06:17:23.529251 np0000168677 neutron-periodic-workers[106033]: DEBUG oslo.service.backend._threading.loopingcall [None req-e14c32e9-9103-470f-845a-5f228b46581f None None] Fixed interval looping call 'neutron.plugins.ml2.plugin.DhcpAgentSchedulerDbMixin.remove_networks_from_down_agents' sleeping for 36.99 seconds {{(pid=106033) _run_loop /opt/stack/data/venv/lib/python3.12/site-packages/oslo_service/backend/_threading/loopingcall.py:125}}
Apr 21 06:17:27.561451 np0000168677 neutron-periodic-workers[106043]: DEBUG dbcounter [-] [106043] Writing DB stats neutron:SELECT=1 {{(pid=106043) stat_writer /opt/stack/data/venv/lib/python3.12/site-packages/dbcounter.py:115}}
Apr 21 06:17:33.528667 np0000168677 neutron-periodic-workers[106033]: DEBUG dbcounter [-] [106033] Writing DB stats neutron:SELECT=3 {{(pid=106033) stat_writer /opt/stack/data/venv/lib/python3.12/site-packages/dbcounter.py:115}}
Apr 21 06:17:54.556652 np0000168677 neutron-periodic-workers[106043]: DEBUG neutron.db.agents_db [None req-60e40008-6ee1-4042-bc64-9bcd37ec7f96 None None] Agent healthcheck: found 0 active agents {{(pid=106043) agent_health_check /opt/stack/neutron/neutron/db/agents_db.py:317}}
Apr 21 06:17:54.557253 np0000168677 neutron-periodic-workers[106043]: DEBUG oslo.service.backend._threading.loopingcall [None req-60e40008-6ee1-4042-bc64-9bcd37ec7f96 None None] Fixed interval looping call 'neutron.plugins.ml2.plugin.AgentDbMixin.agent_health_check' sleeping for 37.00 seconds {{(pid=106043) _run_loop /opt/stack/data/venv/lib/python3.12/site-packages/oslo_service/backend/_threading/loopingcall.py:125}}
Apr 21 06:18:00.529333 np0000168677 neutron-periodic-workers[106033]: DEBUG oslo.service.backend._threading.loopingcall [None req-e14c32e9-9103-470f-845a-5f228b46581f None None] Fixed interval looping call 'neutron.plugins.ml2.plugin.DhcpAgentSchedulerDbMixin.remove_networks_from_down_agents' sleeping for 36.99 seconds {{(pid=106033) _run_loop /opt/stack/data/venv/lib/python3.12/site-packages/oslo_service/backend/_threading/loopingcall.py:125}}
Apr 21 06:18:04.555890 np0000168677 neutron-periodic-workers[106043]: DEBUG dbcounter [-] [106043] Writing DB stats neutron:SELECT=1 {{(pid=106043) stat_writer /opt/stack/data/venv/lib/python3.12/site-packages/dbcounter.py:115}}
Apr 21 06:18:06.558901 np0000168677 neutron-periodic-workers[106058]: DEBUG oslo.service.backend._threading.loopingcall [None req-78736e69-7552-43e6-973b-a80f3b94f2d9 None None] Fixed interval looping call 'neutron.db.quota.driver_nolock.DbQuotaNoLockDriver._remove_expired_reservations' sleeping for 120.00 seconds {{(pid=106058) _run_loop /opt/stack/data/venv/lib/python3.12/site-packages/oslo_service/backend/_threading/loopingcall.py:125}}
Apr 21 06:18:10.527637 np0000168677 neutron-periodic-workers[106033]: DEBUG dbcounter [-] [106033] Writing DB stats neutron:SELECT=3 {{(pid=106033) stat_writer /opt/stack/data/venv/lib/python3.12/site-packages/dbcounter.py:115}}
Apr 21 06:18:16.557441 np0000168677 neutron-periodic-workers[106058]: DEBUG dbcounter [-] [106058] Writing DB stats neutron:DELETE=1 {{(pid=106058) stat_writer /opt/stack/data/venv/lib/python3.12/site-packages/dbcounter.py:115}}
Apr 21 06:18:31.562594 np0000168677 neutron-periodic-workers[106043]: DEBUG neutron.db.agents_db [None req-60e40008-6ee1-4042-bc64-9bcd37ec7f96 None None] Agent healthcheck: found 0 active agents {{(pid=106043) agent_health_check /opt/stack/neutron/neutron/db/agents_db.py:317}}
Apr 21 06:18:31.562904 np0000168677 neutron-periodic-workers[106043]: DEBUG oslo.service.backend._threading.loopingcall [None req-60e40008-6ee1-4042-bc64-9bcd37ec7f96 None None] Fixed interval looping call 'neutron.plugins.ml2.plugin.AgentDbMixin.agent_health_check' sleeping for 36.99 seconds {{(pid=106043) _run_loop /opt/stack/data/venv/lib/python3.12/site-packages/oslo_service/backend/_threading/loopingcall.py:125}}
Apr 21 06:18:37.528033 np0000168677 neutron-periodic-workers[106033]: DEBUG oslo.service.backend._threading.loopingcall [None req-e14c32e9-9103-470f-845a-5f228b46581f None None] Fixed interval looping call 'neutron.plugins.ml2.plugin.DhcpAgentSchedulerDbMixin.remove_networks_from_down_agents' sleeping for 36.99 seconds {{(pid=106033) _run_loop /opt/stack/data/venv/lib/python3.12/site-packages/oslo_service/backend/_threading/loopingcall.py:125}}
Apr 21 06:18:41.560320 np0000168677 neutron-periodic-workers[106043]: DEBUG dbcounter [-] [106043] Writing DB stats neutron:SELECT=1 {{(pid=106043) stat_writer /opt/stack/data/venv/lib/python3.12/site-packages/dbcounter.py:115}}
Apr 21 06:18:47.527285 np0000168677 neutron-periodic-workers[106033]: DEBUG dbcounter [-] [106033] Writing DB stats neutron:SELECT=3 {{(pid=106033) stat_writer /opt/stack/data/venv/lib/python3.12/site-packages/dbcounter.py:115}}
Apr 21 06:19:08.559841 np0000168677 neutron-periodic-workers[106043]: DEBUG neutron.db.agents_db [None req-60e40008-6ee1-4042-bc64-9bcd37ec7f96 None None] Agent healthcheck: found 0 active agents {{(pid=106043) agent_health_check /opt/stack/neutron/neutron/db/agents_db.py:317}}
Apr 21 06:19:08.560413 np0000168677 neutron-periodic-workers[106043]: DEBUG oslo.service.backend._threading.loopingcall [None req-60e40008-6ee1-4042-bc64-9bcd37ec7f96 None None] Fixed interval looping call 'neutron.plugins.ml2.plugin.AgentDbMixin.agent_health_check' sleeping for 36.99 seconds {{(pid=106043) _run_loop /opt/stack/data/venv/lib/python3.12/site-packages/oslo_service/backend/_threading/loopingcall.py:125}}
Apr 21 06:19:14.527767 np0000168677 neutron-periodic-workers[106033]: DEBUG oslo.service.backend._threading.loopingcall [None req-e14c32e9-9103-470f-845a-5f228b46581f None None] Fixed interval looping call 'neutron.plugins.ml2.plugin.DhcpAgentSchedulerDbMixin.remove_networks_from_down_agents' sleeping for 36.99 seconds {{(pid=106033) _run_loop /opt/stack/data/venv/lib/python3.12/site-packages/oslo_service/backend/_threading/loopingcall.py:125}}
Apr 21 06:19:18.557917 np0000168677 neutron-periodic-workers[106043]: DEBUG dbcounter [-] [106043] Writing DB stats neutron:SELECT=1 {{(pid=106043) stat_writer /opt/stack/data/venv/lib/python3.12/site-packages/dbcounter.py:115}}
Apr 21 06:19:24.526681 np0000168677 neutron-periodic-workers[106033]: DEBUG dbcounter [-] [106033] Writing DB stats neutron:SELECT=3 {{(pid=106033) stat_writer /opt/stack/data/venv/lib/python3.12/site-packages/dbcounter.py:115}}
Apr 21 06:19:45.555833 np0000168677 neutron-periodic-workers[106043]: DEBUG neutron.db.agents_db [None req-60e40008-6ee1-4042-bc64-9bcd37ec7f96 None None] Agent healthcheck: found 0 active agents {{(pid=106043) agent_health_check /opt/stack/neutron/neutron/db/agents_db.py:317}}
Apr 21 06:19:45.556504 np0000168677 neutron-periodic-workers[106043]: DEBUG oslo.service.backend._threading.loopingcall [None req-60e40008-6ee1-4042-bc64-9bcd37ec7f96 None None] Fixed interval looping call 'neutron.plugins.ml2.plugin.AgentDbMixin.agent_health_check' sleeping for 36.99 seconds {{(pid=106043) _run_loop /opt/stack/data/venv/lib/python3.12/site-packages/oslo_service/backend/_threading/loopingcall.py:125}}
Apr 21 06:19:51.529514 np0000168677 neutron-periodic-workers[106033]: DEBUG oslo.service.backend._threading.loopingcall [None req-e14c32e9-9103-470f-845a-5f228b46581f None None] Fixed interval looping call 'neutron.plugins.ml2.plugin.DhcpAgentSchedulerDbMixin.remove_networks_from_down_agents' sleeping for 36.99 seconds {{(pid=106033) _run_loop /opt/stack/data/venv/lib/python3.12/site-packages/oslo_service/backend/_threading/loopingcall.py:125}}
Apr 21 06:19:55.554065 np0000168677 neutron-periodic-workers[106043]: DEBUG dbcounter [-] [106043] Writing DB stats neutron:SELECT=1 {{(pid=106043) stat_writer /opt/stack/data/venv/lib/python3.12/site-packages/dbcounter.py:115}}
Apr 21 06:20:01.527959 np0000168677 neutron-periodic-workers[106033]: DEBUG dbcounter [-] [106033] Writing DB stats neutron:SELECT=3 {{(pid=106033) stat_writer /opt/stack/data/venv/lib/python3.12/site-packages/dbcounter.py:115}}
Apr 21 06:20:06.564030 np0000168677 neutron-periodic-workers[106058]: DEBUG oslo.service.backend._threading.loopingcall [None req-78736e69-7552-43e6-973b-a80f3b94f2d9 None None] Fixed interval looping call 'neutron.db.quota.driver_nolock.DbQuotaNoLockDriver._remove_expired_reservations' sleeping for 120.00 seconds {{(pid=106058) _run_loop /opt/stack/data/venv/lib/python3.12/site-packages/oslo_service/backend/_threading/loopingcall.py:125}}
Apr 21 06:20:16.562580 np0000168677 neutron-periodic-workers[106058]: DEBUG dbcounter [-] [106058] Writing DB stats neutron:DELETE=1 {{(pid=106058) stat_writer /opt/stack/data/venv/lib/python3.12/site-packages/dbcounter.py:115}}
Apr 21 06:20:22.552020 np0000168677 neutron-periodic-workers[106043]: DEBUG neutron.db.agents_db [None req-60e40008-6ee1-4042-bc64-9bcd37ec7f96 None None] Agent healthcheck: found 0 active agents {{(pid=106043) agent_health_check /opt/stack/neutron/neutron/db/agents_db.py:317}}
Apr 21 06:20:22.552642 np0000168677 neutron-periodic-workers[106043]: DEBUG oslo.service.backend._threading.loopingcall [None req-60e40008-6ee1-4042-bc64-9bcd37ec7f96 None None] Fixed interval looping call 'neutron.plugins.ml2.plugin.AgentDbMixin.agent_health_check' sleeping for 36.99 seconds {{(pid=106043) _run_loop /opt/stack/data/venv/lib/python3.12/site-packages/oslo_service/backend/_threading/loopingcall.py:125}}
Apr 21 06:20:28.529216 np0000168677 neutron-periodic-workers[106033]: DEBUG oslo.service.backend._threading.loopingcall [None req-e14c32e9-9103-470f-845a-5f228b46581f None None] Fixed interval looping call 'neutron.plugins.ml2.plugin.DhcpAgentSchedulerDbMixin.remove_networks_from_down_agents' sleeping for 36.99 seconds {{(pid=106033) _run_loop /opt/stack/data/venv/lib/python3.12/site-packages/oslo_service/backend/_threading/loopingcall.py:125}}
Apr 21 06:20:32.550268 np0000168677 neutron-periodic-workers[106043]: DEBUG dbcounter [-] [106043] Writing DB stats neutron:SELECT=1 {{(pid=106043) stat_writer /opt/stack/data/venv/lib/python3.12/site-packages/dbcounter.py:115}}
Apr 21 06:20:38.527827 np0000168677 neutron-periodic-workers[106033]: DEBUG dbcounter [-] [106033] Writing DB stats neutron:SELECT=3 {{(pid=106033) stat_writer /opt/stack/data/venv/lib/python3.12/site-packages/dbcounter.py:115}}
Apr 21 06:20:59.550479 np0000168677 neutron-periodic-workers[106043]: DEBUG neutron.db.agents_db [None req-60e40008-6ee1-4042-bc64-9bcd37ec7f96 None None] Agent healthcheck: found 0 active agents {{(pid=106043) agent_health_check /opt/stack/neutron/neutron/db/agents_db.py:317}}
Apr 21 06:20:59.550479 np0000168677 neutron-periodic-workers[106043]: DEBUG oslo.service.backend._threading.loopingcall [None req-60e40008-6ee1-4042-bc64-9bcd37ec7f96 None None] Fixed interval looping call 'neutron.plugins.ml2.plugin.AgentDbMixin.agent_health_check' sleeping for 36.99 seconds {{(pid=106043) _run_loop /opt/stack/data/venv/lib/python3.12/site-packages/oslo_service/backend/_threading/loopingcall.py:125}}
Apr 21 06:21:05.527943 np0000168677 neutron-periodic-workers[106033]: DEBUG oslo.service.backend._threading.loopingcall [None req-e14c32e9-9103-470f-845a-5f228b46581f None None] Fixed interval looping call 'neutron.plugins.ml2.plugin.DhcpAgentSchedulerDbMixin.remove_networks_from_down_agents' sleeping for 36.99 seconds {{(pid=106033) _run_loop /opt/stack/data/venv/lib/python3.12/site-packages/oslo_service/backend/_threading/loopingcall.py:125}}
Apr 21 06:21:09.546644 np0000168677 neutron-periodic-workers[106043]: DEBUG dbcounter [-] [106043] Writing DB stats neutron:SELECT=1 {{(pid=106043) stat_writer /opt/stack/data/venv/lib/python3.12/site-packages/dbcounter.py:115}}
Apr 21 06:21:15.526329 np0000168677 neutron-periodic-workers[106033]: DEBUG dbcounter [-] [106033] Writing DB stats neutron:SELECT=3 {{(pid=106033) stat_writer /opt/stack/data/venv/lib/python3.12/site-packages/dbcounter.py:115}}
Apr 21 06:21:22.535682 np0000168677 neutron-periodic-workers[106023]: DEBUG oslo.service.backend._threading.loopingcall [None req-73437f6c-4e87-45f5-87c9-1328a358938c None None] Fixed interval looping call 'neutron.services.ovn_l3.plugin.L3_NAT_dbonly_mixin._clean_garbage' sleeping for 299.99 seconds {{(pid=106023) _run_loop /opt/stack/data/venv/lib/python3.12/site-packages/oslo_service/backend/_threading/loopingcall.py:125}}
Apr 21 06:21:32.528297 np0000168677 neutron-periodic-workers[106023]: DEBUG dbcounter [-] [106023] Writing DB stats neutron:SELECT=1 {{(pid=106023) stat_writer /opt/stack/data/venv/lib/python3.12/site-packages/dbcounter.py:115}}
Apr 21 06:21:36.545054 np0000168677 neutron-periodic-workers[106043]: DEBUG neutron.db.agents_db [None req-60e40008-6ee1-4042-bc64-9bcd37ec7f96 None None] Agent healthcheck: found 0 active agents {{(pid=106043) agent_health_check /opt/stack/neutron/neutron/db/agents_db.py:317}}
Apr 21 06:21:36.545054 np0000168677 neutron-periodic-workers[106043]: DEBUG oslo.service.backend._threading.loopingcall [None req-60e40008-6ee1-4042-bc64-9bcd37ec7f96 None None] Fixed interval looping call 'neutron.plugins.ml2.plugin.AgentDbMixin.agent_health_check' sleeping for 36.99 seconds {{(pid=106043) _run_loop /opt/stack/data/venv/lib/python3.12/site-packages/oslo_service/backend/_threading/loopingcall.py:125}}
Apr 21 06:21:42.524788 np0000168677 neutron-periodic-workers[106033]: DEBUG oslo.service.backend._threading.loopingcall [None req-e14c32e9-9103-470f-845a-5f228b46581f None None] Fixed interval looping call 'neutron.plugins.ml2.plugin.DhcpAgentSchedulerDbMixin.remove_networks_from_down_agents' sleeping for 36.99 seconds {{(pid=106033) _run_loop /opt/stack/data/venv/lib/python3.12/site-packages/oslo_service/backend/_threading/loopingcall.py:125}}
Apr 21 06:21:46.542717 np0000168677 neutron-periodic-workers[106043]: DEBUG dbcounter [-] [106043] Writing DB stats neutron:SELECT=1 {{(pid=106043) stat_writer /opt/stack/data/venv/lib/python3.12/site-packages/dbcounter.py:115}}
Apr 21 06:21:52.524204 np0000168677 neutron-periodic-workers[106033]: DEBUG dbcounter [-] [106033] Writing DB stats neutron:SELECT=3 {{(pid=106033) stat_writer /opt/stack/data/venv/lib/python3.12/site-packages/dbcounter.py:115}}
Apr 21 06:22:06.569124 np0000168677 neutron-periodic-workers[106058]: DEBUG oslo.service.backend._threading.loopingcall [None req-78736e69-7552-43e6-973b-a80f3b94f2d9 None None] Fixed interval looping call 'neutron.db.quota.driver_nolock.DbQuotaNoLockDriver._remove_expired_reservations' sleeping for 120.00 seconds {{(pid=106058) _run_loop /opt/stack/data/venv/lib/python3.12/site-packages/oslo_service/backend/_threading/loopingcall.py:125}}
Apr 21 06:22:13.539570 np0000168677 neutron-periodic-workers[106043]: DEBUG neutron.db.agents_db [None req-60e40008-6ee1-4042-bc64-9bcd37ec7f96 None None] Agent healthcheck: found 0 active agents {{(pid=106043) agent_health_check /opt/stack/neutron/neutron/db/agents_db.py:317}}
Apr 21 06:22:13.540199 np0000168677 neutron-periodic-workers[106043]: DEBUG oslo.service.backend._threading.loopingcall [None req-60e40008-6ee1-4042-bc64-9bcd37ec7f96 None None] Fixed interval looping call 'neutron.plugins.ml2.plugin.AgentDbMixin.agent_health_check' sleeping for 37.00 seconds {{(pid=106043) _run_loop /opt/stack/data/venv/lib/python3.12/site-packages/oslo_service/backend/_threading/loopingcall.py:125}}
Apr 21 06:22:16.567545 np0000168677 neutron-periodic-workers[106058]: DEBUG dbcounter [-] [106058] Writing DB stats neutron:DELETE=1 {{(pid=106058) stat_writer /opt/stack/data/venv/lib/python3.12/site-packages/dbcounter.py:115}}
Apr 21 06:22:19.523329 np0000168677 neutron-periodic-workers[106033]: DEBUG oslo.service.backend._threading.loopingcall [None req-e14c32e9-9103-470f-845a-5f228b46581f None None] Fixed interval looping call 'neutron.plugins.ml2.plugin.DhcpAgentSchedulerDbMixin.remove_networks_from_down_agents' sleeping for 36.99 seconds {{(pid=106033) _run_loop /opt/stack/data/venv/lib/python3.12/site-packages/oslo_service/backend/_threading/loopingcall.py:125}}
Apr 21 06:22:23.538473 np0000168677 neutron-periodic-workers[106043]: DEBUG dbcounter [-] [106043] Writing DB stats neutron:SELECT=1 {{(pid=106043) stat_writer /opt/stack/data/venv/lib/python3.12/site-packages/dbcounter.py:115}}
Apr 21 06:22:29.522179 np0000168677 neutron-periodic-workers[106033]: DEBUG dbcounter [-] [106033] Writing DB stats neutron:SELECT=3 {{(pid=106033) stat_writer /opt/stack/data/venv/lib/python3.12/site-packages/dbcounter.py:115}}
Apr 21 06:22:50.545378 np0000168677 neutron-periodic-workers[106043]: DEBUG neutron.db.agents_db [None req-60e40008-6ee1-4042-bc64-9bcd37ec7f96 None None] Agent healthcheck: found 0 active agents {{(pid=106043) agent_health_check /opt/stack/neutron/neutron/db/agents_db.py:317}}
Apr 21 06:22:50.546120 np0000168677 neutron-periodic-workers[106043]: DEBUG oslo.service.backend._threading.loopingcall [None req-60e40008-6ee1-4042-bc64-9bcd37ec7f96 None None] Fixed interval looping call 'neutron.plugins.ml2.plugin.AgentDbMixin.agent_health_check' sleeping for 36.99 seconds {{(pid=106043) _run_loop /opt/stack/data/venv/lib/python3.12/site-packages/oslo_service/backend/_threading/loopingcall.py:125}}
Apr 21 06:22:56.522503 np0000168677 neutron-periodic-workers[106033]: DEBUG oslo.service.backend._threading.loopingcall [None req-e14c32e9-9103-470f-845a-5f228b46581f None None] Fixed interval looping call 'neutron.plugins.ml2.plugin.DhcpAgentSchedulerDbMixin.remove_networks_from_down_agents' sleeping for 36.99 seconds {{(pid=106033) _run_loop /opt/stack/data/venv/lib/python3.12/site-packages/oslo_service/backend/_threading/loopingcall.py:125}}
Apr 21 06:23:00.543649 np0000168677 neutron-periodic-workers[106043]: DEBUG dbcounter [-] [106043] Writing DB stats neutron:SELECT=1 {{(pid=106043) stat_writer /opt/stack/data/venv/lib/python3.12/site-packages/dbcounter.py:115}}
Apr 21 06:23:06.521507 np0000168677 neutron-periodic-workers[106033]: DEBUG dbcounter [-] [106033] Writing DB stats neutron:SELECT=3 {{(pid=106033) stat_writer /opt/stack/data/venv/lib/python3.12/site-packages/dbcounter.py:115}}
Apr 21 06:23:27.540296 np0000168677 neutron-periodic-workers[106043]: DEBUG neutron.db.agents_db [None req-60e40008-6ee1-4042-bc64-9bcd37ec7f96 None None] Agent healthcheck: found 0 active agents {{(pid=106043) agent_health_check /opt/stack/neutron/neutron/db/agents_db.py:317}}
Apr 21 06:23:27.541019 np0000168677 neutron-periodic-workers[106043]: DEBUG oslo.service.backend._threading.loopingcall [None req-60e40008-6ee1-4042-bc64-9bcd37ec7f96 None None] Fixed interval looping call 'neutron.plugins.ml2.plugin.AgentDbMixin.agent_health_check' sleeping for 37.00 seconds {{(pid=106043) _run_loop /opt/stack/data/venv/lib/python3.12/site-packages/oslo_service/backend/_threading/loopingcall.py:125}}
Apr 21 06:23:33.521558 np0000168677 neutron-periodic-workers[106033]: DEBUG oslo.service.backend._threading.loopingcall [None req-e14c32e9-9103-470f-845a-5f228b46581f None None] Fixed interval looping call 'neutron.plugins.ml2.plugin.DhcpAgentSchedulerDbMixin.remove_networks_from_down_agents' sleeping for 36.99 seconds {{(pid=106033) _run_loop /opt/stack/data/venv/lib/python3.12/site-packages/oslo_service/backend/_threading/loopingcall.py:125}}
Apr 21 06:23:37.539172 np0000168677 neutron-periodic-workers[106043]: DEBUG dbcounter [-] [106043] Writing DB stats neutron:SELECT=1 {{(pid=106043) stat_writer /opt/stack/data/venv/lib/python3.12/site-packages/dbcounter.py:115}}
