2026-05-12 13:00:28.759 7 INFO neutron.services.segments.plugin [-] Segment 9cd66d10-8e5a-4a33-947c-fb9c6e9a5c88 resource provider not found; error: Placement Client Error (4xx): {"errors": [{"status": 404, "title": "Not Found", "detail": "The resource could not be found.\n\n No resource provider with uuid 9cd66d10-8e5a-4a33-947c-fb9c6e9a5c88 found for delete ", "request_id": "req-b8547060-8c64-4b71-be94-5e1d0d049f5d"}]} [pid: 8|app: 0|req: 1002/1888] 10.0.0.33 () {32 vars in 725 bytes} [Tue May 12 13:00:28 2026] DELETE /v2.0/networks/fa8cf94f-26c0-493a-b931-88fff3e698d5 => generated 0 bytes in 335 msecs (HTTP/1.1 204) 3 headers in 131 bytes (1 switches on core 0) [pid: 7|app: 0|req: 887/1889] 10.0.0.33 () {32 vars in 725 bytes} [Tue May 12 13:00:28 2026] DELETE /v2.0/networks/8345a51a-c1eb-470d-b836-2ae2aac747a2 => generated 0 bytes in 350 msecs (HTTP/1.1 204) 3 headers in 131 bytes (1 switches on core 0)
2026-05-12 13:00:28.837 8 INFO neutron.db.ovn_revision_numbers_db [None req-1d62a5f0-e3f7-4688-a6a5-3221ab41ebb3 270849239e41427abca6ef3054ec5877 b199eb89e4d94724a939f95928452c1d - - default default] Successfully bumped revision number for resource c7e11023-c9b9-4896-b177-bdf5d07c7689 (type: security_groups) to 2 [pid: 8|app: 0|req: 1003/1890] 10.0.0.33 () {34 vars in 757 bytes} [Tue May 12 13:00:28 2026] PUT /v2.0/security-groups/c7e11023-c9b9-4896-b177-bdf5d07c7689 => generated 1663 bytes in 98 msecs (HTTP/1.1 200) 4 headers in 158 bytes (1 switches on core 0)
2026-05-12 13:00:28.909 7 INFO neutron_taas.services.taas.taas_plugin [None req-1233d4a0-25cb-4a97-a177-5c1a01ea0e00 edeb117674484534bdadac29e730b118 af39ea3a5be244e691e8792f69e9e173 - - default default] TaaS: Handle Delete Port: 8edd6994-13cd-47e1-929b-eacc01cbdaae
2026-05-12 13:00:28.912 7 INFO neutron_taas.services.taas.tap_mirror_plugin [None req-1233d4a0-25cb-4a97-a177-5c1a01ea0e00 edeb117674484534bdadac29e730b118 af39ea3a5be244e691e8792f69e9e173 - - default default] Tap Mirror: Handle Delete Port: 8edd6994-13cd-47e1-929b-eacc01cbdaae
2026-05-12 13:00:28.970 8 INFO neutron_taas.services.taas.taas_plugin [None req-ea2aa274-f7f1-4687-85d5-754feb96f289 a9588fa31ac544bba4843df77af4a311 ecb5ef523af843308c214223f0916f07 - - default default] TaaS: Handle Delete Port: 97cf71da-5106-4d7c-a231-31b14800c3dd
2026-05-12 13:00:28.973 8 INFO neutron_taas.services.taas.tap_mirror_plugin [None req-ea2aa274-f7f1-4687-85d5-754feb96f289 a9588fa31ac544bba4843df77af4a311 ecb5ef523af843308c214223f0916f07 - - default default] Tap Mirror: Handle Delete Port: 97cf71da-5106-4d7c-a231-31b14800c3dd [pid: 7|app: 0|req: 888/1891] 10.0.0.33 () {32 vars in 725 bytes} [Tue May 12 13:00:28 2026] DELETE /v2.0/networks/b6f742ab-b7ad-4c1a-90b0-aa26289e888b => generated 0 bytes in 366 msecs (HTTP/1.1 204) 3 headers in 131 bytes (1 switches on core 0) [pid: 7|app: 0|req: 889/1892] 10.0.0.33 () {32 vars in 736 bytes} [Tue May 12 13:00:29 2026] GET /v2.0/security-groups/c7e11023-c9b9-4896-b177-bdf5d07c7689 => generated 1663 bytes in 24 msecs (HTTP/1.1 200) 4 headers in 158 bytes (1 switches on core 0) [pid: 7|app: 0|req: 890/1893] 10.0.0.33 () {32 vars in 648 bytes} [Tue May 12 13:00:29 2026] GET /v2.0/networks => generated 689 bytes in 50 msecs (HTTP/1.1 200) 4 headers in 157 bytes (1 switches on core 0) [pid: 8|app: 0|req: 1004/1894] 10.0.0.33 () {32 vars in 725 bytes} [Tue May 12 13:00:28 2026] DELETE /v2.0/networks/73f48453-aa61-4de5-8101-d65bd8319d6c => generated 0 bytes in 374 msecs (HTTP/1.1 204) 3 headers in 131 bytes (1 switches on core 0)
2026-05-12 13:00:29.340 8 INFO neutron.db.segments_db [None req-3f67202b-529b-4217-94d4-d4cf914367aa edeb117674484534bdadac29e730b118 af39ea3a5be244e691e8792f69e9e173 - - default default] Added segment c1603f75-d533-40b2-88d5-a6470092eb97 of type geneve for network 6e4b6461-1605-4507-b854-10c2cb75c2e4 [pid: 7|app: 0|req: 891/1895] 10.0.0.33 () {32 vars in 739 bytes} [Tue May 12 13:00:29 2026] DELETE /v2.0/security-groups/c7e11023-c9b9-4896-b177-bdf5d07c7689 => generated 0 bytes in 121 msecs (HTTP/1.1 204) 2 headers in 112 bytes (1 switches on core 0)
2026-05-12 13:00:29.457 8 INFO neutron.db.ovn_revision_numbers_db [None req-3f67202b-529b-4217-94d4-d4cf914367aa edeb117674484534bdadac29e730b118 af39ea3a5be244e691e8792f69e9e173 - - default default] Successfully bumped revision number for resource 6e4b6461-1605-4507-b854-10c2cb75c2e4 (type: networks) to 1
2026-05-12 13:00:29.492 7 INFO neutron_taas.services.taas.taas_plugin [None req-84dcc625-c1e9-4ef6-b9ff-059585396016 a9588fa31ac544bba4843df77af4a311 ecb5ef523af843308c214223f0916f07 - - default default] TaaS: Handle Delete Port: de353f24-7bdf-4a63-a306-01ee00c5fa8b
2026-05-12 13:00:29.496 7 INFO neutron_taas.services.taas.tap_mirror_plugin [None req-84dcc625-c1e9-4ef6-b9ff-059585396016 a9588fa31ac544bba4843df77af4a311 ecb5ef523af843308c214223f0916f07 - - default default] Tap Mirror: Handle Delete Port: de353f24-7bdf-4a63-a306-01ee00c5fa8b
2026-05-12 13:00:29.704 8 WARNING neutron.scheduler.dhcp_agent_scheduler [None req-3f67202b-529b-4217-94d4-d4cf914367aa edeb117674484534bdadac29e730b118 af39ea3a5be244e691e8792f69e9e173 - - default default] No more DHCP agents
2026-05-12 13:00:29.705 8 WARNING neutron.api.rpc.agentnotifiers.dhcp_rpc_agent_api [None req-3f67202b-529b-4217-94d4-d4cf914367aa edeb117674484534bdadac29e730b118 af39ea3a5be244e691e8792f69e9e173 - - default default] Unable to schedule network 6e4b6461-1605-4507-b854-10c2cb75c2e4: no agents available; will retry on subsequent port and subnet creation events. [pid: 7|app: 0|req: 892/1896] 10.0.0.33 () {32 vars in 725 bytes} [Tue May 12 13:00:29 2026] DELETE /v2.0/networks/32e67270-3704-445c-a9c2-39a750f0740f => generated 0 bytes in 394 msecs (HTTP/1.1 204) 3 headers in 131 bytes (1 switches on core 0)
2026-05-12 13:00:29.784 8 INFO neutron.db.ovn_revision_numbers_db [None req-3f67202b-529b-4217-94d4-d4cf914367aa edeb117674484534bdadac29e730b118 af39ea3a5be244e691e8792f69e9e173 - - default default] Successfully bumped revision number for resource c47848e8-00cf-4091-b958-664b7bcf873c (type: ports) to 1
2026-05-12 13:00:29.784 7 INFO neutron.plugins.ml2.drivers.ovn.mech_driver.mech_driver [None req-b501d3c1-50ac-405e-8a9a-35e9222e36ea - - - - - -] OVN reports status down for port: c47848e8-00cf-4091-b958-664b7bcf873c [pid: 7|app: 0|req: 893/1897] 10.0.0.33 () {32 vars in 662 bytes} [Tue May 12 13:00:29 2026] GET /v2.0/security-groups => generated 2925 bytes in 66 msecs (HTTP/1.1 200) 4 headers in 158 bytes (1 switches on core 0) [pid: 8|app: 0|req: 1005/1898] 10.0.0.33 () {34 vars in 669 bytes} [Tue May 12 13:00:29 2026] POST /v2.0/networks => generated 688 bytes in 579 msecs (HTTP/1.1 201) 4 headers in 162 bytes (1 switches on core 0)
2026-05-12 13:00:29.833 8 INFO neutron.api.v2.resource [None req-d605b2d8-6c31-4cb9-97c3-3b5226ab4e28 270849239e41427abca6ef3054ec5877 b199eb89e4d94724a939f95928452c1d - - default default] delete failed (client error): The resource could not be found. [pid: 8|app: 0|req: 1006/1899] 10.0.0.33 () {32 vars in 739 bytes} [Tue May 12 13:00:29 2026] DELETE /v2.0/security-groups/c7e11023-c9b9-4896-b177-bdf5d07c7689 => generated 146 bytes in 18 msecs (HTTP/1.1 404) 4 headers in 164 bytes (1 switches on core 0)
2026-05-12 13:00:29.943 8 INFO neutron.db.segments_db [None req-2c4676a9-bde2-49bc-92fa-66091f03c67d edeb117674484534bdadac29e730b118 af39ea3a5be244e691e8792f69e9e173 - - default default] Added segment 2a6906d3-73b2-4a2e-9106-92b22709fe50 of type geneve for network e70b1db1-9002-455e-a4ff-cf72c654a811
2026-05-12 13:00:29.990 7 INFO neutron_taas.services.taas.taas_plugin [None req-ab1b2a38-a3e4-4a80-bff9-92282be5ce2f a9588fa31ac544bba4843df77af4a311 ecb5ef523af843308c214223f0916f07 - - default default] TaaS: Handle Delete Port: 61c74245-8807-4a2f-9d6a-87f02989092e
2026-05-12 13:00:29.993 7 INFO neutron_taas.services.taas.tap_mirror_plugin [None req-ab1b2a38-a3e4-4a80-bff9-92282be5ce2f a9588fa31ac544bba4843df77af4a311 ecb5ef523af843308c214223f0916f07 - - default default] Tap Mirror: Handle Delete Port: 61c74245-8807-4a2f-9d6a-87f02989092e
2026-05-12 13:00:30.062 8 INFO neutron.db.ovn_revision_numbers_db [None req-2c4676a9-bde2-49bc-92fa-66091f03c67d edeb117674484534bdadac29e730b118 af39ea3a5be244e691e8792f69e9e173 - - default default] Successfully bumped revision number for resource e70b1db1-9002-455e-a4ff-cf72c654a811 (type: networks) to 1 [pid: 7|app: 0|req: 894/1900] 10.0.0.33 () {32 vars in 725 bytes} [Tue May 12 13:00:29 2026] DELETE /v2.0/networks/aa0777ea-2895-4d13-b34d-5d9f8cb33e89 => generated 0 bytes in 393 msecs (HTTP/1.1 204) 3 headers in 131 bytes (1 switches on core 0)
2026-05-12 13:00:30.286 8 WARNING neutron.scheduler.dhcp_agent_scheduler [None req-2c4676a9-bde2-49bc-92fa-66091f03c67d edeb117674484534bdadac29e730b118 af39ea3a5be244e691e8792f69e9e173 - - default default] No more DHCP agents
2026-05-12 13:00:30.288 8 WARNING neutron.api.rpc.agentnotifiers.dhcp_rpc_agent_api [None req-2c4676a9-bde2-49bc-92fa-66091f03c67d edeb117674484534bdadac29e730b118 af39ea3a5be244e691e8792f69e9e173 - - default default] Unable to schedule network e70b1db1-9002-455e-a4ff-cf72c654a811: no agents available; will retry on subsequent port and subnet creation events.
2026-05-12 13:00:30.322 7 INFO neutron.db.ovn_revision_numbers_db [None req-64f813d7-b6bf-4b25-a8ee-f58138d0258a 270849239e41427abca6ef3054ec5877 b199eb89e4d94724a939f95928452c1d - - default default] Successfully bumped revision number for resource 08523544-f2a0-4977-a24c-096d118b1140 (type: security_groups) to 1
2026-05-12 13:00:30.348 7 INFO neutron.db.ovn_revision_numbers_db [None req-64f813d7-b6bf-4b25-a8ee-f58138d0258a 270849239e41427abca6ef3054ec5877 b199eb89e4d94724a939f95928452c1d - - default default] Successfully bumped revision number for resource 09c01770-852d-4db4-9dc1-d0d2c0da64ab (type: security_group_rules) to 0
2026-05-12 13:00:30.353 8 INFO neutron.plugins.ml2.drivers.ovn.mech_driver.mech_driver [None req-f85e6228-0256-47ee-a9c4-fa2c6031e975 - - - - - -] OVN reports status down for port: b55b2fb0-e710-42b6-b823-00b9f43222ad
2026-05-12 13:00:30.362 7 INFO neutron.db.ovn_revision_numbers_db [None req-64f813d7-b6bf-4b25-a8ee-f58138d0258a 270849239e41427abca6ef3054ec5877 b199eb89e4d94724a939f95928452c1d - - default default] Successfully bumped revision number for resource 3d4740be-f3a5-419c-a4cd-ac8469a47f01 (type: security_group_rules) to 0 [pid: 7|app: 0|req: 895/1901] 10.0.0.33 () {34 vars in 683 bytes} [Tue May 12 13:00:30 2026] POST /v2.0/security-groups => generated 1624 bytes in 199 msecs (HTTP/1.1 201) 4 headers in 163 bytes (1 switches on core 0)
2026-05-12 13:00:30.428 8 INFO neutron.db.ovn_revision_numbers_db [None req-2c4676a9-bde2-49bc-92fa-66091f03c67d edeb117674484534bdadac29e730b118 af39ea3a5be244e691e8792f69e9e173 - - default default] Successfully bumped revision number for resource b55b2fb0-e710-42b6-b823-00b9f43222ad (type: ports) to 1
2026-05-12 13:00:30.434 8 INFO neutron.services.segments.plugin [-] Segment 5ef55a5a-0c68-43c1-823a-c9c324d0086e resource provider aggregate not found
2026-05-12 13:00:30.437 8 INFO neutron.services.segments.plugin [-] Segment 5ef55a5a-0c68-43c1-823a-c9c324d0086e resource provider aggregate not found
2026-05-12 13:00:30.466 8 INFO neutron.services.segments.plugin [-] Segment 5ef55a5a-0c68-43c1-823a-c9c324d0086e resource provider not found; error: Placement Client Error (4xx): {"errors": [{"status": 404, "title": "Not Found", "detail": "The resource could not be found.\n\n No resource provider with uuid 5ef55a5a-0c68-43c1-823a-c9c324d0086e found for delete ", "request_id": "req-20a11ca8-1452-40a2-9db6-781df6c94f16"}]}
2026-05-12 13:00:30.467 8 INFO neutron.services.segments.plugin [-] Segment 5ef55a5a-0c68-43c1-823a-c9c324d0086e resource provider not found; error: Placement Client Error (4xx): {"errors": [{"status": 404, "title": "Not Found", "detail": "The resource could not be found.\n\n No resource provider with uuid 5ef55a5a-0c68-43c1-823a-c9c324d0086e found for delete ", "request_id": "req-cc59e29f-4b38-4160-8cd3-bb34aa8c0275"}]}
2026-05-12 13:00:30.491 8 INFO neutron.services.segments.plugin [-] Segment 62bb77b1-6f62-44c5-8c3e-347fefe42a62 resource provider aggregate not found
2026-05-12 13:00:30.504 8 INFO neutron.services.segments.plugin [-] Segment 62bb77b1-6f62-44c5-8c3e-347fefe42a62 resource provider aggregate not found
2026-05-12 13:00:30.518 8 INFO neutron.services.segments.plugin [-] Segment 62bb77b1-6f62-44c5-8c3e-347fefe42a62 resource provider not found; error: Placement Client Error (4xx): {"errors": [{"status": 404, "title": "Not Found", "detail": "The resource could not be found.\n\n No resource provider with uuid 62bb77b1-6f62-44c5-8c3e-347fefe42a62 found for delete ", "request_id": "req-f07fd610-b172-47fa-ba61-eb1e3097b465"}]} [pid: 8|app: 0|req: 1007/1902] 10.0.0.33 () {34 vars in 669 bytes} [Tue May 12 13:00:29 2026] POST /v2.0/networks => generated 687 bytes in 684 msecs (HTTP/1.1 201) 4 headers in 162 bytes (1 switches on core 0)
2026-05-12 13:00:30.522 8 INFO neutron.services.segments.plugin [-] Segment 62bb77b1-6f62-44c5-8c3e-347fefe42a62 resource provider not found; error: Placement Client Error (4xx): {"errors": [{"status": 404, "title": "Not Found", "detail": "The resource could not be found.\n\n No resource provider with uuid 62bb77b1-6f62-44c5-8c3e-347fefe42a62 found for delete ", "request_id": "req-5668f804-eb52-4445-9657-25c3c7be7f17"}]}
2026-05-12 13:00:30.547 7 INFO neutron.db.ovn_revision_numbers_db [None req-90d0d207-ac7b-4b64-b0eb-b8d1cb799fc5 270849239e41427abca6ef3054ec5877 b199eb89e4d94724a939f95928452c1d - - default default] Successfully bumped revision number for resource ac1c1184-a3ff-424d-8862-785ff96cb681 (type: security_group_rules) to 0 [pid: 7|app: 0|req: 896/1903] 10.0.0.33 () {34 vars in 694 bytes} [Tue May 12 13:00:30 2026] POST /v2.0/security-group-rules => generated 601 bytes in 174 msecs (HTTP/1.1 201) 4 headers in 162 bytes (1 switches on core 0) [pid: 7|app: 0|req: 897/1904] 10.0.0.33 () {32 vars in 746 bytes} [Tue May 12 13:00:30 2026] GET /v2.0/security-group-rules/ac1c1184-a3ff-424d-8862-785ff96cb681 => generated 601 bytes in 15 msecs (HTTP/1.1 200) 4 headers in 157 bytes (1 switches on core 0) [pid: 7|app: 0|req: 898/1905] 10.0.0.33 () {32 vars in 672 bytes} [Tue May 12 13:00:30 2026] GET /v2.0/security-group-rules => generated 4138 bytes in 64 msecs (HTTP/1.1 200) 4 headers in 158 bytes (1 switches on core 0)
2026-05-12 13:00:30.781 7 INFO neutron.services.segments.plugin [-] Segment a7be4c21-1fe0-46a6-a9b7-724ba3821a7a resource provider aggregate not found
2026-05-12 13:00:30.788 7 INFO neutron.services.segments.plugin [-] Segment a7be4c21-1fe0-46a6-a9b7-724ba3821a7a resource provider aggregate not found
2026-05-12 13:00:30.798 7 INFO neutron.services.segments.plugin [-] Segment a7be4c21-1fe0-46a6-a9b7-724ba3821a7a resource provider not found; error: Placement Client Error (4xx): {"errors": [{"status": 404, "title": "Not Found", "detail": "The resource could not be found.\n\n No resource provider with uuid a7be4c21-1fe0-46a6-a9b7-724ba3821a7a found for delete ", "request_id": "req-be20563a-803a-423f-b6cc-b24b434ed415"}]}
2026-05-12 13:00:30.811 7 INFO neutron.services.segments.plugin [-] Segment a7be4c21-1fe0-46a6-a9b7-724ba3821a7a resource provider not found; error: Placement Client Error (4xx): {"errors": [{"status": 404, "title": "Not Found", "detail": "The resource could not be found.\n\n No resource provider with uuid a7be4c21-1fe0-46a6-a9b7-724ba3821a7a found for delete ", "request_id": "req-46ced959-a3f9-4f80-bf7b-974485bae537"}]}
2026-05-12 13:00:30.816 7 INFO neutron.services.segments.plugin [-] Segment d3adc3e5-1d0b-4449-9372-dbb5ea4f0d63 resource provider aggregate not found [pid: 7|app: 0|req: 899/1906] 10.0.0.33 () {32 vars in 749 bytes} [Tue May 12 13:00:30 2026] DELETE /v2.0/security-group-rules/ac1c1184-a3ff-424d-8862-785ff96cb681 => generated 0 bytes in 149 msecs (HTTP/1.1 204) 2 headers in 112 bytes (1 switches on core 0)
2026-05-12 13:00:30.832 7 INFO neutron.services.segments.plugin [-] Segment d3adc3e5-1d0b-4449-9372-dbb5ea4f0d63 resource provider not found; error: Placement Client Error (4xx): {"errors": [{"status": 404, "title": "Not Found", "detail": "The resource could not be found.\n\n No resource provider with uuid d3adc3e5-1d0b-4449-9372-dbb5ea4f0d63 found for delete ", "request_id": "req-edacfaa1-3e2d-4987-b16d-8fdc1b52dbcf"}]}
2026-05-12 13:00:30.836 7 INFO neutron.services.segments.plugin [-] Segment d3adc3e5-1d0b-4449-9372-dbb5ea4f0d63 resource provider aggregate not found
2026-05-12 13:00:30.850 7 INFO neutron.services.segments.plugin [-] Segment 7b4b9690-3b81-4b4c-9055-496a95ff0bfd resource provider aggregate not found
2026-05-12 13:00:30.862 7 INFO neutron.services.segments.plugin [-] Segment d3adc3e5-1d0b-4449-9372-dbb5ea4f0d63 resource provider not found; error: Placement Client Error (4xx): {"errors": [{"status": 404, "title": "Not Found", "detail": "The resource could not be found.\n\n No resource provider with uuid d3adc3e5-1d0b-4449-9372-dbb5ea4f0d63 found for delete ", "request_id": "req-b30a1d09-4821-4e94-97e9-a8f03cbe689b"}]}
2026-05-12 13:00:30.867 7 INFO neutron.services.segments.plugin [-] Segment 7b4b9690-3b81-4b4c-9055-496a95ff0bfd resource provider not found; error: Placement Client Error (4xx): {"errors": [{"status": 404, "title": "Not Found", "detail": "The resource could not be found.\n\n No resource provider with uuid 7b4b9690-3b81-4b4c-9055-496a95ff0bfd found for delete ", "request_id": "req-2b4a5abc-8908-4e40-a5e8-257444a6f7f9"}]}
2026-05-12 13:00:30.886 7 INFO neutron.services.segments.plugin [-] Segment 7b4b9690-3b81-4b4c-9055-496a95ff0bfd resource provider aggregate not found
2026-05-12 13:00:30.894 8 WARNING neutron.scheduler.dhcp_agent_scheduler [None req-e40cad4e-b06a-4ede-ac1b-fc6519f8c1b1 edeb117674484534bdadac29e730b118 af39ea3a5be244e691e8792f69e9e173 - - default default] No more DHCP agents
2026-05-12 13:00:30.896 8 WARNING neutron.api.rpc.agentnotifiers.dhcp_rpc_agent_api [None req-e40cad4e-b06a-4ede-ac1b-fc6519f8c1b1 edeb117674484534bdadac29e730b118 af39ea3a5be244e691e8792f69e9e173 - - default default] Unable to schedule network 6e4b6461-1605-4507-b854-10c2cb75c2e4: no agents available; will retry on subsequent port and subnet creation events.
2026-05-12 13:00:30.905 7 INFO neutron.services.segments.plugin [-] Segment 7b4b9690-3b81-4b4c-9055-496a95ff0bfd resource provider not found; error: Placement Client Error (4xx): {"errors": [{"status": 404, "title": "Not Found", "detail": "The resource could not be found.\n\n No resource provider with uuid 7b4b9690-3b81-4b4c-9055-496a95ff0bfd found for delete ", "request_id": "req-5cdf46d1-d276-45bc-b912-e9c85643edca"}]} [pid: 7|app: 0|req: 900/1907] 10.0.0.33 () {32 vars in 672 bytes} [Tue May 12 13:00:30 2026] GET /v2.0/security-group-rules => generated 3560 bytes in 79 msecs (HTTP/1.1 200) 4 headers in 158 bytes (1 switches on core 0)
2026-05-12 13:00:30.961 8 INFO neutron.plugins.ml2.drivers.ovn.mech_driver.mech_driver [None req-f85e6228-0256-47ee-a9c4-fa2c6031e975 - - - - - -] OVN reports status down for port: dbcb1af9-a19b-4b8a-a747-14ef8fd8df42
2026-05-12 13:00:31.018 8 INFO neutron.db.ovn_revision_numbers_db [None req-e40cad4e-b06a-4ede-ac1b-fc6519f8c1b1 edeb117674484534bdadac29e730b118 af39ea3a5be244e691e8792f69e9e173 - - default default] Successfully bumped revision number for resource dbcb1af9-a19b-4b8a-a747-14ef8fd8df42 (type: ports) to 1
2026-05-12 13:00:31.091 7 INFO neutron.db.ovn_revision_numbers_db [None req-6ac294d7-02ea-4c01-a125-4db1d245d7e1 270849239e41427abca6ef3054ec5877 b199eb89e4d94724a939f95928452c1d - - default default] Successfully bumped revision number for resource ea243876-dfe4-4a4b-91cd-2b10f7dadc2d (type: security_group_rules) to 0
2026-05-12 13:00:31.092 8 WARNING neutron.scheduler.dhcp_agent_scheduler [None req-e40cad4e-b06a-4ede-ac1b-fc6519f8c1b1 edeb117674484534bdadac29e730b118 af39ea3a5be244e691e8792f69e9e173 - - default default] No more DHCP agents
2026-05-12 13:00:31.093 8 WARNING neutron.api.rpc.agentnotifiers.dhcp_rpc_agent_api [None req-e40cad4e-b06a-4ede-ac1b-fc6519f8c1b1 edeb117674484534bdadac29e730b118 af39ea3a5be244e691e8792f69e9e173 - - default default] Unable to schedule network e70b1db1-9002-455e-a4ff-cf72c654a811: no agents available; will retry on subsequent port and subnet creation events. [pid: 7|app: 0|req: 901/1908] 10.0.0.33 () {34 vars in 694 bytes} [Tue May 12 13:00:30 2026] POST /v2.0/security-group-rules => generated 601 bytes in 207 msecs (HTTP/1.1 201) 4 headers in 162 bytes (1 switches on core 0)
2026-05-12 13:00:31.153 7 INFO neutron.plugins.ml2.drivers.ovn.mech_driver.mech_driver [None req-b501d3c1-50ac-405e-8a9a-35e9222e36ea - - - - - -] OVN reports status down for port: ba344f40-bd59-4b6a-87d4-792f3e20bec4
2026-05-12 13:00:31.181 8 INFO neutron.db.ovn_revision_numbers_db [None req-e40cad4e-b06a-4ede-ac1b-fc6519f8c1b1 edeb117674484534bdadac29e730b118 af39ea3a5be244e691e8792f69e9e173 - - default default] Successfully bumped revision number for resource ba344f40-bd59-4b6a-87d4-792f3e20bec4 (type: ports) to 1 [pid: 8|app: 0|req: 1008/1909] 10.0.0.33 () {34 vars in 664 bytes} [Tue May 12 13:00:30 2026] POST /v2.0/ports => generated 1505 bytes in 737 msecs (HTTP/1.1 201) 4 headers in 163 bytes (1 switches on core 0) /var/lib/openstack/lib/python3.12/site-packages/pycadf/identifier.py:70: UserWarning: Invalid uuid: neutron. To ensure interoperability, identifiers should be a valid uuid. warnings.warn(('Invalid uuid: %s. To ensure interoperability, ' [pid: 8|app: 0|req: 1009/1910] 10.0.0.33 () {32 vars in 746 bytes} [Tue May 12 13:00:31 2026] GET /v2.0/security-group-rules/ea243876-dfe4-4a4b-91cd-2b10f7dadc2d => generated 601 bytes in 23 msecs (HTTP/1.1 200) 4 headers in 157 bytes (1 switches on core 0) [pid: 7|app: 0|req: 902/1911] 10.0.0.33 () {32 vars in 773 bytes} [Tue May 12 13:00:31 2026] GET /v2.0/security-groups?tenant_id=ecb5ef523af843308c214223f0916f07&name=default => generated 2925 bytes in 197 msecs (HTTP/1.1 200) 4 headers in 158 bytes (1 switches on core 0) [pid: 8|app: 0|req: 1010/1912] 10.0.0.33 () {32 vars in 642 bytes} [Tue May 12 13:00:31 2026] GET /v2.0/ports => generated 3017 bytes in 73 msecs (HTTP/1.1 200) 4 headers in 158 bytes (1 switches on core 0) [pid: 7|app: 0|req: 903/1913] 10.0.0.33 () {32 vars in 672 bytes} [Tue May 12 13:00:31 2026] GET /v2.0/security-group-rules => generated 4138 bytes in 43 msecs (HTTP/1.1 200) 4 headers in 158 bytes (1 switches on core 0)
2026-05-12 13:00:31.514 7 INFO neutron_taas.services.taas.taas_plugin [None req-30046521-dbe1-49d0-8b7f-197d165b7a11 edeb117674484534bdadac29e730b118 af39ea3a5be244e691e8792f69e9e173 - - default default] TaaS: Handle Delete Port: dbcb1af9-a19b-4b8a-a747-14ef8fd8df42
2026-05-12 13:00:31.517 7 INFO neutron_taas.services.taas.tap_mirror_plugin [None req-30046521-dbe1-49d0-8b7f-197d165b7a11 edeb117674484534bdadac29e730b118 af39ea3a5be244e691e8792f69e9e173 - - default default] Tap Mirror: Handle Delete Port: dbcb1af9-a19b-4b8a-a747-14ef8fd8df42 [pid: 8|app: 0|req: 1011/1914] 10.0.0.33 () {32 vars in 739 bytes} [Tue May 12 13:00:31 2026] DELETE /v2.0/security-groups/882ef895-169b-4ba6-8674-033573e3ce81 => generated 0 bytes in 217 msecs (HTTP/1.1 204) 2 headers in 112 bytes (1 switches on core 0) [pid: 7|app: 0|req: 904/1915] 10.0.0.33 () {32 vars in 719 bytes} [Tue May 12 13:00:31 2026] DELETE /v2.0/ports/dbcb1af9-a19b-4b8a-a747-14ef8fd8df42 => generated 0 bytes in 274 msecs (HTTP/1.1 204) 3 headers in 131 bytes (1 switches on core 0) [pid: 8|app: 0|req: 1012/1916] 10.0.0.33 () {32 vars in 749 bytes} [Tue May 12 13:00:31 2026] DELETE /v2.0/security-group-rules/ea243876-dfe4-4a4b-91cd-2b10f7dadc2d => generated 0 bytes in 127 msecs (HTTP/1.1 204) 2 headers in 112 bytes (1 switches on core 0)
2026-05-12 13:00:31.801 7 INFO neutron_taas.services.taas.taas_plugin [None req-92a93b4a-56a2-4470-90d7-b245fdaf95c9 edeb117674484534bdadac29e730b118 af39ea3a5be244e691e8792f69e9e173 - - default default] TaaS: Handle Delete Port: ba344f40-bd59-4b6a-87d4-792f3e20bec4
2026-05-12 13:00:31.804 7 INFO neutron_taas.services.taas.tap_mirror_plugin [None req-92a93b4a-56a2-4470-90d7-b245fdaf95c9 edeb117674484534bdadac29e730b118 af39ea3a5be244e691e8792f69e9e173 - - default default] Tap Mirror: Handle Delete Port: ba344f40-bd59-4b6a-87d4-792f3e20bec4
2026-05-12 13:00:31.850 8 INFO neutron.db.ovn_revision_numbers_db [None req-37d771d2-3920-482b-8393-52d2ca217483 d3d290bb4e1f4c2b9c9d525106965ea0 d0958fec29754a0ca2bf336c8ff9c2d3 - - default default] Successfully bumped revision number for resource 57415c2c-49f8-4564-898d-ad7749d05800 (type: security_groups) to 1
2026-05-12 13:00:31.860 8 INFO neutron.db.ovn_revision_numbers_db [None req-37d771d2-3920-482b-8393-52d2ca217483 d3d290bb4e1f4c2b9c9d525106965ea0 d0958fec29754a0ca2bf336c8ff9c2d3 - - default default] Successfully bumped revision number for resource 9f3517f2-b460-45ee-b5a3-be8ebabc0dcc (type: security_group_rules) to 0
2026-05-12 13:00:31.873 8 INFO neutron.db.ovn_revision_numbers_db [None req-37d771d2-3920-482b-8393-52d2ca217483 d3d290bb4e1f4c2b9c9d525106965ea0 d0958fec29754a0ca2bf336c8ff9c2d3 - - default default] Successfully bumped revision number for resource da9fe060-f8b0-4adc-8d29-8ef7ec1acd32 (type: security_group_rules) to 0
2026-05-12 13:00:31.883 8 INFO neutron.db.ovn_revision_numbers_db [None req-37d771d2-3920-482b-8393-52d2ca217483 d3d290bb4e1f4c2b9c9d525106965ea0 d0958fec29754a0ca2bf336c8ff9c2d3 - - default default] Successfully bumped revision number for resource e677dd7b-0345-4bd4-ac5f-34d4b6deddc0 (type: security_group_rules) to 0
2026-05-12 13:00:31.898 8 INFO neutron.db.ovn_revision_numbers_db [None req-37d771d2-3920-482b-8393-52d2ca217483 d3d290bb4e1f4c2b9c9d525106965ea0 d0958fec29754a0ca2bf336c8ff9c2d3 - - default default] Successfully bumped revision number for resource e7f50719-2d7e-40f3-aef1-2da6de6ea7aa (type: security_group_rules) to 0 [pid: 7|app: 0|req: 905/1917] 10.0.0.33 () {32 vars in 719 bytes} [Tue May 12 13:00:31 2026] DELETE /v2.0/ports/ba344f40-bd59-4b6a-87d4-792f3e20bec4 => generated 0 bytes in 284 msecs (HTTP/1.1 204) 3 headers in 131 bytes (1 switches on core 0) [pid: 8|app: 0|req: 1013/1918] 10.0.0.33 () {32 vars in 773 bytes} [Tue May 12 13:00:31 2026] GET /v2.0/security-groups?tenant_id=03534960ebeb45c7a0f280bf85597d74&name=default => generated 2925 bytes in 236 msecs (HTTP/1.1 200) 4 headers in 158 bytes (1 switches on core 0) [pid: 8|app: 0|req: 1014/1919] 10.0.0.33 () {32 vars in 642 bytes} [Tue May 12 13:00:31 2026] GET /v2.0/ports => generated 1523 bytes in 38 msecs (HTTP/1.1 200) 4 headers in 158 bytes (1 switches on core 0) [pid: 7|app: 0|req: 906/1920] 10.0.0.33 () {32 vars in 672 bytes} [Tue May 12 13:00:31 2026] GET /v2.0/security-group-rules => generated 3560 bytes in 60 msecs (HTTP/1.1 200) 4 headers in 158 bytes (1 switches on core 0)
2026-05-12 13:00:32.077 7 INFO neutron.db.segments_db [None req-229b908e-9a48-458d-b6ac-d8e14829b7b7 edeb117674484534bdadac29e730b118 af39ea3a5be244e691e8792f69e9e173 - - default default] Added segment 1f0e7c75-c74c-492d-8a31-c9d4c1d48f86 of type geneve for network 983a3282-754c-4e18-9978-06a985703d31 [pid: 8|app: 0|req: 1015/1921] 10.0.0.33 () {32 vars in 739 bytes} [Tue May 12 13:00:31 2026] DELETE /v2.0/security-groups/57415c2c-49f8-4564-898d-ad7749d05800 => generated 0 bytes in 211 msecs (HTTP/1.1 204) 2 headers in 112 bytes (1 switches on core 0)
2026-05-12 13:00:32.202 7 INFO neutron.db.ovn_revision_numbers_db [None req-229b908e-9a48-458d-b6ac-d8e14829b7b7 edeb117674484534bdadac29e730b118 af39ea3a5be244e691e8792f69e9e173 - - default default] Successfully bumped revision number for resource 983a3282-754c-4e18-9978-06a985703d31 (type: networks) to 1
2026-05-12 13:00:32.227 8 INFO neutron.db.securitygroups_db [None req-790b6be4-5374-4e1a-95c3-924e84da4d17 270849239e41427abca6ef3054ec5877 b199eb89e4d94724a939f95928452c1d - - default default] Project b199eb89e4d94724a939f95928452c1d added a security group rule with legacy IPv6 ICMP protocol name icmp, ipv6-icmp should be used instead. It was automatically converted.
2026-05-12 13:00:32.308 8 INFO neutron.db.ovn_revision_numbers_db [None req-790b6be4-5374-4e1a-95c3-924e84da4d17 270849239e41427abca6ef3054ec5877 b199eb89e4d94724a939f95928452c1d - - default default] Successfully bumped revision number for resource 444dd417-56cd-4df8-89b9-c9a38b2ae84d (type: security_group_rules) to 0 [pid: 8|app: 0|req: 1016/1922] 10.0.0.33 () {34 vars in 694 bytes} [Tue May 12 13:00:32 2026] POST /v2.0/security-group-rules => generated 607 bytes in 148 msecs (HTTP/1.1 201) 4 headers in 162 bytes (1 switches on core 0)
2026-05-12 13:00:32.363 7 WARNING neutron.scheduler.dhcp_agent_scheduler [None req-229b908e-9a48-458d-b6ac-d8e14829b7b7 edeb117674484534bdadac29e730b118 af39ea3a5be244e691e8792f69e9e173 - - default default] No more DHCP agents
2026-05-12 13:00:32.365 7 WARNING neutron.api.rpc.agentnotifiers.dhcp_rpc_agent_api [None req-229b908e-9a48-458d-b6ac-d8e14829b7b7 edeb117674484534bdadac29e730b118 af39ea3a5be244e691e8792f69e9e173 - - default default] Unable to schedule network 983a3282-754c-4e18-9978-06a985703d31: no agents available; will retry on subsequent port and subnet creation events.
2026-05-12 13:00:32.420 7 INFO neutron.plugins.ml2.drivers.ovn.mech_driver.mech_driver [None req-b501d3c1-50ac-405e-8a9a-35e9222e36ea - - - - - -] OVN reports status down for port: d9a75786-5ede-48d0-98f9-0258a6f12454
2026-05-12 13:00:32.478 7 INFO neutron.db.ovn_revision_numbers_db [None req-229b908e-9a48-458d-b6ac-d8e14829b7b7 edeb117674484534bdadac29e730b118 af39ea3a5be244e691e8792f69e9e173 - - default default] Successfully bumped revision number for resource d9a75786-5ede-48d0-98f9-0258a6f12454 (type: ports) to 1
2026-05-12 13:00:32.491 8 INFO neutron.db.ovn_revision_numbers_db [None req-41f7c4f9-1842-4d47-a46c-bab9156bf16f d3d290bb4e1f4c2b9c9d525106965ea0 d0958fec29754a0ca2bf336c8ff9c2d3 - - default default] Successfully bumped revision number for resource 64f81bbf-c587-4357-97bb-cca622977aa7 (type: security_groups) to 1
2026-05-12 13:00:32.510 8 INFO neutron.db.ovn_revision_numbers_db [None req-41f7c4f9-1842-4d47-a46c-bab9156bf16f d3d290bb4e1f4c2b9c9d525106965ea0 d0958fec29754a0ca2bf336c8ff9c2d3 - - default default] Successfully bumped revision number for resource 2148479a-3a0f-46f2-a2d1-71a0e8aa0a79 (type: security_group_rules) to 0 [pid: 7|app: 0|req: 907/1923] 10.0.0.33 () {34 vars in 669 bytes} [Tue May 12 13:00:31 2026] POST /v2.0/networks => generated 688 bytes in 533 msecs (HTTP/1.1 201) 4 headers in 162 bytes (1 switches on core 0)
2026-05-12 13:00:32.533 8 INFO neutron.db.ovn_revision_numbers_db [None req-41f7c4f9-1842-4d47-a46c-bab9156bf16f d3d290bb4e1f4c2b9c9d525106965ea0 d0958fec29754a0ca2bf336c8ff9c2d3 - - default default] Successfully bumped revision number for resource 3cb8b09a-11dc-489b-a8f2-8b9bf0f8df8a (type: security_group_rules) to 0 [pid: 7|app: 0|req: 908/1924] 10.0.0.33 () {32 vars in 746 bytes} [Tue May 12 13:00:32 2026] GET /v2.0/security-group-rules/444dd417-56cd-4df8-89b9-c9a38b2ae84d => generated 607 bytes in 12 msecs (HTTP/1.1 200) 4 headers in 157 bytes (1 switches on core 0)
2026-05-12 13:00:32.558 8 INFO neutron.db.ovn_revision_numbers_db [None req-41f7c4f9-1842-4d47-a46c-bab9156bf16f d3d290bb4e1f4c2b9c9d525106965ea0 d0958fec29754a0ca2bf336c8ff9c2d3 - - default default] Successfully bumped revision number for resource 933ea681-cd8d-4526-8c88-36bc285de9c7 (type: security_group_rules) to 0
2026-05-12 13:00:32.576 8 INFO neutron.db.ovn_revision_numbers_db [None req-41f7c4f9-1842-4d47-a46c-bab9156bf16f d3d290bb4e1f4c2b9c9d525106965ea0 d0958fec29754a0ca2bf336c8ff9c2d3 - - default default] Successfully bumped revision number for resource c9932c7d-9514-4460-904b-93f3cd925ea3 (type: security_group_rules) to 0 [pid: 8|app: 0|req: 1017/1925] 10.0.0.33 () {32 vars in 773 bytes} [Tue May 12 13:00:32 2026] GET /v2.0/security-groups?tenant_id=e7abda66b8234bc6907407e4234e1dd5&name=default => generated 2925 bytes in 273 msecs (HTTP/1.1 200) 4 headers in 158 bytes (1 switches on core 0)
2026-05-12 13:00:32.638 7 INFO neutron.db.segments_db [None req-190e010b-e0a2-4af2-be83-276a2e2d7fa3 edeb117674484534bdadac29e730b118 af39ea3a5be244e691e8792f69e9e173 - - default default] Added segment d0fd4b42-8277-4b1d-93a3-f094df4f154f of type geneve for network c89d58cf-cc42-49a3-b1cc-66025e898f44 [pid: 8|app: 0|req: 1018/1926] 10.0.0.33 () {32 vars in 672 bytes} [Tue May 12 13:00:32 2026] GET /v2.0/security-group-rules => generated 4144 bytes in 75 msecs (HTTP/1.1 200) 4 headers in 158 bytes (1 switches on core 0)
2026-05-12 13:00:32.752 7 INFO neutron.db.ovn_revision_numbers_db [None req-190e010b-e0a2-4af2-be83-276a2e2d7fa3 edeb117674484534bdadac29e730b118 af39ea3a5be244e691e8792f69e9e173 - - default default] Successfully bumped revision number for resource c89d58cf-cc42-49a3-b1cc-66025e898f44 (type: networks) to 1 [pid: 8|app: 0|req: 1019/1927] 10.0.0.33 () {32 vars in 739 bytes} [Tue May 12 13:00:32 2026] DELETE /v2.0/security-groups/64f81bbf-c587-4357-97bb-cca622977aa7 => generated 0 bytes in 240 msecs (HTTP/1.1 204) 2 headers in 112 bytes (1 switches on core 0)
2026-05-12 13:00:32.949 7 WARNING neutron.scheduler.dhcp_agent_scheduler [None req-190e010b-e0a2-4af2-be83-276a2e2d7fa3 edeb117674484534bdadac29e730b118 af39ea3a5be244e691e8792f69e9e173 - - default default] No more DHCP agents
2026-05-12 13:00:32.951 7 WARNING neutron.api.rpc.agentnotifiers.dhcp_rpc_agent_api [None req-190e010b-e0a2-4af2-be83-276a2e2d7fa3 edeb117674484534bdadac29e730b118 af39ea3a5be244e691e8792f69e9e173 - - default default] Unable to schedule network c89d58cf-cc42-49a3-b1cc-66025e898f44: no agents available; will retry on subsequent port and subnet creation events.
2026-05-12 13:00:33.018 8 INFO neutron.plugins.ml2.drivers.ovn.mech_driver.mech_driver [None req-f85e6228-0256-47ee-a9c4-fa2c6031e975 - - - - - -] OVN reports status down for port: a49d276c-9761-4555-b628-c866b60c5a78
2026-05-12 13:00:33.042 7 INFO neutron.db.ovn_revision_numbers_db [None req-190e010b-e0a2-4af2-be83-276a2e2d7fa3 edeb117674484534bdadac29e730b118 af39ea3a5be244e691e8792f69e9e173 - - default default] Successfully bumped revision number for resource a49d276c-9761-4555-b628-c866b60c5a78 (type: ports) to 1 [pid: 7|app: 0|req: 909/1928] 10.0.0.33 () {34 vars in 669 bytes} [Tue May 12 13:00:32 2026] POST /v2.0/networks => generated 688 bytes in 529 msecs (HTTP/1.1 201) 4 headers in 162 bytes (1 switches on core 0) [pid: 8|app: 0|req: 1020/1929] 10.0.0.33 () {32 vars in 749 bytes} [Tue May 12 13:00:32 2026] DELETE /v2.0/security-group-rules/444dd417-56cd-4df8-89b9-c9a38b2ae84d => generated 0 bytes in 158 msecs (HTTP/1.1 204) 2 headers in 112 bytes (1 switches on core 0) [pid: 7|app: 0|req: 910/1930] 10.0.0.33 () {32 vars in 672 bytes} [Tue May 12 13:00:33 2026] GET /v2.0/security-group-rules => generated 3560 bytes in 54 msecs (HTTP/1.1 200) 4 headers in 158 bytes (1 switches on core 0) [pid: 7|app: 0|req: 911/1931] 10.0.0.33 () {32 vars in 739 bytes} [Tue May 12 13:00:33 2026] DELETE /v2.0/security-groups/08523544-f2a0-4977-a24c-096d118b1140 => generated 0 bytes in 191 msecs (HTTP/1.1 204) 2 headers in 112 bytes (1 switches on core 0) [pid: 7|app: 0|req: 912/1932] 10.0.0.33 () {32 vars in 662 bytes} [Tue May 12 13:00:33 2026] GET /v2.0/security-groups => generated 2925 bytes in 38 msecs (HTTP/1.1 200) 4 headers in 158 bytes (1 switches on core 0) [pid: 7|app: 0|req: 913/1933] 10.0.0.33 () {32 vars in 662 bytes} [Tue May 12 13:00:33 2026] GET /v2.0/security-groups => generated 2925 bytes in 32 msecs (HTTP/1.1 200) 4 headers in 158 bytes (1 switches on core 0)
2026-05-12 13:00:33.507 8 WARNING neutron.scheduler.dhcp_agent_scheduler [None req-2d0af1aa-e6b3-4730-9437-7a6777ccc4c5 edeb117674484534bdadac29e730b118 af39ea3a5be244e691e8792f69e9e173 - - default default] No more DHCP agents
2026-05-12 13:00:33.509 8 WARNING neutron.api.rpc.agentnotifiers.dhcp_rpc_agent_api [None req-2d0af1aa-e6b3-4730-9437-7a6777ccc4c5 edeb117674484534bdadac29e730b118 af39ea3a5be244e691e8792f69e9e173 - - default default] Unable to schedule network 983a3282-754c-4e18-9978-06a985703d31: no agents available; will retry on subsequent port and subnet creation events.
2026-05-12 13:00:33.983 8 INFO neutron.db.ovn_revision_numbers_db [None req-2cc78590-a398-4ec1-8776-5cec73a8f086 - - - - - -] Successfully bumped revision number for resource d9a75786-5ede-48d0-98f9-0258a6f12454 (type: ports) to 2
2026-05-12 13:00:34.053 8 INFO neutron.db.ovn_revision_numbers_db [None req-2cc78590-a398-4ec1-8776-5cec73a8f086 - - - - - -] Successfully bumped revision number for resource f48c5b2f-849b-4cc6-ac6b-7c7b8d6f7530 (type: subnets) to 0
2026-05-12 13:00:34.081 8 WARNING neutron.scheduler.dhcp_agent_scheduler [None req-2d0af1aa-e6b3-4730-9437-7a6777ccc4c5 edeb117674484534bdadac29e730b118 af39ea3a5be244e691e8792f69e9e173 - - default default] No more DHCP agents
2026-05-12 13:00:34.084 8 WARNING neutron.api.rpc.agentnotifiers.dhcp_rpc_agent_api [None req-2d0af1aa-e6b3-4730-9437-7a6777ccc4c5 edeb117674484534bdadac29e730b118 af39ea3a5be244e691e8792f69e9e173 - - default default] Unable to schedule network c89d58cf-cc42-49a3-b1cc-66025e898f44: no agents available; will retry on subsequent port and subnet creation events. [pid: 7|app: 0|req: 914/1934] 10.0.0.33 () {32 vars in 773 bytes} [Tue May 12 13:00:33 2026] GET /v2.0/security-groups?tenant_id=b199eb89e4d94724a939f95928452c1d&name=default => generated 2925 bytes in 189 msecs (HTTP/1.1 200) 4 headers in 158 bytes (1 switches on core 0) [pid: 7|app: 0|req: 915/1935] 10.0.0.33 () {32 vars in 739 bytes} [Tue May 12 13:00:34 2026] DELETE /v2.0/security-groups/ebb363e2-e3e3-44ec-ac48-26d65d7ffb48 => generated 0 bytes in 263 msecs (HTTP/1.1 204) 2 headers in 112 bytes (1 switches on core 0)
2026-05-12 13:00:34.606 8 INFO neutron.db.ovn_revision_numbers_db [None req-ccc7e162-7828-4690-964a-fbaea55ad705 - - - - - -] Successfully bumped revision number for resource a49d276c-9761-4555-b628-c866b60c5a78 (type: ports) to 2
2026-05-12 13:00:34.640 8 INFO neutron.db.ovn_revision_numbers_db [None req-ccc7e162-7828-4690-964a-fbaea55ad705 - - - - - -] Successfully bumped revision number for resource c4cc4519-b0e3-402e-9034-e0311b4c4539 (type: subnets) to 0 [pid: 8|app: 0|req: 1021/1936] 10.0.0.33 () {34 vars in 668 bytes} [Tue May 12 13:00:33 2026] POST /v2.0/subnets => generated 1274 bytes in 1558 msecs (HTTP/1.1 201) 4 headers in 163 bytes (1 switches on core 0) [pid: 7|app: 0|req: 916/1937] 10.0.0.33 () {32 vars in 646 bytes} [Tue May 12 13:00:34 2026] GET /v2.0/subnets => generated 1910 bytes in 42 msecs (HTTP/1.1 200) 4 headers in 158 bytes (1 switches on core 0) [pid: 8|app: 0|req: 1022/1938] 10.0.0.33 () {32 vars in 723 bytes} [Tue May 12 13:00:34 2026] DELETE /v2.0/subnets/f48c5b2f-849b-4cc6-ac6b-7c7b8d6f7530 => generated 0 bytes in 192 msecs (HTTP/1.1 204) 3 headers in 131 bytes (1 switches on core 0) [pid: 7|app: 0|req: 917/1939] 10.0.0.33 () {32 vars in 723 bytes} [Tue May 12 13:00:34 2026] DELETE /v2.0/subnets/c4cc4519-b0e3-402e-9034-e0311b4c4539 => generated 0 bytes in 165 msecs (HTTP/1.1 204) 3 headers in 131 bytes (1 switches on core 0) [pid: 8|app: 0|req: 1023/1940] 10.0.0.33 () {32 vars in 646 bytes} [Tue May 12 13:00:35 2026] GET /v2.0/subnets => generated 649 bytes in 21 msecs (HTTP/1.1 200) 4 headers in 157 bytes (1 switches on core 0)
2026-05-12 13:00:35.215 7 INFO neutron_taas.services.taas.taas_plugin [None req-95867836-f62c-45ec-9de9-829eb98e9f1b edeb117674484534bdadac29e730b118 af39ea3a5be244e691e8792f69e9e173 - - default default] TaaS: Handle Delete Port: a49d276c-9761-4555-b628-c866b60c5a78
2026-05-12 13:00:35.218 7 INFO neutron_taas.services.taas.tap_mirror_plugin [None req-95867836-f62c-45ec-9de9-829eb98e9f1b edeb117674484534bdadac29e730b118 af39ea3a5be244e691e8792f69e9e173 - - default default] Tap Mirror: Handle Delete Port: a49d276c-9761-4555-b628-c866b60c5a78
2026-05-12 13:00:35.482 7 INFO neutron.services.segments.plugin [-] Segment d0fd4b42-8277-4b1d-93a3-f094df4f154f resource provider aggregate not found
2026-05-12 13:00:35.483 7 INFO neutron.services.segments.plugin [-] Segment d0fd4b42-8277-4b1d-93a3-f094df4f154f resource provider aggregate not found
2026-05-12 13:00:35.500 7 INFO neutron.services.segments.plugin [-] Segment d0fd4b42-8277-4b1d-93a3-f094df4f154f resource provider not found; error: Placement Client Error (4xx): {"errors": [{"status": 404, "title": "Not Found", "detail": "The resource could not be found.\n\n No resource provider with uuid d0fd4b42-8277-4b1d-93a3-f094df4f154f found for delete ", "request_id": "req-cbd7cdcd-8b28-490a-8665-8501c6f06c4e"}]}
2026-05-12 13:00:35.501 7 INFO neutron.services.segments.plugin [-] Segment d0fd4b42-8277-4b1d-93a3-f094df4f154f resource provider not found; error: Placement Client Error (4xx): {"errors": [{"status": 404, "title": "Not Found", "detail": "The resource could not be found.\n\n No resource provider with uuid d0fd4b42-8277-4b1d-93a3-f094df4f154f found for delete ", "request_id": "req-a15009fb-c03e-4e9c-b44b-9b9b5d93d929"}]} [pid: 7|app: 0|req: 918/1943] 10.0.0.33 () {32 vars in 725 bytes} [Tue May 12 13:00:35 2026] DELETE /v2.0/networks/c89d58cf-cc42-49a3-b1cc-66025e898f44 => generated 0 bytes in 613 msecs (HTTP/1.1 204) 3 headers in 131 bytes (1 switches on core 0)
2026-05-12 13:00:35.844 8 INFO neutron_taas.services.taas.taas_plugin [None req-ed3c4519-f1f4-46f8-9257-7d01ebc2faef edeb117674484534bdadac29e730b118 af39ea3a5be244e691e8792f69e9e173 - - default default] TaaS: Handle Delete Port: d9a75786-5ede-48d0-98f9-0258a6f12454
2026-05-12 13:00:35.847 8 INFO neutron_taas.services.taas.tap_mirror_plugin [None req-ed3c4519-f1f4-46f8-9257-7d01ebc2faef edeb117674484534bdadac29e730b118 af39ea3a5be244e691e8792f69e9e173 - - default default] Tap Mirror: Handle Delete Port: d9a75786-5ede-48d0-98f9-0258a6f12454
2026-05-12 13:00:36.070 8 INFO neutron.services.segments.plugin [-] Segment 1f0e7c75-c74c-492d-8a31-c9d4c1d48f86 resource provider aggregate not found
2026-05-12 13:00:36.080 8 INFO neutron.services.segments.plugin [-] Segment 1f0e7c75-c74c-492d-8a31-c9d4c1d48f86 resource provider aggregate not found
2026-05-12 13:00:36.100 8 INFO neutron.services.segments.plugin [-] Segment 1f0e7c75-c74c-492d-8a31-c9d4c1d48f86 resource provider not found; error: Placement Client Error (4xx): {"errors": [{"status": 404, "title": "Not Found", "detail": "The resource could not be found.\n\n No resource provider with uuid 1f0e7c75-c74c-492d-8a31-c9d4c1d48f86 found for delete ", "request_id": "req-29eb4836-95dc-4f09-81c7-a729964e9039"}]}
2026-05-12 13:00:36.104 8 INFO neutron.services.segments.plugin [-] Segment 1f0e7c75-c74c-492d-8a31-c9d4c1d48f86 resource provider not found; error: Placement Client Error (4xx): {"errors": [{"status": 404, "title": "Not Found", "detail": "The resource could not be found.\n\n No resource provider with uuid 1f0e7c75-c74c-492d-8a31-c9d4c1d48f86 found for delete ", "request_id": "req-2b76dec1-77e6-4a81-b161-41daaecead5b"}]} [pid: 8|app: 0|req: 1026/1944] 10.0.0.33 () {32 vars in 725 bytes} [Tue May 12 13:00:35 2026] DELETE /v2.0/networks/983a3282-754c-4e18-9978-06a985703d31 => generated 0 bytes in 415 msecs (HTTP/1.1 204) 3 headers in 131 bytes (1 switches on core 0)
2026-05-12 13:00:36.299 7 INFO neutron_taas.services.taas.taas_plugin [None req-683ad497-548c-401e-8c46-be82d1dde8a9 edeb117674484534bdadac29e730b118 af39ea3a5be244e691e8792f69e9e173 - - default default] TaaS: Handle Delete Port: b55b2fb0-e710-42b6-b823-00b9f43222ad
2026-05-12 13:00:36.303 7 INFO neutron_taas.services.taas.tap_mirror_plugin [None req-683ad497-548c-401e-8c46-be82d1dde8a9 edeb117674484534bdadac29e730b118 af39ea3a5be244e691e8792f69e9e173 - - default default] Tap Mirror: Handle Delete Port: b55b2fb0-e710-42b6-b823-00b9f43222ad [pid: 7|app: 0|req: 919/1945] 10.0.0.33 () {32 vars in 725 bytes} [Tue May 12 13:00:36 2026] DELETE /v2.0/networks/e70b1db1-9002-455e-a4ff-cf72c654a811 => generated 0 bytes in 438 msecs (HTTP/1.1 204) 3 headers in 131 bytes (1 switches on core 0)
2026-05-12 13:00:36.705 8 INFO neutron_taas.services.taas.taas_plugin [None req-5066b447-e57e-4c30-ad73-1c8c9ccdccd1 edeb117674484534bdadac29e730b118 af39ea3a5be244e691e8792f69e9e173 - - default default] TaaS: Handle Delete Port: c47848e8-00cf-4091-b958-664b7bcf873c
2026-05-12 13:00:36.707 8 INFO neutron_taas.services.taas.tap_mirror_plugin [None req-5066b447-e57e-4c30-ad73-1c8c9ccdccd1 edeb117674484534bdadac29e730b118 af39ea3a5be244e691e8792f69e9e173 - - default default] Tap Mirror: Handle Delete Port: c47848e8-00cf-4091-b958-664b7bcf873c [pid: 8|app: 0|req: 1027/1946] 10.0.0.33 () {32 vars in 725 bytes} [Tue May 12 13:00:36 2026] DELETE /v2.0/networks/6e4b6461-1605-4507-b854-10c2cb75c2e4 => generated 0 bytes in 426 msecs (HTTP/1.1 204) 3 headers in 131 bytes (1 switches on core 0)
2026-05-12 13:00:37.521 7 INFO neutron.services.segments.plugin [-] Segment 2a6906d3-73b2-4a2e-9106-92b22709fe50 resource provider aggregate not found
2026-05-12 13:00:37.527 7 INFO neutron.services.segments.plugin [-] Segment 2a6906d3-73b2-4a2e-9106-92b22709fe50 resource provider aggregate not found
2026-05-12 13:00:37.543 7 INFO neutron.services.segments.plugin [-] Segment 2a6906d3-73b2-4a2e-9106-92b22709fe50 resource provider not found; error: Placement Client Error (4xx): {"errors": [{"status": 404, "title": "Not Found", "detail": "The resource could not be found.\n\n No resource provider with uuid 2a6906d3-73b2-4a2e-9106-92b22709fe50 found for delete ", "request_id": "req-1a687840-79d5-4c4d-84fe-54e4b747b4e0"}]}
2026-05-12 13:00:37.547 7 INFO neutron.services.segments.plugin [-] Segment 2a6906d3-73b2-4a2e-9106-92b22709fe50 resource provider not found; error: Placement Client Error (4xx): {"errors": [{"status": 404, "title": "Not Found", "detail": "The resource could not be found.\n\n No resource provider with uuid 2a6906d3-73b2-4a2e-9106-92b22709fe50 found for delete ", "request_id": "req-13cac507-7095-4b46-90f0-c52af5c23e72"}]} [pid: 8|app: 0|req: 1028/1947] 10.0.0.33 () {32 vars in 773 bytes} [Tue May 12 13:00:37 2026] GET /v2.0/security-groups?tenant_id=af39ea3a5be244e691e8792f69e9e173&name=default => generated 2925 bytes in 151 msecs (HTTP/1.1 200) 4 headers in 158 bytes (1 switches on core 0)
2026-05-12 13:00:38.030 7 INFO neutron.db.ovn_revision_numbers_db [None req-00c45aae-cde6-46aa-9037-bbf04b677bcc 6fde6f625c794bc5b359f8820973c13f 148a055d008341ec8d83548a143d0807 - - default default] Successfully bumped revision number for resource 15e03d6d-e65f-4254-b79c-e32c6f576b6b (type: security_groups) to 1
2026-05-12 13:00:38.072 7 INFO neutron.db.ovn_revision_numbers_db [None req-00c45aae-cde6-46aa-9037-bbf04b677bcc 6fde6f625c794bc5b359f8820973c13f 148a055d008341ec8d83548a143d0807 - - default default] Successfully bumped revision number for resource 1745d494-9187-47c4-b799-44e793ea25c4 (type: security_group_rules) to 0
2026-05-12 13:00:38.094 7 INFO neutron.db.ovn_revision_numbers_db [None req-00c45aae-cde6-46aa-9037-bbf04b677bcc 6fde6f625c794bc5b359f8820973c13f 148a055d008341ec8d83548a143d0807 - - default default] Successfully bumped revision number for resource 93939e15-a238-430f-a294-5b3286346515 (type: security_group_rules) to 0
2026-05-12 13:00:38.117 8 INFO neutron.services.segments.plugin [-] Segment c1603f75-d533-40b2-88d5-a6470092eb97 resource provider aggregate not found
2026-05-12 13:00:38.120 8 INFO neutron.services.segments.plugin [-] Segment c1603f75-d533-40b2-88d5-a6470092eb97 resource provider aggregate not found
2026-05-12 13:00:38.132 8 INFO neutron.services.segments.plugin [-] Segment c1603f75-d533-40b2-88d5-a6470092eb97 resource provider not found; error: Placement Client Error (4xx): {"errors": [{"status": 404, "title": "Not Found", "detail": "The resource could not be found.\n\n No resource provider with uuid c1603f75-d533-40b2-88d5-a6470092eb97 found for delete ", "request_id": "req-02081a78-f2bd-46ef-95a9-561bbb50e8a7"}]}
2026-05-12 13:00:38.140 8 INFO neutron.services.segments.plugin [-] Segment c1603f75-d533-40b2-88d5-a6470092eb97 resource provider not found; error: Placement Client Error (4xx): {"errors": [{"status": 404, "title": "Not Found", "detail": "The resource could not be found.\n\n No resource provider with uuid c1603f75-d533-40b2-88d5-a6470092eb97 found for delete ", "request_id": "req-8345cade-37e2-4ee8-b95f-42c6b0e441a0"}]}
2026-05-12 13:00:38.160 7 INFO neutron.db.ovn_revision_numbers_db [None req-00c45aae-cde6-46aa-9037-bbf04b677bcc 6fde6f625c794bc5b359f8820973c13f 148a055d008341ec8d83548a143d0807 - - default default] Successfully bumped revision number for resource dcaf7420-6fbb-4f5d-9da6-c2923c0c6d38 (type: security_group_rules) to 0
2026-05-12 13:00:38.178 7 INFO neutron.db.ovn_revision_numbers_db [None req-00c45aae-cde6-46aa-9037-bbf04b677bcc 6fde6f625c794bc5b359f8820973c13f 148a055d008341ec8d83548a143d0807 - - default default] Successfully bumped revision number for resource f041172a-204d-4ce2-95fd-ffa3a3a5bb80 (type: security_group_rules) to 0 [pid: 8|app: 0|req: 1029/1948] 10.0.0.33 () {32 vars in 739 bytes} [Tue May 12 13:00:37 2026] DELETE /v2.0/security-groups/18c3d591-38ba-48c8-9fec-cb78a9cce336 => generated 0 bytes in 367 msecs (HTTP/1.1 204) 2 headers in 112 bytes (1 switches on core 0)
2026-05-12 13:00:38.251 7 INFO neutron.db.segments_db [None req-00c45aae-cde6-46aa-9037-bbf04b677bcc 6fde6f625c794bc5b359f8820973c13f 148a055d008341ec8d83548a143d0807 - - default default] Added segment e42edad7-bcc3-4967-8f11-48067ed4e62a of type geneve for network f929cc6e-75c9-4f97-9e3c-e9d3a1e66f79
