2026-05-12 13:02:30.928 7 INFO neutron.db.ovn_revision_numbers_db [req-78d2daf4-ab93-416e-9dd1-9e80b9a5d88c req-4df781af-2a9f-46b3-a98d-b5408cbe124a 1f717147af4349408f6909cb94ddc871 78e7612730374faa8706e4ba8e8eb73c - - default default] Successfully bumped revision number for resource b16a1cb4-a29b-4a31-9767-241d73be1160 (type: ports) to 1 [pid: 7|app: 0|req: 1235/2635] 199.19.213.169 () {38 vars in 955 bytes} [Tue May 12 13:02:30 2026] POST /v2.0/ports => generated 954 bytes in 588 msecs (HTTP/1.1 201) 4 headers in 162 bytes (1 switches on core 0) /var/lib/openstack/lib/python3.12/site-packages/pycadf/identifier.py:70: UserWarning: Invalid uuid: neutron. To ensure interoperability, identifiers should be a valid uuid. warnings.warn(('Invalid uuid: %s. To ensure interoperability, '
2026-05-12 13:02:31.012 8 WARNING neutron.scheduler.dhcp_agent_scheduler [None req-275959bd-407d-453f-9246-d41188c791a7 3a0324d455764c368afec23b2e63ff43 6bff14605fc741b78dd87191aea256f3 - - default default] No more DHCP agents
2026-05-12 13:02:31.014 8 WARNING neutron.api.rpc.agentnotifiers.dhcp_rpc_agent_api [None req-275959bd-407d-453f-9246-d41188c791a7 3a0324d455764c368afec23b2e63ff43 6bff14605fc741b78dd87191aea256f3 - - default default] Unable to schedule network 1355978b-505f-4692-acd3-2c1aca2e9bff: no agents available; will retry on subsequent port and subnet creation events. [pid: 7|app: 0|req: 1236/2636] 10.0.0.126 () {34 vars in 1120 bytes} [Tue May 12 13:02:30 2026] GET /v2.0/security-groups?id=ab2c3cb9-98d9-4558-b3eb-e8d83a6e1bd9&id=b4478710-3eb0-4389-af22-072d3328645c&fields=id&fields=name => generated 206 bytes in 31 msecs (HTTP/1.1 200) 4 headers in 157 bytes (1 switches on core 0)
2026-05-12 13:02:31.419 7 INFO neutron.db.ovn_revision_numbers_db [req-78d2daf4-ab93-416e-9dd1-9e80b9a5d88c req-6d4f7a6d-6d5e-4c62-a4a1-7df61a5e8f05 7d895026c13e44b59113caa428664598 e70a4cd5c75f49faaeafb71a6708fe1c - - ec291acd2cba4c5f838c7fd4ddeaf5a7 ec291acd2cba4c5f838c7fd4ddeaf5a7] Successfully bumped revision number for resource b16a1cb4-a29b-4a31-9767-241d73be1160 (type: ports) to 2
2026-05-12 13:02:31.521 8 INFO neutron.db.ovn_revision_numbers_db [None req-503b7f09-60df-457d-99bd-c57e9add6b03 - - - - - -] Successfully bumped revision number for resource 395af5f8-2eb1-48f9-bd2f-6fd448ea13d8 (type: ports) to 2
2026-05-12 13:02:31.572 8 INFO neutron.db.ovn_revision_numbers_db [None req-503b7f09-60df-457d-99bd-c57e9add6b03 - - - - - -] Successfully bumped revision number for resource 598466b5-9e6f-4a76-b74c-36234a505b85 (type: subnets) to 0 [pid: 8|app: 0|req: 1401/2637] 10.0.0.33 () {34 vars in 668 bytes} [Tue May 12 13:02:30 2026] POST /v2.0/subnets => generated 658 bytes in 822 msecs (HTTP/1.1 201) 4 headers in 162 bytes (1 switches on core 0)
2026-05-12 13:02:31.634 7 INFO neutron.db.ovn_revision_numbers_db [req-78d2daf4-ab93-416e-9dd1-9e80b9a5d88c req-6d4f7a6d-6d5e-4c62-a4a1-7df61a5e8f05 7d895026c13e44b59113caa428664598 e70a4cd5c75f49faaeafb71a6708fe1c - - ec291acd2cba4c5f838c7fd4ddeaf5a7 ec291acd2cba4c5f838c7fd4ddeaf5a7] Successfully bumped revision number for resource b16a1cb4-a29b-4a31-9767-241d73be1160 (type: ports) to 4 [pid: 7|app: 0|req: 1237/2638] 199.19.213.169 () {38 vars in 1028 bytes} [Tue May 12 13:02:31 2026] PUT /v2.0/ports/b16a1cb4-a29b-4a31-9767-241d73be1160 => generated 1204 bytes in 630 msecs (HTTP/1.1 200) 4 headers in 158 bytes (1 switches on core 0) [pid: 8|app: 0|req: 1402/2639] 10.0.0.119 () {34 vars in 990 bytes} [Tue May 12 13:02:31 2026] GET /v2.0/ports?device_id=50eb28d7-859c-4581-b9b2-f2ad2205079b => generated 969 bytes in 88 msecs (HTTP/1.1 200) 4 headers in 157 bytes (1 switches on core 0)
2026-05-12 13:02:31.683 7 INFO neutron.notifiers.nova [-] Nova event matching ['req-67bc7f29-039a-4dc5-a280-706661f9b888'] response: {'name': 'network-changed', 'server_uuid': '50eb28d7-859c-4581-b9b2-f2ad2205079b', 'tag': 'b16a1cb4-a29b-4a31-9767-241d73be1160', 'status': 'completed', 'code': 200} /var/lib/openstack/lib/python3.12/site-packages/pycadf/identifier.py:70: UserWarning: Invalid uuid: neutron. To ensure interoperability, identifiers should be a valid uuid. warnings.warn(('Invalid uuid: %s. To ensure interoperability, ' [pid: 7|app: 0|req: 1238/2640] 10.0.0.33 () {32 vars in 721 bytes} [Tue May 12 13:02:31 2026] GET /v2.0/subnetpools?name=shared-default-subnetpool-v6 => generated 19 bytes in 54 msecs (HTTP/1.1 200) 4 headers in 156 bytes (1 switches on core 0) [pid: 8|app: 0|req: 1403/2641] 10.0.0.119 () {34 vars in 1040 bytes} [Tue May 12 13:02:31 2026] GET /v2.0/security-groups?id=2744bdb2-36f5-4bad-90b5-c266c933f431&fields=id&fields=name => generated 114 bytes in 30 msecs (HTTP/1.1 200) 4 headers in 157 bytes (1 switches on core 0)
2026-05-12 13:02:31.907 7 WARNING neutron.scheduler.dhcp_agent_scheduler [None req-1190101b-7c27-47a3-bedb-8bf0b0a0103e 3a0324d455764c368afec23b2e63ff43 6bff14605fc741b78dd87191aea256f3 - - default default] No more DHCP agents
2026-05-12 13:02:31.908 7 WARNING neutron.api.rpc.agentnotifiers.dhcp_rpc_agent_api [None req-1190101b-7c27-47a3-bedb-8bf0b0a0103e 3a0324d455764c368afec23b2e63ff43 6bff14605fc741b78dd87191aea256f3 - - default default] Unable to schedule network 1355978b-505f-4692-acd3-2c1aca2e9bff: no agents available; will retry on subsequent port and subnet creation events.
2026-05-12 13:02:31.940 7 INFO neutron.db.ovn_revision_numbers_db [None req-1190101b-7c27-47a3-bedb-8bf0b0a0103e 3a0324d455764c368afec23b2e63ff43 6bff14605fc741b78dd87191aea256f3 - - default default] Successfully bumped revision number for resource a3cc8ece-eb1a-4b8c-9f52-2a8a3689a345 (type: subnets) to 0 [pid: 7|app: 0|req: 1239/2642] 10.0.0.33 () {34 vars in 668 bytes} [Tue May 12 13:02:31 2026] POST /v2.0/subnets => generated 732 bytes in 250 msecs (HTTP/1.1 201) 4 headers in 162 bytes (1 switches on core 0)
2026-05-12 13:02:32.062 8 INFO neutron.db.segments_db [None req-b1261eae-d3a2-43a6-bd5e-31b9294fe31f 3a0324d455764c368afec23b2e63ff43 6bff14605fc741b78dd87191aea256f3 - - default default] Added segment 99ade447-b845-4747-81b4-ccd3b6a8f836 of type geneve for network f77a784e-d453-4d6b-b01b-e6db7a0c86ca
2026-05-12 13:02:32.187 8 INFO neutron.db.ovn_revision_numbers_db [None req-b1261eae-d3a2-43a6-bd5e-31b9294fe31f 3a0324d455764c368afec23b2e63ff43 6bff14605fc741b78dd87191aea256f3 - - default default] Successfully bumped revision number for resource f77a784e-d453-4d6b-b01b-e6db7a0c86ca (type: networks) to 1 [pid: 7|app: 0|req: 1240/2643] 199.19.213.169 () {34 vars in 1080 bytes} [Tue May 12 13:02:32 2026] GET /v2.0/ports?tenant_id=78e7612730374faa8706e4ba8e8eb73c&device_id=50eb28d7-859c-4581-b9b2-f2ad2205079b => generated 1207 bytes in 43 msecs (HTTP/1.1 200) 4 headers in 158 bytes (1 switches on core 0) [pid: 7|app: 0|req: 1241/2644] 199.19.213.169 () {34 vars in 1018 bytes} [Tue May 12 13:02:32 2026] GET /v2.0/networks?tenant_id=78e7612730374faa8706e4ba8e8eb73c&shared=False => generated 797 bytes in 49 msecs (HTTP/1.1 200) 4 headers in 157 bytes (1 switches on core 0)
2026-05-12 13:02:32.360 8 WARNING neutron.scheduler.dhcp_agent_scheduler [None req-b1261eae-d3a2-43a6-bd5e-31b9294fe31f 3a0324d455764c368afec23b2e63ff43 6bff14605fc741b78dd87191aea256f3 - - default default] No more DHCP agents
2026-05-12 13:02:32.362 8 WARNING neutron.api.rpc.agentnotifiers.dhcp_rpc_agent_api [None req-b1261eae-d3a2-43a6-bd5e-31b9294fe31f 3a0324d455764c368afec23b2e63ff43 6bff14605fc741b78dd87191aea256f3 - - default default] Unable to schedule network f77a784e-d453-4d6b-b01b-e6db7a0c86ca: no agents available; will retry on subsequent port and subnet creation events. [pid: 7|app: 0|req: 1242/2645] 199.19.213.169 () {34 vars in 930 bytes} [Tue May 12 13:02:32 2026] GET /v2.0/networks?shared=True => generated 791 bytes in 62 msecs (HTTP/1.1 200) 4 headers in 157 bytes (1 switches on core 0)
2026-05-12 13:02:32.417 8 INFO neutron.plugins.ml2.drivers.ovn.mech_driver.mech_driver [None req-2cf97d57-6e10-45af-8a32-ef925eeeb95c - - - - - -] OVN reports status down for port: c01e3367-593f-40ab-b250-ef9b0c539f24
2026-05-12 13:02:32.476 8 INFO neutron.db.ovn_revision_numbers_db [None req-b1261eae-d3a2-43a6-bd5e-31b9294fe31f 3a0324d455764c368afec23b2e63ff43 6bff14605fc741b78dd87191aea256f3 - - default default] Successfully bumped revision number for resource c01e3367-593f-40ab-b250-ef9b0c539f24 (type: ports) to 1 [pid: 8|app: 0|req: 1404/2646] 10.0.0.33 () {34 vars in 669 bytes} [Tue May 12 13:02:31 2026] POST /v2.0/networks => generated 676 bytes in 545 msecs (HTTP/1.1 201) 4 headers in 162 bytes (1 switches on core 0)
2026-05-12 13:02:32.771 7 WARNING neutron.scheduler.dhcp_agent_scheduler [None req-c5d63a71-45cf-4a7f-bd76-0c1bd69bc7c4 3a0324d455764c368afec23b2e63ff43 6bff14605fc741b78dd87191aea256f3 - - default default] No more DHCP agents
2026-05-12 13:02:32.772 7 WARNING neutron.api.rpc.agentnotifiers.dhcp_rpc_agent_api [None req-c5d63a71-45cf-4a7f-bd76-0c1bd69bc7c4 3a0324d455764c368afec23b2e63ff43 6bff14605fc741b78dd87191aea256f3 - - default default] Unable to schedule network f77a784e-d453-4d6b-b01b-e6db7a0c86ca: no agents available; will retry on subsequent port and subnet creation events. [pid: 8|app: 0|req: 1405/2647] 10.0.0.119 () {34 vars in 990 bytes} [Tue May 12 13:02:32 2026] GET /v2.0/ports?device_id=50eb28d7-859c-4581-b9b2-f2ad2205079b => generated 969 bytes in 44 msecs (HTTP/1.1 200) 4 headers in 157 bytes (1 switches on core 0) [pid: 8|app: 0|req: 1406/2648] 10.0.0.119 () {34 vars in 1040 bytes} [Tue May 12 13:02:32 2026] GET /v2.0/security-groups?id=2744bdb2-36f5-4bad-90b5-c266c933f431&fields=id&fields=name => generated 114 bytes in 26 msecs (HTTP/1.1 200) 4 headers in 157 bytes (1 switches on core 0) [pid: 8|app: 0|req: 1407/2649] 10.0.0.119 () {34 vars in 990 bytes} [Tue May 12 13:02:33 2026] GET /v2.0/ports?device_id=01932e16-df6b-4150-bfb6-138f27f9a77f => generated 1010 bytes in 70 msecs (HTTP/1.1 200) 4 headers in 158 bytes (1 switches on core 0) [pid: 8|app: 0|req: 1408/2650] 10.0.0.119 () {34 vars in 1120 bytes} [Tue May 12 13:02:33 2026] GET /v2.0/security-groups?id=ab2c3cb9-98d9-4558-b3eb-e8d83a6e1bd9&id=b4478710-3eb0-4389-af22-072d3328645c&fields=id&fields=name => generated 206 bytes in 40 msecs (HTTP/1.1 200) 4 headers in 157 bytes (1 switches on core 0)
2026-05-12 13:02:33.269 7 INFO neutron.db.ovn_revision_numbers_db [None req-8ed922e9-0dc0-42d2-85ce-b2f5044d8356 - - - - - -] Successfully bumped revision number for resource c01e3367-593f-40ab-b250-ef9b0c539f24 (type: ports) to 2
2026-05-12 13:02:33.303 7 INFO neutron.db.ovn_revision_numbers_db [None req-8ed922e9-0dc0-42d2-85ce-b2f5044d8356 - - - - - -] Successfully bumped revision number for resource d038d129-c329-484f-b720-ccd48dc5c20a (type: subnets) to 0 [pid: 7|app: 0|req: 1243/2651] 10.0.0.33 () {34 vars in 668 bytes} [Tue May 12 13:02:32 2026] POST /v2.0/subnets => generated 656 bytes in 803 msecs (HTTP/1.1 201) 4 headers in 162 bytes (1 switches on core 0) [pid: 7|app: 0|req: 1244/2652] 199.19.213.169 () {34 vars in 1080 bytes} [Tue May 12 13:02:33 2026] GET /v2.0/ports?tenant_id=78e7612730374faa8706e4ba8e8eb73c&device_id=50eb28d7-859c-4581-b9b2-f2ad2205079b => generated 1207 bytes in 40 msecs (HTTP/1.1 200) 4 headers in 158 bytes (1 switches on core 0) [pid: 7|app: 0|req: 1245/2653] 199.19.213.169 () {34 vars in 1058 bytes} [Tue May 12 13:02:33 2026] GET /v2.0/floatingips?fixed_ip_address=10.100.0.6&port_id=b16a1cb4-a29b-4a31-9767-241d73be1160 => generated 19 bytes in 27 msecs (HTTP/1.1 200) 4 headers in 156 bytes (1 switches on core 0) [pid: 7|app: 0|req: 1246/2654] 199.19.213.169 () {34 vars in 984 bytes} [Tue May 12 13:02:33 2026] GET /v2.0/subnets?id=099a9b9b-337b-4c92-971f-33d9e0cb9212 => generated 678 bytes in 46 msecs (HTTP/1.1 200) 4 headers in 157 bytes (1 switches on core 0) [pid: 7|app: 0|req: 1247/2655] 199.19.213.169 () {34 vars in 1052 bytes} [Tue May 12 13:02:33 2026] GET /v2.0/ports?network_id=bdff6e8c-52a8-4c71-a211-2cd61857e8e1&device_owner=network%3Adhcp => generated 12 bytes in 19 msecs (HTTP/1.1 200) 4 headers in 156 bytes (1 switches on core 0) [pid: 7|app: 0|req: 1248/2656] 199.19.213.169 () {34 vars in 1012 bytes} [Tue May 12 13:02:33 2026] GET /v2.0/networks/bdff6e8c-52a8-4c71-a211-2cd61857e8e1?fields=segments => generated 14 bytes in 52 msecs (HTTP/1.1 200) 4 headers in 156 bytes (1 switches on core 0)
2026-05-12 13:02:33.609 8 WARNING neutron.scheduler.dhcp_agent_scheduler [None req-9fc27636-21f3-4298-9e6b-44932fc1e532 3a0324d455764c368afec23b2e63ff43 6bff14605fc741b78dd87191aea256f3 - - default default] No more DHCP agents
2026-05-12 13:02:33.610 8 WARNING neutron.api.rpc.agentnotifiers.dhcp_rpc_agent_api [None req-9fc27636-21f3-4298-9e6b-44932fc1e532 3a0324d455764c368afec23b2e63ff43 6bff14605fc741b78dd87191aea256f3 - - default default] Unable to schedule network f77a784e-d453-4d6b-b01b-e6db7a0c86ca: no agents available; will retry on subsequent port and subnet creation events.
2026-05-12 13:02:33.651 8 INFO neutron.db.ovn_revision_numbers_db [None req-9fc27636-21f3-4298-9e6b-44932fc1e532 3a0324d455764c368afec23b2e63ff43 6bff14605fc741b78dd87191aea256f3 - - default default] Successfully bumped revision number for resource b51b4f29-f159-43d0-9dfc-c6627c5f740f (type: subnets) to 0 [pid: 7|app: 0|req: 1249/2657] 199.19.213.169 () {34 vars in 1112 bytes} [Tue May 12 13:02:33 2026] GET /v2.0/networks/bdff6e8c-52a8-4c71-a211-2cd61857e8e1?fields=provider%3Aphysical_network&fields=provider%3Anetwork_type => generated 79 bytes in 49 msecs (HTTP/1.1 200) 4 headers in 156 bytes (1 switches on core 0) [pid: 8|app: 0|req: 1409/2658] 10.0.0.33 () {34 vars in 668 bytes} [Tue May 12 13:02:33 2026] POST /v2.0/subnets => generated 726 bytes in 345 msecs (HTTP/1.1 201) 4 headers in 162 bytes (1 switches on core 0)
2026-05-12 13:02:33.767 7 INFO neutron.db.segments_db [None req-b9ebd65e-2368-4e61-bbae-94c3a6799caf 3a0324d455764c368afec23b2e63ff43 6bff14605fc741b78dd87191aea256f3 - - default default] Added segment 3c08cc69-c176-4233-8fa8-a0f482836124 of type geneve for network 40fbaa22-0064-4c66-ad4e-55a7e6c43637
2026-05-12 13:02:33.913 7 INFO neutron.db.ovn_revision_numbers_db [None req-b9ebd65e-2368-4e61-bbae-94c3a6799caf 3a0324d455764c368afec23b2e63ff43 6bff14605fc741b78dd87191aea256f3 - - default default] Successfully bumped revision number for resource 40fbaa22-0064-4c66-ad4e-55a7e6c43637 (type: networks) to 1 [pid: 8|app: 0|req: 1410/2659] 10.0.0.119 () {34 vars in 990 bytes} [Tue May 12 13:02:33 2026] GET /v2.0/ports?device_id=50eb28d7-859c-4581-b9b2-f2ad2205079b => generated 969 bytes in 42 msecs (HTTP/1.1 200) 4 headers in 157 bytes (1 switches on core 0) [pid: 8|app: 0|req: 1411/2660] 10.0.0.119 () {34 vars in 1040 bytes} [Tue May 12 13:02:33 2026] GET /v2.0/security-groups?id=2744bdb2-36f5-4bad-90b5-c266c933f431&fields=id&fields=name => generated 114 bytes in 40 msecs (HTTP/1.1 200) 4 headers in 157 bytes (1 switches on core 0)
2026-05-12 13:02:34.112 7 WARNING neutron.scheduler.dhcp_agent_scheduler [None req-b9ebd65e-2368-4e61-bbae-94c3a6799caf 3a0324d455764c368afec23b2e63ff43 6bff14605fc741b78dd87191aea256f3 - - default default] No more DHCP agents
2026-05-12 13:02:34.113 7 WARNING neutron.api.rpc.agentnotifiers.dhcp_rpc_agent_api [None req-b9ebd65e-2368-4e61-bbae-94c3a6799caf 3a0324d455764c368afec23b2e63ff43 6bff14605fc741b78dd87191aea256f3 - - default default] Unable to schedule network 40fbaa22-0064-4c66-ad4e-55a7e6c43637: no agents available; will retry on subsequent port and subnet creation events.
2026-05-12 13:02:34.175 8 INFO neutron.plugins.ml2.drivers.ovn.mech_driver.mech_driver [None req-2cf97d57-6e10-45af-8a32-ef925eeeb95c - - - - - -] OVN reports status down for port: 1726132d-eb4e-4bcc-9196-a66b658d6a1f
2026-05-12 13:02:34.209 7 INFO neutron.plugins.ml2.drivers.ovn.mech_driver.mech_driver [None req-5bb02f01-3f99-44ab-ace2-9b81eabe141e - - - - - -] OVN reports status down for port: 430dfb95-96b1-4f25-a8f3-05dd0cf149af
2026-05-12 13:02:34.270 7 INFO neutron.db.ovn_revision_numbers_db [None req-b9ebd65e-2368-4e61-bbae-94c3a6799caf 3a0324d455764c368afec23b2e63ff43 6bff14605fc741b78dd87191aea256f3 - - default default] Successfully bumped revision number for resource 430dfb95-96b1-4f25-a8f3-05dd0cf149af (type: ports) to 1 [pid: 7|app: 0|req: 1250/2661] 10.0.0.33 () {34 vars in 669 bytes} [Tue May 12 13:02:33 2026] POST /v2.0/networks => generated 675 bytes in 633 msecs (HTTP/1.1 201) 4 headers in 162 bytes (1 switches on core 0)
2026-05-12 13:02:34.395 8 INFO neutron.notifiers.nova [-] Nova event matching ['req-c917f6fc-a5b0-43e2-8bec-f5ebb36d6854'] response: {'server_uuid': '01932e16-df6b-4150-bfb6-138f27f9a77f', 'name': 'network-vif-unplugged', 'status': 'completed', 'tag': '1726132d-eb4e-4bcc-9196-a66b658d6a1f', 'code': 200} [pid: 8|app: 0|req: 1412/2662] 10.0.0.119 () {34 vars in 990 bytes} [Tue May 12 13:02:34 2026] GET /v2.0/ports?device_id=01932e16-df6b-4150-bfb6-138f27f9a77f => generated 1010 bytes in 136 msecs (HTTP/1.1 200) 4 headers in 158 bytes (1 switches on core 0) [pid: 8|app: 0|req: 1413/2663] 10.0.0.119 () {34 vars in 1120 bytes} [Tue May 12 13:02:34 2026] GET /v2.0/security-groups?id=ab2c3cb9-98d9-4558-b3eb-e8d83a6e1bd9&id=b4478710-3eb0-4389-af22-072d3328645c&fields=id&fields=name => generated 206 bytes in 58 msecs (HTTP/1.1 200) 4 headers in 157 bytes (1 switches on core 0)
2026-05-12 13:02:34.533 7 WARNING neutron.scheduler.dhcp_agent_scheduler [None req-da06bfc7-852f-4eaf-b6be-2cc339334be9 3a0324d455764c368afec23b2e63ff43 6bff14605fc741b78dd87191aea256f3 - - default default] No more DHCP agents
2026-05-12 13:02:34.534 7 WARNING neutron.api.rpc.agentnotifiers.dhcp_rpc_agent_api [None req-da06bfc7-852f-4eaf-b6be-2cc339334be9 3a0324d455764c368afec23b2e63ff43 6bff14605fc741b78dd87191aea256f3 - - default default] Unable to schedule network 40fbaa22-0064-4c66-ad4e-55a7e6c43637: no agents available; will retry on subsequent port and subnet creation events.
2026-05-12 13:02:34.552 8 INFO neutron.db.ovn_revision_numbers_db [None req-2cf97d57-6e10-45af-8a32-ef925eeeb95c - - - - - -] Successfully bumped revision number for resource 1726132d-eb4e-4bcc-9196-a66b658d6a1f (type: ports) to 6
2026-05-12 13:02:35.001 7 INFO neutron.db.ovn_revision_numbers_db [None req-4331b8ca-ebf9-476e-8ab6-c3efb6cc2c72 - - - - - -] Successfully bumped revision number for resource 430dfb95-96b1-4f25-a8f3-05dd0cf149af (type: ports) to 2
2026-05-12 13:02:35.035 7 INFO neutron.db.ovn_revision_numbers_db [None req-4331b8ca-ebf9-476e-8ab6-c3efb6cc2c72 - - - - - -] Successfully bumped revision number for resource 04b84517-1e82-4b86-984a-d244bc4527bb (type: subnets) to 0 [pid: 7|app: 0|req: 1251/2664] 10.0.0.33 () {34 vars in 668 bytes} [Tue May 12 13:02:34 2026] POST /v2.0/subnets => generated 655 bytes in 741 msecs (HTTP/1.1 201) 4 headers in 162 bytes (1 switches on core 0) /var/lib/openstack/lib/python3.12/site-packages/pycadf/identifier.py:70: UserWarning: Invalid uuid: neutron. To ensure interoperability, identifiers should be a valid uuid. warnings.warn(('Invalid uuid: %s. To ensure interoperability, ' [pid: 7|app: 0|req: 1252/2665] 10.0.0.119 () {34 vars in 990 bytes} [Tue May 12 13:02:35 2026] GET /v2.0/ports?device_id=50eb28d7-859c-4581-b9b2-f2ad2205079b => generated 969 bytes in 36 msecs (HTTP/1.1 200) 4 headers in 157 bytes (1 switches on core 0) [pid: 7|app: 0|req: 1253/2666] 10.0.0.119 () {34 vars in 1040 bytes} [Tue May 12 13:02:35 2026] GET /v2.0/security-groups?id=2744bdb2-36f5-4bad-90b5-c266c933f431&fields=id&fields=name => generated 114 bytes in 29 msecs (HTTP/1.1 200) 4 headers in 157 bytes (1 switches on core 0)
2026-05-12 13:02:35.294 8 WARNING neutron.scheduler.dhcp_agent_scheduler [None req-e44ba82b-271f-4a56-b5fb-2d3562a74845 3a0324d455764c368afec23b2e63ff43 6bff14605fc741b78dd87191aea256f3 - - default default] No more DHCP agents
2026-05-12 13:02:35.296 8 WARNING neutron.api.rpc.agentnotifiers.dhcp_rpc_agent_api [None req-e44ba82b-271f-4a56-b5fb-2d3562a74845 3a0324d455764c368afec23b2e63ff43 6bff14605fc741b78dd87191aea256f3 - - default default] Unable to schedule network 40fbaa22-0064-4c66-ad4e-55a7e6c43637: no agents available; will retry on subsequent port and subnet creation events.
2026-05-12 13:02:35.330 8 INFO neutron.db.ovn_revision_numbers_db [None req-e44ba82b-271f-4a56-b5fb-2d3562a74845 3a0324d455764c368afec23b2e63ff43 6bff14605fc741b78dd87191aea256f3 - - default default] Successfully bumped revision number for resource b351b07b-3ebe-4846-aca9-647468bbbe2d (type: subnets) to 0 [pid: 8|app: 0|req: 1414/2667] 10.0.0.33 () {34 vars in 668 bytes} [Tue May 12 13:02:35 2026] POST /v2.0/subnets => generated 730 bytes in 290 msecs (HTTP/1.1 201) 4 headers in 162 bytes (1 switches on core 0) [pid: 8|app: 0|req: 1415/2668] 199.19.213.169 () {34 vars in 994 bytes} [Tue May 12 13:02:35 2026] GET /v2.0/ports?device_id=01932e16-df6b-4150-bfb6-138f27f9a77f => generated 1008 bytes in 44 msecs (HTTP/1.1 200) 4 headers in 158 bytes (1 switches on core 0)
2026-05-12 13:02:35.616 8 INFO neutron_taas.services.taas.taas_plugin [req-55767c48-e846-4593-83ad-4228f308b4aa req-6e1f61a0-f83c-4823-8917-23fdbd983395 a54b0ac2181d4d69a46e326b8e3ae6c6 ddbc03a95a8b4a579b6b0eb15e654f77 - - default default] TaaS: Handle Delete Port: 1726132d-eb4e-4bcc-9196-a66b658d6a1f
2026-05-12 13:02:35.620 8 INFO neutron_taas.services.taas.tap_mirror_plugin [req-55767c48-e846-4593-83ad-4228f308b4aa req-6e1f61a0-f83c-4823-8917-23fdbd983395 a54b0ac2181d4d69a46e326b8e3ae6c6 ddbc03a95a8b4a579b6b0eb15e654f77 - - default default] Tap Mirror: Handle Delete Port: 1726132d-eb4e-4bcc-9196-a66b658d6a1f
2026-05-12 13:02:35.849 8 INFO neutron.db.l3_db [req-55767c48-e846-4593-83ad-4228f308b4aa req-6e1f61a0-f83c-4823-8917-23fdbd983395 a54b0ac2181d4d69a46e326b8e3ae6c6 ddbc03a95a8b4a579b6b0eb15e654f77 - - default default] Floating IP f4ca3669-ac7c-4467-90ab-92ef2c2d1eed disassociated. External IP: 10.96.250.213, port: 1726132d-eb4e-4bcc-9196-a66b658d6a1f.
2026-05-12 13:02:35.871 7 WARNING neutron.scheduler.dhcp_agent_scheduler [None req-0534fcb0-3dcf-4681-8e1c-f6db3f765a2f 3a0324d455764c368afec23b2e63ff43 6bff14605fc741b78dd87191aea256f3 - - default default] No more DHCP agents
2026-05-12 13:02:35.873 7 WARNING neutron.api.rpc.agentnotifiers.dhcp_rpc_agent_api [None req-0534fcb0-3dcf-4681-8e1c-f6db3f765a2f 3a0324d455764c368afec23b2e63ff43 6bff14605fc741b78dd87191aea256f3 - - default default] Unable to schedule network 75be2262-b384-4368-a659-857dcb7f904f: no agents available; will retry on subsequent port and subnet creation events. [pid: 8|app: 0|req: 1418/2671] 199.19.213.169 () {36 vars in 997 bytes} [Tue May 12 13:02:35 2026] DELETE /v2.0/ports/1726132d-eb4e-4bcc-9196-a66b658d6a1f => generated 0 bytes in 550 msecs (HTTP/1.1 204) 3 headers in 131 bytes (1 switches on core 0)
2026-05-12 13:02:36.019 7 INFO neutron.plugins.ml2.drivers.ovn.mech_driver.mech_driver [None req-5bb02f01-3f99-44ab-ace2-9b81eabe141e - - - - - -] OVN reports status down for port: d5db3b79-427c-4c9a-922b-56e0f40d0a4c [pid: 8|app: 0|req: 1419/2672] 10.0.0.119 () {34 vars in 990 bytes} [Tue May 12 13:02:35 2026] GET /v2.0/ports?device_id=01932e16-df6b-4150-bfb6-138f27f9a77f => generated 12 bytes in 47 msecs (HTTP/1.1 200) 4 headers in 156 bytes (1 switches on core 0)
2026-05-12 13:02:36.100 7 INFO neutron.db.ovn_revision_numbers_db [None req-0534fcb0-3dcf-4681-8e1c-f6db3f765a2f 3a0324d455764c368afec23b2e63ff43 6bff14605fc741b78dd87191aea256f3 - - default default] Successfully bumped revision number for resource d5db3b79-427c-4c9a-922b-56e0f40d0a4c (type: ports) to 1 [pid: 8|app: 0|req: 1420/2673] 10.0.0.119 () {34 vars in 990 bytes} [Tue May 12 13:02:36 2026] GET /v2.0/ports?device_id=50eb28d7-859c-4581-b9b2-f2ad2205079b => generated 969 bytes in 48 msecs (HTTP/1.1 200) 4 headers in 157 bytes (1 switches on core 0)
2026-05-12 13:02:36.363 8 INFO neutron.plugins.ml2.drivers.ovn.mech_driver.mech_driver [None req-8fff694b-3938-430f-b05e-daf660622d3f - - - - - -] OVN reports status up for port: b16a1cb4-a29b-4a31-9767-241d73be1160 [pid: 8|app: 0|req: 1421/2674] 10.0.0.119 () {34 vars in 1040 bytes} [Tue May 12 13:02:36 2026] GET /v2.0/security-groups?id=2744bdb2-36f5-4bad-90b5-c266c933f431&fields=id&fields=name => generated 114 bytes in 87 msecs (HTTP/1.1 200) 4 headers in 157 bytes (1 switches on core 0)
2026-05-12 13:02:36.404 8 INFO neutron.plugins.ml2.plugin [None req-8fff694b-3938-430f-b05e-daf660622d3f - - - - - -] Attempt 1 to provision port b16a1cb4-a29b-4a31-9767-241d73be1160
2026-05-12 13:02:36.447 8 INFO neutron.notifiers.nova [-] Nova event matching ['req-025bb41f-8b07-4782-ad63-e4903891b22b'] response: {'server_uuid': '01932e16-df6b-4150-bfb6-138f27f9a77f', 'name': 'network-vif-unplugged', 'status': 'completed', 'tag': '1726132d-eb4e-4bcc-9196-a66b658d6a1f', 'code': 200}
2026-05-12 13:02:36.448 8 INFO neutron.notifiers.nova [-] Nova event matching ['req-025bb41f-8b07-4782-ad63-e4903891b22b'] response: {'server_uuid': '01932e16-df6b-4150-bfb6-138f27f9a77f', 'name': 'network-vif-deleted', 'tag': '1726132d-eb4e-4bcc-9196-a66b658d6a1f', 'status': 'completed', 'code': 200}
2026-05-12 13:02:36.651 8 INFO neutron.db.ovn_revision_numbers_db [None req-8fff694b-3938-430f-b05e-daf660622d3f - - - - - -] Successfully bumped revision number for resource b16a1cb4-a29b-4a31-9767-241d73be1160 (type: ports) to 5
2026-05-12 13:02:36.817 7 INFO neutron.plugins.ml2.drivers.ovn.mech_driver.ovsdb.commands [None req-0e971d1e-c542-4c29-9fc1-df021cbd24d7 - - - - - -] Schedule LRP lrp-d5db3b79-427c-4c9a-922b-56e0f40d0a4c on gateway 5eb24226-f09b-48f3-999a-5e33b466c4dd with priority 1
2026-05-12 13:02:36.863 7 INFO neutron.plugins.ml2.drivers.ovn.mech_driver.mech_driver [None req-5bb02f01-3f99-44ab-ace2-9b81eabe141e - - - - - -] OVN reports status up for port: d5db3b79-427c-4c9a-922b-56e0f40d0a4c
2026-05-12 13:02:36.880 7 INFO neutron.plugins.ml2.drivers.ovn.mech_driver.ovsdb.ovsdb_monitor [None req-b1adcf6e-ee37-4abc-a394-4410b15187c7 - - - - - -] Router e37f49a9-91f9-4691-bb56-14b7f72087b4 is bound to host instance
2026-05-12 13:02:36.916 7 INFO neutron.plugins.ml2.plugin [None req-5bb02f01-3f99-44ab-ace2-9b81eabe141e - - - - - -] Attempt 1 to provision port d5db3b79-427c-4c9a-922b-56e0f40d0a4c
2026-05-12 13:02:36.983 7 INFO neutron.db.ovn_revision_numbers_db [None req-0534fcb0-3dcf-4681-8e1c-f6db3f765a2f 3a0324d455764c368afec23b2e63ff43 6bff14605fc741b78dd87191aea256f3 - - default default] Successfully bumped revision number for resource d5db3b79-427c-4c9a-922b-56e0f40d0a4c (type: router_ports) to 1 /var/lib/openstack/lib/python3.12/site-packages/pycadf/identifier.py:70: UserWarning: Invalid uuid: neutron. To ensure interoperability, identifiers should be a valid uuid. warnings.warn(('Invalid uuid: %s. To ensure interoperability, ' [pid: 8|app: 0|req: 1422/2675] 10.0.0.119 () {34 vars in 990 bytes} [Tue May 12 13:02:37 2026] GET /v2.0/ports?device_id=01932e16-df6b-4150-bfb6-138f27f9a77f => generated 12 bytes in 25 msecs (HTTP/1.1 200) 4 headers in 156 bytes (1 switches on core 0)
2026-05-12 13:02:37.213 7 INFO neutron.db.ovn_revision_numbers_db [None req-0534fcb0-3dcf-4681-8e1c-f6db3f765a2f 3a0324d455764c368afec23b2e63ff43 6bff14605fc741b78dd87191aea256f3 - - default default] Successfully bumped revision number for resource e37f49a9-91f9-4691-bb56-14b7f72087b4 (type: routers) to 2 [pid: 7|app: 0|req: 1254/2676] 10.0.0.33 () {34 vars in 668 bytes} [Tue May 12 13:02:35 2026] POST /v2.0/routers => generated 945 bytes in 1905 msecs (HTTP/1.1 201) 4 headers in 162 bytes (1 switches on core 0) /var/lib/openstack/lib/python3.12/site-packages/pycadf/identifier.py:70: UserWarning: Invalid uuid: neutron. To ensure interoperability, identifiers should be a valid uuid. warnings.warn(('Invalid uuid: %s. To ensure interoperability, ' [pid: 7|app: 0|req: 1255/2677] 10.0.0.119 () {34 vars in 990 bytes} [Tue May 12 13:02:37 2026] GET /v2.0/ports?device_id=50eb28d7-859c-4581-b9b2-f2ad2205079b => generated 971 bytes in 155 msecs (HTTP/1.1 200) 4 headers in 157 bytes (1 switches on core 0) [pid: 7|app: 0|req: 1256/2678] 10.0.0.119 () {34 vars in 1040 bytes} [Tue May 12 13:02:37 2026] GET /v2.0/security-groups?id=2744bdb2-36f5-4bad-90b5-c266c933f431&fields=id&fields=name => generated 114 bytes in 73 msecs (HTTP/1.1 200) 4 headers in 157 bytes (1 switches on core 0)
2026-05-12 13:02:37.791 8 WARNING neutron.scheduler.dhcp_agent_scheduler [None req-959c1672-8870-4ef6-a5cc-49471985f907 3a0324d455764c368afec23b2e63ff43 6bff14605fc741b78dd87191aea256f3 - - default default] No more DHCP agents
2026-05-12 13:02:37.793 8 WARNING neutron.api.rpc.agentnotifiers.dhcp_rpc_agent_api [None req-959c1672-8870-4ef6-a5cc-49471985f907 3a0324d455764c368afec23b2e63ff43 6bff14605fc741b78dd87191aea256f3 - - default default] Unable to schedule network 1355978b-505f-4692-acd3-2c1aca2e9bff: no agents available; will retry on subsequent port and subnet creation events.
2026-05-12 13:02:37.943 8 INFO neutron.db.ovn_revision_numbers_db [None req-959c1672-8870-4ef6-a5cc-49471985f907 3a0324d455764c368afec23b2e63ff43 6bff14605fc741b78dd87191aea256f3 - - default default] Successfully bumped revision number for resource 7df9f98a-5175-4263-a29a-e113e9b2d57d (type: ports) to 1
2026-05-12 13:02:38.098 7 INFO neutron.db.ovn_revision_numbers_db [None req-16dc1520-68ce-4ad5-a5c6-1fb4c2ff8f7d - - - - - -] Successfully bumped revision number for resource d5db3b79-427c-4c9a-922b-56e0f40d0a4c (type: ports) to 4 [pid: 7|app: 0|req: 1257/2679] 10.0.0.119 () {34 vars in 990 bytes} [Tue May 12 13:02:38 2026] GET /v2.0/ports?device_id=01932e16-df6b-4150-bfb6-138f27f9a77f => generated 12 bytes in 37 msecs (HTTP/1.1 200) 4 headers in 156 bytes (1 switches on core 0)
2026-05-12 13:02:38.476 7 INFO neutron.db.ovn_revision_numbers_db [None req-16dc1520-68ce-4ad5-a5c6-1fb4c2ff8f7d - - - - - -] Successfully bumped revision number for resource d5db3b79-427c-4c9a-922b-56e0f40d0a4c (type: ports) to 5
2026-05-12 13:02:38.482 8 INFO neutron.notifiers.nova [-] Nova event matching ['req-c657e7ae-4d7e-4027-98a5-05f9036f5115'] response: {'server_uuid': '50eb28d7-859c-4581-b9b2-f2ad2205079b', 'name': 'network-vif-plugged', 'status': 'completed', 'tag': 'b16a1cb4-a29b-4a31-9767-241d73be1160', 'code': 200}
2026-05-12 13:02:38.482 8 INFO neutron.notifiers.nova [-] Nova event matching ['req-c657e7ae-4d7e-4027-98a5-05f9036f5115'] response: {'server_uuid': '50eb28d7-859c-4581-b9b2-f2ad2205079b', 'name': 'network-vif-plugged', 'status': 'completed', 'tag': 'b16a1cb4-a29b-4a31-9767-241d73be1160', 'code': 200}
2026-05-12 13:02:38.759 8 WARNING neutron.scheduler.dhcp_agent_scheduler [None req-959c1672-8870-4ef6-a5cc-49471985f907 3a0324d455764c368afec23b2e63ff43 6bff14605fc741b78dd87191aea256f3 - - default default] No more DHCP agents
2026-05-12 13:02:38.761 8 WARNING neutron.api.rpc.agentnotifiers.dhcp_rpc_agent_api [None req-959c1672-8870-4ef6-a5cc-49471985f907 3a0324d455764c368afec23b2e63ff43 6bff14605fc741b78dd87191aea256f3 - - default default] Unable to schedule network 1355978b-505f-4692-acd3-2c1aca2e9bff: no agents available; will retry on subsequent port and subnet creation events. [pid: 7|app: 0|req: 1258/2680] 10.0.0.119 () {34 vars in 990 bytes} [Tue May 12 13:02:38 2026] GET /v2.0/ports?device_id=50eb28d7-859c-4581-b9b2-f2ad2205079b => generated 971 bytes in 45 msecs (HTTP/1.1 200) 4 headers in 157 bytes (1 switches on core 0) [pid: 7|app: 0|req: 1259/2681] 10.0.0.119 () {34 vars in 1040 bytes} [Tue May 12 13:02:38 2026] GET /v2.0/security-groups?id=2744bdb2-36f5-4bad-90b5-c266c933f431&fields=id&fields=name => generated 114 bytes in 35 msecs (HTTP/1.1 200) 4 headers in 157 bytes (1 switches on core 0)
2026-05-12 13:02:39.113 8 INFO neutron.db.ovn_revision_numbers_db [None req-959c1672-8870-4ef6-a5cc-49471985f907 3a0324d455764c368afec23b2e63ff43 6bff14605fc741b78dd87191aea256f3 - - default default] Successfully bumped revision number for resource 7df9f98a-5175-4263-a29a-e113e9b2d57d (type: router_ports) to 1 [pid: 8|app: 0|req: 1423/2682] 10.0.0.33 () {34 vars in 782 bytes} [Tue May 12 13:02:37 2026] PUT /v2.0/routers/e37f49a9-91f9-4691-bb56-14b7f72087b4/add_router_interface => generated 309 bytes in 1864 msecs (HTTP/1.1 200) 4 headers in 157 bytes (1 switches on core 0)
2026-05-12 13:02:39.370 7 INFO neutron.plugins.ml2.drivers.ovn.mech_driver.mech_driver [None req-5bb02f01-3f99-44ab-ace2-9b81eabe141e - - - - - -] OVN reports status down for port: 7df9f98a-5175-4263-a29a-e113e9b2d57d [pid: 8|app: 0|req: 1424/2683] 10.0.0.33 () {32 vars in 739 bytes} [Tue May 12 13:02:39 2026] DELETE /v2.0/security-groups/ab2c3cb9-98d9-4558-b3eb-e8d83a6e1bd9 => generated 0 bytes in 162 msecs (HTTP/1.1 204) 2 headers in 112 bytes (1 switches on core 0)
2026-05-12 13:02:39.575 8 INFO neutron.api.v2.resource [None req-7f352322-2471-4f23-a051-88029d1631b3 a54b0ac2181d4d69a46e326b8e3ae6c6 ddbc03a95a8b4a579b6b0eb15e654f77 - - default default] show failed (client error): The resource could not be found. [pid: 8|app: 0|req: 1425/2684] 10.0.0.33 () {32 vars in 736 bytes} [Tue May 12 13:02:39 2026] GET /v2.0/security-groups/ab2c3cb9-98d9-4558-b3eb-e8d83a6e1bd9 => generated 146 bytes in 11 msecs (HTTP/1.1 404) 4 headers in 164 bytes (1 switches on core 0)
2026-05-12 13:02:39.582 7 WARNING neutron.plugins.ml2.drivers.ovn.mech_driver.ovsdb.ovn_client [None req-5bb02f01-3f99-44ab-ace2-9b81eabe141e - - - - - -] Logical_Switch_Port 7df9f98a-5175-4263-a29a-e113e9b2d57d host information not removed, the port state is up
2026-05-12 13:02:39.583 7 INFO neutron.plugins.ml2.drivers.ovn.mech_driver.mech_driver [None req-5bb02f01-3f99-44ab-ace2-9b81eabe141e - - - - - -] OVN reports status up for port: 7df9f98a-5175-4263-a29a-e113e9b2d57d
2026-05-12 13:02:39.605 7 INFO neutron.plugins.ml2.plugin [None req-5bb02f01-3f99-44ab-ace2-9b81eabe141e - - - - - -] Attempt 1 to provision port 7df9f98a-5175-4263-a29a-e113e9b2d57d
2026-05-12 13:02:39.757 8 INFO neutron_taas.services.taas.taas_plugin [None req-e9d7e3e8-2ffd-4f2e-9ab6-46cf16ccbfc7 a54b0ac2181d4d69a46e326b8e3ae6c6 ddbc03a95a8b4a579b6b0eb15e654f77 - - default default] TaaS: Handle Delete Port: 557100ec-37e2-4bb0-8a53-26c349bbb07a
2026-05-12 13:02:39.759 8 INFO neutron_taas.services.taas.tap_mirror_plugin [None req-e9d7e3e8-2ffd-4f2e-9ab6-46cf16ccbfc7 a54b0ac2181d4d69a46e326b8e3ae6c6 ddbc03a95a8b4a579b6b0eb15e654f77 - - default default] Tap Mirror: Handle Delete Port: 557100ec-37e2-4bb0-8a53-26c349bbb07a [pid: 8|app: 0|req: 1426/2685] 10.0.0.33 () {32 vars in 731 bytes} [Tue May 12 13:02:39 2026] DELETE /v2.0/floatingips/f4ca3669-ac7c-4467-90ab-92ef2c2d1eed => generated 0 bytes in 331 msecs (HTTP/1.1 204) 2 headers in 112 bytes (1 switches on core 0) [pid: 8|app: 0|req: 1427/2686] 10.0.0.119 () {34 vars in 990 bytes} [Tue May 12 13:02:39 2026] GET /v2.0/ports?device_id=50eb28d7-859c-4581-b9b2-f2ad2205079b => generated 971 bytes in 73 msecs (HTTP/1.1 200) 4 headers in 157 bytes (1 switches on core 0)
2026-05-12 13:02:40.006 7 WARNING neutron.scheduler.dhcp_agent_scheduler [None req-9e5935dc-5c8f-4124-8c3b-ae112dae356f 3a0324d455764c368afec23b2e63ff43 6bff14605fc741b78dd87191aea256f3 - - default default] No more DHCP agents
2026-05-12 13:02:40.008 7 WARNING neutron.api.rpc.agentnotifiers.dhcp_rpc_agent_api [None req-9e5935dc-5c8f-4124-8c3b-ae112dae356f 3a0324d455764c368afec23b2e63ff43 6bff14605fc741b78dd87191aea256f3 - - default default] Unable to schedule network f77a784e-d453-4d6b-b01b-e6db7a0c86ca: no agents available; will retry on subsequent port and subnet creation events. [pid: 8|app: 0|req: 1428/2687] 10.0.0.33 () {32 vars in 739 bytes} [Tue May 12 13:02:39 2026] DELETE /v2.0/security-groups/b4478710-3eb0-4389-af22-072d3328645c => generated 0 bytes in 193 msecs (HTTP/1.1 204) 2 headers in 112 bytes (1 switches on core 0) [pid: 8|app: 0|req: 1429/2688] 10.0.0.119 () {34 vars in 1040 bytes} [Tue May 12 13:02:40 2026] GET /v2.0/security-groups?id=2744bdb2-36f5-4bad-90b5-c266c933f431&fields=id&fields=name => generated 114 bytes in 39 msecs (HTTP/1.1 200) 4 headers in 157 bytes (1 switches on core 0)
2026-05-12 13:02:40.331 8 INFO neutron.plugins.ml2.drivers.ovn.mech_driver.mech_driver [None req-0078cf1d-6ef9-4789-a4bf-2af6520a8bdf - - - - - -] OVN reports status down for port: f6021555-ca5d-437b-87f8-3ddcc643b79b
2026-05-12 13:02:40.371 7 INFO neutron.db.ovn_revision_numbers_db [None req-5bb02f01-3f99-44ab-ace2-9b81eabe141e - - - - - -] Successfully bumped revision number for resource 7df9f98a-5175-4263-a29a-e113e9b2d57d (type: ports) to 2
2026-05-12 13:02:40.411 7 INFO neutron.db.ovn_revision_numbers_db [None req-9e5935dc-5c8f-4124-8c3b-ae112dae356f 3a0324d455764c368afec23b2e63ff43 6bff14605fc741b78dd87191aea256f3 - - default default] Successfully bumped revision number for resource f6021555-ca5d-437b-87f8-3ddcc643b79b (type: ports) to 1
2026-05-12 13:02:40.615 8 INFO neutron_taas.services.taas.taas_plugin [None req-6c90bc50-afaf-4fb8-94ef-8ab449e37244 d3d290bb4e1f4c2b9c9d525106965ea0 d0958fec29754a0ca2bf336c8ff9c2d3 - - default default] TaaS: Handle Delete Port: 0b4fa211-987b-44f3-8815-f8c64dbd22ce
2026-05-12 13:02:40.618 8 INFO neutron_taas.services.taas.tap_mirror_plugin [None req-6c90bc50-afaf-4fb8-94ef-8ab449e37244 d3d290bb4e1f4c2b9c9d525106965ea0 d0958fec29754a0ca2bf336c8ff9c2d3 - - default default] Tap Mirror: Handle Delete Port: 0b4fa211-987b-44f3-8815-f8c64dbd22ce
2026-05-12 13:02:41.201 8 INFO neutron.plugins.ml2.drivers.ovn.mech_driver.mech_driver [None req-0078cf1d-6ef9-4789-a4bf-2af6520a8bdf - - - - - -] OVN reports status up for port: f6021555-ca5d-437b-87f8-3ddcc643b79b [pid: 8|app: 0|req: 1430/2689] 10.0.0.33 () {34 vars in 788 bytes} [Tue May 12 13:02:40 2026] PUT /v2.0/routers/c14d14fe-36ea-4138-a49a-221c7054d265/remove_router_interface => generated 309 bytes in 992 msecs (HTTP/1.1 200) 4 headers in 157 bytes (1 switches on core 0)
2026-05-12 13:02:41.227 8 INFO neutron.plugins.ml2.plugin [None req-0078cf1d-6ef9-4789-a4bf-2af6520a8bdf - - - - - -] Attempt 1 to provision port f6021555-ca5d-437b-87f8-3ddcc643b79b /var/lib/openstack/lib/python3.12/site-packages/pycadf/identifier.py:70: UserWarning: Invalid uuid: neutron. To ensure interoperability, identifiers should be a valid uuid. warnings.warn(('Invalid uuid: %s. To ensure interoperability, ' [pid: 8|app: 0|req: 1431/2690] 10.0.0.119 () {34 vars in 990 bytes} [Tue May 12 13:02:41 2026] GET /v2.0/ports?device_id=50eb28d7-859c-4581-b9b2-f2ad2205079b => generated 971 bytes in 75 msecs (HTTP/1.1 200) 4 headers in 157 bytes (1 switches on core 0)
2026-05-12 13:02:41.305 7 WARNING neutron.scheduler.dhcp_agent_scheduler [None req-9e5935dc-5c8f-4124-8c3b-ae112dae356f 3a0324d455764c368afec23b2e63ff43 6bff14605fc741b78dd87191aea256f3 - - default default] No more DHCP agents
2026-05-12 13:02:41.306 7 WARNING neutron.api.rpc.agentnotifiers.dhcp_rpc_agent_api [None req-9e5935dc-5c8f-4124-8c3b-ae112dae356f 3a0324d455764c368afec23b2e63ff43 6bff14605fc741b78dd87191aea256f3 - - default default] Unable to schedule network f77a784e-d453-4d6b-b01b-e6db7a0c86ca: no agents available; will retry on subsequent port and subnet creation events.
2026-05-12 13:02:41.723 7 INFO neutron.db.ovn_revision_numbers_db [None req-9e5935dc-5c8f-4124-8c3b-ae112dae356f 3a0324d455764c368afec23b2e63ff43 6bff14605fc741b78dd87191aea256f3 - - default default] Successfully bumped revision number for resource f6021555-ca5d-437b-87f8-3ddcc643b79b (type: router_ports) to 1 [pid: 7|app: 0|req: 1260/2691] 10.0.0.33 () {34 vars in 782 bytes} [Tue May 12 13:02:39 2026] PUT /v2.0/routers/e37f49a9-91f9-4691-bb56-14b7f72087b4/add_router_interface => generated 309 bytes in 2604 msecs (HTTP/1.1 200) 4 headers in 157 bytes (1 switches on core 0) [pid: 7|app: 0|req: 1261/2692] 10.0.0.119 () {34 vars in 1040 bytes} [Tue May 12 13:02:41 2026] GET /v2.0/security-groups?id=2744bdb2-36f5-4bad-90b5-c266c933f431&fields=id&fields=name => generated 114 bytes in 30 msecs (HTTP/1.1 200) 4 headers in 157 bytes (1 switches on core 0)
2026-05-12 13:02:42.085 8 INFO neutron_taas.services.taas.taas_plugin [None req-0df06364-8423-4f71-b514-df422ac39392 d3d290bb4e1f4c2b9c9d525106965ea0 d0958fec29754a0ca2bf336c8ff9c2d3 - - default default] TaaS: Handle Delete Port: e6b91443-677f-4b5d-ab3a-15078ba5d7dd
2026-05-12 13:02:42.091 8 INFO neutron_taas.services.taas.tap_mirror_plugin [None req-0df06364-8423-4f71-b514-df422ac39392 d3d290bb4e1f4c2b9c9d525106965ea0 d0958fec29754a0ca2bf336c8ff9c2d3 - - default default] Tap Mirror: Handle Delete Port: e6b91443-677f-4b5d-ab3a-15078ba5d7dd
2026-05-12 13:02:42.113 8 INFO neutron.db.ovn_revision_numbers_db [None req-0078cf1d-6ef9-4789-a4bf-2af6520a8bdf - - - - - -] Successfully bumped revision number for resource f6021555-ca5d-437b-87f8-3ddcc643b79b (type: ports) to 2 [pid: 8|app: 0|req: 1432/2693] 10.0.0.33 () {32 vars in 723 bytes} [Tue May 12 13:02:41 2026] DELETE /v2.0/routers/c14d14fe-36ea-4138-a49a-221c7054d265 => generated 0 bytes in 1272 msecs (HTTP/1.1 204) 2 headers in 112 bytes (1 switches on core 0) [pid: 8|app: 0|req: 1433/2694] 10.0.0.33 () {32 vars in 735 bytes} [Tue May 12 13:02:42 2026] GET /v2.0/ports?device_id=50eb28d7-859c-4581-b9b2-f2ad2205079b => generated 1209 bytes in 31 msecs (HTTP/1.1 200) 4 headers in 158 bytes (1 switches on core 0) [pid: 8|app: 0|req: 1434/2695] 10.0.0.33 () {32 vars in 723 bytes} [Tue May 12 13:02:42 2026] DELETE /v2.0/subnets/85be72cf-35cb-4b25-97bb-01b304d3ee34 => generated 0 bytes in 168 msecs (HTTP/1.1 204) 3 headers in 131 bytes (1 switches on core 0)
2026-05-12 13:02:43.003 7 WARNING neutron.scheduler.dhcp_agent_scheduler [None req-6690aff8-a128-4fca-8a22-a4c961c71b87 3a0324d455764c368afec23b2e63ff43 6bff14605fc741b78dd87191aea256f3 - - default default] No more DHCP agents
2026-05-12 13:02:43.004 7 WARNING neutron.api.rpc.agentnotifiers.dhcp_rpc_agent_api [None req-6690aff8-a128-4fca-8a22-a4c961c71b87 3a0324d455764c368afec23b2e63ff43 6bff14605fc741b78dd87191aea256f3 - - default default] Unable to schedule network 40fbaa22-0064-4c66-ad4e-55a7e6c43637: no agents available; will retry on subsequent port and subnet creation events.
2026-05-12 13:02:43.169 7 INFO neutron.db.ovn_revision_numbers_db [None req-6690aff8-a128-4fca-8a22-a4c961c71b87 3a0324d455764c368afec23b2e63ff43 6bff14605fc741b78dd87191aea256f3 - - default default] Successfully bumped revision number for resource a74e3a38-da42-4829-bc7a-99fb20a5ad0b (type: ports) to 1
2026-05-12 13:02:43.884 8 INFO neutron.db.ovn_revision_numbers_db [None req-3345622b-363f-4705-8f1c-86c20eb32024 1f717147af4349408f6909cb94ddc871 78e7612730374faa8706e4ba8e8eb73c - - default default] Successfully bumped revision number for resource bd1c1740-d983-46a3-94ce-e555ff93c44b (type: floatingips) to 4
2026-05-12 13:02:44.004 7 WARNING neutron.scheduler.dhcp_agent_scheduler [None req-6690aff8-a128-4fca-8a22-a4c961c71b87 3a0324d455764c368afec23b2e63ff43 6bff14605fc741b78dd87191aea256f3 - - default default] No more DHCP agents
2026-05-12 13:02:44.006 7 WARNING neutron.api.rpc.agentnotifiers.dhcp_rpc_agent_api [None req-6690aff8-a128-4fca-8a22-a4c961c71b87 3a0324d455764c368afec23b2e63ff43 6bff14605fc741b78dd87191aea256f3 - - default default] Unable to schedule network 40fbaa22-0064-4c66-ad4e-55a7e6c43637: no agents available; will retry on subsequent port and subnet creation events.
2026-05-12 13:02:44.039 8 INFO neutron.db.ovn_revision_numbers_db [None req-3345622b-363f-4705-8f1c-86c20eb32024 1f717147af4349408f6909cb94ddc871 78e7612730374faa8706e4ba8e8eb73c - - default default] Successfully bumped revision number for resource bd1c1740-d983-46a3-94ce-e555ff93c44b (type: floatingips) to 5
2026-05-12 13:02:44.039 8 INFO neutron.db.l3_db [None req-3345622b-363f-4705-8f1c-86c20eb32024 1f717147af4349408f6909cb94ddc871 78e7612730374faa8706e4ba8e8eb73c - - default default] Floating IP bd1c1740-d983-46a3-94ce-e555ff93c44b associated. External IP: 10.96.250.208, port: b16a1cb4-a29b-4a31-9767-241d73be1160. [pid: 8|app: 0|req: 1435/2696] 10.0.0.33 () {34 vars in 748 bytes} [Tue May 12 13:02:42 2026] PUT /v2.0/floatingips/bd1c1740-d983-46a3-94ce-e555ff93c44b => generated 855 bytes in 1293 msecs (HTTP/1.1 200) 4 headers in 157 bytes (1 switches on core 0)
2026-05-12 13:02:44.108 8 INFO neutron.notifiers.nova [-] Nova event matching ['req-85c1cb98-cfcf-43f8-b201-b8629f7237de'] response: {'name': 'network-changed', 'server_uuid': '50eb28d7-859c-4581-b9b2-f2ad2205079b', 'tag': 'b16a1cb4-a29b-4a31-9767-241d73be1160', 'status': 'completed', 'code': 200}
2026-05-12 13:02:44.187 8 INFO neutron_taas.services.taas.taas_plugin [None req-54afbbfe-58a4-4cdc-a9c0-ea4b64ae99bc d3d290bb4e1f4c2b9c9d525106965ea0 d0958fec29754a0ca2bf336c8ff9c2d3 - - default default] TaaS: Handle Delete Port: 9292a612-305d-44dc-b357-9fdebdff639b
2026-05-12 13:02:44.190 8 INFO neutron_taas.services.taas.tap_mirror_plugin [None req-54afbbfe-58a4-4cdc-a9c0-ea4b64ae99bc d3d290bb4e1f4c2b9c9d525106965ea0 d0958fec29754a0ca2bf336c8ff9c2d3 - - default default] Tap Mirror: Handle Delete Port: 9292a612-305d-44dc-b357-9fdebdff639b
2026-05-12 13:02:44.387 7 INFO neutron.db.ovn_revision_numbers_db [None req-6690aff8-a128-4fca-8a22-a4c961c71b87 3a0324d455764c368afec23b2e63ff43 6bff14605fc741b78dd87191aea256f3 - - default default] Successfully bumped revision number for resource a74e3a38-da42-4829-bc7a-99fb20a5ad0b (type: router_ports) to 1 [pid: 7|app: 0|req: 1262/2697] 10.0.0.33 () {34 vars in 782 bytes} [Tue May 12 13:02:41 2026] PUT /v2.0/routers/e37f49a9-91f9-4691-bb56-14b7f72087b4/add_router_interface => generated 309 bytes in 2632 msecs (HTTP/1.1 200) 4 headers in 157 bytes (1 switches on core 0)
2026-05-12 13:02:44.412 8 INFO neutron.services.segments.plugin [-] Segment ee1b42e0-6505-40ac-a988-ade4027d0f03 resource provider aggregate not found
2026-05-12 13:02:44.423 8 INFO neutron.services.segments.plugin [-] Segment ee1b42e0-6505-40ac-a988-ade4027d0f03 resource provider aggregate not found
2026-05-12 13:02:44.430 8 INFO neutron.services.segments.plugin [-] Segment ee1b42e0-6505-40ac-a988-ade4027d0f03 resource provider not found; error: Placement Client Error (4xx): {"errors": [{"status": 404, "title": "Not Found", "detail": "The resource could not be found.\n\n No resource provider with uuid ee1b42e0-6505-40ac-a988-ade4027d0f03 found for delete ", "request_id": "req-392e8807-c8c7-4cbb-a63a-3e855dbda506"}]} [pid: 7|app: 0|req: 1263/2698] 10.0.0.33 () {32 vars in 728 bytes} [Tue May 12 13:02:44 2026] GET /v2.0/floatingips/bd1c1740-d983-46a3-94ce-e555ff93c44b => generated 857 bytes in 38 msecs (HTTP/1.1 200) 4 headers in 157 bytes (1 switches on core 0)
2026-05-12 13:02:44.446 8 INFO neutron.services.segments.plugin [-] Segment ee1b42e0-6505-40ac-a988-ade4027d0f03 resource provider not found; error: Placement Client Error (4xx): {"errors": [{"status": 404, "title": "Not Found", "detail": "The resource could not be found.\n\n No resource provider with uuid ee1b42e0-6505-40ac-a988-ade4027d0f03 found for delete ", "request_id": "req-7100a3a6-49ae-44a1-93a0-564245f19e24"}]} [pid: 8|app: 0|req: 1436/2699] 10.0.0.33 () {32 vars in 725 bytes} [Tue May 12 13:02:44 2026] DELETE /v2.0/networks/4492e232-f9bd-47a6-93f8-a92e5884ca59 => generated 0 bytes in 451 msecs (HTTP/1.1 204) 3 headers in 131 bytes (1 switches on core 0)
2026-05-12 13:02:44.605 7 INFO neutron.db.ovn_revision_numbers_db [None req-0ebc128f-4131-4618-a12e-e32e6fa8d6ec 3a0324d455764c368afec23b2e63ff43 6bff14605fc741b78dd87191aea256f3 - - default default] Successfully bumped revision number for resource b87f95e9-f390-4bd3-97eb-2b13e1b01254 (type: security_groups) to 1
2026-05-12 13:02:44.617 7 INFO neutron.db.ovn_revision_numbers_db [None req-0ebc128f-4131-4618-a12e-e32e6fa8d6ec 3a0324d455764c368afec23b2e63ff43 6bff14605fc741b78dd87191aea256f3 - - default default] Successfully bumped revision number for resource 0c73babb-ef49-47a9-b04a-33e2aaff3dde (type: security_group_rules) to 0
2026-05-12 13:02:44.634 7 INFO neutron.db.ovn_revision_numbers_db [None req-0ebc128f-4131-4618-a12e-e32e6fa8d6ec 3a0324d455764c368afec23b2e63ff43 6bff14605fc741b78dd87191aea256f3 - - default default] Successfully bumped revision number for resource cc3e7876-28d6-41d9-b268-fca21c3bd180 (type: security_group_rules) to 0 [pid: 7|app: 0|req: 1264/2700] 10.0.0.33 () {34 vars in 683 bytes} [Tue May 12 13:02:44 2026] POST /v2.0/security-groups => generated 1628 bytes in 237 msecs (HTTP/1.1 201) 4 headers in 163 bytes (1 switches on core 0) [pid: 7|app: 0|req: 1265/2701] 199.19.213.169 () {34 vars in 1080 bytes} [Tue May 12 13:02:44 2026] GET /v2.0/ports?tenant_id=78e7612730374faa8706e4ba8e8eb73c&device_id=50eb28d7-859c-4581-b9b2-f2ad2205079b => generated 1209 bytes in 40 msecs (HTTP/1.1 200) 4 headers in 158 bytes (1 switches on core 0)
2026-05-12 13:02:44.810 8 INFO neutron_taas.services.taas.taas_plugin [None req-ce0dc0cb-1733-41bf-849d-eb62ad92bb35 d3d290bb4e1f4c2b9c9d525106965ea0 d0958fec29754a0ca2bf336c8ff9c2d3 - - default default] TaaS: Handle Delete Port: d62ad0e4-33f5-4e24-9e81-fbda427813fa
2026-05-12 13:02:44.814 8 INFO neutron_taas.services.taas.tap_mirror_plugin [None req-ce0dc0cb-1733-41bf-849d-eb62ad92bb35 d3d290bb4e1f4c2b9c9d525106965ea0 d0958fec29754a0ca2bf336c8ff9c2d3 - - default default] Tap Mirror: Handle Delete Port: d62ad0e4-33f5-4e24-9e81-fbda427813fa
