Apr 11 17:01:35.314461 np0000165176 neutron-periodic-workers[105712]: DEBUG cotyledon.oslo_config_glue [-] ml2.mechanism_drivers = ['ovn'] {{(pid=105712) log_opt_values /opt/stack/data/venv/lib/python3.12/site-packages/oslo_config/cfg.py:3006}}
Apr 11 17:01:35.314521 np0000165176 neutron-periodic-workers[105712]: DEBUG cotyledon.oslo_config_glue [-] ml2.overlay_ip_version = 4 {{(pid=105712) log_opt_values /opt/stack/data/venv/lib/python3.12/site-packages/oslo_config/cfg.py:3006}}
Apr 11 17:01:35.314561 np0000165176 neutron-periodic-workers[105712]: DEBUG cotyledon.oslo_config_glue [-] ml2.path_mtu = 0 {{(pid=105712) log_opt_values /opt/stack/data/venv/lib/python3.12/site-packages/oslo_config/cfg.py:3006}}
Apr 11 17:01:35.314647 np0000165176 neutron-periodic-workers[105712]: DEBUG cotyledon.oslo_config_glue [-] ml2.physical_network_mtus = {} {{(pid=105712) log_opt_values /opt/stack/data/venv/lib/python3.12/site-packages/oslo_config/cfg.py:3006}}
Apr 11 17:01:35.314708 np0000165176 neutron-periodic-workers[105712]: DEBUG cotyledon.oslo_config_glue [-] ml2.project_network_types = ['geneve'] {{(pid=105712) log_opt_values /opt/stack/data/venv/lib/python3.12/site-packages/oslo_config/cfg.py:3006}}
Apr 11 17:01:35.314748 np0000165176 neutron-periodic-workers[105712]: DEBUG cotyledon.oslo_config_glue [-] ml2.tunnelled_network_rp_name = rp_tunnelled {{(pid=105712) log_opt_values /opt/stack/data/venv/lib/python3.12/site-packages/oslo_config/cfg.py:3006}}
Apr 11 17:01:35.314799 np0000165176 neutron-periodic-workers[105712]: DEBUG cotyledon.oslo_config_glue [-] ml2.type_drivers = ['local', 'flat', 'vlan', 'geneve'] {{(pid=105712) log_opt_values /opt/stack/data/venv/lib/python3.12/site-packages/oslo_config/cfg.py:3006}}
Apr 11 17:01:35.314875 np0000165176 neutron-periodic-workers[105712]: DEBUG cotyledon.oslo_config_glue [-] ml2_type_flat.flat_networks = ['public'] {{(pid=105712) log_opt_values /opt/stack/data/venv/lib/python3.12/site-packages/oslo_config/cfg.py:3006}}
Apr 11 17:01:35.314913 np0000165176 neutron-periodic-workers[105712]: DEBUG cotyledon.oslo_config_glue [-] ml2_type_geneve.max_header_size = 38 {{(pid=105712) log_opt_values /opt/stack/data/venv/lib/python3.12/site-packages/oslo_config/cfg.py:3006}}
Apr 11 17:01:35.314970 np0000165176 neutron-periodic-workers[105712]: DEBUG cotyledon.oslo_config_glue [-] ml2_type_geneve.vni_ranges = ['1:65536'] {{(pid=105712) log_opt_values /opt/stack/data/venv/lib/python3.12/site-packages/oslo_config/cfg.py:3006}}
Apr 11 17:01:35.315049 np0000165176 neutron-periodic-workers[105712]: DEBUG cotyledon.oslo_config_glue [-] ml2_type_vlan.network_vlan_ranges = ['public'] {{(pid=105712) log_opt_values /opt/stack/data/venv/lib/python3.12/site-packages/oslo_config/cfg.py:3006}}
Apr 11 17:01:35.315115 np0000165176 neutron-periodic-workers[105712]: DEBUG cotyledon.oslo_config_glue [-] network_log.burst_limit = 25 {{(pid=105712) log_opt_values /opt/stack/data/venv/lib/python3.12/site-packages/oslo_config/cfg.py:3006}}
Apr 11 17:01:35.315155 np0000165176 neutron-periodic-workers[105712]: DEBUG cotyledon.oslo_config_glue [-] network_log.local_output_log_base = None {{(pid=105712) log_opt_values /opt/stack/data/venv/lib/python3.12/site-packages/oslo_config/cfg.py:3006}}
Apr 11 17:01:35.315210 np0000165176 neutron-periodic-workers[105712]: DEBUG cotyledon.oslo_config_glue [-] network_log.rate_limit = 100 {{(pid=105712) log_opt_values /opt/stack/data/venv/lib/python3.12/site-packages/oslo_config/cfg.py:3006}}
Apr 11 17:01:35.315284 np0000165176 neutron-periodic-workers[105712]: DEBUG cotyledon.oslo_config_glue [-] database.asyncio_connection = **** {{(pid=105712) log_opt_values /opt/stack/data/venv/lib/python3.12/site-packages/oslo_config/cfg.py:3006}}
Apr 11 17:01:35.315320 np0000165176 neutron-periodic-workers[105712]: DEBUG cotyledon.oslo_config_glue [-] database.asyncio_slave_connection = **** {{(pid=105712) log_opt_values /opt/stack/data/venv/lib/python3.12/site-packages/oslo_config/cfg.py:3006}}
Apr 11 17:01:35.315372 np0000165176 neutron-periodic-workers[105712]: DEBUG cotyledon.oslo_config_glue [-] database.backend = sqlalchemy {{(pid=105712) log_opt_values /opt/stack/data/venv/lib/python3.12/site-packages/oslo_config/cfg.py:3006}}
Apr 11 17:01:35.315425 np0000165176 neutron-periodic-workers[105712]: DEBUG cotyledon.oslo_config_glue [-] database.connection = **** {{(pid=105712) log_opt_values /opt/stack/data/venv/lib/python3.12/site-packages/oslo_config/cfg.py:3006}}
Apr 11 17:01:35.315478 np0000165176 neutron-periodic-workers[105712]: DEBUG cotyledon.oslo_config_glue [-] database.connection_debug = 0 {{(pid=105712) log_opt_values /opt/stack/data/venv/lib/python3.12/site-packages/oslo_config/cfg.py:3006}}
Apr 11 17:01:35.315844 np0000165176 neutron-periodic-workers[105712]: DEBUG cotyledon.oslo_config_glue [-] database.connection_parameters = {{(pid=105712) log_opt_values /opt/stack/data/venv/lib/python3.12/site-packages/oslo_config/cfg.py:3006}}
Apr 11 17:01:35.315844 np0000165176 neutron-periodic-workers[105712]: DEBUG cotyledon.oslo_config_glue [-] database.connection_recycle_time = 3600 {{(pid=105712) log_opt_values /opt/stack/data/venv/lib/python3.12/site-packages/oslo_config/cfg.py:3006}}
Apr 11 17:01:35.315844 np0000165176 neutron-periodic-workers[105712]: DEBUG cotyledon.oslo_config_glue [-] database.connection_trace = False {{(pid=105712) log_opt_values /opt/stack/data/venv/lib/python3.12/site-packages/oslo_config/cfg.py:3006}}
Apr 11 17:01:35.315844 np0000165176 neutron-periodic-workers[105712]: DEBUG cotyledon.oslo_config_glue [-] database.db_inc_retry_interval = True {{(pid=105712) log_opt_values /opt/stack/data/venv/lib/python3.12/site-packages/oslo_config/cfg.py:3006}}
Apr 11 17:01:35.315844 np0000165176 neutron-periodic-workers[105712]: DEBUG cotyledon.oslo_config_glue [-] database.db_max_retries = 20 {{(pid=105712) log_opt_values /opt/stack/data/venv/lib/python3.12/site-packages/oslo_config/cfg.py:3006}}
Apr 11 17:01:35.315844 np0000165176 neutron-periodic-workers[105712]: DEBUG cotyledon.oslo_config_glue [-] database.db_max_retry_interval = 10 {{(pid=105712) log_opt_values /opt/stack/data/venv/lib/python3.12/site-packages/oslo_config/cfg.py:3006}}
Apr 11 17:01:35.315844 np0000165176 neutron-periodic-workers[105712]: DEBUG cotyledon.oslo_config_glue [-] database.db_retry_interval = 1 {{(pid=105712) log_opt_values /opt/stack/data/venv/lib/python3.12/site-packages/oslo_config/cfg.py:3006}}
Apr 11 17:01:35.315844 np0000165176 neutron-periodic-workers[105712]: DEBUG cotyledon.oslo_config_glue [-] database.max_overflow = 50 {{(pid=105712) log_opt_values /opt/stack/data/venv/lib/python3.12/site-packages/oslo_config/cfg.py:3006}}
Apr 11 17:01:35.315844 np0000165176 neutron-periodic-workers[105712]: DEBUG cotyledon.oslo_config_glue [-] database.max_pool_size = 5 {{(pid=105712) log_opt_values /opt/stack/data/venv/lib/python3.12/site-packages/oslo_config/cfg.py:3006}}
Apr 11 17:01:35.316176 np0000165176 neutron-periodic-workers[105712]: DEBUG cotyledon.oslo_config_glue [-] database.max_retries = 10 {{(pid=105712) log_opt_values /opt/stack/data/venv/lib/python3.12/site-packages/oslo_config/cfg.py:3006}}
Apr 11 17:01:35.316176 np0000165176 neutron-periodic-workers[105712]: DEBUG cotyledon.oslo_config_glue [-] database.mysql_sql_mode = TRADITIONAL {{(pid=105712) log_opt_values /opt/stack/data/venv/lib/python3.12/site-packages/oslo_config/cfg.py:3006}}
Apr 11 17:01:35.316176 np0000165176 neutron-periodic-workers[105712]: DEBUG cotyledon.oslo_config_glue [-] database.mysql_wsrep_sync_wait = None {{(pid=105712) log_opt_values /opt/stack/data/venv/lib/python3.12/site-packages/oslo_config/cfg.py:3006}}
Apr 11 17:01:35.316176 np0000165176 neutron-periodic-workers[105712]: DEBUG cotyledon.oslo_config_glue [-] database.pool_timeout = None {{(pid=105712) log_opt_values /opt/stack/data/venv/lib/python3.12/site-packages/oslo_config/cfg.py:3006}}
Apr 11 17:01:35.316176 np0000165176 neutron-periodic-workers[105712]: DEBUG cotyledon.oslo_config_glue [-] database.retry_interval = 10 {{(pid=105712) log_opt_values /opt/stack/data/venv/lib/python3.12/site-packages/oslo_config/cfg.py:3006}}
Apr 11 17:01:35.316176 np0000165176 neutron-periodic-workers[105712]: DEBUG cotyledon.oslo_config_glue [-] database.slave_connection = **** {{(pid=105712) log_opt_values /opt/stack/data/venv/lib/python3.12/site-packages/oslo_config/cfg.py:3006}}
Apr 11 17:01:35.316176 np0000165176 neutron-periodic-workers[105712]: DEBUG cotyledon.oslo_config_glue [-] database.sqlite_synchronous = True {{(pid=105712) log_opt_values /opt/stack/data/venv/lib/python3.12/site-packages/oslo_config/cfg.py:3006}}
Apr 11 17:01:35.316176 np0000165176 neutron-periodic-workers[105712]: DEBUG cotyledon.oslo_config_glue [-] database.synchronous_reader = True {{(pid=105712) log_opt_values /opt/stack/data/venv/lib/python3.12/site-packages/oslo_config/cfg.py:3006}}
Apr 11 17:01:35.316426 np0000165176 neutron-periodic-workers[105712]: DEBUG cotyledon.oslo_config_glue [-] database.use_db_reconnect = False {{(pid=105712) log_opt_values /opt/stack/data/venv/lib/python3.12/site-packages/oslo_config/cfg.py:3006}}
Apr 11 17:01:35.316426 np0000165176 neutron-periodic-workers[105712]: DEBUG cotyledon.oslo_config_glue [-] ovn.bfd_min_rx = 1000 {{(pid=105712) log_opt_values /opt/stack/data/venv/lib/python3.12/site-packages/oslo_config/cfg.py:3006}}
Apr 11 17:01:35.316426 np0000165176 neutron-periodic-workers[105712]: DEBUG cotyledon.oslo_config_glue [-] ovn.bfd_min_tx = 100 {{(pid=105712) log_opt_values /opt/stack/data/venv/lib/python3.12/site-packages/oslo_config/cfg.py:3006}}
Apr 11 17:01:35.316426 np0000165176 neutron-periodic-workers[105712]: DEBUG cotyledon.oslo_config_glue [-] ovn.bfd_mult = 3 {{(pid=105712) log_opt_values /opt/stack/data/venv/lib/python3.12/site-packages/oslo_config/cfg.py:3006}}
Apr 11 17:01:35.316426 np0000165176 neutron-periodic-workers[105712]: DEBUG cotyledon.oslo_config_glue [-] ovn.broadcast_arps_to_all_routers = True {{(pid=105712) log_opt_values /opt/stack/data/venv/lib/python3.12/site-packages/oslo_config/cfg.py:3006}}
Apr 11 17:01:35.316426 np0000165176 neutron-periodic-workers[105712]: DEBUG cotyledon.oslo_config_glue [-] ovn.dhcp_default_lease_time = 43200 {{(pid=105712) log_opt_values /opt/stack/data/venv/lib/python3.12/site-packages/oslo_config/cfg.py:3006}}
Apr 11 17:01:35.316876 np0000165176 neutron-periodic-workers[105712]: DEBUG cotyledon.oslo_config_glue [-] ovn.disable_ovn_dhcp_for_baremetal_ports = False {{(pid=105712) log_opt_values /opt/stack/data/venv/lib/python3.12/site-packages/oslo_config/cfg.py:3006}}
Apr 11 17:01:35.316876 np0000165176 neutron-periodic-workers[105712]: DEBUG cotyledon.oslo_config_glue [-] ovn.dns_records_ovn_owned = False {{(pid=105712) log_opt_values /opt/stack/data/venv/lib/python3.12/site-packages/oslo_config/cfg.py:3006}}
Apr 11 17:01:35.316876 np0000165176 neutron-periodic-workers[105712]: DEBUG cotyledon.oslo_config_glue [-] ovn.dns_servers = [] {{(pid=105712) log_opt_values /opt/stack/data/venv/lib/python3.12/site-packages/oslo_config/cfg.py:3006}}
Apr 11 17:01:35.316876 np0000165176 neutron-periodic-workers[105712]: DEBUG cotyledon.oslo_config_glue [-] ovn.enable_distributed_floating_ip = False {{(pid=105712) log_opt_values /opt/stack/data/venv/lib/python3.12/site-packages/oslo_config/cfg.py:3006}}
Apr 11 17:01:35.316876 np0000165176 neutron-periodic-workers[105712]: DEBUG cotyledon.oslo_config_glue [-] ovn.fdb_age_threshold = 300 {{(pid=105712) log_opt_values /opt/stack/data/venv/lib/python3.12/site-packages/oslo_config/cfg.py:3006}}
Apr 11 17:01:35.316876 np0000165176 neutron-periodic-workers[105712]: DEBUG cotyledon.oslo_config_glue [-] ovn.ha_failover_strategy = normal {{(pid=105712) log_opt_values /opt/stack/data/venv/lib/python3.12/site-packages/oslo_config/cfg.py:3006}}
Apr 11 17:01:35.316876 np0000165176 neutron-periodic-workers[105712]: DEBUG cotyledon.oslo_config_glue [-] ovn.live_migration_activation_strategy = rarp {{(pid=105712) log_opt_values /opt/stack/data/venv/lib/python3.12/site-packages/oslo_config/cfg.py:3006}}
Apr 11 17:01:35.316876 np0000165176 neutron-periodic-workers[105712]: DEBUG cotyledon.oslo_config_glue [-] ovn.localnet_learn_fdb = False {{(pid=105712) log_opt_values /opt/stack/data/venv/lib/python3.12/site-packages/oslo_config/cfg.py:3006}}
Apr 11 17:01:35.316876 np0000165176 neutron-periodic-workers[105712]: DEBUG cotyledon.oslo_config_glue [-] ovn.mac_binding_age_threshold = 300 {{(pid=105712) log_opt_values /opt/stack/data/venv/lib/python3.12/site-packages/oslo_config/cfg.py:3006}}
Apr 11 17:01:35.317281 np0000165176 neutron-periodic-workers[105712]: DEBUG cotyledon.oslo_config_glue [-] ovn.neutron_sync_mode = log {{(pid=105712) log_opt_values /opt/stack/data/venv/lib/python3.12/site-packages/oslo_config/cfg.py:3006}}
Apr 11 17:01:35.317281 np0000165176 neutron-periodic-workers[105712]: DEBUG cotyledon.oslo_config_glue [-] ovn.ovn_dhcp4_global_options = {} {{(pid=105712) log_opt_values /opt/stack/data/venv/lib/python3.12/site-packages/oslo_config/cfg.py:3006}}
Apr 11 17:01:35.317281 np0000165176 neutron-periodic-workers[105712]: DEBUG cotyledon.oslo_config_glue [-] ovn.ovn_dhcp6_global_options = {} {{(pid=105712) log_opt_values /opt/stack/data/venv/lib/python3.12/site-packages/oslo_config/cfg.py:3006}}
Apr 11 17:01:35.317281 np0000165176 neutron-periodic-workers[105712]: DEBUG cotyledon.oslo_config_glue [-] ovn.ovn_l3_scheduler = leastloaded {{(pid=105712) log_opt_values /opt/stack/data/venv/lib/python3.12/site-packages/oslo_config/cfg.py:3006}}
Apr 11 17:01:35.317281 np0000165176 neutron-periodic-workers[105712]: DEBUG cotyledon.oslo_config_glue [-] ovn.ovn_metadata_enabled = True {{(pid=105712) log_opt_values /opt/stack/data/venv/lib/python3.12/site-packages/oslo_config/cfg.py:3006}}
Apr 11 17:01:35.317281 np0000165176 neutron-periodic-workers[105712]: DEBUG cotyledon.oslo_config_glue [-] ovn.ovn_nb_ca_cert = /opt/stack/data/CA/int-ca/ca-chain.pem {{(pid=105712) log_opt_values /opt/stack/data/venv/lib/python3.12/site-packages/oslo_config/cfg.py:3006}}
Apr 11 17:01:35.317281 np0000165176 neutron-periodic-workers[105712]: DEBUG cotyledon.oslo_config_glue [-] ovn.ovn_nb_certificate = /opt/stack/data/CA/int-ca/devstack-cert.crt {{(pid=105712) log_opt_values /opt/stack/data/venv/lib/python3.12/site-packages/oslo_config/cfg.py:3006}}
Apr 11 17:01:35.317281 np0000165176 neutron-periodic-workers[105712]: DEBUG cotyledon.oslo_config_glue [-] ovn.ovn_nb_connection = ['ssl:162.253.55.36:6641'] {{(pid=105712) log_opt_values /opt/stack/data/venv/lib/python3.12/site-packages/oslo_config/cfg.py:3006}}
Apr 11 17:01:35.317563 np0000165176 neutron-periodic-workers[105712]: DEBUG cotyledon.oslo_config_glue [-] ovn.ovn_nb_private_key = /opt/stack/data/CA/int-ca/private/devstack-cert.key {{(pid=105712) log_opt_values /opt/stack/data/venv/lib/python3.12/site-packages/oslo_config/cfg.py:3006}}
Apr 11 17:01:35.317563 np0000165176 neutron-periodic-workers[105712]: DEBUG cotyledon.oslo_config_glue [-] ovn.ovn_router_indirect_snat = False {{(pid=105712) log_opt_values /opt/stack/data/venv/lib/python3.12/site-packages/oslo_config/cfg.py:3006}}
Apr 11 17:01:35.317563 np0000165176 neutron-periodic-workers[105712]: DEBUG cotyledon.oslo_config_glue [-] ovn.ovn_sb_ca_cert = /opt/stack/data/CA/int-ca/ca-chain.pem {{(pid=105712) log_opt_values /opt/stack/data/venv/lib/python3.12/site-packages/oslo_config/cfg.py:3006}}
Apr 11 17:01:35.317563 np0000165176 neutron-periodic-workers[105712]: DEBUG cotyledon.oslo_config_glue [-] ovn.ovn_sb_certificate = /opt/stack/data/CA/int-ca/devstack-cert.crt {{(pid=105712) log_opt_values /opt/stack/data/venv/lib/python3.12/site-packages/oslo_config/cfg.py:3006}}
Apr 11 17:01:35.317563 np0000165176 neutron-periodic-workers[105712]: DEBUG cotyledon.oslo_config_glue [-] ovn.ovn_sb_connection = ['ssl:162.253.55.36:6642'] {{(pid=105712) log_opt_values /opt/stack/data/venv/lib/python3.12/site-packages/oslo_config/cfg.py:3006}}
Apr 11 17:01:35.317563 np0000165176 neutron-periodic-workers[105712]: DEBUG cotyledon.oslo_config_glue [-] ovn.ovn_sb_private_key = /opt/stack/data/CA/int-ca/private/devstack-cert.key {{(pid=105712) log_opt_values /opt/stack/data/venv/lib/python3.12/site-packages/oslo_config/cfg.py:3006}}
Apr 11 17:01:35.317563 np0000165176 neutron-periodic-workers[105712]: DEBUG cotyledon.oslo_config_glue [-] ovn.ovs_create_tap = False {{(pid=105712) log_opt_values /opt/stack/data/venv/lib/python3.12/site-packages/oslo_config/cfg.py:3006}}
Apr 11 17:01:35.317563 np0000165176 neutron-periodic-workers[105712]: DEBUG cotyledon.oslo_config_glue [-] ovn.ovsdb_connection_timeout = 180 {{(pid=105712) log_opt_values /opt/stack/data/venv/lib/python3.12/site-packages/oslo_config/cfg.py:3006}}
Apr 11 17:01:35.317790 np0000165176 neutron-periodic-workers[105712]: DEBUG cotyledon.oslo_config_glue [-] ovn.ovsdb_log_level = INFO {{(pid=105712) log_opt_values /opt/stack/data/venv/lib/python3.12/site-packages/oslo_config/cfg.py:3006}}
Apr 11 17:01:35.317790 np0000165176 neutron-periodic-workers[105712]: DEBUG cotyledon.oslo_config_glue [-] ovn.ovsdb_probe_interval = 60000 {{(pid=105712) log_opt_values /opt/stack/data/venv/lib/python3.12/site-packages/oslo_config/cfg.py:3006}}
Apr 11 17:01:35.317790 np0000165176 neutron-periodic-workers[105712]: DEBUG cotyledon.oslo_config_glue [-] ovn.ovsdb_retry_max_interval = 180 {{(pid=105712) log_opt_values /opt/stack/data/venv/lib/python3.12/site-packages/oslo_config/cfg.py:3006}}
Apr 11 17:01:35.317790 np0000165176 neutron-periodic-workers[105712]: DEBUG cotyledon.oslo_config_glue [-] ovn.stateless_nat_enabled = False {{(pid=105712) log_opt_values /opt/stack/data/venv/lib/python3.12/site-packages/oslo_config/cfg.py:3006}}
Apr 11 17:01:35.317790 np0000165176 neutron-periodic-workers[105712]: DEBUG cotyledon.oslo_config_glue [-] ovn.vhost_sock_dir = /var/run/openvswitch {{(pid=105712) log_opt_values /opt/stack/data/venv/lib/python3.12/site-packages/oslo_config/cfg.py:3006}}
Apr 11 17:01:35.317790 np0000165176 neutron-periodic-workers[105712]: DEBUG cotyledon.oslo_config_glue [-] OVS.bridge_mac_table_size = 50000 {{(pid=105712) log_opt_values /opt/stack/data/venv/lib/python3.12/site-packages/oslo_config/cfg.py:3006}}
Apr 11 17:01:35.317790 np0000165176 neutron-periodic-workers[105712]: DEBUG cotyledon.oslo_config_glue [-] OVS.igmp_flood = False {{(pid=105712) log_opt_values /opt/stack/data/venv/lib/python3.12/site-packages/oslo_config/cfg.py:3006}}
Apr 11 17:01:35.317989 np0000165176 neutron-periodic-workers[105712]: DEBUG cotyledon.oslo_config_glue [-] OVS.igmp_flood_reports = True {{(pid=105712) log_opt_values /opt/stack/data/venv/lib/python3.12/site-packages/oslo_config/cfg.py:3006}}
Apr 11 17:01:35.317989 np0000165176 neutron-periodic-workers[105712]: DEBUG cotyledon.oslo_config_glue [-] OVS.igmp_flood_unregistered = False {{(pid=105712) log_opt_values /opt/stack/data/venv/lib/python3.12/site-packages/oslo_config/cfg.py:3006}}
Apr 11 17:01:35.317989 np0000165176 neutron-periodic-workers[105712]: DEBUG cotyledon.oslo_config_glue [-] OVS.igmp_snooping_enable = False {{(pid=105712) log_opt_values /opt/stack/data/venv/lib/python3.12/site-packages/oslo_config/cfg.py:3006}}
Apr 11 17:01:35.317989 np0000165176 neutron-periodic-workers[105712]: DEBUG cotyledon.oslo_config_glue [-] OVS.ovsdb_timeout = 10 {{(pid=105712) log_opt_values /opt/stack/data/venv/lib/python3.12/site-packages/oslo_config/cfg.py:3006}}
Apr 11 17:01:35.318112 np0000165176 neutron-periodic-workers[105712]: DEBUG cotyledon.oslo_config_glue [-] ovn_nb_global.fdb_removal_limit = 0 {{(pid=105712) log_opt_values /opt/stack/data/venv/lib/python3.12/site-packages/oslo_config/cfg.py:3006}}
Apr 11 17:01:35.318112 np0000165176 neutron-periodic-workers[105712]: DEBUG cotyledon.oslo_config_glue [-] ovn_nb_global.ignore_lsp_down = False {{(pid=105712) log_opt_values /opt/stack/data/venv/lib/python3.12/site-packages/oslo_config/cfg.py:3006}}
Apr 11 17:01:35.318112 np0000165176 neutron-periodic-workers[105712]: DEBUG cotyledon.oslo_config_glue [-] ovn_nb_global.mac_binding_removal_limit = 0 {{(pid=105712) log_opt_values /opt/stack/data/venv/lib/python3.12/site-packages/oslo_config/cfg.py:3006}}
Apr 11 17:01:35.318200 np0000165176 neutron-periodic-workers[105712]: DEBUG cotyledon.oslo_config_glue [-] ******************************************************************************** {{(pid=105712) log_opt_values /opt/stack/data/venv/lib/python3.12/site-packages/oslo_config/cfg.py:3013}}
Apr 11 17:01:35.318295 np0000165176 neutron-periodic-workers[105712]: DEBUG cotyledon._service_worker [-] Run service ServiceWrapper(0) [105712] {{(pid=105712) wait_forever /opt/stack/data/venv/lib/python3.12/site-packages/cotyledon/_service_worker.py:218}}
Apr 11 17:01:44.968262 np0000165176 neutron-periodic-workers[104967]: DEBUG dbcounter [-] [104967] Writing DB stats neutron:SELECT=4 {{(pid=104967) stat_writer /opt/stack/data/venv/lib/python3.12/site-packages/dbcounter.py:115}}
Apr 11 17:02:14.289478 np0000165176 neutron-periodic-workers[105694]: DEBUG oslo_db.sqlalchemy.engines [None req-16ac92b7-f3b4-40dc-a9b5-1e6056321548 None None] Parent process 104967 forked (105694) with an open database connection, which is being discarded and recreated. {{(pid=105694) checkout /opt/stack/data/venv/lib/python3.12/site-packages/oslo_db/sqlalchemy/engines.py:402}}
Apr 11 17:02:14.300874 np0000165176 neutron-periodic-workers[105694]: DEBUG dbcounter [-] [105694] Writer thread running {{(pid=105694) stat_writer /opt/stack/data/venv/lib/python3.12/site-packages/dbcounter.py:102}}
Apr 11 17:02:14.310753 np0000165176 neutron-periodic-workers[105694]: DEBUG oslo.service.backend._threading.loopingcall [None req-16ac92b7-f3b4-40dc-a9b5-1e6056321548 None None] Fixed interval looping call 'neutron.plugins.ml2.plugin.DhcpAgentSchedulerDbMixin.remove_networks_from_down_agents' sleeping for 36.97 seconds {{(pid=105694) _run_loop /opt/stack/data/venv/lib/python3.12/site-packages/oslo_service/backend/_threading/loopingcall.py:125}}
Apr 11 17:02:24.309572 np0000165176 neutron-periodic-workers[105694]: DEBUG dbcounter [-] [105694] Writing DB stats neutron:SELECT=3 {{(pid=105694) stat_writer /opt/stack/data/venv/lib/python3.12/site-packages/dbcounter.py:115}}
Apr 11 17:02:28.313332 np0000165176 neutron-periodic-workers[105703]: DEBUG dbcounter [-] [105703] Writer thread running {{(pid=105703) stat_writer /opt/stack/data/venv/lib/python3.12/site-packages/dbcounter.py:102}}
Apr 11 17:02:28.317167 np0000165176 neutron-periodic-workers[105703]: DEBUG neutron.db.agents_db [None req-eb30aec0-402e-47a1-9cfc-10f9ad11b3d6 None None] Agent healthcheck: found 0 active agents {{(pid=105703) agent_health_check /opt/stack/neutron/neutron/db/agents_db.py:317}}
Apr 11 17:02:28.317412 np0000165176 neutron-periodic-workers[105703]: DEBUG oslo.service.backend._threading.loopingcall [None req-eb30aec0-402e-47a1-9cfc-10f9ad11b3d6 None None] Fixed interval looping call 'neutron.plugins.ml2.plugin.AgentDbMixin.agent_health_check' sleeping for 36.98 seconds {{(pid=105703) _run_loop /opt/stack/data/venv/lib/python3.12/site-packages/oslo_service/backend/_threading/loopingcall.py:125}}
Apr 11 17:02:38.314063 np0000165176 neutron-periodic-workers[105703]: DEBUG dbcounter [-] [105703] Writing DB stats neutron:SELECT=1 {{(pid=105703) stat_writer /opt/stack/data/venv/lib/python3.12/site-packages/dbcounter.py:115}}
Apr 11 17:02:51.292202 np0000165176 neutron-periodic-workers[105694]: DEBUG oslo.service.backend._threading.loopingcall [None req-16ac92b7-f3b4-40dc-a9b5-1e6056321548 None None] Fixed interval looping call 'neutron.plugins.ml2.plugin.DhcpAgentSchedulerDbMixin.remove_networks_from_down_agents' sleeping for 36.99 seconds {{(pid=105694) _run_loop /opt/stack/data/venv/lib/python3.12/site-packages/oslo_service/backend/_threading/loopingcall.py:125}}
Apr 11 17:03:01.290797 np0000165176 neutron-periodic-workers[105694]: DEBUG dbcounter [-] [105694] Writing DB stats neutron:SELECT=3 {{(pid=105694) stat_writer /opt/stack/data/venv/lib/python3.12/site-packages/dbcounter.py:115}}
Apr 11 17:03:05.304024 np0000165176 neutron-periodic-workers[105703]: DEBUG neutron.db.agents_db [None req-eb30aec0-402e-47a1-9cfc-10f9ad11b3d6 None None] Agent healthcheck: found 0 active agents {{(pid=105703) agent_health_check /opt/stack/neutron/neutron/db/agents_db.py:317}}
Apr 11 17:03:05.304642 np0000165176 neutron-periodic-workers[105703]: DEBUG oslo.service.backend._threading.loopingcall [None req-eb30aec0-402e-47a1-9cfc-10f9ad11b3d6 None None] Fixed interval looping call 'neutron.plugins.ml2.plugin.AgentDbMixin.agent_health_check' sleeping for 36.99 seconds {{(pid=105703) _run_loop /opt/stack/data/venv/lib/python3.12/site-packages/oslo_service/backend/_threading/loopingcall.py:125}}
Apr 11 17:03:15.301529 np0000165176 neutron-periodic-workers[105703]: DEBUG dbcounter [-] [105703] Writing DB stats neutron:SELECT=1 {{(pid=105703) stat_writer /opt/stack/data/venv/lib/python3.12/site-packages/dbcounter.py:115}}
Apr 11 17:03:28.292785 np0000165176 neutron-periodic-workers[105694]: DEBUG oslo.service.backend._threading.loopingcall [None req-16ac92b7-f3b4-40dc-a9b5-1e6056321548 None None] Fixed interval looping call 'neutron.plugins.ml2.plugin.DhcpAgentSchedulerDbMixin.remove_networks_from_down_agents' sleeping for 36.99 seconds {{(pid=105694) _run_loop /opt/stack/data/venv/lib/python3.12/site-packages/oslo_service/backend/_threading/loopingcall.py:125}}
Apr 11 17:03:35.338868 np0000165176 neutron-periodic-workers[105712]: DEBUG dbcounter [-] [105712] Writer thread running {{(pid=105712) stat_writer /opt/stack/data/venv/lib/python3.12/site-packages/dbcounter.py:102}}
Apr 11 17:03:35.341144 np0000165176 neutron-periodic-workers[105712]: DEBUG oslo.service.backend._threading.loopingcall [None req-544bfa28-c53f-4ddf-9d08-3681053fe037 None None] Fixed interval looping call 'neutron.db.quota.driver_nolock.DbQuotaNoLockDriver._remove_expired_reservations' sleeping for 119.98 seconds {{(pid=105712) _run_loop /opt/stack/data/venv/lib/python3.12/site-packages/oslo_service/backend/_threading/loopingcall.py:125}}
Apr 11 17:03:38.291674 np0000165176 neutron-periodic-workers[105694]: DEBUG dbcounter [-] [105694] Writing DB stats neutron:SELECT=3 {{(pid=105694) stat_writer /opt/stack/data/venv/lib/python3.12/site-packages/dbcounter.py:115}}
Apr 11 17:03:42.300381 np0000165176 neutron-periodic-workers[105703]: DEBUG neutron.db.agents_db [None req-eb30aec0-402e-47a1-9cfc-10f9ad11b3d6 None None] Agent healthcheck: found 0 active agents {{(pid=105703) agent_health_check /opt/stack/neutron/neutron/db/agents_db.py:317}}
Apr 11 17:03:42.300973 np0000165176 neutron-periodic-workers[105703]: DEBUG oslo.service.backend._threading.loopingcall [None req-eb30aec0-402e-47a1-9cfc-10f9ad11b3d6 None None] Fixed interval looping call 'neutron.plugins.ml2.plugin.AgentDbMixin.agent_health_check' sleeping for 36.99 seconds {{(pid=105703) _run_loop /opt/stack/data/venv/lib/python3.12/site-packages/oslo_service/backend/_threading/loopingcall.py:125}}
Apr 11 17:03:45.339609 np0000165176 neutron-periodic-workers[105712]: DEBUG dbcounter [-] [105712] Writing DB stats neutron:DELETE=1 {{(pid=105712) stat_writer /opt/stack/data/venv/lib/python3.12/site-packages/dbcounter.py:115}}
Apr 11 17:03:52.298588 np0000165176 neutron-periodic-workers[105703]: DEBUG dbcounter [-] [105703] Writing DB stats neutron:SELECT=1 {{(pid=105703) stat_writer /opt/stack/data/venv/lib/python3.12/site-packages/dbcounter.py:115}}
Apr 11 17:04:05.294484 np0000165176 neutron-periodic-workers[105694]: DEBUG oslo.service.backend._threading.loopingcall [None req-16ac92b7-f3b4-40dc-a9b5-1e6056321548 None None] Fixed interval looping call 'neutron.plugins.ml2.plugin.DhcpAgentSchedulerDbMixin.remove_networks_from_down_agents' sleeping for 36.99 seconds {{(pid=105694) _run_loop /opt/stack/data/venv/lib/python3.12/site-packages/oslo_service/backend/_threading/loopingcall.py:125}}
Apr 11 17:04:15.292965 np0000165176 neutron-periodic-workers[105694]: DEBUG dbcounter [-] [105694] Writing DB stats neutron:SELECT=3 {{(pid=105694) stat_writer /opt/stack/data/venv/lib/python3.12/site-packages/dbcounter.py:115}}
Apr 11 17:04:19.297373 np0000165176 neutron-periodic-workers[105703]: DEBUG neutron.db.agents_db [None req-eb30aec0-402e-47a1-9cfc-10f9ad11b3d6 None None] Agent healthcheck: found 0 active agents {{(pid=105703) agent_health_check /opt/stack/neutron/neutron/db/agents_db.py:317}}
Apr 11 17:04:19.297373 np0000165176 neutron-periodic-workers[105703]: DEBUG oslo.service.backend._threading.loopingcall [None req-eb30aec0-402e-47a1-9cfc-10f9ad11b3d6 None None] Fixed interval looping call 'neutron.plugins.ml2.plugin.AgentDbMixin.agent_health_check' sleeping for 36.99 seconds {{(pid=105703) _run_loop /opt/stack/data/venv/lib/python3.12/site-packages/oslo_service/backend/_threading/loopingcall.py:125}}
Apr 11 17:04:29.294882 np0000165176 neutron-periodic-workers[105703]: DEBUG dbcounter [-] [105703] Writing DB stats neutron:SELECT=1 {{(pid=105703) stat_writer /opt/stack/data/venv/lib/python3.12/site-packages/dbcounter.py:115}}
Apr 11 17:04:42.295468 np0000165176 neutron-periodic-workers[105694]: DEBUG oslo.service.backend._threading.loopingcall [None req-16ac92b7-f3b4-40dc-a9b5-1e6056321548 None None] Fixed interval looping call 'neutron.plugins.ml2.plugin.DhcpAgentSchedulerDbMixin.remove_networks_from_down_agents' sleeping for 36.99 seconds {{(pid=105694) _run_loop /opt/stack/data/venv/lib/python3.12/site-packages/oslo_service/backend/_threading/loopingcall.py:125}}
Apr 11 17:04:52.293986 np0000165176 neutron-periodic-workers[105694]: DEBUG dbcounter [-] [105694] Writing DB stats neutron:SELECT=3 {{(pid=105694) stat_writer /opt/stack/data/venv/lib/python3.12/site-packages/dbcounter.py:115}}
Apr 11 17:04:56.293724 np0000165176 neutron-periodic-workers[105703]: DEBUG neutron.db.agents_db [None req-eb30aec0-402e-47a1-9cfc-10f9ad11b3d6 None None] Agent healthcheck: found 0 active agents {{(pid=105703) agent_health_check /opt/stack/neutron/neutron/db/agents_db.py:317}}
Apr 11 17:04:56.294688 np0000165176 neutron-periodic-workers[105703]: DEBUG oslo.service.backend._threading.loopingcall [None req-eb30aec0-402e-47a1-9cfc-10f9ad11b3d6 None None] Fixed interval looping call 'neutron.plugins.ml2.plugin.AgentDbMixin.agent_health_check' sleeping for 36.99 seconds {{(pid=105703) _run_loop /opt/stack/data/venv/lib/python3.12/site-packages/oslo_service/backend/_threading/loopingcall.py:125}}
Apr 11 17:05:06.291794 np0000165176 neutron-periodic-workers[105703]: DEBUG dbcounter [-] [105703] Writing DB stats neutron:SELECT=1 {{(pid=105703) stat_writer /opt/stack/data/venv/lib/python3.12/site-packages/dbcounter.py:115}}
Apr 11 17:05:19.295821 np0000165176 neutron-periodic-workers[105694]: DEBUG oslo.service.backend._threading.loopingcall [None req-16ac92b7-f3b4-40dc-a9b5-1e6056321548 None None] Fixed interval looping call 'neutron.plugins.ml2.plugin.DhcpAgentSchedulerDbMixin.remove_networks_from_down_agents' sleeping for 36.99 seconds {{(pid=105694) _run_loop /opt/stack/data/venv/lib/python3.12/site-packages/oslo_service/backend/_threading/loopingcall.py:125}}
Apr 11 17:05:29.294211 np0000165176 neutron-periodic-workers[105694]: DEBUG dbcounter [-] [105694] Writing DB stats neutron:SELECT=3 {{(pid=105694) stat_writer /opt/stack/data/venv/lib/python3.12/site-packages/dbcounter.py:115}}
Apr 11 17:05:33.291350 np0000165176 neutron-periodic-workers[105703]: DEBUG neutron.db.agents_db [None req-eb30aec0-402e-47a1-9cfc-10f9ad11b3d6 None None] Agent healthcheck: found 0 active agents {{(pid=105703) agent_health_check /opt/stack/neutron/neutron/db/agents_db.py:317}}
Apr 11 17:05:33.292000 np0000165176 neutron-periodic-workers[105703]: DEBUG oslo.service.backend._threading.loopingcall [None req-eb30aec0-402e-47a1-9cfc-10f9ad11b3d6 None None] Fixed interval looping call 'neutron.plugins.ml2.plugin.AgentDbMixin.agent_health_check' sleeping for 36.99 seconds {{(pid=105703) _run_loop /opt/stack/data/venv/lib/python3.12/site-packages/oslo_service/backend/_threading/loopingcall.py:125}}
Apr 11 17:05:35.326788 np0000165176 neutron-periodic-workers[105712]: DEBUG oslo.service.backend._threading.loopingcall [None req-544bfa28-c53f-4ddf-9d08-3681053fe037 None None] Fixed interval looping call 'neutron.db.quota.driver_nolock.DbQuotaNoLockDriver._remove_expired_reservations' sleeping for 119.99 seconds {{(pid=105712) _run_loop /opt/stack/data/venv/lib/python3.12/site-packages/oslo_service/backend/_threading/loopingcall.py:125}}
Apr 11 17:05:43.288823 np0000165176 neutron-periodic-workers[105703]: DEBUG dbcounter [-] [105703] Writing DB stats neutron:SELECT=1 {{(pid=105703) stat_writer /opt/stack/data/venv/lib/python3.12/site-packages/dbcounter.py:115}}
Apr 11 17:05:45.325214 np0000165176 neutron-periodic-workers[105712]: DEBUG dbcounter [-] [105712] Writing DB stats neutron:DELETE=1 {{(pid=105712) stat_writer /opt/stack/data/venv/lib/python3.12/site-packages/dbcounter.py:115}}
Apr 11 17:05:56.295814 np0000165176 neutron-periodic-workers[105694]: DEBUG oslo.service.backend._threading.loopingcall [None req-16ac92b7-f3b4-40dc-a9b5-1e6056321548 None None] Fixed interval looping call 'neutron.plugins.ml2.plugin.DhcpAgentSchedulerDbMixin.remove_networks_from_down_agents' sleeping for 36.99 seconds {{(pid=105694) _run_loop /opt/stack/data/venv/lib/python3.12/site-packages/oslo_service/backend/_threading/loopingcall.py:125}}
Apr 11 17:06:02.292392 np0000165176 neutron-periodic-workers[105684]: DEBUG dbcounter [-] [105684] Writer thread running {{(pid=105684) stat_writer /opt/stack/data/venv/lib/python3.12/site-packages/dbcounter.py:102}}
Apr 11 17:06:02.302727 np0000165176 neutron-periodic-workers[105684]: DEBUG oslo.service.backend._threading.loopingcall [None req-fcf0127a-26f3-4bc3-bc7a-e545a5614a50 None None] Fixed interval looping call 'neutron.services.ovn_l3.plugin.L3_NAT_dbonly_mixin._clean_garbage' sleeping for 299.96 seconds {{(pid=105684) _run_loop /opt/stack/data/venv/lib/python3.12/site-packages/oslo_service/backend/_threading/loopingcall.py:125}}
Apr 11 17:06:06.294919 np0000165176 neutron-periodic-workers[105694]: DEBUG dbcounter [-] [105694] Writing DB stats neutron:SELECT=3 {{(pid=105694) stat_writer /opt/stack/data/venv/lib/python3.12/site-packages/dbcounter.py:115}}
Apr 11 17:06:10.288601 np0000165176 neutron-periodic-workers[105703]: DEBUG neutron.db.agents_db [None req-eb30aec0-402e-47a1-9cfc-10f9ad11b3d6 None None] Agent healthcheck: found 0 active agents {{(pid=105703) agent_health_check /opt/stack/neutron/neutron/db/agents_db.py:317}}
Apr 11 17:06:10.289164 np0000165176 neutron-periodic-workers[105703]: DEBUG oslo.service.backend._threading.loopingcall [None req-eb30aec0-402e-47a1-9cfc-10f9ad11b3d6 None None] Fixed interval looping call 'neutron.plugins.ml2.plugin.AgentDbMixin.agent_health_check' sleeping for 36.99 seconds {{(pid=105703) _run_loop /opt/stack/data/venv/lib/python3.12/site-packages/oslo_service/backend/_threading/loopingcall.py:125}}
Apr 11 17:06:12.293130 np0000165176 neutron-periodic-workers[105684]: DEBUG dbcounter [-] [105684] Writing DB stats neutron:SELECT=1 {{(pid=105684) stat_writer /opt/stack/data/venv/lib/python3.12/site-packages/dbcounter.py:115}}
Apr 11 17:06:20.286647 np0000165176 neutron-periodic-workers[105703]: DEBUG dbcounter [-] [105703] Writing DB stats neutron:SELECT=1 {{(pid=105703) stat_writer /opt/stack/data/venv/lib/python3.12/site-packages/dbcounter.py:115}}
Apr 11 17:06:33.296066 np0000165176 neutron-periodic-workers[105694]: DEBUG oslo.service.backend._threading.loopingcall [None req-16ac92b7-f3b4-40dc-a9b5-1e6056321548 None None] Fixed interval looping call 'neutron.plugins.ml2.plugin.DhcpAgentSchedulerDbMixin.remove_networks_from_down_agents' sleeping for 36.99 seconds {{(pid=105694) _run_loop /opt/stack/data/venv/lib/python3.12/site-packages/oslo_service/backend/_threading/loopingcall.py:125}}
Apr 11 17:06:43.294644 np0000165176 neutron-periodic-workers[105694]: DEBUG dbcounter [-] [105694] Writing DB stats neutron:SELECT=3 {{(pid=105694) stat_writer /opt/stack/data/venv/lib/python3.12/site-packages/dbcounter.py:115}}
Apr 11 17:06:47.284687 np0000165176 neutron-periodic-workers[105703]: DEBUG neutron.db.agents_db [None req-eb30aec0-402e-47a1-9cfc-10f9ad11b3d6 None None] Agent healthcheck: found 0 active agents {{(pid=105703) agent_health_check /opt/stack/neutron/neutron/db/agents_db.py:317}}
Apr 11 17:06:47.285168 np0000165176 neutron-periodic-workers[105703]: DEBUG oslo.service.backend._threading.loopingcall [None req-eb30aec0-402e-47a1-9cfc-10f9ad11b3d6 None None] Fixed interval looping call 'neutron.plugins.ml2.plugin.AgentDbMixin.agent_health_check' sleeping for 36.99 seconds {{(pid=105703) _run_loop /opt/stack/data/venv/lib/python3.12/site-packages/oslo_service/backend/_threading/loopingcall.py:125}}
Apr 11 17:06:57.283271 np0000165176 neutron-periodic-workers[105703]: DEBUG dbcounter [-] [105703] Writing DB stats neutron:SELECT=1 {{(pid=105703) stat_writer /opt/stack/data/venv/lib/python3.12/site-packages/dbcounter.py:115}}
Apr 11 17:07:10.297927 np0000165176 neutron-periodic-workers[105694]: DEBUG oslo.service.backend._threading.loopingcall [None req-16ac92b7-f3b4-40dc-a9b5-1e6056321548 None None] Fixed interval looping call 'neutron.plugins.ml2.plugin.DhcpAgentSchedulerDbMixin.remove_networks_from_down_agents' sleeping for 36.99 seconds {{(pid=105694) _run_loop /opt/stack/data/venv/lib/python3.12/site-packages/oslo_service/backend/_threading/loopingcall.py:125}}
Apr 11 17:07:20.296460 np0000165176 neutron-periodic-workers[105694]: DEBUG dbcounter [-] [105694] Writing DB stats neutron:SELECT=3 {{(pid=105694) stat_writer /opt/stack/data/venv/lib/python3.12/site-packages/dbcounter.py:115}}
Apr 11 17:07:24.281226 np0000165176 neutron-periodic-workers[105703]: DEBUG neutron.db.agents_db [None req-eb30aec0-402e-47a1-9cfc-10f9ad11b3d6 None None] Agent healthcheck: found 0 active agents {{(pid=105703) agent_health_check /opt/stack/neutron/neutron/db/agents_db.py:317}}
Apr 11 17:07:24.281869 np0000165176 neutron-periodic-workers[105703]: DEBUG oslo.service.backend._threading.loopingcall [None req-eb30aec0-402e-47a1-9cfc-10f9ad11b3d6 None None] Fixed interval looping call 'neutron.plugins.ml2.plugin.AgentDbMixin.agent_health_check' sleeping for 36.99 seconds {{(pid=105703) _run_loop /opt/stack/data/venv/lib/python3.12/site-packages/oslo_service/backend/_threading/loopingcall.py:125}}
Apr 11 17:07:34.279083 np0000165176 neutron-periodic-workers[105703]: DEBUG dbcounter [-] [105703] Writing DB stats neutron:SELECT=1 {{(pid=105703) stat_writer /opt/stack/data/venv/lib/python3.12/site-packages/dbcounter.py:115}}
Apr 11 17:07:35.323001 np0000165176 neutron-periodic-workers[105712]: DEBUG oslo.service.backend._threading.loopingcall [None req-544bfa28-c53f-4ddf-9d08-3681053fe037 None None] Fixed interval looping call 'neutron.db.quota.driver_nolock.DbQuotaNoLockDriver._remove_expired_reservations' sleeping for 119.99 seconds {{(pid=105712) _run_loop /opt/stack/data/venv/lib/python3.12/site-packages/oslo_service/backend/_threading/loopingcall.py:125}}
Apr 11 17:07:45.321401 np0000165176 neutron-periodic-workers[105712]: DEBUG dbcounter [-] [105712] Writing DB stats neutron:DELETE=1 {{(pid=105712) stat_writer /opt/stack/data/venv/lib/python3.12/site-packages/dbcounter.py:115}}
Apr 11 17:07:47.298679 np0000165176 neutron-periodic-workers[105694]: DEBUG oslo.service.backend._threading.loopingcall [None req-16ac92b7-f3b4-40dc-a9b5-1e6056321548 None None] Fixed interval looping call 'neutron.plugins.ml2.plugin.DhcpAgentSchedulerDbMixin.remove_networks_from_down_agents' sleeping for 36.99 seconds {{(pid=105694) _run_loop /opt/stack/data/venv/lib/python3.12/site-packages/oslo_service/backend/_threading/loopingcall.py:125}}
Apr 11 17:07:57.297716 np0000165176 neutron-periodic-workers[105694]: DEBUG dbcounter [-] [105694] Writing DB stats neutron:SELECT=3 {{(pid=105694) stat_writer /opt/stack/data/venv/lib/python3.12/site-packages/dbcounter.py:115}}
Apr 11 17:08:01.278450 np0000165176 neutron-periodic-workers[105703]: DEBUG neutron.db.agents_db [None req-eb30aec0-402e-47a1-9cfc-10f9ad11b3d6 None None] Agent healthcheck: found 0 active agents {{(pid=105703) agent_health_check /opt/stack/neutron/neutron/db/agents_db.py:317}}
Apr 11 17:08:01.279291 np0000165176 neutron-periodic-workers[105703]: DEBUG oslo.service.backend._threading.loopingcall [None req-eb30aec0-402e-47a1-9cfc-10f9ad11b3d6 None None] Fixed interval looping call 'neutron.plugins.ml2.plugin.AgentDbMixin.agent_health_check' sleeping for 36.99 seconds {{(pid=105703) _run_loop /opt/stack/data/venv/lib/python3.12/site-packages/oslo_service/backend/_threading/loopingcall.py:125}}
Apr 11 17:08:11.276599 np0000165176 neutron-periodic-workers[105703]: DEBUG dbcounter [-] [105703] Writing DB stats neutron:SELECT=1 {{(pid=105703) stat_writer /opt/stack/data/venv/lib/python3.12/site-packages/dbcounter.py:115}}
Apr 11 17:08:24.303421 np0000165176 neutron-periodic-workers[105694]: DEBUG oslo.service.backend._threading.loopingcall [None req-16ac92b7-f3b4-40dc-a9b5-1e6056321548 None None] Fixed interval looping call 'neutron.plugins.ml2.plugin.DhcpAgentSchedulerDbMixin.remove_networks_from_down_agents' sleeping for 36.99 seconds {{(pid=105694) _run_loop /opt/stack/data/venv/lib/python3.12/site-packages/oslo_service/backend/_threading/loopingcall.py:125}}
Apr 11 17:08:34.299794 np0000165176 neutron-periodic-workers[105694]: DEBUG dbcounter [-] [105694] Writing DB stats neutron:SELECT=3 {{(pid=105694) stat_writer /opt/stack/data/venv/lib/python3.12/site-packages/dbcounter.py:115}}
Apr 11 17:08:38.275639 np0000165176 neutron-periodic-workers[105703]: DEBUG neutron.db.agents_db [None req-eb30aec0-402e-47a1-9cfc-10f9ad11b3d6 None None] Agent healthcheck: found 0 active agents {{(pid=105703) agent_health_check /opt/stack/neutron/neutron/db/agents_db.py:317}}
Apr 11 17:08:38.276139 np0000165176 neutron-periodic-workers[105703]: DEBUG oslo.service.backend._threading.loopingcall [None req-eb30aec0-402e-47a1-9cfc-10f9ad11b3d6 None None] Fixed interval looping call 'neutron.plugins.ml2.plugin.AgentDbMixin.agent_health_check' sleeping for 36.99 seconds {{(pid=105703) _run_loop /opt/stack/data/venv/lib/python3.12/site-packages/oslo_service/backend/_threading/loopingcall.py:125}}
Apr 11 17:08:48.272667 np0000165176 neutron-periodic-workers[105703]: DEBUG dbcounter [-] [105703] Writing DB stats neutron:SELECT=1 {{(pid=105703) stat_writer /opt/stack/data/venv/lib/python3.12/site-packages/dbcounter.py:115}}
Apr 11 17:09:01.303873 np0000165176 neutron-periodic-workers[105694]: DEBUG oslo.service.backend._threading.loopingcall [None req-16ac92b7-f3b4-40dc-a9b5-1e6056321548 None None] Fixed interval looping call 'neutron.plugins.ml2.plugin.DhcpAgentSchedulerDbMixin.remove_networks_from_down_agents' sleeping for 36.99 seconds {{(pid=105694) _run_loop /opt/stack/data/venv/lib/python3.12/site-packages/oslo_service/backend/_threading/loopingcall.py:125}}
Apr 11 17:09:11.302955 np0000165176 neutron-periodic-workers[105694]: DEBUG dbcounter [-] [105694] Writing DB stats neutron:SELECT=3 {{(pid=105694) stat_writer /opt/stack/data/venv/lib/python3.12/site-packages/dbcounter.py:115}}
Apr 11 17:09:15.274229 np0000165176 neutron-periodic-workers[105703]: DEBUG neutron.db.agents_db [None req-eb30aec0-402e-47a1-9cfc-10f9ad11b3d6 None None] Agent healthcheck: found 0 active agents {{(pid=105703) agent_health_check /opt/stack/neutron/neutron/db/agents_db.py:317}}
Apr 11 17:09:15.274767 np0000165176 neutron-periodic-workers[105703]: DEBUG oslo.service.backend._threading.loopingcall [None req-eb30aec0-402e-47a1-9cfc-10f9ad11b3d6 None None] Fixed interval looping call 'neutron.plugins.ml2.plugin.AgentDbMixin.agent_health_check' sleeping for 36.99 seconds {{(pid=105703) _run_loop /opt/stack/data/venv/lib/python3.12/site-packages/oslo_service/backend/_threading/loopingcall.py:125}}
Apr 11 17:09:25.273864 np0000165176 neutron-periodic-workers[105703]: DEBUG dbcounter [-] [105703] Writing DB stats neutron:SELECT=1 {{(pid=105703) stat_writer /opt/stack/data/venv/lib/python3.12/site-packages/dbcounter.py:115}}
Apr 11 17:09:35.319424 np0000165176 neutron-periodic-workers[105712]: DEBUG oslo.service.backend._threading.loopingcall [None req-544bfa28-c53f-4ddf-9d08-3681053fe037 None None] Fixed interval looping call 'neutron.db.quota.driver_nolock.DbQuotaNoLockDriver._remove_expired_reservations' sleeping for 119.99 seconds {{(pid=105712) _run_loop /opt/stack/data/venv/lib/python3.12/site-packages/oslo_service/backend/_threading/loopingcall.py:125}}
Apr 11 17:09:38.304319 np0000165176 neutron-periodic-workers[105694]: DEBUG oslo.service.backend._threading.loopingcall [None req-16ac92b7-f3b4-40dc-a9b5-1e6056321548 None None] Fixed interval looping call 'neutron.plugins.ml2.plugin.DhcpAgentSchedulerDbMixin.remove_networks_from_down_agents' sleeping for 36.99 seconds {{(pid=105694) _run_loop /opt/stack/data/venv/lib/python3.12/site-packages/oslo_service/backend/_threading/loopingcall.py:125}}
Apr 11 17:09:45.317625 np0000165176 neutron-periodic-workers[105712]: DEBUG dbcounter [-] [105712] Writing DB stats neutron:DELETE=1 {{(pid=105712) stat_writer /opt/stack/data/venv/lib/python3.12/site-packages/dbcounter.py:115}}
Apr 11 17:09:48.303533 np0000165176 neutron-periodic-workers[105694]: DEBUG dbcounter [-] [105694] Writing DB stats neutron:SELECT=3 {{(pid=105694) stat_writer /opt/stack/data/venv/lib/python3.12/site-packages/dbcounter.py:115}}
Apr 11 17:09:52.270823 np0000165176 neutron-periodic-workers[105703]: DEBUG neutron.db.agents_db [None req-eb30aec0-402e-47a1-9cfc-10f9ad11b3d6 None None] Agent healthcheck: found 0 active agents {{(pid=105703) agent_health_check /opt/stack/neutron/neutron/db/agents_db.py:317}}
Apr 11 17:09:52.271674 np0000165176 neutron-periodic-workers[105703]: DEBUG oslo.service.backend._threading.loopingcall [None req-eb30aec0-402e-47a1-9cfc-10f9ad11b3d6 None None] Fixed interval looping call 'neutron.plugins.ml2.plugin.AgentDbMixin.agent_health_check' sleeping for 36.99 seconds {{(pid=105703) _run_loop /opt/stack/data/venv/lib/python3.12/site-packages/oslo_service/backend/_threading/loopingcall.py:125}}
Apr 11 17:10:02.268654 np0000165176 neutron-periodic-workers[105703]: DEBUG dbcounter [-] [105703] Writing DB stats neutron:SELECT=1 {{(pid=105703) stat_writer /opt/stack/data/venv/lib/python3.12/site-packages/dbcounter.py:115}}
Apr 11 17:10:15.302585 np0000165176 neutron-periodic-workers[105694]: DEBUG oslo.service.backend._threading.loopingcall [None req-16ac92b7-f3b4-40dc-a9b5-1e6056321548 None None] Fixed interval looping call 'neutron.plugins.ml2.plugin.DhcpAgentSchedulerDbMixin.remove_networks_from_down_agents' sleeping for 36.99 seconds {{(pid=105694) _run_loop /opt/stack/data/venv/lib/python3.12/site-packages/oslo_service/backend/_threading/loopingcall.py:125}}
Apr 11 17:10:25.301604 np0000165176 neutron-periodic-workers[105694]: DEBUG dbcounter [-] [105694] Writing DB stats neutron:SELECT=3 {{(pid=105694) stat_writer /opt/stack/data/venv/lib/python3.12/site-packages/dbcounter.py:115}}
Apr 11 17:10:29.266645 np0000165176 neutron-periodic-workers[105703]: DEBUG neutron.db.agents_db [None req-eb30aec0-402e-47a1-9cfc-10f9ad11b3d6 None None] Agent healthcheck: found 0 active agents {{(pid=105703) agent_health_check /opt/stack/neutron/neutron/db/agents_db.py:317}}
Apr 11 17:10:29.267291 np0000165176 neutron-periodic-workers[105703]: DEBUG oslo.service.backend._threading.loopingcall [None req-eb30aec0-402e-47a1-9cfc-10f9ad11b3d6 None None] Fixed interval looping call 'neutron.plugins.ml2.plugin.AgentDbMixin.agent_health_check' sleeping for 36.99 seconds {{(pid=105703) _run_loop /opt/stack/data/venv/lib/python3.12/site-packages/oslo_service/backend/_threading/loopingcall.py:125}}
Apr 11 17:10:39.265093 np0000165176 neutron-periodic-workers[105703]: DEBUG dbcounter [-] [105703] Writing DB stats neutron:SELECT=1 {{(pid=105703) stat_writer /opt/stack/data/venv/lib/python3.12/site-packages/dbcounter.py:115}}
Apr 11 17:10:52.304144 np0000165176 neutron-periodic-workers[105694]: DEBUG oslo.service.backend._threading.loopingcall [None req-16ac92b7-f3b4-40dc-a9b5-1e6056321548 None None] Fixed interval looping call 'neutron.plugins.ml2.plugin.DhcpAgentSchedulerDbMixin.remove_networks_from_down_agents' sleeping for 36.99 seconds {{(pid=105694) _run_loop /opt/stack/data/venv/lib/python3.12/site-packages/oslo_service/backend/_threading/loopingcall.py:125}}
Apr 11 17:11:02.274251 np0000165176 neutron-periodic-workers[105684]: DEBUG oslo.service.backend._threading.loopingcall [None req-fcf0127a-26f3-4bc3-bc7a-e545a5614a50 None None] Fixed interval looping call 'neutron.services.ovn_l3.plugin.L3_NAT_dbonly_mixin._clean_garbage' sleeping for 299.99 seconds {{(pid=105684) _run_loop /opt/stack/data/venv/lib/python3.12/site-packages/oslo_service/backend/_threading/loopingcall.py:125}}
Apr 11 17:11:02.302927 np0000165176 neutron-periodic-workers[105694]: DEBUG dbcounter [-] [105694] Writing DB stats neutron:SELECT=3 {{(pid=105694) stat_writer /opt/stack/data/venv/lib/python3.12/site-packages/dbcounter.py:115}}
Apr 11 17:11:06.263812 np0000165176 neutron-periodic-workers[105703]: DEBUG neutron.db.agents_db [None req-eb30aec0-402e-47a1-9cfc-10f9ad11b3d6 None None] Agent healthcheck: found 0 active agents {{(pid=105703) agent_health_check /opt/stack/neutron/neutron/db/agents_db.py:317}}
Apr 11 17:11:06.263812 np0000165176 neutron-periodic-workers[105703]: DEBUG oslo.service.backend._threading.loopingcall [None req-eb30aec0-402e-47a1-9cfc-10f9ad11b3d6 None None] Fixed interval looping call 'neutron.plugins.ml2.plugin.AgentDbMixin.agent_health_check' sleeping for 36.99 seconds {{(pid=105703) _run_loop /opt/stack/data/venv/lib/python3.12/site-packages/oslo_service/backend/_threading/loopingcall.py:125}}
