2026-05-12 06:53:46.651 9 INFO neutron.db.ovn_revision_numbers_db [None req-361c8c06-a155-49fb-8909-778af97dd999 490c1937f7d24d67bb2a9e4e462d39a3 10cf8540bc25484891d1e414e3f048b4 - - default default] Successfully bumped revision number for resource 71420942-0ee2-443e-9f82-9683874dc4db (type: security_group_rules) to 0
2026-05-12 06:53:46.670 9 INFO neutron.db.ovn_revision_numbers_db [None req-361c8c06-a155-49fb-8909-778af97dd999 490c1937f7d24d67bb2a9e4e462d39a3 10cf8540bc25484891d1e414e3f048b4 - - default default] Successfully bumped revision number for resource 8de8b7f9-ea51-4fc0-852a-7336fa224628 (type: security_group_rules) to 0
2026-05-12 06:53:46.690 9 INFO neutron.db.ovn_revision_numbers_db [None req-361c8c06-a155-49fb-8909-778af97dd999 490c1937f7d24d67bb2a9e4e462d39a3 10cf8540bc25484891d1e414e3f048b4 - - default default] Successfully bumped revision number for resource ea67a5ae-a265-4ba6-a4a2-4f20409e3c53 (type: security_group_rules) to 0
2026-05-12 06:53:46.720 9 INFO neutron.wsgi [None req-361c8c06-a155-49fb-8909-778af97dd999 490c1937f7d24d67bb2a9e4e462d39a3 10cf8540bc25484891d1e414e3f048b4 - - default default] 10.0.0.81 "GET /v2.0/security-groups?tenant_id=ad2536db8e7d4f86ac7b760df33bd781&name=default HTTP/1.1" status: 200 len: 2996 time: 0.2883060
2026-05-12 06:53:46.963 9 INFO neutron.wsgi [None req-1383b366-b2df-4e14-9efe-8218b78859a3 490c1937f7d24d67bb2a9e4e462d39a3 10cf8540bc25484891d1e414e3f048b4 - - default default] 10.0.0.81 "GET /v2.0/security-groups?tenant_id=129e9b597c7d45eab7a6820e99de5e59&name=default HTTP/1.1" status: 200 len: 2996 time: 0.3537991
2026-05-12 06:53:47.030 9 INFO neutron.wsgi [None req-081402cf-56b0-41fb-84b1-ad0efa057dbe 490c1937f7d24d67bb2a9e4e462d39a3 10cf8540bc25484891d1e414e3f048b4 - - default default] 10.0.0.81 "DELETE /v2.0/security-groups/bb2851bc-17b6-476f-9c9c-ae75144d05f7 HTTP/1.1" status: 204 len: 168 time: 0.3052423
2026-05-12 06:53:47.233 9 INFO neutron.wsgi [None req-5e1290f1-21dc-4a56-9dec-44593fd24d10 490c1937f7d24d67bb2a9e4e462d39a3 10cf8540bc25484891d1e414e3f048b4 - - default default] 10.0.0.81 "DELETE /v2.0/security-groups/b5dfb483-74c6-451a-ac63-db5dcbd68b06 HTTP/1.1" status: 204 len: 168 time: 0.2645326
2026-05-12 06:53:47.268 10 INFO neutron.db.ovn_revision_numbers_db [None req-94c2040f-5cef-4a75-98df-1f452770f65f 490c1937f7d24d67bb2a9e4e462d39a3 10cf8540bc25484891d1e414e3f048b4 - - default default] Successfully bumped revision number for resource eb956dfa-cb54-4569-a263-9c362b363630 (type: security_groups) to 1
2026-05-12 06:53:47.289 10 INFO neutron.db.ovn_revision_numbers_db [None req-94c2040f-5cef-4a75-98df-1f452770f65f 490c1937f7d24d67bb2a9e4e462d39a3 10cf8540bc25484891d1e414e3f048b4 - - default default] Successfully bumped revision number for resource 41a9ee4a-7a09-4873-af10-9a8e61fc2875 (type: security_group_rules) to 0
2026-05-12 06:53:47.308 10 INFO neutron.db.ovn_revision_numbers_db [None req-94c2040f-5cef-4a75-98df-1f452770f65f 490c1937f7d24d67bb2a9e4e462d39a3 10cf8540bc25484891d1e414e3f048b4 - - default default] Successfully bumped revision number for resource 5a6c7d03-bc68-4590-8cab-3463c6199f0c (type: security_group_rules) to 0
2026-05-12 06:53:47.327 10 INFO neutron.db.ovn_revision_numbers_db [None req-94c2040f-5cef-4a75-98df-1f452770f65f 490c1937f7d24d67bb2a9e4e462d39a3 10cf8540bc25484891d1e414e3f048b4 - - default default] Successfully bumped revision number for resource 8ce9eda3-e2ff-4e14-932e-c9e633109da3 (type: security_group_rules) to 0
2026-05-12 06:53:47.348 10 INFO neutron.db.ovn_revision_numbers_db [None req-94c2040f-5cef-4a75-98df-1f452770f65f 490c1937f7d24d67bb2a9e4e462d39a3 10cf8540bc25484891d1e414e3f048b4 - - default default] Successfully bumped revision number for resource c69ee2d7-97d9-48c7-8012-aa0a9bab1356 (type: security_group_rules) to 0
2026-05-12 06:53:47.412 10 INFO neutron.db.segments_db [None req-94c2040f-5cef-4a75-98df-1f452770f65f 490c1937f7d24d67bb2a9e4e462d39a3 10cf8540bc25484891d1e414e3f048b4 - - default default] Added segment 788a9694-1671-4fca-a38f-3c43864f0492 of type geneve for network 24d24989-0dbc-47e5-b470-29649d1f6775
2026-05-12 06:53:47.577 10 INFO neutron.db.ovn_revision_numbers_db [None req-94c2040f-5cef-4a75-98df-1f452770f65f 490c1937f7d24d67bb2a9e4e462d39a3 10cf8540bc25484891d1e414e3f048b4 - - default default] Successfully bumped revision number for resource 24d24989-0dbc-47e5-b470-29649d1f6775 (type: networks) to 1
2026-05-12 06:53:47.789 10 WARNING neutron.scheduler.dhcp_agent_scheduler [None req-94c2040f-5cef-4a75-98df-1f452770f65f 490c1937f7d24d67bb2a9e4e462d39a3 10cf8540bc25484891d1e414e3f048b4 - - default default] No more DHCP agents
2026-05-12 06:53:47.797 10 WARNING neutron.api.rpc.agentnotifiers.dhcp_rpc_agent_api [None req-94c2040f-5cef-4a75-98df-1f452770f65f 490c1937f7d24d67bb2a9e4e462d39a3 10cf8540bc25484891d1e414e3f048b4 - - default default] Unable to schedule network 24d24989-0dbc-47e5-b470-29649d1f6775: no agents available; will retry on subsequent port and subnet creation events.
2026-05-12 06:53:47.959 10 INFO neutron.db.ovn_revision_numbers_db [None req-94c2040f-5cef-4a75-98df-1f452770f65f 490c1937f7d24d67bb2a9e4e462d39a3 10cf8540bc25484891d1e414e3f048b4 - - default default] Successfully bumped revision number for resource 53198cce-b4e8-4670-9cb0-35d084e2b63d (type: ports) to 1
2026-05-12 06:53:48.004 10 INFO neutron.wsgi [None req-94c2040f-5cef-4a75-98df-1f452770f65f 490c1937f7d24d67bb2a9e4e462d39a3 10cf8540bc25484891d1e414e3f048b4 - - default default] 10.0.0.81 "POST /v2.0/networks HTTP/1.1" status: 201 len: 940 time: 1.0069921
2026-05-12 06:53:48.078 10 INFO neutron.db.ovn_revision_numbers_db [None req-b2817541-48df-4b4a-b9c8-20bc2a42bc3e 490c1937f7d24d67bb2a9e4e462d39a3 10cf8540bc25484891d1e414e3f048b4 - - default default] Successfully bumped revision number for resource c7d91dcb-c665-454e-8c84-de598b3aa0e8 (type: security_groups) to 1
2026-05-12 06:53:48.095 10 INFO neutron.db.ovn_revision_numbers_db [None req-b2817541-48df-4b4a-b9c8-20bc2a42bc3e 490c1937f7d24d67bb2a9e4e462d39a3 10cf8540bc25484891d1e414e3f048b4 - - default default] Successfully bumped revision number for resource 41afca63-7ecd-4936-97a3-938f55b13c1b (type: security_group_rules) to 0
2026-05-12 06:53:48.113 10 INFO neutron.db.ovn_revision_numbers_db [None req-b2817541-48df-4b4a-b9c8-20bc2a42bc3e 490c1937f7d24d67bb2a9e4e462d39a3 10cf8540bc25484891d1e414e3f048b4 - - default default] Successfully bumped revision number for resource 58c0d252-03ff-4359-96d6-56c6f1c62930 (type: security_group_rules) to 0
2026-05-12 06:53:48.132 10 INFO neutron.db.ovn_revision_numbers_db [None req-b2817541-48df-4b4a-b9c8-20bc2a42bc3e 490c1937f7d24d67bb2a9e4e462d39a3 10cf8540bc25484891d1e414e3f048b4 - - default default] Successfully bumped revision number for resource 5b83ae6f-15a2-4ea5-85f8-77e06bc9019f (type: security_group_rules) to 0
2026-05-12 06:53:48.149 10 INFO neutron.db.ovn_revision_numbers_db [None req-b2817541-48df-4b4a-b9c8-20bc2a42bc3e 490c1937f7d24d67bb2a9e4e462d39a3 10cf8540bc25484891d1e414e3f048b4 - - default default] Successfully bumped revision number for resource f7dadd68-8cb2-4ae5-8cb2-cf08bed6b308 (type: security_group_rules) to 0
2026-05-12 06:53:48.179 10 INFO neutron.wsgi [None req-b2817541-48df-4b4a-b9c8-20bc2a42bc3e 490c1937f7d24d67bb2a9e4e462d39a3 10cf8540bc25484891d1e414e3f048b4 - - default default] 10.0.0.81 "GET /v2.0/security-groups?tenant_id=18010b0fdb2f4b4a8a92c323971e176f&name=default HTTP/1.1" status: 200 len: 2996 time: 0.4340219
2026-05-12 06:53:48.242 9 WARNING neutron.scheduler.dhcp_agent_scheduler [None req-25588b12-cdfc-4c35-9bd2-28d23fb16ead 490c1937f7d24d67bb2a9e4e462d39a3 10cf8540bc25484891d1e414e3f048b4 - - default default] No more DHCP agents
2026-05-12 06:53:48.244 9 WARNING neutron.api.rpc.agentnotifiers.dhcp_rpc_agent_api [None req-25588b12-cdfc-4c35-9bd2-28d23fb16ead 490c1937f7d24d67bb2a9e4e462d39a3 10cf8540bc25484891d1e414e3f048b4 - - default default] Unable to schedule network 24d24989-0dbc-47e5-b470-29649d1f6775: no agents available; will retry on subsequent port and subnet creation events.
2026-05-12 06:53:48.741 10 INFO neutron.wsgi [None req-02164381-87d0-4584-8cd9-5a632d126040 490c1937f7d24d67bb2a9e4e462d39a3 10cf8540bc25484891d1e414e3f048b4 - - default default] 10.0.0.81 "DELETE /v2.0/security-groups/c7d91dcb-c665-454e-8c84-de598b3aa0e8 HTTP/1.1" status: 204 len: 168 time: 0.5532980
2026-05-12 06:53:49.120 10 INFO neutron.db.ovn_revision_numbers_db [None req-9ac52562-d18c-479c-94de-2b64916773e4 490c1937f7d24d67bb2a9e4e462d39a3 10cf8540bc25484891d1e414e3f048b4 - - default default] Successfully bumped revision number for resource 0e5e9d9e-7035-4143-82d3-13add36ea8c4 (type: security_groups) to 1
2026-05-12 06:53:49.147 10 INFO neutron.db.ovn_revision_numbers_db [None req-9ac52562-d18c-479c-94de-2b64916773e4 490c1937f7d24d67bb2a9e4e462d39a3 10cf8540bc25484891d1e414e3f048b4 - - default default] Successfully bumped revision number for resource 06a39967-9631-4449-80d7-2f4eac1905dd (type: security_group_rules) to 0
2026-05-12 06:53:49.178 10 INFO neutron.db.ovn_revision_numbers_db [None req-9ac52562-d18c-479c-94de-2b64916773e4 490c1937f7d24d67bb2a9e4e462d39a3 10cf8540bc25484891d1e414e3f048b4 - - default default] Successfully bumped revision number for resource 2f1eb362-6dd4-4f6c-86b7-e2fdc92243f8 (type: security_group_rules) to 0
2026-05-12 06:53:49.186 9 INFO neutron.db.ovn_revision_numbers_db [None req-25588b12-cdfc-4c35-9bd2-28d23fb16ead 490c1937f7d24d67bb2a9e4e462d39a3 10cf8540bc25484891d1e414e3f048b4 - - default default] Successfully bumped revision number for resource 53198cce-b4e8-4670-9cb0-35d084e2b63d (type: ports) to 2
2026-05-12 06:53:49.210 10 INFO neutron.db.ovn_revision_numbers_db [None req-9ac52562-d18c-479c-94de-2b64916773e4 490c1937f7d24d67bb2a9e4e462d39a3 10cf8540bc25484891d1e414e3f048b4 - - default default] Successfully bumped revision number for resource 4d600291-de34-441e-97e6-e24014a03247 (type: security_group_rules) to 0
2026-05-12 06:53:49.231 10 INFO neutron.db.ovn_revision_numbers_db [None req-9ac52562-d18c-479c-94de-2b64916773e4 490c1937f7d24d67bb2a9e4e462d39a3 10cf8540bc25484891d1e414e3f048b4 - - default default] Successfully bumped revision number for resource fd1068a0-cc22-4a5d-8a38-3ac2aa8e4d53 (type: security_group_rules) to 0
2026-05-12 06:53:49.250 9 INFO neutron.db.ovn_revision_numbers_db [None req-25588b12-cdfc-4c35-9bd2-28d23fb16ead 490c1937f7d24d67bb2a9e4e462d39a3 10cf8540bc25484891d1e414e3f048b4 - - default default] Successfully bumped revision number for resource 4f3eb4d1-02bb-4cd4-b3e4-6b57fed9ad61 (type: subnets) to 0
2026-05-12 06:53:49.268 10 INFO neutron.wsgi [None req-9ac52562-d18c-479c-94de-2b64916773e4 490c1937f7d24d67bb2a9e4e462d39a3 10cf8540bc25484891d1e414e3f048b4 - - default default] 10.0.0.81 "GET /v2.0/security-groups?tenant_id=f8dab95efdd34794a17e8be54148c0de&name=default HTTP/1.1" status: 200 len: 2996 time: 0.3193402
2026-05-12 06:53:49.276 9 INFO neutron.wsgi [None req-25588b12-cdfc-4c35-9bd2-28d23fb16ead 490c1937f7d24d67bb2a9e4e462d39a3 10cf8540bc25484891d1e414e3f048b4 - - default default] 10.0.0.81 "POST /v2.0/subnets HTTP/1.1" status: 201 len: 860 time: 1.2645540
2026-05-12 06:53:49.451 9 WARNING neutron_lib.context [None req-fd7cf047-8836-4b36-9d92-6d77e0af8124 c94d8df673a44182a92ac196ca82e38d 89828c2694604ecd9bccc4a8fc03395f - - default default] Method 'is_advsvc' is deprecated since 2023.2 release (neutron-lib 3.8.0) and will be removed once support for the old RBAC API policies will be removed from Neutron. Please use method 'is_service_role' instead.
2026-05-12 06:53:49.514 10 INFO neutron.wsgi [None req-d3df4e00-9010-4df2-a359-7f7dbb8ca21f 490c1937f7d24d67bb2a9e4e462d39a3 10cf8540bc25484891d1e414e3f048b4 - - default default] 10.0.0.81 "DELETE /v2.0/security-groups/0e5e9d9e-7035-4143-82d3-13add36ea8c4 HTTP/1.1" status: 204 len: 168 time: 0.2395687
2026-05-12 06:53:49.703 9 INFO neutron.db.ovn_revision_numbers_db [None req-fd7cf047-8836-4b36-9d92-6d77e0af8124 c94d8df673a44182a92ac196ca82e38d 89828c2694604ecd9bccc4a8fc03395f - - default default] Successfully bumped revision number for resource e86bd4c5-7329-46e2-9791-8b0e3ef733e7 (type: security_groups) to 1
2026-05-12 06:53:49.730 9 INFO neutron.db.ovn_revision_numbers_db [None req-fd7cf047-8836-4b36-9d92-6d77e0af8124 c94d8df673a44182a92ac196ca82e38d 89828c2694604ecd9bccc4a8fc03395f - - default default] Successfully bumped revision number for resource 03351f13-6311-4186-8537-fb0147802a2d (type: security_group_rules) to 0
2026-05-12 06:53:49.761 9 INFO neutron.db.ovn_revision_numbers_db [None req-fd7cf047-8836-4b36-9d92-6d77e0af8124 c94d8df673a44182a92ac196ca82e38d 89828c2694604ecd9bccc4a8fc03395f - - default default] Successfully bumped revision number for resource 202619c9-c641-47fa-adae-b7ab31d16772 (type: security_group_rules) to 0
2026-05-12 06:53:49.788 9 INFO neutron.db.ovn_revision_numbers_db [None req-fd7cf047-8836-4b36-9d92-6d77e0af8124 c94d8df673a44182a92ac196ca82e38d 89828c2694604ecd9bccc4a8fc03395f - - default default] Successfully bumped revision number for resource 83b5f062-57cc-4fdd-bc92-b0b00dea31ab (type: security_group_rules) to 0
2026-05-12 06:53:49.809 9 INFO neutron.db.ovn_revision_numbers_db [None req-fd7cf047-8836-4b36-9d92-6d77e0af8124 c94d8df673a44182a92ac196ca82e38d 89828c2694604ecd9bccc4a8fc03395f - - default default] Successfully bumped revision number for resource b0fa5b3f-d6db-43e0-a137-1076678b57ad (type: security_group_rules) to 0
2026-05-12 06:53:49.896 9 WARNING neutron.scheduler.dhcp_agent_scheduler [None req-aee549e8-e201-4249-9b23-a5631a30d8ba 490c1937f7d24d67bb2a9e4e462d39a3 10cf8540bc25484891d1e414e3f048b4 - - default default] No more DHCP agents
2026-05-12 06:53:49.897 9 INFO neutron.db.segments_db [None req-fd7cf047-8836-4b36-9d92-6d77e0af8124 c94d8df673a44182a92ac196ca82e38d 89828c2694604ecd9bccc4a8fc03395f - - default default] Added segment 5f21aee4-9a5d-4cb7-b0b7-f86d5e19fb76 of type geneve for network c845e8eb-adc8-462b-b402-95ade2ea59af
2026-05-12 06:53:49.904 9 WARNING neutron.api.rpc.agentnotifiers.dhcp_rpc_agent_api [None req-aee549e8-e201-4249-9b23-a5631a30d8ba 490c1937f7d24d67bb2a9e4e462d39a3 10cf8540bc25484891d1e414e3f048b4 - - default default] Unable to schedule network ac041938-e659-4b07-81f7-ad888df571d4: no agents available; will retry on subsequent port and subnet creation events.
2026-05-12 06:53:50.175 9 INFO neutron.db.ovn_revision_numbers_db [None req-fd7cf047-8836-4b36-9d92-6d77e0af8124 c94d8df673a44182a92ac196ca82e38d 89828c2694604ecd9bccc4a8fc03395f - - default default] Successfully bumped revision number for resource c845e8eb-adc8-462b-b402-95ade2ea59af (type: networks) to 1
2026-05-12 06:53:50.299 9 INFO neutron.db.ovn_revision_numbers_db [None req-aee549e8-e201-4249-9b23-a5631a30d8ba 490c1937f7d24d67bb2a9e4e462d39a3 10cf8540bc25484891d1e414e3f048b4 - - default default] Successfully bumped revision number for resource bca4a8de-f830-4c02-8050-c8dc714e320e (type: ports) to 1
2026-05-12 06:53:50.493 9 WARNING neutron.scheduler.dhcp_agent_scheduler [None req-fd7cf047-8836-4b36-9d92-6d77e0af8124 c94d8df673a44182a92ac196ca82e38d 89828c2694604ecd9bccc4a8fc03395f - - default default] No more DHCP agents
2026-05-12 06:53:50.500 9 WARNING neutron.api.rpc.agentnotifiers.dhcp_rpc_agent_api [None req-fd7cf047-8836-4b36-9d92-6d77e0af8124 c94d8df673a44182a92ac196ca82e38d 89828c2694604ecd9bccc4a8fc03395f - - default default] Unable to schedule network c845e8eb-adc8-462b-b402-95ade2ea59af: no agents available; will retry on subsequent port and subnet creation events.
2026-05-12 06:53:50.669 9 INFO neutron.db.ovn_revision_numbers_db [None req-fd7cf047-8836-4b36-9d92-6d77e0af8124 c94d8df673a44182a92ac196ca82e38d 89828c2694604ecd9bccc4a8fc03395f - - default default] Successfully bumped revision number for resource 9d18883d-4771-43fd-babe-f87987625f5a (type: ports) to 1
2026-05-12 06:53:50.718 9 INFO neutron.wsgi [None req-fd7cf047-8836-4b36-9d92-6d77e0af8124 c94d8df673a44182a92ac196ca82e38d 89828c2694604ecd9bccc4a8fc03395f - - default default] 10.0.0.81 "POST /v2.0/networks HTTP/1.1" status: 201 len: 843 time: 1.4866211
2026-05-12 06:53:50.768 10 WARNING neutron_lib.context [None req-791b91c5-00ce-4c31-b7a8-d2a17df1402e c94d8df673a44182a92ac196ca82e38d 89828c2694604ecd9bccc4a8fc03395f - - default default] Method 'is_advsvc' is deprecated since 2023.2 release (neutron-lib 3.8.0) and will be removed once support for the old RBAC API policies will be removed from Neutron. Please use method 'is_service_role' instead.
2026-05-12 06:53:51.068 10 WARNING neutron.scheduler.dhcp_agent_scheduler [None req-791b91c5-00ce-4c31-b7a8-d2a17df1402e c94d8df673a44182a92ac196ca82e38d 89828c2694604ecd9bccc4a8fc03395f - - default default] No more DHCP agents
2026-05-12 06:53:51.070 10 WARNING neutron.api.rpc.agentnotifiers.dhcp_rpc_agent_api [None req-791b91c5-00ce-4c31-b7a8-d2a17df1402e c94d8df673a44182a92ac196ca82e38d 89828c2694604ecd9bccc4a8fc03395f - - default default] Unable to schedule network c845e8eb-adc8-462b-b402-95ade2ea59af: no agents available; will retry on subsequent port and subnet creation events.
2026-05-12 06:53:51.095 9 INFO neutron.plugins.ml2.drivers.ovn.mech_driver.mech_driver [None req-b45a8599-4835-4745-9f50-602cda9f3de8 - - - - - -] OVN reports status up for port: bca4a8de-f830-4c02-8050-c8dc714e320e
2026-05-12 06:53:51.106 10 INFO neutron.plugins.ml2.drivers.ovn.mech_driver.ovsdb.ovsdb_monitor [None req-2093fa30-481d-47c2-8ece-7fc81b88cb5f - - - - - -] Router 729524a9-0078-4305-909a-4d4cfc985e18 is bound to host instance
2026-05-12 06:53:51.117 9 INFO neutron.plugins.ml2.plugin [None req-b45a8599-4835-4745-9f50-602cda9f3de8 - - - - - -] Attempt 1 to provision port bca4a8de-f830-4c02-8050-c8dc714e320e
2026-05-12 06:53:51.149 9 INFO neutron.db.ovn_revision_numbers_db [None req-aee549e8-e201-4249-9b23-a5631a30d8ba 490c1937f7d24d67bb2a9e4e462d39a3 10cf8540bc25484891d1e414e3f048b4 - - default default] Successfully bumped revision number for resource bca4a8de-f830-4c02-8050-c8dc714e320e (type: router_ports) to 1
2026-05-12 06:53:51.246 9 INFO neutron.db.ovn_revision_numbers_db [None req-aee549e8-e201-4249-9b23-a5631a30d8ba 490c1937f7d24d67bb2a9e4e462d39a3 10cf8540bc25484891d1e414e3f048b4 - - default default] Successfully bumped revision number for resource 729524a9-0078-4305-909a-4d4cfc985e18 (type: routers) to 2
2026-05-12 06:53:51.275 9 INFO neutron.wsgi [None req-aee549e8-e201-4249-9b23-a5631a30d8ba 490c1937f7d24d67bb2a9e4e462d39a3 10cf8540bc25484891d1e414e3f048b4 - - default default] 10.0.0.81 "POST /v2.0/routers HTTP/1.1" status: 201 len: 871 time: 1.9938250
2026-05-12 06:53:51.733 9 WARNING neutron.scheduler.dhcp_agent_scheduler [None req-ecad72a6-8e72-4e64-8cfe-44593a27facc 490c1937f7d24d67bb2a9e4e462d39a3 10cf8540bc25484891d1e414e3f048b4 - - default default] No more DHCP agents
2026-05-12 06:53:51.736 9 WARNING neutron.api.rpc.agentnotifiers.dhcp_rpc_agent_api [None req-ecad72a6-8e72-4e64-8cfe-44593a27facc 490c1937f7d24d67bb2a9e4e462d39a3 10cf8540bc25484891d1e414e3f048b4 - - default default] Unable to schedule network 24d24989-0dbc-47e5-b470-29649d1f6775: no agents available; will retry on subsequent port and subnet creation events.
2026-05-12 06:53:51.829 9 WARNING neutron_lib.context [None req-0a74e1d9-7c74-4c11-bddb-751784e2e27c cbfc6f8dc96a41cd9aa3f701856f78c6 ba35983580814a05853b5ce0ee62be36 - - default default] Method 'is_advsvc' is deprecated since 2023.2 release (neutron-lib 3.8.0) and will be removed once support for the old RBAC API policies will be removed from Neutron. Please use method 'is_service_role' instead.
2026-05-12 06:53:51.926 9 INFO neutron.db.ovn_revision_numbers_db [None req-ecad72a6-8e72-4e64-8cfe-44593a27facc 490c1937f7d24d67bb2a9e4e462d39a3 10cf8540bc25484891d1e414e3f048b4 - - default default] Successfully bumped revision number for resource 2b4d30bf-7077-4d29-91a0-daef3c5a2947 (type: ports) to 1
2026-05-12 06:53:51.982 10 INFO neutron.db.ovn_revision_numbers_db [None req-2093fa30-481d-47c2-8ece-7fc81b88cb5f - - - - - -] Successfully bumped revision number for resource bca4a8de-f830-4c02-8050-c8dc714e320e (type: ports) to 1
2026-05-12 06:53:51.997 10 INFO neutron.db.ovn_revision_numbers_db [None req-791b91c5-00ce-4c31-b7a8-d2a17df1402e c94d8df673a44182a92ac196ca82e38d 89828c2694604ecd9bccc4a8fc03395f - - default default] Successfully bumped revision number for resource 9d18883d-4771-43fd-babe-f87987625f5a (type: ports) to 2
2026-05-12 06:53:52.026 9 INFO neutron.db.ovn_revision_numbers_db [None req-0a74e1d9-7c74-4c11-bddb-751784e2e27c cbfc6f8dc96a41cd9aa3f701856f78c6 ba35983580814a05853b5ce0ee62be36 - - default default] Successfully bumped revision number for resource 5b971466-ae50-495f-aab6-1f5ed19e70c4 (type: security_groups) to 1
2026-05-12 06:53:52.056 9 INFO neutron.db.ovn_revision_numbers_db [None req-0a74e1d9-7c74-4c11-bddb-751784e2e27c cbfc6f8dc96a41cd9aa3f701856f78c6 ba35983580814a05853b5ce0ee62be36 - - default default] Successfully bumped revision number for resource 96712d9d-c058-4c30-9f4e-3f294541af9a (type: security_group_rules) to 0
2026-05-12 06:53:52.062 10 INFO neutron.db.ovn_revision_numbers_db [None req-791b91c5-00ce-4c31-b7a8-d2a17df1402e c94d8df673a44182a92ac196ca82e38d 89828c2694604ecd9bccc4a8fc03395f - - default default] Successfully bumped revision number for resource aa515ff4-f582-439d-af1c-851de4463385 (type: subnets) to 0
2026-05-12 06:53:52.080 9 INFO neutron.db.ovn_revision_numbers_db [None req-0a74e1d9-7c74-4c11-bddb-751784e2e27c cbfc6f8dc96a41cd9aa3f701856f78c6 ba35983580814a05853b5ce0ee62be36 - - default default] Successfully bumped revision number for resource 9830efcc-7872-4db4-ad5b-7b2a85344506 (type: security_group_rules) to 0
2026-05-12 06:53:52.084 10 INFO neutron.wsgi [None req-791b91c5-00ce-4c31-b7a8-d2a17df1402e c94d8df673a44182a92ac196ca82e38d 89828c2694604ecd9bccc4a8fc03395f - - default default] 10.0.0.81 "POST /v2.0/subnets HTTP/1.1" status: 201 len: 816 time: 1.3232896
2026-05-12 06:53:52.095 10 WARNING neutron_lib.context [None req-84c1bfea-9f9d-475e-82b0-c5bc1a8475e5 c94d8df673a44182a92ac196ca82e38d 89828c2694604ecd9bccc4a8fc03395f - - default default] Method 'is_advsvc' is deprecated since 2023.2 release (neutron-lib 3.8.0) and will be removed once support for the old RBAC API policies will be removed from Neutron. Please use method 'is_service_role' instead.
2026-05-12 06:53:52.108 9 INFO neutron.db.ovn_revision_numbers_db [None req-0a74e1d9-7c74-4c11-bddb-751784e2e27c cbfc6f8dc96a41cd9aa3f701856f78c6 ba35983580814a05853b5ce0ee62be36 - - default default] Successfully bumped revision number for resource 9ac5de82-9661-41a6-b79d-1028e0ad4102 (type: security_group_rules) to 0
2026-05-12 06:53:52.134 9 INFO neutron.db.ovn_revision_numbers_db [None req-0a74e1d9-7c74-4c11-bddb-751784e2e27c cbfc6f8dc96a41cd9aa3f701856f78c6 ba35983580814a05853b5ce0ee62be36 - - default default] Successfully bumped revision number for resource cba50a97-7da9-462e-b2c8-50f5816c518f (type: security_group_rules) to 0
2026-05-12 06:53:52.198 9 INFO neutron.db.segments_db [None req-0a74e1d9-7c74-4c11-bddb-751784e2e27c cbfc6f8dc96a41cd9aa3f701856f78c6 ba35983580814a05853b5ce0ee62be36 - - default default] Added segment d25daa5f-87f4-44a1-8326-79bfdf65e319 of type geneve for network 08f2c7d1-46e1-4dac-b891-411b9b100808
2026-05-12 06:53:52.245 10 INFO neutron.db.segments_db [None req-84c1bfea-9f9d-475e-82b0-c5bc1a8475e5 c94d8df673a44182a92ac196ca82e38d 89828c2694604ecd9bccc4a8fc03395f - - default default] Added segment 64f9284b-c83f-4908-a86b-cea392efed78 of type geneve for network 9512d565-bff4-4649-92dc-875df44227f6
2026-05-12 06:53:52.450 10 INFO neutron.db.ovn_revision_numbers_db [None req-2093fa30-481d-47c2-8ece-7fc81b88cb5f - - - - - -] Successfully bumped revision number for resource bca4a8de-f830-4c02-8050-c8dc714e320e (type: router_ports) to 3
2026-05-12 06:53:52.450 9 INFO neutron.db.ovn_revision_numbers_db [None req-0a74e1d9-7c74-4c11-bddb-751784e2e27c cbfc6f8dc96a41cd9aa3f701856f78c6 ba35983580814a05853b5ce0ee62be36 - - default default] Successfully bumped revision number for resource 08f2c7d1-46e1-4dac-b891-411b9b100808 (type: networks) to 1
2026-05-12 06:53:52.530 10 INFO neutron.db.ovn_revision_numbers_db [None req-84c1bfea-9f9d-475e-82b0-c5bc1a8475e5 c94d8df673a44182a92ac196ca82e38d 89828c2694604ecd9bccc4a8fc03395f - - default default] Successfully bumped revision number for resource 9512d565-bff4-4649-92dc-875df44227f6 (type: networks) to 1
2026-05-12 06:53:52.566 10 INFO neutron.plugins.ml2.drivers.ovn.mech_driver.mech_driver [None req-772b9051-ba2e-4420-8382-00451a6b4f69 - - - - - -] OVN reports status up for port: 2b4d30bf-7077-4d29-91a0-daef3c5a2947
2026-05-12 06:53:52.587 10 INFO neutron.plugins.ml2.plugin [None req-772b9051-ba2e-4420-8382-00451a6b4f69 - - - - - -] Attempt 1 to provision port 2b4d30bf-7077-4d29-91a0-daef3c5a2947
2026-05-12 06:53:52.633 9 INFO neutron.db.ovn_revision_numbers_db [None req-ecad72a6-8e72-4e64-8cfe-44593a27facc 490c1937f7d24d67bb2a9e4e462d39a3 10cf8540bc25484891d1e414e3f048b4 - - default default] Successfully bumped revision number for resource 2b4d30bf-7077-4d29-91a0-daef3c5a2947 (type: router_ports) to 1
2026-05-12 06:53:52.889 10 INFO neutron.db.ovn_revision_numbers_db [None req-2093fa30-481d-47c2-8ece-7fc81b88cb5f - - - - - -] Successfully bumped revision number for resource bca4a8de-f830-4c02-8050-c8dc714e320e (type: ports) to 2
2026-05-12 06:53:52.925 10 WARNING neutron.scheduler.dhcp_agent_scheduler [None req-84c1bfea-9f9d-475e-82b0-c5bc1a8475e5 c94d8df673a44182a92ac196ca82e38d 89828c2694604ecd9bccc4a8fc03395f - - default default] No more DHCP agents
2026-05-12 06:53:52.940 10 WARNING neutron.api.rpc.agentnotifiers.dhcp_rpc_agent_api [None req-84c1bfea-9f9d-475e-82b0-c5bc1a8475e5 c94d8df673a44182a92ac196ca82e38d 89828c2694604ecd9bccc4a8fc03395f - - default default] Unable to schedule network 9512d565-bff4-4649-92dc-875df44227f6: no agents available; will retry on subsequent port and subnet creation events.
2026-05-12 06:53:53.066 9 WARNING neutron.scheduler.dhcp_agent_scheduler [None req-0a74e1d9-7c74-4c11-bddb-751784e2e27c cbfc6f8dc96a41cd9aa3f701856f78c6 ba35983580814a05853b5ce0ee62be36 - - default default] No more DHCP agents
2026-05-12 06:53:53.068 9 WARNING neutron.api.rpc.agentnotifiers.dhcp_rpc_agent_api [None req-0a74e1d9-7c74-4c11-bddb-751784e2e27c cbfc6f8dc96a41cd9aa3f701856f78c6 ba35983580814a05853b5ce0ee62be36 - - default default] Unable to schedule network 08f2c7d1-46e1-4dac-b891-411b9b100808: no agents available; will retry on subsequent port and subnet creation events.
2026-05-12 06:53:53.124 10 INFO neutron.db.ovn_revision_numbers_db [None req-84c1bfea-9f9d-475e-82b0-c5bc1a8475e5 c94d8df673a44182a92ac196ca82e38d 89828c2694604ecd9bccc4a8fc03395f - - default default] Successfully bumped revision number for resource 754ba850-7c56-4bea-a1b0-c7421adb80a9 (type: ports) to 1
2026-05-12 06:53:53.169 10 INFO neutron.wsgi [None req-84c1bfea-9f9d-475e-82b0-c5bc1a8475e5 c94d8df673a44182a92ac196ca82e38d 89828c2694604ecd9bccc4a8fc03395f - - default default] 10.0.0.81 "POST /v2.0/networks HTTP/1.1" status: 201 len: 843 time: 1.0784044
2026-05-12 06:53:53.184 9 INFO neutron.db.ovn_revision_numbers_db [None req-0a74e1d9-7c74-4c11-bddb-751784e2e27c cbfc6f8dc96a41cd9aa3f701856f78c6 ba35983580814a05853b5ce0ee62be36 - - default default] Successfully bumped revision number for resource 1e20354d-18a5-4b2e-ada6-0ed91ba43618 (type: ports) to 1
2026-05-12 06:53:53.218 9 INFO neutron.db.ovn_revision_numbers_db [None req-ecad72a6-8e72-4e64-8cfe-44593a27facc 490c1937f7d24d67bb2a9e4e462d39a3 10cf8540bc25484891d1e414e3f048b4 - - default default] Successfully bumped revision number for resource 2b4d30bf-7077-4d29-91a0-daef3c5a2947 (type: ports) to 1
2026-05-12 06:53:53.221 10 INFO neutron.db.ovn_revision_numbers_db [None req-772b9051-ba2e-4420-8382-00451a6b4f69 - - - - - -] Successfully bumped revision number for resource 2b4d30bf-7077-4d29-91a0-daef3c5a2947 (type: ports) to 2
2026-05-12 06:53:53.228 9 INFO neutron.wsgi [None req-0a74e1d9-7c74-4c11-bddb-751784e2e27c cbfc6f8dc96a41cd9aa3f701856f78c6 ba35983580814a05853b5ce0ee62be36 - - default default] 10.0.0.81 "POST /v2.0/networks HTTP/1.1" status: 201 len: 831 time: 1.5402644
2026-05-12 06:53:53.241 9 WARNING neutron_lib.context [None req-0103430f-8454-4b84-9e4c-6e89dde269ec cbfc6f8dc96a41cd9aa3f701856f78c6 ba35983580814a05853b5ce0ee62be36 - - default default] Method 'is_advsvc' is deprecated since 2023.2 release (neutron-lib 3.8.0) and will be removed once support for the old RBAC API policies will be removed from Neutron. Please use method 'is_service_role' instead.
2026-05-12 06:53:53.329 10 INFO neutron.db.ovn_revision_numbers_db [None req-772b9051-ba2e-4420-8382-00451a6b4f69 - - - - - -] Successfully bumped revision number for resource 2b4d30bf-7077-4d29-91a0-daef3c5a2947 (type: router_ports) to 2
2026-05-12 06:53:53.368 9 WARNING neutron.scheduler.dhcp_agent_scheduler [None req-ecad72a6-8e72-4e64-8cfe-44593a27facc 490c1937f7d24d67bb2a9e4e462d39a3 10cf8540bc25484891d1e414e3f048b4 - - default default] No more DHCP agents
2026-05-12 06:53:53.374 9 WARNING neutron.api.rpc.agentnotifiers.dhcp_rpc_agent_api [None req-ecad72a6-8e72-4e64-8cfe-44593a27facc 490c1937f7d24d67bb2a9e4e462d39a3 10cf8540bc25484891d1e414e3f048b4 - - default default] Unable to schedule network 24d24989-0dbc-47e5-b470-29649d1f6775: no agents available; will retry on subsequent port and subnet creation events.
2026-05-12 06:53:53.383 10 INFO neutron.db.ovn_revision_numbers_db [None req-2093fa30-481d-47c2-8ece-7fc81b88cb5f - - - - - -] Successfully bumped revision number for resource bca4a8de-f830-4c02-8050-c8dc714e320e (type: ports) to 4
2026-05-12 06:53:53.555 9 INFO neutron.db.ovn_revision_numbers_db [None req-084e3096-e466-4efc-aece-c36882e2e658 c94d8df673a44182a92ac196ca82e38d 89828c2694604ecd9bccc4a8fc03395f - - default default] Successfully bumped revision number for resource 9512d565-bff4-4649-92dc-875df44227f6 (type: networks) to 2
2026-05-12 06:53:53.560 9 INFO neutron.wsgi [None req-084e3096-e466-4efc-aece-c36882e2e658 c94d8df673a44182a92ac196ca82e38d 89828c2694604ecd9bccc4a8fc03395f - - default default] 10.0.0.81 "PUT /v2.0/networks/9512d565-bff4-4649-92dc-875df44227f6 HTTP/1.1" status: 200 len: 792 time: 0.3857570
2026-05-12 06:53:53.573 10 WARNING neutron_lib.context [None req-34da952e-3e9f-46f2-a800-c4ba29c55257 c94d8df673a44182a92ac196ca82e38d 89828c2694604ecd9bccc4a8fc03395f - - default default] Method 'is_advsvc' is deprecated since 2023.2 release (neutron-lib 3.8.0) and will be removed once support for the old RBAC API policies will be removed from Neutron. Please use method 'is_service_role' instead.
2026-05-12 06:53:53.660 10 INFO neutron.db.ovn_revision_numbers_db [None req-2093fa30-481d-47c2-8ece-7fc81b88cb5f - - - - - -] Successfully bumped revision number for resource bca4a8de-f830-4c02-8050-c8dc714e320e (type: router_ports) to 4
2026-05-12 06:53:53.683 9 WARNING neutron.scheduler.dhcp_agent_scheduler [None req-0103430f-8454-4b84-9e4c-6e89dde269ec cbfc6f8dc96a41cd9aa3f701856f78c6 ba35983580814a05853b5ce0ee62be36 - - default default] No more DHCP agents
2026-05-12 06:53:53.688 9 WARNING neutron.api.rpc.agentnotifiers.dhcp_rpc_agent_api [None req-0103430f-8454-4b84-9e4c-6e89dde269ec cbfc6f8dc96a41cd9aa3f701856f78c6 ba35983580814a05853b5ce0ee62be36 - - default default] Unable to schedule network 08f2c7d1-46e1-4dac-b891-411b9b100808: no agents available; will retry on subsequent port and subnet creation events.
2026-05-12 06:53:53.805 9 INFO neutron.db.ovn_revision_numbers_db [None req-0103430f-8454-4b84-9e4c-6e89dde269ec cbfc6f8dc96a41cd9aa3f701856f78c6 ba35983580814a05853b5ce0ee62be36 - - default default] Successfully bumped revision number for resource b133e125-1cfb-4cf6-9e9b-b5539f79ccf6 (type: ports) to 1
2026-05-12 06:53:53.839 9 INFO neutron.wsgi [None req-0103430f-8454-4b84-9e4c-6e89dde269ec cbfc6f8dc96a41cd9aa3f701856f78c6 ba35983580814a05853b5ce0ee62be36 - - default default] 10.0.0.81 "POST /v2.0/ports HTTP/1.1" status: 201 len: 942 time: 0.6046777
2026-05-12 06:53:53.849 10 WARNING neutron_lib.context [None req-28c14f42-9850-4fab-905d-05013ff25fef cbfc6f8dc96a41cd9aa3f701856f78c6 ba35983580814a05853b5ce0ee62be36 - - default default] Method 'is_advsvc' is deprecated since 2023.2 release (neutron-lib 3.8.0) and will be removed once support for the old RBAC API policies will be removed from Neutron. Please use method 'is_service_role' instead.
2026-05-12 06:53:53.919 10 INFO neutron.db.ovn_revision_numbers_db [None req-9643452a-8f5f-4dad-9561-605c4fe16e18 490c1937f7d24d67bb2a9e4e462d39a3 10cf8540bc25484891d1e414e3f048b4 - - default default] Successfully bumped revision number for resource 26c3a47f-8483-4818-999b-5c416f0383e9 (type: security_groups) to 1
2026-05-12 06:53:53.947 10 WARNING neutron.scheduler.dhcp_agent_scheduler [None req-34da952e-3e9f-46f2-a800-c4ba29c55257 c94d8df673a44182a92ac196ca82e38d 89828c2694604ecd9bccc4a8fc03395f - - default default] No more DHCP agents
2026-05-12 06:53:53.952 10 WARNING neutron.api.rpc.agentnotifiers.dhcp_rpc_agent_api [None req-34da952e-3e9f-46f2-a800-c4ba29c55257 c94d8df673a44182a92ac196ca82e38d 89828c2694604ecd9bccc4a8fc03395f - - default default] Unable to schedule network 9512d565-bff4-4649-92dc-875df44227f6: no agents available; will retry on subsequent port and subnet creation events.
2026-05-12 06:53:53.955 10 INFO neutron.db.ovn_revision_numbers_db [None req-9643452a-8f5f-4dad-9561-605c4fe16e18 490c1937f7d24d67bb2a9e4e462d39a3 10cf8540bc25484891d1e414e3f048b4 - - default default] Successfully bumped revision number for resource 21f195d9-4313-4498-9727-afa7fbc4e19a (type: security_group_rules) to 0
2026-05-12 06:53:54.046 9 INFO neutron.db.ovn_revision_numbers_db [None req-ecad72a6-8e72-4e64-8cfe-44593a27facc 490c1937f7d24d67bb2a9e4e462d39a3 10cf8540bc25484891d1e414e3f048b4 - - default default] Successfully bumped revision number for resource 2b4d30bf-7077-4d29-91a0-daef3c5a2947 (type: router_ports) to 2
2026-05-12 06:53:54.050 9 INFO neutron.wsgi [None req-ecad72a6-8e72-4e64-8cfe-44593a27facc 490c1937f7d24d67bb2a9e4e462d39a3 10cf8540bc25484891d1e414e3f048b4 - - default default] 10.0.0.81 "PUT /v2.0/routers/729524a9-0078-4305-909a-4d4cfc985e18/add_router_interface HTTP/1.1" status: 200 len: 503 time: 2.7694261
2026-05-12 06:53:54.258 10 INFO neutron.db.ovn_revision_numbers_db [None req-9643452a-8f5f-4dad-9561-605c4fe16e18 490c1937f7d24d67bb2a9e4e462d39a3 10cf8540bc25484891d1e414e3f048b4 - - default default] Successfully bumped revision number for resource 6f70321f-97ac-43b9-9f16-88f75c3c33e0 (type: security_group_rules) to 0
2026-05-12 06:53:54.313 10 INFO neutron.db.ovn_revision_numbers_db [None req-9643452a-8f5f-4dad-9561-605c4fe16e18 490c1937f7d24d67bb2a9e4e462d39a3 10cf8540bc25484891d1e414e3f048b4 - - default default] Successfully bumped revision number for resource bd3e8f7a-85f9-42ad-b570-b9d1a14713bc (type: security_group_rules) to 0
2026-05-12 06:53:54.350 10 INFO neutron.db.ovn_revision_numbers_db [None req-9643452a-8f5f-4dad-9561-605c4fe16e18 490c1937f7d24d67bb2a9e4e462d39a3 10cf8540bc25484891d1e414e3f048b4 - - default default] Successfully bumped revision number for resource cfa94775-85c6-4e47-b2f8-eb3da1a756f0 (type: security_group_rules) to 0
2026-05-12 06:53:54.424 10 INFO neutron.wsgi [None req-9643452a-8f5f-4dad-9561-605c4fe16e18 490c1937f7d24d67bb2a9e4e462d39a3 10cf8540bc25484891d1e414e3f048b4 - - default default] 10.0.0.81 "GET /v2.0/security-groups?tenant_id=791afdffe5384915a02205f0a9d78b20&name=default HTTP/1.1" status: 200 len: 2996 time: 0.8828981
2026-05-12 06:53:54.587 10 INFO neutron.wsgi [None req-28c14f42-9850-4fab-905d-05013ff25fef cbfc6f8dc96a41cd9aa3f701856f78c6 ba35983580814a05853b5ce0ee62be36 - - default default] 10.0.0.81 "POST /v2.0/trunks HTTP/1.1" status: 201 len: 608 time: 0.7425296 /var/lib/openstack/lib/python3.10/site-packages/pycadf/identifier.py:71: UserWarning: Invalid uuid: neutron. To ensure interoperability, identifiers should be a valid uuid. warnings.warn(('Invalid uuid: %s. To ensure interoperability, '
2026-05-12 06:53:54.603 9 WARNING neutron_lib.context [None req-715b6230-be7f-42fc-b800-48c48661963e cbfc6f8dc96a41cd9aa3f701856f78c6 ba35983580814a05853b5ce0ee62be36 - - default default] Method 'is_advsvc' is deprecated since 2023.2 release (neutron-lib 3.8.0) and will be removed once support for the old RBAC API policies will be removed from Neutron. Please use method 'is_service_role' instead.
2026-05-12 06:53:54.719 9 INFO neutron.db.segments_db [None req-715b6230-be7f-42fc-b800-48c48661963e cbfc6f8dc96a41cd9aa3f701856f78c6 ba35983580814a05853b5ce0ee62be36 - - default default] Added segment 63584cff-6299-4b12-9597-4fb756460cf9 of type geneve for network 999f599d-c8c8-49e7-b0ec-dfb932cb58c2
2026-05-12 06:53:54.909 9 INFO neutron.db.ovn_revision_numbers_db [None req-715b6230-be7f-42fc-b800-48c48661963e cbfc6f8dc96a41cd9aa3f701856f78c6 ba35983580814a05853b5ce0ee62be36 - - default default] Successfully bumped revision number for resource 999f599d-c8c8-49e7-b0ec-dfb932cb58c2 (type: networks) to 1
2026-05-12 06:53:54.925 10 INFO neutron.wsgi [None req-a72448fa-3df8-4a2d-bbbe-22a0fc92b729 490c1937f7d24d67bb2a9e4e462d39a3 10cf8540bc25484891d1e414e3f048b4 - - default default] 10.0.0.81 "DELETE /v2.0/security-groups/26c3a47f-8483-4818-999b-5c416f0383e9 HTTP/1.1" status: 204 len: 168 time: 0.4927292
2026-05-12 06:53:54.981 10 INFO neutron.wsgi [-] 10.0.0.179 "GET / HTTP/1.1" status: 200 len: 247 time: 0.0015159
2026-05-12 06:53:54.982 10 INFO neutron.wsgi [-] 10.0.0.179 "GET / HTTP/1.1" status: 200 len: 247 time: 0.0009191
2026-05-12 06:53:55.146 10 INFO neutron.db.ovn_revision_numbers_db [None req-34da952e-3e9f-46f2-a800-c4ba29c55257 c94d8df673a44182a92ac196ca82e38d 89828c2694604ecd9bccc4a8fc03395f - - default default] Successfully bumped revision number for resource 754ba850-7c56-4bea-a1b0-c7421adb80a9 (type: ports) to 2
2026-05-12 06:53:55.182 9 WARNING neutron.scheduler.dhcp_agent_scheduler [None req-715b6230-be7f-42fc-b800-48c48661963e cbfc6f8dc96a41cd9aa3f701856f78c6 ba35983580814a05853b5ce0ee62be36 - - default default] No more DHCP agents
2026-05-12 06:53:55.186 9 WARNING neutron.api.rpc.agentnotifiers.dhcp_rpc_agent_api [None req-715b6230-be7f-42fc-b800-48c48661963e cbfc6f8dc96a41cd9aa3f701856f78c6 ba35983580814a05853b5ce0ee62be36 - - default default] Unable to schedule network 999f599d-c8c8-49e7-b0ec-dfb932cb58c2: no agents available; will retry on subsequent port and subnet creation events.
2026-05-12 06:53:55.199 10 INFO neutron.db.ovn_revision_numbers_db [None req-34da952e-3e9f-46f2-a800-c4ba29c55257 c94d8df673a44182a92ac196ca82e38d 89828c2694604ecd9bccc4a8fc03395f - - default default] Successfully bumped revision number for resource 2dc07d08-ef7c-4dad-963e-5c92a6ecad8c (type: subnets) to 0
2026-05-12 06:53:55.219 10 INFO neutron.wsgi [None req-34da952e-3e9f-46f2-a800-c4ba29c55257 c94d8df673a44182a92ac196ca82e38d 89828c2694604ecd9bccc4a8fc03395f - - default default] 10.0.0.81 "POST /v2.0/subnets HTTP/1.1" status: 201 len: 801 time: 1.6519680
2026-05-12 06:53:55.297 9 INFO neutron.db.ovn_revision_numbers_db [None req-715b6230-be7f-42fc-b800-48c48661963e cbfc6f8dc96a41cd9aa3f701856f78c6 ba35983580814a05853b5ce0ee62be36 - - default default] Successfully bumped revision number for resource 437cbe36-40e3-48b7-9e85-9b5dca08c4b8 (type: ports) to 1
2026-05-12 06:53:55.332 9 INFO neutron.wsgi [None req-715b6230-be7f-42fc-b800-48c48661963e cbfc6f8dc96a41cd9aa3f701856f78c6 ba35983580814a05853b5ce0ee62be36 - - default default] 10.0.0.81 "POST /v2.0/networks HTTP/1.1" status: 201 len: 830 time: 0.7367203
2026-05-12 06:53:55.353 9 WARNING neutron_lib.context [None req-991b8eee-c17e-45a0-9334-4267594e8a4c cbfc6f8dc96a41cd9aa3f701856f78c6 ba35983580814a05853b5ce0ee62be36 - - default default] Method 'is_advsvc' is deprecated since 2023.2 release (neutron-lib 3.8.0) and will be removed once support for the old RBAC API policies will be removed from Neutron. Please use method 'is_service_role' instead.
2026-05-12 06:53:55.586 10 INFO neutron.db.ovn_revision_numbers_db [None req-fcdd3840-c6a8-41a2-a512-18f38de3351d c94d8df673a44182a92ac196ca82e38d 89828c2694604ecd9bccc4a8fc03395f - - default default] Successfully bumped revision number for resource 2dc07d08-ef7c-4dad-963e-5c92a6ecad8c (type: subnets) to 1
2026-05-12 06:53:55.591 10 INFO neutron.wsgi [None req-fcdd3840-c6a8-41a2-a512-18f38de3351d c94d8df673a44182a92ac196ca82e38d 89828c2694604ecd9bccc4a8fc03395f - - default default] 10.0.0.81 "PUT /v2.0/subnets/2dc07d08-ef7c-4dad-963e-5c92a6ecad8c HTTP/1.1" status: 200 len: 806 time: 0.3650939
2026-05-12 06:53:55.663 9 WARNING neutron.scheduler.dhcp_agent_scheduler [None req-991b8eee-c17e-45a0-9334-4267594e8a4c cbfc6f8dc96a41cd9aa3f701856f78c6 ba35983580814a05853b5ce0ee62be36 - - default default] No more DHCP agents
2026-05-12 06:53:55.668 9 WARNING neutron.api.rpc.agentnotifiers.dhcp_rpc_agent_api [None req-991b8eee-c17e-45a0-9334-4267594e8a4c cbfc6f8dc96a41cd9aa3f701856f78c6 ba35983580814a05853b5ce0ee62be36 - - default default] Unable to schedule network 999f599d-c8c8-49e7-b0ec-dfb932cb58c2: no agents available; will retry on subsequent port and subnet creation events.
2026-05-12 06:53:55.785 9 INFO neutron.db.ovn_revision_numbers_db [None req-991b8eee-c17e-45a0-9334-4267594e8a4c cbfc6f8dc96a41cd9aa3f701856f78c6 ba35983580814a05853b5ce0ee62be36 - - default default] Successfully bumped revision number for resource 4b01f4f1-bc07-4fd8-a284-847ea9bb9eaa (type: ports) to 1
2026-05-12 06:53:55.826 9 INFO neutron.wsgi [None req-991b8eee-c17e-45a0-9334-4267594e8a4c cbfc6f8dc96a41cd9aa3f701856f78c6 ba35983580814a05853b5ce0ee62be36 - - default default] 10.0.0.81 "POST /v2.0/ports HTTP/1.1" status: 201 len: 942 time: 0.4826744 /var/lib/openstack/lib/python3.10/site-packages/pycadf/identifier.py:71: UserWarning: Invalid uuid: neutron. To ensure interoperability, identifiers should be a valid uuid. warnings.warn(('Invalid uuid: %s. To ensure interoperability, '
2026-05-12 06:53:55.837 9 WARNING neutron_lib.context [None req-d15ccaf4-cc0b-4abf-8b33-ed97cb902005 cbfc6f8dc96a41cd9aa3f701856f78c6 ba35983580814a05853b5ce0ee62be36 - - default default] Method 'is_advsvc' is deprecated since 2023.2 release (neutron-lib 3.8.0) and will be removed once support for the old RBAC API policies will be removed from Neutron. Please use method 'is_service_role' instead.
2026-05-12 06:53:56.148 9 INFO neutron.wsgi [None req-d15ccaf4-cc0b-4abf-8b33-ed97cb902005 cbfc6f8dc96a41cd9aa3f701856f78c6 ba35983580814a05853b5ce0ee62be36 - - default default] 10.0.0.81 "POST /v2.0/trunks HTTP/1.1" status: 201 len: 608 time: 0.3175395
2026-05-12 06:53:56.162 9 WARNING neutron_lib.context [None req-6345ecdd-2e69-4419-908d-a6267005bad2 cbfc6f8dc96a41cd9aa3f701856f78c6 ba35983580814a05853b5ce0ee62be36 - - default default] Method 'is_advsvc' is deprecated since 2023.2 release (neutron-lib 3.8.0) and will be removed once support for the old RBAC API policies will be removed from Neutron. Please use method 'is_service_role' instead.
2026-05-12 06:53:56.256 10 INFO neutron.services.segments.plugin [-] Segment 64f9284b-c83f-4908-a86b-cea392efed78 resource provider aggregate not found
2026-05-12 06:53:56.263 10 INFO neutron.services.segments.plugin [-] Segment 64f9284b-c83f-4908-a86b-cea392efed78 resource provider aggregate not found
2026-05-12 06:53:56.274 9 INFO neutron.db.segments_db [None req-6345ecdd-2e69-4419-908d-a6267005bad2 cbfc6f8dc96a41cd9aa3f701856f78c6 ba35983580814a05853b5ce0ee62be36 - - default default] Added segment 4e7c2c43-2691-4508-b9c6-b5f343ea4c32 of type geneve for network c25d19f2-2cc4-4393-b3ba-04ec4175342a
2026-05-12 06:53:56.281 10 INFO neutron.services.segments.plugin [-] Segment 64f9284b-c83f-4908-a86b-cea392efed78 resource provider not found; error: Placement Client Error (4xx): {"errors": [{"status": 404, "title": "Not Found", "detail": "The resource could not be found.\n\n No resource provider with uuid 64f9284b-c83f-4908-a86b-cea392efed78 found for delete ", "request_id": "req-67d2abf0-8b8a-49c9-98d8-5a0fb168e601"}]}
2026-05-12 06:53:56.284 10 INFO neutron.services.segments.plugin [-] Segment 64f9284b-c83f-4908-a86b-cea392efed78 resource provider not found; error: Placement Client Error (4xx): {"errors": [{"status": 404, "title": "Not Found", "detail": "The resource could not be found.\n\n No resource provider with uuid 64f9284b-c83f-4908-a86b-cea392efed78 found for delete ", "request_id": "req-e3021deb-8bcc-4db6-a465-5766488a873d"}]}
2026-05-12 06:53:56.310 10 INFO neutron.wsgi [None req-c7b1685d-d579-4cc2-90ac-3eb9fc879c2c c94d8df673a44182a92ac196ca82e38d 89828c2694604ecd9bccc4a8fc03395f - - default default] 10.0.0.81 "DELETE /v2.0/networks/9512d565-bff4-4649-92dc-875df44227f6 HTTP/1.1" status: 204 len: 168 time: 0.7135990
2026-05-12 06:53:56.331 10 INFO neutron.pecan_wsgi.hooks.translation [None req-47cf895e-17f1-4d1e-9376-f91c6f00e413 c94d8df673a44182a92ac196ca82e38d 89828c2694604ecd9bccc4a8fc03395f - - default default] DELETE failed (client error): The resource could not be found.
2026-05-12 06:53:56.334 10 INFO neutron.wsgi [None req-47cf895e-17f1-4d1e-9376-f91c6f00e413 c94d8df673a44182a92ac196ca82e38d 89828c2694604ecd9bccc4a8fc03395f - - default default] 10.0.0.81 "DELETE /v2.0/networks/9512d565-bff4-4649-92dc-875df44227f6 HTTP/1.1" status: 404 len: 339 time: 0.0155425
2026-05-12 06:53:56.449 10 INFO neutron.wsgi [None req-18b2f4d8-6ee9-4b37-bc17-03eaf2d2bca9 c94d8df673a44182a92ac196ca82e38d 89828c2694604ecd9bccc4a8fc03395f - - default default] 10.0.0.81 "GET /v2.0/networks?router%3Aexternal=True HTTP/1.1" status: 200 len: 845 time: 0.1053281
2026-05-12 06:53:56.464 9 INFO neutron.db.ovn_revision_numbers_db [None req-6345ecdd-2e69-4419-908d-a6267005bad2 cbfc6f8dc96a41cd9aa3f701856f78c6 ba35983580814a05853b5ce0ee62be36 - - default default] Successfully bumped revision number for resource c25d19f2-2cc4-4393-b3ba-04ec4175342a (type: networks) to 1
2026-05-12 06:53:56.561 10 INFO neutron.wsgi [None req-adbe0cf0-e0d0-42e5-8bed-82ab03cb4242 c94d8df673a44182a92ac196ca82e38d 89828c2694604ecd9bccc4a8fc03395f - - default default] 10.0.0.81 "GET /v2.0/subnets?network_id=ac041938-e659-4b07-81f7-ad888df571d4 HTTP/1.1" status: 200 len: 820 time: 0.1050234
2026-05-12 06:53:56.576 9 INFO neutron.wsgi [None req-0d99c013-7bc2-4976-8c5b-9d778f73d684 c94d8df673a44182a92ac196ca82e38d 89828c2694604ecd9bccc4a8fc03395f - - default default] 10.0.0.81 "GET /v2.0/extensions HTTP/1.1" status: 200 len: 16975 time: 0.0091696
2026-05-12 06:53:56.624 10 INFO neutron.wsgi [req-525307ff-dd29-4796-b8e7-e01e5b92ce08 req-02fea78b-9225-499a-ba84-14e8f5b02bb7 38e2a12d1f674a18bd8af019ba2518cf 7af401595a62489fac74851b1ecdcd99 - - default default] 10.0.0.83 "GET /v2.0/networks?id=24d24989-0dbc-47e5-b470-29649d1f6775 HTTP/1.1" status: 200 len: 869 time: 0.1260242
2026-05-12 06:53:56.643 10 INFO neutron.wsgi [req-525307ff-dd29-4796-b8e7-e01e5b92ce08 req-66d7f6b3-0e2d-4b80-9360-91f2b06e372b 38e2a12d1f674a18bd8af019ba2518cf 7af401595a62489fac74851b1ecdcd99 - - default default] 10.0.0.83 "GET /v2.0/quotas/7af401595a62489fac74851b1ecdcd99 HTTP/1.1" status: 200 len: 386 time: 0.0130386
2026-05-12 06:53:56.729 9 INFO neutron.wsgi [None req-98b49fe4-0c9f-4585-8d89-e03f27776709 c94d8df673a44182a92ac196ca82e38d 89828c2694604ecd9bccc4a8fc03395f - - default default] 10.0.0.81 "GET /v2.0/networks HTTP/1.1" status: 200 len: 1504 time: 0.1444550
2026-05-12 06:53:56.757 10 INFO neutron.wsgi [req-525307ff-dd29-4796-b8e7-e01e5b92ce08 req-25b00dcf-4b36-4ea1-b2c5-72a64a273afa 38e2a12d1f674a18bd8af019ba2518cf 7af401595a62489fac74851b1ecdcd99 - - default default] 10.0.0.83 "GET /v2.0/ports?tenant_id=7af401595a62489fac74851b1ecdcd99&fields=id HTTP/1.1" status: 200 len: 302 time: 0.1081645
2026-05-12 06:53:56.813 9 INFO neutron.wsgi [None req-bfd4f56b-1af8-455f-8a65-a84e5522865d c94d8df673a44182a92ac196ca82e38d 89828c2694604ecd9bccc4a8fc03395f - - default default] 10.0.0.81 "GET /v2.0/subnets HTTP/1.1" status: 200 len: 1428 time: 0.0758460
2026-05-12 06:53:56.847 10 INFO neutron.wsgi [req-525307ff-dd29-4796-b8e7-e01e5b92ce08 req-44e67ff0-763d-414f-a625-4f1f2594df6a 17648714dcad4f5d97d9efd73e1f3fef 81e5b7a5f3004648b6ac9104fd2f8d92 - - 349ac089e2b34fea85a586e5335449d9 349ac089e2b34fea85a586e5335449d9] 10.0.0.83 "GET /v2.0/networks/24d24989-0dbc-47e5-b470-29649d1f6775?fields=segments HTTP/1.1" status: 200 len: 212 time: 0.0811894
2026-05-12 06:53:56.897 9 WARNING neutron.scheduler.dhcp_agent_scheduler [None req-6345ecdd-2e69-4419-908d-a6267005bad2 cbfc6f8dc96a41cd9aa3f701856f78c6 ba35983580814a05853b5ce0ee62be36 - - default default] No more DHCP agents
2026-05-12 06:53:56.902 9 WARNING neutron.api.rpc.agentnotifiers.dhcp_rpc_agent_api [None req-6345ecdd-2e69-4419-908d-a6267005bad2 cbfc6f8dc96a41cd9aa3f701856f78c6 ba35983580814a05853b5ce0ee62be36 - - default default] Unable to schedule network c25d19f2-2cc4-4393-b3ba-04ec4175342a: no agents available; will retry on subsequent port and subnet creation events.
2026-05-12 06:53:56.935 10 INFO neutron.wsgi [req-525307ff-dd29-4796-b8e7-e01e5b92ce08 req-a50f7ec2-dca2-4237-84c2-13a214fd8995 17648714dcad4f5d97d9efd73e1f3fef 81e5b7a5f3004648b6ac9104fd2f8d92 - - 349ac089e2b34fea85a586e5335449d9 349ac089e2b34fea85a586e5335449d9] 10.0.0.83 "GET /v2.0/networks/24d24989-0dbc-47e5-b470-29649d1f6775?fields=provider%3Aphysical_network&fields=provider%3Anetwork_type HTTP/1.1" status: 200 len: 277 time: 0.0788059
2026-05-12 06:53:56.962 9 INFO neutron.wsgi [None req-7170f0ba-0add-4c72-bd8f-64b64fcad102 c94d8df673a44182a92ac196ca82e38d 89828c2694604ecd9bccc4a8fc03395f - - default default] 10.0.0.81 "GET /v2.0/networks/c845e8eb-adc8-462b-b402-95ade2ea59af HTTP/1.1" status: 200 len: 863 time: 0.1421423
