2026-05-12 06:52:09.292 10 INFO neutron.wsgi [req-b83e2b74-5a9f-42c8-9367-f52bf052b8f2 req-bd00ff63-0c89-4a1a-aaa1-4c7af15fcdd9 17648714dcad4f5d97d9efd73e1f3fef 81e5b7a5f3004648b6ac9104fd2f8d92 - - 349ac089e2b34fea85a586e5335449d9 349ac089e2b34fea85a586e5335449d9] 199.204.45.240 "GET /v2.0/ports?network_id=a6054eff-d3ae-49e3-b967-697f26a669d6&device_owner=network%3Adhcp HTTP/1.1" status: 200 len: 210 time: 0.0306988
2026-05-12 06:52:09.426 10 INFO neutron.wsgi [req-b83e2b74-5a9f-42c8-9367-f52bf052b8f2 req-0ce77dd4-1987-43f5-9f43-3ec7b38007b4 17648714dcad4f5d97d9efd73e1f3fef 81e5b7a5f3004648b6ac9104fd2f8d92 - - 349ac089e2b34fea85a586e5335449d9 349ac089e2b34fea85a586e5335449d9] 199.204.45.240 "GET /v2.0/networks/a6054eff-d3ae-49e3-b967-697f26a669d6?fields=segments HTTP/1.1" status: 200 len: 212 time: 0.1160376
2026-05-12 06:52:09.536 10 INFO neutron.wsgi [req-b83e2b74-5a9f-42c8-9367-f52bf052b8f2 req-2fac73cc-81e0-4bb0-a78d-483ab74f7780 17648714dcad4f5d97d9efd73e1f3fef 81e5b7a5f3004648b6ac9104fd2f8d92 - - 349ac089e2b34fea85a586e5335449d9 349ac089e2b34fea85a586e5335449d9] 199.204.45.240 "GET /v2.0/networks/a6054eff-d3ae-49e3-b967-697f26a669d6?fields=provider%3Aphysical_network&fields=provider%3Anetwork_type HTTP/1.1" status: 200 len: 277 time: 0.1032112
2026-05-12 06:52:09.657 10 INFO neutron.wsgi [req-c974e088-77bb-411c-b9d5-ceb887f02f24 req-a434ce81-4d40-4fe8-96a3-187c7ea8dba6 17648714dcad4f5d97d9efd73e1f3fef 81e5b7a5f3004648b6ac9104fd2f8d92 - - 349ac089e2b34fea85a586e5335449d9 349ac089e2b34fea85a586e5335449d9] 199.204.45.240 "GET /v2.0/ports?tenant_id=a34b22f3f0f346c3859f18ab2fef3df8&device_id=4fd55d3c-7ef5-4f5a-bc5f-488524cc5d42 HTTP/1.1" status: 200 len: 1590 time: 0.0629432
2026-05-12 06:52:09.743 10 INFO neutron.wsgi [req-c974e088-77bb-411c-b9d5-ceb887f02f24 req-d143df9f-de29-439b-8d49-0ddd07b473e3 17648714dcad4f5d97d9efd73e1f3fef 81e5b7a5f3004648b6ac9104fd2f8d92 - - 349ac089e2b34fea85a586e5335449d9 349ac089e2b34fea85a586e5335449d9] 199.204.45.240 "GET /v2.0/networks?id=a6054eff-d3ae-49e3-b967-697f26a669d6 HTTP/1.1" status: 200 len: 982 time: 0.0764427
2026-05-12 06:52:09.787 10 INFO neutron.wsgi [req-c974e088-77bb-411c-b9d5-ceb887f02f24 req-f8566439-4148-48d6-8f75-036528956059 17648714dcad4f5d97d9efd73e1f3fef 81e5b7a5f3004648b6ac9104fd2f8d92 - - 349ac089e2b34fea85a586e5335449d9 349ac089e2b34fea85a586e5335449d9] 199.204.45.240 "GET /v2.0/floatingips?fixed_ip_address=10.100.0.10&port_id=8bae9609-db8a-4f69-a207-f8c11e15f19d HTTP/1.1" status: 200 len: 217 time: 0.0345531
2026-05-12 06:52:09.867 10 INFO neutron.wsgi [req-c974e088-77bb-411c-b9d5-ceb887f02f24 req-1ea760a0-d9aa-4044-a8ef-f2fec452bf24 17648714dcad4f5d97d9efd73e1f3fef 81e5b7a5f3004648b6ac9104fd2f8d92 - - 349ac089e2b34fea85a586e5335449d9 349ac089e2b34fea85a586e5335449d9] 199.204.45.240 "GET /v2.0/floatingips?fixed_ip_address=10.100.0.3&port_id=8bae9609-db8a-4f69-a207-f8c11e15f19d HTTP/1.1" status: 200 len: 1059 time: 0.0689521
2026-05-12 06:52:09.910 10 INFO neutron.wsgi [req-c974e088-77bb-411c-b9d5-ceb887f02f24 req-0d27bed3-84ac-4474-8f0e-8b71844c0b79 17648714dcad4f5d97d9efd73e1f3fef 81e5b7a5f3004648b6ac9104fd2f8d92 - - 349ac089e2b34fea85a586e5335449d9 349ac089e2b34fea85a586e5335449d9] 199.204.45.240 "GET /v2.0/subnets?id=ca4f918c-39ac-40bf-b73d-0141f4c1e9eb HTTP/1.1" status: 200 len: 877 time: 0.0334575
2026-05-12 06:52:09.943 10 INFO neutron.wsgi [req-c974e088-77bb-411c-b9d5-ceb887f02f24 req-4c9f72e3-66b6-4884-9ab9-42b89738ecf4 17648714dcad4f5d97d9efd73e1f3fef 81e5b7a5f3004648b6ac9104fd2f8d92 - - 349ac089e2b34fea85a586e5335449d9 349ac089e2b34fea85a586e5335449d9] 199.204.45.240 "GET /v2.0/ports?network_id=a6054eff-d3ae-49e3-b967-697f26a669d6&device_owner=network%3Adhcp HTTP/1.1" status: 200 len: 210 time: 0.0260084
2026-05-12 06:52:09.982 9 INFO neutron.wsgi [-] 10.0.0.179 "GET / HTTP/1.1" status: 200 len: 247 time: 0.0020010
2026-05-12 06:52:09.984 9 INFO neutron.wsgi [-] 10.0.0.179 "GET / HTTP/1.1" status: 200 len: 247 time: 0.0015590
2026-05-12 06:52:10.021 10 INFO neutron.wsgi [req-c974e088-77bb-411c-b9d5-ceb887f02f24 req-65c0ff65-9abe-41d4-842e-1e77950c3a51 17648714dcad4f5d97d9efd73e1f3fef 81e5b7a5f3004648b6ac9104fd2f8d92 - - 349ac089e2b34fea85a586e5335449d9 349ac089e2b34fea85a586e5335449d9] 199.204.45.240 "GET /v2.0/networks/a6054eff-d3ae-49e3-b967-697f26a669d6?fields=segments HTTP/1.1" status: 200 len: 212 time: 0.0717402
2026-05-12 06:52:10.090 10 INFO neutron.wsgi [req-c974e088-77bb-411c-b9d5-ceb887f02f24 req-36e35aab-06ac-44d2-a078-014f1ed09416 17648714dcad4f5d97d9efd73e1f3fef 81e5b7a5f3004648b6ac9104fd2f8d92 - - 349ac089e2b34fea85a586e5335449d9 349ac089e2b34fea85a586e5335449d9] 199.204.45.240 "GET /v2.0/networks/a6054eff-d3ae-49e3-b967-697f26a669d6?fields=provider%3Aphysical_network&fields=provider%3Anetwork_type HTTP/1.1" status: 200 len: 277 time: 0.0622594
2026-05-12 06:52:10.406 10 INFO neutron.wsgi [req-15b2ce3d-a8ba-45b8-89a6-cc9e89c777b6 req-969de010-9c2c-4e58-a712-f5e270312035 e4829aa7e5a147a695a4099afe6ffc9a a34b22f3f0f346c3859f18ab2fef3df8 - - default default] 10.0.0.83 "GET /v2.0/ports?device_id=4fd55d3c-7ef5-4f5a-bc5f-488524cc5d42 HTTP/1.1" status: 200 len: 1352 time: 0.0558197
2026-05-12 06:52:10.468 10 INFO neutron.wsgi [req-15b2ce3d-a8ba-45b8-89a6-cc9e89c777b6 req-59d3bd26-ef5c-4e33-9774-89a4168d486b e4829aa7e5a147a695a4099afe6ffc9a a34b22f3f0f346c3859f18ab2fef3df8 - - default default] 10.0.0.83 "GET /v2.0/security-groups?id=12632025-a235-4f2e-8977-3d83db55573b&fields=id&fields=name HTTP/1.1" status: 200 len: 312 time: 0.0513053
2026-05-12 06:52:10.674 10 INFO neutron.wsgi [req-64967cf1-f41d-4846-920b-3ebc9bc20c5e req-29a0b35e-b020-4a80-bf21-d0c1c384862e e4829aa7e5a147a695a4099afe6ffc9a a34b22f3f0f346c3859f18ab2fef3df8 - - default default] 199.204.45.240 "GET /v2.0/ports?device_id=4fd55d3c-7ef5-4f5a-bc5f-488524cc5d42&device_owner=compute%3Anova&fixed_ips=ip_address%3D10.100.0.10 HTTP/1.1" status: 200 len: 1352 time: 0.0755055
2026-05-12 06:52:11.287 10 INFO neutron.db.ovn_revision_numbers_db [req-64967cf1-f41d-4846-920b-3ebc9bc20c5e req-6a707b97-d10f-42fc-85b1-1486765860ef e4829aa7e5a147a695a4099afe6ffc9a a34b22f3f0f346c3859f18ab2fef3df8 - - default default] Successfully bumped revision number for resource 8bae9609-db8a-4f69-a207-f8c11e15f19d (type: ports) to 6
2026-05-12 06:52:11.304 10 INFO neutron.wsgi [req-64967cf1-f41d-4846-920b-3ebc9bc20c5e req-6a707b97-d10f-42fc-85b1-1486765860ef e4829aa7e5a147a695a4099afe6ffc9a a34b22f3f0f346c3859f18ab2fef3df8 - - default default] 199.204.45.240 "PUT /v2.0/ports/8bae9609-db8a-4f69-a207-f8c11e15f19d HTTP/1.1" status: 200 len: 1167 time: 0.6235349 /var/lib/openstack/lib/python3.10/site-packages/pycadf/identifier.py:71: UserWarning: Invalid uuid: neutron. To ensure interoperability, identifiers should be a valid uuid. warnings.warn(('Invalid uuid: %s. To ensure interoperability, '
2026-05-12 06:52:11.754 10 INFO neutron.notifiers.nova [-] Nova event matching ['req-16e5c937-c12c-4664-ad73-2aa7c1e1dd21'] response: {'name': 'network-changed', 'server_uuid': '4fd55d3c-7ef5-4f5a-bc5f-488524cc5d42', 'tag': '8bae9609-db8a-4f69-a207-f8c11e15f19d', 'status': 'completed', 'code': 200}
2026-05-12 06:52:11.786 10 INFO neutron.wsgi [req-64967cf1-f41d-4846-920b-3ebc9bc20c5e req-e0d0cd3a-d7b7-4623-8728-22e802aec233 17648714dcad4f5d97d9efd73e1f3fef 81e5b7a5f3004648b6ac9104fd2f8d92 - - 349ac089e2b34fea85a586e5335449d9 349ac089e2b34fea85a586e5335449d9] 199.204.45.240 "GET /v2.0/ports?tenant_id=a34b22f3f0f346c3859f18ab2fef3df8&device_id=4fd55d3c-7ef5-4f5a-bc5f-488524cc5d42 HTTP/1.1" status: 200 len: 1409 time: 0.4500725
2026-05-12 06:52:11.868 10 INFO neutron.wsgi [req-64967cf1-f41d-4846-920b-3ebc9bc20c5e req-91ba53c5-b7f4-4912-9944-67125d40805f 17648714dcad4f5d97d9efd73e1f3fef 81e5b7a5f3004648b6ac9104fd2f8d92 - - 349ac089e2b34fea85a586e5335449d9 349ac089e2b34fea85a586e5335449d9] 199.204.45.240 "GET /v2.0/networks?id=a6054eff-d3ae-49e3-b967-697f26a669d6 HTTP/1.1" status: 200 len: 982 time: 0.0727379
2026-05-12 06:52:11.934 10 INFO neutron.wsgi [req-64967cf1-f41d-4846-920b-3ebc9bc20c5e req-f69a3719-296e-4907-a93d-72d73bd9b7e9 17648714dcad4f5d97d9efd73e1f3fef 81e5b7a5f3004648b6ac9104fd2f8d92 - - 349ac089e2b34fea85a586e5335449d9 349ac089e2b34fea85a586e5335449d9] 199.204.45.240 "GET /v2.0/floatingips?fixed_ip_address=10.100.0.3&port_id=8bae9609-db8a-4f69-a207-f8c11e15f19d HTTP/1.1" status: 200 len: 1059 time: 0.0601258
2026-05-12 06:52:11.990 10 INFO neutron.wsgi [req-64967cf1-f41d-4846-920b-3ebc9bc20c5e req-84514a31-eca7-479a-98be-9c912db65e8b 17648714dcad4f5d97d9efd73e1f3fef 81e5b7a5f3004648b6ac9104fd2f8d92 - - 349ac089e2b34fea85a586e5335449d9 349ac089e2b34fea85a586e5335449d9] 199.204.45.240 "GET /v2.0/subnets?id=ca4f918c-39ac-40bf-b73d-0141f4c1e9eb HTTP/1.1" status: 200 len: 877 time: 0.0471256
2026-05-12 06:52:12.027 10 INFO neutron.wsgi [req-64967cf1-f41d-4846-920b-3ebc9bc20c5e req-e85a70d4-4d76-4dae-ac85-f286a493004c 17648714dcad4f5d97d9efd73e1f3fef 81e5b7a5f3004648b6ac9104fd2f8d92 - - 349ac089e2b34fea85a586e5335449d9 349ac089e2b34fea85a586e5335449d9] 199.204.45.240 "GET /v2.0/ports?network_id=a6054eff-d3ae-49e3-b967-697f26a669d6&device_owner=network%3Adhcp HTTP/1.1" status: 200 len: 210 time: 0.0288184
2026-05-12 06:52:12.124 10 INFO neutron.wsgi [req-64967cf1-f41d-4846-920b-3ebc9bc20c5e req-c4213e93-d2b6-4b76-80cf-14c00f0c706d 17648714dcad4f5d97d9efd73e1f3fef 81e5b7a5f3004648b6ac9104fd2f8d92 - - 349ac089e2b34fea85a586e5335449d9 349ac089e2b34fea85a586e5335449d9] 199.204.45.240 "GET /v2.0/networks/a6054eff-d3ae-49e3-b967-697f26a669d6?fields=segments HTTP/1.1" status: 200 len: 212 time: 0.0877352
2026-05-12 06:52:12.210 10 INFO neutron.wsgi [req-64967cf1-f41d-4846-920b-3ebc9bc20c5e req-f278b2a5-6e52-476d-bbb3-24f938113543 17648714dcad4f5d97d9efd73e1f3fef 81e5b7a5f3004648b6ac9104fd2f8d92 - - 349ac089e2b34fea85a586e5335449d9 349ac089e2b34fea85a586e5335449d9] 199.204.45.240 "GET /v2.0/networks/a6054eff-d3ae-49e3-b967-697f26a669d6?fields=provider%3Aphysical_network&fields=provider%3Anetwork_type HTTP/1.1" status: 200 len: 277 time: 0.0704131
2026-05-12 06:52:12.319 10 INFO neutron.wsgi [req-e13d78aa-019e-43e6-9451-105f325abc94 req-c8e14044-efc4-4bdb-8829-b0eaf19007ac 17648714dcad4f5d97d9efd73e1f3fef 81e5b7a5f3004648b6ac9104fd2f8d92 - - 349ac089e2b34fea85a586e5335449d9 349ac089e2b34fea85a586e5335449d9] 199.204.45.240 "GET /v2.0/ports?tenant_id=a34b22f3f0f346c3859f18ab2fef3df8&device_id=4fd55d3c-7ef5-4f5a-bc5f-488524cc5d42 HTTP/1.1" status: 200 len: 1409 time: 0.0582564
2026-05-12 06:52:12.402 10 INFO neutron.wsgi [req-e13d78aa-019e-43e6-9451-105f325abc94 req-f8c11b6c-967e-4a46-91fa-269cc9d4cb94 17648714dcad4f5d97d9efd73e1f3fef 81e5b7a5f3004648b6ac9104fd2f8d92 - - 349ac089e2b34fea85a586e5335449d9 349ac089e2b34fea85a586e5335449d9] 199.204.45.240 "GET /v2.0/networks?id=a6054eff-d3ae-49e3-b967-697f26a669d6 HTTP/1.1" status: 200 len: 982 time: 0.0708773
2026-05-12 06:52:12.467 10 INFO neutron.wsgi [req-e13d78aa-019e-43e6-9451-105f325abc94 req-83631803-7fff-42be-93e2-ccd20ce94cdb 17648714dcad4f5d97d9efd73e1f3fef 81e5b7a5f3004648b6ac9104fd2f8d92 - - 349ac089e2b34fea85a586e5335449d9 349ac089e2b34fea85a586e5335449d9] 199.204.45.240 "GET /v2.0/floatingips?fixed_ip_address=10.100.0.3&port_id=8bae9609-db8a-4f69-a207-f8c11e15f19d HTTP/1.1" status: 200 len: 1059 time: 0.0580835
2026-05-12 06:52:12.515 10 INFO neutron.wsgi [req-e13d78aa-019e-43e6-9451-105f325abc94 req-39f93629-536c-4c17-ae2b-833b859f97d9 17648714dcad4f5d97d9efd73e1f3fef 81e5b7a5f3004648b6ac9104fd2f8d92 - - 349ac089e2b34fea85a586e5335449d9 349ac089e2b34fea85a586e5335449d9] 199.204.45.240 "GET /v2.0/subnets?id=ca4f918c-39ac-40bf-b73d-0141f4c1e9eb HTTP/1.1" status: 200 len: 877 time: 0.0406051
2026-05-12 06:52:12.562 10 INFO neutron.wsgi [req-e13d78aa-019e-43e6-9451-105f325abc94 req-751a548f-eae6-4f1e-a474-4016012f3232 17648714dcad4f5d97d9efd73e1f3fef 81e5b7a5f3004648b6ac9104fd2f8d92 - - 349ac089e2b34fea85a586e5335449d9 349ac089e2b34fea85a586e5335449d9] 199.204.45.240 "GET /v2.0/ports?network_id=a6054eff-d3ae-49e3-b967-697f26a669d6&device_owner=network%3Adhcp HTTP/1.1" status: 200 len: 210 time: 0.0322919
2026-05-12 06:52:12.649 10 INFO neutron.wsgi [req-e13d78aa-019e-43e6-9451-105f325abc94 req-46adf27a-d003-4bc0-9795-794f9a00ee95 17648714dcad4f5d97d9efd73e1f3fef 81e5b7a5f3004648b6ac9104fd2f8d92 - - 349ac089e2b34fea85a586e5335449d9 349ac089e2b34fea85a586e5335449d9] 199.204.45.240 "GET /v2.0/networks/a6054eff-d3ae-49e3-b967-697f26a669d6?fields=segments HTTP/1.1" status: 200 len: 212 time: 0.0802186
2026-05-12 06:52:12.766 10 INFO neutron.wsgi [req-e13d78aa-019e-43e6-9451-105f325abc94 req-3520c288-77fc-4791-a6ce-a09721b5323a 17648714dcad4f5d97d9efd73e1f3fef 81e5b7a5f3004648b6ac9104fd2f8d92 - - 349ac089e2b34fea85a586e5335449d9 349ac089e2b34fea85a586e5335449d9] 199.204.45.240 "GET /v2.0/networks/a6054eff-d3ae-49e3-b967-697f26a669d6?fields=provider%3Aphysical_network&fields=provider%3Anetwork_type HTTP/1.1" status: 200 len: 277 time: 0.1094196
2026-05-12 06:52:12.900 9 INFO neutron.db.ovn_revision_numbers_db [None req-966cc258-0f07-49ec-8e22-e5e0900ea6c8 490c1937f7d24d67bb2a9e4e462d39a3 10cf8540bc25484891d1e414e3f048b4 - - default default] Successfully bumped revision number for resource 90825eae-65b9-43d8-ad0e-889c294f264a (type: security_groups) to 1
2026-05-12 06:52:12.918 9 INFO neutron.plugins.ml2.drivers.ovn.mech_driver.mech_driver [None req-b45a8599-4835-4745-9f50-602cda9f3de8 - - - - - -] OVN reports status down for port: 8bae9609-db8a-4f69-a207-f8c11e15f19d
2026-05-12 06:52:12.943 9 INFO neutron.db.ovn_revision_numbers_db [None req-966cc258-0f07-49ec-8e22-e5e0900ea6c8 490c1937f7d24d67bb2a9e4e462d39a3 10cf8540bc25484891d1e414e3f048b4 - - default default] Successfully bumped revision number for resource 5900a3a3-089c-4349-a711-9fe46836d7ad (type: security_group_rules) to 0
2026-05-12 06:52:12.986 9 INFO neutron.db.ovn_revision_numbers_db [None req-966cc258-0f07-49ec-8e22-e5e0900ea6c8 490c1937f7d24d67bb2a9e4e462d39a3 10cf8540bc25484891d1e414e3f048b4 - - default default] Successfully bumped revision number for resource 68c1521d-af2b-4364-99b0-f4b9550f2772 (type: security_group_rules) to 0
2026-05-12 06:52:13.014 9 INFO neutron.db.ovn_revision_numbers_db [None req-966cc258-0f07-49ec-8e22-e5e0900ea6c8 490c1937f7d24d67bb2a9e4e462d39a3 10cf8540bc25484891d1e414e3f048b4 - - default default] Successfully bumped revision number for resource 8782ecf3-2cc9-4a7a-8fd4-c44915f3dd7e (type: security_group_rules) to 0
2026-05-12 06:52:13.045 9 INFO neutron.db.ovn_revision_numbers_db [None req-966cc258-0f07-49ec-8e22-e5e0900ea6c8 490c1937f7d24d67bb2a9e4e462d39a3 10cf8540bc25484891d1e414e3f048b4 - - default default] Successfully bumped revision number for resource ae8b3c5b-1415-4ad0-ad4c-6664b2dbe16c (type: security_group_rules) to 0
2026-05-12 06:52:13.063 10 INFO neutron.wsgi [req-8d58c49b-7924-463a-886a-fc37678d2404 req-0d4b32b4-b47f-4ca5-919d-7cbf991fa69a e4829aa7e5a147a695a4099afe6ffc9a a34b22f3f0f346c3859f18ab2fef3df8 - - default default] 10.0.0.83 "GET /v2.0/ports?device_id=4fd55d3c-7ef5-4f5a-bc5f-488524cc5d42 HTTP/1.1" status: 200 len: 1170 time: 0.1644099
2026-05-12 06:52:13.091 9 INFO neutron.wsgi [None req-966cc258-0f07-49ec-8e22-e5e0900ea6c8 490c1937f7d24d67bb2a9e4e462d39a3 10cf8540bc25484891d1e414e3f048b4 - - default default] 10.0.0.81 "GET /v2.0/security-groups?tenant_id=0bcb0f424ba940cd8b063a1749cce576&name=default HTTP/1.1" status: 200 len: 2996 time: 0.5029614
2026-05-12 06:52:13.111 9 INFO neutron.notifiers.nova [-] Nova event matching ['req-9acc34b6-27f7-41e8-b341-fdf343446fbb'] response: {'server_uuid': '4fd55d3c-7ef5-4f5a-bc5f-488524cc5d42', 'name': 'network-vif-unplugged', 'status': 'completed', 'tag': '8bae9609-db8a-4f69-a207-f8c11e15f19d', 'code': 200}
2026-05-12 06:52:13.124 10 INFO neutron.wsgi [req-8d58c49b-7924-463a-886a-fc37678d2404 req-7fafcda0-21cb-4da1-beb0-c3d51abd0c2d e4829aa7e5a147a695a4099afe6ffc9a a34b22f3f0f346c3859f18ab2fef3df8 - - default default] 10.0.0.83 "GET /v2.0/security-groups?id=12632025-a235-4f2e-8977-3d83db55573b&fields=id&fields=name HTTP/1.1" status: 200 len: 312 time: 0.0556779
2026-05-12 06:52:13.255 10 INFO neutron.wsgi [req-8d3b26e1-348f-4502-bf3c-bacb3bf816ff req-d121fa1a-2535-481d-ab27-f072da5fe597 e4829aa7e5a147a695a4099afe6ffc9a a34b22f3f0f346c3859f18ab2fef3df8 - - default default] 199.204.45.240 "GET /v2.0/ports?device_id=4fd55d3c-7ef5-4f5a-bc5f-488524cc5d42 HTTP/1.1" status: 200 len: 1168 time: 0.0452936
2026-05-12 06:52:13.355 9 INFO neutron.db.ovn_revision_numbers_db [None req-b45a8599-4835-4745-9f50-602cda9f3de8 - - - - - -] Successfully bumped revision number for resource 8bae9609-db8a-4f69-a207-f8c11e15f19d (type: ports) to 7
2026-05-12 06:52:13.432 9 INFO neutron.wsgi [None req-3f18ee76-50f2-48d8-9bf7-c7f4b23ebcef 490c1937f7d24d67bb2a9e4e462d39a3 10cf8540bc25484891d1e414e3f048b4 - - default default] 10.0.0.81 "DELETE /v2.0/security-groups/90825eae-65b9-43d8-ad0e-889c294f264a HTTP/1.1" status: 204 len: 168 time: 0.3356018
2026-05-12 06:52:13.606 10 INFO neutron.db.l3_db [req-8d3b26e1-348f-4502-bf3c-bacb3bf816ff req-7079ba43-e9ce-4b37-81c6-a3ef99fdecfd e4829aa7e5a147a695a4099afe6ffc9a a34b22f3f0f346c3859f18ab2fef3df8 - - default default] Floating IP fbe13086-9917-43ef-9506-37b01f6713a0 disassociated. External IP: 10.96.250.210, port: 8bae9609-db8a-4f69-a207-f8c11e15f19d. /var/lib/openstack/lib/python3.10/site-packages/pycadf/identifier.py:71: UserWarning: Invalid uuid: neutron. To ensure interoperability, identifiers should be a valid uuid. warnings.warn(('Invalid uuid: %s. To ensure interoperability, '
2026-05-12 06:52:13.842 10 INFO neutron.wsgi [req-8d3b26e1-348f-4502-bf3c-bacb3bf816ff req-7079ba43-e9ce-4b37-81c6-a3ef99fdecfd e4829aa7e5a147a695a4099afe6ffc9a a34b22f3f0f346c3859f18ab2fef3df8 - - default default] 199.204.45.240 "DELETE /v2.0/ports/8bae9609-db8a-4f69-a207-f8c11e15f19d HTTP/1.1" status: 204 len: 173 time: 0.5819881
2026-05-12 06:52:13.852 10 INFO neutron.db.ovn_revision_numbers_db [None req-f522cace-aefd-4a60-bbc5-c5cb2aadf30a 490c1937f7d24d67bb2a9e4e462d39a3 10cf8540bc25484891d1e414e3f048b4 - - default default] Successfully bumped revision number for resource 1a36003c-a299-4ef0-8d2f-40a5a9afaa1e (type: security_groups) to 1
2026-05-12 06:52:13.882 10 INFO neutron.db.ovn_revision_numbers_db [None req-f522cace-aefd-4a60-bbc5-c5cb2aadf30a 490c1937f7d24d67bb2a9e4e462d39a3 10cf8540bc25484891d1e414e3f048b4 - - default default] Successfully bumped revision number for resource 12ea9850-6f21-4c1b-9cc3-557163987b8f (type: security_group_rules) to 0
2026-05-12 06:52:13.886 10 INFO neutron.notifiers.nova [-] Nova event matching ['req-f9fb7f8f-7eb0-476f-a6e4-50a008a2b072'] response: {'server_uuid': '4fd55d3c-7ef5-4f5a-bc5f-488524cc5d42', 'name': 'network-vif-deleted', 'tag': '8bae9609-db8a-4f69-a207-f8c11e15f19d', 'status': 'completed', 'code': 200}
2026-05-12 06:52:13.904 10 INFO neutron.db.ovn_revision_numbers_db [None req-f522cace-aefd-4a60-bbc5-c5cb2aadf30a 490c1937f7d24d67bb2a9e4e462d39a3 10cf8540bc25484891d1e414e3f048b4 - - default default] Successfully bumped revision number for resource 148d9130-1616-4252-94cf-93192bee585a (type: security_group_rules) to 0
2026-05-12 06:52:13.919 10 INFO neutron.db.ovn_revision_numbers_db [None req-f522cace-aefd-4a60-bbc5-c5cb2aadf30a 490c1937f7d24d67bb2a9e4e462d39a3 10cf8540bc25484891d1e414e3f048b4 - - default default] Successfully bumped revision number for resource 22d868b0-70f2-4f8a-9257-505fed3bc90b (type: security_group_rules) to 0
2026-05-12 06:52:13.935 10 INFO neutron.db.ovn_revision_numbers_db [None req-f522cace-aefd-4a60-bbc5-c5cb2aadf30a 490c1937f7d24d67bb2a9e4e462d39a3 10cf8540bc25484891d1e414e3f048b4 - - default default] Successfully bumped revision number for resource ac315e6e-5779-40fb-95c0-d77186a5a51a (type: security_group_rules) to 0
2026-05-12 06:52:13.957 10 INFO neutron.wsgi [None req-f522cace-aefd-4a60-bbc5-c5cb2aadf30a 490c1937f7d24d67bb2a9e4e462d39a3 10cf8540bc25484891d1e414e3f048b4 - - default default] 10.0.0.81 "GET /v2.0/security-groups?tenant_id=e6a0797d6e754356aad68faa5505e73e&name=default HTTP/1.1" status: 200 len: 2996 time: 0.2483943
2026-05-12 06:52:14.203 10 INFO neutron.wsgi [None req-85ec7222-dd2a-4d50-932f-8e565ecb3a27 490c1937f7d24d67bb2a9e4e462d39a3 10cf8540bc25484891d1e414e3f048b4 - - default default] 10.0.0.81 "DELETE /v2.0/security-groups/1a36003c-a299-4ef0-8d2f-40a5a9afaa1e HTTP/1.1" status: 204 len: 168 time: 0.2416101
2026-05-12 06:52:14.228 10 INFO neutron.wsgi [req-ba1dc4fb-2675-4805-a78b-af5a8e9764b3 req-9f1a91f9-f989-442c-a84f-249686434f7e e4829aa7e5a147a695a4099afe6ffc9a a34b22f3f0f346c3859f18ab2fef3df8 - - default default] 10.0.0.83 "GET /v2.0/ports?device_id=4fd55d3c-7ef5-4f5a-bc5f-488524cc5d42 HTTP/1.1" status: 200 len: 210 time: 0.0213509 /var/lib/openstack/lib/python3.10/site-packages/pycadf/identifier.py:71: UserWarning: Invalid uuid: neutron. To ensure interoperability, identifiers should be a valid uuid. warnings.warn(('Invalid uuid: %s. To ensure interoperability, '
2026-05-12 06:52:14.798 9 INFO neutron.wsgi [req-3215f72f-a10e-4bd2-955c-5345804fb37b req-61bd875e-246d-43a8-940c-ce46bdec752b 17648714dcad4f5d97d9efd73e1f3fef 81e5b7a5f3004648b6ac9104fd2f8d92 - - 349ac089e2b34fea85a586e5335449d9 349ac089e2b34fea85a586e5335449d9] 10.0.0.204 "GET /v2.0/ports?device_id=264cc4a1-2ec9-4c16-bd6d-1fe19bb8a508 HTTP/1.1" status: 200 len: 1409 time: 0.2584882
2026-05-12 06:52:14.846 9 INFO neutron.wsgi [req-3215f72f-a10e-4bd2-955c-5345804fb37b req-99694954-0572-4dc2-83c4-e7c31fa933f3 17648714dcad4f5d97d9efd73e1f3fef 81e5b7a5f3004648b6ac9104fd2f8d92 - - 349ac089e2b34fea85a586e5335449d9 349ac089e2b34fea85a586e5335449d9] 10.0.0.204 "GET /v2.0/security-groups?id=6a3acaed-cf0a-4aa3-9a7d-00443a3118d2&fields=id&fields=name HTTP/1.1" status: 200 len: 313 time: 0.0401046
2026-05-12 06:52:15.002 10 INFO neutron.db.ovn_revision_numbers_db [None req-1a0adde0-5265-4e16-a8b7-3b97f1af1ccc 490c1937f7d24d67bb2a9e4e462d39a3 10cf8540bc25484891d1e414e3f048b4 - - default default] Successfully bumped revision number for resource 8b1b8311-19f0-4f34-abff-7a4c8914987c (type: security_groups) to 1
2026-05-12 06:52:15.021 10 INFO neutron.db.ovn_revision_numbers_db [None req-1a0adde0-5265-4e16-a8b7-3b97f1af1ccc 490c1937f7d24d67bb2a9e4e462d39a3 10cf8540bc25484891d1e414e3f048b4 - - default default] Successfully bumped revision number for resource 242f4ce3-2e60-48d0-a94b-87c4339967d9 (type: security_group_rules) to 0
2026-05-12 06:52:15.038 10 INFO neutron.db.ovn_revision_numbers_db [None req-1a0adde0-5265-4e16-a8b7-3b97f1af1ccc 490c1937f7d24d67bb2a9e4e462d39a3 10cf8540bc25484891d1e414e3f048b4 - - default default] Successfully bumped revision number for resource 302429fc-0d14-4970-8505-a849d76cc923 (type: security_group_rules) to 0
2026-05-12 06:52:15.055 10 INFO neutron.db.ovn_revision_numbers_db [None req-1a0adde0-5265-4e16-a8b7-3b97f1af1ccc 490c1937f7d24d67bb2a9e4e462d39a3 10cf8540bc25484891d1e414e3f048b4 - - default default] Successfully bumped revision number for resource 4ef4d276-b43e-45ae-b27b-5bc4bc9cd0a4 (type: security_group_rules) to 0
2026-05-12 06:52:15.069 10 INFO neutron.db.ovn_revision_numbers_db [None req-1a0adde0-5265-4e16-a8b7-3b97f1af1ccc 490c1937f7d24d67bb2a9e4e462d39a3 10cf8540bc25484891d1e414e3f048b4 - - default default] Successfully bumped revision number for resource c5a75c89-5f3f-4bf1-95c9-85343f189caf (type: security_group_rules) to 0
2026-05-12 06:52:15.117 10 INFO neutron.wsgi [None req-1a0adde0-5265-4e16-a8b7-3b97f1af1ccc 490c1937f7d24d67bb2a9e4e462d39a3 10cf8540bc25484891d1e414e3f048b4 - - default default] 10.0.0.81 "GET /v2.0/security-groups?tenant_id=44438898d538446bac3b36f2245aa5b9&name=default HTTP/1.1" status: 200 len: 2996 time: 0.3247912
2026-05-12 06:52:15.153 9 INFO neutron.notifiers.nova [-] Nova event matching ['req-0606d0b7-ab3c-4b56-914c-519fd5c7df00'] response: {'server_uuid': '4fd55d3c-7ef5-4f5a-bc5f-488524cc5d42', 'name': 'network-vif-plugged', 'status': 'completed', 'tag': '8bae9609-db8a-4f69-a207-f8c11e15f19d', 'code': 200}
2026-05-12 06:52:15.390 10 INFO neutron.wsgi [None req-6d8d3aa9-90ec-40cb-8f05-c290118fc932 490c1937f7d24d67bb2a9e4e462d39a3 10cf8540bc25484891d1e414e3f048b4 - - default default] 10.0.0.81 "DELETE /v2.0/security-groups/8b1b8311-19f0-4f34-abff-7a4c8914987c HTTP/1.1" status: 204 len: 168 time: 0.2685959
2026-05-12 06:52:15.489 9 INFO neutron.wsgi [None req-4ab7b1f6-520b-4099-9f37-39a263f8acaf 490c1937f7d24d67bb2a9e4e462d39a3 10cf8540bc25484891d1e414e3f048b4 - - default default] 10.0.0.42 "GET /v2.0/network-ip-availabilities HTTP/1.1" status: 200 len: 2250 time: 0.1329520
2026-05-12 06:52:15.576 9 INFO neutron.wsgi [None req-0ade90b7-1542-4dbc-aaa1-b8c0e3df46aa 490c1937f7d24d67bb2a9e4e462d39a3 10cf8540bc25484891d1e414e3f048b4 - - default default] 10.0.0.42 "GET /v2.0/floatingips HTTP/1.1" status: 200 len: 1574 time: 0.0834062
2026-05-12 06:52:15.611 9 INFO neutron.wsgi [None req-930cbaea-0770-4caa-b93a-5d22ac41672e e4829aa7e5a147a695a4099afe6ffc9a a34b22f3f0f346c3859f18ab2fef3df8 - - default default] 10.0.0.81 "DELETE /v2.0/security-groups/12632025-a235-4f2e-8977-3d83db55573b HTTP/1.1" status: 204 len: 168 time: 0.2842708
2026-05-12 06:52:15.632 10 INFO neutron.api.v2.resource [None req-42ab9478-0c18-4634-8d15-cffc562622af e4829aa7e5a147a695a4099afe6ffc9a a34b22f3f0f346c3859f18ab2fef3df8 - - default default] show failed (client error): The resource could not be found.
2026-05-12 06:52:15.633 10 INFO neutron.wsgi [None req-42ab9478-0c18-4634-8d15-cffc562622af e4829aa7e5a147a695a4099afe6ffc9a a34b22f3f0f346c3859f18ab2fef3df8 - - default default] 10.0.0.81 "GET /v2.0/security-groups/12632025-a235-4f2e-8977-3d83db55573b HTTP/1.1" status: 404 len: 347 time: 0.0163460
2026-05-12 06:52:15.642 9 INFO neutron.wsgi [None req-f1d77347-f042-4f7d-9c0b-2a3438a43bde 490c1937f7d24d67bb2a9e4e462d39a3 10cf8540bc25484891d1e414e3f048b4 - - default default] 10.0.0.42 "GET /v2.0/subnets HTTP/1.1" status: 200 len: 2758 time: 0.0644684
2026-05-12 06:52:15.715 9 INFO neutron.wsgi [None req-e0039e67-c9ac-4237-bff9-a0cbad512567 490c1937f7d24d67bb2a9e4e462d39a3 10cf8540bc25484891d1e414e3f048b4 - - default default] 10.0.0.42 "GET /v2.0/security-groups HTTP/1.1" status: 200 len: 25096 time: 0.0712700
2026-05-12 06:52:15.800 10 INFO neutron.db.ovn_revision_numbers_db [None req-f9d62a21-90c2-4003-b70b-6c54f8eac5a0 490c1937f7d24d67bb2a9e4e462d39a3 10cf8540bc25484891d1e414e3f048b4 - - default default] Successfully bumped revision number for resource 6b589507-3520-43ae-8d73-2e0977f6739d (type: security_groups) to 1
2026-05-12 06:52:15.814 9 INFO neutron.wsgi [None req-83bbb2a0-864b-45c5-8b4d-c82a6f357565 490c1937f7d24d67bb2a9e4e462d39a3 10cf8540bc25484891d1e414e3f048b4 - - default default] 10.0.0.42 "GET /v2.0/ports HTTP/1.1" status: 200 len: 14984 time: 0.0888724
2026-05-12 06:52:15.833 10 INFO neutron.db.ovn_revision_numbers_db [None req-f9d62a21-90c2-4003-b70b-6c54f8eac5a0 490c1937f7d24d67bb2a9e4e462d39a3 10cf8540bc25484891d1e414e3f048b4 - - default default] Successfully bumped revision number for resource 362346f5-5fa3-4f53-b0f3-02200f66066b (type: security_group_rules) to 0
2026-05-12 06:52:15.854 9 INFO neutron.wsgi [None req-ca4e2bb0-530b-46fe-bdcb-2377ea1f9cba 490c1937f7d24d67bb2a9e4e462d39a3 10cf8540bc25484891d1e414e3f048b4 - - default default] 10.0.0.42 "GET /v2.0/agents HTTP/1.1" status: 200 len: 997 time: 0.0263543
2026-05-12 06:52:15.900 10 INFO neutron.db.ovn_revision_numbers_db [None req-f9d62a21-90c2-4003-b70b-6c54f8eac5a0 490c1937f7d24d67bb2a9e4e462d39a3 10cf8540bc25484891d1e414e3f048b4 - - default default] Successfully bumped revision number for resource a7bfd275-eefe-4b08-9083-342557857668 (type: security_group_rules) to 0
2026-05-12 06:52:15.923 10 INFO neutron.db.ovn_revision_numbers_db [None req-f9d62a21-90c2-4003-b70b-6c54f8eac5a0 490c1937f7d24d67bb2a9e4e462d39a3 10cf8540bc25484891d1e414e3f048b4 - - default default] Successfully bumped revision number for resource db238a94-814c-4eb3-a917-f3003ae82766 (type: security_group_rules) to 0
2026-05-12 06:52:15.944 10 INFO neutron.db.ovn_revision_numbers_db [None req-f9d62a21-90c2-4003-b70b-6c54f8eac5a0 490c1937f7d24d67bb2a9e4e462d39a3 10cf8540bc25484891d1e414e3f048b4 - - default default] Successfully bumped revision number for resource dfbfda29-7db0-424e-9bed-67640a1b78c5 (type: security_group_rules) to 0
2026-05-12 06:52:15.946 9 INFO neutron.wsgi [None req-c1c2001b-8380-4ada-899a-7d54960ce347 490c1937f7d24d67bb2a9e4e462d39a3 10cf8540bc25484891d1e414e3f048b4 - - default default] 10.0.0.42 "GET /v2.0/networks HTTP/1.1" status: 200 len: 3879 time: 0.0903671
2026-05-12 06:52:15.980 10 INFO neutron.wsgi [None req-f9d62a21-90c2-4003-b70b-6c54f8eac5a0 490c1937f7d24d67bb2a9e4e462d39a3 10cf8540bc25484891d1e414e3f048b4 - - default default] 10.0.0.81 "GET /v2.0/security-groups?tenant_id=e8319bcbb8cb4200a41ae3726185b6e9&name=default HTTP/1.1" status: 200 len: 2996 time: 0.3989141
2026-05-12 06:52:16.111 9 INFO neutron.wsgi [None req-4becea51-9764-484c-b79a-e50e2771e929 490c1937f7d24d67bb2a9e4e462d39a3 10cf8540bc25484891d1e414e3f048b4 - - default default] 10.0.0.42 "GET /v2.0/routers HTTP/1.1" status: 200 len: 1544 time: 0.1610043
2026-05-12 06:52:16.128 9 INFO neutron.wsgi [None req-a503d893-e7b6-4c0c-a1cc-bd43c80b6671 490c1937f7d24d67bb2a9e4e462d39a3 10cf8540bc25484891d1e414e3f048b4 - - default default] 10.0.0.42 "GET /v2.0/agents?binary=ovn-controller HTTP/1.1" status: 200 len: 591 time: 0.0151715
2026-05-12 06:52:16.129 10 INFO neutron.wsgi [None req-70873664-41d7-4ce8-a5af-741a935ded56 e4829aa7e5a147a695a4099afe6ffc9a a34b22f3f0f346c3859f18ab2fef3df8 - - default default] 10.0.0.81 "DELETE /v2.0/floatingips/fbe13086-9917-43ef-9506-37b01f6713a0 HTTP/1.1" status: 204 len: 168 time: 0.4904399
2026-05-12 06:52:16.185 9 INFO neutron.wsgi [None req-b24e28b9-9723-407c-8ada-2250e8f18854 490c1937f7d24d67bb2a9e4e462d39a3 10cf8540bc25484891d1e414e3f048b4 - - default default] 10.0.0.42 "GET /v2.0/subnets HTTP/1.1" status: 200 len: 2758 time: 0.0535324
2026-05-12 06:52:16.204 9 INFO neutron.wsgi [None req-82af05c3-dc36-4f01-8a33-9895337020b4 490c1937f7d24d67bb2a9e4e462d39a3 10cf8540bc25484891d1e414e3f048b4 - - default default] 10.0.0.42 "GET /v2.0/subnetpools HTTP/1.1" status: 200 len: 193 time: 0.0164137
2026-05-12 06:52:16.352 9 INFO neutron.wsgi [None req-46b3c160-80ba-427b-941b-b2d6161ab5b4 490c1937f7d24d67bb2a9e4e462d39a3 10cf8540bc25484891d1e414e3f048b4 - - default default] 10.0.0.81 "DELETE /v2.0/security-groups/6b589507-3520-43ae-8d73-2e0977f6739d HTTP/1.1" status: 204 len: 168 time: 0.3663769
2026-05-12 06:52:17.227 9 INFO neutron.db.ovn_revision_numbers_db [None req-9a2a60f0-91a2-4ff7-9500-20ae1b03debd 490c1937f7d24d67bb2a9e4e462d39a3 10cf8540bc25484891d1e414e3f048b4 - - default default] Successfully bumped revision number for resource 4c363dd1-ea60-4b9d-97bf-8c93548b9299 (type: security_groups) to 1
2026-05-12 06:52:17.244 9 INFO neutron.db.ovn_revision_numbers_db [None req-9a2a60f0-91a2-4ff7-9500-20ae1b03debd 490c1937f7d24d67bb2a9e4e462d39a3 10cf8540bc25484891d1e414e3f048b4 - - default default] Successfully bumped revision number for resource 278dd34f-b569-4d13-9a6b-b0e0cd4c9d1e (type: security_group_rules) to 0
2026-05-12 06:52:17.258 9 INFO neutron.db.ovn_revision_numbers_db [None req-9a2a60f0-91a2-4ff7-9500-20ae1b03debd 490c1937f7d24d67bb2a9e4e462d39a3 10cf8540bc25484891d1e414e3f048b4 - - default default] Successfully bumped revision number for resource afed18ad-718f-412a-b8be-9a3612389dbb (type: security_group_rules) to 0
2026-05-12 06:52:17.279 9 INFO neutron.db.ovn_revision_numbers_db [None req-9a2a60f0-91a2-4ff7-9500-20ae1b03debd 490c1937f7d24d67bb2a9e4e462d39a3 10cf8540bc25484891d1e414e3f048b4 - - default default] Successfully bumped revision number for resource bcd42f82-d7d9-45ff-b9fb-98c7dc7248b5 (type: security_group_rules) to 0
2026-05-12 06:52:17.298 9 INFO neutron.db.ovn_revision_numbers_db [None req-9a2a60f0-91a2-4ff7-9500-20ae1b03debd 490c1937f7d24d67bb2a9e4e462d39a3 10cf8540bc25484891d1e414e3f048b4 - - default default] Successfully bumped revision number for resource ecffb736-bd43-47f8-aeec-b3351f9fb023 (type: security_group_rules) to 0
2026-05-12 06:52:17.325 9 INFO neutron.wsgi [None req-9a2a60f0-91a2-4ff7-9500-20ae1b03debd 490c1937f7d24d67bb2a9e4e462d39a3 10cf8540bc25484891d1e414e3f048b4 - - default default] 10.0.0.81 "GET /v2.0/security-groups?tenant_id=36f70980ac804d61aa128442f3019910&name=default HTTP/1.1" status: 200 len: 2996 time: 0.3376589
2026-05-12 06:52:17.490 10 INFO neutron.wsgi [None req-8b20adbe-ca83-4719-a09e-b1a069f36c60 490c1937f7d24d67bb2a9e4e462d39a3 10cf8540bc25484891d1e414e3f048b4 - - default default] 10.0.0.81 "PUT /v2.0/routers/10410395-e0b2-496d-986e-e66433c8b0a3/remove_router_interface HTTP/1.1" status: 200 len: 503 time: 1.2524564 /var/lib/openstack/lib/python3.10/site-packages/pycadf/identifier.py:71: UserWarning: Invalid uuid: neutron. To ensure interoperability, identifiers should be a valid uuid. warnings.warn(('Invalid uuid: %s. To ensure interoperability, '
2026-05-12 06:52:17.677 10 INFO neutron.wsgi [None req-d8df388c-2f77-4a61-80b8-e588bb29fb3e 490c1937f7d24d67bb2a9e4e462d39a3 10cf8540bc25484891d1e414e3f048b4 - - default default] 10.0.0.81 "DELETE /v2.0/security-groups/4c363dd1-ea60-4b9d-97bf-8c93548b9299 HTTP/1.1" status: 204 len: 168 time: 0.3467550
2026-05-12 06:52:18.845 10 INFO neutron.wsgi [None req-e079532f-9bf9-4055-b2e9-5d32847d7d5d 490c1937f7d24d67bb2a9e4e462d39a3 10cf8540bc25484891d1e414e3f048b4 - - default default] 10.0.0.81 "DELETE /v2.0/routers/10410395-e0b2-496d-986e-e66433c8b0a3 HTTP/1.1" status: 204 len: 168 time: 1.3489463
2026-05-12 06:52:18.966 10 INFO neutron.wsgi [req-ac6c8f09-d2d1-4127-8724-73e0772d08df req-e98aecc0-655d-46dc-89a5-ef9b4a2c0db5 b51385bdcdeb4e61a3758d5475819e33 725dcf4ca6f3476db71bffa33e0c9d8c - - default default] 10.0.0.83 "GET /v2.0/ports?device_id=264cc4a1-2ec9-4c16-bd6d-1fe19bb8a508 HTTP/1.1" status: 200 len: 1170 time: 0.1155963
2026-05-12 06:52:19.028 10 INFO neutron.wsgi [req-ac6c8f09-d2d1-4127-8724-73e0772d08df req-3a4d8285-7c7b-4405-a915-08ce6477a550 b51385bdcdeb4e61a3758d5475819e33 725dcf4ca6f3476db71bffa33e0c9d8c - - default default] 10.0.0.83 "GET /v2.0/security-groups?id=6a3acaed-cf0a-4aa3-9a7d-00443a3118d2&fields=id&fields=name HTTP/1.1" status: 200 len: 313 time: 0.0558591
2026-05-12 06:52:19.033 9 INFO neutron.wsgi [None req-80ebe329-ca5e-42b1-a35a-a3a0c5e26fcc 490c1937f7d24d67bb2a9e4e462d39a3 10cf8540bc25484891d1e414e3f048b4 - - default default] 10.0.0.81 "DELETE /v2.0/subnets/ca4f918c-39ac-40bf-b73d-0141f4c1e9eb HTTP/1.1" status: 204 len: 168 time: 0.1749117
2026-05-12 06:52:19.155 10 INFO neutron.wsgi [req-a8f74261-95b8-4318-9cb5-f65f9d728b9e req-8216c29b-ffec-4ca7-9d72-3ccf30d4411b b51385bdcdeb4e61a3758d5475819e33 725dcf4ca6f3476db71bffa33e0c9d8c - - default default] 10.0.0.83 "GET /v2.0/ports?device_id=264cc4a1-2ec9-4c16-bd6d-1fe19bb8a508 HTTP/1.1" status: 200 len: 1170 time: 0.0473187
2026-05-12 06:52:19.215 10 INFO neutron.wsgi [req-a8f74261-95b8-4318-9cb5-f65f9d728b9e req-b4790182-3116-46b5-8959-cf6fcf633007 b51385bdcdeb4e61a3758d5475819e33 725dcf4ca6f3476db71bffa33e0c9d8c - - default default] 10.0.0.83 "GET /v2.0/security-groups?id=6a3acaed-cf0a-4aa3-9a7d-00443a3118d2&fields=id&fields=name HTTP/1.1" status: 200 len: 313 time: 0.0518403
2026-05-12 06:52:19.470 9 INFO neutron.services.segments.plugin [-] Segment 2a4b7251-ff9b-4690-9e27-9ce490576b4a resource provider aggregate not found
2026-05-12 06:52:19.476 9 INFO neutron.services.segments.plugin [-] Segment 2a4b7251-ff9b-4690-9e27-9ce490576b4a resource provider aggregate not found
2026-05-12 06:52:19.516 9 INFO neutron.services.segments.plugin [-] Segment 2a4b7251-ff9b-4690-9e27-9ce490576b4a resource provider not found; error: Placement Client Error (4xx): {"errors": [{"status": 404, "title": "Not Found", "detail": "The resource could not be found.\n\n No resource provider with uuid 2a4b7251-ff9b-4690-9e27-9ce490576b4a found for delete ", "request_id": "req-0385f8ad-158d-4cbd-a7e3-ad248cffeffd"}]}
2026-05-12 06:52:19.518 9 INFO neutron.services.segments.plugin [-] Segment 2a4b7251-ff9b-4690-9e27-9ce490576b4a resource provider not found; error: Placement Client Error (4xx): {"errors": [{"status": 404, "title": "Not Found", "detail": "The resource could not be found.\n\n No resource provider with uuid 2a4b7251-ff9b-4690-9e27-9ce490576b4a found for delete ", "request_id": "req-7212be44-7c87-40d7-b84c-57ae2f38dd7a"}]}
2026-05-12 06:52:19.546 9 INFO neutron.wsgi [None req-a081ddc7-c8de-4585-a354-a2fe1d3eebf9 490c1937f7d24d67bb2a9e4e462d39a3 10cf8540bc25484891d1e414e3f048b4 - - default default] 10.0.0.81 "DELETE /v2.0/networks/a6054eff-d3ae-49e3-b967-697f26a669d6 HTTP/1.1" status: 204 len: 168 time: 0.5068586
2026-05-12 06:52:19.742 10 INFO neutron.wsgi [req-c1d06f56-975b-4dc7-924f-c2b57653edd7 req-596120e1-0233-49a3-b792-71ada0ad3f59 b51385bdcdeb4e61a3758d5475819e33 725dcf4ca6f3476db71bffa33e0c9d8c - - default default] 10.0.0.83 "GET /v2.0/ports?device_id=264cc4a1-2ec9-4c16-bd6d-1fe19bb8a508 HTTP/1.1" status: 200 len: 1170 time: 0.0779483
2026-05-12 06:52:19.816 10 INFO neutron.wsgi [req-dd78e24c-af47-4db5-8d79-1f40ec28f613 req-23732b38-1622-4588-9f3a-23e468262ee0 17648714dcad4f5d97d9efd73e1f3fef 81e5b7a5f3004648b6ac9104fd2f8d92 - - 349ac089e2b34fea85a586e5335449d9 349ac089e2b34fea85a586e5335449d9] 199.204.45.240 "GET /v2.0/ports?tenant_id=725dcf4ca6f3476db71bffa33e0c9d8c&device_id=264cc4a1-2ec9-4c16-bd6d-1fe19bb8a508 HTTP/1.1" status: 200 len: 1409 time: 0.0618243
2026-05-12 06:52:19.835 10 INFO neutron.wsgi [req-c1d06f56-975b-4dc7-924f-c2b57653edd7 req-3832727e-c720-44f1-99b7-7d2628530772 b51385bdcdeb4e61a3758d5475819e33 725dcf4ca6f3476db71bffa33e0c9d8c - - default default] 10.0.0.83 "GET /v2.0/security-groups?id=6a3acaed-cf0a-4aa3-9a7d-00443a3118d2&fields=id&fields=name HTTP/1.1" status: 200 len: 313 time: 0.0842402
2026-05-12 06:52:19.908 10 INFO neutron.wsgi [req-dd78e24c-af47-4db5-8d79-1f40ec28f613 req-0d15b9cb-0b7c-411e-85a2-f0b8f97856bf 17648714dcad4f5d97d9efd73e1f3fef 81e5b7a5f3004648b6ac9104fd2f8d92 - - 349ac089e2b34fea85a586e5335449d9 349ac089e2b34fea85a586e5335449d9] 199.204.45.240 "GET /v2.0/networks?id=28674c69-269c-4674-978f-e488005b52c9 HTTP/1.1" status: 200 len: 973 time: 0.0818918
2026-05-12 06:52:19.976 10 INFO neutron.wsgi [req-dd78e24c-af47-4db5-8d79-1f40ec28f613 req-60c0978c-ad9e-486a-b342-da6b6a978c3f 17648714dcad4f5d97d9efd73e1f3fef 81e5b7a5f3004648b6ac9104fd2f8d92 - - 349ac089e2b34fea85a586e5335449d9 349ac089e2b34fea85a586e5335449d9] 199.204.45.240 "GET /v2.0/floatingips?fixed_ip_address=10.100.0.8&port_id=659962b1-0839-46f4-a64d-4ca39ab40002 HTTP/1.1" status: 200 len: 1059 time: 0.0620587
2026-05-12 06:52:19.980 10 INFO neutron.wsgi [None req-c255ae74-c67a-4474-bb3e-bed86e4418b4 490c1937f7d24d67bb2a9e4e462d39a3 10cf8540bc25484891d1e414e3f048b4 - - default default] 10.0.0.81 "GET /v2.0/security-groups?tenant_id=a34b22f3f0f346c3859f18ab2fef3df8&name=default HTTP/1.1" status: 200 len: 2992 time: 0.0709362
2026-05-12 06:52:20.024 10 INFO neutron.wsgi [req-dd78e24c-af47-4db5-8d79-1f40ec28f613 req-30de1308-8ddc-44f3-9472-330660bb2f81 17648714dcad4f5d97d9efd73e1f3fef 81e5b7a5f3004648b6ac9104fd2f8d92 - - 349ac089e2b34fea85a586e5335449d9 349ac089e2b34fea85a586e5335449d9] 199.204.45.240 "GET /v2.0/subnets?id=c44aeb7e-7aa1-4ced-8da7-ca0645daf777 HTTP/1.1" status: 200 len: 868 time: 0.0411165
2026-05-12 06:52:20.050 10 INFO neutron.wsgi [req-dd78e24c-af47-4db5-8d79-1f40ec28f613 req-1544dd3b-f0fe-41ff-a7f6-b0c92f6a6b72 17648714dcad4f5d97d9efd73e1f3fef 81e5b7a5f3004648b6ac9104fd2f8d92 - - 349ac089e2b34fea85a586e5335449d9 349ac089e2b34fea85a586e5335449d9] 199.204.45.240 "GET /v2.0/ports?network_id=28674c69-269c-4674-978f-e488005b52c9&device_owner=network%3Adhcp HTTP/1.1" status: 200 len: 210 time: 0.0210285
2026-05-12 06:52:20.177 10 INFO neutron.wsgi [req-dd78e24c-af47-4db5-8d79-1f40ec28f613 req-7a6f8c53-6dc4-4b94-a6e0-41235621e435 17648714dcad4f5d97d9efd73e1f3fef 81e5b7a5f3004648b6ac9104fd2f8d92 - - 349ac089e2b34fea85a586e5335449d9 349ac089e2b34fea85a586e5335449d9] 199.204.45.240 "GET /v2.0/networks/28674c69-269c-4674-978f-e488005b52c9?fields=segments HTTP/1.1" status: 200 len: 212 time: 0.1201353
2026-05-12 06:52:20.251 9 INFO neutron.wsgi [None req-4ba71a38-5209-46b3-bedd-ca57427a85f0 490c1937f7d24d67bb2a9e4e462d39a3 10cf8540bc25484891d1e414e3f048b4 - - default default] 10.0.0.81 "DELETE /v2.0/security-groups/78defcd9-20be-46ec-9e09-217e0455a654 HTTP/1.1" status: 204 len: 168 time: 0.2653198
2026-05-12 06:52:20.264 10 INFO neutron.wsgi [req-dd78e24c-af47-4db5-8d79-1f40ec28f613 req-ceb94468-baf1-4db3-9189-a9d78029707b 17648714dcad4f5d97d9efd73e1f3fef 81e5b7a5f3004648b6ac9104fd2f8d92 - - 349ac089e2b34fea85a586e5335449d9 349ac089e2b34fea85a586e5335449d9] 199.204.45.240 "GET /v2.0/networks/28674c69-269c-4674-978f-e488005b52c9?fields=provider%3Aphysical_network&fields=provider%3Anetwork_type HTTP/1.1" status: 200 len: 277 time: 0.0817652
2026-05-12 06:52:20.481 10 INFO neutron.plugins.ml2.drivers.ovn.mech_driver.mech_driver [None req-772b9051-ba2e-4420-8382-00451a6b4f69 - - - - - -] OVN reports status down for port: 659962b1-0839-46f4-a64d-4ca39ab40002
2026-05-12 06:52:20.666 10 INFO neutron.notifiers.nova [-] Nova event matching ['req-00f76881-3da1-4379-bb18-db811f48bcbd'] response: {'server_uuid': '264cc4a1-2ec9-4c16-bd6d-1fe19bb8a508', 'name': 'network-vif-unplugged', 'status': 'completed', 'tag': '659962b1-0839-46f4-a64d-4ca39ab40002', 'code': 200}
2026-05-12 06:52:20.875 10 INFO neutron.db.ovn_revision_numbers_db [None req-772b9051-ba2e-4420-8382-00451a6b4f69 - - - - - -] Successfully bumped revision number for resource 659962b1-0839-46f4-a64d-4ca39ab40002 (type: ports) to 5
2026-05-12 06:52:20.963 10 INFO neutron.wsgi [req-c6220e6c-a6bb-4648-9821-5c0bb5c36c7e req-eb261af2-aab9-4484-ae08-81a2a13ad5cb b51385bdcdeb4e61a3758d5475819e33 725dcf4ca6f3476db71bffa33e0c9d8c - - default default] 10.0.0.83 "GET /v2.0/ports?device_id=264cc4a1-2ec9-4c16-bd6d-1fe19bb8a508 HTTP/1.1" status: 200 len: 1168 time: 0.0540855 /var/lib/openstack/lib/python3.10/site-packages/pycadf/identifier.py:71: UserWarning: Invalid uuid: neutron. To ensure interoperability, identifiers should be a valid uuid. warnings.warn(('Invalid uuid: %s. To ensure interoperability, '
2026-05-12 06:52:21.020 10 INFO neutron.wsgi [req-c6220e6c-a6bb-4648-9821-5c0bb5c36c7e req-e220691c-e5be-4c81-9388-0b2d5ed685d4 b51385bdcdeb4e61a3758d5475819e33 725dcf4ca6f3476db71bffa33e0c9d8c - - default default] 10.0.0.83 "GET /v2.0/security-groups?id=6a3acaed-cf0a-4aa3-9a7d-00443a3118d2&fields=id&fields=name HTTP/1.1" status: 200 len: 313 time: 0.0451224
2026-05-12 06:52:21.094 10 INFO neutron.plugins.ml2.drivers.ovn.mech_driver.mech_driver [None req-772b9051-ba2e-4420-8382-00451a6b4f69 - - - - - -] OVN reports status up for port: 659962b1-0839-46f4-a64d-4ca39ab40002
2026-05-12 06:52:21.107 10 INFO neutron.plugins.ml2.plugin [None req-772b9051-ba2e-4420-8382-00451a6b4f69 - - - - - -] Attempt 1 to provision port 659962b1-0839-46f4-a64d-4ca39ab40002
2026-05-12 06:52:21.469 10 INFO neutron.db.ovn_revision_numbers_db [None req-772b9051-ba2e-4420-8382-00451a6b4f69 - - - - - -] Successfully bumped revision number for resource 659962b1-0839-46f4-a64d-4ca39ab40002 (type: ports) to 6 /var/lib/openstack/lib/python3.10/site-packages/pycadf/identifier.py:71: UserWarning: Invalid uuid: neutron. To ensure interoperability, identifiers should be a valid uuid. warnings.warn(('Invalid uuid: %s. To ensure interoperability, '
2026-05-12 06:52:22.144 10 INFO neutron.wsgi [req-6d7791fc-b827-472e-9a8a-5efe0741903d req-e70623c7-d33a-4d19-ad34-2df2fb724664 b51385bdcdeb4e61a3758d5475819e33 725dcf4ca6f3476db71bffa33e0c9d8c - - default default] 10.0.0.83 "GET /v2.0/ports?device_id=264cc4a1-2ec9-4c16-bd6d-1fe19bb8a508 HTTP/1.1" status: 200 len: 1170 time: 0.0527306
2026-05-12 06:52:22.196 10 INFO neutron.wsgi [req-6d7791fc-b827-472e-9a8a-5efe0741903d req-ab1f6487-4adc-40f6-aca5-a772d31b5d58 b51385bdcdeb4e61a3758d5475819e33 725dcf4ca6f3476db71bffa33e0c9d8c - - default default] 10.0.0.83 "GET /v2.0/security-groups?id=6a3acaed-cf0a-4aa3-9a7d-00443a3118d2&fields=id&fields=name HTTP/1.1" status: 200 len: 313 time: 0.0436752
2026-05-12 06:52:22.722 10 INFO neutron.notifiers.nova [-] Nova event matching ['req-c2af63cc-ca23-4826-97a8-5e372322135e'] response: {'server_uuid': '264cc4a1-2ec9-4c16-bd6d-1fe19bb8a508', 'name': 'network-vif-plugged', 'status': 'completed', 'tag': '659962b1-0839-46f4-a64d-4ca39ab40002', 'code': 200}
2026-05-12 06:52:22.722 10 INFO neutron.notifiers.nova [-] Nova event matching ['req-c2af63cc-ca23-4826-97a8-5e372322135e'] response: {'server_uuid': '264cc4a1-2ec9-4c16-bd6d-1fe19bb8a508', 'name': 'network-vif-plugged', 'status': 'completed', 'tag': '659962b1-0839-46f4-a64d-4ca39ab40002', 'code': 200}
2026-05-12 06:52:22.723 10 INFO neutron.notifiers.nova [-] Nova event matching ['req-c2af63cc-ca23-4826-97a8-5e372322135e'] response: {'server_uuid': '264cc4a1-2ec9-4c16-bd6d-1fe19bb8a508', 'name': 'network-vif-plugged', 'status': 'completed', 'tag': '659962b1-0839-46f4-a64d-4ca39ab40002', 'code': 200}
2026-05-12 06:52:22.764 10 INFO neutron.db.ovn_revision_numbers_db [None req-4e0d8ad6-0410-4d90-8e53-015d57110481 490c1937f7d24d67bb2a9e4e462d39a3 10cf8540bc25484891d1e414e3f048b4 - - default default] Successfully bumped revision number for resource 885275a0-b518-49fc-b736-1eaab3ff8eb3 (type: security_groups) to 1
2026-05-12 06:52:22.783 10 INFO neutron.db.ovn_revision_numbers_db [None req-4e0d8ad6-0410-4d90-8e53-015d57110481 490c1937f7d24d67bb2a9e4e462d39a3 10cf8540bc25484891d1e414e3f048b4 - - default default] Successfully bumped revision number for resource 2d0eda57-d384-49aa-a1dc-f2dfc50a88c4 (type: security_group_rules) to 0
2026-05-12 06:52:22.806 10 INFO neutron.db.ovn_revision_numbers_db [None req-4e0d8ad6-0410-4d90-8e53-015d57110481 490c1937f7d24d67bb2a9e4e462d39a3 10cf8540bc25484891d1e414e3f048b4 - - default default] Successfully bumped revision number for resource 39ffb706-4d82-4494-8102-7c63604571e0 (type: security_group_rules) to 0
2026-05-12 06:52:22.841 10 INFO neutron.db.ovn_revision_numbers_db [None req-4e0d8ad6-0410-4d90-8e53-015d57110481 490c1937f7d24d67bb2a9e4e462d39a3 10cf8540bc25484891d1e414e3f048b4 - - default default] Successfully bumped revision number for resource 9b5273f2-daf9-4516-b6aa-8d9ab3eea85b (type: security_group_rules) to 0
2026-05-12 06:52:22.865 10 INFO neutron.db.ovn_revision_numbers_db [None req-4e0d8ad6-0410-4d90-8e53-015d57110481 490c1937f7d24d67bb2a9e4e462d39a3 10cf8540bc25484891d1e414e3f048b4 - - default default] Successfully bumped revision number for resource b2bed8a7-6dd7-49d2-89a2-c2c4b54f0951 (type: security_group_rules) to 0
2026-05-12 06:52:22.921 10 INFO neutron.db.segments_db [None req-4e0d8ad6-0410-4d90-8e53-015d57110481 490c1937f7d24d67bb2a9e4e462d39a3 10cf8540bc25484891d1e414e3f048b4 - - default default] Added segment 2be73e54-6b79-4166-a18e-4a96b19e0c62 of type geneve for network 49683621-246c-4afb-a194-4e44a8a62fb7
2026-05-12 06:52:23.020 10 INFO neutron.db.ovn_revision_numbers_db [None req-3444ebfb-27ff-4077-9a47-30d19b218731 490c1937f7d24d67bb2a9e4e462d39a3 10cf8540bc25484891d1e414e3f048b4 - - default default] Successfully bumped revision number for resource c435b42c-87c0-44c6-b512-f2763d975948 (type: security_groups) to 1
2026-05-12 06:52:23.055 10 INFO neutron.db.ovn_revision_numbers_db [None req-3444ebfb-27ff-4077-9a47-30d19b218731 490c1937f7d24d67bb2a9e4e462d39a3 10cf8540bc25484891d1e414e3f048b4 - - default default] Successfully bumped revision number for resource 249191f5-136b-41a5-afeb-39eb18eca6c8 (type: security_group_rules) to 0
2026-05-12 06:52:23.087 10 INFO neutron.db.ovn_revision_numbers_db [None req-3444ebfb-27ff-4077-9a47-30d19b218731 490c1937f7d24d67bb2a9e4e462d39a3 10cf8540bc25484891d1e414e3f048b4 - - default default] Successfully bumped revision number for resource 351ef529-cffd-4875-a459-1b43cada6b36 (type: security_group_rules) to 0
2026-05-12 06:52:23.103 10 INFO neutron.db.ovn_revision_numbers_db [None req-4e0d8ad6-0410-4d90-8e53-015d57110481 490c1937f7d24d67bb2a9e4e462d39a3 10cf8540bc25484891d1e414e3f048b4 - - default default] Successfully bumped revision number for resource 49683621-246c-4afb-a194-4e44a8a62fb7 (type: networks) to 1
2026-05-12 06:52:23.108 10 INFO neutron.db.ovn_revision_numbers_db [None req-3444ebfb-27ff-4077-9a47-30d19b218731 490c1937f7d24d67bb2a9e4e462d39a3 10cf8540bc25484891d1e414e3f048b4 - - default default] Successfully bumped revision number for resource 78206b98-5a43-4de6-85d7-e483583f3cb0 (type: security_group_rules) to 0
2026-05-12 06:52:23.143 9 INFO neutron.db.ovn_revision_numbers_db [None req-8adfeb33-9ac8-4554-8289-d7fdb3515b52 490c1937f7d24d67bb2a9e4e462d39a3 10cf8540bc25484891d1e414e3f048b4 - - default default] Successfully bumped revision number for resource 5b302d16-1b86-4a95-9235-b14b47d4d1bc (type: security_groups) to 1
2026-05-12 06:52:23.147 10 INFO neutron.db.ovn_revision_numbers_db [None req-3444ebfb-27ff-4077-9a47-30d19b218731 490c1937f7d24d67bb2a9e4e462d39a3 10cf8540bc25484891d1e414e3f048b4 - - default default] Successfully bumped revision number for resource bfc56753-4ebb-4936-93c9-85d8f132f8c4 (type: security_group_rules) to 0
2026-05-12 06:52:23.164 9 INFO neutron.db.ovn_revision_numbers_db [None req-8adfeb33-9ac8-4554-8289-d7fdb3515b52 490c1937f7d24d67bb2a9e4e462d39a3 10cf8540bc25484891d1e414e3f048b4 - - default default] Successfully bumped revision number for resource 22e707ba-3653-4825-a5a5-55344615d672 (type: security_group_rules) to 0
2026-05-12 06:52:23.181 9 INFO neutron.db.ovn_revision_numbers_db [None req-8adfeb33-9ac8-4554-8289-d7fdb3515b52 490c1937f7d24d67bb2a9e4e462d39a3 10cf8540bc25484891d1e414e3f048b4 - - default default] Successfully bumped revision number for resource 5cd226c7-426f-4c2a-9d5d-f6411d5ca283 (type: security_group_rules) to 0
