2026-05-12 06:53:03.269 10 INFO neutron.wsgi [None req-49b9eaaa-2975-4bc8-9dae-2f6b2875ec44 404ab495f9d248ad8cf833d3abb96584 ff3ed3529ccd456cae5de0d347451821 - - default default] 10.0.0.81 "GET /v2.0/ports/cdcfe0de-416a-4545-9114-ad366104632a HTTP/1.1" status: 200 len: 1141 time: 0.0692856 /var/lib/openstack/lib/python3.10/site-packages/pycadf/identifier.py:71: UserWarning: Invalid uuid: neutron. To ensure interoperability, identifiers should be a valid uuid. warnings.warn(('Invalid uuid: %s. To ensure interoperability, '
2026-05-12 06:53:03.335 10 INFO neutron.wsgi [req-2a998cff-45c6-4518-a77f-7c583fd17bc9 req-80c14430-8aae-482c-88a3-9fb6ed254649 2250fb33525f40d9ba7bdc0955e7f3d3 cd3c56fa825a4ab18d0af35f5e8e2449 - - default default] 10.0.0.83 "GET /v2.0/ports?device_id=f0734482-5e79-4754-b4ff-a293b17bf9cf HTTP/1.1" status: 200 len: 1170 time: 0.0829687
2026-05-12 06:53:03.395 10 INFO neutron.wsgi [req-2a998cff-45c6-4518-a77f-7c583fd17bc9 req-fc28ac0c-931e-403e-bc75-7f25c2138b62 2250fb33525f40d9ba7bdc0955e7f3d3 cd3c56fa825a4ab18d0af35f5e8e2449 - - default default] 10.0.0.83 "GET /v2.0/security-groups?id=85814968-5d2e-4a00-ae5b-55686f4724b2&fields=id&fields=name HTTP/1.1" status: 200 len: 286 time: 0.0537584
2026-05-12 06:53:03.889 9 WARNING neutron.scheduler.dhcp_agent_scheduler [None req-bb499095-fc8d-4408-975b-a4764e5115e9 404ab495f9d248ad8cf833d3abb96584 ff3ed3529ccd456cae5de0d347451821 - - default default] No more DHCP agents
2026-05-12 06:53:03.890 10 INFO neutron.wsgi [req-4c4d63a4-cff1-4894-8cc9-745fc1de04bb req-8986dd4e-16d3-4daf-8d41-3d757d47cdf0 2250fb33525f40d9ba7bdc0955e7f3d3 cd3c56fa825a4ab18d0af35f5e8e2449 - - default default] 10.0.0.83 "GET /v2.0/ports?device_id=f0734482-5e79-4754-b4ff-a293b17bf9cf HTTP/1.1" status: 200 len: 1170 time: 0.0503514
2026-05-12 06:53:03.895 9 WARNING neutron.api.rpc.agentnotifiers.dhcp_rpc_agent_api [None req-bb499095-fc8d-4408-975b-a4764e5115e9 404ab495f9d248ad8cf833d3abb96584 ff3ed3529ccd456cae5de0d347451821 - - default default] Unable to schedule network f6594119-8b5e-4f54-8dc5-01a2ac3110d6: no agents available; will retry on subsequent port and subnet creation events.
2026-05-12 06:53:03.962 10 INFO neutron.wsgi [req-4c4d63a4-cff1-4894-8cc9-745fc1de04bb req-21b79b25-15bc-493c-bef8-ae38f3979500 2250fb33525f40d9ba7bdc0955e7f3d3 cd3c56fa825a4ab18d0af35f5e8e2449 - - default default] 10.0.0.83 "GET /v2.0/security-groups?id=85814968-5d2e-4a00-ae5b-55686f4724b2&fields=id&fields=name HTTP/1.1" status: 200 len: 286 time: 0.0613208
2026-05-12 06:53:04.066 9 INFO neutron.db.ovn_revision_numbers_db [None req-bb499095-fc8d-4408-975b-a4764e5115e9 404ab495f9d248ad8cf833d3abb96584 ff3ed3529ccd456cae5de0d347451821 - - default default] Successfully bumped revision number for resource cab0c855-22e6-42f3-912a-212ac52aa296 (type: ports) to 1
2026-05-12 06:53:04.158 9 INFO neutron.notifiers.nova [-] Nova event matching ['req-9b1dcbfb-50c4-4452-9f59-cecedadbd345'] response: {'server_uuid': 'f0734482-5e79-4754-b4ff-a293b17bf9cf', 'name': 'network-vif-plugged', 'status': 'completed', 'tag': '4565029f-5d7d-4586-ab8f-7eb8e0b56548', 'code': 200}
2026-05-12 06:53:04.333 9 INFO neutron.wsgi [req-acbef1d4-1dc4-4283-98f6-7a7ee7b274c7 req-06f2d9f6-f67a-4ddb-bfbf-46360c46034f 2250fb33525f40d9ba7bdc0955e7f3d3 cd3c56fa825a4ab18d0af35f5e8e2449 - - default default] 199.204.45.240 "GET /v2.0/ports?device_id=f0734482-5e79-4754-b4ff-a293b17bf9cf HTTP/1.1" status: 200 len: 1170 time: 0.1491666
2026-05-12 06:53:04.989 9 INFO neutron.db.ovn_revision_numbers_db [None req-bb499095-fc8d-4408-975b-a4764e5115e9 404ab495f9d248ad8cf833d3abb96584 ff3ed3529ccd456cae5de0d347451821 - - default default] Successfully bumped revision number for resource cab0c855-22e6-42f3-912a-212ac52aa296 (type: router_ports) to 1
2026-05-12 06:53:05.025 9 INFO neutron.wsgi [req-acbef1d4-1dc4-4283-98f6-7a7ee7b274c7 req-9a15c5d6-81c5-4e12-8df1-fc7fa41cb65d 2250fb33525f40d9ba7bdc0955e7f3d3 cd3c56fa825a4ab18d0af35f5e8e2449 - - default default] 199.204.45.240 "DELETE /v2.0/ports/4565029f-5d7d-4586-ab8f-7eb8e0b56548 HTTP/1.1" status: 204 len: 173 time: 0.6858828
2026-05-12 06:53:05.102 10 INFO neutron.wsgi [req-f9002523-21d8-4349-a1e2-6d5a13cb40ad req-4e7371a1-a51e-4639-aa46-ef063f68c5e0 2250fb33525f40d9ba7bdc0955e7f3d3 cd3c56fa825a4ab18d0af35f5e8e2449 - - default default] 10.0.0.83 "GET /v2.0/ports?device_id=f0734482-5e79-4754-b4ff-a293b17bf9cf HTTP/1.1" status: 200 len: 210 time: 0.0268192
2026-05-12 06:53:05.201 9 INFO neutron.db.ovn_revision_numbers_db [None req-bb499095-fc8d-4408-975b-a4764e5115e9 404ab495f9d248ad8cf833d3abb96584 ff3ed3529ccd456cae5de0d347451821 - - default default] Successfully bumped revision number for resource cab0c855-22e6-42f3-912a-212ac52aa296 (type: ports) to 1
2026-05-12 06:53:05.289 9 WARNING neutron.scheduler.dhcp_agent_scheduler [None req-bb499095-fc8d-4408-975b-a4764e5115e9 404ab495f9d248ad8cf833d3abb96584 ff3ed3529ccd456cae5de0d347451821 - - default default] No more DHCP agents
2026-05-12 06:53:05.290 9 WARNING neutron.api.rpc.agentnotifiers.dhcp_rpc_agent_api [None req-bb499095-fc8d-4408-975b-a4764e5115e9 404ab495f9d248ad8cf833d3abb96584 ff3ed3529ccd456cae5de0d347451821 - - default default] Unable to schedule network f6594119-8b5e-4f54-8dc5-01a2ac3110d6: no agents available; will retry on subsequent port and subnet creation events.
2026-05-12 06:53:05.507 9 INFO neutron.db.ovn_revision_numbers_db [None req-bb499095-fc8d-4408-975b-a4764e5115e9 404ab495f9d248ad8cf833d3abb96584 ff3ed3529ccd456cae5de0d347451821 - - default default] Successfully bumped revision number for resource cab0c855-22e6-42f3-912a-212ac52aa296 (type: router_ports) to 1
2026-05-12 06:53:05.511 9 INFO neutron.wsgi [None req-bb499095-fc8d-4408-975b-a4764e5115e9 404ab495f9d248ad8cf833d3abb96584 ff3ed3529ccd456cae5de0d347451821 - - default default] 10.0.0.81 "PUT /v2.0/routers/6c29a647-b32a-434d-86cd-e74165364afc/add_router_interface HTTP/1.1" status: 200 len: 503 time: 2.2347369
2026-05-12 06:53:05.654 9 INFO neutron.wsgi [None req-cc5966c7-3dd5-49ba-97ea-d37bcd65c5f5 404ab495f9d248ad8cf833d3abb96584 ff3ed3529ccd456cae5de0d347451821 - - default default] 10.0.0.81 "GET /v2.0/ports/cab0c855-22e6-42f3-912a-212ac52aa296 HTTP/1.1" status: 200 len: 1147 time: 0.1380923
2026-05-12 06:53:05.713 9 INFO neutron.wsgi [None req-f3fde6f0-78c9-440f-ba5b-ac71a196db34 404ab495f9d248ad8cf833d3abb96584 ff3ed3529ccd456cae5de0d347451821 - - default default] 10.0.0.81 "GET /v2.0/ports/cab0c855-22e6-42f3-912a-212ac52aa296 HTTP/1.1" status: 200 len: 1147 time: 0.0535231
2026-05-12 06:53:06.205 9 INFO neutron.notifiers.nova [-] Nova event matching ['req-009df04e-246c-40fa-85d8-c43c09149e1f'] response: {'server_uuid': 'f0734482-5e79-4754-b4ff-a293b17bf9cf', 'name': 'network-vif-deleted', 'tag': '4565029f-5d7d-4586-ab8f-7eb8e0b56548', 'status': 'completed', 'code': 200}
2026-05-12 06:53:06.759 9 INFO neutron.wsgi [None req-5849033c-21f4-4f76-9ddc-4b93cc29bae7 404ab495f9d248ad8cf833d3abb96584 ff3ed3529ccd456cae5de0d347451821 - - default default] 10.0.0.81 "GET /v2.0/ports/cab0c855-22e6-42f3-912a-212ac52aa296 HTTP/1.1" status: 200 len: 1147 time: 0.0388217
2026-05-12 06:53:07.616 10 INFO neutron.wsgi [None req-7f3155c4-3efe-4837-b633-507ccb8f931e 490c1937f7d24d67bb2a9e4e462d39a3 10cf8540bc25484891d1e414e3f048b4 - - default default] 10.0.0.81 "PUT /v2.0/routers/1cf208b3-5de7-4865-b665-ddcc67ce3be8/remove_router_interface HTTP/1.1" status: 200 len: 503 time: 1.4363275 /var/lib/openstack/lib/python3.10/site-packages/pycadf/identifier.py:71: UserWarning: Invalid uuid: neutron. To ensure interoperability, identifiers should be a valid uuid. warnings.warn(('Invalid uuid: %s. To ensure interoperability, '
2026-05-12 06:53:07.871 10 INFO neutron.wsgi [None req-025f92ba-99d2-45f7-b30f-a08f5e06169c 404ab495f9d248ad8cf833d3abb96584 ff3ed3529ccd456cae5de0d347451821 - - default default] 10.0.0.81 "GET /v2.0/ports/cab0c855-22e6-42f3-912a-212ac52aa296 HTTP/1.1" status: 200 len: 1147 time: 0.1073587
2026-05-12 06:53:08.610 9 INFO neutron.wsgi [None req-8de30792-80f8-424e-8cad-70feb730058a 490c1937f7d24d67bb2a9e4e462d39a3 10cf8540bc25484891d1e414e3f048b4 - - default default] 10.0.0.81 "DELETE /v2.0/routers/1cf208b3-5de7-4865-b665-ddcc67ce3be8 HTTP/1.1" status: 204 len: 168 time: 0.9885755
2026-05-12 06:53:08.902 9 INFO neutron.wsgi [None req-5664c354-d70e-4eca-b538-47ba2d5406a0 490c1937f7d24d67bb2a9e4e462d39a3 10cf8540bc25484891d1e414e3f048b4 - - default default] 10.0.0.81 "DELETE /v2.0/subnets/9866ca94-b955-49d3-9c85-84888e1e51f6 HTTP/1.1" status: 204 len: 168 time: 0.2845008
2026-05-12 06:53:08.928 10 INFO neutron.wsgi [None req-a44a6584-f94b-4460-b0bf-6c789b655662 404ab495f9d248ad8cf833d3abb96584 ff3ed3529ccd456cae5de0d347451821 - - default default] 10.0.0.81 "GET /v2.0/ports/cab0c855-22e6-42f3-912a-212ac52aa296 HTTP/1.1" status: 200 len: 1147 time: 0.0501788
2026-05-12 06:53:09.164 9 WARNING neutron.plugins.ml2.drivers.ovn.mech_driver.ovsdb.ovn_client [None req-b45a8599-4835-4745-9f50-602cda9f3de8 - - - - - -] No hosting information found for port cdcfe0de-416a-4545-9114-ad366104632a: RuntimeError: No hosting information found for port cdcfe0de-416a-4545-9114-ad366104632a
2026-05-12 06:53:09.164 9 INFO neutron.plugins.ml2.drivers.ovn.mech_driver.mech_driver [None req-b45a8599-4835-4745-9f50-602cda9f3de8 - - - - - -] OVN reports status down for port: 4565029f-5d7d-4586-ab8f-7eb8e0b56548
2026-05-12 06:53:09.178 9 INFO neutron.plugins.ml2.drivers.ovn.mech_driver.mech_driver [None req-b45a8599-4835-4745-9f50-602cda9f3de8 - - - - - -] OVN reports status up for port: cab0c855-22e6-42f3-912a-212ac52aa296
2026-05-12 06:53:09.200 9 INFO neutron.plugins.ml2.plugin [None req-b45a8599-4835-4745-9f50-602cda9f3de8 - - - - - -] Attempt 1 to provision port cab0c855-22e6-42f3-912a-212ac52aa296
2026-05-12 06:53:09.302 9 INFO neutron.services.segments.plugin [-] Segment 3aadac13-3360-4a33-9866-3f6c7af29881 resource provider aggregate not found
2026-05-12 06:53:09.311 10 INFO neutron.db.ovn_revision_numbers_db [None req-34a5a3b5-d617-4727-a294-79266c4325cb 490c1937f7d24d67bb2a9e4e462d39a3 10cf8540bc25484891d1e414e3f048b4 - - default default] Successfully bumped revision number for resource 2994b47b-4fc9-4313-b59f-ee53f6d763ff (type: security_groups) to 1
2026-05-12 06:53:09.316 9 INFO neutron.services.segments.plugin [-] Segment 3aadac13-3360-4a33-9866-3f6c7af29881 resource provider aggregate not found
2026-05-12 06:53:09.329 10 INFO neutron.db.ovn_revision_numbers_db [None req-34a5a3b5-d617-4727-a294-79266c4325cb 490c1937f7d24d67bb2a9e4e462d39a3 10cf8540bc25484891d1e414e3f048b4 - - default default] Successfully bumped revision number for resource 05b44937-4606-4971-87d9-c22f43d572d7 (type: security_group_rules) to 0
2026-05-12 06:53:09.350 10 INFO neutron.db.ovn_revision_numbers_db [None req-34a5a3b5-d617-4727-a294-79266c4325cb 490c1937f7d24d67bb2a9e4e462d39a3 10cf8540bc25484891d1e414e3f048b4 - - default default] Successfully bumped revision number for resource 1d2494b8-a3bb-45b7-9fdc-b23ede35107f (type: security_group_rules) to 0
2026-05-12 06:53:09.350 9 INFO neutron.services.segments.plugin [-] Segment 3aadac13-3360-4a33-9866-3f6c7af29881 resource provider not found; error: Placement Client Error (4xx): {"errors": [{"status": 404, "title": "Not Found", "detail": "The resource could not be found.\n\n No resource provider with uuid 3aadac13-3360-4a33-9866-3f6c7af29881 found for delete ", "request_id": "req-053eb53d-3b83-4d63-818d-160ea3f5ddbc"}]}
2026-05-12 06:53:09.351 9 INFO neutron.services.segments.plugin [-] Segment 3aadac13-3360-4a33-9866-3f6c7af29881 resource provider not found; error: Placement Client Error (4xx): {"errors": [{"status": 404, "title": "Not Found", "detail": "The resource could not be found.\n\n No resource provider with uuid 3aadac13-3360-4a33-9866-3f6c7af29881 found for delete ", "request_id": "req-b0c5a47b-ea6e-496e-b06a-d8fdb300b957"}]}
2026-05-12 06:53:09.368 10 INFO neutron.db.ovn_revision_numbers_db [None req-34a5a3b5-d617-4727-a294-79266c4325cb 490c1937f7d24d67bb2a9e4e462d39a3 10cf8540bc25484891d1e414e3f048b4 - - default default] Successfully bumped revision number for resource 81fc1e6b-8a22-4aaf-80cc-2f95ea06b713 (type: security_group_rules) to 0
2026-05-12 06:53:09.384 10 INFO neutron.db.ovn_revision_numbers_db [None req-34a5a3b5-d617-4727-a294-79266c4325cb 490c1937f7d24d67bb2a9e4e462d39a3 10cf8540bc25484891d1e414e3f048b4 - - default default] Successfully bumped revision number for resource b80d7591-d484-4324-9a99-c6bd055af3a7 (type: security_group_rules) to 0
2026-05-12 06:53:09.392 9 INFO neutron.wsgi [None req-fc58b63d-cb65-465d-8d45-43a112d65f1a 490c1937f7d24d67bb2a9e4e462d39a3 10cf8540bc25484891d1e414e3f048b4 - - default default] 10.0.0.81 "DELETE /v2.0/networks/8206d21e-ac04-4013-a555-206325c3ff2d HTTP/1.1" status: 204 len: 168 time: 0.4816818
2026-05-12 06:53:09.413 10 INFO neutron.wsgi [None req-34a5a3b5-d617-4727-a294-79266c4325cb 490c1937f7d24d67bb2a9e4e462d39a3 10cf8540bc25484891d1e414e3f048b4 - - default default] 10.0.0.81 "GET /v2.0/security-groups?tenant_id=0af54e4c676a41fb8805341806aef064&name=default HTTP/1.1" status: 200 len: 2996 time: 0.4973502
2026-05-12 06:53:09.602 10 INFO neutron.wsgi [None req-2303870f-dc54-4306-9b1b-d8cb7304016d 490c1937f7d24d67bb2a9e4e462d39a3 10cf8540bc25484891d1e414e3f048b4 - - default default] 10.0.0.81 "GET /v2.0/security-groups?tenant_id=cd3c56fa825a4ab18d0af35f5e8e2449&name=default HTTP/1.1" status: 200 len: 2996 time: 0.0630531
2026-05-12 06:53:09.614 9 INFO neutron.db.ovn_revision_numbers_db [None req-b45a8599-4835-4745-9f50-602cda9f3de8 - - - - - -] Successfully bumped revision number for resource cab0c855-22e6-42f3-912a-212ac52aa296 (type: ports) to 2
2026-05-12 06:53:09.700 10 INFO neutron.wsgi [None req-923a1e2d-dfb3-4de8-a86a-7490f47b372f 490c1937f7d24d67bb2a9e4e462d39a3 10cf8540bc25484891d1e414e3f048b4 - - default default] 10.0.0.81 "DELETE /v2.0/security-groups/2994b47b-4fc9-4313-b59f-ee53f6d763ff HTTP/1.1" status: 204 len: 168 time: 0.2741616
2026-05-12 06:53:09.717 9 INFO neutron.db.ovn_revision_numbers_db [None req-b45a8599-4835-4745-9f50-602cda9f3de8 - - - - - -] Successfully bumped revision number for resource cab0c855-22e6-42f3-912a-212ac52aa296 (type: router_ports) to 2
2026-05-12 06:53:09.868 10 INFO neutron.wsgi [None req-eef73426-0f81-477b-96da-f22072228541 490c1937f7d24d67bb2a9e4e462d39a3 10cf8540bc25484891d1e414e3f048b4 - - default default] 10.0.0.81 "DELETE /v2.0/security-groups/85814968-5d2e-4a00-ae5b-55686f4724b2 HTTP/1.1" status: 204 len: 168 time: 0.2588370
2026-05-12 06:53:09.979 9 INFO neutron.wsgi [None req-5a02babf-4595-4bea-9c45-b111f3df3d73 404ab495f9d248ad8cf833d3abb96584 ff3ed3529ccd456cae5de0d347451821 - - default default] 10.0.0.81 "GET /v2.0/ports/cab0c855-22e6-42f3-912a-212ac52aa296 HTTP/1.1" status: 200 len: 1149 time: 0.0421669
2026-05-12 06:53:09.986 10 INFO neutron.wsgi [-] 10.0.0.179 "GET / HTTP/1.1" status: 200 len: 247 time: 0.0076149
2026-05-12 06:53:09.993 10 INFO neutron.wsgi [-] 10.0.0.179 "GET / HTTP/1.1" status: 200 len: 247 time: 0.0030818
2026-05-12 06:53:10.108 10 INFO neutron.db.ovn_revision_numbers_db [None req-b4024f8b-fd35-4de3-8454-096f886aed27 490c1937f7d24d67bb2a9e4e462d39a3 10cf8540bc25484891d1e414e3f048b4 - - default default] Successfully bumped revision number for resource 331f4c23-7ae4-4556-91d0-a3b90d485441 (type: security_groups) to 1
2026-05-12 06:53:10.127 10 INFO neutron.db.ovn_revision_numbers_db [None req-b4024f8b-fd35-4de3-8454-096f886aed27 490c1937f7d24d67bb2a9e4e462d39a3 10cf8540bc25484891d1e414e3f048b4 - - default default] Successfully bumped revision number for resource 6bba70b4-e5aa-4704-989d-de657b72ec1f (type: security_group_rules) to 0
2026-05-12 06:53:10.152 10 INFO neutron.db.ovn_revision_numbers_db [None req-b4024f8b-fd35-4de3-8454-096f886aed27 490c1937f7d24d67bb2a9e4e462d39a3 10cf8540bc25484891d1e414e3f048b4 - - default default] Successfully bumped revision number for resource 8f4bbe50-2a2d-466f-b56c-a19c4b3c3e55 (type: security_group_rules) to 0
2026-05-12 06:53:10.173 10 INFO neutron.db.ovn_revision_numbers_db [None req-b4024f8b-fd35-4de3-8454-096f886aed27 490c1937f7d24d67bb2a9e4e462d39a3 10cf8540bc25484891d1e414e3f048b4 - - default default] Successfully bumped revision number for resource a81d9786-bc43-4553-87f0-3153fd762e5b (type: security_group_rules) to 0
2026-05-12 06:53:10.204 10 INFO neutron.db.ovn_revision_numbers_db [None req-b4024f8b-fd35-4de3-8454-096f886aed27 490c1937f7d24d67bb2a9e4e462d39a3 10cf8540bc25484891d1e414e3f048b4 - - default default] Successfully bumped revision number for resource b52ff73f-aa96-4c53-a9ae-b17ace9fa1b5 (type: security_group_rules) to 0
2026-05-12 06:53:10.231 10 INFO neutron.wsgi [None req-b4024f8b-fd35-4de3-8454-096f886aed27 490c1937f7d24d67bb2a9e4e462d39a3 10cf8540bc25484891d1e414e3f048b4 - - default default] 10.0.0.81 "GET /v2.0/security-groups?tenant_id=2f3121b44a7349d48e15618fa0ff5f5c&name=default HTTP/1.1" status: 200 len: 2996 time: 0.2921209
2026-05-12 06:53:10.473 10 INFO neutron.wsgi [None req-6a91ca75-b682-4bb6-a5d1-869d3f962b65 490c1937f7d24d67bb2a9e4e462d39a3 10cf8540bc25484891d1e414e3f048b4 - - default default] 10.0.0.81 "DELETE /v2.0/security-groups/331f4c23-7ae4-4556-91d0-a3b90d485441 HTTP/1.1" status: 204 len: 168 time: 0.2342851
2026-05-12 06:53:10.703 9 INFO neutron.wsgi [None req-24fa697e-5082-4d5a-b2be-25fb764effed 404ab495f9d248ad8cf833d3abb96584 ff3ed3529ccd456cae5de0d347451821 - - default default] 10.0.0.81 "PUT /v2.0/routers/6c29a647-b32a-434d-86cd-e74165364afc/remove_router_interface HTTP/1.1" status: 200 len: 503 time: 0.7145374 /var/lib/openstack/lib/python3.10/site-packages/pycadf/identifier.py:71: UserWarning: Invalid uuid: neutron. To ensure interoperability, identifiers should be a valid uuid. warnings.warn(('Invalid uuid: %s. To ensure interoperability, '
2026-05-12 06:53:10.823 9 INFO neutron.wsgi [None req-c61ae16e-9dbb-4f2a-9fdc-f8efae6a11e1 404ab495f9d248ad8cf833d3abb96584 ff3ed3529ccd456cae5de0d347451821 - - default default] 10.0.0.81 "GET /v2.0/ports/cdcfe0de-416a-4545-9114-ad366104632a HTTP/1.1" status: 200 len: 1141 time: 0.1127934
2026-05-12 06:53:11.775 9 INFO neutron.wsgi [None req-ec98aa2e-588a-4b23-a7d4-28f76dfde88a 404ab495f9d248ad8cf833d3abb96584 ff3ed3529ccd456cae5de0d347451821 - - default default] 10.0.0.81 "PUT /v2.0/routers/6c29a647-b32a-434d-86cd-e74165364afc/remove_router_interface HTTP/1.1" status: 200 len: 503 time: 0.9461296 /var/lib/openstack/lib/python3.10/site-packages/pycadf/identifier.py:71: UserWarning: Invalid uuid: neutron. To ensure interoperability, identifiers should be a valid uuid. warnings.warn(('Invalid uuid: %s. To ensure interoperability, '
2026-05-12 06:53:11.810 9 INFO neutron.wsgi [None req-08b69a59-be7d-4d3c-9f78-dc621c8bd034 404ab495f9d248ad8cf833d3abb96584 ff3ed3529ccd456cae5de0d347451821 - - default default] 10.0.0.81 "GET /v2.0/ports?device_id=6c29a647-b32a-434d-86cd-e74165364afc HTTP/1.1" status: 200 len: 205 time: 0.0294881
2026-05-12 06:53:12.136 9 INFO neutron.wsgi [None req-b09b31e3-01fb-4279-b5a2-316292dafdb5 404ab495f9d248ad8cf833d3abb96584 ff3ed3529ccd456cae5de0d347451821 - - default default] 10.0.0.81 "DELETE /v2.0/routers/6c29a647-b32a-434d-86cd-e74165364afc HTTP/1.1" status: 204 len: 168 time: 0.3218966
2026-05-12 06:53:12.391 10 INFO neutron.wsgi [None req-1af86b1b-3635-4763-b7ea-f4db346648fd 404ab495f9d248ad8cf833d3abb96584 ff3ed3529ccd456cae5de0d347451821 - - default default] 10.0.0.81 "DELETE /v2.0/subnets/aecb7050-fda9-4242-a8bb-784145ccee85 HTTP/1.1" status: 204 len: 168 time: 0.2497339
2026-05-12 06:53:12.646 10 INFO neutron.wsgi [None req-886ce3c7-d42e-4264-9f68-1f7b6f10cdbc 404ab495f9d248ad8cf833d3abb96584 ff3ed3529ccd456cae5de0d347451821 - - default default] 10.0.0.81 "DELETE /v2.0/subnets/c70b4823-4d09-48c6-957f-91e5495f588e HTTP/1.1" status: 204 len: 168 time: 0.2470853
2026-05-12 06:53:13.063 10 INFO neutron.services.segments.plugin [-] Segment 396fe5cc-3f37-402d-8418-26e50dc4a05e resource provider aggregate not found
2026-05-12 06:53:13.072 10 INFO neutron.services.segments.plugin [-] Segment 396fe5cc-3f37-402d-8418-26e50dc4a05e resource provider aggregate not found
2026-05-12 06:53:13.094 10 INFO neutron.services.segments.plugin [-] Segment 396fe5cc-3f37-402d-8418-26e50dc4a05e resource provider not found; error: Placement Client Error (4xx): {"errors": [{"status": 404, "title": "Not Found", "detail": "The resource could not be found.\n\n No resource provider with uuid 396fe5cc-3f37-402d-8418-26e50dc4a05e found for delete ", "request_id": "req-028b3034-766e-498b-b052-dd5f382ce01d"}]}
2026-05-12 06:53:13.095 10 INFO neutron.services.segments.plugin [-] Segment 396fe5cc-3f37-402d-8418-26e50dc4a05e resource provider not found; error: Placement Client Error (4xx): {"errors": [{"status": 404, "title": "Not Found", "detail": "The resource could not be found.\n\n No resource provider with uuid 396fe5cc-3f37-402d-8418-26e50dc4a05e found for delete ", "request_id": "req-d4f29ec2-4c47-4ed1-9a35-cb9fd30db3a7"}]}
2026-05-12 06:53:13.124 10 INFO neutron.wsgi [None req-a164a684-ad7b-4ca2-a3bd-389b07b36941 404ab495f9d248ad8cf833d3abb96584 ff3ed3529ccd456cae5de0d347451821 - - default default] 10.0.0.81 "DELETE /v2.0/networks/f6594119-8b5e-4f54-8dc5-01a2ac3110d6 HTTP/1.1" status: 204 len: 168 time: 0.4723415
2026-05-12 06:53:13.554 9 INFO neutron.services.segments.plugin [-] Segment 99018693-e9ae-4d0f-8398-9f6c013de343 resource provider aggregate not found
2026-05-12 06:53:13.561 9 INFO neutron.services.segments.plugin [-] Segment 99018693-e9ae-4d0f-8398-9f6c013de343 resource provider aggregate not found
2026-05-12 06:53:13.584 9 INFO neutron.services.segments.plugin [-] Segment 99018693-e9ae-4d0f-8398-9f6c013de343 resource provider not found; error: Placement Client Error (4xx): {"errors": [{"status": 404, "title": "Not Found", "detail": "The resource could not be found.\n\n No resource provider with uuid 99018693-e9ae-4d0f-8398-9f6c013de343 found for delete ", "request_id": "req-44f6e3b1-1aff-4f38-934a-ae29cf624525"}]}
2026-05-12 06:53:13.585 9 INFO neutron.services.segments.plugin [-] Segment 99018693-e9ae-4d0f-8398-9f6c013de343 resource provider not found; error: Placement Client Error (4xx): {"errors": [{"status": 404, "title": "Not Found", "detail": "The resource could not be found.\n\n No resource provider with uuid 99018693-e9ae-4d0f-8398-9f6c013de343 found for delete ", "request_id": "req-913d5f6b-545c-4d9d-93c0-b51b12405fc5"}]}
2026-05-12 06:53:13.611 9 INFO neutron.wsgi [None req-4017f2d5-ca2c-42c5-b1e2-dcda0e24dfa7 404ab495f9d248ad8cf833d3abb96584 ff3ed3529ccd456cae5de0d347451821 - - default default] 10.0.0.81 "DELETE /v2.0/networks/9f22d4db-4040-47ec-90b0-fe9c3cc624b7 HTTP/1.1" status: 204 len: 168 time: 0.4778869
2026-05-12 06:53:13.629 10 WARNING neutron_lib.context [None req-346c421d-29ed-462a-852c-aa61efa6ed06 404ab495f9d248ad8cf833d3abb96584 ff3ed3529ccd456cae5de0d347451821 - - default default] Method 'is_advsvc' is deprecated since 2023.2 release (neutron-lib 3.8.0) and will be removed once support for the old RBAC API policies will be removed from Neutron. Please use method 'is_service_role' instead.
2026-05-12 06:53:13.773 10 INFO neutron.db.segments_db [None req-346c421d-29ed-462a-852c-aa61efa6ed06 404ab495f9d248ad8cf833d3abb96584 ff3ed3529ccd456cae5de0d347451821 - - default default] Added segment 09774228-b057-4000-a091-4e6df796c725 of type geneve for network e2f0231f-e5b7-43ed-8067-7e74b12d8a23
2026-05-12 06:53:14.014 10 INFO neutron.db.ovn_revision_numbers_db [None req-346c421d-29ed-462a-852c-aa61efa6ed06 404ab495f9d248ad8cf833d3abb96584 ff3ed3529ccd456cae5de0d347451821 - - default default] Successfully bumped revision number for resource e2f0231f-e5b7-43ed-8067-7e74b12d8a23 (type: networks) to 1
2026-05-12 06:53:14.259 9 WARNING neutron.plugins.ml2.drivers.ovn.mech_driver.ovsdb.ovn_client [None req-b45a8599-4835-4745-9f50-602cda9f3de8 - - - - - -] No port found with ID cab0c855-22e6-42f3-912a-212ac52aa296: RuntimeError: No port found with ID cab0c855-22e6-42f3-912a-212ac52aa296
2026-05-12 06:53:14.273 10 WARNING neutron.scheduler.dhcp_agent_scheduler [None req-346c421d-29ed-462a-852c-aa61efa6ed06 404ab495f9d248ad8cf833d3abb96584 ff3ed3529ccd456cae5de0d347451821 - - default default] No more DHCP agents
2026-05-12 06:53:14.278 10 WARNING neutron.api.rpc.agentnotifiers.dhcp_rpc_agent_api [None req-346c421d-29ed-462a-852c-aa61efa6ed06 404ab495f9d248ad8cf833d3abb96584 ff3ed3529ccd456cae5de0d347451821 - - default default] Unable to schedule network e2f0231f-e5b7-43ed-8067-7e74b12d8a23: no agents available; will retry on subsequent port and subnet creation events.
2026-05-12 06:53:14.401 10 INFO neutron.db.ovn_revision_numbers_db [None req-346c421d-29ed-462a-852c-aa61efa6ed06 404ab495f9d248ad8cf833d3abb96584 ff3ed3529ccd456cae5de0d347451821 - - default default] Successfully bumped revision number for resource 6bf649a7-c144-4689-9eb1-bcc50c013e61 (type: ports) to 1
2026-05-12 06:53:14.431 10 INFO neutron.wsgi [None req-346c421d-29ed-462a-852c-aa61efa6ed06 404ab495f9d248ad8cf833d3abb96584 ff3ed3529ccd456cae5de0d347451821 - - default default] 10.0.0.81 "POST /v2.0/networks HTTP/1.1" status: 201 len: 833 time: 0.8087227
2026-05-12 06:53:14.445 10 WARNING neutron_lib.context [None req-6b9057ed-e9e3-49f5-bea4-d25671d81a0a 404ab495f9d248ad8cf833d3abb96584 ff3ed3529ccd456cae5de0d347451821 - - default default] Method 'is_advsvc' is deprecated since 2023.2 release (neutron-lib 3.8.0) and will be removed once support for the old RBAC API policies will be removed from Neutron. Please use method 'is_service_role' instead.
2026-05-12 06:53:14.819 10 WARNING neutron.scheduler.dhcp_agent_scheduler [None req-6b9057ed-e9e3-49f5-bea4-d25671d81a0a 404ab495f9d248ad8cf833d3abb96584 ff3ed3529ccd456cae5de0d347451821 - - default default] No more DHCP agents
2026-05-12 06:53:14.823 10 WARNING neutron.api.rpc.agentnotifiers.dhcp_rpc_agent_api [None req-6b9057ed-e9e3-49f5-bea4-d25671d81a0a 404ab495f9d248ad8cf833d3abb96584 ff3ed3529ccd456cae5de0d347451821 - - default default] Unable to schedule network e2f0231f-e5b7-43ed-8067-7e74b12d8a23: no agents available; will retry on subsequent port and subnet creation events.
2026-05-12 06:53:14.878 10 INFO neutron.db.ovn_revision_numbers_db [None req-6b9057ed-e9e3-49f5-bea4-d25671d81a0a 404ab495f9d248ad8cf833d3abb96584 ff3ed3529ccd456cae5de0d347451821 - - default default] Successfully bumped revision number for resource 55cc6e92-b770-468f-9101-f6b110b9efa2 (type: subnets) to 0
2026-05-12 06:53:14.902 10 INFO neutron.wsgi [None req-6b9057ed-e9e3-49f5-bea4-d25671d81a0a 404ab495f9d248ad8cf833d3abb96584 ff3ed3529ccd456cae5de0d347451821 - - default default] 10.0.0.81 "POST /v2.0/subnets HTTP/1.1" status: 201 len: 821 time: 0.4626105
2026-05-12 06:53:14.914 10 WARNING neutron_lib.context [None req-2765ffee-9a81-46bf-86af-5c73d7651fae 404ab495f9d248ad8cf833d3abb96584 ff3ed3529ccd456cae5de0d347451821 - - default default] Method 'is_advsvc' is deprecated since 2023.2 release (neutron-lib 3.8.0) and will be removed once support for the old RBAC API policies will be removed from Neutron. Please use method 'is_service_role' instead.
2026-05-12 06:53:15.127 10 INFO neutron.db.ovn_revision_numbers_db [None req-2765ffee-9a81-46bf-86af-5c73d7651fae 404ab495f9d248ad8cf833d3abb96584 ff3ed3529ccd456cae5de0d347451821 - - default default] Successfully bumped revision number for resource 9a964316-f6ce-4aee-bb9b-f56b7c1fc1fd (type: routers) to 1
2026-05-12 06:53:15.157 10 INFO neutron.wsgi [None req-2765ffee-9a81-46bf-86af-5c73d7651fae 404ab495f9d248ad8cf833d3abb96584 ff3ed3529ccd456cae5de0d347451821 - - default default] 10.0.0.81 "POST /v2.0/routers HTTP/1.1" status: 201 len: 690 time: 0.2510071
2026-05-12 06:53:15.177 9 WARNING neutron_lib.context [None req-1b175215-00f2-4d1b-8ae4-8f9334e53376 404ab495f9d248ad8cf833d3abb96584 ff3ed3529ccd456cae5de0d347451821 - - default default] Method 'is_advsvc' is deprecated since 2023.2 release (neutron-lib 3.8.0) and will be removed once support for the old RBAC API policies will be removed from Neutron. Please use method 'is_service_role' instead.
2026-05-12 06:53:15.640 9 INFO neutron.db.ovn_revision_numbers_db [None req-7fa8c690-8e4c-430d-ad52-6306c03eae9b 490c1937f7d24d67bb2a9e4e462d39a3 10cf8540bc25484891d1e414e3f048b4 - - default default] Successfully bumped revision number for resource 200a5783-55eb-4cce-bb65-afe5ef6ce25a (type: security_groups) to 1
2026-05-12 06:53:15.665 9 WARNING neutron.scheduler.dhcp_agent_scheduler [None req-1b175215-00f2-4d1b-8ae4-8f9334e53376 404ab495f9d248ad8cf833d3abb96584 ff3ed3529ccd456cae5de0d347451821 - - default default] No more DHCP agents
2026-05-12 06:53:15.668 9 WARNING neutron.api.rpc.agentnotifiers.dhcp_rpc_agent_api [None req-1b175215-00f2-4d1b-8ae4-8f9334e53376 404ab495f9d248ad8cf833d3abb96584 ff3ed3529ccd456cae5de0d347451821 - - default default] Unable to schedule network e2f0231f-e5b7-43ed-8067-7e74b12d8a23: no agents available; will retry on subsequent port and subnet creation events.
2026-05-12 06:53:15.674 9 INFO neutron.db.ovn_revision_numbers_db [None req-7fa8c690-8e4c-430d-ad52-6306c03eae9b 490c1937f7d24d67bb2a9e4e462d39a3 10cf8540bc25484891d1e414e3f048b4 - - default default] Successfully bumped revision number for resource 74221237-8e05-4e63-8266-04d20765bd01 (type: security_group_rules) to 0
2026-05-12 06:53:15.720 9 INFO neutron.db.ovn_revision_numbers_db [None req-7fa8c690-8e4c-430d-ad52-6306c03eae9b 490c1937f7d24d67bb2a9e4e462d39a3 10cf8540bc25484891d1e414e3f048b4 - - default default] Successfully bumped revision number for resource 7bd4e8e8-2775-476c-b85c-5d9c9d3c014a (type: security_group_rules) to 0
2026-05-12 06:53:15.745 9 INFO neutron.db.ovn_revision_numbers_db [None req-7fa8c690-8e4c-430d-ad52-6306c03eae9b 490c1937f7d24d67bb2a9e4e462d39a3 10cf8540bc25484891d1e414e3f048b4 - - default default] Successfully bumped revision number for resource a792e25a-e093-4819-9f73-b91c8524dcc9 (type: security_group_rules) to 0 /var/lib/openstack/lib/python3.10/site-packages/pycadf/identifier.py:71: UserWarning: Invalid uuid: neutron. To ensure interoperability, identifiers should be a valid uuid. warnings.warn(('Invalid uuid: %s. To ensure interoperability, '
2026-05-12 06:53:15.790 9 INFO neutron.wsgi [None req-e0106beb-a13a-447d-bf55-562ce54c6ae2 490c1937f7d24d67bb2a9e4e462d39a3 10cf8540bc25484891d1e414e3f048b4 - - default default] 10.0.0.42 "GET /v2.0/agents HTTP/1.1" status: 200 len: 997 time: 0.3103058
2026-05-12 06:53:15.790 9 INFO neutron.db.ovn_revision_numbers_db [None req-7fa8c690-8e4c-430d-ad52-6306c03eae9b 490c1937f7d24d67bb2a9e4e462d39a3 10cf8540bc25484891d1e414e3f048b4 - - default default] Successfully bumped revision number for resource cc025039-45ea-4a27-b5c9-6361f3832dd2 (type: security_group_rules) to 0
2026-05-12 06:53:15.881 9 INFO neutron.wsgi [None req-7fa8c690-8e4c-430d-ad52-6306c03eae9b 490c1937f7d24d67bb2a9e4e462d39a3 10cf8540bc25484891d1e414e3f048b4 - - default default] 10.0.0.81 "GET /v2.0/security-groups?tenant_id=d33e2be679e54cf5a4ac5ef5a90c0957&name=default HTTP/1.1" status: 200 len: 2996 time: 0.8847060
2026-05-12 06:53:15.918 9 INFO neutron.wsgi [None req-bb9f4ef2-1348-47ad-a193-3b3a43806ad2 490c1937f7d24d67bb2a9e4e462d39a3 10cf8540bc25484891d1e414e3f048b4 - - default default] 10.0.0.42 "GET /v2.0/ports HTTP/1.1" status: 200 len: 7298 time: 0.1257632
2026-05-12 06:53:15.984 9 INFO neutron.db.ovn_revision_numbers_db [None req-1b175215-00f2-4d1b-8ae4-8f9334e53376 404ab495f9d248ad8cf833d3abb96584 ff3ed3529ccd456cae5de0d347451821 - - default default] Successfully bumped revision number for resource 470acbb5-b2e5-4c77-b5c5-00b862ea5a20 (type: ports) to 1
2026-05-12 06:53:16.013 9 INFO neutron.wsgi [None req-34badd63-8a0b-4a6d-83d9-69e9188cdf77 490c1937f7d24d67bb2a9e4e462d39a3 10cf8540bc25484891d1e414e3f048b4 - - default default] 10.0.0.42 "GET /v2.0/routers HTTP/1.1" status: 200 len: 675 time: 0.0869184
2026-05-12 06:53:16.040 9 INFO neutron.wsgi [None req-d6ae81c4-3fa6-4542-bf19-8b1ff0185e6c 490c1937f7d24d67bb2a9e4e462d39a3 10cf8540bc25484891d1e414e3f048b4 - - default default] 10.0.0.42 "GET /v2.0/agents?binary=ovn-controller HTTP/1.1" status: 200 len: 591 time: 0.0196254
2026-05-12 06:53:16.052 9 INFO neutron.wsgi [None req-1b175215-00f2-4d1b-8ae4-8f9334e53376 404ab495f9d248ad8cf833d3abb96584 ff3ed3529ccd456cae5de0d347451821 - - default default] 10.0.0.81 "POST /v2.0/ports HTTP/1.1" status: 201 len: 1162 time: 0.8862650
2026-05-12 06:53:16.091 9 INFO neutron.wsgi [None req-35943b81-ac26-40d0-b766-e3c1d85b3a2c 490c1937f7d24d67bb2a9e4e462d39a3 10cf8540bc25484891d1e414e3f048b4 - - default default] 10.0.0.42 "GET /v2.0/subnets HTTP/1.1" status: 200 len: 2067 time: 0.0510328
2026-05-12 06:53:16.107 9 INFO neutron.wsgi [None req-eab90df2-dbbc-4d13-b275-28f53654ba5d 490c1937f7d24d67bb2a9e4e462d39a3 10cf8540bc25484891d1e414e3f048b4 - - default default] 10.0.0.42 "GET /v2.0/subnetpools HTTP/1.1" status: 200 len: 193 time: 0.0140107
2026-05-12 06:53:16.280 10 INFO neutron.wsgi [None req-e185ad18-300a-4366-bc3c-4dc984361b65 490c1937f7d24d67bb2a9e4e462d39a3 10cf8540bc25484891d1e414e3f048b4 - - default default] 10.0.0.81 "DELETE /v2.0/security-groups/200a5783-55eb-4cce-bb65-afe5ef6ce25a HTTP/1.1" status: 204 len: 168 time: 0.3938000
2026-05-12 06:53:16.327 9 INFO neutron.wsgi [None req-405cf072-2d2d-48eb-aa62-36da1f3036d2 490c1937f7d24d67bb2a9e4e462d39a3 10cf8540bc25484891d1e414e3f048b4 - - default default] 10.0.0.42 "GET /v2.0/floatingips HTTP/1.1" status: 200 len: 193 time: 0.2198713
2026-05-12 06:53:16.347 9 INFO neutron.wsgi [None req-d7c2d172-b6c1-4fed-a1b2-bfac039d1a5a 490c1937f7d24d67bb2a9e4e462d39a3 10cf8540bc25484891d1e414e3f048b4 - - default default] 10.0.0.42 "GET /v2.0/network-ip-availabilities HTTP/1.1" status: 200 len: 1733 time: 0.0183301
2026-05-12 06:53:16.456 9 INFO neutron.wsgi [None req-8f5a33fa-28a0-4d47-b98d-4f7419575ce5 490c1937f7d24d67bb2a9e4e462d39a3 10cf8540bc25484891d1e414e3f048b4 - - default default] 10.0.0.42 "GET /v2.0/networks HTTP/1.1" status: 200 len: 3094 time: 0.1076553
2026-05-12 06:53:16.550 9 INFO neutron.wsgi [None req-430a06ca-9758-438e-902c-3dbacf36830a 490c1937f7d24d67bb2a9e4e462d39a3 10cf8540bc25484891d1e414e3f048b4 - - default default] 10.0.0.42 "GET /v2.0/security-groups HTTP/1.1" status: 200 len: 19579 time: 0.0897284
2026-05-12 06:53:16.559 9 INFO neutron.plugins.ml2.drivers.ovn.mech_driver.mech_driver [None req-b45a8599-4835-4745-9f50-602cda9f3de8 - - - - - -] OVN reports status up for port: 470acbb5-b2e5-4c77-b5c5-00b862ea5a20 /var/lib/openstack/lib/python3.10/site-packages/pycadf/identifier.py:71: UserWarning: Invalid uuid: neutron. To ensure interoperability, identifiers should be a valid uuid. warnings.warn(('Invalid uuid: %s. To ensure interoperability, '
2026-05-12 06:53:16.602 9 INFO neutron.plugins.ml2.plugin [None req-b45a8599-4835-4745-9f50-602cda9f3de8 - - - - - -] Attempt 1 to provision port 470acbb5-b2e5-4c77-b5c5-00b862ea5a20
2026-05-12 06:53:16.644 9 INFO neutron.wsgi [None req-574eaf53-9fc3-4aac-ad42-6f5d5add3aad 490c1937f7d24d67bb2a9e4e462d39a3 10cf8540bc25484891d1e414e3f048b4 - - default default] 10.0.0.42 "GET /v2.0/subnets HTTP/1.1" status: 200 len: 2067 time: 0.0861444
2026-05-12 06:53:16.653 10 INFO neutron.db.ovn_revision_numbers_db [None req-c33d86f7-84ed-48b8-a419-95ac95160532 404ab495f9d248ad8cf833d3abb96584 ff3ed3529ccd456cae5de0d347451821 - - default default] Successfully bumped revision number for resource 470acbb5-b2e5-4c77-b5c5-00b862ea5a20 (type: router_ports) to 2
2026-05-12 06:53:16.853 10 INFO neutron.db.ovn_revision_numbers_db [None req-3d2fea77-2396-493b-ab65-e9da2cd847e1 490c1937f7d24d67bb2a9e4e462d39a3 10cf8540bc25484891d1e414e3f048b4 - - default default] Successfully bumped revision number for resource d5c795c1-0ff2-4d25-922c-e41ad7958a83 (type: security_groups) to 1
2026-05-12 06:53:16.898 10 INFO neutron.db.ovn_revision_numbers_db [None req-3d2fea77-2396-493b-ab65-e9da2cd847e1 490c1937f7d24d67bb2a9e4e462d39a3 10cf8540bc25484891d1e414e3f048b4 - - default default] Successfully bumped revision number for resource 3f9f91bb-5cbc-49e4-8ca3-ba925093c680 (type: security_group_rules) to 0
2026-05-12 06:53:16.940 10 INFO neutron.db.ovn_revision_numbers_db [None req-c33d86f7-84ed-48b8-a419-95ac95160532 404ab495f9d248ad8cf833d3abb96584 ff3ed3529ccd456cae5de0d347451821 - - default default] Successfully bumped revision number for resource 470acbb5-b2e5-4c77-b5c5-00b862ea5a20 (type: ports) to 2
2026-05-12 06:53:16.942 10 INFO neutron.db.ovn_revision_numbers_db [None req-3d2fea77-2396-493b-ab65-e9da2cd847e1 490c1937f7d24d67bb2a9e4e462d39a3 10cf8540bc25484891d1e414e3f048b4 - - default default] Successfully bumped revision number for resource 6dfe2966-5277-49e7-8cf6-972b32f28e14 (type: security_group_rules) to 0
2026-05-12 06:53:16.954 9 INFO neutron.db.ovn_revision_numbers_db [None req-b45a8599-4835-4745-9f50-602cda9f3de8 - - - - - -] Successfully bumped revision number for resource 470acbb5-b2e5-4c77-b5c5-00b862ea5a20 (type: ports) to 3
2026-05-12 06:53:16.981 10 INFO neutron.db.ovn_revision_numbers_db [None req-3d2fea77-2396-493b-ab65-e9da2cd847e1 490c1937f7d24d67bb2a9e4e462d39a3 10cf8540bc25484891d1e414e3f048b4 - - default default] Successfully bumped revision number for resource cb1e13ee-e25d-42ff-9e0f-dafae2e2884a (type: security_group_rules) to 0
2026-05-12 06:53:17.027 10 INFO neutron.db.ovn_revision_numbers_db [None req-3d2fea77-2396-493b-ab65-e9da2cd847e1 490c1937f7d24d67bb2a9e4e462d39a3 10cf8540bc25484891d1e414e3f048b4 - - default default] Successfully bumped revision number for resource eb205403-208b-46c8-9b03-4844edfb4dd9 (type: security_group_rules) to 0
2026-05-12 06:53:17.053 9 INFO neutron.db.ovn_revision_numbers_db [None req-b45a8599-4835-4745-9f50-602cda9f3de8 - - - - - -] Successfully bumped revision number for resource 470acbb5-b2e5-4c77-b5c5-00b862ea5a20 (type: router_ports) to 3
2026-05-12 06:53:17.079 10 INFO neutron.wsgi [None req-3d2fea77-2396-493b-ab65-e9da2cd847e1 490c1937f7d24d67bb2a9e4e462d39a3 10cf8540bc25484891d1e414e3f048b4 - - default default] 10.0.0.81 "GET /v2.0/security-groups?tenant_id=e8bf675b5a5c431db69e0592fabb5e02&name=default HTTP/1.1" status: 200 len: 2996 time: 0.5178432 /var/lib/openstack/lib/python3.10/site-packages/pycadf/identifier.py:71: UserWarning: Invalid uuid: neutron. To ensure interoperability, identifiers should be a valid uuid. warnings.warn(('Invalid uuid: %s. To ensure interoperability, '
2026-05-12 06:53:17.146 10 INFO neutron.db.ovn_revision_numbers_db [None req-9086efce-3c16-4a38-abbe-dde6df8927d3 490c1937f7d24d67bb2a9e4e462d39a3 10cf8540bc25484891d1e414e3f048b4 - - default default] Successfully bumped revision number for resource ff1d6ac4-6520-47d9-a00b-f0706764ca89 (type: security_groups) to 1
2026-05-12 06:53:17.176 10 INFO neutron.db.ovn_revision_numbers_db [None req-9086efce-3c16-4a38-abbe-dde6df8927d3 490c1937f7d24d67bb2a9e4e462d39a3 10cf8540bc25484891d1e414e3f048b4 - - default default] Successfully bumped revision number for resource 82671c6c-e130-4f68-bf90-f1b625caed0f (type: security_group_rules) to 0
2026-05-12 06:53:17.197 10 INFO neutron.db.ovn_revision_numbers_db [None req-9086efce-3c16-4a38-abbe-dde6df8927d3 490c1937f7d24d67bb2a9e4e462d39a3 10cf8540bc25484891d1e414e3f048b4 - - default default] Successfully bumped revision number for resource b6c6e845-9315-4b56-a252-f55c82cb5425 (type: security_group_rules) to 0
2026-05-12 06:53:17.226 10 INFO neutron.db.ovn_revision_numbers_db [None req-9086efce-3c16-4a38-abbe-dde6df8927d3 490c1937f7d24d67bb2a9e4e462d39a3 10cf8540bc25484891d1e414e3f048b4 - - default default] Successfully bumped revision number for resource dd4899db-34bf-499d-b069-060e664cdb0c (type: security_group_rules) to 0
2026-05-12 06:53:17.254 10 INFO neutron.db.ovn_revision_numbers_db [None req-9086efce-3c16-4a38-abbe-dde6df8927d3 490c1937f7d24d67bb2a9e4e462d39a3 10cf8540bc25484891d1e414e3f048b4 - - default default] Successfully bumped revision number for resource f05eb310-91ec-453a-923a-13ecf50a41f7 (type: security_group_rules) to 0
2026-05-12 06:53:17.300 10 INFO neutron.wsgi [None req-9086efce-3c16-4a38-abbe-dde6df8927d3 490c1937f7d24d67bb2a9e4e462d39a3 10cf8540bc25484891d1e414e3f048b4 - - default default] 10.0.0.81 "GET /v2.0/security-groups?tenant_id=52f84fa44b5e4e8aa67b6abaa4f48d4d&name=default HTTP/1.1" status: 200 len: 2996 time: 0.6856935
2026-05-12 06:53:17.314 9 INFO neutron.wsgi [None req-864f62bc-d418-457c-a581-a78b59e9bec9 490c1937f7d24d67bb2a9e4e462d39a3 10cf8540bc25484891d1e414e3f048b4 - - default default] 10.0.0.81 "DELETE /v2.0/security-groups/d5c795c1-0ff2-4d25-922c-e41ad7958a83 HTTP/1.1" status: 204 len: 168 time: 0.2243581
2026-05-12 06:53:17.547 9 INFO neutron.wsgi [None req-3152c922-404f-4f8f-a5bf-80118649d3ed 490c1937f7d24d67bb2a9e4e462d39a3 10cf8540bc25484891d1e414e3f048b4 - - default default] 10.0.0.81 "DELETE /v2.0/security-groups/ff1d6ac4-6520-47d9-a00b-f0706764ca89 HTTP/1.1" status: 204 len: 168 time: 0.2379138
2026-05-12 06:53:17.615 10 INFO neutron.db.ovn_revision_numbers_db [None req-c33d86f7-84ed-48b8-a419-95ac95160532 404ab495f9d248ad8cf833d3abb96584 ff3ed3529ccd456cae5de0d347451821 - - default default] Successfully bumped revision number for resource 470acbb5-b2e5-4c77-b5c5-00b862ea5a20 (type: ports) to 3
2026-05-12 06:53:17.693 10 WARNING neutron.scheduler.dhcp_agent_scheduler [None req-c33d86f7-84ed-48b8-a419-95ac95160532 404ab495f9d248ad8cf833d3abb96584 ff3ed3529ccd456cae5de0d347451821 - - default default] No more DHCP agents
2026-05-12 06:53:17.695 10 WARNING neutron.api.rpc.agentnotifiers.dhcp_rpc_agent_api [None req-c33d86f7-84ed-48b8-a419-95ac95160532 404ab495f9d248ad8cf833d3abb96584 ff3ed3529ccd456cae5de0d347451821 - - default default] Unable to schedule network e2f0231f-e5b7-43ed-8067-7e74b12d8a23: no agents available; will retry on subsequent port and subnet creation events.
2026-05-12 06:53:17.876 10 INFO neutron.db.ovn_revision_numbers_db [None req-c33d86f7-84ed-48b8-a419-95ac95160532 404ab495f9d248ad8cf833d3abb96584 ff3ed3529ccd456cae5de0d347451821 - - default default] Successfully bumped revision number for resource 470acbb5-b2e5-4c77-b5c5-00b862ea5a20 (type: router_ports) to 3
2026-05-12 06:53:17.878 10 INFO neutron.wsgi [None req-c33d86f7-84ed-48b8-a419-95ac95160532 404ab495f9d248ad8cf833d3abb96584 ff3ed3529ccd456cae5de0d347451821 - - default default] 10.0.0.81 "PUT /v2.0/routers/9a964316-f6ce-4aee-bb9b-f56b7c1fc1fd/add_router_interface HTTP/1.1" status: 200 len: 503 time: 1.8183463 /var/lib/openstack/lib/python3.10/site-packages/pycadf/identifier.py:71: UserWarning: Invalid uuid: neutron. To ensure interoperability, identifiers should be a valid uuid. warnings.warn(('Invalid uuid: %s. To ensure interoperability, '
2026-05-12 06:53:17.931 10 INFO neutron.wsgi [None req-307adb5d-f321-45cd-a092-a213c0179737 404ab495f9d248ad8cf833d3abb96584 ff3ed3529ccd456cae5de0d347451821 - - default default] 10.0.0.81 "GET /v2.0/ports/470acbb5-b2e5-4c77-b5c5-00b862ea5a20 HTTP/1.1" status: 200 len: 1220 time: 0.0475485
2026-05-12 06:53:18.197 9 INFO neutron.db.ovn_revision_numbers_db [None req-75d07136-31c3-4681-a696-237b2b64fffe 490c1937f7d24d67bb2a9e4e462d39a3 10cf8540bc25484891d1e414e3f048b4 - - default default] Successfully bumped revision number for resource b8e8874e-6d06-4cc3-843b-d39825e7d753 (type: security_groups) to 1
2026-05-12 06:53:18.214 9 INFO neutron.db.ovn_revision_numbers_db [None req-75d07136-31c3-4681-a696-237b2b64fffe 490c1937f7d24d67bb2a9e4e462d39a3 10cf8540bc25484891d1e414e3f048b4 - - default default] Successfully bumped revision number for resource 3af39e2d-439b-4e7c-94db-18bcc942f49f (type: security_group_rules) to 0
2026-05-12 06:53:18.232 9 INFO neutron.db.ovn_revision_numbers_db [None req-75d07136-31c3-4681-a696-237b2b64fffe 490c1937f7d24d67bb2a9e4e462d39a3 10cf8540bc25484891d1e414e3f048b4 - - default default] Successfully bumped revision number for resource 3ec937f5-ae8d-4aaf-a72b-0e2962f5a757 (type: security_group_rules) to 0
2026-05-12 06:53:18.251 9 INFO neutron.db.ovn_revision_numbers_db [None req-75d07136-31c3-4681-a696-237b2b64fffe 490c1937f7d24d67bb2a9e4e462d39a3 10cf8540bc25484891d1e414e3f048b4 - - default default] Successfully bumped revision number for resource 51c5fc65-7e69-47ef-ad9f-63797e93ae40 (type: security_group_rules) to 0
2026-05-12 06:53:18.272 9 INFO neutron.db.ovn_revision_numbers_db [None req-75d07136-31c3-4681-a696-237b2b64fffe 490c1937f7d24d67bb2a9e4e462d39a3 10cf8540bc25484891d1e414e3f048b4 - - default default] Successfully bumped revision number for resource 6437b824-3285-421f-80b1-944b540de7ff (type: security_group_rules) to 0
2026-05-12 06:53:18.304 9 INFO neutron.wsgi [None req-75d07136-31c3-4681-a696-237b2b64fffe 490c1937f7d24d67bb2a9e4e462d39a3 10cf8540bc25484891d1e414e3f048b4 - - default default] 10.0.0.81 "GET /v2.0/security-groups?tenant_id=119d8974d4b74a21baebb71708f0a96c&name=default HTTP/1.1" status: 200 len: 2996 time: 0.5167928
2026-05-12 06:53:18.550 9 INFO neutron.wsgi [None req-fa267c17-a28c-4057-b915-0e46e0cb2d9a 490c1937f7d24d67bb2a9e4e462d39a3 10cf8540bc25484891d1e414e3f048b4 - - default default] 10.0.0.81 "DELETE /v2.0/security-groups/b8e8874e-6d06-4cc3-843b-d39825e7d753 HTTP/1.1" status: 204 len: 168 time: 0.2411213
2026-05-12 06:53:18.895 9 INFO neutron.db.ovn_revision_numbers_db [None req-ea487a84-2193-4052-8c36-29d7ddc43722 490c1937f7d24d67bb2a9e4e462d39a3 10cf8540bc25484891d1e414e3f048b4 - - default default] Successfully bumped revision number for resource e6abcfb8-b89f-439e-af66-9704698692fe (type: security_groups) to 1
2026-05-12 06:53:18.912 9 INFO neutron.db.ovn_revision_numbers_db [None req-ea487a84-2193-4052-8c36-29d7ddc43722 490c1937f7d24d67bb2a9e4e462d39a3 10cf8540bc25484891d1e414e3f048b4 - - default default] Successfully bumped revision number for resource 08c9ea5a-ee0f-4aba-99d1-b11783651f0d (type: security_group_rules) to 0
2026-05-12 06:53:18.927 9 INFO neutron.db.ovn_revision_numbers_db [None req-ea487a84-2193-4052-8c36-29d7ddc43722 490c1937f7d24d67bb2a9e4e462d39a3 10cf8540bc25484891d1e414e3f048b4 - - default default] Successfully bumped revision number for resource 208d64f4-2d12-4871-8e47-82fce5572766 (type: security_group_rules) to 0
2026-05-12 06:53:18.947 9 INFO neutron.db.ovn_revision_numbers_db [None req-ea487a84-2193-4052-8c36-29d7ddc43722 490c1937f7d24d67bb2a9e4e462d39a3 10cf8540bc25484891d1e414e3f048b4 - - default default] Successfully bumped revision number for resource 20af701d-e1dd-44a0-ab73-8e6fd5367fd9 (type: security_group_rules) to 0
2026-05-12 06:53:18.965 9 INFO neutron.db.ovn_revision_numbers_db [None req-ea487a84-2193-4052-8c36-29d7ddc43722 490c1937f7d24d67bb2a9e4e462d39a3 10cf8540bc25484891d1e414e3f048b4 - - default default] Successfully bumped revision number for resource efafa5ea-6511-4e0c-8509-5232f121e23c (type: security_group_rules) to 0
2026-05-12 06:53:18.998 9 INFO neutron.wsgi [None req-ea487a84-2193-4052-8c36-29d7ddc43722 490c1937f7d24d67bb2a9e4e462d39a3 10cf8540bc25484891d1e414e3f048b4 - - default default] 10.0.0.81 "GET /v2.0/security-groups?tenant_id=fe28b9cfde9146f195d173323ae1dc4f&name=default HTTP/1.1" status: 200 len: 2996 time: 0.2443798
2026-05-12 06:53:19.013 10 INFO neutron.wsgi [None req-d6706c15-4b4c-4513-9a0e-b1cd68cf2a11 404ab495f9d248ad8cf833d3abb96584 ff3ed3529ccd456cae5de0d347451821 - - default default] 10.0.0.81 "PUT /v2.0/routers/9a964316-f6ce-4aee-bb9b-f56b7c1fc1fd/remove_router_interface HTTP/1.1" status: 200 len: 503 time: 1.0764163 /var/lib/openstack/lib/python3.10/site-packages/pycadf/identifier.py:71: UserWarning: Invalid uuid: neutron. To ensure interoperability, identifiers should be a valid uuid. warnings.warn(('Invalid uuid: %s. To ensure interoperability, '
2026-05-12 06:53:19.113 10 INFO neutron.api.v2.resource [None req-f97d9b6f-b710-49c9-bfc3-78726c6f7100 404ab495f9d248ad8cf833d3abb96584 ff3ed3529ccd456cae5de0d347451821 - - default default] remove_router_interface failed (client error): The resource could not be found.
2026-05-12 06:53:19.114 10 INFO neutron.wsgi [None req-f97d9b6f-b710-49c9-bfc3-78726c6f7100 404ab495f9d248ad8cf833d3abb96584 ff3ed3529ccd456cae5de0d347451821 - - default default] 10.0.0.81 "PUT /v2.0/routers/9a964316-f6ce-4aee-bb9b-f56b7c1fc1fd/remove_router_interface HTTP/1.1" status: 404 len: 398 time: 0.0935380
2026-05-12 06:53:19.142 10 INFO neutron.wsgi [None req-93e53991-785b-4018-ac9f-20dc8c8a6a58 404ab495f9d248ad8cf833d3abb96584 ff3ed3529ccd456cae5de0d347451821 - - default default] 10.0.0.81 "GET /v2.0/ports?device_id=9a964316-f6ce-4aee-bb9b-f56b7c1fc1fd HTTP/1.1" status: 200 len: 205 time: 0.0230856
2026-05-12 06:53:19.383 9 INFO neutron.wsgi [None req-8e944e19-a1f1-4321-b105-ab98213fb96c 490c1937f7d24d67bb2a9e4e462d39a3 10cf8540bc25484891d1e414e3f048b4 - - default default] 10.0.0.81 "DELETE /v2.0/security-groups/e6abcfb8-b89f-439e-af66-9704698692fe HTTP/1.1" status: 204 len: 168 time: 0.3794687
2026-05-12 06:53:19.448 9 INFO neutron.wsgi [None req-5424584a-ef11-40d9-8033-a7fd2464b7f6 404ab495f9d248ad8cf833d3abb96584 ff3ed3529ccd456cae5de0d347451821 - - default default] 10.0.0.81 "DELETE /v2.0/routers/9a964316-f6ce-4aee-bb9b-f56b7c1fc1fd HTTP/1.1" status: 204 len: 168 time: 0.2983947
2026-05-12 06:53:19.492 10 WARNING neutron_lib.context [None req-aba6f25b-aa17-4fd7-9dd6-9b236145e5e8 f4d4801762a1470d965af17292a4a847 46fdc895b84c453c870cbf53306354f6 - - default default] Method 'is_advsvc' is deprecated since 2023.2 release (neutron-lib 3.8.0) and will be removed once support for the old RBAC API policies will be removed from Neutron. Please use method 'is_service_role' instead.
