2026-05-12 06:59:31.673 9 INFO neutron.wsgi [req-79629cc0-47f3-4343-acc0-913fb22110ae req-14568752-87b3-4483-8465-a84cd3dec5dd 17648714dcad4f5d97d9efd73e1f3fef 81e5b7a5f3004648b6ac9104fd2f8d92 - - 349ac089e2b34fea85a586e5335449d9 349ac089e2b34fea85a586e5335449d9] 199.204.45.240 "GET /v2.0/networks/dd1aeec4-746d-40d2-b886-4964da23f81e?fields=provider%3Aphysical_network&fields=provider%3Anetwork_type HTTP/1.1" status: 200 len: 277 time: 0.0649836
2026-05-12 06:59:31.708 9 INFO neutron.wsgi [req-79629cc0-47f3-4343-acc0-913fb22110ae req-7c9833b8-608a-4831-a8db-cef5d9c1a019 17648714dcad4f5d97d9efd73e1f3fef 81e5b7a5f3004648b6ac9104fd2f8d92 - - 349ac089e2b34fea85a586e5335449d9 349ac089e2b34fea85a586e5335449d9] 199.204.45.240 "GET /v2.0/floatingips?fixed_ip_address=10.2.1.44&port_id=c9245c5f-2062-44b1-ab33-e846796049fb HTTP/1.1" status: 200 len: 217 time: 0.0256410
2026-05-12 06:59:31.836 9 INFO neutron.wsgi [req-79629cc0-47f3-4343-acc0-913fb22110ae req-9e4c5c89-7257-4eda-92fa-d3e285c88802 17648714dcad4f5d97d9efd73e1f3fef 81e5b7a5f3004648b6ac9104fd2f8d92 - - 349ac089e2b34fea85a586e5335449d9 349ac089e2b34fea85a586e5335449d9] 199.204.45.240 "GET /v2.0/subnets?id=d4d08fd1-e919-4a27-a1a6-f7219ef066ec HTTP/1.1" status: 200 len: 852 time: 0.1207495
2026-05-12 06:59:31.866 9 INFO neutron.wsgi [req-79629cc0-47f3-4343-acc0-913fb22110ae req-d719c8b8-0f4e-41e5-b098-2d11cee798c7 17648714dcad4f5d97d9efd73e1f3fef 81e5b7a5f3004648b6ac9104fd2f8d92 - - 349ac089e2b34fea85a586e5335449d9 349ac089e2b34fea85a586e5335449d9] 199.204.45.240 "GET /v2.0/ports?network_id=c420a4bd-a758-4921-a055-564866f45dcb&device_owner=network%3Adhcp HTTP/1.1" status: 200 len: 210 time: 0.0234015
2026-05-12 06:59:31.943 9 INFO neutron.wsgi [req-79629cc0-47f3-4343-acc0-913fb22110ae req-abc486b2-ef53-4978-941e-77fac1b069db 17648714dcad4f5d97d9efd73e1f3fef 81e5b7a5f3004648b6ac9104fd2f8d92 - - 349ac089e2b34fea85a586e5335449d9 349ac089e2b34fea85a586e5335449d9] 199.204.45.240 "GET /v2.0/networks/c420a4bd-a758-4921-a055-564866f45dcb?fields=segments HTTP/1.1" status: 200 len: 212 time: 0.0715101
2026-05-12 06:59:32.017 9 INFO neutron.wsgi [req-79629cc0-47f3-4343-acc0-913fb22110ae req-e4641042-34c6-4463-bdd2-91d1a94fe50d 17648714dcad4f5d97d9efd73e1f3fef 81e5b7a5f3004648b6ac9104fd2f8d92 - - 349ac089e2b34fea85a586e5335449d9 349ac089e2b34fea85a586e5335449d9] 199.204.45.240 "GET /v2.0/networks/c420a4bd-a758-4921-a055-564866f45dcb?fields=provider%3Aphysical_network&fields=provider%3Anetwork_type HTTP/1.1" status: 200 len: 277 time: 0.0659549
2026-05-12 06:59:32.048 9 INFO neutron.wsgi [req-79629cc0-47f3-4343-acc0-913fb22110ae req-5a38e9d0-1833-4d4e-92d7-27b4d5617326 17648714dcad4f5d97d9efd73e1f3fef 81e5b7a5f3004648b6ac9104fd2f8d92 - - 349ac089e2b34fea85a586e5335449d9 349ac089e2b34fea85a586e5335449d9] 199.204.45.240 "GET /v2.0/floatingips?fixed_ip_address=10.2.2.116&port_id=0bd84f04-470c-4e16-a094-a3499b5991e2 HTTP/1.1" status: 200 len: 217 time: 0.0226758
2026-05-12 06:59:32.085 9 INFO neutron.wsgi [req-79629cc0-47f3-4343-acc0-913fb22110ae req-00ce5e65-a8b9-4269-9b58-09aad31a4866 17648714dcad4f5d97d9efd73e1f3fef 81e5b7a5f3004648b6ac9104fd2f8d92 - - 349ac089e2b34fea85a586e5335449d9 349ac089e2b34fea85a586e5335449d9] 199.204.45.240 "GET /v2.0/floatingips?fixed_ip_address=fd77%3A1457%3A4cf0%3A26a8%3A%3A9d&port_id=0bd84f04-470c-4e16-a094-a3499b5991e2 HTTP/1.1" status: 200 len: 217 time: 0.0302939
2026-05-12 06:59:32.133 9 INFO neutron.wsgi [req-79629cc0-47f3-4343-acc0-913fb22110ae req-e4b34b4d-dbb7-4f2c-b69b-36bb7e80ccd7 17648714dcad4f5d97d9efd73e1f3fef 81e5b7a5f3004648b6ac9104fd2f8d92 - - 349ac089e2b34fea85a586e5335449d9 349ac089e2b34fea85a586e5335449d9] 199.204.45.240 "GET /v2.0/subnets?id=7e9e9744-64cd-4525-8980-4c12c512ba7c&id=720f9ab2-82e9-4e43-97b9-822c7161c8df HTTP/1.1" status: 200 len: 1566 time: 0.0420713
2026-05-12 06:59:32.163 9 INFO neutron.wsgi [req-79629cc0-47f3-4343-acc0-913fb22110ae req-fe99adf2-f659-4a23-a724-139d4969f783 17648714dcad4f5d97d9efd73e1f3fef 81e5b7a5f3004648b6ac9104fd2f8d92 - - 349ac089e2b34fea85a586e5335449d9 349ac089e2b34fea85a586e5335449d9] 199.204.45.240 "GET /v2.0/ports?network_id=5dcfc9fd-174d-40ca-a5d8-4e89e406f285&device_owner=network%3Adhcp HTTP/1.1" status: 200 len: 210 time: 0.0210693
2026-05-12 06:59:32.192 9 INFO neutron.wsgi [req-79629cc0-47f3-4343-acc0-913fb22110ae req-12b45a2e-8e45-4e49-8899-a3707bda00da 17648714dcad4f5d97d9efd73e1f3fef 81e5b7a5f3004648b6ac9104fd2f8d92 - - 349ac089e2b34fea85a586e5335449d9 349ac089e2b34fea85a586e5335449d9] 199.204.45.240 "GET /v2.0/ports?network_id=5dcfc9fd-174d-40ca-a5d8-4e89e406f285&device_owner=network%3Adhcp HTTP/1.1" status: 200 len: 210 time: 0.0226343
2026-05-12 06:59:32.279 9 INFO neutron.wsgi [req-79629cc0-47f3-4343-acc0-913fb22110ae req-e805297d-a79d-4963-9d59-d84f4d7d6943 17648714dcad4f5d97d9efd73e1f3fef 81e5b7a5f3004648b6ac9104fd2f8d92 - - 349ac089e2b34fea85a586e5335449d9 349ac089e2b34fea85a586e5335449d9] 199.204.45.240 "GET /v2.0/networks/5dcfc9fd-174d-40ca-a5d8-4e89e406f285?fields=segments HTTP/1.1" status: 200 len: 212 time: 0.0786240
2026-05-12 06:59:32.353 9 INFO neutron.wsgi [req-79629cc0-47f3-4343-acc0-913fb22110ae req-3fd6a3cb-3acb-4a19-917b-3c6abe4c283b 17648714dcad4f5d97d9efd73e1f3fef 81e5b7a5f3004648b6ac9104fd2f8d92 - - 349ac089e2b34fea85a586e5335449d9 349ac089e2b34fea85a586e5335449d9] 199.204.45.240 "GET /v2.0/networks/5dcfc9fd-174d-40ca-a5d8-4e89e406f285?fields=provider%3Aphysical_network&fields=provider%3Anetwork_type HTTP/1.1" status: 200 len: 277 time: 0.0649006
2026-05-12 06:59:32.451 10 INFO neutron.plugins.ml2.drivers.ovn.mech_driver.mech_driver [None req-772b9051-ba2e-4420-8382-00451a6b4f69 - - - - - -] OVN reports status up for port: 0bd84f04-470c-4e16-a094-a3499b5991e2
2026-05-12 06:59:32.467 9 INFO neutron.wsgi [req-240d8c00-6365-4d44-b18c-4904b4b48165 req-c105f38b-d2d5-4c96-9a61-85aaa2e4c85f 17648714dcad4f5d97d9efd73e1f3fef 81e5b7a5f3004648b6ac9104fd2f8d92 - - 349ac089e2b34fea85a586e5335449d9 349ac089e2b34fea85a586e5335449d9] 199.204.45.240 "GET /v2.0/ports?tenant_id=10cf8540bc25484891d1e414e3f048b4&device_id=9cb07b9c-f72e-4236-9e21-882e17b9e801 HTTP/1.1" status: 200 len: 5343 time: 0.0653605
2026-05-12 06:59:32.469 10 INFO neutron.plugins.ml2.plugin [None req-772b9051-ba2e-4420-8382-00451a6b4f69 - - - - - -] Attempt 1 to provision port 0bd84f04-470c-4e16-a094-a3499b5991e2
2026-05-12 06:59:32.565 9 INFO neutron.wsgi [req-240d8c00-6365-4d44-b18c-4904b4b48165 req-58e7fb69-750f-4cee-8d26-8e32de569eeb 17648714dcad4f5d97d9efd73e1f3fef 81e5b7a5f3004648b6ac9104fd2f8d92 - - 349ac089e2b34fea85a586e5335449d9 349ac089e2b34fea85a586e5335449d9] 199.204.45.240 "GET /v2.0/networks?id=5dcfc9fd-174d-40ca-a5d8-4e89e406f285 HTTP/1.1" status: 200 len: 1003 time: 0.0928280
2026-05-12 06:59:32.602 9 INFO neutron.wsgi [req-240d8c00-6365-4d44-b18c-4904b4b48165 req-445725ee-84f8-47da-951d-8b1898711447 17648714dcad4f5d97d9efd73e1f3fef 81e5b7a5f3004648b6ac9104fd2f8d92 - - 349ac089e2b34fea85a586e5335449d9 349ac089e2b34fea85a586e5335449d9] 199.204.45.240 "GET /v2.0/floatingips?fixed_ip_address=10.2.2.116&port_id=0bd84f04-470c-4e16-a094-a3499b5991e2 HTTP/1.1" status: 200 len: 217 time: 0.0246079
2026-05-12 06:59:32.628 10 INFO neutron.notifiers.nova [-] Nova event matching ['req-f3ed74c7-dba4-4961-81aa-bd00ff153f45'] response: {'server_uuid': '9cb07b9c-f72e-4236-9e21-882e17b9e801', 'name': 'network-vif-plugged', 'status': 'completed', 'tag': '0bd84f04-470c-4e16-a094-a3499b5991e2', 'code': 200}
2026-05-12 06:59:32.633 9 INFO neutron.wsgi [req-240d8c00-6365-4d44-b18c-4904b4b48165 req-095b3f08-652b-4ef0-a1bd-a6e5ab1c7894 17648714dcad4f5d97d9efd73e1f3fef 81e5b7a5f3004648b6ac9104fd2f8d92 - - 349ac089e2b34fea85a586e5335449d9 349ac089e2b34fea85a586e5335449d9] 199.204.45.240 "GET /v2.0/floatingips?fixed_ip_address=fd77%3A1457%3A4cf0%3A26a8%3A%3A9d&port_id=0bd84f04-470c-4e16-a094-a3499b5991e2 HTTP/1.1" status: 200 len: 217 time: 0.0240593
2026-05-12 06:59:32.678 10 INFO neutron.wsgi [req-79629cc0-47f3-4343-acc0-913fb22110ae req-387a1b21-9331-4436-b426-0ba09ebb2750 490c1937f7d24d67bb2a9e4e462d39a3 10cf8540bc25484891d1e414e3f048b4 - - default default] 10.0.0.83 "GET /v2.0/ports/0bd84f04-470c-4e16-a094-a3499b5991e2 HTTP/1.1" status: 200 len: 1635 time: 0.0516679
2026-05-12 06:59:32.686 9 INFO neutron.wsgi [req-240d8c00-6365-4d44-b18c-4904b4b48165 req-fada6aac-bce0-4e83-81f2-3a77fb7d7baa 17648714dcad4f5d97d9efd73e1f3fef 81e5b7a5f3004648b6ac9104fd2f8d92 - - 349ac089e2b34fea85a586e5335449d9 349ac089e2b34fea85a586e5335449d9] 199.204.45.240 "GET /v2.0/subnets?id=7e9e9744-64cd-4525-8980-4c12c512ba7c&id=720f9ab2-82e9-4e43-97b9-822c7161c8df HTTP/1.1" status: 200 len: 1566 time: 0.0446293
2026-05-12 06:59:32.722 9 INFO neutron.wsgi [req-240d8c00-6365-4d44-b18c-4904b4b48165 req-6b477910-39b1-4a7a-ba92-229107ba1bcd 17648714dcad4f5d97d9efd73e1f3fef 81e5b7a5f3004648b6ac9104fd2f8d92 - - 349ac089e2b34fea85a586e5335449d9 349ac089e2b34fea85a586e5335449d9] 199.204.45.240 "GET /v2.0/ports?network_id=5dcfc9fd-174d-40ca-a5d8-4e89e406f285&device_owner=network%3Adhcp HTTP/1.1" status: 200 len: 210 time: 0.0268798
2026-05-12 06:59:32.741 10 INFO neutron.wsgi [None req-671055b1-cae3-40f0-8a50-9a26ee500e36 490c1937f7d24d67bb2a9e4e462d39a3 10cf8540bc25484891d1e414e3f048b4 - - default default] 199.204.45.240 "GET /v2.0/ports/0bd84f04-470c-4e16-a094-a3499b5991e2 HTTP/1.1" status: 200 len: 1635 time: 0.0531259
2026-05-12 06:59:32.750 9 INFO neutron.wsgi [req-240d8c00-6365-4d44-b18c-4904b4b48165 req-6f168b9f-0521-474d-b161-53813cedfecf 17648714dcad4f5d97d9efd73e1f3fef 81e5b7a5f3004648b6ac9104fd2f8d92 - - 349ac089e2b34fea85a586e5335449d9 349ac089e2b34fea85a586e5335449d9] 199.204.45.240 "GET /v2.0/ports?network_id=5dcfc9fd-174d-40ca-a5d8-4e89e406f285&device_owner=network%3Adhcp HTTP/1.1" status: 200 len: 210 time: 0.0228662
2026-05-12 06:59:32.804 10 INFO neutron.wsgi [None req-b242b44b-70d6-48a3-b7dd-915e869b6149 490c1937f7d24d67bb2a9e4e462d39a3 10cf8540bc25484891d1e414e3f048b4 - - default default] 199.204.45.240 "GET /v2.0/ports/0bd84f04-470c-4e16-a094-a3499b5991e2 HTTP/1.1" status: 200 len: 1635 time: 0.0523305
2026-05-12 06:59:32.826 9 INFO neutron.wsgi [req-240d8c00-6365-4d44-b18c-4904b4b48165 req-259f0cea-7ac1-48d9-89b4-b93d868e38b7 17648714dcad4f5d97d9efd73e1f3fef 81e5b7a5f3004648b6ac9104fd2f8d92 - - 349ac089e2b34fea85a586e5335449d9 349ac089e2b34fea85a586e5335449d9] 199.204.45.240 "GET /v2.0/networks/5dcfc9fd-174d-40ca-a5d8-4e89e406f285?fields=segments HTTP/1.1" status: 200 len: 212 time: 0.0679972
2026-05-12 06:59:32.907 10 INFO neutron.db.ovn_revision_numbers_db [None req-772b9051-ba2e-4420-8382-00451a6b4f69 - - - - - -] Successfully bumped revision number for resource 0bd84f04-470c-4e16-a094-a3499b5991e2 (type: ports) to 4
2026-05-12 06:59:32.908 9 INFO neutron.wsgi [req-240d8c00-6365-4d44-b18c-4904b4b48165 req-675277eb-e81b-43be-9a08-8a4ab1940177 17648714dcad4f5d97d9efd73e1f3fef 81e5b7a5f3004648b6ac9104fd2f8d92 - - 349ac089e2b34fea85a586e5335449d9 349ac089e2b34fea85a586e5335449d9] 199.204.45.240 "GET /v2.0/networks/5dcfc9fd-174d-40ca-a5d8-4e89e406f285?fields=provider%3Aphysical_network&fields=provider%3Anetwork_type HTTP/1.1" status: 200 len: 277 time: 0.0725176
2026-05-12 06:59:33.352 10 INFO neutron.db.ovn_revision_numbers_db [None req-695c2865-66b2-4238-853c-827393102fa3 490c1937f7d24d67bb2a9e4e462d39a3 10cf8540bc25484891d1e414e3f048b4 - - default default] Successfully bumped revision number for resource 0bd84f04-470c-4e16-a094-a3499b5991e2 (type: ports) to 5
2026-05-12 06:59:33.365 10 INFO neutron.wsgi [None req-695c2865-66b2-4238-853c-827393102fa3 490c1937f7d24d67bb2a9e4e462d39a3 10cf8540bc25484891d1e414e3f048b4 - - default default] 199.204.45.240 "PUT /v2.0/ports/0bd84f04-470c-4e16-a094-a3499b5991e2 HTTP/1.1" status: 200 len: 1378 time: 0.5486813 /var/lib/openstack/lib/python3.10/site-packages/pycadf/identifier.py:71: UserWarning: Invalid uuid: neutron. To ensure interoperability, identifiers should be a valid uuid. warnings.warn(('Invalid uuid: %s. To ensure interoperability, '
2026-05-12 06:59:33.435 10 INFO neutron.wsgi [None req-722b3857-5b56-40ba-9551-c1038a7e87c1 490c1937f7d24d67bb2a9e4e462d39a3 10cf8540bc25484891d1e414e3f048b4 - - default default] 199.204.45.240 "GET /v2.0/networks/5dcfc9fd-174d-40ca-a5d8-4e89e406f285 HTTP/1.1" status: 200 len: 1000 time: 0.0627353
2026-05-12 06:59:33.480 10 INFO neutron.wsgi [None req-91a3d5a4-a2dd-4987-89ce-e3f97590a60b 490c1937f7d24d67bb2a9e4e462d39a3 10cf8540bc25484891d1e414e3f048b4 - - default default] 199.204.45.240 "GET /v2.0/subnets/7e9e9744-64cd-4525-8980-4c12c512ba7c HTTP/1.1" status: 200 len: 848 time: 0.0387061
2026-05-12 06:59:33.598 10 INFO neutron.wsgi [None req-464f74aa-a90a-408b-b588-4cedbb22f1ad 490c1937f7d24d67bb2a9e4e462d39a3 10cf8540bc25484891d1e414e3f048b4 - - default default] 199.204.45.240 "GET /v2.0/extensions/security-group HTTP/1.1" status: 200 len: 369 time: 0.0061631
2026-05-12 06:59:33.613 10 INFO neutron.wsgi [None req-f7772dd4-e797-453e-bd5f-b6182e5762bc 490c1937f7d24d67bb2a9e4e462d39a3 10cf8540bc25484891d1e414e3f048b4 - - default default] 199.204.45.240 "GET /v2.0/extensions/dns-integration HTTP/1.1" status: 200 len: 371 time: 0.0088027
2026-05-12 06:59:33.628 10 INFO neutron.wsgi [None req-56ee571c-4587-4a85-b974-26ccbd2932f8 490c1937f7d24d67bb2a9e4e462d39a3 10cf8540bc25484891d1e414e3f048b4 - - default default] 199.204.45.240 "GET /v2.0/extensions/qos HTTP/1.1" status: 200 len: 365 time: 0.0070450
2026-05-12 06:59:33.636 10 INFO neutron.wsgi [None req-67cb59a2-3a80-4871-8240-fd8f49dedca4 490c1937f7d24d67bb2a9e4e462d39a3 10cf8540bc25484891d1e414e3f048b4 - - default default] 199.204.45.240 "GET /v2.0/extensions/allowed-address-pairs HTTP/1.1" status: 200 len: 383 time: 0.0042424
2026-05-12 06:59:33.681 10 INFO neutron.wsgi [None req-19c6c331-cd89-4f6a-9177-5682584d921c 490c1937f7d24d67bb2a9e4e462d39a3 10cf8540bc25484891d1e414e3f048b4 - - default default] 199.204.45.240 "GET /v2.0/subnets/faf44aec-1e92-4880-a654-7275876af37b HTTP/1.1" status: 200 len: 850 time: 0.0372319
2026-05-12 06:59:33.726 10 INFO neutron.wsgi [None req-9b2ab64f-d51b-4111-a8a5-31f623dc9301 490c1937f7d24d67bb2a9e4e462d39a3 10cf8540bc25484891d1e414e3f048b4 - - default default] 199.204.45.240 "GET /v2.0/ports/d42b6266-364c-41fa-8548-d2968e5251c6 HTTP/1.1" status: 200 len: 1340 time: 0.0387788
2026-05-12 06:59:33.772 10 INFO neutron.wsgi [None req-536a02ef-0e2a-4cd5-91b2-5481c4f1bbae 490c1937f7d24d67bb2a9e4e462d39a3 10cf8540bc25484891d1e414e3f048b4 - - default default] 199.204.45.240 "GET /v2.0/ports/d3d7a29b-6ffb-4b10-9bf1-07bc8c9d4bcb HTTP/1.1" status: 200 len: 1515 time: 0.0353656
2026-05-12 06:59:33.817 10 INFO neutron.wsgi [None req-082d920a-d150-4cc4-b2a9-78f7d3546d48 490c1937f7d24d67bb2a9e4e462d39a3 10cf8540bc25484891d1e414e3f048b4 - - default default] 199.204.45.240 "GET /v2.0/subnets/faf44aec-1e92-4880-a654-7275876af37b HTTP/1.1" status: 200 len: 850 time: 0.0358069
2026-05-12 06:59:33.884 10 INFO neutron.wsgi [None req-5943f51b-7107-471a-bf94-becf5a67ad57 490c1937f7d24d67bb2a9e4e462d39a3 10cf8540bc25484891d1e414e3f048b4 - - default default] 199.204.45.240 "GET /v2.0/networks/dd1aeec4-746d-40d2-b886-4964da23f81e HTTP/1.1" status: 200 len: 1001 time: 0.0601323
2026-05-12 06:59:33.925 10 INFO neutron.wsgi [None req-447e6f24-7f8d-45a6-a0a5-10e146ccf54f 490c1937f7d24d67bb2a9e4e462d39a3 10cf8540bc25484891d1e414e3f048b4 - - default default] 199.204.45.240 "GET /v2.0/ports/d42b6266-364c-41fa-8548-d2968e5251c6 HTTP/1.1" status: 200 len: 1340 time: 0.0343027
2026-05-12 06:59:33.964 10 INFO neutron.wsgi [None req-61fec7a5-d516-4424-abef-f447b8fd6cf7 490c1937f7d24d67bb2a9e4e462d39a3 10cf8540bc25484891d1e414e3f048b4 - - default default] 199.204.45.240 "GET /v2.0/subnets/faf44aec-1e92-4880-a654-7275876af37b HTTP/1.1" status: 200 len: 850 time: 0.0322795
2026-05-12 06:59:34.672 10 INFO neutron.notifiers.nova [-] Nova event matching ['req-c7ff1d61-ed98-43d1-9e06-637cf42f7f4b'] response: {'server_uuid': '9cb07b9c-f72e-4236-9e21-882e17b9e801', 'name': 'network-vif-plugged', 'status': 'completed', 'tag': '0bd84f04-470c-4e16-a094-a3499b5991e2', 'code': 200}
2026-05-12 06:59:34.673 10 INFO neutron.notifiers.nova [-] Nova event matching ['req-c7ff1d61-ed98-43d1-9e06-637cf42f7f4b'] response: {'name': 'network-changed', 'server_uuid': '9cb07b9c-f72e-4236-9e21-882e17b9e801', 'tag': '0bd84f04-470c-4e16-a094-a3499b5991e2', 'status': 'completed', 'code': 200}
2026-05-12 06:59:34.748 9 INFO neutron.wsgi [req-41d92309-ee1c-49e3-b6c9-257a222fd986 req-8f5d082f-a7ff-4355-8138-b689febff054 17648714dcad4f5d97d9efd73e1f3fef 81e5b7a5f3004648b6ac9104fd2f8d92 - - 349ac089e2b34fea85a586e5335449d9 349ac089e2b34fea85a586e5335449d9] 199.204.45.240 "GET /v2.0/ports?tenant_id=10cf8540bc25484891d1e414e3f048b4&device_id=9cb07b9c-f72e-4236-9e21-882e17b9e801 HTTP/1.1" status: 200 len: 5116 time: 0.0528119
2026-05-12 06:59:34.830 9 INFO neutron.wsgi [req-41d92309-ee1c-49e3-b6c9-257a222fd986 req-673bdb8a-6256-4cab-96d0-8b9dd8591057 17648714dcad4f5d97d9efd73e1f3fef 81e5b7a5f3004648b6ac9104fd2f8d92 - - 349ac089e2b34fea85a586e5335449d9 349ac089e2b34fea85a586e5335449d9] 199.204.45.240 "GET /v2.0/networks?id=5dcfc9fd-174d-40ca-a5d8-4e89e406f285 HTTP/1.1" status: 200 len: 1003 time: 0.0749426
2026-05-12 06:59:34.858 9 INFO neutron.wsgi [req-41d92309-ee1c-49e3-b6c9-257a222fd986 req-ff201f30-daf9-4262-9d5c-c9833aafbddf 17648714dcad4f5d97d9efd73e1f3fef 81e5b7a5f3004648b6ac9104fd2f8d92 - - 349ac089e2b34fea85a586e5335449d9 349ac089e2b34fea85a586e5335449d9] 199.204.45.240 "GET /v2.0/floatingips?fixed_ip_address=10.2.2.116&port_id=0bd84f04-470c-4e16-a094-a3499b5991e2 HTTP/1.1" status: 200 len: 217 time: 0.0225911
2026-05-12 06:59:34.901 9 INFO neutron.wsgi [req-41d92309-ee1c-49e3-b6c9-257a222fd986 req-a2bc502b-1430-41a8-a64d-c3437b31381f 17648714dcad4f5d97d9efd73e1f3fef 81e5b7a5f3004648b6ac9104fd2f8d92 - - 349ac089e2b34fea85a586e5335449d9 349ac089e2b34fea85a586e5335449d9] 199.204.45.240 "GET /v2.0/subnets?id=7e9e9744-64cd-4525-8980-4c12c512ba7c HTTP/1.1" status: 200 len: 851 time: 0.0374186
2026-05-12 06:59:34.928 9 INFO neutron.wsgi [req-41d92309-ee1c-49e3-b6c9-257a222fd986 req-c1846ec7-7690-4ac2-9a11-fefff1d91b97 17648714dcad4f5d97d9efd73e1f3fef 81e5b7a5f3004648b6ac9104fd2f8d92 - - 349ac089e2b34fea85a586e5335449d9 349ac089e2b34fea85a586e5335449d9] 199.204.45.240 "GET /v2.0/ports?network_id=5dcfc9fd-174d-40ca-a5d8-4e89e406f285&device_owner=network%3Adhcp HTTP/1.1" status: 200 len: 210 time: 0.0203023
2026-05-12 06:59:35.008 9 INFO neutron.wsgi [req-41d92309-ee1c-49e3-b6c9-257a222fd986 req-2397c76b-19e0-4256-b969-f3a41ee93035 17648714dcad4f5d97d9efd73e1f3fef 81e5b7a5f3004648b6ac9104fd2f8d92 - - 349ac089e2b34fea85a586e5335449d9 349ac089e2b34fea85a586e5335449d9] 199.204.45.240 "GET /v2.0/networks/5dcfc9fd-174d-40ca-a5d8-4e89e406f285?fields=segments HTTP/1.1" status: 200 len: 212 time: 0.0719461
2026-05-12 06:59:35.083 9 INFO neutron.wsgi [req-41d92309-ee1c-49e3-b6c9-257a222fd986 req-2cb7f058-f192-4635-a4cc-4e1a9a5cf12b 17648714dcad4f5d97d9efd73e1f3fef 81e5b7a5f3004648b6ac9104fd2f8d92 - - 349ac089e2b34fea85a586e5335449d9 349ac089e2b34fea85a586e5335449d9] 199.204.45.240 "GET /v2.0/networks/5dcfc9fd-174d-40ca-a5d8-4e89e406f285?fields=provider%3Aphysical_network&fields=provider%3Anetwork_type HTTP/1.1" status: 200 len: 277 time: 0.0663733
2026-05-12 06:59:39.652 9 INFO neutron.wsgi [req-4a578960-e759-44ee-86e9-51fd6052d27b req-c1fa0718-f29a-4fbe-b7f2-ba46c252f96b 17648714dcad4f5d97d9efd73e1f3fef 81e5b7a5f3004648b6ac9104fd2f8d92 - - 349ac089e2b34fea85a586e5335449d9 349ac089e2b34fea85a586e5335449d9] 199.204.45.240 "GET /v2.0/ports?device_id=eed57419-986c-4a93-a87a-8c2bccd18a61&fields=binding%3Ahost_id&fields=binding%3Avif_type HTTP/1.1" status: 200 len: 265 time: 0.0487640
2026-05-12 06:59:39.720 9 INFO neutron.wsgi [req-4a578960-e759-44ee-86e9-51fd6052d27b req-0864fb25-bd07-4796-b1ef-cf8f6d755f45 17648714dcad4f5d97d9efd73e1f3fef 81e5b7a5f3004648b6ac9104fd2f8d92 - - 349ac089e2b34fea85a586e5335449d9 349ac089e2b34fea85a586e5335449d9] 199.204.45.240 "GET /v2.0/ports?tenant_id=4e913762328141a38aec9e4327e6cf4b&device_id=eed57419-986c-4a93-a87a-8c2bccd18a61 HTTP/1.1" status: 200 len: 1642 time: 0.0488749
2026-05-12 06:59:39.806 9 INFO neutron.wsgi [req-4a578960-e759-44ee-86e9-51fd6052d27b req-ae7459ce-3d43-4030-820e-3fc7a6a7a1b0 17648714dcad4f5d97d9efd73e1f3fef 81e5b7a5f3004648b6ac9104fd2f8d92 - - 349ac089e2b34fea85a586e5335449d9 349ac089e2b34fea85a586e5335449d9] 199.204.45.240 "GET /v2.0/networks?id=5dcfc9fd-174d-40ca-a5d8-4e89e406f285 HTTP/1.1" status: 200 len: 1003 time: 0.0643568
2026-05-12 06:59:39.860 9 INFO neutron.wsgi [req-4a578960-e759-44ee-86e9-51fd6052d27b req-c68d4f50-bcbc-4ad8-9b2d-fae40b8704e7 17648714dcad4f5d97d9efd73e1f3fef 81e5b7a5f3004648b6ac9104fd2f8d92 - - 349ac089e2b34fea85a586e5335449d9 349ac089e2b34fea85a586e5335449d9] 199.204.45.240 "GET /v2.0/floatingips?fixed_ip_address=10.2.2.124&port_id=a278d02a-928c-4947-a1c1-d5c2e62a522a HTTP/1.1" status: 200 len: 1059 time: 0.0479791
2026-05-12 06:59:39.897 9 INFO neutron.wsgi [req-4a578960-e759-44ee-86e9-51fd6052d27b req-3e4a804b-de67-436d-a4c8-dbae07d26cd5 17648714dcad4f5d97d9efd73e1f3fef 81e5b7a5f3004648b6ac9104fd2f8d92 - - 349ac089e2b34fea85a586e5335449d9 349ac089e2b34fea85a586e5335449d9] 199.204.45.240 "GET /v2.0/floatingips?fixed_ip_address=fd77%3A1457%3A4cf0%3A26a8%3A%3A3bd&port_id=a278d02a-928c-4947-a1c1-d5c2e62a522a HTTP/1.1" status: 200 len: 217 time: 0.0283413
2026-05-12 06:59:39.937 9 INFO neutron.wsgi [req-4a578960-e759-44ee-86e9-51fd6052d27b req-1c007557-cfcf-404c-b674-f97a096b6092 17648714dcad4f5d97d9efd73e1f3fef 81e5b7a5f3004648b6ac9104fd2f8d92 - - 349ac089e2b34fea85a586e5335449d9 349ac089e2b34fea85a586e5335449d9] 199.204.45.240 "GET /v2.0/subnets?id=7e9e9744-64cd-4525-8980-4c12c512ba7c&id=720f9ab2-82e9-4e43-97b9-822c7161c8df HTTP/1.1" status: 200 len: 1566 time: 0.0335629
2026-05-12 06:59:39.966 9 INFO neutron.wsgi [req-4a578960-e759-44ee-86e9-51fd6052d27b req-443fbcc0-cf24-420f-8fd9-3926927de795 17648714dcad4f5d97d9efd73e1f3fef 81e5b7a5f3004648b6ac9104fd2f8d92 - - 349ac089e2b34fea85a586e5335449d9 349ac089e2b34fea85a586e5335449d9] 199.204.45.240 "GET /v2.0/ports?network_id=5dcfc9fd-174d-40ca-a5d8-4e89e406f285&device_owner=network%3Adhcp HTTP/1.1" status: 200 len: 210 time: 0.0192828
2026-05-12 06:59:39.981 10 INFO neutron.wsgi [-] 10.0.0.179 "GET / HTTP/1.1" status: 200 len: 247 time: 0.0017159
2026-05-12 06:59:39.983 10 INFO neutron.wsgi [-] 10.0.0.179 "GET / HTTP/1.1" status: 200 len: 247 time: 0.0014486
2026-05-12 06:59:39.998 9 INFO neutron.wsgi [req-4a578960-e759-44ee-86e9-51fd6052d27b req-d90231ca-d3a0-4bb2-9cc9-09a7d2372594 17648714dcad4f5d97d9efd73e1f3fef 81e5b7a5f3004648b6ac9104fd2f8d92 - - 349ac089e2b34fea85a586e5335449d9 349ac089e2b34fea85a586e5335449d9] 199.204.45.240 "GET /v2.0/ports?network_id=5dcfc9fd-174d-40ca-a5d8-4e89e406f285&device_owner=network%3Adhcp HTTP/1.1" status: 200 len: 210 time: 0.0237603
2026-05-12 06:59:40.059 9 INFO neutron.wsgi [req-4a578960-e759-44ee-86e9-51fd6052d27b req-14359bff-b364-41ac-807a-cffe2a2daf42 17648714dcad4f5d97d9efd73e1f3fef 81e5b7a5f3004648b6ac9104fd2f8d92 - - 349ac089e2b34fea85a586e5335449d9 349ac089e2b34fea85a586e5335449d9] 199.204.45.240 "GET /v2.0/networks/5dcfc9fd-174d-40ca-a5d8-4e89e406f285?fields=segments HTTP/1.1" status: 200 len: 212 time: 0.0522647
2026-05-12 06:59:40.130 9 INFO neutron.wsgi [req-4a578960-e759-44ee-86e9-51fd6052d27b req-851f3efc-256d-4854-bb1d-e461dfd85795 17648714dcad4f5d97d9efd73e1f3fef 81e5b7a5f3004648b6ac9104fd2f8d92 - - 349ac089e2b34fea85a586e5335449d9 349ac089e2b34fea85a586e5335449d9] 199.204.45.240 "GET /v2.0/networks/5dcfc9fd-174d-40ca-a5d8-4e89e406f285?fields=provider%3Aphysical_network&fields=provider%3Anetwork_type HTTP/1.1" status: 200 len: 277 time: 0.0665984
2026-05-12 06:59:45.981 10 INFO neutron.wsgi [None req-d12080f7-9680-415e-99d7-7c49bb9abe33 490c1937f7d24d67bb2a9e4e462d39a3 10cf8540bc25484891d1e414e3f048b4 - - default default] 199.204.45.240 "GET /v2.0/extensions/security-group HTTP/1.1" status: 200 len: 369 time: 0.0071456
2026-05-12 06:59:45.990 10 INFO neutron.wsgi [None req-bdc92d39-4c92-4234-9b42-cd3e49743ff3 490c1937f7d24d67bb2a9e4e462d39a3 10cf8540bc25484891d1e414e3f048b4 - - default default] 199.204.45.240 "GET /v2.0/extensions/dns-integration HTTP/1.1" status: 200 len: 371 time: 0.0052311
2026-05-12 06:59:45.999 10 INFO neutron.wsgi [None req-dea645a1-0d06-4bfc-bdee-21dcd6ff787f 490c1937f7d24d67bb2a9e4e462d39a3 10cf8540bc25484891d1e414e3f048b4 - - default default] 199.204.45.240 "GET /v2.0/extensions/qos HTTP/1.1" status: 200 len: 365 time: 0.0050645
2026-05-12 06:59:46.007 10 INFO neutron.wsgi [None req-6cc10ad9-6c20-424b-8d8c-c086fa580790 490c1937f7d24d67bb2a9e4e462d39a3 10cf8540bc25484891d1e414e3f048b4 - - default default] 199.204.45.240 "GET /v2.0/extensions/allowed-address-pairs HTTP/1.1" status: 200 len: 383 time: 0.0041878
2026-05-12 06:59:46.041 10 INFO neutron.wsgi [None req-5ba13449-ad33-4059-b899-f33d7468bc49 490c1937f7d24d67bb2a9e4e462d39a3 10cf8540bc25484891d1e414e3f048b4 - - default default] 199.204.45.240 "GET /v2.0/subnets/d4d08fd1-e919-4a27-a1a6-f7219ef066ec HTTP/1.1" status: 200 len: 849 time: 0.0288880
2026-05-12 06:59:46.085 10 INFO neutron.wsgi [None req-090ee5eb-1f74-4bfa-bb72-53cb309e229e 490c1937f7d24d67bb2a9e4e462d39a3 10cf8540bc25484891d1e414e3f048b4 - - default default] 199.204.45.240 "GET /v2.0/ports?device_id=9cb07b9c-f72e-4236-9e21-882e17b9e801 HTTP/1.1" status: 200 len: 5116 time: 0.0377309
2026-05-12 06:59:46.245 10 INFO neutron.wsgi [None req-aefb5ae1-d8b8-43a7-9047-a8e7a72c846e 490c1937f7d24d67bb2a9e4e462d39a3 10cf8540bc25484891d1e414e3f048b4 - - default default] 199.204.45.240 "GET /v2.0/extensions/security-group HTTP/1.1" status: 200 len: 369 time: 0.0076418
2026-05-12 06:59:46.257 10 INFO neutron.wsgi [None req-406d0944-ef7d-4503-b389-5dcaaf41e82f 490c1937f7d24d67bb2a9e4e462d39a3 10cf8540bc25484891d1e414e3f048b4 - - default default] 199.204.45.240 "GET /v2.0/extensions/dns-integration HTTP/1.1" status: 200 len: 371 time: 0.0082786
2026-05-12 06:59:46.268 10 INFO neutron.wsgi [None req-68d3d8c1-526f-439c-9cbb-b467dec95944 490c1937f7d24d67bb2a9e4e462d39a3 10cf8540bc25484891d1e414e3f048b4 - - default default] 199.204.45.240 "GET /v2.0/extensions/qos HTTP/1.1" status: 200 len: 365 time: 0.0052969
2026-05-12 06:59:46.281 10 INFO neutron.wsgi [None req-2620a755-6b0a-4227-a108-1d76df155ddc 490c1937f7d24d67bb2a9e4e462d39a3 10cf8540bc25484891d1e414e3f048b4 - - default default] 199.204.45.240 "GET /v2.0/extensions/allowed-address-pairs HTTP/1.1" status: 200 len: 383 time: 0.0091219
2026-05-12 06:59:46.335 10 INFO neutron.wsgi [None req-3becd1c1-2ee3-4379-972f-acb51509a762 490c1937f7d24d67bb2a9e4e462d39a3 10cf8540bc25484891d1e414e3f048b4 - - default default] 199.204.45.240 "GET /v2.0/ports/0bd84f04-470c-4e16-a094-a3499b5991e2 HTTP/1.1" status: 200 len: 1406 time: 0.0448771
2026-05-12 06:59:46.798 10 INFO neutron.db.ovn_revision_numbers_db [None req-789eafc2-b989-40d4-815e-1557eef0bb06 490c1937f7d24d67bb2a9e4e462d39a3 10cf8540bc25484891d1e414e3f048b4 - - default default] Successfully bumped revision number for resource 0bd84f04-470c-4e16-a094-a3499b5991e2 (type: ports) to 6
2026-05-12 06:59:46.811 10 INFO neutron.wsgi [None req-789eafc2-b989-40d4-815e-1557eef0bb06 490c1937f7d24d67bb2a9e4e462d39a3 10cf8540bc25484891d1e414e3f048b4 - - default default] 199.204.45.240 "PUT /v2.0/ports/0bd84f04-470c-4e16-a094-a3499b5991e2 HTTP/1.1" status: 200 len: 1203 time: 0.4708290 /var/lib/openstack/lib/python3.10/site-packages/pycadf/identifier.py:71: UserWarning: Invalid uuid: neutron. To ensure interoperability, identifiers should be a valid uuid. warnings.warn(('Invalid uuid: %s. To ensure interoperability, '
2026-05-12 06:59:46.855 10 INFO neutron.notifiers.nova [-] Nova event matching ['req-fe07e494-1d9e-4dcf-94f2-58a9d469be9a'] response: {'name': 'network-changed', 'server_uuid': '9cb07b9c-f72e-4236-9e21-882e17b9e801', 'tag': '0bd84f04-470c-4e16-a094-a3499b5991e2', 'status': 'completed', 'code': 200}
2026-05-12 06:59:46.882 10 INFO neutron.wsgi [None req-f595a9ca-2d8f-4b62-8399-e9a5e806d70c 490c1937f7d24d67bb2a9e4e462d39a3 10cf8540bc25484891d1e414e3f048b4 - - default default] 199.204.45.240 "GET /v2.0/networks/5dcfc9fd-174d-40ca-a5d8-4e89e406f285 HTTP/1.1" status: 200 len: 1000 time: 0.0630341
2026-05-12 06:59:46.934 9 INFO neutron.wsgi [req-416573e0-5bcc-407e-a28e-9483e6b3d7ae req-9f15ca02-1a1b-4495-9729-090fefc4ff0d 17648714dcad4f5d97d9efd73e1f3fef 81e5b7a5f3004648b6ac9104fd2f8d92 - - 349ac089e2b34fea85a586e5335449d9 349ac089e2b34fea85a586e5335449d9] 199.204.45.240 "GET /v2.0/ports?tenant_id=10cf8540bc25484891d1e414e3f048b4&device_id=9cb07b9c-f72e-4236-9e21-882e17b9e801 HTTP/1.1" status: 200 len: 4941 time: 0.0549588
2026-05-12 06:59:46.942 10 INFO neutron.wsgi [None req-aba50844-7234-4f80-aec5-946e39ab706a 490c1937f7d24d67bb2a9e4e462d39a3 10cf8540bc25484891d1e414e3f048b4 - - default default] 199.204.45.240 "GET /v2.0/ports?device_id=9cb07b9c-f72e-4236-9e21-882e17b9e801 HTTP/1.1" status: 200 len: 4941 time: 0.0533588
2026-05-12 06:59:47.000 9 INFO neutron.wsgi [req-416573e0-5bcc-407e-a28e-9483e6b3d7ae req-d45ef6fd-ff5c-465e-aeb7-b83ad69463a1 17648714dcad4f5d97d9efd73e1f3fef 81e5b7a5f3004648b6ac9104fd2f8d92 - - 349ac089e2b34fea85a586e5335449d9 349ac089e2b34fea85a586e5335449d9] 199.204.45.240 "GET /v2.0/networks?id=5dcfc9fd-174d-40ca-a5d8-4e89e406f285 HTTP/1.1" status: 200 len: 1003 time: 0.0595951
2026-05-12 06:59:47.077 10 INFO neutron.wsgi [None req-17e449e0-5654-4f57-b85b-fdbc19c49146 490c1937f7d24d67bb2a9e4e462d39a3 10cf8540bc25484891d1e414e3f048b4 - - default default] 199.204.45.240 "GET /v2.0/ports?device_id=9cb07b9c-f72e-4236-9e21-882e17b9e801 HTTP/1.1" status: 200 len: 4941 time: 0.0475640
2026-05-12 06:59:47.343 10 INFO neutron.plugins.ml2.drivers.ovn.mech_driver.mech_driver [None req-772b9051-ba2e-4420-8382-00451a6b4f69 - - - - - -] OVN reports status down for port: 0bd84f04-470c-4e16-a094-a3499b5991e2
2026-05-12 06:59:47.406 9 INFO neutron.wsgi [req-416573e0-5bcc-407e-a28e-9483e6b3d7ae req-8418fa73-4d6b-4079-a556-d589b903f476 17648714dcad4f5d97d9efd73e1f3fef 81e5b7a5f3004648b6ac9104fd2f8d92 - - 349ac089e2b34fea85a586e5335449d9 349ac089e2b34fea85a586e5335449d9] 199.204.45.240 "GET /v2.0/networks/5dcfc9fd-174d-40ca-a5d8-4e89e406f285?fields=segments HTTP/1.1" status: 200 len: 212 time: 0.3989425
2026-05-12 06:59:47.440 10 INFO neutron.wsgi [req-32527bbb-8852-4e86-9f62-54e177994c57 req-539982b7-303b-486d-b367-0165bc28e671 17648714dcad4f5d97d9efd73e1f3fef 81e5b7a5f3004648b6ac9104fd2f8d92 - - 349ac089e2b34fea85a586e5335449d9 349ac089e2b34fea85a586e5335449d9] 199.204.45.240 "GET /v2.0/ports/0bd84f04-470c-4e16-a094-a3499b5991e2 HTTP/1.1" status: 200 len: 1231 time: 0.0528064
2026-05-12 06:59:47.491 9 INFO neutron.wsgi [req-416573e0-5bcc-407e-a28e-9483e6b3d7ae req-8b050b4b-9135-4536-b1e9-077b4ae4c393 17648714dcad4f5d97d9efd73e1f3fef 81e5b7a5f3004648b6ac9104fd2f8d92 - - 349ac089e2b34fea85a586e5335449d9 349ac089e2b34fea85a586e5335449d9] 199.204.45.240 "GET /v2.0/networks/5dcfc9fd-174d-40ca-a5d8-4e89e406f285?fields=provider%3Aphysical_network&fields=provider%3Anetwork_type HTTP/1.1" status: 200 len: 277 time: 0.0784545
2026-05-12 06:59:47.717 10 INFO neutron.db.ovn_revision_numbers_db [None req-772b9051-ba2e-4420-8382-00451a6b4f69 - - - - - -] Successfully bumped revision number for resource 0bd84f04-470c-4e16-a094-a3499b5991e2 (type: ports) to 7
2026-05-12 06:59:47.776 10 INFO neutron.wsgi [req-32527bbb-8852-4e86-9f62-54e177994c57 req-3a2b7c81-bed5-402a-ada4-8673b8fe8011 490c1937f7d24d67bb2a9e4e462d39a3 10cf8540bc25484891d1e414e3f048b4 - - default default] 199.204.45.240 "DELETE /v2.0/ports/0bd84f04-470c-4e16-a094-a3499b5991e2 HTTP/1.1" status: 204 len: 173 time: 0.3303192
2026-05-12 06:59:47.894 10 INFO neutron.wsgi [req-32527bbb-8852-4e86-9f62-54e177994c57 req-a22e056b-b2ea-4890-b547-bffadc6b531f 17648714dcad4f5d97d9efd73e1f3fef 81e5b7a5f3004648b6ac9104fd2f8d92 - - 349ac089e2b34fea85a586e5335449d9 349ac089e2b34fea85a586e5335449d9] 199.204.45.240 "GET /v2.0/ports?tenant_id=10cf8540bc25484891d1e414e3f048b4&device_id=9cb07b9c-f72e-4236-9e21-882e17b9e801 HTTP/1.1" status: 200 len: 3918 time: 0.0634346
2026-05-12 06:59:47.981 10 INFO neutron.wsgi [req-32527bbb-8852-4e86-9f62-54e177994c57 req-f592c3fa-e19b-4c73-b808-342bea3a80d0 17648714dcad4f5d97d9efd73e1f3fef 81e5b7a5f3004648b6ac9104fd2f8d92 - - 349ac089e2b34fea85a586e5335449d9 349ac089e2b34fea85a586e5335449d9] 199.204.45.240 "GET /v2.0/networks?id=6bd31783-4680-4b0d-a524-4c1e1f930eef&id=dd1aeec4-746d-40d2-b886-4964da23f81e&id=c420a4bd-a758-4921-a055-564866f45dcb&id=5dcfc9fd-174d-40ca-a5d8-4e89e406f285 HTTP/1.1" status: 200 len: 3308 time: 0.0803626
2026-05-12 06:59:48.279 10 INFO neutron.wsgi [req-32527bbb-8852-4e86-9f62-54e177994c57 req-afea6106-cd52-48bc-a821-0d37c208c2cc 17648714dcad4f5d97d9efd73e1f3fef 81e5b7a5f3004648b6ac9104fd2f8d92 - - 349ac089e2b34fea85a586e5335449d9 349ac089e2b34fea85a586e5335449d9] 199.204.45.240 "GET /v2.0/floatingips?fixed_ip_address=172.24.2.118&port_id=34003ffb-e78c-47e1-bbb7-b4a038f1e8d9 HTTP/1.1" status: 200 len: 217 time: 0.2906210
2026-05-12 06:59:48.329 10 INFO neutron.wsgi [None req-55fec1d7-7dbf-4373-b9b0-5cd4b484b3b8 490c1937f7d24d67bb2a9e4e462d39a3 10cf8540bc25484891d1e414e3f048b4 - - default default] 199.204.45.240 "GET /v2.0/ports?device_id=9cb07b9c-f72e-4236-9e21-882e17b9e801 HTTP/1.1" status: 200 len: 3918 time: 0.0585804
2026-05-12 06:59:48.343 10 INFO neutron.wsgi [req-32527bbb-8852-4e86-9f62-54e177994c57 req-9a5ad03f-a4a0-4565-b095-11613d36f04d 17648714dcad4f5d97d9efd73e1f3fef 81e5b7a5f3004648b6ac9104fd2f8d92 - - 349ac089e2b34fea85a586e5335449d9 349ac089e2b34fea85a586e5335449d9] 199.204.45.240 "GET /v2.0/subnets?id=cd0bb8fb-2bc3-419e-943a-a7e8d8b4227c HTTP/1.1" status: 200 len: 829 time: 0.0490117
2026-05-12 06:59:48.379 10 INFO neutron.pecan_wsgi.hooks.translation [None req-4f8d695a-e225-4f80-9383-4849ee575573 490c1937f7d24d67bb2a9e4e462d39a3 10cf8540bc25484891d1e414e3f048b4 - - default default] DELETE failed (client error): The resource could not be found.
2026-05-12 06:59:48.381 10 INFO neutron.wsgi [None req-4f8d695a-e225-4f80-9383-4849ee575573 490c1937f7d24d67bb2a9e4e462d39a3 10cf8540bc25484891d1e414e3f048b4 - - default default] 199.204.45.240 "DELETE /v2.0/ports/0bd84f04-470c-4e16-a094-a3499b5991e2 HTTP/1.1" status: 404 len: 338 time: 0.0369840
2026-05-12 06:59:48.391 10 INFO neutron.wsgi [req-32527bbb-8852-4e86-9f62-54e177994c57 req-ebf5b884-6128-4026-822b-51dbd6fe8676 17648714dcad4f5d97d9efd73e1f3fef 81e5b7a5f3004648b6ac9104fd2f8d92 - - 349ac089e2b34fea85a586e5335449d9 349ac089e2b34fea85a586e5335449d9] 199.204.45.240 "GET /v2.0/ports?network_id=6bd31783-4680-4b0d-a524-4c1e1f930eef&device_owner=network%3Adhcp HTTP/1.1" status: 200 len: 210 time: 0.0388737
2026-05-12 06:59:48.456 10 INFO neutron.wsgi [req-32527bbb-8852-4e86-9f62-54e177994c57 req-c0483ba1-f9c3-463d-9d3e-0d7c5e558b0c 17648714dcad4f5d97d9efd73e1f3fef 81e5b7a5f3004648b6ac9104fd2f8d92 - - 349ac089e2b34fea85a586e5335449d9 349ac089e2b34fea85a586e5335449d9] 199.204.45.240 "GET /v2.0/networks/6bd31783-4680-4b0d-a524-4c1e1f930eef?fields=segments HTTP/1.1" status: 200 len: 212 time: 0.0595646
2026-05-12 06:59:48.489 10 INFO neutron.wsgi [None req-7fa418aa-05bd-45b6-9489-262b60c571c2 490c1937f7d24d67bb2a9e4e462d39a3 10cf8540bc25484891d1e414e3f048b4 - - default default] 199.204.45.240 "GET /v2.0/extensions/security-group HTTP/1.1" status: 200 len: 369 time: 0.0063887
2026-05-12 06:59:48.505 10 INFO neutron.wsgi [None req-d6c915fc-0115-4da3-a500-3439d07051b3 490c1937f7d24d67bb2a9e4e462d39a3 10cf8540bc25484891d1e414e3f048b4 - - default default] 199.204.45.240 "GET /v2.0/extensions/dns-integration HTTP/1.1" status: 200 len: 371 time: 0.0044081
2026-05-12 06:59:48.513 10 INFO neutron.wsgi [None req-c73fbfc2-47b0-41f7-a98f-082fc1a9ac87 490c1937f7d24d67bb2a9e4e462d39a3 10cf8540bc25484891d1e414e3f048b4 - - default default] 199.204.45.240 "GET /v2.0/extensions/qos HTTP/1.1" status: 200 len: 365 time: 0.0044813
2026-05-12 06:59:48.523 10 INFO neutron.wsgi [None req-dc758b73-4729-4d00-a491-74ad5057dbbe 490c1937f7d24d67bb2a9e4e462d39a3 10cf8540bc25484891d1e414e3f048b4 - - default default] 199.204.45.240 "GET /v2.0/extensions/allowed-address-pairs HTTP/1.1" status: 200 len: 383 time: 0.0043674
2026-05-12 06:59:48.552 10 INFO neutron.wsgi [req-32527bbb-8852-4e86-9f62-54e177994c57 req-f9aa2fc6-4d40-4a28-a212-5d45b598f103 17648714dcad4f5d97d9efd73e1f3fef 81e5b7a5f3004648b6ac9104fd2f8d92 - - 349ac089e2b34fea85a586e5335449d9 349ac089e2b34fea85a586e5335449d9] 199.204.45.240 "GET /v2.0/networks/6bd31783-4680-4b0d-a524-4c1e1f930eef?fields=provider%3Aphysical_network&fields=provider%3Anetwork_type HTTP/1.1" status: 200 len: 277 time: 0.0882123
2026-05-12 06:59:48.575 10 INFO neutron.wsgi [None req-8d8ee01a-ffce-4ea9-86d3-5fcdc6f189c0 490c1937f7d24d67bb2a9e4e462d39a3 10cf8540bc25484891d1e414e3f048b4 - - default default] 199.204.45.240 "GET /v2.0/subnets/faf44aec-1e92-4880-a654-7275876af37b HTTP/1.1" status: 200 len: 850 time: 0.0455718
2026-05-12 06:59:48.591 10 INFO neutron.wsgi [req-32527bbb-8852-4e86-9f62-54e177994c57 req-9b40209e-0d7b-423b-9de2-384e256e5026 17648714dcad4f5d97d9efd73e1f3fef 81e5b7a5f3004648b6ac9104fd2f8d92 - - 349ac089e2b34fea85a586e5335449d9 349ac089e2b34fea85a586e5335449d9] 199.204.45.240 "GET /v2.0/floatingips?fixed_ip_address=10.1.1.33&port_id=d3d7a29b-6ffb-4b10-9bf1-07bc8c9d4bcb HTTP/1.1" status: 200 len: 217 time: 0.0318203
2026-05-12 06:59:48.630 10 INFO neutron.wsgi [None req-091a8f60-fc7d-4d9e-9fef-31ce8839de11 490c1937f7d24d67bb2a9e4e462d39a3 10cf8540bc25484891d1e414e3f048b4 - - default default] 199.204.45.240 "GET /v2.0/ports/d42b6266-364c-41fa-8548-d2968e5251c6 HTTP/1.1" status: 200 len: 1340 time: 0.0452349
2026-05-12 06:59:48.641 10 INFO neutron.wsgi [req-32527bbb-8852-4e86-9f62-54e177994c57 req-b74c5984-d300-4851-bef1-4bdd3b46fbac 17648714dcad4f5d97d9efd73e1f3fef 81e5b7a5f3004648b6ac9104fd2f8d92 - - 349ac089e2b34fea85a586e5335449d9 349ac089e2b34fea85a586e5335449d9] 199.204.45.240 "GET /v2.0/subnets?id=faf44aec-1e92-4880-a654-7275876af37b HTTP/1.1" status: 200 len: 853 time: 0.0411525
2026-05-12 06:59:48.676 10 INFO neutron.wsgi [req-32527bbb-8852-4e86-9f62-54e177994c57 req-f68f093e-a65c-4da5-a0b0-82bdaa397030 17648714dcad4f5d97d9efd73e1f3fef 81e5b7a5f3004648b6ac9104fd2f8d92 - - 349ac089e2b34fea85a586e5335449d9 349ac089e2b34fea85a586e5335449d9] 199.204.45.240 "GET /v2.0/ports?network_id=dd1aeec4-746d-40d2-b886-4964da23f81e&device_owner=network%3Adhcp HTTP/1.1" status: 200 len: 210 time: 0.0193787
2026-05-12 06:59:48.682 10 INFO neutron.wsgi [None req-74134421-d5a7-4c2e-ab1e-382ae92d4f85 490c1937f7d24d67bb2a9e4e462d39a3 10cf8540bc25484891d1e414e3f048b4 - - default default] 199.204.45.240 "GET /v2.0/ports/d3d7a29b-6ffb-4b10-9bf1-07bc8c9d4bcb HTTP/1.1" status: 200 len: 1515 time: 0.0446064
2026-05-12 06:59:48.741 10 INFO neutron.wsgi [None req-7e4f4a95-7191-43b4-ae40-c02c2293daa5 490c1937f7d24d67bb2a9e4e462d39a3 10cf8540bc25484891d1e414e3f048b4 - - default default] 199.204.45.240 "GET /v2.0/subnets/faf44aec-1e92-4880-a654-7275876af37b HTTP/1.1" status: 200 len: 850 time: 0.0513196
2026-05-12 06:59:48.772 10 INFO neutron.wsgi [req-32527bbb-8852-4e86-9f62-54e177994c57 req-aba4f07e-fb3d-4c34-bbd1-04b2625153f6 17648714dcad4f5d97d9efd73e1f3fef 81e5b7a5f3004648b6ac9104fd2f8d92 - - 349ac089e2b34fea85a586e5335449d9 349ac089e2b34fea85a586e5335449d9] 199.204.45.240 "GET /v2.0/networks/dd1aeec4-746d-40d2-b886-4964da23f81e?fields=segments HTTP/1.1" status: 200 len: 212 time: 0.0891447
2026-05-12 06:59:48.843 10 INFO neutron.wsgi [None req-c53317bb-a5f6-4744-b68c-3e8e7095020c 490c1937f7d24d67bb2a9e4e462d39a3 10cf8540bc25484891d1e414e3f048b4 - - default default] 199.204.45.240 "GET /v2.0/networks/dd1aeec4-746d-40d2-b886-4964da23f81e HTTP/1.1" status: 200 len: 1001 time: 0.0924687
2026-05-12 06:59:48.888 10 INFO neutron.wsgi [req-32527bbb-8852-4e86-9f62-54e177994c57 req-b49e236b-8c76-4d74-bf4b-2ed9539ebc5c 17648714dcad4f5d97d9efd73e1f3fef 81e5b7a5f3004648b6ac9104fd2f8d92 - - 349ac089e2b34fea85a586e5335449d9 349ac089e2b34fea85a586e5335449d9] 199.204.45.240 "GET /v2.0/networks/dd1aeec4-746d-40d2-b886-4964da23f81e?fields=provider%3Aphysical_network&fields=provider%3Anetwork_type HTTP/1.1" status: 200 len: 277 time: 0.1023240
2026-05-12 06:59:48.901 10 INFO neutron.wsgi [None req-798d6ea6-95ca-4e26-91a1-863da9a68ddc 490c1937f7d24d67bb2a9e4e462d39a3 10cf8540bc25484891d1e414e3f048b4 - - default default] 199.204.45.240 "GET /v2.0/ports/d42b6266-364c-41fa-8548-d2968e5251c6 HTTP/1.1" status: 200 len: 1340 time: 0.0505149
2026-05-12 06:59:48.903 10 INFO neutron.notifiers.nova [-] Nova event matching ['req-73469c53-d555-44bf-b7ae-e290ff720c8d'] response: {'server_uuid': '9cb07b9c-f72e-4236-9e21-882e17b9e801', 'name': 'network-vif-unplugged', 'status': 'completed', 'tag': '0bd84f04-470c-4e16-a094-a3499b5991e2', 'code': 200}
2026-05-12 06:59:48.903 10 INFO neutron.notifiers.nova [-] Nova event matching ['req-73469c53-d555-44bf-b7ae-e290ff720c8d'] response: {'server_uuid': '9cb07b9c-f72e-4236-9e21-882e17b9e801', 'name': 'network-vif-plugged', 'status': 'completed', 'tag': '0bd84f04-470c-4e16-a094-a3499b5991e2', 'code': 200}
2026-05-12 06:59:48.904 10 INFO neutron.notifiers.nova [-] Nova event matching ['req-73469c53-d555-44bf-b7ae-e290ff720c8d'] response: {'server_uuid': '9cb07b9c-f72e-4236-9e21-882e17b9e801', 'name': 'network-vif-deleted', 'tag': '0bd84f04-470c-4e16-a094-a3499b5991e2', 'status': 'completed', 'code': 200}
2026-05-12 06:59:48.939 10 INFO neutron.wsgi [req-32527bbb-8852-4e86-9f62-54e177994c57 req-c384155f-44d1-457a-9278-43fbf570381f 17648714dcad4f5d97d9efd73e1f3fef 81e5b7a5f3004648b6ac9104fd2f8d92 - - 349ac089e2b34fea85a586e5335449d9 349ac089e2b34fea85a586e5335449d9] 199.204.45.240 "GET /v2.0/floatingips?fixed_ip_address=10.2.1.44&port_id=c9245c5f-2062-44b1-ab33-e846796049fb HTTP/1.1" status: 200 len: 217 time: 0.0430350
2026-05-12 06:59:48.981 10 INFO neutron.wsgi [None req-a0ed0b57-e7cd-4bde-9fe7-a31bf636c314 490c1937f7d24d67bb2a9e4e462d39a3 10cf8540bc25484891d1e414e3f048b4 - - default default] 199.204.45.240 "GET /v2.0/subnets/faf44aec-1e92-4880-a654-7275876af37b HTTP/1.1" status: 200 len: 850 time: 0.0707521
2026-05-12 06:59:48.992 10 INFO neutron.wsgi [req-32527bbb-8852-4e86-9f62-54e177994c57 req-46a95dfe-2ac3-41e5-a981-89998a5d4264 17648714dcad4f5d97d9efd73e1f3fef 81e5b7a5f3004648b6ac9104fd2f8d92 - - 349ac089e2b34fea85a586e5335449d9 349ac089e2b34fea85a586e5335449d9] 199.204.45.240 "GET /v2.0/subnets?id=d4d08fd1-e919-4a27-a1a6-f7219ef066ec HTTP/1.1" status: 200 len: 852 time: 0.0442736
2026-05-12 06:59:49.020 10 INFO neutron.wsgi [req-32527bbb-8852-4e86-9f62-54e177994c57 req-6859dbb3-f755-4365-b4a5-0cf57f7660d9 17648714dcad4f5d97d9efd73e1f3fef 81e5b7a5f3004648b6ac9104fd2f8d92 - - 349ac089e2b34fea85a586e5335449d9 349ac089e2b34fea85a586e5335449d9] 199.204.45.240 "GET /v2.0/ports?network_id=c420a4bd-a758-4921-a055-564866f45dcb&device_owner=network%3Adhcp HTTP/1.1" status: 200 len: 210 time: 0.0229642
2026-05-12 06:59:49.093 10 INFO neutron.wsgi [req-32527bbb-8852-4e86-9f62-54e177994c57 req-0f7d43a7-f98d-4cbf-8f33-e56776fcf673 17648714dcad4f5d97d9efd73e1f3fef 81e5b7a5f3004648b6ac9104fd2f8d92 - - 349ac089e2b34fea85a586e5335449d9 349ac089e2b34fea85a586e5335449d9] 199.204.45.240 "GET /v2.0/networks/c420a4bd-a758-4921-a055-564866f45dcb?fields=segments HTTP/1.1" status: 200 len: 212 time: 0.0666940
2026-05-12 06:59:49.184 10 INFO neutron.wsgi [req-32527bbb-8852-4e86-9f62-54e177994c57 req-f799ec16-9d7d-43e6-9da6-efc1b495a54c 17648714dcad4f5d97d9efd73e1f3fef 81e5b7a5f3004648b6ac9104fd2f8d92 - - 349ac089e2b34fea85a586e5335449d9 349ac089e2b34fea85a586e5335449d9] 199.204.45.240 "GET /v2.0/networks/c420a4bd-a758-4921-a055-564866f45dcb?fields=provider%3Aphysical_network&fields=provider%3Anetwork_type HTTP/1.1" status: 200 len: 277 time: 0.0844491
2026-05-12 06:59:51.664 10 INFO neutron.wsgi [None req-7522fede-4e8a-4283-a46f-d318c5eaf8bf 490c1937f7d24d67bb2a9e4e462d39a3 10cf8540bc25484891d1e414e3f048b4 - - default default] 199.204.45.240 "GET /v2.0/extensions/security-group HTTP/1.1" status: 200 len: 369 time: 0.0062842
2026-05-12 06:59:51.673 10 INFO neutron.wsgi [None req-297047a2-e6da-41d6-a9e0-3f537f5baee7 490c1937f7d24d67bb2a9e4e462d39a3 10cf8540bc25484891d1e414e3f048b4 - - default default] 199.204.45.240 "GET /v2.0/extensions/dns-integration HTTP/1.1" status: 200 len: 371 time: 0.0044546
2026-05-12 06:59:51.683 10 INFO neutron.wsgi [None req-61f0cc22-eaa5-40e5-8cfa-1d88dc50a308 490c1937f7d24d67bb2a9e4e462d39a3 10cf8540bc25484891d1e414e3f048b4 - - default default] 199.204.45.240 "GET /v2.0/extensions/qos HTTP/1.1" status: 200 len: 365 time: 0.0049450
2026-05-12 06:59:51.692 10 INFO neutron.wsgi [None req-ff861081-fff0-46d9-8987-966e78a43e75 490c1937f7d24d67bb2a9e4e462d39a3 10cf8540bc25484891d1e414e3f048b4 - - default default] 199.204.45.240 "GET /v2.0/extensions/allowed-address-pairs HTTP/1.1" status: 200 len: 383 time: 0.0046692
2026-05-12 06:59:51.745 10 INFO neutron.wsgi [None req-0d94c703-e7f7-4b73-b292-1e0714128805 490c1937f7d24d67bb2a9e4e462d39a3 10cf8540bc25484891d1e414e3f048b4 - - default default] 199.204.45.240 "GET /v2.0/ports?device_id=9cb07b9c-f72e-4236-9e21-882e17b9e801 HTTP/1.1" status: 200 len: 3918 time: 0.0488105
2026-05-12 06:59:52.074 10 INFO neutron.wsgi [None req-e288e420-b8e5-45ff-bda5-5b21e1c317f8 490c1937f7d24d67bb2a9e4e462d39a3 10cf8540bc25484891d1e414e3f048b4 - - default default] 199.204.45.240 "GET /v2.0/extensions/security-group HTTP/1.1" status: 200 len: 369 time: 0.0086019
2026-05-12 06:59:52.088 10 INFO neutron.wsgi [None req-2c07a6a3-1cdd-4df3-bba5-9a4ef1584218 490c1937f7d24d67bb2a9e4e462d39a3 10cf8540bc25484891d1e414e3f048b4 - - default default] 199.204.45.240 "GET /v2.0/extensions/dns-integration HTTP/1.1" status: 200 len: 371 time: 0.0078058
2026-05-12 06:59:52.104 10 INFO neutron.wsgi [None req-190593a6-0500-43a7-9a3e-58ad12b62e2b 490c1937f7d24d67bb2a9e4e462d39a3 10cf8540bc25484891d1e414e3f048b4 - - default default] 199.204.45.240 "GET /v2.0/extensions/qos HTTP/1.1" status: 200 len: 365 time: 0.0095911
2026-05-12 06:59:52.120 10 INFO neutron.wsgi [None req-f8891111-d6aa-4888-b761-2e9403e20078 490c1937f7d24d67bb2a9e4e462d39a3 10cf8540bc25484891d1e414e3f048b4 - - default default] 199.204.45.240 "GET /v2.0/extensions/allowed-address-pairs HTTP/1.1" status: 200 len: 383 time: 0.0085518
2026-05-12 06:59:52.167 10 INFO neutron.wsgi [None req-7a1cc6b6-e46a-42c5-b42d-fbf963d46ffc 490c1937f7d24d67bb2a9e4e462d39a3 10cf8540bc25484891d1e414e3f048b4 - - default default] 199.204.45.240 "GET /v2.0/ports/c9245c5f-2062-44b1-ab33-e846796049fb HTTP/1.1" status: 200 len: 1402 time: 0.0382915
2026-05-12 06:59:52.650 10 INFO neutron.db.ovn_revision_numbers_db [None req-7c45b491-9328-40f6-bb94-78c4aba8d26d 490c1937f7d24d67bb2a9e4e462d39a3 10cf8540bc25484891d1e414e3f048b4 - - default default] Successfully bumped revision number for resource c9245c5f-2062-44b1-ab33-e846796049fb (type: ports) to 6
2026-05-12 06:59:52.664 10 INFO neutron.wsgi [None req-7c45b491-9328-40f6-bb94-78c4aba8d26d 490c1937f7d24d67bb2a9e4e462d39a3 10cf8540bc25484891d1e414e3f048b4 - - default default] 199.204.45.240 "PUT /v2.0/ports/c9245c5f-2062-44b1-ab33-e846796049fb HTTP/1.1" status: 200 len: 1203 time: 0.4904814 /var/lib/openstack/lib/python3.10/site-packages/pycadf/identifier.py:71: UserWarning: Invalid uuid: neutron. To ensure interoperability, identifiers should be a valid uuid. warnings.warn(('Invalid uuid: %s. To ensure interoperability, '
2026-05-12 06:59:52.714 10 INFO neutron.notifiers.nova [-] Nova event matching ['req-3138786a-a1fb-483d-aaed-599f3f7aac4c'] response: {'name': 'network-changed', 'server_uuid': '9cb07b9c-f72e-4236-9e21-882e17b9e801', 'tag': 'c9245c5f-2062-44b1-ab33-e846796049fb', 'status': 'completed', 'code': 200}
2026-05-12 06:59:52.756 10 INFO neutron.wsgi [None req-2a9fb78d-6f7c-43ea-8e93-bdd3aece449f 490c1937f7d24d67bb2a9e4e462d39a3 10cf8540bc25484891d1e414e3f048b4 - - default default] 199.204.45.240 "GET /v2.0/networks/c420a4bd-a758-4921-a055-564866f45dcb HTTP/1.1" status: 200 len: 999 time: 0.0853856
2026-05-12 06:59:52.787 10 INFO neutron.wsgi [req-91faee8d-c006-4040-b37f-59a19fce22b4 req-07bb331d-2510-4a43-96a6-19f266f68d2f 17648714dcad4f5d97d9efd73e1f3fef 81e5b7a5f3004648b6ac9104fd2f8d92 - - 349ac089e2b34fea85a586e5335449d9 349ac089e2b34fea85a586e5335449d9] 199.204.45.240 "GET /v2.0/ports?tenant_id=10cf8540bc25484891d1e414e3f048b4&device_id=9cb07b9c-f72e-4236-9e21-882e17b9e801 HTTP/1.1" status: 200 len: 3747 time: 0.0556521
2026-05-12 06:59:52.838 10 INFO neutron.wsgi [None req-2458e3f7-83aa-4ac7-8478-2fa303a6010a 490c1937f7d24d67bb2a9e4e462d39a3 10cf8540bc25484891d1e414e3f048b4 - - default default] 199.204.45.240 "GET /v2.0/ports?device_id=9cb07b9c-f72e-4236-9e21-882e17b9e801 HTTP/1.1" status: 200 len: 3747 time: 0.0738039
2026-05-12 06:59:52.885 10 INFO neutron.wsgi [req-91faee8d-c006-4040-b37f-59a19fce22b4 req-cc37c1a4-bcd4-47cd-8c2d-4933817aedfe 17648714dcad4f5d97d9efd73e1f3fef 81e5b7a5f3004648b6ac9104fd2f8d92 - - 349ac089e2b34fea85a586e5335449d9 349ac089e2b34fea85a586e5335449d9] 199.204.45.240 "GET /v2.0/networks?id=c420a4bd-a758-4921-a055-564866f45dcb HTTP/1.1" status: 200 len: 1002 time: 0.0896401
2026-05-12 06:59:52.982 10 INFO neutron.wsgi [None req-d7f66a1f-0b15-419e-bd93-e4463ee39ef2 490c1937f7d24d67bb2a9e4e462d39a3 10cf8540bc25484891d1e414e3f048b4 - - default default] 199.204.45.240 "GET /v2.0/ports?device_id=9cb07b9c-f72e-4236-9e21-882e17b9e801 HTTP/1.1" status: 200 len: 3747 time: 0.0448811
2026-05-12 06:59:52.988 10 INFO neutron.wsgi [req-91faee8d-c006-4040-b37f-59a19fce22b4 req-1cf1c763-359f-4d51-be9d-c8ea924dde01 17648714dcad4f5d97d9efd73e1f3fef 81e5b7a5f3004648b6ac9104fd2f8d92 - - 349ac089e2b34fea85a586e5335449d9 349ac089e2b34fea85a586e5335449d9] 199.204.45.240 "GET /v2.0/networks/c420a4bd-a758-4921-a055-564866f45dcb?fields=segments HTTP/1.1" status: 200 len: 212 time: 0.0948615
