2026-05-12 06:55:26.957 9 WARNING neutron.scheduler.dhcp_agent_scheduler [None req-bccb18b2-6958-4ced-8895-c9e08ad1aa63 dc81d8e1e0fa484689c0d45cd8a6de29 b8d41d4f94d6492a8cf4545851933950 - - default default] No more DHCP agents
2026-05-12 06:55:26.960 9 WARNING neutron.api.rpc.agentnotifiers.dhcp_rpc_agent_api [None req-bccb18b2-6958-4ced-8895-c9e08ad1aa63 dc81d8e1e0fa484689c0d45cd8a6de29 b8d41d4f94d6492a8cf4545851933950 - - default default] Unable to schedule network 552b01e5-13b8-46ae-a552-97f6331334d3: no agents available; will retry on subsequent port and subnet creation events.
2026-05-12 06:55:27.070 9 INFO neutron.db.ovn_revision_numbers_db [None req-bccb18b2-6958-4ced-8895-c9e08ad1aa63 dc81d8e1e0fa484689c0d45cd8a6de29 b8d41d4f94d6492a8cf4545851933950 - - default default] Successfully bumped revision number for resource ba901b25-820c-4106-9291-6ce09fced0b4 (type: ports) to 1
2026-05-12 06:55:27.104 9 INFO neutron.wsgi [None req-bccb18b2-6958-4ced-8895-c9e08ad1aa63 dc81d8e1e0fa484689c0d45cd8a6de29 b8d41d4f94d6492a8cf4545851933950 - - default default] 10.0.0.81 "POST /v2.0/networks HTTP/1.1" status: 201 len: 829 time: 0.9971509
2026-05-12 06:55:27.118 9 WARNING neutron_lib.context [None req-65f50d92-181f-490a-983c-df9da392f9f1 dc81d8e1e0fa484689c0d45cd8a6de29 b8d41d4f94d6492a8cf4545851933950 - - default default] Method 'is_advsvc' is deprecated since 2023.2 release (neutron-lib 3.8.0) and will be removed once support for the old RBAC API policies will be removed from Neutron. Please use method 'is_service_role' instead.
2026-05-12 06:55:27.213 9 INFO neutron.db.segments_db [None req-65f50d92-181f-490a-983c-df9da392f9f1 dc81d8e1e0fa484689c0d45cd8a6de29 b8d41d4f94d6492a8cf4545851933950 - - default default] Added segment d9c2c935-e02c-4ae4-bb67-8006e14b583d of type geneve for network 42acf54e-8529-44f0-bcf3-35b2ecd8f46c
2026-05-12 06:55:27.412 10 INFO neutron.db.l3_db [None req-3200ce3e-3402-4e91-b9ed-8c6df9f248ec ae2495a0784a42c3ba823bb2d713ba15 44519632d6684109953568832215998b - - default default] Floating IP de5cc3a0-9422-4d22-b6c6-9c37f821bb52 associated. External IP: 10.96.250.206, port: cf94c467-ee49-44c7-af8a-800ded25956b.
2026-05-12 06:55:27.721 10 INFO neutron.db.ovn_revision_numbers_db [None req-3200ce3e-3402-4e91-b9ed-8c6df9f248ec ae2495a0784a42c3ba823bb2d713ba15 44519632d6684109953568832215998b - - default default] Successfully bumped revision number for resource de5cc3a0-9422-4d22-b6c6-9c37f821bb52 (type: floatingips) to 0
2026-05-12 06:55:27.759 9 INFO neutron.db.ovn_revision_numbers_db [None req-65f50d92-181f-490a-983c-df9da392f9f1 dc81d8e1e0fa484689c0d45cd8a6de29 b8d41d4f94d6492a8cf4545851933950 - - default default] Successfully bumped revision number for resource 42acf54e-8529-44f0-bcf3-35b2ecd8f46c (type: networks) to 1
2026-05-12 06:55:27.860 10 INFO neutron.db.ovn_revision_numbers_db [None req-3200ce3e-3402-4e91-b9ed-8c6df9f248ec ae2495a0784a42c3ba823bb2d713ba15 44519632d6684109953568832215998b - - default default] Successfully bumped revision number for resource de5cc3a0-9422-4d22-b6c6-9c37f821bb52 (type: floatingips) to 1
2026-05-12 06:55:27.928 10 INFO neutron.wsgi [None req-3200ce3e-3402-4e91-b9ed-8c6df9f248ec ae2495a0784a42c3ba823bb2d713ba15 44519632d6684109953568832215998b - - default default] 10.0.0.81 "POST /v2.0/floatingips HTTP/1.1" status: 201 len: 1054 time: 1.3932822 /var/lib/openstack/lib/python3.10/site-packages/pycadf/identifier.py:71: UserWarning: Invalid uuid: neutron. To ensure interoperability, identifiers should be a valid uuid. warnings.warn(('Invalid uuid: %s. To ensure interoperability, '
2026-05-12 06:55:27.972 10 INFO neutron.notifiers.nova [-] Nova event matching ['req-2c73048f-676a-4e2d-8f4d-10dca75ad6cd'] response: {'name': 'network-changed', 'server_uuid': '565a5f91-87bf-42b3-84f8-cfdc96d328c1', 'tag': 'cf94c467-ee49-44c7-af8a-800ded25956b', 'status': 'completed', 'code': 200}
2026-05-12 06:55:27.998 10 INFO neutron.wsgi [None req-2d382c29-35a2-4f54-9197-2166c548313a ae2495a0784a42c3ba823bb2d713ba15 44519632d6684109953568832215998b - - default default] 10.0.0.81 "GET /v2.0/floatingips/de5cc3a0-9422-4d22-b6c6-9c37f821bb52 HTTP/1.1" status: 200 len: 1051 time: 0.0603905
2026-05-12 06:55:28.058 9 WARNING neutron.scheduler.dhcp_agent_scheduler [None req-65f50d92-181f-490a-983c-df9da392f9f1 dc81d8e1e0fa484689c0d45cd8a6de29 b8d41d4f94d6492a8cf4545851933950 - - default default] No more DHCP agents
2026-05-12 06:55:28.064 9 WARNING neutron.api.rpc.agentnotifiers.dhcp_rpc_agent_api [None req-65f50d92-181f-490a-983c-df9da392f9f1 dc81d8e1e0fa484689c0d45cd8a6de29 b8d41d4f94d6492a8cf4545851933950 - - default default] Unable to schedule network 42acf54e-8529-44f0-bcf3-35b2ecd8f46c: no agents available; will retry on subsequent port and subnet creation events.
2026-05-12 06:55:28.076 9 INFO neutron.wsgi [req-25dd58b1-5b80-48fc-8c6f-089deb81aeef req-44892e59-85af-42ad-871d-1d55d389c6c8 17648714dcad4f5d97d9efd73e1f3fef 81e5b7a5f3004648b6ac9104fd2f8d92 - - 349ac089e2b34fea85a586e5335449d9 349ac089e2b34fea85a586e5335449d9] 199.204.45.240 "GET /v2.0/ports?tenant_id=44519632d6684109953568832215998b&device_id=565a5f91-87bf-42b3-84f8-cfdc96d328c1 HTTP/1.1" status: 200 len: 1409 time: 0.0731981
2026-05-12 06:55:28.200 9 INFO neutron.wsgi [req-25dd58b1-5b80-48fc-8c6f-089deb81aeef req-16d4077a-af7a-48fc-ada4-8a8bf3a3cab6 17648714dcad4f5d97d9efd73e1f3fef 81e5b7a5f3004648b6ac9104fd2f8d92 - - 349ac089e2b34fea85a586e5335449d9 349ac089e2b34fea85a586e5335449d9] 199.204.45.240 "GET /v2.0/networks?id=292e5d4d-30d0-41d8-b9b4-c68ddb345d12 HTTP/1.1" status: 200 len: 958 time: 0.1152508
2026-05-12 06:55:28.237 9 INFO neutron.db.ovn_revision_numbers_db [None req-65f50d92-181f-490a-983c-df9da392f9f1 dc81d8e1e0fa484689c0d45cd8a6de29 b8d41d4f94d6492a8cf4545851933950 - - default default] Successfully bumped revision number for resource a9b76f39-f285-46c0-aadb-2f8c75249418 (type: ports) to 1
2026-05-12 06:55:28.272 9 INFO neutron.wsgi [None req-65f50d92-181f-490a-983c-df9da392f9f1 dc81d8e1e0fa484689c0d45cd8a6de29 b8d41d4f94d6492a8cf4545851933950 - - default default] 10.0.0.81 "POST /v2.0/networks HTTP/1.1" status: 201 len: 831 time: 1.1601651
2026-05-12 06:55:28.276 9 INFO neutron.wsgi [req-25dd58b1-5b80-48fc-8c6f-089deb81aeef req-eff05576-cfd8-4376-9a3d-99f51e572579 17648714dcad4f5d97d9efd73e1f3fef 81e5b7a5f3004648b6ac9104fd2f8d92 - - 349ac089e2b34fea85a586e5335449d9 349ac089e2b34fea85a586e5335449d9] 199.204.45.240 "GET /v2.0/floatingips?fixed_ip_address=10.100.0.8&port_id=cf94c467-ee49-44c7-af8a-800ded25956b HTTP/1.1" status: 200 len: 1059 time: 0.0690286
2026-05-12 06:55:28.282 9 WARNING neutron_lib.context [None req-eb775467-be0a-436f-909b-6038a4c108d8 dc81d8e1e0fa484689c0d45cd8a6de29 b8d41d4f94d6492a8cf4545851933950 - - default default] Method 'is_advsvc' is deprecated since 2023.2 release (neutron-lib 3.8.0) and will be removed once support for the old RBAC API policies will be removed from Neutron. Please use method 'is_service_role' instead.
2026-05-12 06:55:28.331 9 INFO neutron.wsgi [req-25dd58b1-5b80-48fc-8c6f-089deb81aeef req-4b795dca-493b-4075-8f69-1824ed24a95d 17648714dcad4f5d97d9efd73e1f3fef 81e5b7a5f3004648b6ac9104fd2f8d92 - - 349ac089e2b34fea85a586e5335449d9 349ac089e2b34fea85a586e5335449d9] 199.204.45.240 "GET /v2.0/subnets?id=589985a0-a853-4bc6-b10d-5f26a032f28e HTTP/1.1" status: 200 len: 853 time: 0.0428472
2026-05-12 06:55:28.362 9 INFO neutron.wsgi [req-25dd58b1-5b80-48fc-8c6f-089deb81aeef req-18a9064c-1c32-4822-8136-c1306e6b92e1 17648714dcad4f5d97d9efd73e1f3fef 81e5b7a5f3004648b6ac9104fd2f8d92 - - 349ac089e2b34fea85a586e5335449d9 349ac089e2b34fea85a586e5335449d9] 199.204.45.240 "GET /v2.0/ports?network_id=292e5d4d-30d0-41d8-b9b4-c68ddb345d12&device_owner=network%3Adhcp HTTP/1.1" status: 200 len: 210 time: 0.0261095
2026-05-12 06:55:28.410 9 INFO neutron.db.segments_db [None req-eb775467-be0a-436f-909b-6038a4c108d8 dc81d8e1e0fa484689c0d45cd8a6de29 b8d41d4f94d6492a8cf4545851933950 - - default default] Added segment 33b52dc9-fb50-4612-a146-105d697bc399 of type geneve for network ca295b9b-04f0-4556-be5b-635706f5a91b
2026-05-12 06:55:28.478 9 INFO neutron.wsgi [req-25dd58b1-5b80-48fc-8c6f-089deb81aeef req-1ef3fc97-be14-4d98-b2b4-c0b036a014d9 17648714dcad4f5d97d9efd73e1f3fef 81e5b7a5f3004648b6ac9104fd2f8d92 - - 349ac089e2b34fea85a586e5335449d9 349ac089e2b34fea85a586e5335449d9] 199.204.45.240 "GET /v2.0/networks/292e5d4d-30d0-41d8-b9b4-c68ddb345d12?fields=segments HTTP/1.1" status: 200 len: 212 time: 0.1083205
2026-05-12 06:55:28.631 9 INFO neutron.wsgi [req-25dd58b1-5b80-48fc-8c6f-089deb81aeef req-c9f87e60-3e4a-432c-9083-2ff361d04e4f 17648714dcad4f5d97d9efd73e1f3fef 81e5b7a5f3004648b6ac9104fd2f8d92 - - 349ac089e2b34fea85a586e5335449d9 349ac089e2b34fea85a586e5335449d9] 199.204.45.240 "GET /v2.0/networks/292e5d4d-30d0-41d8-b9b4-c68ddb345d12?fields=provider%3Aphysical_network&fields=provider%3Anetwork_type HTTP/1.1" status: 200 len: 277 time: 0.1419806
2026-05-12 06:55:28.688 9 INFO neutron.db.ovn_revision_numbers_db [None req-eb775467-be0a-436f-909b-6038a4c108d8 dc81d8e1e0fa484689c0d45cd8a6de29 b8d41d4f94d6492a8cf4545851933950 - - default default] Successfully bumped revision number for resource ca295b9b-04f0-4556-be5b-635706f5a91b (type: networks) to 1
2026-05-12 06:55:28.896 9 WARNING neutron.scheduler.dhcp_agent_scheduler [None req-eb775467-be0a-436f-909b-6038a4c108d8 dc81d8e1e0fa484689c0d45cd8a6de29 b8d41d4f94d6492a8cf4545851933950 - - default default] No more DHCP agents
2026-05-12 06:55:28.900 9 WARNING neutron.api.rpc.agentnotifiers.dhcp_rpc_agent_api [None req-eb775467-be0a-436f-909b-6038a4c108d8 dc81d8e1e0fa484689c0d45cd8a6de29 b8d41d4f94d6492a8cf4545851933950 - - default default] Unable to schedule network ca295b9b-04f0-4556-be5b-635706f5a91b: no agents available; will retry on subsequent port and subnet creation events.
2026-05-12 06:55:29.003 9 INFO neutron.db.ovn_revision_numbers_db [None req-eb775467-be0a-436f-909b-6038a4c108d8 dc81d8e1e0fa484689c0d45cd8a6de29 b8d41d4f94d6492a8cf4545851933950 - - default default] Successfully bumped revision number for resource b3c8b423-69b7-45c4-a153-5453896addee (type: ports) to 1
2026-05-12 06:55:29.030 9 INFO neutron.wsgi [None req-eb775467-be0a-436f-909b-6038a4c108d8 dc81d8e1e0fa484689c0d45cd8a6de29 b8d41d4f94d6492a8cf4545851933950 - - default default] 10.0.0.81 "POST /v2.0/networks HTTP/1.1" status: 201 len: 830 time: 0.7517276
2026-05-12 06:55:29.040 9 WARNING neutron_lib.context [None req-7786b45d-42de-40c2-84aa-9bd935c0cff2 dc81d8e1e0fa484689c0d45cd8a6de29 b8d41d4f94d6492a8cf4545851933950 - - default default] Method 'is_advsvc' is deprecated since 2023.2 release (neutron-lib 3.8.0) and will be removed once support for the old RBAC API policies will be removed from Neutron. Please use method 'is_service_role' instead.
2026-05-12 06:55:29.153 9 INFO neutron.db.segments_db [None req-7786b45d-42de-40c2-84aa-9bd935c0cff2 dc81d8e1e0fa484689c0d45cd8a6de29 b8d41d4f94d6492a8cf4545851933950 - - default default] Added segment 66d6558c-a48a-4c08-aba1-84800563b0cf of type geneve for network bd0fc693-5967-4dc1-bcdc-eb8d4644f2f6
2026-05-12 06:55:29.330 9 INFO neutron.db.ovn_revision_numbers_db [None req-7786b45d-42de-40c2-84aa-9bd935c0cff2 dc81d8e1e0fa484689c0d45cd8a6de29 b8d41d4f94d6492a8cf4545851933950 - - default default] Successfully bumped revision number for resource bd0fc693-5967-4dc1-bcdc-eb8d4644f2f6 (type: networks) to 1
2026-05-12 06:55:29.549 9 WARNING neutron.scheduler.dhcp_agent_scheduler [None req-7786b45d-42de-40c2-84aa-9bd935c0cff2 dc81d8e1e0fa484689c0d45cd8a6de29 b8d41d4f94d6492a8cf4545851933950 - - default default] No more DHCP agents
2026-05-12 06:55:29.552 9 WARNING neutron.api.rpc.agentnotifiers.dhcp_rpc_agent_api [None req-7786b45d-42de-40c2-84aa-9bd935c0cff2 dc81d8e1e0fa484689c0d45cd8a6de29 b8d41d4f94d6492a8cf4545851933950 - - default default] Unable to schedule network bd0fc693-5967-4dc1-bcdc-eb8d4644f2f6: no agents available; will retry on subsequent port and subnet creation events.
2026-05-12 06:55:29.663 9 INFO neutron.db.ovn_revision_numbers_db [None req-7786b45d-42de-40c2-84aa-9bd935c0cff2 dc81d8e1e0fa484689c0d45cd8a6de29 b8d41d4f94d6492a8cf4545851933950 - - default default] Successfully bumped revision number for resource e28503e0-ff0d-42a5-81cd-d86fb46b8991 (type: ports) to 1
2026-05-12 06:55:29.685 9 INFO neutron.wsgi [None req-7786b45d-42de-40c2-84aa-9bd935c0cff2 dc81d8e1e0fa484689c0d45cd8a6de29 b8d41d4f94d6492a8cf4545851933950 - - default default] 10.0.0.81 "POST /v2.0/networks HTTP/1.1" status: 201 len: 831 time: 0.6491561
2026-05-12 06:55:29.696 9 WARNING neutron_lib.context [None req-1bf412eb-807e-44d7-aa2a-ded31bb02094 dc81d8e1e0fa484689c0d45cd8a6de29 b8d41d4f94d6492a8cf4545851933950 - - default default] Method 'is_advsvc' is deprecated since 2023.2 release (neutron-lib 3.8.0) and will be removed once support for the old RBAC API policies will be removed from Neutron. Please use method 'is_service_role' instead.
2026-05-12 06:55:29.789 9 INFO neutron.db.segments_db [None req-1bf412eb-807e-44d7-aa2a-ded31bb02094 dc81d8e1e0fa484689c0d45cd8a6de29 b8d41d4f94d6492a8cf4545851933950 - - default default] Added segment 9307d9c7-a900-49b5-a3dc-782936cd1812 of type geneve for network 9e8cf5c3-5f3c-4e5d-9da0-526d40dde06a
2026-05-12 06:55:29.961 9 INFO neutron.db.ovn_revision_numbers_db [None req-1bf412eb-807e-44d7-aa2a-ded31bb02094 dc81d8e1e0fa484689c0d45cd8a6de29 b8d41d4f94d6492a8cf4545851933950 - - default default] Successfully bumped revision number for resource 9e8cf5c3-5f3c-4e5d-9da0-526d40dde06a (type: networks) to 1
2026-05-12 06:55:30.144 9 WARNING neutron.scheduler.dhcp_agent_scheduler [None req-1bf412eb-807e-44d7-aa2a-ded31bb02094 dc81d8e1e0fa484689c0d45cd8a6de29 b8d41d4f94d6492a8cf4545851933950 - - default default] No more DHCP agents
2026-05-12 06:55:30.146 9 WARNING neutron.api.rpc.agentnotifiers.dhcp_rpc_agent_api [None req-1bf412eb-807e-44d7-aa2a-ded31bb02094 dc81d8e1e0fa484689c0d45cd8a6de29 b8d41d4f94d6492a8cf4545851933950 - - default default] Unable to schedule network 9e8cf5c3-5f3c-4e5d-9da0-526d40dde06a: no agents available; will retry on subsequent port and subnet creation events.
2026-05-12 06:55:30.241 9 INFO neutron.db.ovn_revision_numbers_db [None req-1bf412eb-807e-44d7-aa2a-ded31bb02094 dc81d8e1e0fa484689c0d45cd8a6de29 b8d41d4f94d6492a8cf4545851933950 - - default default] Successfully bumped revision number for resource f1b09f93-af6b-4f90-af78-63ef3a74e891 (type: ports) to 1
2026-05-12 06:55:30.264 9 INFO neutron.wsgi [None req-1bf412eb-807e-44d7-aa2a-ded31bb02094 dc81d8e1e0fa484689c0d45cd8a6de29 b8d41d4f94d6492a8cf4545851933950 - - default default] 10.0.0.81 "POST /v2.0/networks HTTP/1.1" status: 201 len: 831 time: 0.5727372
2026-05-12 06:55:30.354 10 INFO neutron.wsgi [None req-7b680207-aaab-4f05-900a-cc464bce9844 dc81d8e1e0fa484689c0d45cd8a6de29 b8d41d4f94d6492a8cf4545851933950 - - default default] 10.0.0.81 "PUT /v2.0/networks/552b01e5-13b8-46ae-a552-97f6331334d3/tags HTTP/1.1" status: 200 len: 210 time: 0.0809078
2026-05-12 06:55:30.417 10 INFO neutron.wsgi [None req-b52fc001-33ba-4435-b655-2be0293a7af4 dc81d8e1e0fa484689c0d45cd8a6de29 b8d41d4f94d6492a8cf4545851933950 - - default default] 10.0.0.81 "PUT /v2.0/networks/42acf54e-8529-44f0-bcf3-35b2ecd8f46c/tags HTTP/1.1" status: 200 len: 218 time: 0.0568156
2026-05-12 06:55:30.482 10 INFO neutron.wsgi [None req-a47e765e-3d8a-4ddc-82ed-1b8dc1c16dae dc81d8e1e0fa484689c0d45cd8a6de29 b8d41d4f94d6492a8cf4545851933950 - - default default] 10.0.0.81 "PUT /v2.0/networks/ca295b9b-04f0-4556-be5b-635706f5a91b/tags HTTP/1.1" status: 200 len: 227 time: 0.0589283
2026-05-12 06:55:30.558 10 INFO neutron.wsgi [None req-5d9d4de9-dac9-4565-bc50-4f3ad01ab0b2 dc81d8e1e0fa484689c0d45cd8a6de29 b8d41d4f94d6492a8cf4545851933950 - - default default] 10.0.0.81 "PUT /v2.0/networks/bd0fc693-5967-4dc1-bcdc-eb8d4644f2f6/tags HTTP/1.1" status: 200 len: 212 time: 0.0698223
2026-05-12 06:55:30.658 9 INFO neutron.wsgi [None req-2f2729ce-cd28-4e4a-b9a8-2e643f55dd57 dc81d8e1e0fa484689c0d45cd8a6de29 b8d41d4f94d6492a8cf4545851933950 - - default default] 10.0.0.81 "GET /v2.0/networks?tags=red HTTP/1.1" status: 200 len: 2067 time: 0.0926588
2026-05-12 06:55:30.768 9 INFO neutron.wsgi [None req-312f1b6c-1809-4883-aab2-24bc618d602c dc81d8e1e0fa484689c0d45cd8a6de29 b8d41d4f94d6492a8cf4545851933950 - - default default] 10.0.0.81 "GET /v2.0/networks?tags=red%2Cblue HTTP/1.1" status: 200 len: 1456 time: 0.1046503
2026-05-12 06:55:30.867 9 INFO neutron.wsgi [None req-1ed9c591-2a97-4bfe-b5aa-f60401c709c1 dc81d8e1e0fa484689c0d45cd8a6de29 b8d41d4f94d6492a8cf4545851933950 - - default default] 10.0.0.81 "GET /v2.0/networks?tags-any=blue HTTP/1.1" status: 200 len: 1456 time: 0.0935757
2026-05-12 06:55:30.949 9 INFO neutron.wsgi [None req-0871e066-888b-40f1-9a73-32c8465ab54c dc81d8e1e0fa484689c0d45cd8a6de29 b8d41d4f94d6492a8cf4545851933950 - - default default] 10.0.0.81 "GET /v2.0/networks?tags-any=red%2Cblue HTTP/1.1" status: 200 len: 2067 time: 0.0755868
2026-05-12 06:55:31.098 9 INFO neutron.wsgi [None req-84a0c0ec-8708-4bf0-99dc-e6c909704bef dc81d8e1e0fa484689c0d45cd8a6de29 b8d41d4f94d6492a8cf4545851933950 - - default default] 10.0.0.81 "GET /v2.0/networks?not-tags=red HTTP/1.1" status: 200 len: 2069 time: 0.1425450
2026-05-12 06:55:31.229 9 INFO neutron.wsgi [None req-fdff47b3-7dec-4548-80c4-51b7f11d15fc dc81d8e1e0fa484689c0d45cd8a6de29 b8d41d4f94d6492a8cf4545851933950 - - default default] 10.0.0.81 "GET /v2.0/networks?not-tags=red%2Cblue HTTP/1.1" status: 200 len: 2680 time: 0.1256106
2026-05-12 06:55:31.625 9 INFO neutron.wsgi [None req-71d25276-e0e9-4e2a-b597-781e0cfb6c11 dc81d8e1e0fa484689c0d45cd8a6de29 b8d41d4f94d6492a8cf4545851933950 - - default default] 10.0.0.81 "GET /v2.0/networks?not-tags-any=blue HTTP/1.1" status: 200 len: 2680 time: 0.3908255
2026-05-12 06:55:31.733 9 INFO neutron.wsgi [None req-3286a170-c1f7-4c8c-b6d1-3461ac7cf514 dc81d8e1e0fa484689c0d45cd8a6de29 b8d41d4f94d6492a8cf4545851933950 - - default default] 10.0.0.81 "GET /v2.0/networks?not-tags-any=red%2Cblue HTTP/1.1" status: 200 len: 2069 time: 0.1025596
2026-05-12 06:55:32.156 9 INFO neutron.services.segments.plugin [-] Segment e37cc71e-4f34-4914-95c8-e6e695634369 resource provider aggregate not found
2026-05-12 06:55:32.173 9 INFO neutron.services.segments.plugin [-] Segment e37cc71e-4f34-4914-95c8-e6e695634369 resource provider aggregate not found
2026-05-12 06:55:32.186 9 INFO neutron.services.segments.plugin [-] Segment e37cc71e-4f34-4914-95c8-e6e695634369 resource provider not found; error: Placement Client Error (4xx): {"errors": [{"status": 404, "title": "Not Found", "detail": "The resource could not be found.\n\n No resource provider with uuid e37cc71e-4f34-4914-95c8-e6e695634369 found for delete ", "request_id": "req-55b965e2-de2e-401f-8888-db44e71e2899"}]}
2026-05-12 06:55:32.192 9 INFO neutron.services.segments.plugin [-] Segment e37cc71e-4f34-4914-95c8-e6e695634369 resource provider not found; error: Placement Client Error (4xx): {"errors": [{"status": 404, "title": "Not Found", "detail": "The resource could not be found.\n\n No resource provider with uuid e37cc71e-4f34-4914-95c8-e6e695634369 found for delete ", "request_id": "req-1c171749-d88e-433b-9f86-c074cb074837"}]}
2026-05-12 06:55:32.220 9 INFO neutron.wsgi [None req-46b1daf9-68f5-49e2-ae3e-95056119733f dc81d8e1e0fa484689c0d45cd8a6de29 b8d41d4f94d6492a8cf4545851933950 - - default default] 10.0.0.81 "DELETE /v2.0/networks/552b01e5-13b8-46ae-a552-97f6331334d3 HTTP/1.1" status: 204 len: 168 time: 0.4797587
2026-05-12 06:55:32.614 10 INFO neutron.services.segments.plugin [-] Segment d9c2c935-e02c-4ae4-bb67-8006e14b583d resource provider aggregate not found
2026-05-12 06:55:32.619 10 INFO neutron.services.segments.plugin [-] Segment d9c2c935-e02c-4ae4-bb67-8006e14b583d resource provider aggregate not found
2026-05-12 06:55:32.635 10 INFO neutron.services.segments.plugin [-] Segment d9c2c935-e02c-4ae4-bb67-8006e14b583d resource provider not found; error: Placement Client Error (4xx): {"errors": [{"status": 404, "title": "Not Found", "detail": "The resource could not be found.\n\n No resource provider with uuid d9c2c935-e02c-4ae4-bb67-8006e14b583d found for delete ", "request_id": "req-d656392c-37a4-41a1-a2da-fe6f4cd08115"}]}
2026-05-12 06:55:32.648 10 INFO neutron.services.segments.plugin [-] Segment d9c2c935-e02c-4ae4-bb67-8006e14b583d resource provider not found; error: Placement Client Error (4xx): {"errors": [{"status": 404, "title": "Not Found", "detail": "The resource could not be found.\n\n No resource provider with uuid d9c2c935-e02c-4ae4-bb67-8006e14b583d found for delete ", "request_id": "req-b9f759e8-9e84-4c1b-83a8-e0aadad7791c"}]}
2026-05-12 06:55:32.674 10 INFO neutron.wsgi [None req-7688164b-2ce9-4914-8cb0-9688c1d8ff2c dc81d8e1e0fa484689c0d45cd8a6de29 b8d41d4f94d6492a8cf4545851933950 - - default default] 10.0.0.81 "DELETE /v2.0/networks/42acf54e-8529-44f0-bcf3-35b2ecd8f46c HTTP/1.1" status: 204 len: 168 time: 0.4482391
2026-05-12 06:55:33.310 9 INFO neutron.wsgi [None req-d7d0fafc-4f27-4c09-8300-ad688bc71754 dc81d8e1e0fa484689c0d45cd8a6de29 b8d41d4f94d6492a8cf4545851933950 - - default default] 10.0.0.81 "DELETE /v2.0/networks/ca295b9b-04f0-4556-be5b-635706f5a91b HTTP/1.1" status: 204 len: 168 time: 0.6300941
2026-05-12 06:55:34.038 10 INFO neutron.wsgi [None req-9b264507-71bf-47d8-a965-9d900c73ff3a dc81d8e1e0fa484689c0d45cd8a6de29 b8d41d4f94d6492a8cf4545851933950 - - default default] 10.0.0.81 "DELETE /v2.0/networks/bd0fc693-5967-4dc1-bcdc-eb8d4644f2f6 HTTP/1.1" status: 204 len: 168 time: 0.7203367
2026-05-12 06:55:34.222 9 INFO neutron.services.segments.plugin [-] Segment 33b52dc9-fb50-4612-a146-105d697bc399 resource provider aggregate not found
2026-05-12 06:55:34.241 9 INFO neutron.services.segments.plugin [-] Segment 33b52dc9-fb50-4612-a146-105d697bc399 resource provider not found; error: Placement Client Error (4xx): {"errors": [{"status": 404, "title": "Not Found", "detail": "The resource could not be found.\n\n No resource provider with uuid 33b52dc9-fb50-4612-a146-105d697bc399 found for delete ", "request_id": "req-27a6a38d-91ec-4b03-b217-744db033e9f0"}]}
2026-05-12 06:55:34.285 9 INFO neutron.services.segments.plugin [-] Segment 33b52dc9-fb50-4612-a146-105d697bc399 resource provider aggregate not found
2026-05-12 06:55:34.331 9 INFO neutron.services.segments.plugin [-] Segment 33b52dc9-fb50-4612-a146-105d697bc399 resource provider not found; error: Placement Client Error (4xx): {"errors": [{"status": 404, "title": "Not Found", "detail": "The resource could not be found.\n\n No resource provider with uuid 33b52dc9-fb50-4612-a146-105d697bc399 found for delete ", "request_id": "req-12192d95-c409-4555-b2ad-8ed7917a018b"}]}
2026-05-12 06:55:34.595 9 INFO neutron.wsgi [None req-6651a490-ce14-4d68-b61a-d096ac7fa44a dc81d8e1e0fa484689c0d45cd8a6de29 b8d41d4f94d6492a8cf4545851933950 - - default default] 10.0.0.81 "DELETE /v2.0/networks/9e8cf5c3-5f3c-4e5d-9da0-526d40dde06a HTTP/1.1" status: 204 len: 168 time: 0.5493362
2026-05-12 06:55:34.655 10 INFO neutron.services.segments.plugin [-] Segment 66d6558c-a48a-4c08-aba1-84800563b0cf resource provider aggregate not found
2026-05-12 06:55:34.670 10 INFO neutron.services.segments.plugin [-] Segment 66d6558c-a48a-4c08-aba1-84800563b0cf resource provider aggregate not found
2026-05-12 06:55:34.679 10 INFO neutron.services.segments.plugin [-] Segment 66d6558c-a48a-4c08-aba1-84800563b0cf resource provider not found; error: Placement Client Error (4xx): {"errors": [{"status": 404, "title": "Not Found", "detail": "The resource could not be found.\n\n No resource provider with uuid 66d6558c-a48a-4c08-aba1-84800563b0cf found for delete ", "request_id": "req-97e64482-bb2c-43d9-8cd6-83a52d5115e4"}]}
2026-05-12 06:55:34.687 10 INFO neutron.services.segments.plugin [-] Segment 66d6558c-a48a-4c08-aba1-84800563b0cf resource provider not found; error: Placement Client Error (4xx): {"errors": [{"status": 404, "title": "Not Found", "detail": "The resource could not be found.\n\n No resource provider with uuid 66d6558c-a48a-4c08-aba1-84800563b0cf found for delete ", "request_id": "req-475840e8-d683-4d83-87b1-75ab04541264"}]}
2026-05-12 06:55:35.883 10 INFO neutron.db.ovn_revision_numbers_db [None req-792ed144-71bf-4e01-a233-e12c5ed7008a 490c1937f7d24d67bb2a9e4e462d39a3 10cf8540bc25484891d1e414e3f048b4 - - default default] Successfully bumped revision number for resource b0648df9-cbcf-4ffb-b60d-9379bcdb8789 (type: security_groups) to 1
2026-05-12 06:55:35.899 10 INFO neutron.db.ovn_revision_numbers_db [None req-792ed144-71bf-4e01-a233-e12c5ed7008a 490c1937f7d24d67bb2a9e4e462d39a3 10cf8540bc25484891d1e414e3f048b4 - - default default] Successfully bumped revision number for resource 0a940815-0130-4526-acae-c4a9152b70db (type: security_group_rules) to 0
2026-05-12 06:55:35.919 10 INFO neutron.db.ovn_revision_numbers_db [None req-792ed144-71bf-4e01-a233-e12c5ed7008a 490c1937f7d24d67bb2a9e4e462d39a3 10cf8540bc25484891d1e414e3f048b4 - - default default] Successfully bumped revision number for resource 569294d9-3a1a-4cb1-8dc4-47cd2ad59c93 (type: security_group_rules) to 0
2026-05-12 06:55:35.937 10 INFO neutron.db.ovn_revision_numbers_db [None req-792ed144-71bf-4e01-a233-e12c5ed7008a 490c1937f7d24d67bb2a9e4e462d39a3 10cf8540bc25484891d1e414e3f048b4 - - default default] Successfully bumped revision number for resource 84a6aaf1-0691-4f88-9728-838b197c07e2 (type: security_group_rules) to 0
2026-05-12 06:55:35.956 10 INFO neutron.db.ovn_revision_numbers_db [None req-792ed144-71bf-4e01-a233-e12c5ed7008a 490c1937f7d24d67bb2a9e4e462d39a3 10cf8540bc25484891d1e414e3f048b4 - - default default] Successfully bumped revision number for resource e3feb968-7158-4728-a650-f5ba7d2444b3 (type: security_group_rules) to 0
2026-05-12 06:55:35.989 10 INFO neutron.wsgi [None req-792ed144-71bf-4e01-a233-e12c5ed7008a 490c1937f7d24d67bb2a9e4e462d39a3 10cf8540bc25484891d1e414e3f048b4 - - default default] 10.0.0.81 "GET /v2.0/security-groups?tenant_id=7e5fa7806a3240f191de1692d15d8d65&name=default HTTP/1.1" status: 200 len: 2996 time: 0.4335599
2026-05-12 06:55:36.193 9 INFO neutron.wsgi [req-f0f0e5dc-8aa6-4f00-9afe-a007e860e705 req-40bed24f-d894-4393-a436-0cf977798bdc 17648714dcad4f5d97d9efd73e1f3fef 81e5b7a5f3004648b6ac9104fd2f8d92 - - 349ac089e2b34fea85a586e5335449d9 349ac089e2b34fea85a586e5335449d9] 199.204.45.240 "GET /v2.0/ports?device_id=565a5f91-87bf-42b3-84f8-cfdc96d328c1&fields=binding%3Ahost_id&fields=binding%3Avif_type HTTP/1.1" status: 200 len: 265 time: 0.0574782
2026-05-12 06:55:36.224 10 INFO neutron.wsgi [None req-7ed29612-83ec-4a8a-b361-d2fe879c6ab6 490c1937f7d24d67bb2a9e4e462d39a3 10cf8540bc25484891d1e414e3f048b4 - - default default] 10.0.0.81 "DELETE /v2.0/security-groups/b0648df9-cbcf-4ffb-b60d-9379bcdb8789 HTTP/1.1" status: 204 len: 168 time: 0.2276993
2026-05-12 06:55:36.270 9 INFO neutron.services.segments.plugin [-] Segment 9307d9c7-a900-49b5-a3dc-782936cd1812 resource provider aggregate not found
2026-05-12 06:55:36.288 9 INFO neutron.services.segments.plugin [-] Segment 9307d9c7-a900-49b5-a3dc-782936cd1812 resource provider not found; error: Placement Client Error (4xx): {"errors": [{"status": 404, "title": "Not Found", "detail": "The resource could not be found.\n\n No resource provider with uuid 9307d9c7-a900-49b5-a3dc-782936cd1812 found for delete ", "request_id": "req-e665d55d-12cc-469f-9548-2080e90695fa"}]}
2026-05-12 06:55:36.297 9 INFO neutron.wsgi [req-f0f0e5dc-8aa6-4f00-9afe-a007e860e705 req-96f9dbea-8170-47fa-a1a1-2f9c76187b3a 17648714dcad4f5d97d9efd73e1f3fef 81e5b7a5f3004648b6ac9104fd2f8d92 - - 349ac089e2b34fea85a586e5335449d9 349ac089e2b34fea85a586e5335449d9] 199.204.45.240 "GET /v2.0/ports?tenant_id=44519632d6684109953568832215998b&device_id=565a5f91-87bf-42b3-84f8-cfdc96d328c1 HTTP/1.1" status: 200 len: 1409 time: 0.0590689
2026-05-12 06:55:36.357 9 INFO neutron.services.segments.plugin [-] Segment 9307d9c7-a900-49b5-a3dc-782936cd1812 resource provider aggregate not found
2026-05-12 06:55:36.378 9 INFO neutron.services.segments.plugin [-] Segment 9307d9c7-a900-49b5-a3dc-782936cd1812 resource provider not found; error: Placement Client Error (4xx): {"errors": [{"status": 404, "title": "Not Found", "detail": "The resource could not be found.\n\n No resource provider with uuid 9307d9c7-a900-49b5-a3dc-782936cd1812 found for delete ", "request_id": "req-38624449-4470-4ba7-9374-2d2dad4e261f"}]}
2026-05-12 06:55:36.392 10 INFO neutron.wsgi [None req-616afb9e-b561-4f0c-b60a-b703701a2a49 490c1937f7d24d67bb2a9e4e462d39a3 10cf8540bc25484891d1e414e3f048b4 - - default default] 10.0.0.81 "GET /v2.0/security-groups?tenant_id=b8d41d4f94d6492a8cf4545851933950&name=default HTTP/1.1" status: 200 len: 2996 time: 0.0577691
2026-05-12 06:55:36.410 9 INFO neutron.wsgi [req-f0f0e5dc-8aa6-4f00-9afe-a007e860e705 req-449ad8a7-04cb-4200-b2bd-7045765e71a1 17648714dcad4f5d97d9efd73e1f3fef 81e5b7a5f3004648b6ac9104fd2f8d92 - - 349ac089e2b34fea85a586e5335449d9 349ac089e2b34fea85a586e5335449d9] 199.204.45.240 "GET /v2.0/networks?id=292e5d4d-30d0-41d8-b9b4-c68ddb345d12 HTTP/1.1" status: 200 len: 958 time: 0.0890291
2026-05-12 06:55:36.470 9 INFO neutron.wsgi [req-f0f0e5dc-8aa6-4f00-9afe-a007e860e705 req-c19a1d98-8658-4814-b68a-7f751cf050a5 17648714dcad4f5d97d9efd73e1f3fef 81e5b7a5f3004648b6ac9104fd2f8d92 - - 349ac089e2b34fea85a586e5335449d9 349ac089e2b34fea85a586e5335449d9] 199.204.45.240 "GET /v2.0/floatingips?fixed_ip_address=10.100.0.8&port_id=cf94c467-ee49-44c7-af8a-800ded25956b HTTP/1.1" status: 200 len: 1059 time: 0.0509362
2026-05-12 06:55:36.518 9 INFO neutron.wsgi [req-f0f0e5dc-8aa6-4f00-9afe-a007e860e705 req-c05e2691-fab4-4dd6-a1b0-52dc46fb2e7e 17648714dcad4f5d97d9efd73e1f3fef 81e5b7a5f3004648b6ac9104fd2f8d92 - - 349ac089e2b34fea85a586e5335449d9 349ac089e2b34fea85a586e5335449d9] 199.204.45.240 "GET /v2.0/subnets?id=589985a0-a853-4bc6-b10d-5f26a032f28e HTTP/1.1" status: 200 len: 853 time: 0.0431201
2026-05-12 06:55:36.565 9 INFO neutron.wsgi [req-f0f0e5dc-8aa6-4f00-9afe-a007e860e705 req-31574267-aa5a-4625-887c-644094183ee1 17648714dcad4f5d97d9efd73e1f3fef 81e5b7a5f3004648b6ac9104fd2f8d92 - - 349ac089e2b34fea85a586e5335449d9 349ac089e2b34fea85a586e5335449d9] 199.204.45.240 "GET /v2.0/ports?network_id=292e5d4d-30d0-41d8-b9b4-c68ddb345d12&device_owner=network%3Adhcp HTTP/1.1" status: 200 len: 210 time: 0.0415828
2026-05-12 06:55:36.611 10 INFO neutron.wsgi [None req-c825081a-7d46-48b7-81a1-84d0ab87e815 490c1937f7d24d67bb2a9e4e462d39a3 10cf8540bc25484891d1e414e3f048b4 - - default default] 10.0.0.81 "DELETE /v2.0/security-groups/3322a958-8bfb-4bc5-aa24-39b2a2ec9784 HTTP/1.1" status: 204 len: 168 time: 0.2137296
2026-05-12 06:55:36.660 9 INFO neutron.wsgi [req-f0f0e5dc-8aa6-4f00-9afe-a007e860e705 req-761c8e60-37e2-42a2-aebd-2cbc17315711 17648714dcad4f5d97d9efd73e1f3fef 81e5b7a5f3004648b6ac9104fd2f8d92 - - 349ac089e2b34fea85a586e5335449d9 349ac089e2b34fea85a586e5335449d9] 199.204.45.240 "GET /v2.0/networks/292e5d4d-30d0-41d8-b9b4-c68ddb345d12?fields=segments HTTP/1.1" status: 200 len: 212 time: 0.0846045
2026-05-12 06:55:36.743 9 INFO neutron.wsgi [req-f0f0e5dc-8aa6-4f00-9afe-a007e860e705 req-e18e0c33-ef74-44df-824c-1919e26909e1 17648714dcad4f5d97d9efd73e1f3fef 81e5b7a5f3004648b6ac9104fd2f8d92 - - 349ac089e2b34fea85a586e5335449d9 349ac089e2b34fea85a586e5335449d9] 199.204.45.240 "GET /v2.0/networks/292e5d4d-30d0-41d8-b9b4-c68ddb345d12?fields=provider%3Aphysical_network&fields=provider%3Anetwork_type HTTP/1.1" status: 200 len: 277 time: 0.0759699
2026-05-12 06:55:36.933 9 INFO neutron.db.ovn_revision_numbers_db [None req-3c513fb7-35e1-4994-9241-dd613f16a8cc 490c1937f7d24d67bb2a9e4e462d39a3 10cf8540bc25484891d1e414e3f048b4 - - default default] Successfully bumped revision number for resource a530459c-45de-4b27-aadd-099cb67aa11e (type: security_groups) to 1
2026-05-12 06:55:36.950 9 INFO neutron.db.ovn_revision_numbers_db [None req-3c513fb7-35e1-4994-9241-dd613f16a8cc 490c1937f7d24d67bb2a9e4e462d39a3 10cf8540bc25484891d1e414e3f048b4 - - default default] Successfully bumped revision number for resource 13972881-262a-4159-a9c0-bb3738de1ef2 (type: security_group_rules) to 0
2026-05-12 06:55:36.966 9 INFO neutron.db.ovn_revision_numbers_db [None req-3c513fb7-35e1-4994-9241-dd613f16a8cc 490c1937f7d24d67bb2a9e4e462d39a3 10cf8540bc25484891d1e414e3f048b4 - - default default] Successfully bumped revision number for resource 5b566628-6f2c-4798-934b-b5c94fdb5842 (type: security_group_rules) to 0
2026-05-12 06:55:36.981 9 INFO neutron.db.ovn_revision_numbers_db [None req-3c513fb7-35e1-4994-9241-dd613f16a8cc 490c1937f7d24d67bb2a9e4e462d39a3 10cf8540bc25484891d1e414e3f048b4 - - default default] Successfully bumped revision number for resource 9f0b7857-87e5-423b-a28c-ff02dee4088b (type: security_group_rules) to 0
2026-05-12 06:55:37.002 9 INFO neutron.db.ovn_revision_numbers_db [None req-3c513fb7-35e1-4994-9241-dd613f16a8cc 490c1937f7d24d67bb2a9e4e462d39a3 10cf8540bc25484891d1e414e3f048b4 - - default default] Successfully bumped revision number for resource fa218af3-3eec-4ccd-a973-d8fec19dedac (type: security_group_rules) to 0
2026-05-12 06:55:37.026 9 INFO neutron.wsgi [None req-3c513fb7-35e1-4994-9241-dd613f16a8cc 490c1937f7d24d67bb2a9e4e462d39a3 10cf8540bc25484891d1e414e3f048b4 - - default default] 10.0.0.81 "GET /v2.0/security-groups?tenant_id=26d93c7fad4f40339c4020773e09e155&name=default HTTP/1.1" status: 200 len: 2996 time: 0.2325497
2026-05-12 06:55:37.240 9 INFO neutron.wsgi [None req-4ae1e288-35bc-481c-95cb-c5e1e3614b4e 490c1937f7d24d67bb2a9e4e462d39a3 10cf8540bc25484891d1e414e3f048b4 - - default default] 10.0.0.81 "DELETE /v2.0/security-groups/a530459c-45de-4b27-aadd-099cb67aa11e HTTP/1.1" status: 204 len: 168 time: 0.2090175
2026-05-12 06:55:38.162 9 INFO neutron.wsgi [req-0f9978f2-0548-4a25-a8d3-36dad154aae6 req-24b33213-8e9b-4748-959d-13edadc2d5fd 17648714dcad4f5d97d9efd73e1f3fef 81e5b7a5f3004648b6ac9104fd2f8d92 - - 349ac089e2b34fea85a586e5335449d9 349ac089e2b34fea85a586e5335449d9] 10.0.0.204 "GET /v2.0/ports?device_id=565a5f91-87bf-42b3-84f8-cfdc96d328c1 HTTP/1.1" status: 200 len: 1409 time: 0.0632732
2026-05-12 06:55:38.214 9 INFO neutron.wsgi [req-0f9978f2-0548-4a25-a8d3-36dad154aae6 req-9ec8a5e9-c808-442c-bef5-c15f22694d48 17648714dcad4f5d97d9efd73e1f3fef 81e5b7a5f3004648b6ac9104fd2f8d92 - - 349ac089e2b34fea85a586e5335449d9 349ac089e2b34fea85a586e5335449d9] 10.0.0.204 "GET /v2.0/security-groups?id=ec04c1fd-32c3-44f8-bd74-449e8e742f2e&fields=id&fields=name HTTP/1.1" status: 200 len: 312 time: 0.0471327
2026-05-12 06:55:39.985 9 INFO neutron.wsgi [-] 10.0.0.179 "GET / HTTP/1.1" status: 200 len: 247 time: 0.0045865
2026-05-12 06:55:39.988 9 INFO neutron.wsgi [-] 10.0.0.179 "GET / HTTP/1.1" status: 200 len: 247 time: 0.0022099
2026-05-12 06:55:40.947 9 INFO neutron.wsgi [None req-0bfa4e5b-6ab4-4b10-8686-27a2d788e23d 86070bacd31e4ab9886a4017ae025d01 fdb50ce1640e466982d3a64e81a89bc4 - - default default] 10.0.0.81 "GET /v2.0/ports?project_id=44519632d6684109953568832215998b&network_id=292e5d4d-30d0-41d8-b9b4-c68ddb345d12 HTTP/1.1" status: 200 len: 3510 time: 0.0751526
2026-05-12 06:55:41.208 9 INFO neutron.wsgi [None req-56c84486-a82a-4419-ae85-5615c263efc7 86070bacd31e4ab9886a4017ae025d01 fdb50ce1640e466982d3a64e81a89bc4 - - default default] 10.0.0.81 "GET /v2.0/subnets?network_id=ac041938-e659-4b07-81f7-ad888df571d4 HTTP/1.1" status: 200 len: 838 time: 0.0478113
2026-05-12 06:55:41.570 10 INFO neutron.db.l3_db [None req-147910e7-6467-46ef-ae13-83808e90422d ae2495a0784a42c3ba823bb2d713ba15 44519632d6684109953568832215998b - - default default] Floating IP de5cc3a0-9422-4d22-b6c6-9c37f821bb52 disassociated. External IP: 10.96.250.206, port: cf94c467-ee49-44c7-af8a-800ded25956b.
2026-05-12 06:55:41.652 10 INFO neutron.db.ovn_revision_numbers_db [None req-147910e7-6467-46ef-ae13-83808e90422d ae2495a0784a42c3ba823bb2d713ba15 44519632d6684109953568832215998b - - default default] Successfully bumped revision number for resource de5cc3a0-9422-4d22-b6c6-9c37f821bb52 (type: floatingips) to 2
2026-05-12 06:55:41.737 10 INFO neutron.wsgi [None req-147910e7-6467-46ef-ae13-83808e90422d ae2495a0784a42c3ba823bb2d713ba15 44519632d6684109953568832215998b - - default default] 10.0.0.81 "PUT /v2.0/floatingips/de5cc3a0-9422-4d22-b6c6-9c37f821bb52 HTTP/1.1" status: 200 len: 748 time: 0.3467221
2026-05-12 06:55:41.777 9 INFO neutron.wsgi [None req-d28988bd-c4b9-415b-973d-b4fb085ad00e ae2495a0784a42c3ba823bb2d713ba15 44519632d6684109953568832215998b - - default default] 10.0.0.81 "GET /v2.0/floatingips/de5cc3a0-9422-4d22-b6c6-9c37f821bb52 HTTP/1.1" status: 200 len: 746 time: 0.0328679
2026-05-12 06:55:41.787 10 INFO neutron.notifiers.nova [-] Nova event matching ['req-4a384904-65e6-42b9-8a52-f0b982d37995'] response: {'name': 'network-changed', 'server_uuid': '565a5f91-87bf-42b3-84f8-cfdc96d328c1', 'tag': 'cf94c467-ee49-44c7-af8a-800ded25956b', 'status': 'completed', 'code': 200}
2026-05-12 06:55:41.856 9 INFO neutron.wsgi [req-14bc6baf-49eb-4848-9f0d-3905d39957bb req-49445048-4217-4e27-8de3-f72f7f2d178f 17648714dcad4f5d97d9efd73e1f3fef 81e5b7a5f3004648b6ac9104fd2f8d92 - - 349ac089e2b34fea85a586e5335449d9 349ac089e2b34fea85a586e5335449d9] 199.204.45.240 "GET /v2.0/ports?tenant_id=44519632d6684109953568832215998b&device_id=565a5f91-87bf-42b3-84f8-cfdc96d328c1 HTTP/1.1" status: 200 len: 1409 time: 0.0439124
2026-05-12 06:55:41.865 9 WARNING neutron_lib.context [None req-05615b9b-0816-4feb-a47c-82343542056c 3ef908558f2244f399af8a322b70825d b64d56f7234b4f34a11ab7589b4205c8 - - default default] Method 'is_advsvc' is deprecated since 2023.2 release (neutron-lib 3.8.0) and will be removed once support for the old RBAC API policies will be removed from Neutron. Please use method 'is_service_role' instead.
2026-05-12 06:55:41.945 9 INFO neutron.wsgi [req-14bc6baf-49eb-4848-9f0d-3905d39957bb req-24c272c4-c278-42b9-b8a7-4c732b1943d6 17648714dcad4f5d97d9efd73e1f3fef 81e5b7a5f3004648b6ac9104fd2f8d92 - - 349ac089e2b34fea85a586e5335449d9 349ac089e2b34fea85a586e5335449d9] 199.204.45.240 "GET /v2.0/networks?id=292e5d4d-30d0-41d8-b9b4-c68ddb345d12 HTTP/1.1" status: 200 len: 958 time: 0.0772188
2026-05-12 06:55:41.976 9 INFO neutron.wsgi [req-14bc6baf-49eb-4848-9f0d-3905d39957bb req-cdeba993-27c3-468b-b724-2492af74a41a 17648714dcad4f5d97d9efd73e1f3fef 81e5b7a5f3004648b6ac9104fd2f8d92 - - 349ac089e2b34fea85a586e5335449d9 349ac089e2b34fea85a586e5335449d9] 199.204.45.240 "GET /v2.0/floatingips?fixed_ip_address=10.100.0.8&port_id=cf94c467-ee49-44c7-af8a-800ded25956b HTTP/1.1" status: 200 len: 217 time: 0.0252368
2026-05-12 06:55:42.031 9 INFO neutron.wsgi [req-14bc6baf-49eb-4848-9f0d-3905d39957bb req-3b1e0cf2-10bb-4ed3-b346-3fe91a2711c3 17648714dcad4f5d97d9efd73e1f3fef 81e5b7a5f3004648b6ac9104fd2f8d92 - - 349ac089e2b34fea85a586e5335449d9 349ac089e2b34fea85a586e5335449d9] 199.204.45.240 "GET /v2.0/subnets?id=589985a0-a853-4bc6-b10d-5f26a032f28e HTTP/1.1" status: 200 len: 853 time: 0.0471087
2026-05-12 06:55:42.062 9 INFO neutron.wsgi [req-14bc6baf-49eb-4848-9f0d-3905d39957bb req-ba507907-c4dd-4ada-b981-3af3ee323144 17648714dcad4f5d97d9efd73e1f3fef 81e5b7a5f3004648b6ac9104fd2f8d92 - - 349ac089e2b34fea85a586e5335449d9 349ac089e2b34fea85a586e5335449d9] 199.204.45.240 "GET /v2.0/ports?network_id=292e5d4d-30d0-41d8-b9b4-c68ddb345d12&device_owner=network%3Adhcp HTTP/1.1" status: 200 len: 210 time: 0.0244684
2026-05-12 06:55:42.107 9 INFO neutron.db.ovn_revision_numbers_db [None req-05615b9b-0816-4feb-a47c-82343542056c 3ef908558f2244f399af8a322b70825d b64d56f7234b4f34a11ab7589b4205c8 - - default default] Successfully bumped revision number for resource aaee9346-465a-41a7-96a2-4dd4e19bdf95 (type: security_groups) to 1
2026-05-12 06:55:42.124 9 INFO neutron.wsgi [req-14bc6baf-49eb-4848-9f0d-3905d39957bb req-a7e97611-bc65-4e98-9f20-6f212ed0724a 17648714dcad4f5d97d9efd73e1f3fef 81e5b7a5f3004648b6ac9104fd2f8d92 - - 349ac089e2b34fea85a586e5335449d9 349ac089e2b34fea85a586e5335449d9] 199.204.45.240 "GET /v2.0/networks/292e5d4d-30d0-41d8-b9b4-c68ddb345d12?fields=segments HTTP/1.1" status: 200 len: 212 time: 0.0564759
2026-05-12 06:55:42.125 9 INFO neutron.db.ovn_revision_numbers_db [None req-05615b9b-0816-4feb-a47c-82343542056c 3ef908558f2244f399af8a322b70825d b64d56f7234b4f34a11ab7589b4205c8 - - default default] Successfully bumped revision number for resource 8fda62be-b210-4540-afaa-82e77997d4af (type: security_group_rules) to 0
2026-05-12 06:55:42.143 9 INFO neutron.db.ovn_revision_numbers_db [None req-05615b9b-0816-4feb-a47c-82343542056c 3ef908558f2244f399af8a322b70825d b64d56f7234b4f34a11ab7589b4205c8 - - default default] Successfully bumped revision number for resource 9c621de9-2a19-4ae8-b341-2a510b58940d (type: security_group_rules) to 0
2026-05-12 06:55:42.168 9 INFO neutron.db.ovn_revision_numbers_db [None req-05615b9b-0816-4feb-a47c-82343542056c 3ef908558f2244f399af8a322b70825d b64d56f7234b4f34a11ab7589b4205c8 - - default default] Successfully bumped revision number for resource c2404126-199b-4c2d-8231-1033208c05af (type: security_group_rules) to 0
2026-05-12 06:55:42.184 9 INFO neutron.db.ovn_revision_numbers_db [None req-05615b9b-0816-4feb-a47c-82343542056c 3ef908558f2244f399af8a322b70825d b64d56f7234b4f34a11ab7589b4205c8 - - default default] Successfully bumped revision number for resource ec85042c-3b45-4843-b456-4ea2e3e499d5 (type: security_group_rules) to 0
2026-05-12 06:55:42.193 9 INFO neutron.wsgi [req-14bc6baf-49eb-4848-9f0d-3905d39957bb req-a6c27dd1-e31a-4006-971e-538dcb334bbe 17648714dcad4f5d97d9efd73e1f3fef 81e5b7a5f3004648b6ac9104fd2f8d92 - - 349ac089e2b34fea85a586e5335449d9 349ac089e2b34fea85a586e5335449d9] 199.204.45.240 "GET /v2.0/networks/292e5d4d-30d0-41d8-b9b4-c68ddb345d12?fields=provider%3Aphysical_network&fields=provider%3Anetwork_type HTTP/1.1" status: 200 len: 277 time: 0.0583720
2026-05-12 06:55:42.242 9 INFO neutron.db.segments_db [None req-05615b9b-0816-4feb-a47c-82343542056c 3ef908558f2244f399af8a322b70825d b64d56f7234b4f34a11ab7589b4205c8 - - default default] Added segment 0d1b8204-ffb7-4942-a35a-5075fce26088 of type geneve for network 3c3f4318-dd43-462b-968b-bc1759aa9193
2026-05-12 06:55:42.391 9 INFO neutron.db.ovn_revision_numbers_db [None req-05615b9b-0816-4feb-a47c-82343542056c 3ef908558f2244f399af8a322b70825d b64d56f7234b4f34a11ab7589b4205c8 - - default default] Successfully bumped revision number for resource 3c3f4318-dd43-462b-968b-bc1759aa9193 (type: networks) to 1
2026-05-12 06:55:42.632 9 WARNING neutron.scheduler.dhcp_agent_scheduler [None req-05615b9b-0816-4feb-a47c-82343542056c 3ef908558f2244f399af8a322b70825d b64d56f7234b4f34a11ab7589b4205c8 - - default default] No more DHCP agents
2026-05-12 06:55:42.637 9 WARNING neutron.api.rpc.agentnotifiers.dhcp_rpc_agent_api [None req-05615b9b-0816-4feb-a47c-82343542056c 3ef908558f2244f399af8a322b70825d b64d56f7234b4f34a11ab7589b4205c8 - - default default] Unable to schedule network 3c3f4318-dd43-462b-968b-bc1759aa9193: no agents available; will retry on subsequent port and subnet creation events.
2026-05-12 06:55:42.750 9 INFO neutron.db.ovn_revision_numbers_db [None req-05615b9b-0816-4feb-a47c-82343542056c 3ef908558f2244f399af8a322b70825d b64d56f7234b4f34a11ab7589b4205c8 - - default default] Successfully bumped revision number for resource 82218bdc-0978-405a-8565-8b421d4dbd19 (type: ports) to 1
2026-05-12 06:55:42.775 9 INFO neutron.wsgi [None req-05615b9b-0816-4feb-a47c-82343542056c 3ef908558f2244f399af8a322b70825d b64d56f7234b4f34a11ab7589b4205c8 - - default default] 10.0.0.81 "POST /v2.0/networks HTTP/1.1" status: 201 len: 831 time: 1.0959291
2026-05-12 06:55:42.786 9 WARNING neutron_lib.context [None req-19486c38-7f0a-4ea1-86e2-07ed8a53e215 3ef908558f2244f399af8a322b70825d b64d56f7234b4f34a11ab7589b4205c8 - - default default] Method 'is_advsvc' is deprecated since 2023.2 release (neutron-lib 3.8.0) and will be removed once support for the old RBAC API policies will be removed from Neutron. Please use method 'is_service_role' instead. /var/lib/openstack/lib/python3.10/site-packages/pycadf/identifier.py:71: UserWarning: Invalid uuid: neutron. To ensure interoperability, identifiers should be a valid uuid. warnings.warn(('Invalid uuid: %s. To ensure interoperability, '
2026-05-12 06:55:42.863 10 WARNING neutron_lib.context [None req-396fc97a-86f9-4535-b3db-d370cbad7b0a ae2495a0784a42c3ba823bb2d713ba15 44519632d6684109953568832215998b - - default default] Method 'is_advsvc' is deprecated since 2023.2 release (neutron-lib 3.8.0) and will be removed once support for the old RBAC API policies will be removed from Neutron. Please use method 'is_service_role' instead.
2026-05-12 06:55:43.002 10 INFO neutron.db.ovn_revision_numbers_db [None req-396fc97a-86f9-4535-b3db-d370cbad7b0a ae2495a0784a42c3ba823bb2d713ba15 44519632d6684109953568832215998b - - default default] Successfully bumped revision number for resource b90bc74f-a597-4df6-adab-5149d0c1fea2 (type: security_groups) to 1
2026-05-12 06:55:43.024 10 INFO neutron.db.ovn_revision_numbers_db [None req-396fc97a-86f9-4535-b3db-d370cbad7b0a ae2495a0784a42c3ba823bb2d713ba15 44519632d6684109953568832215998b - - default default] Successfully bumped revision number for resource 68f0b9dd-89f0-4b41-8851-0ddae788192c (type: security_group_rules) to 0
2026-05-12 06:55:43.038 9 WARNING neutron.scheduler.dhcp_agent_scheduler [None req-19486c38-7f0a-4ea1-86e2-07ed8a53e215 3ef908558f2244f399af8a322b70825d b64d56f7234b4f34a11ab7589b4205c8 - - default default] No more DHCP agents
2026-05-12 06:55:43.042 9 WARNING neutron.api.rpc.agentnotifiers.dhcp_rpc_agent_api [None req-19486c38-7f0a-4ea1-86e2-07ed8a53e215 3ef908558f2244f399af8a322b70825d b64d56f7234b4f34a11ab7589b4205c8 - - default default] Unable to schedule network 3c3f4318-dd43-462b-968b-bc1759aa9193: no agents available; will retry on subsequent port and subnet creation events.
2026-05-12 06:55:43.045 10 INFO neutron.db.ovn_revision_numbers_db [None req-396fc97a-86f9-4535-b3db-d370cbad7b0a ae2495a0784a42c3ba823bb2d713ba15 44519632d6684109953568832215998b - - default default] Successfully bumped revision number for resource b1a046c5-29ff-425a-87a7-84b35aca67e3 (type: security_group_rules) to 0
2026-05-12 06:55:43.071 10 INFO neutron.wsgi [None req-396fc97a-86f9-4535-b3db-d370cbad7b0a ae2495a0784a42c3ba823bb2d713ba15 44519632d6684109953568832215998b - - default default] 10.0.0.81 "POST /v2.0/security-groups HTTP/1.1" status: 201 len: 1811 time: 0.2165999
2026-05-12 06:55:43.082 10 WARNING neutron_lib.context [None req-84d01676-17e1-487e-aaf3-67102bc6c6ab ae2495a0784a42c3ba823bb2d713ba15 44519632d6684109953568832215998b - - default default] Method 'is_advsvc' is deprecated since 2023.2 release (neutron-lib 3.8.0) and will be removed once support for the old RBAC API policies will be removed from Neutron. Please use method 'is_service_role' instead.
2026-05-12 06:55:43.158 9 INFO neutron.db.ovn_revision_numbers_db [None req-19486c38-7f0a-4ea1-86e2-07ed8a53e215 3ef908558f2244f399af8a322b70825d b64d56f7234b4f34a11ab7589b4205c8 - - default default] Successfully bumped revision number for resource fec2cb7e-d7b6-4603-ac64-e15f7634da50 (type: ports) to 1
2026-05-12 06:55:43.186 9 INFO neutron.wsgi [None req-19486c38-7f0a-4ea1-86e2-07ed8a53e215 3ef908558f2244f399af8a322b70825d b64d56f7234b4f34a11ab7589b4205c8 - - default default] 10.0.0.81 "POST /v2.0/ports HTTP/1.1" status: 201 len: 942 time: 0.4058750 /var/lib/openstack/lib/python3.10/site-packages/pycadf/identifier.py:71: UserWarning: Invalid uuid: neutron. To ensure interoperability, identifiers should be a valid uuid. warnings.warn(('Invalid uuid: %s. To ensure interoperability, '
2026-05-12 06:55:43.198 9 WARNING neutron_lib.context [None req-4b88f883-dd7c-4da0-a683-21ccc7844461 3ef908558f2244f399af8a322b70825d b64d56f7234b4f34a11ab7589b4205c8 - - default default] Method 'is_advsvc' is deprecated since 2023.2 release (neutron-lib 3.8.0) and will be removed once support for the old RBAC API policies will be removed from Neutron. Please use method 'is_service_role' instead.
2026-05-12 06:55:43.239 10 INFO neutron.db.ovn_revision_numbers_db [None req-84d01676-17e1-487e-aaf3-67102bc6c6ab ae2495a0784a42c3ba823bb2d713ba15 44519632d6684109953568832215998b - - default default] Successfully bumped revision number for resource a2994a11-19c3-44fa-be39-4484fa1c7144 (type: security_group_rules) to 0
2026-05-12 06:55:43.287 10 INFO neutron.wsgi [None req-84d01676-17e1-487e-aaf3-67102bc6c6ab ae2495a0784a42c3ba823bb2d713ba15 44519632d6684109953568832215998b - - default default] 10.0.0.81 "POST /v2.0/security-group-rules HTTP/1.1" status: 201 len: 764 time: 0.2090638
2026-05-12 06:55:43.298 9 WARNING neutron_lib.context [None req-f6b07043-7ae6-4c7f-b9dd-20b1773a83e3 ae2495a0784a42c3ba823bb2d713ba15 44519632d6684109953568832215998b - - default default] Method 'is_advsvc' is deprecated since 2023.2 release (neutron-lib 3.8.0) and will be removed once support for the old RBAC API policies will be removed from Neutron. Please use method 'is_service_role' instead.
2026-05-12 06:55:43.310 9 INFO neutron.db.segments_db [None req-4b88f883-dd7c-4da0-a683-21ccc7844461 3ef908558f2244f399af8a322b70825d b64d56f7234b4f34a11ab7589b4205c8 - - default default] Added segment 03311eb0-e061-4396-bac5-50ec8a9168ee of type geneve for network 8739858b-5a45-4da6-9806-2b4d252379b9
2026-05-12 06:55:43.514 9 INFO neutron.db.ovn_revision_numbers_db [None req-4b88f883-dd7c-4da0-a683-21ccc7844461 3ef908558f2244f399af8a322b70825d b64d56f7234b4f34a11ab7589b4205c8 - - default default] Successfully bumped revision number for resource 8739858b-5a45-4da6-9806-2b4d252379b9 (type: networks) to 1
2026-05-12 06:55:43.562 9 INFO neutron.db.ovn_revision_numbers_db [None req-f6b07043-7ae6-4c7f-b9dd-20b1773a83e3 ae2495a0784a42c3ba823bb2d713ba15 44519632d6684109953568832215998b - - default default] Successfully bumped revision number for resource b74811c3-828e-4388-a827-c5d98db706a2 (type: security_group_rules) to 0
